2023-11-27T17:49:46.581 INFO:teuthology.orchestra.run.smithi019.stdout:/usr/bin/ceph: stderr
2023-11-27T17:49:45.914+0000 7f8433fff700 1 -- 172.21.15.19:0/3727004691 <== mon.0 v2:172.21.15.19:3300/0 1 ==== mon_map magic: 0 v1 ==== 205+0+0 (secure 0 0 0) 0x7f843c0039c0 con 0x7f844c105f30
2023-11-27T17:49:46.581 INFO:teuthology.orchestra.run.smithi019.stdout:/usr/bin/ceph: stderr
2023-11-27T17:49:45.914+0000 7f84517cc700 1 -- 172.21.15.19:0/3727004691 --> [v2:172.21.15.19:3300/0,v1:172.21.15.19:6789/0] -- mon_subscribe({mgrmap=0+}) v3 -- 0x7f844c19dbb0 con 0x7f844c105f30
2023-11-27T17:49:46.582 INFO:teuthology.orchestra.run.smithi019.stdout:/usr/bin/ceph: stderr
2023-11-27T17:49:45.914+0000 7f8433fff700 1 -- 172.21.15.19:0/3727004691 <== mon.0 v2:172.21.15.19:3300/0 2 ==== config(28 keys) v1 ==== 1174+0+0 (secure 0 0 0) 0x7f843c003b20 con 0x7f844c105f30
2023-11-27T17:49:46.582 INFO:teuthology.orchestra.run.smithi019.stdout:/usr/bin/ceph: stderr
2023-11-27T17:49:45.914+0000 7f8433fff700 1 -- 172.21.15.19:0/3727004691 <== mon.0 v2:172.21.15.19:3300/0 3 ==== mon_map magic: 0 v1 ==== 205+0+0 (secure 0 0 0) 0x7f843c01a6d0 con 0x7f844c105f30
2023-11-27T17:49:46.582 INFO:teuthology.orchestra.run.smithi019.stdout:/usr/bin/ceph: stderr
2023-11-27T17:49:45.914+0000 7f84517cc700 1 -- 172.21.15.19:0/3727004691 --> [v2:172.21.15.19:3300/0,v1:172.21.15.19:6789/0] -- mon_subscribe({osdmap=0}) v3 -- 0x7f844c19dff0 con 0x7f844c105f30
2023-11-27T17:49:46.582 INFO:teuthology.orchestra.run.smithi019.stdout:/usr/bin/ceph: stderr
2023-11-27T17:49:45.915+0000 7f84517cc700 1 -- 172.21.15.19:0/3727004691 --> [v2:172.21.15.19:3300/0,v1:172.21.15.19:6789/0] -- mon_command({"prefix": "get_command_descriptions"} v 0) v1 -- 0x7f8438005320 con 0x7f844c105f30
2023-11-27T17:49:46.582 INFO:teuthology.orchestra.run.smithi019.stdout:/usr/bin/ceph: stderr
2023-11-27T17:49:45.915+0000 7f8433fff700 1 -- 172.21.15.19:0/3727004691 <== mon.0 v2:172.21.15.19:3300/0 4 ==== mgrmap(e 12) v1 ==== 45732+0+0 (secure 0 0 0) 0x7f843c024430 con 0x7f844c105f30
2023-11-27T17:49:46.582 INFO:teuthology.orchestra.run.smithi019.stdout:/usr/bin/ceph: stderr
2023-11-27T17:49:45.916+0000 7f8433fff700 1 --2- 172.21.15.19:0/3727004691 >> [v2:172.21.15.19:6800/3325624338,v1:172.21.15.19:6801/3325624338] conn(0x7f8434038b90 0x7f843403b050 unknown :-1 s=NONE pgs=0 cs=0 l=1 rev1=0 crypto rx=0 tx=0 comp rx=0 tx=0).connect
2023-11-27T17:49:46.582 INFO:teuthology.orchestra.run.smithi019.stdout:/usr/bin/ceph: stderr
2023-11-27T17:49:45.916+0000 7f8433fff700 1 -- 172.21.15.19:0/3727004691 <== mon.0 v2:172.21.15.19:3300/0 5 ==== osd_map(3..3 src has 1..3) v4 ==== 1155+0+0 (secure 0 0 0) 0x7f843c04ce40 con 0x7f844c105f30
2023-11-27T17:49:46.582 INFO:teuthology.orchestra.run.smithi019.stdout:/usr/bin/ceph: stderr
2023-11-27T17:49:45.916+0000 7f844a7fc700 1 --2- 172.21.15.19:0/3727004691 >> [v2:172.21.15.19:6800/3325624338,v1:172.21.15.19:6801/3325624338] conn(0x7f8434038b90 0x7f843403b050 unknown :-1 s=BANNER_CONNECTING pgs=0 cs=0 l=1 rev1=0 crypto rx=0 tx=0 comp rx=0 tx=0)._handle_peer_banner_payload supported=3 required=0
2023-11-27T17:49:46.582 INFO:teuthology.orchestra.run.smithi019.stdout:/usr/bin/ceph: stderr
2023-11-27T17:49:45.916+0000 7f844a7fc700 1 --2- 172.21.15.19:0/3727004691 >> [v2:172.21.15.19:6800/3325624338,v1:172.21.15.19:6801/3325624338] conn(0x7f8434038b90 0x7f843403b050 secure :-1 s=READY pgs=9 cs=0 l=1 rev1=1 crypto rx=0x7f8440006fd0 tx=0x7f8440006e40 comp rx=0 tx=0).ready entity=mgr.14152 client_cookie=0 server_cookie=0 in_seq=0 out_seq=0
2023-11-27T17:49:46.582 INFO:teuthology.orchestra.run.smithi019.stdout:/usr/bin/ceph: stderr
2023-11-27T17:49:45.920+0000 7f8433fff700 1 -- 172.21.15.19:0/3727004691 <== mon.0 v2:172.21.15.19:3300/0 6 ==== mon_command_ack([{"prefix": "get_command_descriptions"}]=0 v0) v1 ==== 72+0+180955 (secure 0 0 0) 0x7f843c0189a0 con 0x7f844c105f30
2023-11-27T17:49:46.582 INFO:teuthology.orchestra.run.smithi019.stdout:/usr/bin/ceph: stderr
2023-11-27T17:49:46.286+0000 7f84517cc700 1 -- 172.21.15.19:0/3727004691 --> [v2:172.21.15.19:3300/0,v1:172.21.15.19:6789/0] -- mon_command({"prefix": "config get", "who": "mgr", "key": "mgr/dashboard/ssl_server_port"} v 0) v1 -- 0x7f8438005b50 con 0x7f844c105f30
2023-11-27T17:49:46.582 INFO:teuthology.orchestra.run.smithi019.stdout:/usr/bin/ceph: stderr
2023-11-27T17:49:46.286+0000 7f8433fff700 1 -- 172.21.15.19:0/3727004691 <== mon.0 v2:172.21.15.19:3300/0 7 ==== mon_command_ack([{"prefix": "config get", "who": "mgr", "key": "mgr/dashboard/ssl_server_port"}]=0 v8) v1 ==== 112+0+5 (secure 0 0 0) 0x7f843c018350 con 0x7f844c105f30
2023-11-27T17:49:46.583 INFO:teuthology.orchestra.run.smithi019.stdout:/usr/bin/ceph: stderr
2023-11-27T17:49:46.289+0000 7f84517cc700 1 -- 172.21.15.19:0/3727004691 >> [v2:172.21.15.19:6800/3325624338,v1:172.21.15.19:6801/3325624338] conn(0x7f8434038b90 msgr2=0x7f843403b050 secure :-1 s=STATE_CONNECTION_ESTABLISHED l=1).mark_down
2023-11-27T17:49:46.583 INFO:teuthology.orchestra.run.smithi019.stdout:/usr/bin/ceph: stderr
2023-11-27T17:49:46.289+0000 7f84517cc700 1 --2- 172.21.15.19:0/3727004691 >> [v2:172.21.15.19:6800/3325624338,v1:172.21.15.19:6801/3325624338] conn(0x7f8434038b90 0x7f843403b050 secure :-1 s=READY pgs=9 cs=0 l=1 rev1=1 crypto rx=0x7f8440006fd0 tx=0x7f8440006e40 comp rx=0 tx=0).stop
2023-11-27T17:49:46.583 INFO:teuthology.orchestra.run.smithi019.stdout:/usr/bin/ceph: stderr
2023-11-27T17:49:46.289+0000 7f84517cc700 1 -- 172.21.15.19:0/3727004691 >> [v2:172.21.15.19:3300/0,v1:172.21.15.19:6789/0] conn(0x7f844c105f30 msgr2=0x7f844c07a980 secure :-1 s=STATE_CONNECTION_ESTABLISHED l=1).mark_down
2023-11-27T17:49:46.583 INFO:teuthology.orchestra.run.smithi019.stdout:/usr/bin/ceph: stderr
2023-11-27T17:49:46.289+0000 7f84517cc700 1 --2- 172.21.15.19:0/3727004691 >> [v2:172.21.15.19:3300/0,v1:172.21.15.19:6789/0] conn(0x7f844c105f30 0x7f844c07a980 secure :-1 s=READY pgs=75 cs=0 l=1 rev1=1 crypto rx=0x7f843c011670 tx=0x7f843c011bf0 comp rx=0 tx=0).stop
2023-11-27T17:49:46.583 INFO:teuthology.orchestra.run.smithi019.stdout:/usr/bin/ceph: stderr
2023-11-27T17:49:46.289+0000 7f84517cc700 1 -- 172.21.15.19:0/3727004691 shutdown_connections
2023-11-27T17:49:46.583 INFO:teuthology.orchestra.run.smithi019.stdout:/usr/bin/ceph: stderr
2023-11-27T17:49:46.289+0000 7f84517cc700 1 --2- 172.21.15.19:0/3727004691 >> [v2:172.21.15.19:6800/3325624338,v1:172.21.15.19:6801/3325624338] conn(0x7f8434038b90 0x7f843403b050 unknown :-1 s=CLOSED pgs=9 cs=0 l=1 rev1=1 crypto rx=0 tx=0 comp rx=0 tx=0).stop
2023-11-27T17:49:46.583 INFO:teuthology.orchestra.run.smithi019.stdout:/usr/bin/ceph: stderr
2023-11-27T17:49:46.289+0000 7f84517cc700 1 --2- 172.21.15.19:0/3727004691 >> [v2:172.21.15.19:3300/0,v1:172.21.15.19:6789/0] conn(0x7f844c105f30 0x7f844c07a980 unknown :-1 s=CLOSED pgs=75 cs=0 l=1 rev1=1 crypto rx=0 tx=0 comp rx=0 tx=0).stop
2023-11-27T17:49:46.583 INFO:teuthology.orchestra.run.smithi019.stdout:/usr/bin/ceph: stderr
2023-11-27T17:49:46.289+0000 7f84517cc700 1 -- 172.21.15.19:0/3727004691 >> 172.21.15.19:0/3727004691 conn(0x7f844c101510 msgr2=0x7f844c1020a0 unknown :-1 s=STATE_NONE l=0).mark_down
2023-11-27T17:49:46.583 INFO:teuthology.orchestra.run.smithi019.stdout:/usr/bin/ceph: stderr
2023-11-27T17:49:46.289+0000 7f84517cc700 1 -- 172.21.15.19:0/3727004691 shutdown_connections
2023-11-27T17:49:46.583 INFO:teuthology.orchestra.run.smithi019.stdout:/usr/bin/ceph: stderr
2023-11-27T17:49:46.289+0000 7f84517cc700 1 -- 172.21.15.19:0/3727004691 wait complete.
2023-11-27T17:49:46.586 INFO:teuthology.orchestra.run.smithi019.stdout:Non-zero exit code 1 from systemctl is-enabled firewalld.service
2023-11-27T17:49:46.586 INFO:teuthology.orchestra.run.smithi019.stdout:systemctl: stdout disabled
2023-11-27T17:49:46.594 INFO:teuthology.orchestra.run.smithi019.stdout:Non-zero exit code 3 from systemctl is-active firewalld.service
2023-11-27T17:49:46.595 INFO:teuthology.orchestra.run.smithi019.stdout:systemctl: stdout inactive
2023-11-27T17:49:46.595 INFO:teuthology.orchestra.run.smithi019.stdout:firewalld.service is not enabled
2023-11-27T17:49:46.596 INFO:teuthology.orchestra.run.smithi019.stdout:Not possible to open ports <[8443]>. firewalld.service is not available
2023-11-27T17:49:46.597 INFO:teuthology.orchestra.run.smithi019.stdout:Ceph Dashboard is now available at:
2023-11-27T17:49:46.597 INFO:teuthology.orchestra.run.smithi019.stdout:
2023-11-27T17:49:46.597 INFO:teuthology.orchestra.run.smithi019.stdout: URL: https://smithi019.front.sepia.ceph.com:8443/
2023-11-27T17:49:46.597 INFO:teuthology.orchestra.run.smithi019.stdout: User: admin
2023-11-27T17:49:46.597 INFO:teuthology.orchestra.run.smithi019.stdout: Password: hnbyp8jhmc
2023-11-27T17:49:46.597 INFO:teuthology.orchestra.run.smithi019.stdout:
2023-11-27T17:49:46.598 INFO:teuthology.orchestra.run.smithi019.stdout:Saving cluster configuration to /var/lib/ceph/165ce212-8d4d-11ee-95a2-87774f69a715/config directory
2023-11-27T17:49:46.598 INFO:teuthology.orchestra.run.smithi019.stdout:Enabling autotune for osd_memory_target
2023-11-27T17:49:47.330 INFO:journalctl@ceph.mon.a.smithi019.stdout:Nov 27 17:49:47 smithi019 ceph-mon[129796]: from='client.? 172.21.15.19:0/3727004691' entity='client.admin' cmd=[{"prefix": "config get", "who": "mgr", "key": "mgr/dashboard/ssl_server_port"}]: dispatch
2023-11-27T17:49:47.843 INFO:teuthology.orchestra.run.smithi019.stdout:/usr/bin/ceph: stderr
2023-11-27T17:49:47.076+0000 7faaa9500700 1 Processor -- start
2023-11-27T17:49:47.843 INFO:teuthology.orchestra.run.smithi019.stdout:/usr/bin/ceph: stderr
2023-11-27T17:49:47.076+0000 7faaa9500700 1 -- start start
2023-11-27T17:49:47.843 INFO:teuthology.orchestra.run.smithi019.stdout:/usr/bin/ceph: stderr
2023-11-27T17:49:47.076+0000 7faaa9500700 1 --2- >> [v2:172.21.15.19:3300/0,v1:172.21.15.19:6789/0] conn(0x7faaa4107aa0 0x7faaa4109e90 unknown :-1 s=NONE pgs=0 cs=0 l=0 rev1=0 crypto rx=0 tx=0 comp rx=0 tx=0).connect
2023-11-27T17:49:47.843 INFO:teuthology.orchestra.run.smithi019.stdout:/usr/bin/ceph: stderr
2023-11-27T17:49:47.076+0000 7faaa9500700 1 -- --> [v2:172.21.15.19:3300/0,v1:172.21.15.19:6789/0] -- mon_getmap magic: 0 v1 -- 0x7faaa407ae30 con 0x7faaa4107aa0
2023-11-27T17:49:47.844 INFO:teuthology.orchestra.run.smithi019.stdout:/usr/bin/ceph: stderr
2023-11-27T17:49:47.076+0000 7faaa2ffd700 1 --2- >> [v2:172.21.15.19:3300/0,v1:172.21.15.19:6789/0] conn(0x7faaa4107aa0 0x7faaa4109e90 unknown :-1 s=BANNER_CONNECTING pgs=0 cs=0 l=0 rev1=0 crypto rx=0 tx=0 comp rx=0 tx=0)._handle_peer_banner_payload supported=3 required=0
2023-11-27T17:49:47.844 INFO:teuthology.orchestra.run.smithi019.stdout:/usr/bin/ceph: stderr
2023-11-27T17:49:47.076+0000 7faaa2ffd700 1 --2- >> [v2:172.21.15.19:3300/0,v1:172.21.15.19:6789/0] conn(0x7faaa4107aa0 0x7faaa4109e90 unknown :-1 s=HELLO_CONNECTING pgs=0 cs=0 l=0 rev1=1 crypto rx=0 tx=0 comp rx=0 tx=0).handle_hello peer v2:172.21.15.19:3300/0 says I am v2:172.21.15.19:50962/0 (socket says 172.21.15.19:50962)
2023-11-27T17:49:47.844 INFO:teuthology.orchestra.run.smithi019.stdout:/usr/bin/ceph: stderr
2023-11-27T17:49:47.076+0000 7faaa2ffd700 1 -- 172.21.15.19:0/1829430902 learned_addr learned my addr 172.21.15.19:0/1829430902 (peer_addr_for_me v2:172.21.15.19:0/0)
2023-11-27T17:49:47.844 INFO:teuthology.orchestra.run.smithi019.stdout:/usr/bin/ceph: stderr
2023-11-27T17:49:47.077+0000 7faaa2ffd700 1 -- 172.21.15.19:0/1829430902 --> [v2:172.21.15.19:3300/0,v1:172.21.15.19:6789/0] -- mon_subscribe({config=0+,monmap=0+}) v3 -- 0x7faaa410a3d0 con 0x7faaa4107aa0
2023-11-27T17:49:47.844 INFO:teuthology.orchestra.run.smithi019.stdout:/usr/bin/ceph: stderr
2023-11-27T17:49:47.077+0000 7faaa2ffd700 1 --2- 172.21.15.19:0/1829430902 >> [v2:172.21.15.19:3300/0,v1:172.21.15.19:6789/0] conn(0x7faaa4107aa0 0x7faaa4109e90 secure :-1 s=READY pgs=76 cs=0 l=1 rev1=1 crypto rx=0x7faa8c0098a0 tx=0x7faa8c009bb0 comp rx=0 tx=0).ready entity=mon.0 client_cookie=2410a6c272266404 server_cookie=0 in_seq=0 out_seq=0
2023-11-27T17:49:47.844 INFO:teuthology.orchestra.run.smithi019.stdout:/usr/bin/ceph: stderr
2023-11-27T17:49:47.077+0000 7faaa1ffb700 1 -- 172.21.15.19:0/1829430902 <== mon.0 v2:172.21.15.19:3300/0 1 ==== mon_map magic: 0 v1 ==== 205+0+0 (secure 0 0 0) 0x7faa8c004160 con 0x7faaa4107aa0
2023-11-27T17:49:47.844 INFO:teuthology.orchestra.run.smithi019.stdout:/usr/bin/ceph: stderr
2023-11-27T17:49:47.077+0000 7faaa1ffb700 1 -- 172.21.15.19:0/1829430902 <== mon.0 v2:172.21.15.19:3300/0 2 ==== config(28 keys) v1 ==== 1174+0+0 (secure 0 0 0) 0x7faa8c0042c0 con 0x7faaa4107aa0
2023-11-27T17:49:47.844 INFO:teuthology.orchestra.run.smithi019.stdout:/usr/bin/ceph: stderr
2023-11-27T17:49:47.077+0000 7faaa1ffb700 1 -- 172.21.15.19:0/1829430902 <== mon.0 v2:172.21.15.19:3300/0 3 ==== mon_map magic: 0 v1 ==== 205+0+0 (secure 0 0 0) 0x7faa8c011b90 con 0x7faaa4107aa0
2023-11-27T17:49:47.844 INFO:teuthology.orchestra.run.smithi019.stdout:/usr/bin/ceph: stderr
2023-11-27T17:49:47.078+0000 7faaa9500700 1 -- 172.21.15.19:0/1829430902 >> [v2:172.21.15.19:3300/0,v1:172.21.15.19:6789/0] conn(0x7faaa4107aa0 msgr2=0x7faaa4109e90 secure :-1 s=STATE_CONNECTION_ESTABLISHED l=1).mark_down
2023-11-27T17:49:47.844 INFO:teuthology.orchestra.run.smithi019.stdout:/usr/bin/ceph: stderr
2023-11-27T17:49:47.078+0000 7faaa9500700 1 --2- 172.21.15.19:0/1829430902 >> [v2:172.21.15.19:3300/0,v1:172.21.15.19:6789/0] conn(0x7faaa4107aa0 0x7faaa4109e90 secure :-1 s=READY pgs=76 cs=0 l=1 rev1=1 crypto rx=0x7faa8c0098a0 tx=0x7faa8c009bb0 comp rx=0 tx=0).stop
2023-11-27T17:49:47.844 INFO:teuthology.orchestra.run.smithi019.stdout:/usr/bin/ceph: stderr
2023-11-27T17:49:47.078+0000 7faaa9500700 1 -- 172.21.15.19:0/1829430902 shutdown_connections
2023-11-27T17:49:47.844 INFO:teuthology.orchestra.run.smithi019.stdout:/usr/bin/ceph: stderr
2023-11-27T17:49:47.078+0000 7faaa9500700 1 --2- 172.21.15.19:0/1829430902 >> [v2:172.21.15.19:3300/0,v1:172.21.15.19:6789/0] conn(0x7faaa4107aa0 0x7faaa4109e90 unknown :-1 s=CLOSED pgs=76 cs=0 l=1 rev1=1 crypto rx=0 tx=0 comp rx=0 tx=0).stop
2023-11-27T17:49:47.844 INFO:teuthology.orchestra.run.smithi019.stdout:/usr/bin/ceph: stderr
2023-11-27T17:49:47.078+0000 7faaa9500700 1 -- 172.21.15.19:0/1829430902 >> 172.21.15.19:0/1829430902 conn(0x7faaa4101510 msgr2=0x7faaa4103930 unknown :-1 s=STATE_NONE l=0).mark_down
2023-11-27T17:49:47.845 INFO:teuthology.orchestra.run.smithi019.stdout:/usr/bin/ceph: stderr
2023-11-27T17:49:47.078+0000 7faaa9500700 1 -- 172.21.15.19:0/1829430902 shutdown_connections
2023-11-27T17:49:47.845 INFO:teuthology.orchestra.run.smithi019.stdout:/usr/bin/ceph: stderr
2023-11-27T17:49:47.078+0000 7faaa9500700 1 -- 172.21.15.19:0/1829430902 wait complete.
2023-11-27T17:49:47.845 INFO:teuthology.orchestra.run.smithi019.stdout:/usr/bin/ceph: stderr
2023-11-27T17:49:47.078+0000 7faaa9500700 1 Processor -- start
2023-11-27T17:49:47.845 INFO:teuthology.orchestra.run.smithi019.stdout:/usr/bin/ceph: stderr
2023-11-27T17:49:47.079+0000 7faaa9500700 1 -- start start
2023-11-27T17:49:47.845 INFO:teuthology.orchestra.run.smithi019.stdout:/usr/bin/ceph: stderr
2023-11-27T17:49:47.079+0000 7faaa9500700 1 --2- >> [v2:172.21.15.19:3300/0,v1:172.21.15.19:6789/0] conn(0x7faaa4107aa0 0x7faaa41072d0 unknown :-1 s=NONE pgs=0 cs=0 l=1 rev1=0 crypto rx=0 tx=0 comp rx=0 tx=0).connect
2023-11-27T17:49:47.845 INFO:teuthology.orchestra.run.smithi019.stdout:/usr/bin/ceph: stderr
2023-11-27T17:49:47.079+0000 7faaa9500700 1 -- --> [v2:172.21.15.19:3300/0,v1:172.21.15.19:6789/0] -- mon_getmap magic: 0 v1 -- 0x7faaa4107810 con 0x7faaa4107aa0
2023-11-27T17:49:47.845 INFO:teuthology.orchestra.run.smithi019.stdout:/usr/bin/ceph: stderr
2023-11-27T17:49:47.079+0000 7faaa2ffd700 1 --2- >> [v2:172.21.15.19:3300/0,v1:172.21.15.19:6789/0] conn(0x7faaa4107aa0 0x7faaa41072d0 unknown :-1 s=BANNER_CONNECTING pgs=0 cs=0 l=1 rev1=0 crypto rx=0 tx=0 comp rx=0 tx=0)._handle_peer_banner_payload supported=3 required=0
2023-11-27T17:49:47.845 INFO:teuthology.orchestra.run.smithi019.stdout:/usr/bin/ceph: stderr
2023-11-27T17:49:47.079+0000 7faaa2ffd700 1 --2- >> [v2:172.21.15.19:3300/0,v1:172.21.15.19:6789/0] conn(0x7faaa4107aa0 0x7faaa41072d0 unknown :-1 s=HELLO_CONNECTING pgs=0 cs=0 l=1 rev1=1 crypto rx=0 tx=0 comp rx=0 tx=0).handle_hello peer v2:172.21.15.19:3300/0 says I am v2:172.21.15.19:50964/0 (socket says 172.21.15.19:50964)
2023-11-27T17:49:47.845 INFO:teuthology.orchestra.run.smithi019.stdout:/usr/bin/ceph: stderr
2023-11-27T17:49:47.079+0000 7faaa2ffd700 1 -- 172.21.15.19:0/679444658 learned_addr learned my addr 172.21.15.19:0/679444658 (peer_addr_for_me v2:172.21.15.19:0/0)
2023-11-27T17:49:47.845 INFO:teuthology.orchestra.run.smithi019.stdout:/usr/bin/ceph: stderr
2023-11-27T17:49:47.079+0000 7faaa2ffd700 1 -- 172.21.15.19:0/679444658 --> [v2:172.21.15.19:3300/0,v1:172.21.15.19:6789/0] -- mon_subscribe({config=0+,monmap=0+}) v3 -- 0x7faa8c009550 con 0x7faaa4107aa0
2023-11-27T17:49:47.845 INFO:teuthology.orchestra.run.smithi019.stdout:/usr/bin/ceph: stderr
2023-11-27T17:49:47.079+0000 7faaa2ffd700 1 --2- 172.21.15.19:0/679444658 >> [v2:172.21.15.19:3300/0,v1:172.21.15.19:6789/0] conn(0x7faaa4107aa0 0x7faaa41072d0 secure :-1 s=READY pgs=77 cs=0 l=1 rev1=1 crypto rx=0x7faa8c011670 tx=0x7faa8c011bf0 comp rx=0 tx=0).ready entity=mon.0 client_cookie=0 server_cookie=0 in_seq=0 out_seq=0
2023-11-27T17:49:47.845 INFO:teuthology.orchestra.run.smithi019.stdout:/usr/bin/ceph: stderr
2023-11-27T17:49:47.080+0000 7faa9bfff700 1 -- 172.21.15.19:0/679444658 <== mon.0 v2:172.21.15.19:3300/0 1 ==== mon_map magic: 0 v1 ==== 205+0+0 (secure 0 0 0) 0x7faa8c0039c0 con 0x7faaa4107aa0
2023-11-27T17:49:47.845 INFO:teuthology.orchestra.run.smithi019.stdout:/usr/bin/ceph: stderr
2023-11-27T17:49:47.080+0000 7faa9bfff700 1 -- 172.21.15.19:0/679444658 <== mon.0 v2:172.21.15.19:3300/0 2 ==== config(28 keys) v1 ==== 1174+0+0 (secure 0 0 0) 0x7faa8c003b20 con 0x7faaa4107aa0
2023-11-27T17:49:47.846 INFO:teuthology.orchestra.run.smithi019.stdout:/usr/bin/ceph: stderr
2023-11-27T17:49:47.080+0000 7faaa9500700 1 -- 172.21.15.19:0/679444658 --> [v2:172.21.15.19:3300/0,v1:172.21.15.19:6789/0] -- mon_subscribe({mgrmap=0+}) v3 -- 0x7faaa4105a50 con 0x7faaa4107aa0
2023-11-27T17:49:47.846 INFO:teuthology.orchestra.run.smithi019.stdout:/usr/bin/ceph: stderr
2023-11-27T17:49:47.080+0000 7faa9bfff700 1 -- 172.21.15.19:0/679444658 <== mon.0 v2:172.21.15.19:3300/0 3 ==== mon_map magic: 0 v1 ==== 205+0+0 (secure 0 0 0) 0x7faa8c01a6d0 con 0x7faaa4107aa0
2023-11-27T17:49:47.846 INFO:teuthology.orchestra.run.smithi019.stdout:/usr/bin/ceph: stderr
2023-11-27T17:49:47.080+0000 7faaa9500700 1 -- 172.21.15.19:0/679444658 --> [v2:172.21.15.19:3300/0,v1:172.21.15.19:6789/0] -- mon_subscribe({osdmap=0}) v3 -- 0x7faaa4105ef0 con 0x7faaa4107aa0
2023-11-27T17:49:47.846 INFO:teuthology.orchestra.run.smithi019.stdout:/usr/bin/ceph: stderr
2023-11-27T17:49:47.081+0000 7faa9bfff700 1 -- 172.21.15.19:0/679444658 <== mon.0 v2:172.21.15.19:3300/0 4 ==== mgrmap(e 13) v1 ==== 45775+0+0 (secure 0 0 0) 0x7faa8c024430 con 0x7faaa4107aa0
2023-11-27T17:49:47.846 INFO:teuthology.orchestra.run.smithi019.stdout:/usr/bin/ceph: stderr
2023-11-27T17:49:47.081+0000 7faa9bfff700 1 --2- 172.21.15.19:0/679444658 >> [v2:172.21.15.19:6800/3325624338,v1:172.21.15.19:6801/3325624338] conn(0x7faa90038c80 0x7faa9003b140 unknown :-1 s=NONE pgs=0 cs=0 l=1 rev1=0 crypto rx=0 tx=0 comp rx=0 tx=0).connect
2023-11-27T17:49:47.846 INFO:teuthology.orchestra.run.smithi019.stdout:/usr/bin/ceph: stderr
2023-11-27T17:49:47.081+0000 7faaa9500700 1 -- 172.21.15.19:0/679444658 --> [v2:172.21.15.19:3300/0,v1:172.21.15.19:6789/0] -- mon_command({"prefix": "get_command_descriptions"} v 0) v1 -- 0x7faaa410b2d0 con 0x7faaa4107aa0
2023-11-27T17:49:47.846 INFO:teuthology.orchestra.run.smithi019.stdout:/usr/bin/ceph: stderr
2023-11-27T17:49:47.081+0000 7faa9bfff700 1 -- 172.21.15.19:0/679444658 <== mon.0 v2:172.21.15.19:3300/0 5 ==== osd_map(3..3 src has 1..3) v4 ==== 1155+0+0 (secure 0 0 0) 0x7faa8c04cf40 con 0x7faaa4107aa0
2023-11-27T17:49:47.846 INFO:teuthology.orchestra.run.smithi019.stdout:/usr/bin/ceph: stderr
2023-11-27T17:49:47.081+0000 7faaa27fc700 1 --2- 172.21.15.19:0/679444658 >> [v2:172.21.15.19:6800/3325624338,v1:172.21.15.19:6801/3325624338] conn(0x7faa90038c80 0x7faa9003b140 unknown :-1 s=BANNER_CONNECTING pgs=0 cs=0 l=1 rev1=0 crypto rx=0 tx=0 comp rx=0 tx=0)._handle_peer_banner_payload supported=3 required=0
2023-11-27T17:49:47.846 INFO:teuthology.orchestra.run.smithi019.stdout:/usr/bin/ceph: stderr
2023-11-27T17:49:47.081+0000 7faaa27fc700 1 --2- 172.21.15.19:0/679444658 >> [v2:172.21.15.19:6800/3325624338,v1:172.21.15.19:6801/3325624338] conn(0x7faa90038c80 0x7faa9003b140 secure :-1 s=READY pgs=10 cs=0 l=1 rev1=1 crypto rx=0x7faa94006fd0 tx=0x7faa94006e40 comp rx=0 tx=0).ready entity=mgr.14152 client_cookie=0 server_cookie=0 in_seq=0 out_seq=0
2023-11-27T17:49:47.846 INFO:teuthology.orchestra.run.smithi019.stdout:/usr/bin/ceph: stderr
2023-11-27T17:49:47.086+0000 7faa9bfff700 1 -- 172.21.15.19:0/679444658 <== mon.0 v2:172.21.15.19:3300/0 6 ==== mon_command_ack([{"prefix": "get_command_descriptions"}]=0 v0) v1 ==== 72+0+180955 (secure 0 0 0) 0x7faa8c024730 con 0x7faaa4107aa0
2023-11-27T17:49:47.846 INFO:teuthology.orchestra.run.smithi019.stdout:/usr/bin/ceph: stderr
2023-11-27T17:49:47.450+0000 7faaa9500700 1 -- 172.21.15.19:0/679444658 --> [v2:172.21.15.19:3300/0,v1:172.21.15.19:6789/0] -- mon_command([{prefix=config set, name=osd_memory_target_autotune}] v 0) v1 -- 0x7faaa410b510 con 0x7faaa4107aa0
2023-11-27T17:49:47.846 INFO:teuthology.orchestra.run.smithi019.stdout:/usr/bin/ceph: stderr
2023-11-27T17:49:47.450+0000 7faa9bfff700 1 -- 172.21.15.19:0/679444658 <== mon.0 v2:172.21.15.19:3300/0 7 ==== mon_command_ack([{prefix=config set, name=osd_memory_target_autotune}]=0 v8)=0 v8) v1 ==== 127+0+0 (secure 0 0 0) 0x7faa8c018350 con 0x7faaa4107aa0
2023-11-27T17:49:47.847 INFO:teuthology.orchestra.run.smithi019.stdout:/usr/bin/ceph: stderr
2023-11-27T17:49:47.452+0000 7faaa9500700 1 -- 172.21.15.19:0/679444658 >> [v2:172.21.15.19:6800/3325624338,v1:172.21.15.19:6801/3325624338] conn(0x7faa90038c80 msgr2=0x7faa9003b140 secure :-1 s=STATE_CONNECTION_ESTABLISHED l=1).mark_down
2023-11-27T17:49:47.847 INFO:teuthology.orchestra.run.smithi019.stdout:/usr/bin/ceph: stderr
2023-11-27T17:49:47.452+0000 7faaa9500700 1 --2- 172.21.15.19:0/679444658 >> [v2:172.21.15.19:6800/3325624338,v1:172.21.15.19:6801/3325624338] conn(0x7faa90038c80 0x7faa9003b140 secure :-1 s=READY pgs=10 cs=0 l=1 rev1=1 crypto rx=0x7faa94006fd0 tx=0x7faa94006e40 comp rx=0 tx=0).stop
2023-11-27T17:49:47.847 INFO:teuthology.orchestra.run.smithi019.stdout:/usr/bin/ceph: stderr
2023-11-27T17:49:47.452+0000 7faaa9500700 1 -- 172.21.15.19:0/679444658 >> [v2:172.21.15.19:3300/0,v1:172.21.15.19:6789/0] conn(0x7faaa4107aa0 msgr2=0x7faaa41072d0 secure :-1 s=STATE_CONNECTION_ESTABLISHED l=1).mark_down
2023-11-27T17:49:47.847 INFO:teuthology.orchestra.run.smithi019.stdout:/usr/bin/ceph: stderr
2023-11-27T17:49:47.452+0000 7faaa9500700 1 --2- 172.21.15.19:0/679444658 >> [v2:172.21.15.19:3300/0,v1:172.21.15.19:6789/0] conn(0x7faaa4107aa0 0x7faaa41072d0 secure :-1 s=READY pgs=77 cs=0 l=1 rev1=1 crypto rx=0x7faa8c011670 tx=0x7faa8c011bf0 comp rx=0 tx=0).stop
2023-11-27T17:49:47.847 INFO:teuthology.orchestra.run.smithi019.stdout:/usr/bin/ceph: stderr
2023-11-27T17:49:47.452+0000 7faaa9500700 1 -- 172.21.15.19:0/679444658 shutdown_connections
2023-11-27T17:49:47.847 INFO:teuthology.orchestra.run.smithi019.stdout:/usr/bin/ceph: stderr
2023-11-27T17:49:47.452+0000 7faaa9500700 1 --2- 172.21.15.19:0/679444658 >> [v2:172.21.15.19:6800/3325624338,v1:172.21.15.19:6801/3325624338] conn(0x7faa90038c80 0x7faa9003b140 unknown :-1 s=CLOSED pgs=10 cs=0 l=1 rev1=1 crypto rx=0 tx=0 comp rx=0 tx=0).stop
2023-11-27T17:49:47.847 INFO:teuthology.orchestra.run.smithi019.stdout:/usr/bin/ceph: stderr
2023-11-27T17:49:47.452+0000 7faaa9500700 1 --2- 172.21.15.19:0/679444658 >> [v2:172.21.15.19:3300/0,v1:172.21.15.19:6789/0] conn(0x7faaa4107aa0 0x7faaa41072d0 unknown :-1 s=CLOSED pgs=77 cs=0 l=1 rev1=1 crypto rx=0 tx=0 comp rx=0 tx=0).stop
2023-11-27T17:49:47.847 INFO:teuthology.orchestra.run.smithi019.stdout:/usr/bin/ceph: stderr
2023-11-27T17:49:47.452+0000 7faaa9500700 1 -- 172.21.15.19:0/679444658 >> 172.21.15.19:0/679444658 conn(0x7faaa4101510 msgr2=0x7faaa4102070 unknown :-1 s=STATE_NONE l=0).mark_down
2023-11-27T17:49:47.847 INFO:teuthology.orchestra.run.smithi019.stdout:/usr/bin/ceph: stderr
2023-11-27T17:49:47.452+0000 7faaa9500700 1 -- 172.21.15.19:0/679444658 shutdown_connections
2023-11-27T17:49:47.847 INFO:teuthology.orchestra.run.smithi019.stdout:/usr/bin/ceph: stderr
2023-11-27T17:49:47.452+0000 7faaa9500700 1 -- 172.21.15.19:0/679444658 wait complete.
2023-11-27T17:49:48.330 INFO:journalctl@ceph.mon.a.smithi019.stdout:Nov 27 17:49:48 smithi019 ceph-mon[129796]: mgrmap e13: x(active, since 6s)
2023-11-27T17:49:49.290 INFO:teuthology.orchestra.run.smithi019.stdout:/usr/bin/ceph: stderr
2023-11-27T17:49:48.307+0000 7f6142de3700 1 Processor -- start
2023-11-27T17:49:49.290 INFO:teuthology.orchestra.run.smithi019.stdout:/usr/bin/ceph: stderr
2023-11-27T17:49:48.307+0000 7f6142de3700 1 -- start start
2023-11-27T17:49:49.290 INFO:teuthology.orchestra.run.smithi019.stdout:/usr/bin/ceph: stderr
2023-11-27T17:49:48.307+0000 7f6142de3700 1 --2- >> [v2:172.21.15.19:3300/0,v1:172.21.15.19:6789/0] conn(0x7f613c1070b0 0x7f613c1074d0 unknown :-1 s=NONE pgs=0 cs=0 l=0 rev1=0 crypto rx=0 tx=0 comp rx=0 tx=0).connect
2023-11-27T17:49:49.290 INFO:teuthology.orchestra.run.smithi019.stdout:/usr/bin/ceph: stderr
2023-11-27T17:49:48.307+0000 7f6142de3700 1 -- --> [v2:172.21.15.19:3300/0,v1:172.21.15.19:6789/0] -- mon_getmap magic: 0 v1 -- 0x7f613c107aa0 con 0x7f613c1070b0
2023-11-27T17:49:49.290 INFO:teuthology.orchestra.run.smithi019.stdout:/usr/bin/ceph: stderr
2023-11-27T17:49:48.307+0000 7f6140b7f700 1 --2- >> [v2:172.21.15.19:3300/0,v1:172.21.15.19:6789/0] conn(0x7f613c1070b0 0x7f613c1074d0 unknown :-1 s=BANNER_CONNECTING pgs=0 cs=0 l=0 rev1=0 crypto rx=0 tx=0 comp rx=0 tx=0)._handle_peer_banner_payload supported=3 required=0
2023-11-27T17:49:49.291 INFO:teuthology.orchestra.run.smithi019.stdout:/usr/bin/ceph: stderr
2023-11-27T17:49:48.307+0000 7f6140b7f700 1 --2- >> [v2:172.21.15.19:3300/0,v1:172.21.15.19:6789/0] conn(0x7f613c1070b0 0x7f613c1074d0 unknown :-1 s=HELLO_CONNECTING pgs=0 cs=0 l=0 rev1=1 crypto rx=0 tx=0 comp rx=0 tx=0).handle_hello peer v2:172.21.15.19:3300/0 says I am v2:172.21.15.19:50968/0 (socket says 172.21.15.19:50968)
2023-11-27T17:49:49.291 INFO:teuthology.orchestra.run.smithi019.stdout:/usr/bin/ceph: stderr
2023-11-27T17:49:48.307+0000 7f6140b7f700 1 -- 172.21.15.19:0/3467543043 learned_addr learned my addr 172.21.15.19:0/3467543043 (peer_addr_for_me v2:172.21.15.19:0/0)
2023-11-27T17:49:49.291 INFO:teuthology.orchestra.run.smithi019.stdout:/usr/bin/ceph: stderr
2023-11-27T17:49:48.308+0000 7f6140b7f700 1 -- 172.21.15.19:0/3467543043 --> [v2:172.21.15.19:3300/0,v1:172.21.15.19:6789/0] -- mon_subscribe({config=0+,monmap=0+}) v3 -- 0x7f613c108210 con 0x7f613c1070b0
2023-11-27T17:49:49.291 INFO:teuthology.orchestra.run.smithi019.stdout:/usr/bin/ceph: stderr
2023-11-27T17:49:48.308+0000 7f6140b7f700 1 --2- 172.21.15.19:0/3467543043 >> [v2:172.21.15.19:3300/0,v1:172.21.15.19:6789/0] conn(0x7f613c1070b0 0x7f613c1074d0 secure :-1 s=READY pgs=78 cs=0 l=1 rev1=1 crypto rx=0x7f61300098a0 tx=0x7f6130009bb0 comp rx=0 tx=0).ready entity=mon.0 client_cookie=98fc13cfb7039298 server_cookie=0 in_seq=0 out_seq=0
2023-11-27T17:49:49.291 INFO:teuthology.orchestra.run.smithi019.stdout:/usr/bin/ceph: stderr
2023-11-27T17:49:48.308+0000 7f613b7fe700 1 -- 172.21.15.19:0/3467543043 <== mon.0 v2:172.21.15.19:3300/0 1 ==== mon_map magic: 0 v1 ==== 205+0+0 (secure 0 0 0) 0x7f6130004160 con 0x7f613c1070b0
2023-11-27T17:49:49.291 INFO:teuthology.orchestra.run.smithi019.stdout:/usr/bin/ceph: stderr
2023-11-27T17:49:48.308+0000 7f613b7fe700 1 -- 172.21.15.19:0/3467543043 <== mon.0 v2:172.21.15.19:3300/0 2 ==== config(28 keys) v1 ==== 1174+0+0 (secure 0 0 0) 0x7f61300042c0 con 0x7f613c1070b0
2023-11-27T17:49:49.291 INFO:teuthology.orchestra.run.smithi019.stdout:/usr/bin/ceph: stderr
2023-11-27T17:49:48.308+0000 7f613b7fe700 1 -- 172.21.15.19:0/3467543043 <== mon.0 v2:172.21.15.19:3300/0 3 ==== mon_map magic: 0 v1 ==== 205+0+0 (secure 0 0 0) 0x7f6130011b90 con 0x7f613c1070b0
2023-11-27T17:49:49.291 INFO:teuthology.orchestra.run.smithi019.stdout:/usr/bin/ceph: stderr
2023-11-27T17:49:48.308+0000 7f6142de3700 1 -- 172.21.15.19:0/3467543043 >> [v2:172.21.15.19:3300/0,v1:172.21.15.19:6789/0] conn(0x7f613c1070b0 msgr2=0x7f613c1074d0 secure :-1 s=STATE_CONNECTION_ESTABLISHED l=1).mark_down
2023-11-27T17:49:49.291 INFO:teuthology.orchestra.run.smithi019.stdout:/usr/bin/ceph: stderr
2023-11-27T17:49:48.308+0000 7f6142de3700 1 --2- 172.21.15.19:0/3467543043 >> [v2:172.21.15.19:3300/0,v1:172.21.15.19:6789/0] conn(0x7f613c1070b0 0x7f613c1074d0 secure :-1 s=READY pgs=78 cs=0 l=1 rev1=1 crypto rx=0x7f61300098a0 tx=0x7f6130009bb0 comp rx=0 tx=0).stop
2023-11-27T17:49:49.291 INFO:teuthology.orchestra.run.smithi019.stdout:/usr/bin/ceph: stderr
2023-11-27T17:49:48.308+0000 7f6142de3700 1 -- 172.21.15.19:0/3467543043 shutdown_connections
2023-11-27T17:49:49.291 INFO:teuthology.orchestra.run.smithi019.stdout:/usr/bin/ceph: stderr
2023-11-27T17:49:48.309+0000 7f6142de3700 1 --2- 172.21.15.19:0/3467543043 >> [v2:172.21.15.19:3300/0,v1:172.21.15.19:6789/0] conn(0x7f613c1070b0 0x7f613c1074d0 unknown :-1 s=CLOSED pgs=78 cs=0 l=1 rev1=1 crypto rx=0 tx=0 comp rx=0 tx=0).stop
2023-11-27T17:49:49.291 INFO:teuthology.orchestra.run.smithi019.stdout:/usr/bin/ceph: stderr
2023-11-27T17:49:48.309+0000 7f6142de3700 1 -- 172.21.15.19:0/3467543043 >> 172.21.15.19:0/3467543043 conn(0x7f613c1026d0 msgr2=0x7f613c104af0 unknown :-1 s=STATE_NONE l=0).mark_down
2023-11-27T17:49:49.292 INFO:teuthology.orchestra.run.smithi019.stdout:/usr/bin/ceph: stderr
2023-11-27T17:49:48.309+0000 7f6142de3700 1 -- 172.21.15.19:0/3467543043 shutdown_connections
2023-11-27T17:49:49.292 INFO:teuthology.orchestra.run.smithi019.stdout:/usr/bin/ceph: stderr
2023-11-27T17:49:48.309+0000 7f6142de3700 1 -- 172.21.15.19:0/3467543043 wait complete.
2023-11-27T17:49:49.292 INFO:teuthology.orchestra.run.smithi019.stdout:/usr/bin/ceph: stderr
2023-11-27T17:49:48.309+0000 7f6142de3700 1 Processor -- start
2023-11-27T17:49:49.292 INFO:teuthology.orchestra.run.smithi019.stdout:/usr/bin/ceph: stderr
2023-11-27T17:49:48.309+0000 7f6142de3700 1 -- start start
2023-11-27T17:49:49.292 INFO:teuthology.orchestra.run.smithi019.stdout:/usr/bin/ceph: stderr
2023-11-27T17:49:48.309+0000 7f6142de3700 1 --2- >> [v2:172.21.15.19:3300/0,v1:172.21.15.19:6789/0] conn(0x7f613c1070b0 0x7f613c19ae50 unknown :-1 s=NONE pgs=0 cs=0 l=1 rev1=0 crypto rx=0 tx=0 comp rx=0 tx=0).connect
2023-11-27T17:49:49.292 INFO:teuthology.orchestra.run.smithi019.stdout:/usr/bin/ceph: stderr
2023-11-27T17:49:48.310+0000 7f6142de3700 1 -- --> [v2:172.21.15.19:3300/0,v1:172.21.15.19:6789/0] -- mon_getmap magic: 0 v1 -- 0x7f613c19b390 con 0x7f613c1070b0
2023-11-27T17:49:49.292 INFO:teuthology.orchestra.run.smithi019.stdout:/usr/bin/ceph: stderr
2023-11-27T17:49:48.310+0000 7f6140b7f700 1 --2- >> [v2:172.21.15.19:3300/0,v1:172.21.15.19:6789/0] conn(0x7f613c1070b0 0x7f613c19ae50 unknown :-1 s=BANNER_CONNECTING pgs=0 cs=0 l=1 rev1=0 crypto rx=0 tx=0 comp rx=0 tx=0)._handle_peer_banner_payload supported=3 required=0
2023-11-27T17:49:49.292 INFO:teuthology.orchestra.run.smithi019.stdout:/usr/bin/ceph: stderr
2023-11-27T17:49:48.310+0000 7f6140b7f700 1 --2- >> [v2:172.21.15.19:3300/0,v1:172.21.15.19:6789/0] conn(0x7f613c1070b0 0x7f613c19ae50 unknown :-1 s=HELLO_CONNECTING pgs=0 cs=0 l=1 rev1=1 crypto rx=0 tx=0 comp rx=0 tx=0).handle_hello peer v2:172.21.15.19:3300/0 says I am v2:172.21.15.19:50970/0 (socket says 172.21.15.19:50970)
2023-11-27T17:49:49.292 INFO:teuthology.orchestra.run.smithi019.stdout:/usr/bin/ceph: stderr
2023-11-27T17:49:48.310+0000 7f6140b7f700 1 -- 172.21.15.19:0/3071531445 learned_addr learned my addr 172.21.15.19:0/3071531445 (peer_addr_for_me v2:172.21.15.19:0/0)
2023-11-27T17:49:49.292 INFO:teuthology.orchestra.run.smithi019.stdout:/usr/bin/ceph: stderr
2023-11-27T17:49:48.310+0000 7f6140b7f700 1 -- 172.21.15.19:0/3071531445 --> [v2:172.21.15.19:3300/0,v1:172.21.15.19:6789/0] -- mon_subscribe({config=0+,monmap=0+}) v3 -- 0x7f6130009550 con 0x7f613c1070b0
2023-11-27T17:49:49.292 INFO:teuthology.orchestra.run.smithi019.stdout:/usr/bin/ceph: stderr
2023-11-27T17:49:48.310+0000 7f6140b7f700 1 --2- 172.21.15.19:0/3071531445 >> [v2:172.21.15.19:3300/0,v1:172.21.15.19:6789/0] conn(0x7f613c1070b0 0x7f613c19ae50 secure :-1 s=READY pgs=79 cs=0 l=1 rev1=1 crypto rx=0x7f6130011670 tx=0x7f6130011bf0 comp rx=0 tx=0).ready entity=mon.0 client_cookie=0 server_cookie=0 in_seq=0 out_seq=0
2023-11-27T17:49:49.292 INFO:teuthology.orchestra.run.smithi019.stdout:/usr/bin/ceph: stderr
2023-11-27T17:49:48.310+0000 7f6139ffb700 1 -- 172.21.15.19:0/3071531445 <== mon.0 v2:172.21.15.19:3300/0 1 ==== mon_map magic: 0 v1 ==== 205+0+0 (secure 0 0 0) 0x7f61300039c0 con 0x7f613c1070b0
2023-11-27T17:49:49.293 INFO:teuthology.orchestra.run.smithi019.stdout:/usr/bin/ceph: stderr
2023-11-27T17:49:48.310+0000 7f6139ffb700 1 -- 172.21.15.19:0/3071531445 <== mon.0 v2:172.21.15.19:3300/0 2 ==== config(28 keys) v1 ==== 1174+0+0 (secure 0 0 0) 0x7f6130003b20 con 0x7f613c1070b0
2023-11-27T17:49:49.293 INFO:teuthology.orchestra.run.smithi019.stdout:/usr/bin/ceph: stderr
2023-11-27T17:49:48.310+0000 7f6139ffb700 1 -- 172.21.15.19:0/3071531445 <== mon.0 v2:172.21.15.19:3300/0 3 ==== mon_map magic: 0 v1 ==== 205+0+0 (secure 0 0 0) 0x7f613001a6d0 con 0x7f613c1070b0
2023-11-27T17:49:49.293 INFO:teuthology.orchestra.run.smithi019.stdout:/usr/bin/ceph: stderr
2023-11-27T17:49:48.310+0000 7f6142de3700 1 -- 172.21.15.19:0/3071531445 --> [v2:172.21.15.19:3300/0,v1:172.21.15.19:6789/0] -- mon_subscribe({mgrmap=0+}) v3 -- 0x7f613c19b590 con 0x7f613c1070b0
2023-11-27T17:49:49.293 INFO:teuthology.orchestra.run.smithi019.stdout:/usr/bin/ceph: stderr
2023-11-27T17:49:48.310+0000 7f6142de3700 1 -- 172.21.15.19:0/3071531445 --> [v2:172.21.15.19:3300/0,v1:172.21.15.19:6789/0] -- mon_subscribe({osdmap=0}) v3 -- 0x7f613c19ba30 con 0x7f613c1070b0
2023-11-27T17:49:49.293 INFO:teuthology.orchestra.run.smithi019.stdout:/usr/bin/ceph: stderr
2023-11-27T17:49:48.311+0000 7f6139ffb700 1 -- 172.21.15.19:0/3071531445 <== mon.0 v2:172.21.15.19:3300/0 4 ==== mgrmap(e 13) v1 ==== 45775+0+0 (secure 0 0 0) 0x7f61300249c0 con 0x7f613c1070b0
2023-11-27T17:49:49.293 INFO:teuthology.orchestra.run.smithi019.stdout:/usr/bin/ceph: stderr
2023-11-27T17:49:48.312+0000 7f6139ffb700 1 --2- 172.21.15.19:0/3071531445 >> [v2:172.21.15.19:6800/3325624338,v1:172.21.15.19:6801/3325624338] conn(0x7f612c038c80 0x7f612c03b140 unknown :-1 s=NONE pgs=0 cs=0 l=1 rev1=0 crypto rx=0 tx=0 comp rx=0 tx=0).connect
2023-11-27T17:49:49.293 INFO:teuthology.orchestra.run.smithi019.stdout:/usr/bin/ceph: stderr
2023-11-27T17:49:48.312+0000 7f6139ffb700 1 -- 172.21.15.19:0/3071531445 <== mon.0 v2:172.21.15.19:3300/0 5 ==== osd_map(3..3 src has 1..3) v4 ==== 1155+0+0 (secure 0 0 0) 0x7f613004ce60 con 0x7f613c1070b0
2023-11-27T17:49:49.293 INFO:teuthology.orchestra.run.smithi019.stdout:/usr/bin/ceph: stderr
2023-11-27T17:49:48.312+0000 7f6142de3700 1 -- 172.21.15.19:0/3071531445 --> [v2:172.21.15.19:3300/0,v1:172.21.15.19:6789/0] -- mon_command({"prefix": "get_command_descriptions"} v 0) v1 -- 0x7f613c10b440 con 0x7f613c1070b0
2023-11-27T17:49:49.293 INFO:teuthology.orchestra.run.smithi019.stdout:/usr/bin/ceph: stderr
2023-11-27T17:49:48.312+0000 7f613bfff700 1 --2- 172.21.15.19:0/3071531445 >> [v2:172.21.15.19:6800/3325624338,v1:172.21.15.19:6801/3325624338] conn(0x7f612c038c80 0x7f612c03b140 unknown :-1 s=BANNER_CONNECTING pgs=0 cs=0 l=1 rev1=0 crypto rx=0 tx=0 comp rx=0 tx=0)._handle_peer_banner_payload supported=3 required=0
2023-11-27T17:49:49.293 INFO:teuthology.orchestra.run.smithi019.stdout:/usr/bin/ceph: stderr
2023-11-27T17:49:48.312+0000 7f613bfff700 1 --2- 172.21.15.19:0/3071531445 >> [v2:172.21.15.19:6800/3325624338,v1:172.21.15.19:6801/3325624338] conn(0x7f612c038c80 0x7f612c03b140 secure :-1 s=READY pgs=11 cs=0 l=1 rev1=1 crypto rx=0x7f6128006fd0 tx=0x7f6128006e40 comp rx=0 tx=0).ready entity=mgr.14152 client_cookie=0 server_cookie=0 in_seq=0 out_seq=0
2023-11-27T17:49:49.293 INFO:teuthology.orchestra.run.smithi019.stdout:/usr/bin/ceph: stderr
2023-11-27T17:49:48.317+0000 7f6139ffb700 1 -- 172.21.15.19:0/3071531445 <== mon.0 v2:172.21.15.19:3300/0 6 ==== mon_command_ack([{"prefix": "get_command_descriptions"}]=0 v0) v1 ==== 72+0+180955 (secure 0 0 0) 0x7f6130024430 con 0x7f613c1070b0
2023-11-27T17:49:49.293 INFO:teuthology.orchestra.run.smithi019.stdout:/usr/bin/ceph: stderr
2023-11-27T17:49:48.899+0000 7f6142de3700 1 -- 172.21.15.19:0/3071531445 --> [v2:172.21.15.19:3300/0,v1:172.21.15.19:6789/0] -- mon_command([{prefix=config-key set, key=mgr/dashboard/cluster/status}] v 0) v1 -- 0x7f613c10b630 con 0x7f613c1070b0
2023-11-27T17:49:49.294 INFO:teuthology.orchestra.run.smithi019.stdout:/usr/bin/ceph: stderr
2023-11-27T17:49:48.901+0000 7f6139ffb700 1 -- 172.21.15.19:0/3071531445 <== mon.0 v2:172.21.15.19:3300/0 7 ==== mon_command_ack([{prefix=config-key set, key=mgr/dashboard/cluster/status}]=0 set mgr/dashboard/cluster/status v28)=0 set mgr/dashboard/cluster/status v28) v1 ==== 153+0+0 (secure 0 0 0) 0x7f6130018350 con 0x7f613c1070b0
2023-11-27T17:49:49.294 INFO:teuthology.orchestra.run.smithi019.stdout:/usr/bin/ceph: stderr
2023-11-27T17:49:48.904+0000 7f6142de3700 1 -- 172.21.15.19:0/3071531445 >> [v2:172.21.15.19:6800/3325624338,v1:172.21.15.19:6801/3325624338] conn(0x7f612c038c80 msgr2=0x7f612c03b140 secure :-1 s=STATE_CONNECTION_ESTABLISHED l=1).mark_down
2023-11-27T17:49:49.294 INFO:teuthology.orchestra.run.smithi019.stdout:/usr/bin/ceph: stderr
2023-11-27T17:49:48.904+0000 7f6142de3700 1 --2- 172.21.15.19:0/3071531445 >> [v2:172.21.15.19:6800/3325624338,v1:172.21.15.19:6801/3325624338] conn(0x7f612c038c80 0x7f612c03b140 secure :-1 s=READY pgs=11 cs=0 l=1 rev1=1 crypto rx=0x7f6128006fd0 tx=0x7f6128006e40 comp rx=0 tx=0).stop
2023-11-27T17:49:49.294 INFO:teuthology.orchestra.run.smithi019.stdout:/usr/bin/ceph: stderr
2023-11-27T17:49:48.904+0000 7f6142de3700 1 -- 172.21.15.19:0/3071531445 >> [v2:172.21.15.19:3300/0,v1:172.21.15.19:6789/0] conn(0x7f613c1070b0 msgr2=0x7f613c19ae50 secure :-1 s=STATE_CONNECTION_ESTABLISHED l=1).mark_down
2023-11-27T17:49:49.294 INFO:teuthology.orchestra.run.smithi019.stdout:/usr/bin/ceph: stderr
2023-11-27T17:49:48.904+0000 7f6142de3700 1 --2- 172.21.15.19:0/3071531445 >> [v2:172.21.15.19:3300/0,v1:172.21.15.19:6789/0] conn(0x7f613c1070b0 0x7f613c19ae50 secure :-1 s=READY pgs=79 cs=0 l=1 rev1=1 crypto rx=0x7f6130011670 tx=0x7f6130011bf0 comp rx=0 tx=0).stop
2023-11-27T17:49:49.294 INFO:teuthology.orchestra.run.smithi019.stdout:/usr/bin/ceph: stderr
2023-11-27T17:49:48.904+0000 7f6142de3700 1 -- 172.21.15.19:0/3071531445 shutdown_connections
2023-11-27T17:49:49.294 INFO:teuthology.orchestra.run.smithi019.stdout:/usr/bin/ceph: stderr
2023-11-27T17:49:48.904+0000 7f6142de3700 1 --2- 172.21.15.19:0/3071531445 >> [v2:172.21.15.19:6800/3325624338,v1:172.21.15.19:6801/3325624338] conn(0x7f612c038c80 0x7f612c03b140 unknown :-1 s=CLOSED pgs=11 cs=0 l=1 rev1=1 crypto rx=0 tx=0 comp rx=0 tx=0).stop
2023-11-27T17:49:49.294 INFO:teuthology.orchestra.run.smithi019.stdout:/usr/bin/ceph: stderr
2023-11-27T17:49:48.904+0000 7f6142de3700 1 --2- 172.21.15.19:0/3071531445 >> [v2:172.21.15.19:3300/0,v1:172.21.15.19:6789/0] conn(0x7f613c1070b0 0x7f613c19ae50 unknown :-1 s=CLOSED pgs=79 cs=0 l=1 rev1=1 crypto rx=0 tx=0 comp rx=0 tx=0).stop
2023-11-27T17:49:49.294 INFO:teuthology.orchestra.run.smithi019.stdout:/usr/bin/ceph: stderr
2023-11-27T17:49:48.904+0000 7f6142de3700 1 -- 172.21.15.19:0/3071531445 >> 172.21.15.19:0/3071531445 conn(0x7f613c1026d0 msgr2=0x7f613c103230 unknown :-1 s=STATE_NONE l=0).mark_down
2023-11-27T17:49:49.294 INFO:teuthology.orchestra.run.smithi019.stdout:/usr/bin/ceph: stderr
2023-11-27T17:49:48.904+0000 7f6142de3700 1 -- 172.21.15.19:0/3071531445 shutdown_connections
2023-11-27T17:49:49.294 INFO:teuthology.orchestra.run.smithi019.stdout:/usr/bin/ceph: stderr
2023-11-27T17:49:48.904+0000 7f6142de3700 1 -- 172.21.15.19:0/3071531445 wait complete.
2023-11-27T17:49:49.294 INFO:teuthology.orchestra.run.smithi019.stdout:/usr/bin/ceph: stderr set mgr/dashboard/cluster/status
2023-11-27T17:49:49.295 INFO:teuthology.orchestra.run.smithi019.stdout:You can access the Ceph CLI as following in case of multi-cluster or non-default config:
2023-11-27T17:49:49.295 INFO:teuthology.orchestra.run.smithi019.stdout:
2023-11-27T17:49:49.295 INFO:teuthology.orchestra.run.smithi019.stdout: sudo /home/ubuntu/cephtest/cephadm shell --fsid 165ce212-8d4d-11ee-95a2-87774f69a715 -c /etc/ceph/ceph.conf -k /etc/ceph/ceph.client.admin.keyring
2023-11-27T17:49:49.295 INFO:teuthology.orchestra.run.smithi019.stdout:
2023-11-27T17:49:49.295 INFO:teuthology.orchestra.run.smithi019.stdout:Or, if you are only running a single cluster on this host:
2023-11-27T17:49:49.295 INFO:teuthology.orchestra.run.smithi019.stdout:
2023-11-27T17:49:49.295 INFO:teuthology.orchestra.run.smithi019.stdout: sudo /home/ubuntu/cephtest/cephadm shell
2023-11-27T17:49:49.295 INFO:teuthology.orchestra.run.smithi019.stdout:
2023-11-27T17:49:49.295 INFO:teuthology.orchestra.run.smithi019.stdout:Please consider enabling telemetry to help improve Ceph:
2023-11-27T17:49:49.295 INFO:teuthology.orchestra.run.smithi019.stdout:
2023-11-27T17:49:49.295 INFO:teuthology.orchestra.run.smithi019.stdout: ceph telemetry on
2023-11-27T17:49:49.295 INFO:teuthology.orchestra.run.smithi019.stdout:
2023-11-27T17:49:49.296 INFO:teuthology.orchestra.run.smithi019.stdout:For more information see:
2023-11-27T17:49:49.296 INFO:teuthology.orchestra.run.smithi019.stdout:
2023-11-27T17:49:49.296 INFO:teuthology.orchestra.run.smithi019.stdout: https://docs.ceph.com/en/latest/mgr/telemetry/
2023-11-27T17:49:49.296 INFO:teuthology.orchestra.run.smithi019.stdout:
2023-11-27T17:49:49.296 INFO:teuthology.orchestra.run.smithi019.stdout:Bootstrap complete.
2023-11-27T17:49:49.330 INFO:tasks.cephadm:Fetching config...
2023-11-27T17:49:49.331 DEBUG:teuthology.orchestra.run.smithi019:> set -ex
2023-11-27T17:49:49.331 DEBUG:teuthology.orchestra.run.smithi019:> dd if=/etc/ceph/ceph.conf of=/dev/stdout
2023-11-27T17:49:49.348 INFO:tasks.cephadm:Fetching client.admin keyring...
2023-11-27T17:49:49.348 DEBUG:teuthology.orchestra.run.smithi019:> set -ex
2023-11-27T17:49:49.348 DEBUG:teuthology.orchestra.run.smithi019:> dd if=/etc/ceph/ceph.client.admin.keyring of=/dev/stdout
2023-11-27T17:49:49.407 INFO:tasks.cephadm:Fetching mon keyring...
2023-11-27T17:49:49.408 DEBUG:teuthology.orchestra.run.smithi019:> set -ex
2023-11-27T17:49:49.408 DEBUG:teuthology.orchestra.run.smithi019:> sudo dd if=/var/lib/ceph/165ce212-8d4d-11ee-95a2-87774f69a715/mon.a/keyring of=/dev/stdout
2023-11-27T17:49:49.476 INFO:tasks.cephadm:Fetching pub ssh key...
2023-11-27T17:49:49.476 DEBUG:teuthology.orchestra.run.smithi019:> set -ex
2023-11-27T17:49:49.476 DEBUG:teuthology.orchestra.run.smithi019:> dd if=/home/ubuntu/cephtest/ceph.pub of=/dev/stdout
2023-11-27T17:49:49.535 INFO:tasks.cephadm:Installing pub ssh key for root users...
2023-11-27T17:49:49.535 DEBUG:teuthology.orchestra.run.smithi019:> sudo install -d -m 0700 /root/.ssh && echo 'ssh-rsa AAAAB3NzaC1yc2EAAAADAQABAAABgQCcX3H0zL8Rxy0erJkZd3Y6Vi4HbGimQ/PArAfGkJ3o+eqantIXr1gx6sGEpqas2XTWrNmYliT0WxypQ8ZUAwgiUL+ChBHakDKdGjQf6aw0cR+ROitjTzRwxJM1vQtwNCn4q+TyPsrbOtHcZffrILxRm3WLDKlK1wpnRx0tJJfB6cembrPMROtVlS5zIf8iLkotVCXQ9Oh3znRHe/tqlxJCNrh8+AEKySD3SDqcWG8qYBaxLL5ZW7n4LZzCKMA61SLwtDoGKmpWeflPG0779HjgPUcUemIydA5Oash3lRL7BDGLCUNrNvC4MyoL/prGw/aHFGaZO4/85NYChtraJuFoXRWheaVIUByiUBVMxfjANrTjDV/0fM4FY9/NThCOh6i06WLyXLeGf3SJxjzsmCaKuQxoaLhrYGt23/rH0jSOFBCaJ4dZxBafsUfydja2Y6RrN62bZJ44S+Wpb80Du11HM8bD0eUkCn6UsaSaIgtuqhK/wMKI/dc6ZT11NJJUzDU= ceph-165ce212-8d4d-11ee-95a2-87774f69a715' | sudo tee -a /root/.ssh/authorized_keys && sudo chmod 0600 /root/.ssh/authorized_keys
2023-11-27T17:49:49.615 INFO:teuthology.orchestra.run.smithi019.stdout:ssh-rsa AAAAB3NzaC1yc2EAAAADAQABAAABgQCcX3H0zL8Rxy0erJkZd3Y6Vi4HbGimQ/PArAfGkJ3o+eqantIXr1gx6sGEpqas2XTWrNmYliT0WxypQ8ZUAwgiUL+ChBHakDKdGjQf6aw0cR+ROitjTzRwxJM1vQtwNCn4q+TyPsrbOtHcZffrILxRm3WLDKlK1wpnRx0tJJfB6cembrPMROtVlS5zIf8iLkotVCXQ9Oh3znRHe/tqlxJCNrh8+AEKySD3SDqcWG8qYBaxLL5ZW7n4LZzCKMA61SLwtDoGKmpWeflPG0779HjgPUcUemIydA5Oash3lRL7BDGLCUNrNvC4MyoL/prGw/aHFGaZO4/85NYChtraJuFoXRWheaVIUByiUBVMxfjANrTjDV/0fM4FY9/NThCOh6i06WLyXLeGf3SJxjzsmCaKuQxoaLhrYGt23/rH0jSOFBCaJ4dZxBafsUfydja2Y6RrN62bZJ44S+Wpb80Du11HM8bD0eUkCn6UsaSaIgtuqhK/wMKI/dc6ZT11NJJUzDU= ceph-165ce212-8d4d-11ee-95a2-87774f69a715
2023-11-27T17:49:49.628 DEBUG:teuthology.orchestra.run.smithi027:> sudo install -d -m 0700 /root/.ssh && echo 'ssh-rsa AAAAB3NzaC1yc2EAAAADAQABAAABgQCcX3H0zL8Rxy0erJkZd3Y6Vi4HbGimQ/PArAfGkJ3o+eqantIXr1gx6sGEpqas2XTWrNmYliT0WxypQ8ZUAwgiUL+ChBHakDKdGjQf6aw0cR+ROitjTzRwxJM1vQtwNCn4q+TyPsrbOtHcZffrILxRm3WLDKlK1wpnRx0tJJfB6cembrPMROtVlS5zIf8iLkotVCXQ9Oh3znRHe/tqlxJCNrh8+AEKySD3SDqcWG8qYBaxLL5ZW7n4LZzCKMA61SLwtDoGKmpWeflPG0779HjgPUcUemIydA5Oash3lRL7BDGLCUNrNvC4MyoL/prGw/aHFGaZO4/85NYChtraJuFoXRWheaVIUByiUBVMxfjANrTjDV/0fM4FY9/NThCOh6i06WLyXLeGf3SJxjzsmCaKuQxoaLhrYGt23/rH0jSOFBCaJ4dZxBafsUfydja2Y6RrN62bZJ44S+Wpb80Du11HM8bD0eUkCn6UsaSaIgtuqhK/wMKI/dc6ZT11NJJUzDU= ceph-165ce212-8d4d-11ee-95a2-87774f69a715' | sudo tee -a /root/.ssh/authorized_keys && sudo chmod 0600 /root/.ssh/authorized_keys
2023-11-27T17:49:49.676 INFO:teuthology.orchestra.run.smithi027.stdout:ssh-rsa AAAAB3NzaC1yc2EAAAADAQABAAABgQCcX3H0zL8Rxy0erJkZd3Y6Vi4HbGimQ/PArAfGkJ3o+eqantIXr1gx6sGEpqas2XTWrNmYliT0WxypQ8ZUAwgiUL+ChBHakDKdGjQf6aw0cR+ROitjTzRwxJM1vQtwNCn4q+TyPsrbOtHcZffrILxRm3WLDKlK1wpnRx0tJJfB6cembrPMROtVlS5zIf8iLkotVCXQ9Oh3znRHe/tqlxJCNrh8+AEKySD3SDqcWG8qYBaxLL5ZW7n4LZzCKMA61SLwtDoGKmpWeflPG0779HjgPUcUemIydA5Oash3lRL7BDGLCUNrNvC4MyoL/prGw/aHFGaZO4/85NYChtraJuFoXRWheaVIUByiUBVMxfjANrTjDV/0fM4FY9/NThCOh6i06WLyXLeGf3SJxjzsmCaKuQxoaLhrYGt23/rH0jSOFBCaJ4dZxBafsUfydja2Y6RrN62bZJ44S+Wpb80Du11HM8bD0eUkCn6UsaSaIgtuqhK/wMKI/dc6ZT11NJJUzDU= ceph-165ce212-8d4d-11ee-95a2-87774f69a715
2023-11-27T17:49:49.689 DEBUG:teuthology.orchestra.run.smithi153:> sudo install -d -m 0700 /root/.ssh && echo 'ssh-rsa AAAAB3NzaC1yc2EAAAADAQABAAABgQCcX3H0zL8Rxy0erJkZd3Y6Vi4HbGimQ/PArAfGkJ3o+eqantIXr1gx6sGEpqas2XTWrNmYliT0WxypQ8ZUAwgiUL+ChBHakDKdGjQf6aw0cR+ROitjTzRwxJM1vQtwNCn4q+TyPsrbOtHcZffrILxRm3WLDKlK1wpnRx0tJJfB6cembrPMROtVlS5zIf8iLkotVCXQ9Oh3znRHe/tqlxJCNrh8+AEKySD3SDqcWG8qYBaxLL5ZW7n4LZzCKMA61SLwtDoGKmpWeflPG0779HjgPUcUemIydA5Oash3lRL7BDGLCUNrNvC4MyoL/prGw/aHFGaZO4/85NYChtraJuFoXRWheaVIUByiUBVMxfjANrTjDV/0fM4FY9/NThCOh6i06WLyXLeGf3SJxjzsmCaKuQxoaLhrYGt23/rH0jSOFBCaJ4dZxBafsUfydja2Y6RrN62bZJ44S+Wpb80Du11HM8bD0eUkCn6UsaSaIgtuqhK/wMKI/dc6ZT11NJJUzDU= ceph-165ce212-8d4d-11ee-95a2-87774f69a715' | sudo tee -a /root/.ssh/authorized_keys && sudo chmod 0600 /root/.ssh/authorized_keys
2023-11-27T17:49:49.733 INFO:teuthology.orchestra.run.smithi153.stdout:ssh-rsa AAAAB3NzaC1yc2EAAAADAQABAAABgQCcX3H0zL8Rxy0erJkZd3Y6Vi4HbGimQ/PArAfGkJ3o+eqantIXr1gx6sGEpqas2XTWrNmYliT0WxypQ8ZUAwgiUL+ChBHakDKdGjQf6aw0cR+ROitjTzRwxJM1vQtwNCn4q+TyPsrbOtHcZffrILxRm3WLDKlK1wpnRx0tJJfB6cembrPMROtVlS5zIf8iLkotVCXQ9Oh3znRHe/tqlxJCNrh8+AEKySD3SDqcWG8qYBaxLL5ZW7n4LZzCKMA61SLwtDoGKmpWeflPG0779HjgPUcUemIydA5Oash3lRL7BDGLCUNrNvC4MyoL/prGw/aHFGaZO4/85NYChtraJuFoXRWheaVIUByiUBVMxfjANrTjDV/0fM4FY9/NThCOh6i06WLyXLeGf3SJxjzsmCaKuQxoaLhrYGt23/rH0jSOFBCaJ4dZxBafsUfydja2Y6RrN62bZJ44S+Wpb80Du11HM8bD0eUkCn6UsaSaIgtuqhK/wMKI/dc6ZT11NJJUzDU= ceph-165ce212-8d4d-11ee-95a2-87774f69a715
2023-11-27T17:49:49.747 DEBUG:teuthology.orchestra.run.smithi019:> sudo /home/ubuntu/cephtest/cephadm --image quay-quay-quay.apps.os.sepia.ceph.com/ceph-ci/ceph:369173db14b6995b2bd07c60ec5f63d01cf21631 shell -c /etc/ceph/ceph.conf -k /etc/ceph/ceph.client.admin.keyring --fsid 165ce212-8d4d-11ee-95a2-87774f69a715 -- ceph config set mgr mgr/cephadm/allow_ptrace true
2023-11-27T17:49:50.330 INFO:journalctl@ceph.mon.a.smithi019.stdout:Nov 27 17:49:49 smithi019 ceph-mon[129796]: from='client.? 172.21.15.19:0/3071531445' entity='client.admin'
2023-11-27T17:49:50.351 INFO:teuthology.orchestra.run.smithi019.stderr:Inferring config /var/lib/ceph/165ce212-8d4d-11ee-95a2-87774f69a715/mon.a/config
2023-11-27T17:49:51.639 INFO:teuthology.orchestra.run.smithi019.stderr:2023-11-27T17:49:51.636+0000 7f7fa278f700 1 -- 172.21.15.19:0/2515328935 >> [v2:172.21.15.19:3300/0,v1:172.21.15.19:6789/0] conn(0x7f7f9c101ab0 msgr2=0x7f7f9c103ea0 secure :-1 s=STATE_CONNECTION_ESTABLISHED l=1).mark_down
2023-11-27T17:49:51.639 INFO:teuthology.orchestra.run.smithi019.stderr:2023-11-27T17:49:51.636+0000 7f7fa278f700 1 --2- 172.21.15.19:0/2515328935 >> [v2:172.21.15.19:3300/0,v1:172.21.15.19:6789/0] conn(0x7f7f9c101ab0 0x7f7f9c103ea0 secure :-1 s=READY pgs=80 cs=0 l=1 rev1=1 crypto rx=0x7f7f8c009910 tx=0x7f7f8c009c20 comp rx=0 tx=0).stop
2023-11-27T17:49:51.639 INFO:teuthology.orchestra.run.smithi019.stderr:2023-11-27T17:49:51.636+0000 7f7fa278f700 1 -- 172.21.15.19:0/2515328935 shutdown_connections
2023-11-27T17:49:51.639 INFO:teuthology.orchestra.run.smithi019.stderr:2023-11-27T17:49:51.636+0000 7f7fa278f700 1 --2- 172.21.15.19:0/2515328935 >> [v2:172.21.15.19:3300/0,v1:172.21.15.19:6789/0] conn(0x7f7f9c101ab0 0x7f7f9c103ea0 unknown :-1 s=CLOSED pgs=80 cs=0 l=1 rev1=1 crypto rx=0 tx=0 comp rx=0 tx=0).stop
2023-11-27T17:49:51.640 INFO:teuthology.orchestra.run.smithi019.stderr:2023-11-27T17:49:51.636+0000 7f7fa278f700 1 -- 172.21.15.19:0/2515328935 >> 172.21.15.19:0/2515328935 conn(0x7f7f9c0fb400 msgr2=0x7f7f9c0fd840 unknown :-1 s=STATE_NONE l=0).mark_down
