2023-11-27T17:49:31.325+0000 7f9d257d4700 1 --2- 172.21.15.19:0/1344509290 >> [v2:172.21.15.19:3300/0,v1:172.21.15.19:6789/0] conn(0x7f9d20107af0 0x7f9d20198c60 secure :-1 s=READY pgs=56 cs=0 l=1 rev1=1 crypto rx=0x7f9d10011670 tx=0x7f9d10011bf0 comp rx=0 tx=0).ready entity=mon.0 client_cookie=0 server_cookie=0 in_seq=0 out_seq=0
2023-11-27T17:49:32.828 INFO:teuthology.orchestra.run.smithi019.stdout:/usr/bin/ceph: stderr
2023-11-27T17:49:31.325+0000 7f9d167fc700 1 -- 172.21.15.19:0/1344509290 <== mon.0 v2:172.21.15.19:3300/0 1 ==== mon_map magic: 0 v1 ==== 205+0+0 (secure 0 0 0) 0x7f9d100039c0 con 0x7f9d20107af0
2023-11-27T17:49:32.828 INFO:teuthology.orchestra.run.smithi019.stdout:/usr/bin/ceph: stderr
2023-11-27T17:49:31.325+0000 7f9d167fc700 1 -- 172.21.15.19:0/1344509290 <== mon.0 v2:172.21.15.19:3300/0 2 ==== config(28 keys) v1 ==== 1174+0+0 (secure 0 0 0) 0x7f9d10003b20 con 0x7f9d20107af0
2023-11-27T17:49:32.828 INFO:teuthology.orchestra.run.smithi019.stdout:/usr/bin/ceph: stderr
2023-11-27T17:49:31.325+0000 7f9d167fc700 1 -- 172.21.15.19:0/1344509290 <== mon.0 v2:172.21.15.19:3300/0 3 ==== mon_map magic: 0 v1 ==== 205+0+0 (secure 0 0 0) 0x7f9d1001a6d0 con 0x7f9d20107af0
2023-11-27T17:49:32.828 INFO:teuthology.orchestra.run.smithi019.stdout:/usr/bin/ceph: stderr
2023-11-27T17:49:31.325+0000 7f9d27a38700 1 -- 172.21.15.19:0/1344509290 --> [v2:172.21.15.19:3300/0,v1:172.21.15.19:6789/0] -- mon_subscribe({mgrmap=0+}) v3 -- 0x7f9d201993a0 con 0x7f9d20107af0
2023-11-27T17:49:32.828 INFO:teuthology.orchestra.run.smithi019.stdout:/usr/bin/ceph: stderr
2023-11-27T17:49:31.325+0000 7f9d27a38700 1 -- 172.21.15.19:0/1344509290 --> [v2:172.21.15.19:3300/0,v1:172.21.15.19:6789/0] -- mon_subscribe({osdmap=0}) v3 -- 0x7f9d20199840 con 0x7f9d20107af0
2023-11-27T17:49:32.828 INFO:teuthology.orchestra.run.smithi019.stdout:/usr/bin/ceph: stderr
2023-11-27T17:49:31.326+0000 7f9d167fc700 1 -- 172.21.15.19:0/1344509290 <== mon.0 v2:172.21.15.19:3300/0 4 ==== mgrmap(e 8) v1 ==== 45719+0+0 (secure 0 0 0) 0x7f9d100249c0 con 0x7f9d20107af0
2023-11-27T17:49:32.828 INFO:teuthology.orchestra.run.smithi019.stdout:/usr/bin/ceph: stderr
2023-11-27T17:49:31.326+0000 7f9d167fc700 1 --2- 172.21.15.19:0/1344509290 >> [v2:172.21.15.19:6800/1988651465,v1:172.21.15.19:6801/1988651465] conn(0x7f9d0c03d010 0x7f9d0c03f4d0 unknown :-1 s=NONE pgs=0 cs=0 l=1 rev1=0 crypto rx=0 tx=0 comp rx=0 tx=0).connect
2023-11-27T17:49:32.828 INFO:teuthology.orchestra.run.smithi019.stdout:/usr/bin/ceph: stderr
2023-11-27T17:49:31.326+0000 7f9d167fc700 1 -- 172.21.15.19:0/1344509290 <== mon.0 v2:172.21.15.19:3300/0 5 ==== osd_map(2..2 src has 1..2) v4 ==== 940+0+0 (secure 0 0 0) 0x7f9d1004cdc0 con 0x7f9d20107af0
2023-11-27T17:49:32.828 INFO:teuthology.orchestra.run.smithi019.stdout:/usr/bin/ceph: stderr
2023-11-27T17:49:31.326+0000 7f9d27a38700 1 -- 172.21.15.19:0/1344509290 --> [v2:172.21.15.19:3300/0,v1:172.21.15.19:6789/0] -- mon_command({"prefix": "get_command_descriptions"} v 0) v1 -- 0x7f9d20192780 con 0x7f9d20107af0
2023-11-27T17:49:32.829 INFO:teuthology.orchestra.run.smithi019.stdout:/usr/bin/ceph: stderr
2023-11-27T17:49:31.326+0000 7f9d24fd3700 1 --2- 172.21.15.19:0/1344509290 >> [v2:172.21.15.19:6800/1988651465,v1:172.21.15.19:6801/1988651465] conn(0x7f9d0c03d010 0x7f9d0c03f4d0 unknown :-1 s=BANNER_CONNECTING pgs=0 cs=0 l=1 rev1=0 crypto rx=0 tx=0 comp rx=0 tx=0)._handle_peer_banner_payload supported=3 required=0
2023-11-27T17:49:32.829 INFO:teuthology.orchestra.run.smithi019.stdout:/usr/bin/ceph: stderr
2023-11-27T17:49:31.327+0000 7f9d24fd3700 1 --2- 172.21.15.19:0/1344509290 >> [v2:172.21.15.19:6800/1988651465,v1:172.21.15.19:6801/1988651465] conn(0x7f9d0c03d010 0x7f9d0c03f4d0 secure :-1 s=READY pgs=16 cs=0 l=1 rev1=1 crypto rx=0x7f9d1c006fd0 tx=0x7f9d1c006e40 comp rx=0 tx=0).ready entity=mgr.14120 client_cookie=0 server_cookie=0 in_seq=0 out_seq=0
2023-11-27T17:49:32.829 INFO:teuthology.orchestra.run.smithi019.stdout:/usr/bin/ceph: stderr
2023-11-27T17:49:31.331+0000 7f9d167fc700 1 -- 172.21.15.19:0/1344509290 <== mon.0 v2:172.21.15.19:3300/0 6 ==== mon_command_ack([{"prefix": "get_command_descriptions"}]=0 v0) v1 ==== 72+0+180955 (secure 0 0 0) 0x7f9d10024430 con 0x7f9d20107af0
2023-11-27T17:49:32.829 INFO:teuthology.orchestra.run.smithi019.stdout:/usr/bin/ceph: stderr
2023-11-27T17:49:31.816+0000 7f9d27a38700 1 -- 172.21.15.19:0/1344509290 --> [v2:172.21.15.19:3300/0,v1:172.21.15.19:6789/0] -- mon_command({"prefix": "mgr module enable", "module": "dashboard"} v 0) v1 -- 0x7f9d20106050 con 0x7f9d20107af0
2023-11-27T17:49:32.829 INFO:teuthology.orchestra.run.smithi019.stdout:/usr/bin/ceph: stderr
2023-11-27T17:49:32.341+0000 7f9d167fc700 1 -- 172.21.15.19:0/1344509290 <== mon.0 v2:172.21.15.19:3300/0 7 ==== mon_command_ack([{"prefix": "mgr module enable", "module": "dashboard"}]=0 v9) v1 ==== 88+0+0 (secure 0 0 0) 0x7f9d10018350 con 0x7f9d20107af0
2023-11-27T17:49:32.829 INFO:teuthology.orchestra.run.smithi019.stdout:/usr/bin/ceph: stderr
2023-11-27T17:49:32.343+0000 7f9d167fc700 1 -- 172.21.15.19:0/1344509290 <== mon.0 v2:172.21.15.19:3300/0 8 ==== mgrmap(e 9) v1 ==== 45732+0+0 (secure 0 0 0) 0x7f9d10024610 con 0x7f9d20107af0
2023-11-27T17:49:32.829 INFO:teuthology.orchestra.run.smithi019.stdout:/usr/bin/ceph: stderr
2023-11-27T17:49:32.344+0000 7f9d27a38700 1 -- 172.21.15.19:0/1344509290 >> [v2:172.21.15.19:6800/1988651465,v1:172.21.15.19:6801/1988651465] conn(0x7f9d0c03d010 msgr2=0x7f9d0c03f4d0 secure :-1 s=STATE_CONNECTION_ESTABLISHED l=1).mark_down
2023-11-27T17:49:32.829 INFO:teuthology.orchestra.run.smithi019.stdout:/usr/bin/ceph: stderr
2023-11-27T17:49:32.344+0000 7f9d27a38700 1 --2- 172.21.15.19:0/1344509290 >> [v2:172.21.15.19:6800/1988651465,v1:172.21.15.19:6801/1988651465] conn(0x7f9d0c03d010 0x7f9d0c03f4d0 secure :-1 s=READY pgs=16 cs=0 l=1 rev1=1 crypto rx=0x7f9d1c006fd0 tx=0x7f9d1c006e40 comp rx=0 tx=0).stop
2023-11-27T17:49:32.829 INFO:teuthology.orchestra.run.smithi019.stdout:/usr/bin/ceph: stderr
2023-11-27T17:49:32.344+0000 7f9d27a38700 1 -- 172.21.15.19:0/1344509290 >> [v2:172.21.15.19:3300/0,v1:172.21.15.19:6789/0] conn(0x7f9d20107af0 msgr2=0x7f9d20198c60 secure :-1 s=STATE_CONNECTION_ESTABLISHED l=1).mark_down
2023-11-27T17:49:32.829 INFO:teuthology.orchestra.run.smithi019.stdout:/usr/bin/ceph: stderr
2023-11-27T17:49:32.344+0000 7f9d27a38700 1 --2- 172.21.15.19:0/1344509290 >> [v2:172.21.15.19:3300/0,v1:172.21.15.19:6789/0] conn(0x7f9d20107af0 0x7f9d20198c60 secure :-1 s=READY pgs=56 cs=0 l=1 rev1=1 crypto rx=0x7f9d10011670 tx=0x7f9d10011bf0 comp rx=0 tx=0).stop
2023-11-27T17:49:32.829 INFO:teuthology.orchestra.run.smithi019.stdout:/usr/bin/ceph: stderr
2023-11-27T17:49:32.345+0000 7f9d27a38700 1 -- 172.21.15.19:0/1344509290 shutdown_connections
2023-11-27T17:49:32.829 INFO:teuthology.orchestra.run.smithi019.stdout:/usr/bin/ceph: stderr
2023-11-27T17:49:32.345+0000 7f9d27a38700 1 --2- 172.21.15.19:0/1344509290 >> [v2:172.21.15.19:6800/1988651465,v1:172.21.15.19:6801/1988651465] conn(0x7f9d0c03d010 0x7f9d0c03f4d0 secure :-1 s=CLOSED pgs=16 cs=0 l=1 rev1=1 crypto rx=0x7f9d1c006fd0 tx=0x7f9d1c006e40 comp rx=0 tx=0).stop
2023-11-27T17:49:32.829 INFO:teuthology.orchestra.run.smithi019.stdout:/usr/bin/ceph: stderr
2023-11-27T17:49:32.345+0000 7f9d27a38700 1 --2- 172.21.15.19:0/1344509290 >> [v2:172.21.15.19:3300/0,v1:172.21.15.19:6789/0] conn(0x7f9d20107af0 0x7f9d20198c60 unknown :-1 s=CLOSED pgs=56 cs=0 l=1 rev1=1 crypto rx=0 tx=0 comp rx=0 tx=0).stop
2023-11-27T17:49:32.830 INFO:teuthology.orchestra.run.smithi019.stdout:/usr/bin/ceph: stderr
2023-11-27T17:49:32.345+0000 7f9d27a38700 1 -- 172.21.15.19:0/1344509290 >> 172.21.15.19:0/1344509290 conn(0x7f9d201015a0 msgr2=0x7f9d2018f8c0 unknown :-1 s=STATE_NONE l=0).mark_down
2023-11-27T17:49:32.830 INFO:teuthology.orchestra.run.smithi019.stdout:/usr/bin/ceph: stderr
2023-11-27T17:49:32.345+0000 7f9d27a38700 1 -- 172.21.15.19:0/1344509290 shutdown_connections
2023-11-27T17:49:32.830 INFO:teuthology.orchestra.run.smithi019.stdout:/usr/bin/ceph: stderr
2023-11-27T17:49:32.345+0000 7f9d27a38700 1 -- 172.21.15.19:0/1344509290 wait complete.
2023-11-27T17:49:33.045 INFO:journalctl@ceph.mgr.x.smithi019.stdout:Nov 27 17:49:32 smithi019 ceph-165ce212-8d4d-11ee-95a2-87774f69a715-mgr-x[130041]:
2023-11-27T17:49:32.643+0000 7fcab7334200 -1 mgr[py] Module osd_support has missing NOTIFY_TYPES member
2023-11-27T17:49:33.045 INFO:journalctl@ceph.mgr.x.smithi019.stdout:Nov 27 17:49:32 smithi019 ceph-165ce212-8d4d-11ee-95a2-87774f69a715-mgr-x[130041]:
2023-11-27T17:49:32.753+0000 7fcab7334200 -1 mgr[py] Module snap_schedule has missing NOTIFY_TYPES member
2023-11-27T17:49:33.046 INFO:journalctl@ceph.mgr.x.smithi019.stdout:Nov 27 17:49:32 smithi019 ceph-165ce212-8d4d-11ee-95a2-87774f69a715-mgr-x[130041]:
2023-11-27T17:49:32.872+0000 7fcab7334200 -1 mgr[py] Module zabbix has missing NOTIFY_TYPES member
2023-11-27T17:49:33.330 INFO:journalctl@ceph.mon.a.smithi019.stdout:Nov 27 17:49:33 smithi019 ceph-mon[129796]: pgmap v3: 0 pgs: ; 0 B data, 0 B used, 0 B / 0 B avail
2023-11-27T17:49:33.331 INFO:journalctl@ceph.mon.a.smithi019.stdout:Nov 27 17:49:33 smithi019 ceph-mon[129796]: from='client.? 172.21.15.19:0/1344509290' entity='client.admin' cmd='[{"prefix": "mgr module enable", "module": "dashboard"}]': finished
2023-11-27T17:49:33.331 INFO:journalctl@ceph.mon.a.smithi019.stdout:Nov 27 17:49:33 smithi019 ceph-mon[129796]: mgrmap e9: x(active, since 21s)
2023-11-27T17:49:33.331 INFO:journalctl@ceph.mgr.x.smithi019.stdout:Nov 27 17:49:33 smithi019 ceph-165ce212-8d4d-11ee-95a2-87774f69a715-mgr-x[130041]:
2023-11-27T17:49:33.085+0000 7fcab7334200 -1 mgr[py] Module crash has missing NOTIFY_TYPES member
2023-11-27T17:49:33.830 INFO:journalctl@ceph.mgr.x.smithi019.stdout:Nov 27 17:49:33 smithi019 ceph-165ce212-8d4d-11ee-95a2-87774f69a715-mgr-x[130041]:
2023-11-27T17:49:33.574+0000 7fcab7334200 -1 mgr[py] Module prometheus has missing NOTIFY_TYPES member
2023-11-27T17:49:33.831 INFO:journalctl@ceph.mgr.x.smithi019.stdout:Nov 27 17:49:33 smithi019 ceph-165ce212-8d4d-11ee-95a2-87774f69a715-mgr-x[130041]:
2023-11-27T17:49:33.729+0000 7fcab7334200 -1 mgr[py] Module status has missing NOTIFY_TYPES member
2023-11-27T17:49:34.118 INFO:journalctl@ceph.mgr.x.smithi019.stdout:Nov 27 17:49:33 smithi019 ceph-165ce212-8d4d-11ee-95a2-87774f69a715-mgr-x[130041]:
2023-11-27T17:49:33.839+0000 7fcab7334200 -1 mgr[py] Module selftest has missing NOTIFY_TYPES member
2023-11-27T17:49:34.118 INFO:journalctl@ceph.mgr.x.smithi019.stdout:Nov 27 17:49:33 smithi019 ceph-165ce212-8d4d-11ee-95a2-87774f69a715-mgr-x[130041]:
2023-11-27T17:49:33.963+0000 7fcab7334200 -1 mgr[py] Module alerts has missing NOTIFY_TYPES member
2023-11-27T17:49:34.274 INFO:teuthology.orchestra.run.smithi019.stdout:/usr/bin/ceph: stdout {
2023-11-27T17:49:34.274 INFO:teuthology.orchestra.run.smithi019.stdout:/usr/bin/ceph: stdout "epoch": 9,
2023-11-27T17:49:34.274 INFO:teuthology.orchestra.run.smithi019.stdout:/usr/bin/ceph: stdout "available": true,
2023-11-27T17:49:34.274 INFO:teuthology.orchestra.run.smithi019.stdout:/usr/bin/ceph: stdout "active_name": "x",
2023-11-27T17:49:34.274 INFO:teuthology.orchestra.run.smithi019.stdout:/usr/bin/ceph: stdout "num_standby": 0
2023-11-27T17:49:34.274 INFO:teuthology.orchestra.run.smithi019.stdout:/usr/bin/ceph: stdout }
2023-11-27T17:49:34.274 INFO:teuthology.orchestra.run.smithi019.stdout:/usr/bin/ceph: stderr
2023-11-27T17:49:33.324+0000 7f3b7a378700 1 Processor -- start
2023-11-27T17:49:34.274 INFO:teuthology.orchestra.run.smithi019.stdout:/usr/bin/ceph: stderr
2023-11-27T17:49:33.324+0000 7f3b7a378700 1 -- start start
2023-11-27T17:49:34.274 INFO:teuthology.orchestra.run.smithi019.stdout:/usr/bin/ceph: stderr
2023-11-27T17:49:33.324+0000 7f3b7a378700 1 --2- >> [v2:172.21.15.19:3300/0,v1:172.21.15.19:6789/0] conn(0x7f3b74107af0 0x7f3b74109ee0 unknown :-1 s=NONE pgs=0 cs=0 l=0 rev1=0 crypto rx=0 tx=0 comp rx=0 tx=0).connect
2023-11-27T17:49:34.275 INFO:teuthology.orchestra.run.smithi019.stdout:/usr/bin/ceph: stderr
2023-11-27T17:49:33.324+0000 7f3b7a378700 1 -- --> [v2:172.21.15.19:3300/0,v1:172.21.15.19:6789/0] -- mon_getmap magic: 0 v1 -- 0x7f3b7407ae30 con 0x7f3b74107af0
2023-11-27T17:49:34.275 INFO:teuthology.orchestra.run.smithi019.stdout:/usr/bin/ceph: stderr
2023-11-27T17:49:33.325+0000 7f3b73fff700 1 --2- >> [v2:172.21.15.19:3300/0,v1:172.21.15.19:6789/0] conn(0x7f3b74107af0 0x7f3b74109ee0 unknown :-1 s=BANNER_CONNECTING pgs=0 cs=0 l=0 rev1=0 crypto rx=0 tx=0 comp rx=0 tx=0)._handle_peer_banner_payload supported=3 required=0
2023-11-27T17:49:34.275 INFO:teuthology.orchestra.run.smithi019.stdout:/usr/bin/ceph: stderr
2023-11-27T17:49:33.325+0000 7f3b73fff700 1 --2- >> [v2:172.21.15.19:3300/0,v1:172.21.15.19:6789/0] conn(0x7f3b74107af0 0x7f3b74109ee0 unknown :-1 s=HELLO_CONNECTING pgs=0 cs=0 l=0 rev1=1 crypto rx=0 tx=0 comp rx=0 tx=0).handle_hello peer v2:172.21.15.19:3300/0 says I am v2:172.21.15.19:50874/0 (socket says 172.21.15.19:50874)
2023-11-27T17:49:34.275 INFO:teuthology.orchestra.run.smithi019.stdout:/usr/bin/ceph: stderr
2023-11-27T17:49:33.325+0000 7f3b73fff700 1 -- 172.21.15.19:0/4124194205 learned_addr learned my addr 172.21.15.19:0/4124194205 (peer_addr_for_me v2:172.21.15.19:0/0)
2023-11-27T17:49:34.275 INFO:teuthology.orchestra.run.smithi019.stdout:/usr/bin/ceph: stderr
2023-11-27T17:49:33.325+0000 7f3b73fff700 1 -- 172.21.15.19:0/4124194205 --> [v2:172.21.15.19:3300/0,v1:172.21.15.19:6789/0] -- mon_subscribe({config=0+,monmap=0+}) v3 -- 0x7f3b7410a420 con 0x7f3b74107af0
2023-11-27T17:49:34.275 INFO:teuthology.orchestra.run.smithi019.stdout:/usr/bin/ceph: stderr
2023-11-27T17:49:33.325+0000 7f3b73fff700 1 --2- 172.21.15.19:0/4124194205 >> [v2:172.21.15.19:3300/0,v1:172.21.15.19:6789/0] conn(0x7f3b74107af0 0x7f3b74109ee0 secure :-1 s=READY pgs=59 cs=0 l=1 rev1=1 crypto rx=0x7f3b640098a0 tx=0x7f3b64009bb0 comp rx=0 tx=0).ready entity=mon.0 client_cookie=e043e1548ff1181a server_cookie=0 in_seq=0 out_seq=0
2023-11-27T17:49:34.275 INFO:teuthology.orchestra.run.smithi019.stdout:/usr/bin/ceph: stderr
2023-11-27T17:49:33.325+0000 7f3b72ffd700 1 -- 172.21.15.19:0/4124194205 <== mon.0 v2:172.21.15.19:3300/0 1 ==== mon_map magic: 0 v1 ==== 205+0+0 (secure 0 0 0) 0x7f3b64004160 con 0x7f3b74107af0
2023-11-27T17:49:34.275 INFO:teuthology.orchestra.run.smithi019.stdout:/usr/bin/ceph: stderr
2023-11-27T17:49:33.326+0000 7f3b72ffd700 1 -- 172.21.15.19:0/4124194205 <== mon.0 v2:172.21.15.19:3300/0 2 ==== config(28 keys) v1 ==== 1174+0+0 (secure 0 0 0) 0x7f3b640042c0 con 0x7f3b74107af0
2023-11-27T17:49:34.275 INFO:teuthology.orchestra.run.smithi019.stdout:/usr/bin/ceph: stderr
2023-11-27T17:49:33.326+0000 7f3b72ffd700 1 -- 172.21.15.19:0/4124194205 <== mon.0 v2:172.21.15.19:3300/0 3 ==== mon_map magic: 0 v1 ==== 205+0+0 (secure 0 0 0) 0x7f3b64011b90 con 0x7f3b74107af0
2023-11-27T17:49:34.275 INFO:teuthology.orchestra.run.smithi019.stdout:/usr/bin/ceph: stderr
2023-11-27T17:49:33.326+0000 7f3b7a378700 1 -- 172.21.15.19:0/4124194205 >> [v2:172.21.15.19:3300/0,v1:172.21.15.19:6789/0] conn(0x7f3b74107af0 msgr2=0x7f3b74109ee0 secure :-1 s=STATE_CONNECTION_ESTABLISHED l=1).mark_down
2023-11-27T17:49:34.275 INFO:teuthology.orchestra.run.smithi019.stdout:/usr/bin/ceph: stderr
2023-11-27T17:49:33.326+0000 7f3b7a378700 1 --2- 172.21.15.19:0/4124194205 >> [v2:172.21.15.19:3300/0,v1:172.21.15.19:6789/0] conn(0x7f3b74107af0 0x7f3b74109ee0 secure :-1 s=READY pgs=59 cs=0 l=1 rev1=1 crypto rx=0x7f3b640098a0 tx=0x7f3b64009bb0 comp rx=0 tx=0).stop
2023-11-27T17:49:34.275 INFO:teuthology.orchestra.run.smithi019.stdout:/usr/bin/ceph: stderr
2023-11-27T17:49:33.326+0000 7f3b7a378700 1 -- 172.21.15.19:0/4124194205 shutdown_connections
2023-11-27T17:49:34.275 INFO:teuthology.orchestra.run.smithi019.stdout:/usr/bin/ceph: stderr
2023-11-27T17:49:33.326+0000 7f3b7a378700 1 --2- 172.21.15.19:0/4124194205 >> [v2:172.21.15.19:3300/0,v1:172.21.15.19:6789/0] conn(0x7f3b74107af0 0x7f3b74109ee0 unknown :-1 s=CLOSED pgs=59 cs=0 l=1 rev1=1 crypto rx=0 tx=0 comp rx=0 tx=0).stop
2023-11-27T17:49:34.276 INFO:teuthology.orchestra.run.smithi019.stdout:/usr/bin/ceph: stderr
2023-11-27T17:49:33.326+0000 7f3b7a378700 1 -- 172.21.15.19:0/4124194205 >> 172.21.15.19:0/4124194205 conn(0x7f3b741015a0 msgr2=0x7f3b741039c0 unknown :-1 s=STATE_NONE l=0).mark_down
2023-11-27T17:49:34.276 INFO:teuthology.orchestra.run.smithi019.stdout:/usr/bin/ceph: stderr
2023-11-27T17:49:33.326+0000 7f3b7a378700 1 -- 172.21.15.19:0/4124194205 shutdown_connections
2023-11-27T17:49:34.276 INFO:teuthology.orchestra.run.smithi019.stdout:/usr/bin/ceph: stderr
2023-11-27T17:49:33.327+0000 7f3b7a378700 1 -- 172.21.15.19:0/4124194205 wait complete.
2023-11-27T17:49:34.276 INFO:teuthology.orchestra.run.smithi019.stdout:/usr/bin/ceph: stderr
2023-11-27T17:49:33.327+0000 7f3b7a378700 1 Processor -- start
2023-11-27T17:49:34.276 INFO:teuthology.orchestra.run.smithi019.stdout:/usr/bin/ceph: stderr
2023-11-27T17:49:33.327+0000 7f3b7a378700 1 -- start start
2023-11-27T17:49:34.276 INFO:teuthology.orchestra.run.smithi019.stdout:/usr/bin/ceph: stderr
2023-11-27T17:49:33.327+0000 7f3b7a378700 1 --2- >> [v2:172.21.15.19:3300/0,v1:172.21.15.19:6789/0] conn(0x7f3b74107af0 0x7f3b7419ae90 unknown :-1 s=NONE pgs=0 cs=0 l=1 rev1=0 crypto rx=0 tx=0 comp rx=0 tx=0).connect
2023-11-27T17:49:34.276 INFO:teuthology.orchestra.run.smithi019.stdout:/usr/bin/ceph: stderr
2023-11-27T17:49:33.327+0000 7f3b7a378700 1 -- --> [v2:172.21.15.19:3300/0,v1:172.21.15.19:6789/0] -- mon_getmap magic: 0 v1 -- 0x7f3b7419b3d0 con 0x7f3b74107af0
2023-11-27T17:49:34.276 INFO:teuthology.orchestra.run.smithi019.stdout:/usr/bin/ceph: stderr
2023-11-27T17:49:33.328+0000 7f3b73fff700 1 --2- >> [v2:172.21.15.19:3300/0,v1:172.21.15.19:6789/0] conn(0x7f3b74107af0 0x7f3b7419ae90 unknown :-1 s=BANNER_CONNECTING pgs=0 cs=0 l=1 rev1=0 crypto rx=0 tx=0 comp rx=0 tx=0)._handle_peer_banner_payload supported=3 required=0
2023-11-27T17:49:34.276 INFO:teuthology.orchestra.run.smithi019.stdout:/usr/bin/ceph: stderr
2023-11-27T17:49:33.328+0000 7f3b73fff700 1 --2- >> [v2:172.21.15.19:3300/0,v1:172.21.15.19:6789/0] conn(0x7f3b74107af0 0x7f3b7419ae90 unknown :-1 s=HELLO_CONNECTING pgs=0 cs=0 l=1 rev1=1 crypto rx=0 tx=0 comp rx=0 tx=0).handle_hello peer v2:172.21.15.19:3300/0 says I am v2:172.21.15.19:50876/0 (socket says 172.21.15.19:50876)
2023-11-27T17:49:34.276 INFO:teuthology.orchestra.run.smithi019.stdout:/usr/bin/ceph: stderr
2023-11-27T17:49:33.328+0000 7f3b73fff700 1 -- 172.21.15.19:0/2236588399 learned_addr learned my addr 172.21.15.19:0/2236588399 (peer_addr_for_me v2:172.21.15.19:0/0)
2023-11-27T17:49:34.276 INFO:teuthology.orchestra.run.smithi019.stdout:/usr/bin/ceph: stderr
2023-11-27T17:49:33.328+0000 7f3b73fff700 1 -- 172.21.15.19:0/2236588399 --> [v2:172.21.15.19:3300/0,v1:172.21.15.19:6789/0] -- mon_subscribe({config=0+,monmap=0+}) v3 -- 0x7f3b64009550 con 0x7f3b74107af0
2023-11-27T17:49:34.276 INFO:teuthology.orchestra.run.smithi019.stdout:/usr/bin/ceph: stderr
2023-11-27T17:49:33.328+0000 7f3b73fff700 1 --2- 172.21.15.19:0/2236588399 >> [v2:172.21.15.19:3300/0,v1:172.21.15.19:6789/0] conn(0x7f3b74107af0 0x7f3b7419ae90 secure :-1 s=READY pgs=60 cs=0 l=1 rev1=1 crypto rx=0x7f3b64011670 tx=0x7f3b64011bf0 comp rx=0 tx=0).ready entity=mon.0 client_cookie=0 server_cookie=0 in_seq=0 out_seq=0
2023-11-27T17:49:34.276 INFO:teuthology.orchestra.run.smithi019.stdout:/usr/bin/ceph: stderr
2023-11-27T17:49:33.328+0000 7f3b717fa700 1 -- 172.21.15.19:0/2236588399 <== mon.0 v2:172.21.15.19:3300/0 1 ==== mon_map magic: 0 v1 ==== 205+0+0 (secure 0 0 0) 0x7f3b640039c0 con 0x7f3b74107af0
2023-11-27T17:49:34.277 INFO:teuthology.orchestra.run.smithi019.stdout:/usr/bin/ceph: stderr
2023-11-27T17:49:33.329+0000 7f3b717fa700 1 -- 172.21.15.19:0/2236588399 <== mon.0 v2:172.21.15.19:3300/0 2 ==== config(28 keys) v1 ==== 1174+0+0 (secure 0 0 0) 0x7f3b64003b20 con 0x7f3b74107af0
2023-11-27T17:49:34.277 INFO:teuthology.orchestra.run.smithi019.stdout:/usr/bin/ceph: stderr
2023-11-27T17:49:33.329+0000 7f3b7a378700 1 -- 172.21.15.19:0/2236588399 --> [v2:172.21.15.19:3300/0,v1:172.21.15.19:6789/0] -- mon_subscribe({mgrmap=0+}) v3 -- 0x7f3b7419b5d0 con 0x7f3b74107af0
2023-11-27T17:49:34.277 INFO:teuthology.orchestra.run.smithi019.stdout:/usr/bin/ceph: stderr
2023-11-27T17:49:33.329+0000 7f3b717fa700 1 -- 172.21.15.19:0/2236588399 <== mon.0 v2:172.21.15.19:3300/0 3 ==== mon_map magic: 0 v1 ==== 205+0+0 (secure 0 0 0) 0x7f3b6401a6d0 con 0x7f3b74107af0
2023-11-27T17:49:34.277 INFO:teuthology.orchestra.run.smithi019.stdout:/usr/bin/ceph: stderr
2023-11-27T17:49:33.329+0000 7f3b7a378700 1 -- 172.21.15.19:0/2236588399 --> [v2:172.21.15.19:3300/0,v1:172.21.15.19:6789/0] -- mon_subscribe({osdmap=0}) v3 -- 0x7f3b7419ba70 con 0x7f3b74107af0
2023-11-27T17:49:34.277 INFO:teuthology.orchestra.run.smithi019.stdout:/usr/bin/ceph: stderr
2023-11-27T17:49:33.330+0000 7f3b717fa700 1 -- 172.21.15.19:0/2236588399 <== mon.0 v2:172.21.15.19:3300/0 4 ==== mgrmap(e 9) v1 ==== 45732+0+0 (secure 0 0 0) 0x7f3b6401a890 con 0x7f3b74107af0
2023-11-27T17:49:34.277 INFO:teuthology.orchestra.run.smithi019.stdout:/usr/bin/ceph: stderr
2023-11-27T17:49:33.330+0000 7f3b7a378700 1 -- 172.21.15.19:0/2236588399 --> [v2:172.21.15.19:3300/0,v1:172.21.15.19:6789/0] -- mon_command({"prefix": "get_command_descriptions"} v 0) v1 -- 0x7f3b7410b320 con 0x7f3b74107af0
2023-11-27T17:49:34.277 INFO:teuthology.orchestra.run.smithi019.stdout:/usr/bin/ceph: stderr
2023-11-27T17:49:33.330+0000 7f3b717fa700 1 --2- 172.21.15.19:0/2236588399 >> [v2:172.21.15.19:6800/1988651465,v1:172.21.15.19:6801/1988651465] conn(0x7f3b5c038be0 0x7f3b5c03b0a0 unknown :-1 s=NONE pgs=0 cs=0 l=1 rev1=0 crypto rx=0 tx=0 comp rx=0 tx=0).connect
2023-11-27T17:49:34.277 INFO:teuthology.orchestra.run.smithi019.stdout:/usr/bin/ceph: stderr
2023-11-27T17:49:33.330+0000 7f3b717fa700 1 -- 172.21.15.19:0/2236588399 <== mon.0 v2:172.21.15.19:3300/0 5 ==== osd_map(2..2 src has 1..2) v4 ==== 940+0+0 (secure 0 0 0) 0x7f3b6404cdb0 con 0x7f3b74107af0
2023-11-27T17:49:34.277 INFO:teuthology.orchestra.run.smithi019.stdout:/usr/bin/ceph: stderr
2023-11-27T17:49:33.330+0000 7f3b737fe700 1 -- 172.21.15.19:0/2236588399 >> [v2:172.21.15.19:6800/1988651465,v1:172.21.15.19:6801/1988651465] conn(0x7f3b5c038be0 msgr2=0x7f3b5c03b0a0 unknown :-1 s=STATE_CONNECTING_RE l=1).process reconnect failed to v2:172.21.15.19:6800/1988651465
2023-11-27T17:49:34.277 INFO:teuthology.orchestra.run.smithi019.stdout:/usr/bin/ceph: stderr
2023-11-27T17:49:33.330+0000 7f3b737fe700 1 --2- 172.21.15.19:0/2236588399 >> [v2:172.21.15.19:6800/1988651465,v1:172.21.15.19:6801/1988651465] conn(0x7f3b5c038be0 0x7f3b5c03b0a0 unknown :-1 s=START_CONNECT pgs=0 cs=0 l=1 rev1=0 crypto rx=0 tx=0 comp rx=0 tx=0)._fault waiting 0.200000
2023-11-27T17:49:34.277 INFO:teuthology.orchestra.run.smithi019.stdout:/usr/bin/ceph: stderr
2023-11-27T17:49:33.335+0000 7f3b717fa700 1 -- 172.21.15.19:0/2236588399 <== mon.0 v2:172.21.15.19:3300/0 6 ==== mon_command_ack([{"prefix": "get_command_descriptions"}]=0 v0) v1 ==== 72+0+180955 (secure 0 0 0) 0x7f3b64018db0 con 0x7f3b74107af0
2023-11-27T17:49:34.277 INFO:teuthology.orchestra.run.smithi019.stdout:/usr/bin/ceph: stderr
2023-11-27T17:49:33.531+0000 7f3b737fe700 1 -- 172.21.15.19:0/2236588399 >> [v2:172.21.15.19:6800/1988651465,v1:172.21.15.19:6801/1988651465] conn(0x7f3b5c038be0 msgr2=0x7f3b5c03b0a0 unknown :-1 s=STATE_CONNECTING_RE l=1).process reconnect failed to v2:172.21.15.19:6800/1988651465
2023-11-27T17:49:34.277 INFO:teuthology.orchestra.run.smithi019.stdout:/usr/bin/ceph: stderr
2023-11-27T17:49:33.531+0000 7f3b737fe700 1 --2- 172.21.15.19:0/2236588399 >> [v2:172.21.15.19:6800/1988651465,v1:172.21.15.19:6801/1988651465] conn(0x7f3b5c038be0 0x7f3b5c03b0a0 unknown :-1 s=START_CONNECT pgs=0 cs=0 l=1 rev1=0 crypto rx=0 tx=0 comp rx=0 tx=0)._fault waiting 0.400000
2023-11-27T17:49:34.278 INFO:teuthology.orchestra.run.smithi019.stdout:/usr/bin/ceph: stderr
2023-11-27T17:49:33.811+0000 7f3b7a378700 1 -- 172.21.15.19:0/2236588399 --> [v2:172.21.15.19:3300/0,v1:172.21.15.19:6789/0] -- mon_command({"prefix": "mgr stat"} v 0) v1 -- 0x7f3b741058e0 con 0x7f3b74107af0
2023-11-27T17:49:34.278 INFO:teuthology.orchestra.run.smithi019.stdout:/usr/bin/ceph: stderr
2023-11-27T17:49:33.812+0000 7f3b717fa700 1 -- 172.21.15.19:0/2236588399 <== mon.0 v2:172.21.15.19:3300/0 7 ==== mon_command_ack([{"prefix": "mgr stat"}]=0 v9) v1 ==== 56+0+88 (secure 0 0 0) 0x7f3b64018350 con 0x7f3b74107af0
2023-11-27T17:49:34.278 INFO:teuthology.orchestra.run.smithi019.stdout:/usr/bin/ceph: stderr
2023-11-27T17:49:33.814+0000 7f3b7a378700 1 -- 172.21.15.19:0/2236588399 >> [v2:172.21.15.19:6800/1988651465,v1:172.21.15.19:6801/1988651465] conn(0x7f3b5c038be0 msgr2=0x7f3b5c03b0a0 unknown :-1 s=STATE_CONNECTING l=1).mark_down
2023-11-27T17:49:34.278 INFO:teuthology.orchestra.run.smithi019.stdout:/usr/bin/ceph: stderr
2023-11-27T17:49:33.814+0000 7f3b7a378700 1 --2- 172.21.15.19:0/2236588399 >> [v2:172.21.15.19:6800/1988651465,v1:172.21.15.19:6801/1988651465] conn(0x7f3b5c038be0 0x7f3b5c03b0a0 unknown :-1 s=START_CONNECT pgs=0 cs=0 l=1 rev1=0 crypto rx=0 tx=0 comp rx=0 tx=0).stop
2023-11-27T17:49:34.278 INFO:teuthology.orchestra.run.smithi019.stdout:/usr/bin/ceph: stderr
2023-11-27T17:49:33.814+0000 7f3b7a378700 1 -- 172.21.15.19:0/2236588399 >> [v2:172.21.15.19:3300/0,v1:172.21.15.19:6789/0] conn(0x7f3b74107af0 msgr2=0x7f3b7419ae90 secure :-1 s=STATE_CONNECTION_ESTABLISHED l=1).mark_down
2023-11-27T17:49:34.278 INFO:teuthology.orchestra.run.smithi019.stdout:/usr/bin/ceph: stderr
2023-11-27T17:49:33.814+0000 7f3b7a378700 1 --2- 172.21.15.19:0/2236588399 >> [v2:172.21.15.19:3300/0,v1:172.21.15.19:6789/0] conn(0x7f3b74107af0 0x7f3b7419ae90 secure :-1 s=READY pgs=60 cs=0 l=1 rev1=1 crypto rx=0x7f3b64011670 tx=0x7f3b64011bf0 comp rx=0 tx=0).stop
2023-11-27T17:49:34.278 INFO:teuthology.orchestra.run.smithi019.stdout:/usr/bin/ceph: stderr
2023-11-27T17:49:33.814+0000 7f3b7a378700 1 -- 172.21.15.19:0/2236588399 shutdown_connections
2023-11-27T17:49:34.278 INFO:teuthology.orchestra.run.smithi019.stdout:/usr/bin/ceph: stderr
2023-11-27T17:49:33.814+0000 7f3b7a378700 1 --2- 172.21.15.19:0/2236588399 >> [v2:172.21.15.19:6800/1988651465,v1:172.21.15.19:6801/1988651465] conn(0x7f3b5c038be0 0x7f3b5c03b0a0 unknown :-1 s=CLOSED pgs=0 cs=0 l=1 rev1=0 crypto rx=0 tx=0 comp rx=0 tx=0).stop
2023-11-27T17:49:34.278 INFO:teuthology.orchestra.run.smithi019.stdout:/usr/bin/ceph: stderr
2023-11-27T17:49:33.814+0000 7f3b7a378700 1 --2- 172.21.15.19:0/2236588399 >> [v2:172.21.15.19:3300/0,v1:172.21.15.19:6789/0] conn(0x7f3b74107af0 0x7f3b7419ae90 unknown :-1 s=CLOSED pgs=60 cs=0 l=1 rev1=1 crypto rx=0 tx=0 comp rx=0 tx=0).stop
2023-11-27T17:49:34.278 INFO:teuthology.orchestra.run.smithi019.stdout:/usr/bin/ceph: stderr
2023-11-27T17:49:33.814+0000 7f3b7a378700 1 -- 172.21.15.19:0/2236588399 >> 172.21.15.19:0/2236588399 conn(0x7f3b741015a0 msgr2=0x7f3b741020e0 unknown :-1 s=STATE_NONE l=0).mark_down
2023-11-27T17:49:34.278 INFO:teuthology.orchestra.run.smithi019.stdout:/usr/bin/ceph: stderr
2023-11-27T17:49:33.814+0000 7f3b7a378700 1 -- 172.21.15.19:0/2236588399 shutdown_connections
2023-11-27T17:49:34.278 INFO:teuthology.orchestra.run.smithi019.stdout:/usr/bin/ceph: stderr
2023-11-27T17:49:33.814+0000 7f3b7a378700 1 -- 172.21.15.19:0/2236588399 wait complete.
2023-11-27T17:49:34.278 INFO:teuthology.orchestra.run.smithi019.stdout:Waiting for the mgr to restart...
2023-11-27T17:49:34.279 INFO:teuthology.orchestra.run.smithi019.stdout:Waiting for mgr epoch 9...
2023-11-27T17:49:34.492 INFO:journalctl@ceph.mon.a.smithi019.stdout:Nov 27 17:49:34 smithi019 ceph-mon[129796]: from='client.? 172.21.15.19:0/2236588399' entity='client.admin' cmd=[{"prefix": "mgr stat"}]: dispatch
2023-11-27T17:49:34.830 INFO:journalctl@ceph.mgr.x.smithi019.stdout:Nov 27 17:49:34 smithi019 ceph-165ce212-8d4d-11ee-95a2-87774f69a715-mgr-x[130041]:
2023-11-27T17:49:34.489+0000 7fcab7334200 -1 mgr[py] Module progress has missing NOTIFY_TYPES member
2023-11-27T17:49:35.580 INFO:journalctl@ceph.mgr.x.smithi019.stdout:Nov 27 17:49:35 smithi019 ceph-165ce212-8d4d-11ee-95a2-87774f69a715-mgr-x[130041]:
2023-11-27T17:49:35.293+0000 7fcab7334200 -1 mgr[py] Module rook has missing NOTIFY_TYPES member
2023-11-27T17:49:35.581 INFO:journalctl@ceph.mgr.x.smithi019.stdout:Nov 27 17:49:35 smithi019 ceph-165ce212-8d4d-11ee-95a2-87774f69a715-mgr-x[130041]:
2023-11-27T17:49:35.393+0000 7fcab7334200 -1 mgr[py] Module iostat has missing NOTIFY_TYPES member
2023-11-27T17:49:36.722 INFO:journalctl@ceph.mgr.x.smithi019.stdout:Nov 27 17:49:36 smithi019 ceph-165ce212-8d4d-11ee-95a2-87774f69a715-mgr-x[130041]:
2023-11-27T17:49:36.380+0000 7fcab7334200 -1 mgr[py] Module test_orchestrator has missing NOTIFY_TYPES member
2023-11-27T17:49:36.722 INFO:journalctl@ceph.mgr.x.smithi019.stdout:Nov 27 17:49:36 smithi019 ceph-165ce212-8d4d-11ee-95a2-87774f69a715-mgr-x[130041]:
2023-11-27T17:49:36.493+0000 7fcab7334200 -1 mgr[py] Module osd_perf_query has missing NOTIFY_TYPES member
2023-11-27T17:49:37.526 INFO:journalctl@ceph.mgr.x.smithi019.stdout:Nov 27 17:49:36 smithi019 ceph-165ce212-8d4d-11ee-95a2-87774f69a715-mgr-x[130041]:
2023-11-27T17:49:36.719+0000 7fcab7334200 -1 mgr[py] Module orchestrator has missing NOTIFY_TYPES member
2023-11-27T17:49:37.526 INFO:journalctl@ceph.mgr.x.smithi019.stdout:Nov 27 17:49:37 smithi019 ceph-165ce212-8d4d-11ee-95a2-87774f69a715-mgr-x[130041]:
2023-11-27T17:49:37.229+0000 7fcab7334200 -1 mgr[py] Module rgw has missing NOTIFY_TYPES member
2023-11-27T17:49:37.526 INFO:journalctl@ceph.mgr.x.smithi019.stdout:Nov 27 17:49:37 smithi019 ceph-165ce212-8d4d-11ee-95a2-87774f69a715-mgr-x[130041]:
2023-11-27T17:49:37.337+0000 7fcab7334200 -1 mgr[py] Module influx has missing NOTIFY_TYPES member
2023-11-27T17:49:37.830 INFO:journalctl@ceph.mgr.x.smithi019.stdout:Nov 27 17:49:37 smithi019 ceph-165ce212-8d4d-11ee-95a2-87774f69a715-mgr-x[130041]:
2023-11-27T17:49:37.523+0000 7fcab7334200 -1 mgr[py] Module telemetry has missing NOTIFY_TYPES member
2023-11-27T17:49:38.330 INFO:journalctl@ceph.mgr.x.smithi019.stdout:Nov 27 17:49:37 smithi019 ceph-165ce212-8d4d-11ee-95a2-87774f69a715-mgr-x[130041]:
2023-11-27T17:49:37.861+0000 7fcab7334200 -1 mgr[py] Module telegraf has missing NOTIFY_TYPES member
2023-11-27T17:49:39.080 INFO:journalctl@ceph.mgr.x.smithi019.stdout:Nov 27 17:49:38 smithi019 ceph-165ce212-8d4d-11ee-95a2-87774f69a715-mgr-x[130041]:
2023-11-27T17:49:38.693+0000 7fcab7334200 -1 mgr[py] Module balancer has missing NOTIFY_TYPES member
2023-11-27T17:49:39.080 INFO:journalctl@ceph.mgr.x.smithi019.stdout:Nov 27 17:49:38 smithi019 ceph-165ce212-8d4d-11ee-95a2-87774f69a715-mgr-x[130041]:
2023-11-27T17:49:38.855+0000 7fcab7334200 -1 mgr[py] Module diskprediction_local has missing NOTIFY_TYPES member
2023-11-27T17:49:39.526 INFO:journalctl@ceph.mgr.x.smithi019.stdout:Nov 27 17:49:39 smithi019 ceph-165ce212-8d4d-11ee-95a2-87774f69a715-mgr-x[130041]:
2023-11-27T17:49:39.107+0000 7fcab7334200 -1 mgr[py] Module nfs has missing NOTIFY_TYPES member
2023-11-27T17:49:39.526 INFO:journalctl@ceph.mgr.x.smithi019.stdout:Nov 27 17:49:39 smithi019 ceph-165ce212-8d4d-11ee-95a2-87774f69a715-mgr-x[130041]:
2023-11-27T17:49:39.246+0000 7fcab7334200 -1 mgr[py] Module rbd_support has missing NOTIFY_TYPES member
2023-11-27T17:49:39.830 INFO:journalctl@ceph.mgr.x.smithi019.stdout:Nov 27 17:49:39 smithi019 ceph-165ce212-8d4d-11ee-95a2-87774f69a715-mgr-x[130041]:
2023-11-27T17:49:39.524+0000 7fcab7334200 -1 mgr[py] Module volumes has missing NOTIFY_TYPES member
2023-11-27T17:49:41.080 INFO:journalctl@ceph.mgr.x.smithi019.stdout:Nov 27 17:49:40 smithi019 ceph-165ce212-8d4d-11ee-95a2-87774f69a715-mgr-x[130041]:
2023-11-27T17:49:40.580+0000 7fcab7334200 -1 mgr[py] Module pg_autoscaler has missing NOTIFY_TYPES member
2023-11-27T17:49:41.081 INFO:journalctl@ceph.mon.a.smithi019.stdout:Nov 27 17:49:40 smithi019 ceph-mon[129796]: Active manager daemon x restarted
2023-11-27T17:49:41.081 INFO:journalctl@ceph.mon.a.smithi019.stdout:Nov 27 17:49:40 smithi019 ceph-mon[129796]: Activating manager daemon x
2023-11-27T17:49:41.081 INFO:journalctl@ceph.mon.a.smithi019.stdout:Nov 27 17:49:40 smithi019 ceph-mon[129796]: osdmap e3: 0 total, 0 up, 0 in
2023-11-27T17:49:41.081 INFO:journalctl@ceph.mon.a.smithi019.stdout:Nov 27 17:49:40 smithi019 ceph-mon[129796]: mgrmap e10: x(active, starting, since 0.0033578s)
2023-11-27T17:49:41.081 INFO:journalctl@ceph.mon.a.smithi019.stdout:Nov 27 17:49:40 smithi019 ceph-mon[129796]: from='mgr.14152 172.21.15.19:0/516973300' entity='mgr.x' cmd=[{"prefix": "mon metadata", "id": "a"}]: dispatch
2023-11-27T17:49:41.082 INFO:journalctl@ceph.mon.a.smithi019.stdout:Nov 27 17:49:40 smithi019 ceph-mon[129796]: from='mgr.14152 172.21.15.19:0/516973300' entity='mgr.x' cmd=[{"prefix": "mgr metadata", "who": "x", "id": "x"}]: dispatch
2023-11-27T17:49:41.082 INFO:journalctl@ceph.mon.a.smithi019.stdout:Nov 27 17:49:40 smithi019 ceph-mon[129796]: from='mgr.14152 172.21.15.19:0/516973300' entity='mgr.x' cmd=[{"prefix": "mds metadata"}]: dispatch
2023-11-27T17:49:41.082 INFO:journalctl@ceph.mon.a.smithi019.stdout:Nov 27 17:49:40 smithi019 ceph-mon[129796]: from='mgr.14152 172.21.15.19:0/516973300' entity='mgr.x' cmd=[{"prefix": "osd metadata"}]: dispatch
2023-11-27T17:49:41.082 INFO:journalctl@ceph.mon.a.smithi019.stdout:Nov 27 17:49:40 smithi019 ceph-mon[129796]: from='mgr.14152 172.21.15.19:0/516973300' entity='mgr.x' cmd=[{"prefix": "mon metadata"}]: dispatch
2023-11-27T17:49:41.082 INFO:journalctl@ceph.mon.a.smithi019.stdout:Nov 27 17:49:40 smithi019 ceph-mon[129796]: Manager daemon x is now available
2023-11-27T17:49:41.082 INFO:journalctl@ceph.mon.a.smithi019.stdout:Nov 27 17:49:40 smithi019 ceph-mon[129796]: from='mgr.14152 172.21.15.19:0/516973300' entity='mgr.x' cmd=[{"prefix": "config dump", "format": "json"}]: dispatch
2023-11-27T17:49:41.988 INFO:journalctl@ceph.mon.a.smithi019.stdout:Nov 27 17:49:41 smithi019 ceph-mon[129796]: from='mgr.14152 172.21.15.19:0/516973300' entity='mgr.x' cmd=[{"prefix": "config dump", "format": "json"}]: dispatch
2023-11-27T17:49:41.988 INFO:journalctl@ceph.mon.a.smithi019.stdout:Nov 27 17:49:41 smithi019 ceph-mon[129796]: from='mgr.14152 172.21.15.19:0/516973300' entity='mgr.x' cmd=[{"prefix":"config rm","who":"mgr","name":"mgr/rbd_support/x/mirror_snapshot_schedule"}]: dispatch
2023-11-27T17:49:41.988 INFO:journalctl@ceph.mon.a.smithi019.stdout:Nov 27 17:49:41 smithi019 ceph-mon[129796]: from='mgr.14152 172.21.15.19:0/516973300' entity='mgr.x' cmd=[{"prefix":"config rm","who":"mgr","name":"mgr/rbd_support/x/trash_purge_schedule"}]: dispatch
2023-11-27T17:49:41.988 INFO:journalctl@ceph.mon.a.smithi019.stdout:Nov 27 17:49:41 smithi019 ceph-mon[129796]: [27/Nov/2023:17:49:41] ENGINE Bus STARTING
2023-11-27T17:49:41.988 INFO:journalctl@ceph.mon.a.smithi019.stdout:Nov 27 17:49:41 smithi019 ceph-mon[129796]: [27/Nov/2023:17:49:41] ENGINE Serving on http://172.21.15.19:8765
2023-11-27T17:49:41.988 INFO:journalctl@ceph.mon.a.smithi019.stdout:Nov 27 17:49:41 smithi019 ceph-mon[129796]: [27/Nov/2023:17:49:41] ENGINE Serving on https://172.21.15.19:7150
2023-11-27T17:49:41.988 INFO:journalctl@ceph.mon.a.smithi019.stdout:Nov 27 17:49:41 smithi019 ceph-mon[129796]: [27/Nov/2023:17:49:41] ENGINE Bus STARTED
2023-11-27T17:49:41.989 INFO:journalctl@ceph.mon.a.smithi019.stdout:Nov 27 17:49:41 smithi019 ceph-mon[129796]: mgrmap e11: x(active, since 1.0067s)
2023-11-27T17:49:42.437 INFO:teuthology.orchestra.run.smithi019.stdout:/usr/bin/ceph: stdout {
2023-11-27T17:49:42.437 INFO:teuthology.orchestra.run.smithi019.stdout:/usr/bin/ceph: stdout "mgrmap_epoch": 11,
2023-11-27T17:49:42.438 INFO:teuthology.orchestra.run.smithi019.stdout:/usr/bin/ceph: stdout "initialized": true
2023-11-27T17:49:42.438 INFO:teuthology.orchestra.run.smithi019.stdout:/usr/bin/ceph: stdout }
2023-11-27T17:49:42.438 INFO:teuthology.orchestra.run.smithi019.stdout:/usr/bin/ceph: stderr
2023-11-27T17:49:34.825+0000 7f6699fc7700 1 Processor -- start
2023-11-27T17:49:42.438 INFO:teuthology.orchestra.run.smithi019.stdout:/usr/bin/ceph: stderr
2023-11-27T17:49:34.825+0000 7f6699fc7700 1 -- start start
2023-11-27T17:49:42.438 INFO:teuthology.orchestra.run.smithi019.stdout:/usr/bin/ceph: stderr
2023-11-27T17:49:34.825+0000 7f6699fc7700 1 --2- >> [v2:172.21.15.19:3300/0,v1:172.21.15.19:6789/0] conn(0x7f6694105960 0x7f6694105d80 unknown :-1 s=NONE pgs=0 cs=0 l=0 rev1=0 crypto rx=0 tx=0 comp rx=0 tx=0).connect
2023-11-27T17:49:42.439 INFO:teuthology.orchestra.run.smithi019.stdout:/usr/bin/ceph: stderr
2023-11-27T17:49:34.825+0000 7f6699fc7700 1 -- --> [v2:172.21.15.19:3300/0,v1:172.21.15.19:6789/0] -- mon_getmap magic: 0 v1 -- 0x7f669407adb0 con 0x7f6694105960
2023-11-27T17:49:42.439 INFO:teuthology.orchestra.run.smithi019.stdout:/usr/bin/ceph: stderr
2023-11-27T17:49:34.825+0000 7f66937fe700 1 --2- >> [v2:172.21.15.19:3300/0,v1:172.21.15.19:6789/0] conn(0x7f6694105960 0x7f6694105d80 unknown :-1 s=BANNER_CONNECTING pgs=0 cs=0 l=0 rev1=0 crypto rx=0 tx=0 comp rx=0 tx=0)._handle_peer_banner_payload supported=3 required=0
2023-11-27T17:49:42.439 INFO:teuthology.orchestra.run.smithi019.stdout:/usr/bin/ceph: stderr
2023-11-27T17:49:34.825+0000 7f66937fe700 1 --2- >> [v2:172.21.15.19:3300/0,v1:172.21.15.19:6789/0] conn(0x7f6694105960 0x7f6694105d80 unknown :-1 s=HELLO_CONNECTING pgs=0 cs=0 l=0 rev1=1 crypto rx=0 tx=0 comp rx=0 tx=0).handle_hello peer v2:172.21.15.19:3300/0 says I am v2:172.21.15.19:50884/0 (socket says 172.21.15.19:50884)
2023-11-27T17:49:42.439 INFO:teuthology.orchestra.run.smithi019.stdout:/usr/bin/ceph: stderr
2023-11-27T17:49:34.825+0000 7f66937fe700 1 -- 172.21.15.19:0/1434172495 learned_addr learned my addr 172.21.15.19:0/1434172495 (peer_addr_for_me v2:172.21.15.19:0/0)
2023-11-27T17:49:42.439 INFO:teuthology.orchestra.run.smithi019.stdout:/usr/bin/ceph: stderr
2023-11-27T17:49:34.826+0000 7f66937fe700 1 -- 172.21.15.19:0/1434172495 --> [v2:172.21.15.19:3300/0,v1:172.21.15.19:6789/0] -- mon_subscribe({config=0+,monmap=0+}) v3 -- 0x7f66941062c0 con 0x7f6694105960
2023-11-27T17:49:42.440 INFO:teuthology.orchestra.run.smithi019.stdout:/usr/bin/ceph: stderr
2023-11-27T17:49:34.826+0000 7f66937fe700 1 --2- 172.21.15.19:0/1434172495 >> [v2:172.21.15.19:3300/0,v1:172.21.15.19:6789/0] conn(0x7f6694105960 0x7f6694105d80 secure :-1 s=READY pgs=61 cs=0 l=1 rev1=1 crypto rx=0x7f66840098a0 tx=0x7f6684009bb0 comp rx=0 tx=0).ready entity=mon.0 client_cookie=15acc9702f0723e8 server_cookie=0 in_seq=0 out_seq=0
2023-11-27T17:49:42.440 INFO:teuthology.orchestra.run.smithi019.stdout:/usr/bin/ceph: stderr
2023-11-27T17:49:34.826+0000 7f66927fc700 1 -- 172.21.15.19:0/1434172495 <== mon.0 v2:172.21.15.19:3300/0 1 ==== mon_map magic: 0 v1 ==== 205+0+0 (secure 0 0 0) 0x7f6684004160 con 0x7f6694105960
2023-11-27T17:49:42.440 INFO:teuthology.orchestra.run.smithi019.stdout:/usr/bin/ceph: stderr
2023-11-27T17:49:34.826+0000 7f66927fc700 1 -- 172.21.15.19:0/1434172495 <== mon.0 v2:172.21.15.19:3300/0 2 ==== config(28 keys) v1 ==== 1174+0+0 (secure 0 0 0) 0x7f66840042c0 con 0x7f6694105960
2023-11-27T17:49:42.440 INFO:teuthology.orchestra.run.smithi019.stdout:/usr/bin/ceph: stderr
2023-11-27T17:49:34.826+0000 7f66927fc700 1 -- 172.21.15.19:0/1434172495 <== mon.0 v2:172.21.15.19:3300/0 3 ==== mon_map magic: 0 v1 ==== 205+0+0 (secure 0 0 0) 0x7f6684011b90 con 0x7f6694105960
2023-11-27T17:49:42.440 INFO:teuthology.orchestra.run.smithi019.stdout:/usr/bin/ceph: stderr
2023-11-27T17:49:34.826+0000 7f6699fc7700 1 -- 172.21.15.19:0/1434172495 >> [v2:172.21.15.19:3300/0,v1:172.21.15.19:6789/0] conn(0x7f6694105960 msgr2=0x7f6694105d80 secure :-1 s=STATE_CONNECTION_ESTABLISHED l=1).mark_down
2023-11-27T17:49:42.440 INFO:teuthology.orchestra.run.smithi019.stdout:/usr/bin/ceph: stderr
2023-11-27T17:49:34.826+0000 7f6699fc7700 1 --2- 172.21.15.19:0/1434172495 >> [v2:172.21.15.19:3300/0,v1:172.21.15.19:6789/0] conn(0x7f6694105960 0x7f6694105d80 secure :-1 s=READY pgs=61 cs=0 l=1 rev1=1 crypto rx=0x7f66840098a0 tx=0x7f6684009bb0 comp rx=0 tx=0).stop
2023-11-27T17:49:42.441 INFO:teuthology.orchestra.run.smithi019.stdout:/usr/bin/ceph: stderr
2023-11-27T17:49:34.827+0000 7f6699fc7700 1 -- 172.21.15.19:0/1434172495 shutdown_connections
2023-11-27T17:49:42.441 INFO:teuthology.orchestra.run.smithi019.stdout:/usr/bin/ceph: stderr
2023-11-27T17:49:34.827+0000 7f6699fc7700 1 --2- 172.21.15.19:0/1434172495 >> [v2:172.21.15.19:3300/0,v1:172.21.15.19:6789/0] conn(0x7f6694105960 0x7f6694105d80 unknown :-1 s=CLOSED pgs=61 cs=0 l=1 rev1=1 crypto rx=0 tx=0 comp rx=0 tx=0).stop
2023-11-27T17:49:42.441 INFO:teuthology.orchestra.run.smithi019.stdout:/usr/bin/ceph: stderr
2023-11-27T17:49:34.827+0000 7f6699fc7700 1 -- 172.21.15.19:0/1434172495 >> 172.21.15.19:0/1434172495 conn(0x7f66941015a0 msgr2=0x7f66941039c0 unknown :-1 s=STATE_NONE l=0).mark_down
2023-11-27T17:49:42.441 INFO:teuthology.orchestra.run.smithi019.stdout:/usr/bin/ceph: stderr
2023-11-27T17:49:34.827+0000 7f6699fc7700 1 -- 172.21.15.19:0/1434172495 shutdown_connections
2023-11-27T17:49:42.441 INFO:teuthology.orchestra.run.smithi019.stdout:/usr/bin/ceph: stderr
2023-11-27T17:49:34.827+0000 7f6699fc7700 1 -- 172.21.15.19:0/1434172495 wait complete.
2023-11-27T17:49:42.441 INFO:teuthology.orchestra.run.smithi019.stdout:/usr/bin/ceph: stderr
2023-11-27T17:49:34.827+0000 7f6699fc7700 1 Processor -- start
2023-11-27T17:49:42.442 INFO:teuthology.orchestra.run.smithi019.stdout:/usr/bin/ceph: stderr
2023-11-27T17:49:34.827+0000 7f6699fc7700 1 -- start start
2023-11-27T17:49:42.442 INFO:teuthology.orchestra.run.smithi019.stdout:/usr/bin/ceph: stderr
2023-11-27T17:49:34.828+0000 7f6699fc7700 1 --2- >> [v2:172.21.15.19:3300/0,v1:172.21.15.19:6789/0] conn(0x7f669419d290 0x7f669419d6b0 unknown :-1 s=NONE pgs=0 cs=0 l=1 rev1=0 crypto rx=0 tx=0 comp rx=0 tx=0).connect
2023-11-27T17:49:42.442 INFO:teuthology.orchestra.run.smithi019.stdout:/usr/bin/ceph: stderr
2023-11-27T17:49:34.828+0000 7f6699fc7700 1 -- --> [v2:172.21.15.19:3300/0,v1:172.21.15.19:6789/0] -- mon_getmap magic: 0 v1 -- 0x7f669419dbf0 con 0x7f669419d290
2023-11-27T17:49:42.442 INFO:teuthology.orchestra.run.smithi019.stdout:/usr/bin/ceph: stderr
2023-11-27T17:49:34.828+0000 7f66937fe700 1 --2- >> [v2:172.21.15.19:3300/0,v1:172.21.15.19:6789/0] conn(0x7f669419d290 0x7f669419d6b0 unknown :-1 s=BANNER_CONNECTING pgs=0 cs=0 l=1 rev1=0 crypto rx=0 tx=0 comp rx=0 tx=0)._handle_peer_banner_payload supported=3 required=0
2023-11-27T17:49:42.442 INFO:teuthology.orchestra.run.smithi019.stdout:/usr/bin/ceph: stderr
2023-11-27T17:49:34.828+0000 7f66937fe700 1 --2- >> [v2:172.21.15.19:3300/0,v1:172.21.15.19:6789/0] conn(0x7f669419d290 0x7f669419d6b0 unknown :-1 s=HELLO_CONNECTING pgs=0 cs=0 l=1 rev1=1 crypto rx=0 tx=0 comp rx=0 tx=0).handle_hello peer v2:172.21.15.19:3300/0 says I am v2:172.21.15.19:50886/0 (socket says 172.21.15.19:50886)
2023-11-27T17:49:42.443 INFO:teuthology.orchestra.run.smithi019.stdout:/usr/bin/ceph: stderr
2023-11-27T17:49:34.828+0000 7f66937fe700 1 -- 172.21.15.19:0/1313565197 learned_addr learned my addr 172.21.15.19:0/1313565197 (peer_addr_for_me v2:172.21.15.19:0/0)
2023-11-27T17:49:42.443 INFO:teuthology.orchestra.run.smithi019.stdout:/usr/bin/ceph: stderr
2023-11-27T17:49:34.828+0000 7f66937fe700 1 -- 172.21.15.19:0/1313565197 --> [v2:172.21.15.19:3300/0,v1:172.21.15.19:6789/0] -- mon_subscribe({config=0+,monmap=0+}) v3 -- 0x7f6684009550 con 0x7f669419d290
2023-11-27T17:49:42.443 INFO:teuthology.orchestra.run.smithi019.stdout:/usr/bin/ceph: stderr
2023-11-27T17:49:34.828+0000 7f66937fe700 1 --2- 172.21.15.19:0/1313565197 >> [v2:172.21.15.19:3300/0,v1:172.21.15.19:6789/0] conn(0x7f669419d290 0x7f669419d6b0 secure :-1 s=READY pgs=62 cs=0 l=1 rev1=1 crypto rx=0x7f6684000c00 tx=0x7f6684012c20 comp rx=0 tx=0).ready entity=mon.0 client_cookie=0 server_cookie=0 in_seq=0 out_seq=0
2023-11-27T17:49:42.443 INFO:teuthology.orchestra.run.smithi019.stdout:/usr/bin/ceph: stderr
2023-11-27T17:49:34.828+0000 7f6690ff9700 1 -- 172.21.15.19:0/1313565197 <== mon.0 v2:172.21.15.19:3300/0 1 ==== mon_map magic: 0 v1 ==== 205+0+0 (secure 0 0 0) 0x7f66840036a0 con 0x7f669419d290
2023-11-27T17:49:42.443 INFO:teuthology.orchestra.run.smithi019.stdout:/usr/bin/ceph: stderr
2023-11-27T17:49:34.828+0000 7f6690ff9700 1 -- 172.21.15.19:0/1313565197 <== mon.0 v2:172.21.15.19:3300/0 2 ==== config(28 keys) v1 ==== 1174+0+0 (secure 0 0 0) 0x7f668401f070 con 0x7f669419d290
2023-11-27T17:49:42.443 INFO:teuthology.orchestra.run.smithi019.stdout:/usr/bin/ceph: stderr
2023-11-27T17:49:34.828+0000 7f6699fc7700 1 -- 172.21.15.19:0/1313565197 --> [v2:172.21.15.19:3300/0,v1:172.21.15.19:6789/0] -- mon_subscribe({mgrmap=0+}) v3 -- 0x7f669419ddf0 con 0x7f669419d290
2023-11-27T17:49:42.443 INFO:teuthology.orchestra.run.smithi019.stdout:/usr/bin/ceph: stderr
2023-11-27T17:49:34.828+0000 7f6690ff9700 1 -- 172.21.15.19:0/1313565197 <== mon.0 v2:172.21.15.19:3300/0 3 ==== mon_map magic: 0 v1 ==== 205+0+0 (secure 0 0 0) 0x7f668401ad60 con 0x7f669419d290
2023-11-27T17:49:42.444 INFO:teuthology.orchestra.run.smithi019.stdout:/usr/bin/ceph: stderr
2023-11-27T17:49:34.829+0000 7f6699fc7700 1 -- 172.21.15.19:0/1313565197 --> [v2:172.21.15.19:3300/0,v1:172.21.15.19:6789/0] -- mon_subscribe({osdmap=0}) v3 -- 0x7f66941a0910 con 0x7f669419d290
2023-11-27T17:49:42.444 INFO:teuthology.orchestra.run.smithi019.stdout:/usr/bin/ceph: stderr
2023-11-27T17:49:34.830+0000 7f6690ff9700 1 -- 172.21.15.19:0/1313565197 <== mon.0 v2:172.21.15.19:3300/0 4 ==== mgrmap(e 9) v1 ==== 45732+0+0 (secure 0 0 0) 0x7f6684021030 con 0x7f669419d290
2023-11-27T17:49:42.444 INFO:teuthology.orchestra.run.smithi019.stdout:/usr/bin/ceph: stderr
2023-11-27T17:49:34.830+0000 7f6690ff9700 1 --2- 172.21.15.19:0/1313565197 >> [v2:172.21.15.19:6800/1988651465,v1:172.21.15.19:6801/1988651465] conn(0x7f667c038be0 0x7f667c03b0a0 unknown :-1 s=NONE pgs=0 cs=0 l=1 rev1=0 crypto rx=0 tx=0 comp rx=0 tx=0).connect
2023-11-27T17:49:42.444 INFO:teuthology.orchestra.run.smithi019.stdout:/usr/bin/ceph: stderr
2023-11-27T17:49:34.830+0000 7f6690ff9700 1 -- 172.21.15.19:0/1313565197 --> [v2:172.21.15.19:6800/1988651465,v1:172.21.15.19:6801/1988651465] -- command(tid 0: {"prefix": "get_command_descriptions"}) v1 -- 0x7f667c03b7b0 con 0x7f667c038be0
2023-11-27T17:49:42.444 INFO:teuthology.orchestra.run.smithi019.stdout:/usr/bin/ceph: stderr
2023-11-27T17:49:34.830+0000 7f6690ff9700 1 -- 172.21.15.19:0/1313565197 <== mon.0 v2:172.21.15.19:3300/0 5 ==== osd_map(2..2 src has 1..2) v4 ==== 940+0+0 (secure 0 0 0) 0x7f668404c9a0 con 0x7f669419d290
2023-11-27T17:49:42.444 INFO:teuthology.orchestra.run.smithi019.stdout:/usr/bin/ceph: stderr
2023-11-27T17:49:34.830+0000 7f6692ffd700 1 -- 172.21.15.19:0/1313565197 >> [v2:172.21.15.19:6800/1988651465,v1:172.21.15.19:6801/1988651465] conn(0x7f667c038be0 msgr2=0x7f667c03b0a0 unknown :-1 s=STATE_CONNECTING_RE l=1).process reconnect failed to v2:172.21.15.19:6800/1988651465
2023-11-27T17:49:42.445 INFO:teuthology.orchestra.run.smithi019.stdout:/usr/bin/ceph: stderr
2023-11-27T17:49:34.830+0000 7f6692ffd700 1 --2- 172.21.15.19:0/1313565197 >> [v2:172.21.15.19:6800/1988651465,v1:172.21.15.19:6801/1988651465] conn(0x7f667c038be0 0x7f667c03b0a0 unknown :-1 s=START_CONNECT pgs=0 cs=0 l=1 rev1=0 crypto rx=0 tx=0 comp rx=0 tx=0)._fault waiting 0.200000
2023-11-27T17:49:42.445 INFO:teuthology.orchestra.run.smithi019.stdout:/usr/bin/ceph: stderr
2023-11-27T17:49:35.031+0000 7f6692ffd700 1 -- 172.21.15.19:0/1313565197 >> [v2:172.21.15.19:6800/1988651465,v1:172.21.15.19:6801/1988651465] conn(0x7f667c038be0 msgr2=0x7f667c03b0a0 unknown :-1 s=STATE_CONNECTING_RE l=1).process reconnect failed to v2:172.21.15.19:6800/1988651465
2023-11-27T17:49:42.445 INFO:teuthology.orchestra.run.smithi019.stdout:/usr/bin/ceph: stderr
2023-11-27T17:49:35.031+0000 7f6692ffd700 1 --2- 172.21.15.19:0/1313565197 >> [v2:172.21.15.19:6800/1988651465,v1:172.21.15.19:6801/1988651465] conn(0x7f667c038be0 0x7f667c03b0a0 unknown :-1 s=START_CONNECT pgs=0 cs=0 l=1 rev1=0 crypto rx=0 tx=0 comp rx=0 tx=0)._fault waiting 0.400000
2023-11-27T17:49:42.445 INFO:teuthology.orchestra.run.smithi019.stdout:/usr/bin/ceph: stderr
2023-11-27T17:49:35.432+0000 7f6692ffd700 1 -- 172.21.15.19:0/1313565197 >> [v2:172.21.15.19:6800/1988651465,v1:172.21.15.19:6801/1988651465] conn(0x7f667c038be0 msgr2=0x7f667c03b0a0 unknown :-1 s=STATE_CONNECTING_RE l=1).process reconnect failed to v2:172.21.15.19:6800/1988651465
2023-11-27T17:49:42.445 INFO:teuthology.orchestra.run.smithi019.stdout:/usr/bin/ceph: stderr
2023-11-27T17:49:35.432+0000 7f6692ffd700 1 --2- 172.21.15.19:0/1313565197 >> [v2:172.21.15.19:6800/1988651465,v1:172.21.15.19:6801/1988651465] conn(0x7f667c038be0 0x7f667c03b0a0 unknown :-1 s=START_CONNECT pgs=0 cs=0 l=1 rev1=0 crypto rx=0 tx=0 comp rx=0 tx=0)._fault waiting 0.800000
2023-11-27T17:49:42.445 INFO:teuthology.orchestra.run.smithi019.stdout:/usr/bin/ceph: stderr
2023-11-27T17:49:36.233+0000 7f6692ffd700 1 -- 172.21.15.19:0/1313565197 >> [v2:172.21.15.19:6800/1988651465,v1:172.21.15.19:6801/1988651465] conn(0x7f667c038be0 msgr2=0x7f667c03b0a0 unknown :-1 s=STATE_CONNECTING_RE l=1).process reconnect failed to v2:172.21.15.19:6800/1988651465
2023-11-27T17:49:42.446 INFO:teuthology.orchestra.run.smithi019.stdout:/usr/bin/ceph: stderr
2023-11-27T17:49:36.233+0000 7f6692ffd700 1 --2- 172.21.15.19:0/1313565197 >> [v2:172.21.15.19:6800/1988651465,v1:172.21.15.19:6801/1988651465] conn(0x7f667c038be0 0x7f667c03b0a0 unknown :-1 s=START_CONNECT pgs=0 cs=0 l=1 rev1=0 crypto rx=0 tx=0 comp rx=0 tx=0)._fault waiting 1.600000
2023-11-27T17:49:42.446 INFO:teuthology.orchestra.run.smithi019.stdout:/usr/bin/ceph: stderr
