2023-11-27T17:49:00.365 INFO:teuthology.orchestra.run.smithi019.stdout:/usr/bin/ceph: stderr
2023-11-27T17:48:59.421+0000 7fd38b7fe700 1 --2- 172.21.15.19:0/2748803690 >> [v2:172.21.15.19:6800/2991645399,v1:172.21.15.19:6801/2991645399] conn(0x7fd384038af0 0x7fd38403afb0 unknown :-1 s=NONE pgs=0 cs=0 l=1 rev1=0 crypto rx=0 tx=0 comp rx=0 tx=0).connect
2023-11-27T17:49:00.365 INFO:teuthology.orchestra.run.smithi019.stdout:/usr/bin/ceph: stderr
2023-11-27T17:48:59.421+0000 7fd38b7fe700 1 -- 172.21.15.19:0/2748803690 <== mon.0 v2:172.21.15.19:3300/0 5 ==== osd_map(1..1 src has 1..1) v4 ==== 725+0+0 (secure 0 0 0) 0x7fd38c04cdf0 con 0x7fd39c105f30
2023-11-27T17:49:00.365 INFO:teuthology.orchestra.run.smithi019.stdout:/usr/bin/ceph: stderr
2023-11-27T17:48:59.421+0000 7fd3a0926700 1 -- 172.21.15.19:0/2748803690 --> [v2:172.21.15.19:3300/0,v1:172.21.15.19:6789/0] -- mon_command({"prefix": "get_command_descriptions"} v 0) v1 -- 0x7fd39c194f40 con 0x7fd39c105f30
2023-11-27T17:49:00.366 INFO:teuthology.orchestra.run.smithi019.stdout:/usr/bin/ceph: stderr
2023-11-27T17:48:59.421+0000 7fd399d9b700 1 --2- 172.21.15.19:0/2748803690 >> [v2:172.21.15.19:6800/2991645399,v1:172.21.15.19:6801/2991645399] conn(0x7fd384038af0 0x7fd38403afb0 unknown :-1 s=BANNER_CONNECTING pgs=0 cs=0 l=1 rev1=0 crypto rx=0 tx=0 comp rx=0 tx=0)._handle_peer_banner_payload supported=3 required=0
2023-11-27T17:49:00.366 INFO:teuthology.orchestra.run.smithi019.stdout:/usr/bin/ceph: stderr
2023-11-27T17:48:59.421+0000 7fd399d9b700 1 --2- 172.21.15.19:0/2748803690 >> [v2:172.21.15.19:6800/2991645399,v1:172.21.15.19:6801/2991645399] conn(0x7fd384038af0 0x7fd38403afb0 secure :-1 s=READY pgs=6 cs=0 l=1 rev1=1 crypto rx=0x7fd390006fd0 tx=0x7fd390006e40 comp rx=0 tx=0).ready entity=mgr.14100 client_cookie=0 server_cookie=0 in_seq=0 out_seq=0
2023-11-27T17:49:00.366 INFO:teuthology.orchestra.run.smithi019.stdout:/usr/bin/ceph: stderr
2023-11-27T17:48:59.426+0000 7fd38b7fe700 1 -- 172.21.15.19:0/2748803690 <== mon.0 v2:172.21.15.19:3300/0 6 ==== mon_command_ack([{"prefix": "get_command_descriptions"}]=0 v0) v1 ==== 72+0+180955 (secure 0 0 0) 0x7fd38c01acd0 con 0x7fd39c105f30
2023-11-27T17:49:00.366 INFO:teuthology.orchestra.run.smithi019.stdout:/usr/bin/ceph: stderr
2023-11-27T17:48:59.947+0000 7fd3a0926700 1 -- 172.21.15.19:0/2748803690 --> [v2:172.21.15.19:3300/0,v1:172.21.15.19:6789/0] -- mon_command({"prefix": "status", "format": "json-pretty"} v 0) v1 -- 0x7fd39c10a350 con 0x7fd39c105f30
2023-11-27T17:49:00.366 INFO:teuthology.orchestra.run.smithi019.stdout:/usr/bin/ceph: stderr
2023-11-27T17:48:59.947+0000 7fd38b7fe700 1 -- 172.21.15.19:0/2748803690 <== mon.0 v2:172.21.15.19:3300/0 7 ==== mon_command_ack([{"prefix": "status", "format": "json-pretty"}]=0 v0) v1 ==== 79+0+1239 (secure 0 0 0) 0x7fd38c0172b0 con 0x7fd39c105f30
2023-11-27T17:49:00.366 INFO:teuthology.orchestra.run.smithi019.stdout:/usr/bin/ceph: stderr
2023-11-27T17:48:59.950+0000 7fd3a0926700 1 -- 172.21.15.19:0/2748803690 >> [v2:172.21.15.19:6800/2991645399,v1:172.21.15.19:6801/2991645399] conn(0x7fd384038af0 msgr2=0x7fd38403afb0 secure :-1 s=STATE_CONNECTION_ESTABLISHED l=1).mark_down
2023-11-27T17:49:00.366 INFO:teuthology.orchestra.run.smithi019.stdout:/usr/bin/ceph: stderr
2023-11-27T17:48:59.950+0000 7fd3a0926700 1 --2- 172.21.15.19:0/2748803690 >> [v2:172.21.15.19:6800/2991645399,v1:172.21.15.19:6801/2991645399] conn(0x7fd384038af0 0x7fd38403afb0 secure :-1 s=READY pgs=6 cs=0 l=1 rev1=1 crypto rx=0x7fd390006fd0 tx=0x7fd390006e40 comp rx=0 tx=0).stop
2023-11-27T17:49:00.366 INFO:teuthology.orchestra.run.smithi019.stdout:/usr/bin/ceph: stderr
2023-11-27T17:48:59.950+0000 7fd3a0926700 1 -- 172.21.15.19:0/2748803690 >> [v2:172.21.15.19:3300/0,v1:172.21.15.19:6789/0] conn(0x7fd39c105f30 msgr2=0x7fd39c19ae40 secure :-1 s=STATE_CONNECTION_ESTABLISHED l=1).mark_down
2023-11-27T17:49:00.366 INFO:teuthology.orchestra.run.smithi019.stdout:/usr/bin/ceph: stderr
2023-11-27T17:48:59.950+0000 7fd3a0926700 1 --2- 172.21.15.19:0/2748803690 >> [v2:172.21.15.19:3300/0,v1:172.21.15.19:6789/0] conn(0x7fd39c105f30 0x7fd39c19ae40 secure :-1 s=READY pgs=19 cs=0 l=1 rev1=1 crypto rx=0x7fd38c011850 tx=0x7fd38c011bf0 comp rx=0 tx=0).stop
2023-11-27T17:49:00.366 INFO:teuthology.orchestra.run.smithi019.stdout:/usr/bin/ceph: stderr
2023-11-27T17:48:59.950+0000 7fd3a0926700 1 -- 172.21.15.19:0/2748803690 shutdown_connections
2023-11-27T17:49:00.366 INFO:teuthology.orchestra.run.smithi019.stdout:/usr/bin/ceph: stderr
2023-11-27T17:48:59.950+0000 7fd3a0926700 1 --2- 172.21.15.19:0/2748803690 >> [v2:172.21.15.19:6800/2991645399,v1:172.21.15.19:6801/2991645399] conn(0x7fd384038af0 0x7fd38403afb0 unknown :-1 s=CLOSED pgs=6 cs=0 l=1 rev1=1 crypto rx=0 tx=0 comp rx=0 tx=0).stop
2023-11-27T17:49:00.366 INFO:teuthology.orchestra.run.smithi019.stdout:/usr/bin/ceph: stderr
2023-11-27T17:48:59.950+0000 7fd3a0926700 1 --2- 172.21.15.19:0/2748803690 >> [v2:172.21.15.19:3300/0,v1:172.21.15.19:6789/0] conn(0x7fd39c105f30 0x7fd39c19ae40 unknown :-1 s=CLOSED pgs=19 cs=0 l=1 rev1=1 crypto rx=0 tx=0 comp rx=0 tx=0).stop
2023-11-27T17:49:00.367 INFO:teuthology.orchestra.run.smithi019.stdout:/usr/bin/ceph: stderr
2023-11-27T17:48:59.950+0000 7fd3a0926700 1 -- 172.21.15.19:0/2748803690 >> 172.21.15.19:0/2748803690 conn(0x7fd39c101510 msgr2=0x7fd39c102400 unknown :-1 s=STATE_NONE l=0).mark_down
2023-11-27T17:49:00.367 INFO:teuthology.orchestra.run.smithi019.stdout:/usr/bin/ceph: stderr
2023-11-27T17:48:59.950+0000 7fd3a0926700 1 -- 172.21.15.19:0/2748803690 shutdown_connections
2023-11-27T17:49:00.367 INFO:teuthology.orchestra.run.smithi019.stdout:/usr/bin/ceph: stderr
2023-11-27T17:48:59.950+0000 7fd3a0926700 1 -- 172.21.15.19:0/2748803690 wait complete.
2023-11-27T17:49:00.367 INFO:teuthology.orchestra.run.smithi019.stdout:mgr is available
2023-11-27T17:49:01.580 INFO:journalctl@ceph.mon.a.smithi019.stdout:Nov 27 17:49:01 smithi019 ceph-mon[129796]: from='client.? 172.21.15.19:0/2857561557' entity='client.admin' cmd=[{"prefix": "config assimilate-conf"}]: dispatch
2023-11-27T17:49:01.601 INFO:teuthology.orchestra.run.smithi019.stdout:/usr/bin/ceph: stdout
2023-11-27T17:49:01.601 INFO:teuthology.orchestra.run.smithi019.stdout:/usr/bin/ceph: stdout [global]
2023-11-27T17:49:01.601 INFO:teuthology.orchestra.run.smithi019.stdout:/usr/bin/ceph: stdout fsid = 165ce212-8d4d-11ee-95a2-87774f69a715
2023-11-27T17:49:01.601 INFO:teuthology.orchestra.run.smithi019.stdout:/usr/bin/ceph: stdout mon_osd_allow_pg_remap = true
2023-11-27T17:49:01.601 INFO:teuthology.orchestra.run.smithi019.stdout:/usr/bin/ceph: stdout mon_osd_allow_primary_affinity = true
2023-11-27T17:49:01.601 INFO:teuthology.orchestra.run.smithi019.stdout:/usr/bin/ceph: stdout mon_warn_on_no_sortbitwise = false
2023-11-27T17:49:01.601 INFO:teuthology.orchestra.run.smithi019.stdout:/usr/bin/ceph: stdout osd_crush_chooseleaf_type = 0
2023-11-27T17:49:01.601 INFO:teuthology.orchestra.run.smithi019.stdout:/usr/bin/ceph: stdout
2023-11-27T17:49:01.601 INFO:teuthology.orchestra.run.smithi019.stdout:/usr/bin/ceph: stdout [mgr]
2023-11-27T17:49:01.601 INFO:teuthology.orchestra.run.smithi019.stdout:/usr/bin/ceph: stdout mgr/telemetry/nag = false
2023-11-27T17:49:01.601 INFO:teuthology.orchestra.run.smithi019.stdout:/usr/bin/ceph: stdout
2023-11-27T17:49:01.602 INFO:teuthology.orchestra.run.smithi019.stdout:/usr/bin/ceph: stdout [osd]
2023-11-27T17:49:01.602 INFO:teuthology.orchestra.run.smithi019.stdout:/usr/bin/ceph: stdout mon_osd_backfillfull_ratio = 0.85
2023-11-27T17:49:01.602 INFO:teuthology.orchestra.run.smithi019.stdout:/usr/bin/ceph: stdout mon_osd_full_ratio = 0.9
2023-11-27T17:49:01.602 INFO:teuthology.orchestra.run.smithi019.stdout:/usr/bin/ceph: stdout mon_osd_nearfull_ratio = 0.8
2023-11-27T17:49:01.602 INFO:teuthology.orchestra.run.smithi019.stdout:/usr/bin/ceph: stdout osd_map_max_advance = 10
2023-11-27T17:49:01.602 INFO:teuthology.orchestra.run.smithi019.stdout:/usr/bin/ceph: stdout osd_sloppy_crc = true
2023-11-27T17:49:01.602 INFO:teuthology.orchestra.run.smithi019.stdout:/usr/bin/ceph: stderr
2023-11-27T17:49:00.836+0000 7f1450c5d700 1 Processor -- start
2023-11-27T17:49:01.602 INFO:teuthology.orchestra.run.smithi019.stdout:/usr/bin/ceph: stderr
2023-11-27T17:49:00.836+0000 7f1450c5d700 1 -- start start
2023-11-27T17:49:01.602 INFO:teuthology.orchestra.run.smithi019.stdout:/usr/bin/ceph: stderr
2023-11-27T17:49:00.837+0000 7f1450c5d700 1 --2- >> [v2:172.21.15.19:3300/0,v1:172.21.15.19:6789/0] conn(0x7f144c107090 0x7f144c1074b0 unknown :-1 s=NONE pgs=0 cs=0 l=0 rev1=0 crypto rx=0 tx=0 comp rx=0 tx=0).connect
2023-11-27T17:49:01.602 INFO:teuthology.orchestra.run.smithi019.stdout:/usr/bin/ceph: stderr
2023-11-27T17:49:00.837+0000 7f1450c5d700 1 -- --> [v2:172.21.15.19:3300/0,v1:172.21.15.19:6789/0] -- mon_getmap magic: 0 v1 -- 0x7f144c107a80 con 0x7f144c107090
2023-11-27T17:49:01.602 INFO:teuthology.orchestra.run.smithi019.stdout:/usr/bin/ceph: stderr
2023-11-27T17:49:00.837+0000 7f144a59c700 1 --2- >> [v2:172.21.15.19:3300/0,v1:172.21.15.19:6789/0] conn(0x7f144c107090 0x7f144c1074b0 unknown :-1 s=BANNER_CONNECTING pgs=0 cs=0 l=0 rev1=0 crypto rx=0 tx=0 comp rx=0 tx=0)._handle_peer_banner_payload supported=3 required=0
2023-11-27T17:49:01.602 INFO:teuthology.orchestra.run.smithi019.stdout:/usr/bin/ceph: stderr
2023-11-27T17:49:00.837+0000 7f144a59c700 1 --2- >> [v2:172.21.15.19:3300/0,v1:172.21.15.19:6789/0] conn(0x7f144c107090 0x7f144c1074b0 unknown :-1 s=HELLO_CONNECTING pgs=0 cs=0 l=0 rev1=1 crypto rx=0 tx=0 comp rx=0 tx=0).handle_hello peer v2:172.21.15.19:3300/0 says I am v2:172.21.15.19:50688/0 (socket says 172.21.15.19:50688)
2023-11-27T17:49:01.602 INFO:teuthology.orchestra.run.smithi019.stdout:/usr/bin/ceph: stderr
2023-11-27T17:49:00.837+0000 7f144a59c700 1 -- 172.21.15.19:0/1692540280 learned_addr learned my addr 172.21.15.19:0/1692540280 (peer_addr_for_me v2:172.21.15.19:0/0)
2023-11-27T17:49:01.603 INFO:teuthology.orchestra.run.smithi019.stdout:/usr/bin/ceph: stderr
2023-11-27T17:49:00.837+0000 7f144a59c700 1 -- 172.21.15.19:0/1692540280 --> [v2:172.21.15.19:3300/0,v1:172.21.15.19:6789/0] -- mon_subscribe({config=0+,monmap=0+}) v3 -- 0x7f144c108240 con 0x7f144c107090
2023-11-27T17:49:01.603 INFO:teuthology.orchestra.run.smithi019.stdout:/usr/bin/ceph: stderr
2023-11-27T17:49:00.837+0000 7f144a59c700 1 --2- 172.21.15.19:0/1692540280 >> [v2:172.21.15.19:3300/0,v1:172.21.15.19:6789/0] conn(0x7f144c107090 0x7f144c1074b0 secure :-1 s=READY pgs=20 cs=0 l=1 rev1=1 crypto rx=0x7f14340098a0 tx=0x7f1434009bb0 comp rx=0 tx=0).ready entity=mon.0 client_cookie=e47029926db576a8 server_cookie=0 in_seq=0 out_seq=0
2023-11-27T17:49:01.603 INFO:teuthology.orchestra.run.smithi019.stdout:/usr/bin/ceph: stderr
2023-11-27T17:49:00.838+0000 7f144959a700 1 -- 172.21.15.19:0/1692540280 <== mon.0 v2:172.21.15.19:3300/0 1 ==== mon_map magic: 0 v1 ==== 205+0+0 (secure 0 0 0) 0x7f1434004160 con 0x7f144c107090
2023-11-27T17:49:01.603 INFO:teuthology.orchestra.run.smithi019.stdout:/usr/bin/ceph: stderr
2023-11-27T17:49:00.838+0000 7f144959a700 1 -- 172.21.15.19:0/1692540280 <== mon.0 v2:172.21.15.19:3300/0 2 ==== config(28 keys) v1 ==== 1143+0+0 (secure 0 0 0) 0x7f14340042c0 con 0x7f144c107090
2023-11-27T17:49:01.603 INFO:teuthology.orchestra.run.smithi019.stdout:/usr/bin/ceph: stderr
2023-11-27T17:49:00.838+0000 7f144959a700 1 -- 172.21.15.19:0/1692540280 <== mon.0 v2:172.21.15.19:3300/0 3 ==== mon_map magic: 0 v1 ==== 205+0+0 (secure 0 0 0) 0x7f1434011b70 con 0x7f144c107090
2023-11-27T17:49:01.603 INFO:teuthology.orchestra.run.smithi019.stdout:/usr/bin/ceph: stderr
2023-11-27T17:49:00.838+0000 7f1450c5d700 1 -- 172.21.15.19:0/1692540280 >> [v2:172.21.15.19:3300/0,v1:172.21.15.19:6789/0] conn(0x7f144c107090 msgr2=0x7f144c1074b0 secure :-1 s=STATE_CONNECTION_ESTABLISHED l=1).mark_down
2023-11-27T17:49:01.603 INFO:teuthology.orchestra.run.smithi019.stdout:/usr/bin/ceph: stderr
2023-11-27T17:49:00.838+0000 7f1450c5d700 1 --2- 172.21.15.19:0/1692540280 >> [v2:172.21.15.19:3300/0,v1:172.21.15.19:6789/0] conn(0x7f144c107090 0x7f144c1074b0 secure :-1 s=READY pgs=20 cs=0 l=1 rev1=1 crypto rx=0x7f14340098a0 tx=0x7f1434009bb0 comp rx=0 tx=0).stop
2023-11-27T17:49:01.603 INFO:teuthology.orchestra.run.smithi019.stdout:/usr/bin/ceph: stderr
2023-11-27T17:49:00.838+0000 7f1450c5d700 1 -- 172.21.15.19:0/1692540280 shutdown_connections
2023-11-27T17:49:01.603 INFO:teuthology.orchestra.run.smithi019.stdout:/usr/bin/ceph: stderr
2023-11-27T17:49:00.838+0000 7f1450c5d700 1 --2- 172.21.15.19:0/1692540280 >> [v2:172.21.15.19:3300/0,v1:172.21.15.19:6789/0] conn(0x7f144c107090 0x7f144c1074b0 unknown :-1 s=CLOSED pgs=20 cs=0 l=1 rev1=1 crypto rx=0 tx=0 comp rx=0 tx=0).stop
2023-11-27T17:49:01.603 INFO:teuthology.orchestra.run.smithi019.stdout:/usr/bin/ceph: stderr
2023-11-27T17:49:00.838+0000 7f1450c5d700 1 -- 172.21.15.19:0/1692540280 >> 172.21.15.19:0/1692540280 conn(0x7f144c102690 msgr2=0x7f144c104ab0 unknown :-1 s=STATE_NONE l=0).mark_down
2023-11-27T17:49:01.603 INFO:teuthology.orchestra.run.smithi019.stdout:/usr/bin/ceph: stderr
2023-11-27T17:49:00.838+0000 7f1450c5d700 1 -- 172.21.15.19:0/1692540280 shutdown_connections
2023-11-27T17:49:01.603 INFO:teuthology.orchestra.run.smithi019.stdout:/usr/bin/ceph: stderr
2023-11-27T17:49:00.838+0000 7f1450c5d700 1 -- 172.21.15.19:0/1692540280 wait complete.
2023-11-27T17:49:01.604 INFO:teuthology.orchestra.run.smithi019.stdout:/usr/bin/ceph: stderr
2023-11-27T17:49:00.839+0000 7f1450c5d700 1 Processor -- start
2023-11-27T17:49:01.604 INFO:teuthology.orchestra.run.smithi019.stdout:/usr/bin/ceph: stderr
2023-11-27T17:49:00.839+0000 7f1450c5d700 1 -- start start
2023-11-27T17:49:01.604 INFO:teuthology.orchestra.run.smithi019.stdout:/usr/bin/ceph: stderr
2023-11-27T17:49:00.839+0000 7f1450c5d700 1 --2- >> [v2:172.21.15.19:3300/0,v1:172.21.15.19:6789/0] conn(0x7f144c107090 0x7f144c07caa0 unknown :-1 s=NONE pgs=0 cs=0 l=1 rev1=0 crypto rx=0 tx=0 comp rx=0 tx=0).connect
2023-11-27T17:49:01.604 INFO:teuthology.orchestra.run.smithi019.stdout:/usr/bin/ceph: stderr
2023-11-27T17:49:00.839+0000 7f1450c5d700 1 -- --> [v2:172.21.15.19:3300/0,v1:172.21.15.19:6789/0] -- mon_getmap magic: 0 v1 -- 0x7f144c07cfe0 con 0x7f144c107090
2023-11-27T17:49:01.604 INFO:teuthology.orchestra.run.smithi019.stdout:/usr/bin/ceph: stderr
2023-11-27T17:49:00.839+0000 7f144a59c700 1 --2- >> [v2:172.21.15.19:3300/0,v1:172.21.15.19:6789/0] conn(0x7f144c107090 0x7f144c07caa0 unknown :-1 s=BANNER_CONNECTING pgs=0 cs=0 l=1 rev1=0 crypto rx=0 tx=0 comp rx=0 tx=0)._handle_peer_banner_payload supported=3 required=0
2023-11-27T17:49:01.604 INFO:teuthology.orchestra.run.smithi019.stdout:/usr/bin/ceph: stderr
2023-11-27T17:49:00.839+0000 7f144a59c700 1 --2- >> [v2:172.21.15.19:3300/0,v1:172.21.15.19:6789/0] conn(0x7f144c107090 0x7f144c07caa0 unknown :-1 s=HELLO_CONNECTING pgs=0 cs=0 l=1 rev1=1 crypto rx=0 tx=0 comp rx=0 tx=0).handle_hello peer v2:172.21.15.19:3300/0 says I am v2:172.21.15.19:50690/0 (socket says 172.21.15.19:50690)
2023-11-27T17:49:01.604 INFO:teuthology.orchestra.run.smithi019.stdout:/usr/bin/ceph: stderr
2023-11-27T17:49:00.839+0000 7f144a59c700 1 -- 172.21.15.19:0/2857561557 learned_addr learned my addr 172.21.15.19:0/2857561557 (peer_addr_for_me v2:172.21.15.19:0/0)
2023-11-27T17:49:01.604 INFO:teuthology.orchestra.run.smithi019.stdout:/usr/bin/ceph: stderr
2023-11-27T17:49:00.840+0000 7f144a59c700 1 -- 172.21.15.19:0/2857561557 --> [v2:172.21.15.19:3300/0,v1:172.21.15.19:6789/0] -- mon_subscribe({config=0+,monmap=0+}) v3 -- 0x7f1434009550 con 0x7f144c107090
2023-11-27T17:49:01.604 INFO:teuthology.orchestra.run.smithi019.stdout:/usr/bin/ceph: stderr
2023-11-27T17:49:00.840+0000 7f144a59c700 1 --2- 172.21.15.19:0/2857561557 >> [v2:172.21.15.19:3300/0,v1:172.21.15.19:6789/0] conn(0x7f144c107090 0x7f144c07caa0 secure :-1 s=READY pgs=21 cs=0 l=1 rev1=1 crypto rx=0x7f1434000c00 tx=0x7f1434011bf0 comp rx=0 tx=0).ready entity=mon.0 client_cookie=0 server_cookie=0 in_seq=0 out_seq=0
2023-11-27T17:49:01.604 INFO:teuthology.orchestra.run.smithi019.stdout:/usr/bin/ceph: stderr
2023-11-27T17:49:00.840+0000 7f14437fe700 1 -- 172.21.15.19:0/2857561557 <== mon.0 v2:172.21.15.19:3300/0 1 ==== mon_map magic: 0 v1 ==== 205+0+0 (secure 0 0 0) 0x7f1434003aa0 con 0x7f144c107090
2023-11-27T17:49:01.604 INFO:teuthology.orchestra.run.smithi019.stdout:/usr/bin/ceph: stderr
2023-11-27T17:49:00.840+0000 7f14437fe700 1 -- 172.21.15.19:0/2857561557 <== mon.0 v2:172.21.15.19:3300/0 2 ==== config(28 keys) v1 ==== 1143+0+0 (secure 0 0 0) 0x7f1434003c00 con 0x7f144c107090
2023-11-27T17:49:01.604 INFO:teuthology.orchestra.run.smithi019.stdout:/usr/bin/ceph: stderr
2023-11-27T17:49:00.840+0000 7f14437fe700 1 -- 172.21.15.19:0/2857561557 <== mon.0 v2:172.21.15.19:3300/0 3 ==== mon_map magic: 0 v1 ==== 205+0+0 (secure 0 0 0) 0x7f14340248a0 con 0x7f144c107090
2023-11-27T17:49:01.604 INFO:teuthology.orchestra.run.smithi019.stdout:/usr/bin/ceph: stderr
2023-11-27T17:49:00.840+0000 7f1450c5d700 1 -- 172.21.15.19:0/2857561557 --> [v2:172.21.15.19:3300/0,v1:172.21.15.19:6789/0] -- mon_subscribe({mgrmap=0+}) v3 -- 0x7f144c07b220 con 0x7f144c107090
2023-11-27T17:49:01.605 INFO:teuthology.orchestra.run.smithi019.stdout:/usr/bin/ceph: stderr
2023-11-27T17:49:00.840+0000 7f1450c5d700 1 -- 172.21.15.19:0/2857561557 --> [v2:172.21.15.19:3300/0,v1:172.21.15.19:6789/0] -- mon_subscribe({osdmap=0}) v3 -- 0x7f144c07b6c0 con 0x7f144c107090
2023-11-27T17:49:01.605 INFO:teuthology.orchestra.run.smithi019.stdout:/usr/bin/ceph: stderr
2023-11-27T17:49:00.841+0000 7f14437fe700 1 -- 172.21.15.19:0/2857561557 <== mon.0 v2:172.21.15.19:3300/0 4 ==== mgrmap(e 4) v1 ==== 45708+0+0 (secure 0 0 0) 0x7f143402d3f0 con 0x7f144c107090
2023-11-27T17:49:01.605 INFO:teuthology.orchestra.run.smithi019.stdout:/usr/bin/ceph: stderr
2023-11-27T17:49:00.841+0000 7f14437fe700 1 --2- 172.21.15.19:0/2857561557 >> [v2:172.21.15.19:6800/2991645399,v1:172.21.15.19:6801/2991645399] conn(0x7f1438038be0 0x7f143803b0a0 unknown :-1 s=NONE pgs=0 cs=0 l=1 rev1=0 crypto rx=0 tx=0 comp rx=0 tx=0).connect
2023-11-27T17:49:01.605 INFO:teuthology.orchestra.run.smithi019.stdout:/usr/bin/ceph: stderr
2023-11-27T17:49:00.841+0000 7f14437fe700 1 -- 172.21.15.19:0/2857561557 <== mon.0 v2:172.21.15.19:3300/0 5 ==== osd_map(1..1 src has 1..1) v4 ==== 725+0+0 (secure 0 0 0) 0x7f143404ca80 con 0x7f144c107090
2023-11-27T17:49:01.605 INFO:teuthology.orchestra.run.smithi019.stdout:/usr/bin/ceph: stderr
2023-11-27T17:49:00.841+0000 7f1449d9b700 1 --2- 172.21.15.19:0/2857561557 >> [v2:172.21.15.19:6800/2991645399,v1:172.21.15.19:6801/2991645399] conn(0x7f1438038be0 0x7f143803b0a0 unknown :-1 s=BANNER_CONNECTING pgs=0 cs=0 l=1 rev1=0 crypto rx=0 tx=0 comp rx=0 tx=0)._handle_peer_banner_payload supported=3 required=0
2023-11-27T17:49:01.605 INFO:teuthology.orchestra.run.smithi019.stdout:/usr/bin/ceph: stderr
2023-11-27T17:49:00.841+0000 7f1450c5d700 1 -- 172.21.15.19:0/2857561557 --> [v2:172.21.15.19:3300/0,v1:172.21.15.19:6789/0] -- mon_command({"prefix": "get_command_descriptions"} v 0) v1 -- 0x7f144c062c00 con 0x7f144c107090
2023-11-27T17:49:01.605 INFO:teuthology.orchestra.run.smithi019.stdout:/usr/bin/ceph: stderr
2023-11-27T17:49:00.842+0000 7f1449d9b700 1 --2- 172.21.15.19:0/2857561557 >> [v2:172.21.15.19:6800/2991645399,v1:172.21.15.19:6801/2991645399] conn(0x7f1438038be0 0x7f143803b0a0 secure :-1 s=READY pgs=7 cs=0 l=1 rev1=1 crypto rx=0x7f143c006fd0 tx=0x7f143c006e40 comp rx=0 tx=0).ready entity=mgr.14100 client_cookie=0 server_cookie=0 in_seq=0 out_seq=0
2023-11-27T17:49:01.605 INFO:teuthology.orchestra.run.smithi019.stdout:/usr/bin/ceph: stderr
2023-11-27T17:49:00.846+0000 7f14437fe700 1 -- 172.21.15.19:0/2857561557 <== mon.0 v2:172.21.15.19:3300/0 6 ==== mon_command_ack([{"prefix": "get_command_descriptions"}]=0 v0) v1 ==== 72+0+180955 (secure 0 0 0) 0x7f143402d6a0 con 0x7f144c107090
2023-11-27T17:49:01.605 INFO:teuthology.orchestra.run.smithi019.stdout:/usr/bin/ceph: stderr
2023-11-27T17:49:01.208+0000 7f1450c5d700 1 -- 172.21.15.19:0/2857561557 --> [v2:172.21.15.19:3300/0,v1:172.21.15.19:6789/0] -- mon_command({"prefix": "config assimilate-conf"} v 0) v1 -- 0x7f144c10b470 con 0x7f144c107090
2023-11-27T17:49:01.605 INFO:teuthology.orchestra.run.smithi019.stdout:/usr/bin/ceph: stderr
2023-11-27T17:49:01.209+0000 7f14437fe700 1 -- 172.21.15.19:0/2857561557 <== mon.0 v2:172.21.15.19:3300/0 7 ==== mon_command_ack([{"prefix": "config assimilate-conf"}]=0 v3) v1 ==== 70+0+373 (secure 0 0 0) 0x7f1434018b40 con 0x7f144c107090
2023-11-27T17:49:01.605 INFO:teuthology.orchestra.run.smithi019.stdout:/usr/bin/ceph: stderr
2023-11-27T17:49:01.211+0000 7f1450c5d700 1 -- 172.21.15.19:0/2857561557 >> [v2:172.21.15.19:6800/2991645399,v1:172.21.15.19:6801/2991645399] conn(0x7f1438038be0 msgr2=0x7f143803b0a0 secure :-1 s=STATE_CONNECTION_ESTABLISHED l=1).mark_down
2023-11-27T17:49:01.605 INFO:teuthology.orchestra.run.smithi019.stdout:/usr/bin/ceph: stderr
2023-11-27T17:49:01.211+0000 7f1450c5d700 1 --2- 172.21.15.19:0/2857561557 >> [v2:172.21.15.19:6800/2991645399,v1:172.21.15.19:6801/2991645399] conn(0x7f1438038be0 0x7f143803b0a0 secure :-1 s=READY pgs=7 cs=0 l=1 rev1=1 crypto rx=0x7f143c006fd0 tx=0x7f143c006e40 comp rx=0 tx=0).stop
2023-11-27T17:49:01.606 INFO:teuthology.orchestra.run.smithi019.stdout:/usr/bin/ceph: stderr
2023-11-27T17:49:01.211+0000 7f1450c5d700 1 -- 172.21.15.19:0/2857561557 >> [v2:172.21.15.19:3300/0,v1:172.21.15.19:6789/0] conn(0x7f144c107090 msgr2=0x7f144c07caa0 secure :-1 s=STATE_CONNECTION_ESTABLISHED l=1).mark_down
2023-11-27T17:49:01.606 INFO:teuthology.orchestra.run.smithi019.stdout:/usr/bin/ceph: stderr
2023-11-27T17:49:01.211+0000 7f1450c5d700 1 --2- 172.21.15.19:0/2857561557 >> [v2:172.21.15.19:3300/0,v1:172.21.15.19:6789/0] conn(0x7f144c107090 0x7f144c07caa0 secure :-1 s=READY pgs=21 cs=0 l=1 rev1=1 crypto rx=0x7f1434000c00 tx=0x7f1434011bf0 comp rx=0 tx=0).stop
2023-11-27T17:49:01.606 INFO:teuthology.orchestra.run.smithi019.stdout:/usr/bin/ceph: stderr
2023-11-27T17:49:01.212+0000 7f1450c5d700 1 -- 172.21.15.19:0/2857561557 shutdown_connections
2023-11-27T17:49:01.606 INFO:teuthology.orchestra.run.smithi019.stdout:/usr/bin/ceph: stderr
2023-11-27T17:49:01.212+0000 7f1450c5d700 1 --2- 172.21.15.19:0/2857561557 >> [v2:172.21.15.19:6800/2991645399,v1:172.21.15.19:6801/2991645399] conn(0x7f1438038be0 0x7f143803b0a0 unknown :-1 s=CLOSED pgs=7 cs=0 l=1 rev1=1 crypto rx=0 tx=0 comp rx=0 tx=0).stop
2023-11-27T17:49:01.606 INFO:teuthology.orchestra.run.smithi019.stdout:/usr/bin/ceph: stderr
2023-11-27T17:49:01.212+0000 7f1450c5d700 1 --2- 172.21.15.19:0/2857561557 >> [v2:172.21.15.19:3300/0,v1:172.21.15.19:6789/0] conn(0x7f144c107090 0x7f144c07caa0 unknown :-1 s=CLOSED pgs=21 cs=0 l=1 rev1=1 crypto rx=0 tx=0 comp rx=0 tx=0).stop
2023-11-27T17:49:01.606 INFO:teuthology.orchestra.run.smithi019.stdout:/usr/bin/ceph: stderr
2023-11-27T17:49:01.212+0000 7f1450c5d700 1 -- 172.21.15.19:0/2857561557 >> 172.21.15.19:0/2857561557 conn(0x7f144c102690 msgr2=0x7f144c103290 unknown :-1 s=STATE_NONE l=0).mark_down
2023-11-27T17:49:01.606 INFO:teuthology.orchestra.run.smithi019.stdout:/usr/bin/ceph: stderr
2023-11-27T17:49:01.212+0000 7f1450c5d700 1 -- 172.21.15.19:0/2857561557 shutdown_connections
2023-11-27T17:49:01.606 INFO:teuthology.orchestra.run.smithi019.stdout:/usr/bin/ceph: stderr
2023-11-27T17:49:01.212+0000 7f1450c5d700 1 -- 172.21.15.19:0/2857561557 wait complete.
2023-11-27T17:49:01.606 INFO:teuthology.orchestra.run.smithi019.stdout:Enabling cephadm module...
2023-11-27T17:49:03.407 INFO:journalctl@ceph.mon.a.smithi019.stdout:Nov 27 17:49:03 smithi019 ceph-mon[129796]: from='client.? 172.21.15.19:0/2754139398' entity='client.admin' cmd=[{"prefix": "mgr module enable", "module": "cephadm"}]: dispatch
2023-11-27T17:49:03.408 INFO:journalctl@ceph.mgr.x.smithi019.stdout:Nov 27 17:49:03 smithi019 ceph-165ce212-8d4d-11ee-95a2-87774f69a715-mgr-x[130041]: ignoring --setuser ceph since I am not root
2023-11-27T17:49:03.408 INFO:journalctl@ceph.mgr.x.smithi019.stdout:Nov 27 17:49:03 smithi019 ceph-165ce212-8d4d-11ee-95a2-87774f69a715-mgr-x[130041]: ignoring --setgroup ceph since I am not root
2023-11-27T17:49:03.408 INFO:journalctl@ceph.mgr.x.smithi019.stdout:Nov 27 17:49:03 smithi019 ceph-165ce212-8d4d-11ee-95a2-87774f69a715-mgr-x[130041]:
2023-11-27T17:49:03.308+0000 7f41ad1df200 -1 mgr[py] Module devicehealth has missing NOTIFY_TYPES member
2023-11-27T17:49:03.547 INFO:teuthology.orchestra.run.smithi019.stdout:/usr/bin/ceph: stderr
2023-11-27T17:49:02.087+0000 7f1a32733700 1 Processor -- start
2023-11-27T17:49:03.547 INFO:teuthology.orchestra.run.smithi019.stdout:/usr/bin/ceph: stderr
2023-11-27T17:49:02.087+0000 7f1a32733700 1 -- start start
2023-11-27T17:49:03.547 INFO:teuthology.orchestra.run.smithi019.stdout:/usr/bin/ceph: stderr
2023-11-27T17:49:02.087+0000 7f1a32733700 1 --2- >> [v2:172.21.15.19:3300/0,v1:172.21.15.19:6789/0] conn(0x7f1a2c107b50 0x7f1a2c109f40 unknown :-1 s=NONE pgs=0 cs=0 l=0 rev1=0 crypto rx=0 tx=0 comp rx=0 tx=0).connect
2023-11-27T17:49:03.548 INFO:teuthology.orchestra.run.smithi019.stdout:/usr/bin/ceph: stderr
2023-11-27T17:49:02.087+0000 7f1a32733700 1 -- --> [v2:172.21.15.19:3300/0,v1:172.21.15.19:6789/0] -- mon_getmap magic: 0 v1 -- 0x7f1a2c07add0 con 0x7f1a2c107b50
2023-11-27T17:49:03.548 INFO:teuthology.orchestra.run.smithi019.stdout:/usr/bin/ceph: stderr
2023-11-27T17:49:02.087+0000 7f1a2bfff700 1 --2- >> [v2:172.21.15.19:3300/0,v1:172.21.15.19:6789/0] conn(0x7f1a2c107b50 0x7f1a2c109f40 unknown :-1 s=BANNER_CONNECTING pgs=0 cs=0 l=0 rev1=0 crypto rx=0 tx=0 comp rx=0 tx=0)._handle_peer_banner_payload supported=3 required=0
2023-11-27T17:49:03.548 INFO:teuthology.orchestra.run.smithi019.stdout:/usr/bin/ceph: stderr
2023-11-27T17:49:02.088+0000 7f1a2bfff700 1 --2- >> [v2:172.21.15.19:3300/0,v1:172.21.15.19:6789/0] conn(0x7f1a2c107b50 0x7f1a2c109f40 unknown :-1 s=HELLO_CONNECTING pgs=0 cs=0 l=0 rev1=1 crypto rx=0 tx=0 comp rx=0 tx=0).handle_hello peer v2:172.21.15.19:3300/0 says I am v2:172.21.15.19:50694/0 (socket says 172.21.15.19:50694)
2023-11-27T17:49:03.548 INFO:teuthology.orchestra.run.smithi019.stdout:/usr/bin/ceph: stderr
2023-11-27T17:49:02.088+0000 7f1a2bfff700 1 -- 172.21.15.19:0/1782022728 learned_addr learned my addr 172.21.15.19:0/1782022728 (peer_addr_for_me v2:172.21.15.19:0/0)
2023-11-27T17:49:03.548 INFO:teuthology.orchestra.run.smithi019.stdout:/usr/bin/ceph: stderr
2023-11-27T17:49:02.088+0000 7f1a2bfff700 1 -- 172.21.15.19:0/1782022728 --> [v2:172.21.15.19:3300/0,v1:172.21.15.19:6789/0] -- mon_subscribe({config=0+,monmap=0+}) v3 -- 0x7f1a2c10a480 con 0x7f1a2c107b50
2023-11-27T17:49:03.548 INFO:teuthology.orchestra.run.smithi019.stdout:/usr/bin/ceph: stderr
2023-11-27T17:49:02.088+0000 7f1a2bfff700 1 --2- 172.21.15.19:0/1782022728 >> [v2:172.21.15.19:3300/0,v1:172.21.15.19:6789/0] conn(0x7f1a2c107b50 0x7f1a2c109f40 secure :-1 s=READY pgs=22 cs=0 l=1 rev1=1 crypto rx=0x7f1a140098a0 tx=0x7f1a14009bb0 comp rx=0 tx=0).ready entity=mon.0 client_cookie=23f66011f861a364 server_cookie=0 in_seq=0 out_seq=0
2023-11-27T17:49:03.548 INFO:teuthology.orchestra.run.smithi019.stdout:/usr/bin/ceph: stderr
2023-11-27T17:49:02.088+0000 7f1a2affd700 1 -- 172.21.15.19:0/1782022728 <== mon.0 v2:172.21.15.19:3300/0 1 ==== mon_map magic: 0 v1 ==== 205+0+0 (secure 0 0 0) 0x7f1a14004160 con 0x7f1a2c107b50
2023-11-27T17:49:03.548 INFO:teuthology.orchestra.run.smithi019.stdout:/usr/bin/ceph: stderr
2023-11-27T17:49:02.088+0000 7f1a2affd700 1 -- 172.21.15.19:0/1782022728 <== mon.0 v2:172.21.15.19:3300/0 2 ==== config(28 keys) v1 ==== 1143+0+0 (secure 0 0 0) 0x7f1a140042c0 con 0x7f1a2c107b50
2023-11-27T17:49:03.548 INFO:teuthology.orchestra.run.smithi019.stdout:/usr/bin/ceph: stderr
2023-11-27T17:49:02.088+0000 7f1a2affd700 1 -- 172.21.15.19:0/1782022728 <== mon.0 v2:172.21.15.19:3300/0 3 ==== mon_map magic: 0 v1 ==== 205+0+0 (secure 0 0 0) 0x7f1a14011b70 con 0x7f1a2c107b50
2023-11-27T17:49:03.548 INFO:teuthology.orchestra.run.smithi019.stdout:/usr/bin/ceph: stderr
2023-11-27T17:49:02.089+0000 7f1a32733700 1 -- 172.21.15.19:0/1782022728 >> [v2:172.21.15.19:3300/0,v1:172.21.15.19:6789/0] conn(0x7f1a2c107b50 msgr2=0x7f1a2c109f40 secure :-1 s=STATE_CONNECTION_ESTABLISHED l=1).mark_down
2023-11-27T17:49:03.548 INFO:teuthology.orchestra.run.smithi019.stdout:/usr/bin/ceph: stderr
2023-11-27T17:49:02.089+0000 7f1a32733700 1 --2- 172.21.15.19:0/1782022728 >> [v2:172.21.15.19:3300/0,v1:172.21.15.19:6789/0] conn(0x7f1a2c107b50 0x7f1a2c109f40 secure :-1 s=READY pgs=22 cs=0 l=1 rev1=1 crypto rx=0x7f1a140098a0 tx=0x7f1a14009bb0 comp rx=0 tx=0).stop
2023-11-27T17:49:03.548 INFO:teuthology.orchestra.run.smithi019.stdout:/usr/bin/ceph: stderr
2023-11-27T17:49:02.089+0000 7f1a32733700 1 -- 172.21.15.19:0/1782022728 shutdown_connections
2023-11-27T17:49:03.548 INFO:teuthology.orchestra.run.smithi019.stdout:/usr/bin/ceph: stderr
2023-11-27T17:49:02.089+0000 7f1a32733700 1 --2- 172.21.15.19:0/1782022728 >> [v2:172.21.15.19:3300/0,v1:172.21.15.19:6789/0] conn(0x7f1a2c107b50 0x7f1a2c109f40 unknown :-1 s=CLOSED pgs=22 cs=0 l=1 rev1=1 crypto rx=0 tx=0 comp rx=0 tx=0).stop
2023-11-27T17:49:03.549 INFO:teuthology.orchestra.run.smithi019.stdout:/usr/bin/ceph: stderr
2023-11-27T17:49:02.089+0000 7f1a32733700 1 -- 172.21.15.19:0/1782022728 >> 172.21.15.19:0/1782022728 conn(0x7f1a2c1015a0 msgr2=0x7f1a2c1039c0 unknown :-1 s=STATE_NONE l=0).mark_down
2023-11-27T17:49:03.549 INFO:teuthology.orchestra.run.smithi019.stdout:/usr/bin/ceph: stderr
2023-11-27T17:49:02.089+0000 7f1a32733700 1 -- 172.21.15.19:0/1782022728 shutdown_connections
2023-11-27T17:49:03.549 INFO:teuthology.orchestra.run.smithi019.stdout:/usr/bin/ceph: stderr
2023-11-27T17:49:02.089+0000 7f1a32733700 1 -- 172.21.15.19:0/1782022728 wait complete.
2023-11-27T17:49:03.549 INFO:teuthology.orchestra.run.smithi019.stdout:/usr/bin/ceph: stderr
2023-11-27T17:49:02.089+0000 7f1a32733700 1 Processor -- start
2023-11-27T17:49:03.549 INFO:teuthology.orchestra.run.smithi019.stdout:/usr/bin/ceph: stderr
2023-11-27T17:49:02.089+0000 7f1a32733700 1 -- start start
2023-11-27T17:49:03.549 INFO:teuthology.orchestra.run.smithi019.stdout:/usr/bin/ceph: stderr
2023-11-27T17:49:02.090+0000 7f1a32733700 1 --2- >> [v2:172.21.15.19:3300/0,v1:172.21.15.19:6789/0] conn(0x7f1a2c107b50 0x7f1a2c107380 unknown :-1 s=NONE pgs=0 cs=0 l=1 rev1=0 crypto rx=0 tx=0 comp rx=0 tx=0).connect
2023-11-27T17:49:03.549 INFO:teuthology.orchestra.run.smithi019.stdout:/usr/bin/ceph: stderr
2023-11-27T17:49:02.090+0000 7f1a32733700 1 -- --> [v2:172.21.15.19:3300/0,v1:172.21.15.19:6789/0] -- mon_getmap magic: 0 v1 -- 0x7f1a2c1078c0 con 0x7f1a2c107b50
2023-11-27T17:49:03.549 INFO:teuthology.orchestra.run.smithi019.stdout:/usr/bin/ceph: stderr
2023-11-27T17:49:02.090+0000 7f1a2bfff700 1 --2- >> [v2:172.21.15.19:3300/0,v1:172.21.15.19:6789/0] conn(0x7f1a2c107b50 0x7f1a2c107380 unknown :-1 s=BANNER_CONNECTING pgs=0 cs=0 l=1 rev1=0 crypto rx=0 tx=0 comp rx=0 tx=0)._handle_peer_banner_payload supported=3 required=0
2023-11-27T17:49:03.549 INFO:teuthology.orchestra.run.smithi019.stdout:/usr/bin/ceph: stderr
2023-11-27T17:49:02.090+0000 7f1a2bfff700 1 --2- >> [v2:172.21.15.19:3300/0,v1:172.21.15.19:6789/0] conn(0x7f1a2c107b50 0x7f1a2c107380 unknown :-1 s=HELLO_CONNECTING pgs=0 cs=0 l=1 rev1=1 crypto rx=0 tx=0 comp rx=0 tx=0).handle_hello peer v2:172.21.15.19:3300/0 says I am v2:172.21.15.19:50696/0 (socket says 172.21.15.19:50696)
2023-11-27T17:49:03.549 INFO:teuthology.orchestra.run.smithi019.stdout:/usr/bin/ceph: stderr
2023-11-27T17:49:02.090+0000 7f1a2bfff700 1 -- 172.21.15.19:0/2754139398 learned_addr learned my addr 172.21.15.19:0/2754139398 (peer_addr_for_me v2:172.21.15.19:0/0)
2023-11-27T17:49:03.549 INFO:teuthology.orchestra.run.smithi019.stdout:/usr/bin/ceph: stderr
2023-11-27T17:49:02.090+0000 7f1a2bfff700 1 -- 172.21.15.19:0/2754139398 --> [v2:172.21.15.19:3300/0,v1:172.21.15.19:6789/0] -- mon_subscribe({config=0+,monmap=0+}) v3 -- 0x7f1a14009550 con 0x7f1a2c107b50
2023-11-27T17:49:03.550 INFO:teuthology.orchestra.run.smithi019.stdout:/usr/bin/ceph: stderr
2023-11-27T17:49:02.090+0000 7f1a2bfff700 1 --2- 172.21.15.19:0/2754139398 >> [v2:172.21.15.19:3300/0,v1:172.21.15.19:6789/0] conn(0x7f1a2c107b50 0x7f1a2c107380 secure :-1 s=READY pgs=23 cs=0 l=1 rev1=1 crypto rx=0x7f1a14011b40 tx=0x7f1a14011c20 comp rx=0 tx=0).ready entity=mon.0 client_cookie=0 server_cookie=0 in_seq=0 out_seq=0
2023-11-27T17:49:03.550 INFO:teuthology.orchestra.run.smithi019.stdout:/usr/bin/ceph: stderr
2023-11-27T17:49:02.091+0000 7f1a297fa700 1 -- 172.21.15.19:0/2754139398 <== mon.0 v2:172.21.15.19:3300/0 1 ==== mon_map magic: 0 v1 ==== 205+0+0 (secure 0 0 0) 0x7f1a14003b20 con 0x7f1a2c107b50
2023-11-27T17:49:03.550 INFO:teuthology.orchestra.run.smithi019.stdout:/usr/bin/ceph: stderr
2023-11-27T17:49:02.091+0000 7f1a297fa700 1 -- 172.21.15.19:0/2754139398 <== mon.0 v2:172.21.15.19:3300/0 2 ==== config(28 keys) v1 ==== 1143+0+0 (secure 0 0 0) 0x7f1a14003c80 con 0x7f1a2c107b50
2023-11-27T17:49:03.550 INFO:teuthology.orchestra.run.smithi019.stdout:/usr/bin/ceph: stderr
2023-11-27T17:49:02.091+0000 7f1a32733700 1 -- 172.21.15.19:0/2754139398 --> [v2:172.21.15.19:3300/0,v1:172.21.15.19:6789/0] -- mon_subscribe({mgrmap=0+}) v3 -- 0x7f1a2c105b00 con 0x7f1a2c107b50
2023-11-27T17:49:03.550 INFO:teuthology.orchestra.run.smithi019.stdout:/usr/bin/ceph: stderr
2023-11-27T17:49:02.091+0000 7f1a297fa700 1 -- 172.21.15.19:0/2754139398 <== mon.0 v2:172.21.15.19:3300/0 3 ==== mon_map magic: 0 v1 ==== 205+0+0 (secure 0 0 0) 0x7f1a140247c0 con 0x7f1a2c107b50
2023-11-27T17:49:03.550 INFO:teuthology.orchestra.run.smithi019.stdout:/usr/bin/ceph: stderr
2023-11-27T17:49:02.091+0000 7f1a32733700 1 -- 172.21.15.19:0/2754139398 --> [v2:172.21.15.19:3300/0,v1:172.21.15.19:6789/0] -- mon_subscribe({osdmap=0}) v3 -- 0x7f1a2c105fa0 con 0x7f1a2c107b50
2023-11-27T17:49:03.550 INFO:teuthology.orchestra.run.smithi019.stdout:/usr/bin/ceph: stderr
2023-11-27T17:49:02.092+0000 7f1a297fa700 1 -- 172.21.15.19:0/2754139398 <== mon.0 v2:172.21.15.19:3300/0 4 ==== mgrmap(e 4) v1 ==== 45708+0+0 (secure 0 0 0) 0x7f1a1402d3f0 con 0x7f1a2c107b50
2023-11-27T17:49:03.550 INFO:teuthology.orchestra.run.smithi019.stdout:/usr/bin/ceph: stderr
2023-11-27T17:49:02.092+0000 7f1a297fa700 1 --2- 172.21.15.19:0/2754139398 >> [v2:172.21.15.19:6800/2991645399,v1:172.21.15.19:6801/2991645399] conn(0x7f1a18038be0 0x7f1a1803b0a0 unknown :-1 s=NONE pgs=0 cs=0 l=1 rev1=0 crypto rx=0 tx=0 comp rx=0 tx=0).connect
2023-11-27T17:49:03.550 INFO:teuthology.orchestra.run.smithi019.stdout:/usr/bin/ceph: stderr
2023-11-27T17:49:02.092+0000 7f1a297fa700 1 -- 172.21.15.19:0/2754139398 <== mon.0 v2:172.21.15.19:3300/0 5 ==== osd_map(1..1 src has 1..1) v4 ==== 725+0+0 (secure 0 0 0) 0x7f1a1404c950 con 0x7f1a2c107b50
2023-11-27T17:49:03.550 INFO:teuthology.orchestra.run.smithi019.stdout:/usr/bin/ceph: stderr
2023-11-27T17:49:02.092+0000 7f1a2b7fe700 1 --2- 172.21.15.19:0/2754139398 >> [v2:172.21.15.19:6800/2991645399,v1:172.21.15.19:6801/2991645399] conn(0x7f1a18038be0 0x7f1a1803b0a0 unknown :-1 s=BANNER_CONNECTING pgs=0 cs=0 l=1 rev1=0 crypto rx=0 tx=0 comp rx=0 tx=0)._handle_peer_banner_payload supported=3 required=0
2023-11-27T17:49:03.550 INFO:teuthology.orchestra.run.smithi019.stdout:/usr/bin/ceph: stderr
2023-11-27T17:49:02.092+0000 7f1a32733700 1 -- 172.21.15.19:0/2754139398 --> [v2:172.21.15.19:3300/0,v1:172.21.15.19:6789/0] -- mon_command({"prefix": "get_command_descriptions"} v 0) v1 -- 0x7f1a2c062c00 con 0x7f1a2c107b50
2023-11-27T17:49:03.551 INFO:teuthology.orchestra.run.smithi019.stdout:/usr/bin/ceph: stderr
2023-11-27T17:49:02.092+0000 7f1a2b7fe700 1 --2- 172.21.15.19:0/2754139398 >> [v2:172.21.15.19:6800/2991645399,v1:172.21.15.19:6801/2991645399] conn(0x7f1a18038be0 0x7f1a1803b0a0 secure :-1 s=READY pgs=8 cs=0 l=1 rev1=1 crypto rx=0x7f1a1c006fd0 tx=0x7f1a1c006e40 comp rx=0 tx=0).ready entity=mgr.14100 client_cookie=0 server_cookie=0 in_seq=0 out_seq=0
2023-11-27T17:49:03.551 INFO:teuthology.orchestra.run.smithi019.stdout:/usr/bin/ceph: stderr
2023-11-27T17:49:02.097+0000 7f1a297fa700 1 -- 172.21.15.19:0/2754139398 <== mon.0 v2:172.21.15.19:3300/0 6 ==== mon_command_ack([{"prefix": "get_command_descriptions"}]=0 v0) v1 ==== 72+0+180955 (secure 0 0 0) 0x7f1a1402d6a0 con 0x7f1a2c107b50
2023-11-27T17:49:03.551 INFO:teuthology.orchestra.run.smithi019.stdout:/usr/bin/ceph: stderr
2023-11-27T17:49:02.573+0000 7f1a32733700 1 -- 172.21.15.19:0/2754139398 --> [v2:172.21.15.19:3300/0,v1:172.21.15.19:6789/0] -- mon_command({"prefix": "mgr module enable", "module": "cephadm"} v 0) v1 -- 0x7f1a2c106420 con 0x7f1a2c107b50
2023-11-27T17:49:03.551 INFO:teuthology.orchestra.run.smithi019.stdout:/usr/bin/ceph: stderr
2023-11-27T17:49:03.113+0000 7f1a297fa700 1 -- 172.21.15.19:0/2754139398 <== mon.0 v2:172.21.15.19:3300/0 7 ==== mon_command_ack([{"prefix": "mgr module enable", "module": "cephadm"}]=0 v5) v1 ==== 86+0+0 (secure 0 0 0) 0x7f1a14020220 con 0x7f1a2c107b50
2023-11-27T17:49:03.551 INFO:teuthology.orchestra.run.smithi019.stdout:/usr/bin/ceph: stderr
2023-11-27T17:49:03.115+0000 7f1a297fa700 1 -- 172.21.15.19:0/2754139398 <== mon.0 v2:172.21.15.19:3300/0 8 ==== mgrmap(e 5) v1 ==== 45719+0+0 (secure 0 0 0) 0x7f1a1404b120 con 0x7f1a2c107b50
2023-11-27T17:49:03.551 INFO:teuthology.orchestra.run.smithi019.stdout:/usr/bin/ceph: stderr
2023-11-27T17:49:03.117+0000 7f1a32733700 1 -- 172.21.15.19:0/2754139398 >> [v2:172.21.15.19:6800/2991645399,v1:172.21.15.19:6801/2991645399] conn(0x7f1a18038be0 msgr2=0x7f1a1803b0a0 secure :-1 s=STATE_CONNECTION_ESTABLISHED l=1).mark_down
2023-11-27T17:49:03.551 INFO:teuthology.orchestra.run.smithi019.stdout:/usr/bin/ceph: stderr
2023-11-27T17:49:03.117+0000 7f1a32733700 1 --2- 172.21.15.19:0/2754139398 >> [v2:172.21.15.19:6800/2991645399,v1:172.21.15.19:6801/2991645399] conn(0x7f1a18038be0 0x7f1a1803b0a0 secure :-1 s=READY pgs=8 cs=0 l=1 rev1=1 crypto rx=0x7f1a1c006fd0 tx=0x7f1a1c006e40 comp rx=0 tx=0).stop
2023-11-27T17:49:03.551 INFO:teuthology.orchestra.run.smithi019.stdout:/usr/bin/ceph: stderr
2023-11-27T17:49:03.117+0000 7f1a32733700 1 -- 172.21.15.19:0/2754139398 >> [v2:172.21.15.19:3300/0,v1:172.21.15.19:6789/0] conn(0x7f1a2c107b50 msgr2=0x7f1a2c107380 secure :-1 s=STATE_CONNECTION_ESTABLISHED l=1).mark_down
2023-11-27T17:49:03.551 INFO:teuthology.orchestra.run.smithi019.stdout:/usr/bin/ceph: stderr
2023-11-27T17:49:03.117+0000 7f1a32733700 1 --2- 172.21.15.19:0/2754139398 >> [v2:172.21.15.19:3300/0,v1:172.21.15.19:6789/0] conn(0x7f1a2c107b50 0x7f1a2c107380 secure :-1 s=READY pgs=23 cs=0 l=1 rev1=1 crypto rx=0x7f1a14011b40 tx=0x7f1a14011c20 comp rx=0 tx=0).stop
2023-11-27T17:49:03.551 INFO:teuthology.orchestra.run.smithi019.stdout:/usr/bin/ceph: stderr
2023-11-27T17:49:03.117+0000 7f1a32733700 1 -- 172.21.15.19:0/2754139398 shutdown_connections
2023-11-27T17:49:03.551 INFO:teuthology.orchestra.run.smithi019.stdout:/usr/bin/ceph: stderr
2023-11-27T17:49:03.117+0000 7f1a32733700 1 --2- 172.21.15.19:0/2754139398 >> [v2:172.21.15.19:6800/2991645399,v1:172.21.15.19:6801/2991645399] conn(0x7f1a18038be0 0x7f1a1803b0a0 unknown :-1 s=CLOSED pgs=8 cs=0 l=1 rev1=1 crypto rx=0 tx=0 comp rx=0 tx=0).stop
2023-11-27T17:49:03.551 INFO:teuthology.orchestra.run.smithi019.stdout:/usr/bin/ceph: stderr
2023-11-27T17:49:03.117+0000 7f1a32733700 1 --2- 172.21.15.19:0/2754139398 >> [v2:172.21.15.19:3300/0,v1:172.21.15.19:6789/0] conn(0x7f1a2c107b50 0x7f1a2c107380 unknown :-1 s=CLOSED pgs=23 cs=0 l=1 rev1=1 crypto rx=0 tx=0 comp rx=0 tx=0).stop
2023-11-27T17:49:03.552 INFO:teuthology.orchestra.run.smithi019.stdout:/usr/bin/ceph: stderr
2023-11-27T17:49:03.117+0000 7f1a32733700 1 -- 172.21.15.19:0/2754139398 >> 172.21.15.19:0/2754139398 conn(0x7f1a2c1015a0 msgr2=0x7f1a2c102130 unknown :-1 s=STATE_NONE l=0).mark_down
2023-11-27T17:49:03.552 INFO:teuthology.orchestra.run.smithi019.stdout:/usr/bin/ceph: stderr
2023-11-27T17:49:03.117+0000 7f1a32733700 1 -- 172.21.15.19:0/2754139398 shutdown_connections
2023-11-27T17:49:03.552 INFO:teuthology.orchestra.run.smithi019.stdout:/usr/bin/ceph: stderr
2023-11-27T17:49:03.117+0000 7f1a32733700 1 -- 172.21.15.19:0/2754139398 wait complete.
2023-11-27T17:49:03.774 INFO:journalctl@ceph.mgr.x.smithi019.stdout:Nov 27 17:49:03 smithi019 ceph-165ce212-8d4d-11ee-95a2-87774f69a715-mgr-x[130041]:
2023-11-27T17:49:03.405+0000 7f41ad1df200 -1 mgr[py] Module osd_support has missing NOTIFY_TYPES member
2023-11-27T17:49:03.775 INFO:journalctl@ceph.mgr.x.smithi019.stdout:Nov 27 17:49:03 smithi019 ceph-165ce212-8d4d-11ee-95a2-87774f69a715-mgr-x[130041]:
2023-11-27T17:49:03.515+0000 7f41ad1df200 -1 mgr[py] Module snap_schedule has missing NOTIFY_TYPES member
2023-11-27T17:49:03.775 INFO:journalctl@ceph.mgr.x.smithi019.stdout:Nov 27 17:49:03 smithi019 ceph-165ce212-8d4d-11ee-95a2-87774f69a715-mgr-x[130041]:
2023-11-27T17:49:03.631+0000 7f41ad1df200 -1 mgr[py] Module zabbix has missing NOTIFY_TYPES member
2023-11-27T17:49:04.080 INFO:journalctl@ceph.mgr.x.smithi019.stdout:Nov 27 17:49:03 smithi019 ceph-165ce212-8d4d-11ee-95a2-87774f69a715-mgr-x[130041]:
2023-11-27T17:49:03.847+0000 7f41ad1df200 -1 mgr[py] Module crash has missing NOTIFY_TYPES member
2023-11-27T17:49:04.489 INFO:journalctl@ceph.mgr.x.smithi019.stdout:Nov 27 17:49:04 smithi019 ceph-165ce212-8d4d-11ee-95a2-87774f69a715-mgr-x[130041]:
2023-11-27T17:49:04.327+0000 7f41ad1df200 -1 mgr[py] Module prometheus has missing NOTIFY_TYPES member
2023-11-27T17:49:04.489 INFO:journalctl@ceph.mon.a.smithi019.stdout:Nov 27 17:49:04 smithi019 ceph-mon[129796]: from='client.? 172.21.15.19:0/2754139398' entity='client.admin' cmd='[{"prefix": "mgr module enable", "module": "cephadm"}]': finished
2023-11-27T17:49:04.489 INFO:journalctl@ceph.mon.a.smithi019.stdout:Nov 27 17:49:04 smithi019 ceph-mon[129796]: mgrmap e5: x(active, since 10s)
2023-11-27T17:49:04.752 INFO:journalctl@ceph.mgr.x.smithi019.stdout:Nov 27 17:49:04 smithi019 ceph-165ce212-8d4d-11ee-95a2-87774f69a715-mgr-x[130041]:
2023-11-27T17:49:04.486+0000 7f41ad1df200 -1 mgr[py] Module status has missing NOTIFY_TYPES member
2023-11-27T17:49:04.752 INFO:journalctl@ceph.mgr.x.smithi019.stdout:Nov 27 17:49:04 smithi019 ceph-165ce212-8d4d-11ee-95a2-87774f69a715-mgr-x[130041]:
2023-11-27T17:49:04.595+0000 7f41ad1df200 -1 mgr[py] Module selftest has missing NOTIFY_TYPES member
2023-11-27T17:49:04.752 INFO:journalctl@ceph.mgr.x.smithi019.stdout:Nov 27 17:49:04 smithi019 ceph-165ce212-8d4d-11ee-95a2-87774f69a715-mgr-x[130041]:
2023-11-27T17:49:04.717+0000 7f41ad1df200 -1 mgr[py] Module alerts has missing NOTIFY_TYPES member
2023-11-27T17:49:04.993 INFO:teuthology.orchestra.run.smithi019.stdout:/usr/bin/ceph: stdout {
2023-11-27T17:49:04.993 INFO:teuthology.orchestra.run.smithi019.stdout:/usr/bin/ceph: stdout "epoch": 5,
2023-11-27T17:49:04.993 INFO:teuthology.orchestra.run.smithi019.stdout:/usr/bin/ceph: stdout "available": true,
2023-11-27T17:49:04.993 INFO:teuthology.orchestra.run.smithi019.stdout:/usr/bin/ceph: stdout "active_name": "x",
2023-11-27T17:49:04.994 INFO:teuthology.orchestra.run.smithi019.stdout:/usr/bin/ceph: stdout "num_standby": 0
2023-11-27T17:49:04.994 INFO:teuthology.orchestra.run.smithi019.stdout:/usr/bin/ceph: stdout }
2023-11-27T17:49:04.994 INFO:teuthology.orchestra.run.smithi019.stdout:/usr/bin/ceph: stderr
2023-11-27T17:49:04.091+0000 7f9d30008700 1 Processor -- start
2023-11-27T17:49:04.994 INFO:teuthology.orchestra.run.smithi019.stdout:/usr/bin/ceph: stderr
2023-11-27T17:49:04.091+0000 7f9d30008700 1 -- start start
2023-11-27T17:49:04.994 INFO:teuthology.orchestra.run.smithi019.stdout:/usr/bin/ceph: stderr
2023-11-27T17:49:04.091+0000 7f9d30008700 1 --2- >> [v2:172.21.15.19:3300/0,v1:172.21.15.19:6789/0] conn(0x7f9d281070b0 0x7f9d281074d0 unknown :-1 s=NONE pgs=0 cs=0 l=0 rev1=0 crypto rx=0 tx=0 comp rx=0 tx=0).connect
2023-11-27T17:49:04.994 INFO:teuthology.orchestra.run.smithi019.stdout:/usr/bin/ceph: stderr
2023-11-27T17:49:04.091+0000 7f9d30008700 1 -- --> [v2:172.21.15.19:3300/0,v1:172.21.15.19:6789/0] -- mon_getmap magic: 0 v1 -- 0x7f9d28107aa0 con 0x7f9d281070b0
2023-11-27T17:49:04.994 INFO:teuthology.orchestra.run.smithi019.stdout:/usr/bin/ceph: stderr
2023-11-27T17:49:04.092+0000 7f9d2dda4700 1 --2- >> [v2:172.21.15.19:3300/0,v1:172.21.15.19:6789/0] conn(0x7f9d281070b0 0x7f9d281074d0 unknown :-1 s=BANNER_CONNECTING pgs=0 cs=0 l=0 rev1=0 crypto rx=0 tx=0 comp rx=0 tx=0)._handle_peer_banner_payload supported=3 required=0
2023-11-27T17:49:04.994 INFO:teuthology.orchestra.run.smithi019.stdout:/usr/bin/ceph: stderr
2023-11-27T17:49:04.092+0000 7f9d2dda4700 1 --2- >> [v2:172.21.15.19:3300/0,v1:172.21.15.19:6789/0] conn(0x7f9d281070b0 0x7f9d281074d0 unknown :-1 s=HELLO_CONNECTING pgs=0 cs=0 l=0 rev1=1 crypto rx=0 tx=0 comp rx=0 tx=0).handle_hello peer v2:172.21.15.19:3300/0 says I am v2:172.21.15.19:50710/0 (socket says 172.21.15.19:50710)
2023-11-27T17:49:04.994 INFO:teuthology.orchestra.run.smithi019.stdout:/usr/bin/ceph: stderr
2023-11-27T17:49:04.092+0000 7f9d2dda4700 1 -- 172.21.15.19:0/730940836 learned_addr learned my addr 172.21.15.19:0/730940836 (peer_addr_for_me v2:172.21.15.19:0/0)
2023-11-27T17:49:04.994 INFO:teuthology.orchestra.run.smithi019.stdout:/usr/bin/ceph: stderr
2023-11-27T17:49:04.092+0000 7f9d2dda4700 1 -- 172.21.15.19:0/730940836 --> [v2:172.21.15.19:3300/0,v1:172.21.15.19:6789/0] -- mon_subscribe({config=0+,monmap=0+}) v3 -- 0x7f9d28108210 con 0x7f9d281070b0
2023-11-27T17:49:04.994 INFO:teuthology.orchestra.run.smithi019.stdout:/usr/bin/ceph: stderr
2023-11-27T17:49:04.092+0000 7f9d2dda4700 1 --2- 172.21.15.19:0/730940836 >> [v2:172.21.15.19:3300/0,v1:172.21.15.19:6789/0] conn(0x7f9d281070b0 0x7f9d281074d0 secure :-1 s=READY pgs=26 cs=0 l=1 rev1=1 crypto rx=0x7f9d240098a0 tx=0x7f9d24009bb0 comp rx=0 tx=0).ready entity=mon.0 client_cookie=1cb947c59d49705a server_cookie=0 in_seq=0 out_seq=0
2023-11-27T17:49:04.994 INFO:teuthology.orchestra.run.smithi019.stdout:/usr/bin/ceph: stderr
2023-11-27T17:49:04.092+0000 7f9d2cda2700 1 -- 172.21.15.19:0/730940836 <== mon.0 v2:172.21.15.19:3300/0 1 ==== mon_map magic: 0 v1 ==== 205+0+0 (secure 0 0 0) 0x7f9d24004160 con 0x7f9d281070b0
2023-11-27T17:49:04.995 INFO:teuthology.orchestra.run.smithi019.stdout:/usr/bin/ceph: stderr
2023-11-27T17:49:04.092+0000 7f9d2cda2700 1 -- 172.21.15.19:0/730940836 <== mon.0 v2:172.21.15.19:3300/0 2 ==== config(28 keys) v1 ==== 1143+0+0 (secure 0 0 0) 0x7f9d240042c0 con 0x7f9d281070b0
2023-11-27T17:49:04.995 INFO:teuthology.orchestra.run.smithi019.stdout:/usr/bin/ceph: stderr
2023-11-27T17:49:04.092+0000 7f9d2cda2700 1 -- 172.21.15.19:0/730940836 <== mon.0 v2:172.21.15.19:3300/0 3 ==== mon_map magic: 0 v1 ==== 205+0+0 (secure 0 0 0) 0x7f9d24011b70 con 0x7f9d281070b0
2023-11-27T17:49:04.995 INFO:teuthology.orchestra.run.smithi019.stdout:/usr/bin/ceph: stderr
2023-11-27T17:49:04.093+0000 7f9d30008700 1 -- 172.21.15.19:0/730940836 >> [v2:172.21.15.19:3300/0,v1:172.21.15.19:6789/0] conn(0x7f9d281070b0 msgr2=0x7f9d281074d0 secure :-1 s=STATE_CONNECTION_ESTABLISHED l=1).mark_down
2023-11-27T17:49:04.995 INFO:teuthology.orchestra.run.smithi019.stdout:/usr/bin/ceph: stderr
2023-11-27T17:49:04.093+0000 7f9d30008700 1 --2- 172.21.15.19:0/730940836 >> [v2:172.21.15.19:3300/0,v1:172.21.15.19:6789/0] conn(0x7f9d281070b0 0x7f9d281074d0 secure :-1 s=READY pgs=26 cs=0 l=1 rev1=1 crypto rx=0x7f9d240098a0 tx=0x7f9d24009bb0 comp rx=0 tx=0).stop
2023-11-27T17:49:04.995 INFO:teuthology.orchestra.run.smithi019.stdout:/usr/bin/ceph: stderr
2023-11-27T17:49:04.093+0000 7f9d30008700 1 -- 172.21.15.19:0/730940836 shutdown_connections
2023-11-27T17:49:04.995 INFO:teuthology.orchestra.run.smithi019.stdout:/usr/bin/ceph: stderr
2023-11-27T17:49:04.093+0000 7f9d30008700 1 --2- 172.21.15.19:0/730940836 >> [v2:172.21.15.19:3300/0,v1:172.21.15.19:6789/0] conn(0x7f9d281070b0 0x7f9d281074d0 unknown :-1 s=CLOSED pgs=26 cs=0 l=1 rev1=1 crypto rx=0 tx=0 comp rx=0 tx=0).stop
2023-11-27T17:49:04.995 INFO:teuthology.orchestra.run.smithi019.stdout:/usr/bin/ceph: stderr
2023-11-27T17:49:04.093+0000 7f9d30008700 1 -- 172.21.15.19:0/730940836 >> 172.21.15.19:0/730940836 conn(0x7f9d281026d0 msgr2=0x7f9d28104af0 unknown :-1 s=STATE_NONE l=0).mark_down
2023-11-27T17:49:04.995 INFO:teuthology.orchestra.run.smithi019.stdout:/usr/bin/ceph: stderr
2023-11-27T17:49:04.093+0000 7f9d30008700 1 -- 172.21.15.19:0/730940836 shutdown_connections
2023-11-27T17:49:04.995 INFO:teuthology.orchestra.run.smithi019.stdout:/usr/bin/ceph: stderr
2023-11-27T17:49:04.093+0000 7f9d30008700 1 -- 172.21.15.19:0/730940836 wait complete.
2023-11-27T17:49:04.995 INFO:teuthology.orchestra.run.smithi019.stdout:/usr/bin/ceph: stderr
2023-11-27T17:49:04.094+0000 7f9d30008700 1 Processor -- start
2023-11-27T17:49:04.995 INFO:teuthology.orchestra.run.smithi019.stdout:/usr/bin/ceph: stderr
2023-11-27T17:49:04.094+0000 7f9d30008700 1 -- start start
2023-11-27T17:49:04.995 INFO:teuthology.orchestra.run.smithi019.stdout:/usr/bin/ceph: stderr
2023-11-27T17:49:04.094+0000 7f9d30008700 1 --2- >> [v2:172.21.15.19:3300/0,v1:172.21.15.19:6789/0] conn(0x7f9d281070b0 0x7f9d2819ae50 unknown :-1 s=NONE pgs=0 cs=0 l=1 rev1=0 crypto rx=0 tx=0 comp rx=0 tx=0).connect
2023-11-27T17:49:04.996 INFO:teuthology.orchestra.run.smithi019.stdout:/usr/bin/ceph: stderr
2023-11-27T17:49:04.094+0000 7f9d30008700 1 -- --> [v2:172.21.15.19:3300/0,v1:172.21.15.19:6789/0] -- mon_getmap magic: 0 v1 -- 0x7f9d2819b390 con 0x7f9d281070b0
2023-11-27T17:49:04.996 INFO:teuthology.orchestra.run.smithi019.stdout:/usr/bin/ceph: stderr
2023-11-27T17:49:04.094+0000 7f9d2dda4700 1 --2- >> [v2:172.21.15.19:3300/0,v1:172.21.15.19:6789/0] conn(0x7f9d281070b0 0x7f9d2819ae50 unknown :-1 s=BANNER_CONNECTING pgs=0 cs=0 l=1 rev1=0 crypto rx=0 tx=0 comp rx=0 tx=0)._handle_peer_banner_payload supported=3 required=0
2023-11-27T17:49:04.996 INFO:teuthology.orchestra.run.smithi019.stdout:/usr/bin/ceph: stderr
