2023-11-27T17:49:26.956+0000 7fe45bfff700 1 -- 172.21.15.19:0/2957117553 learned_addr learned my addr 172.21.15.19:0/2957117553 (peer_addr_for_me v2:172.21.15.19:0/0)
2023-11-27T17:49:27.787 INFO:teuthology.orchestra.run.smithi019.stdout:/usr/bin/ceph: stderr
2023-11-27T17:49:26.956+0000 7fe45bfff700 1 -- 172.21.15.19:0/2957117553 --> [v2:172.21.15.19:3300/0,v1:172.21.15.19:6789/0] -- mon_subscribe({config=0+,monmap=0+}) v3 -- 0x7fe44c009550 con 0x7fe45c107af0
2023-11-27T17:49:27.787 INFO:teuthology.orchestra.run.smithi019.stdout:/usr/bin/ceph: stderr
2023-11-27T17:49:26.956+0000 7fe45bfff700 1 --2- 172.21.15.19:0/2957117553 >> [v2:172.21.15.19:3300/0,v1:172.21.15.19:6789/0] conn(0x7fe45c107af0 0x7fe45c19ae70 secure :-1 s=READY pgs=50 cs=0 l=1 rev1=1 crypto rx=0x7fe44c011850 tx=0x7fe44c011bf0 comp rx=0 tx=0).ready entity=mon.0 client_cookie=0 server_cookie=0 in_seq=0 out_seq=0
2023-11-27T17:49:27.787 INFO:teuthology.orchestra.run.smithi019.stdout:/usr/bin/ceph: stderr
2023-11-27T17:49:26.956+0000 7fe4597fa700 1 -- 172.21.15.19:0/2957117553 <== mon.0 v2:172.21.15.19:3300/0 1 ==== mon_map magic: 0 v1 ==== 205+0+0 (secure 0 0 0) 0x7fe44c0039c0 con 0x7fe45c107af0
2023-11-27T17:49:27.787 INFO:teuthology.orchestra.run.smithi019.stdout:/usr/bin/ceph: stderr
2023-11-27T17:49:26.956+0000 7fe4597fa700 1 -- 172.21.15.19:0/2957117553 <== mon.0 v2:172.21.15.19:3300/0 2 ==== config(28 keys) v1 ==== 1143+0+0 (secure 0 0 0) 0x7fe44c003b20 con 0x7fe45c107af0
2023-11-27T17:49:27.787 INFO:teuthology.orchestra.run.smithi019.stdout:/usr/bin/ceph: stderr
2023-11-27T17:49:26.956+0000 7fe4624bb700 1 -- 172.21.15.19:0/2957117553 --> [v2:172.21.15.19:3300/0,v1:172.21.15.19:6789/0] -- mon_subscribe({mgrmap=0+}) v3 -- 0x7fe45c19b5b0 con 0x7fe45c107af0
2023-11-27T17:49:27.787 INFO:teuthology.orchestra.run.smithi019.stdout:/usr/bin/ceph: stderr
2023-11-27T17:49:26.956+0000 7fe4597fa700 1 -- 172.21.15.19:0/2957117553 <== mon.0 v2:172.21.15.19:3300/0 3 ==== mon_map magic: 0 v1 ==== 205+0+0 (secure 0 0 0) 0x7fe44c01a760 con 0x7fe45c107af0
2023-11-27T17:49:27.787 INFO:teuthology.orchestra.run.smithi019.stdout:/usr/bin/ceph: stderr
2023-11-27T17:49:26.956+0000 7fe4624bb700 1 -- 172.21.15.19:0/2957117553 --> [v2:172.21.15.19:3300/0,v1:172.21.15.19:6789/0] -- mon_subscribe({osdmap=0}) v3 -- 0x7fe45c19ba50 con 0x7fe45c107af0
2023-11-27T17:49:27.788 INFO:teuthology.orchestra.run.smithi019.stdout:/usr/bin/ceph: stderr
2023-11-27T17:49:26.957+0000 7fe4597fa700 1 -- 172.21.15.19:0/2957117553 <== mon.0 v2:172.21.15.19:3300/0 4 ==== mgrmap(e 8) v1 ==== 45719+0+0 (secure 0 0 0) 0x7fe44c01a9d0 con 0x7fe45c107af0
2023-11-27T17:49:27.788 INFO:teuthology.orchestra.run.smithi019.stdout:/usr/bin/ceph: stderr
2023-11-27T17:49:26.957+0000 7fe4597fa700 1 --2- 172.21.15.19:0/2957117553 >> [v2:172.21.15.19:6800/1988651465,v1:172.21.15.19:6801/1988651465] conn(0x7fe448038b90 0x7fe44803b050 unknown :-1 s=NONE pgs=0 cs=0 l=1 rev1=0 crypto rx=0 tx=0 comp rx=0 tx=0).connect
2023-11-27T17:49:27.788 INFO:teuthology.orchestra.run.smithi019.stdout:/usr/bin/ceph: stderr
2023-11-27T17:49:26.957+0000 7fe4597fa700 1 -- 172.21.15.19:0/2957117553 <== mon.0 v2:172.21.15.19:3300/0 5 ==== osd_map(2..2 src has 1..2) v4 ==== 940+0+0 (secure 0 0 0) 0x7fe44c04cdd0 con 0x7fe45c107af0
2023-11-27T17:49:27.788 INFO:teuthology.orchestra.run.smithi019.stdout:/usr/bin/ceph: stderr
2023-11-27T17:49:26.958+0000 7fe4624bb700 1 -- 172.21.15.19:0/2957117553 --> [v2:172.21.15.19:3300/0,v1:172.21.15.19:6789/0] -- mon_command({"prefix": "get_command_descriptions"} v 0) v1 -- 0x7fe45c10b2e0 con 0x7fe45c107af0
2023-11-27T17:49:27.788 INFO:teuthology.orchestra.run.smithi019.stdout:/usr/bin/ceph: stderr
2023-11-27T17:49:26.958+0000 7fe45b7fe700 1 --2- 172.21.15.19:0/2957117553 >> [v2:172.21.15.19:6800/1988651465,v1:172.21.15.19:6801/1988651465] conn(0x7fe448038b90 0x7fe44803b050 unknown :-1 s=BANNER_CONNECTING pgs=0 cs=0 l=1 rev1=0 crypto rx=0 tx=0 comp rx=0 tx=0)._handle_peer_banner_payload supported=3 required=0
2023-11-27T17:49:27.788 INFO:teuthology.orchestra.run.smithi019.stdout:/usr/bin/ceph: stderr
2023-11-27T17:49:26.958+0000 7fe45b7fe700 1 --2- 172.21.15.19:0/2957117553 >> [v2:172.21.15.19:6800/1988651465,v1:172.21.15.19:6801/1988651465] conn(0x7fe448038b90 0x7fe44803b050 secure :-1 s=READY pgs=13 cs=0 l=1 rev1=1 crypto rx=0x7fe444006fd0 tx=0x7fe444006e40 comp rx=0 tx=0).ready entity=mgr.14120 client_cookie=0 server_cookie=0 in_seq=0 out_seq=0
2023-11-27T17:49:27.788 INFO:teuthology.orchestra.run.smithi019.stdout:/usr/bin/ceph: stderr
2023-11-27T17:49:26.966+0000 7fe4597fa700 1 -- 172.21.15.19:0/2957117553 <== mon.0 v2:172.21.15.19:3300/0 6 ==== mon_command_ack([{"prefix": "get_command_descriptions"}]=0 v0) v1 ==== 72+0+180955 (secure 0 0 0) 0x7fe44c01ae60 con 0x7fe45c107af0
2023-11-27T17:49:27.788 INFO:teuthology.orchestra.run.smithi019.stdout:/usr/bin/ceph: stderr
2023-11-27T17:49:27.045+0000 7fe4597fa700 1 -- 172.21.15.19:0/2957117553 <== mon.0 v2:172.21.15.19:3300/0 7 ==== config(28 keys) v1 ==== 1174+0+0 (secure 0 0 0) 0x7fe44c02de90 con 0x7fe45c107af0
2023-11-27T17:49:27.788 INFO:teuthology.orchestra.run.smithi019.stdout:/usr/bin/ceph: stderr
2023-11-27T17:49:27.375+0000 7fe4624bb700 1 -- 172.21.15.19:0/2957117553 --> [v2:172.21.15.19:6800/1988651465,v1:172.21.15.19:6801/1988651465] -- mgr_command(tid 0: {"prefix": "orch apply", "service_type": "mgr", "unmanaged": true, "target": ["mon-mgr", ""]}) v1 -- 0x7fe45c1027f0 con 0x7fe448038b90
2023-11-27T17:49:27.788 INFO:teuthology.orchestra.run.smithi019.stdout:/usr/bin/ceph: stderr
2023-11-27T17:49:27.380+0000 7fe4597fa700 1 -- 172.21.15.19:0/2957117553 <== mgr.14120 v2:172.21.15.19:6800/1988651465 1 ==== mgr_command_reply(tid 0: 0 ) v1 ==== 8+0+24 (secure 0 0 0) 0x7fe45c1027f0 con 0x7fe448038b90
2023-11-27T17:49:27.788 INFO:teuthology.orchestra.run.smithi019.stdout:/usr/bin/ceph: stderr
2023-11-27T17:49:27.383+0000 7fe4624bb700 1 -- 172.21.15.19:0/2957117553 >> [v2:172.21.15.19:6800/1988651465,v1:172.21.15.19:6801/1988651465] conn(0x7fe448038b90 msgr2=0x7fe44803b050 secure :-1 s=STATE_CONNECTION_ESTABLISHED l=1).mark_down
2023-11-27T17:49:27.788 INFO:teuthology.orchestra.run.smithi019.stdout:/usr/bin/ceph: stderr
2023-11-27T17:49:27.383+0000 7fe4624bb700 1 --2- 172.21.15.19:0/2957117553 >> [v2:172.21.15.19:6800/1988651465,v1:172.21.15.19:6801/1988651465] conn(0x7fe448038b90 0x7fe44803b050 secure :-1 s=READY pgs=13 cs=0 l=1 rev1=1 crypto rx=0x7fe444006fd0 tx=0x7fe444006e40 comp rx=0 tx=0).stop
2023-11-27T17:49:27.788 INFO:teuthology.orchestra.run.smithi019.stdout:/usr/bin/ceph: stderr
2023-11-27T17:49:27.383+0000 7fe4624bb700 1 -- 172.21.15.19:0/2957117553 >> [v2:172.21.15.19:3300/0,v1:172.21.15.19:6789/0] conn(0x7fe45c107af0 msgr2=0x7fe45c19ae70 secure :-1 s=STATE_CONNECTION_ESTABLISHED l=1).mark_down
2023-11-27T17:49:27.789 INFO:teuthology.orchestra.run.smithi019.stdout:/usr/bin/ceph: stderr
2023-11-27T17:49:27.383+0000 7fe4624bb700 1 --2- 172.21.15.19:0/2957117553 >> [v2:172.21.15.19:3300/0,v1:172.21.15.19:6789/0] conn(0x7fe45c107af0 0x7fe45c19ae70 secure :-1 s=READY pgs=50 cs=0 l=1 rev1=1 crypto rx=0x7fe44c011850 tx=0x7fe44c011bf0 comp rx=0 tx=0).stop
2023-11-27T17:49:27.789 INFO:teuthology.orchestra.run.smithi019.stdout:/usr/bin/ceph: stderr
2023-11-27T17:49:27.383+0000 7fe4624bb700 1 -- 172.21.15.19:0/2957117553 shutdown_connections
2023-11-27T17:49:27.789 INFO:teuthology.orchestra.run.smithi019.stdout:/usr/bin/ceph: stderr
2023-11-27T17:49:27.383+0000 7fe4624bb700 1 --2- 172.21.15.19:0/2957117553 >> [v2:172.21.15.19:6800/1988651465,v1:172.21.15.19:6801/1988651465] conn(0x7fe448038b90 0x7fe44803b050 unknown :-1 s=CLOSED pgs=13 cs=0 l=1 rev1=1 crypto rx=0 tx=0 comp rx=0 tx=0).stop
2023-11-27T17:49:27.789 INFO:teuthology.orchestra.run.smithi019.stdout:/usr/bin/ceph: stderr
2023-11-27T17:49:27.383+0000 7fe4624bb700 1 --2- 172.21.15.19:0/2957117553 >> [v2:172.21.15.19:3300/0,v1:172.21.15.19:6789/0] conn(0x7fe45c107af0 0x7fe45c19ae70 unknown :-1 s=CLOSED pgs=50 cs=0 l=1 rev1=1 crypto rx=0 tx=0 comp rx=0 tx=0).stop
2023-11-27T17:49:27.789 INFO:teuthology.orchestra.run.smithi019.stdout:/usr/bin/ceph: stderr
2023-11-27T17:49:27.383+0000 7fe4624bb700 1 -- 172.21.15.19:0/2957117553 >> 172.21.15.19:0/2957117553 conn(0x7fe45c1015a0 msgr2=0x7fe45c1020e0 unknown :-1 s=STATE_NONE l=0).mark_down
2023-11-27T17:49:27.789 INFO:teuthology.orchestra.run.smithi019.stdout:/usr/bin/ceph: stderr
2023-11-27T17:49:27.383+0000 7fe4624bb700 1 -- 172.21.15.19:0/2957117553 shutdown_connections
2023-11-27T17:49:27.789 INFO:teuthology.orchestra.run.smithi019.stdout:/usr/bin/ceph: stderr
2023-11-27T17:49:27.383+0000 7fe4624bb700 1 -- 172.21.15.19:0/2957117553 wait complete.
2023-11-27T17:49:28.330 INFO:journalctl@ceph.mon.a.smithi019.stdout:Nov 27 17:49:28 smithi019 ceph-mon[129796]: from='mgr.14120 172.21.15.19:0/4198973998' entity='mgr.x'
2023-11-27T17:49:28.330 INFO:journalctl@ceph.mon.a.smithi019.stdout:Nov 27 17:49:28 smithi019 ceph-mon[129796]: from='mgr.14120 172.21.15.19:0/4198973998' entity='mgr.x'
2023-11-27T17:49:28.330 INFO:journalctl@ceph.mon.a.smithi019.stdout:Nov 27 17:49:28 smithi019 ceph-mon[129796]: from='mgr.14120 172.21.15.19:0/4198973998' entity='mgr.x'
2023-11-27T17:49:29.230 INFO:teuthology.orchestra.run.smithi019.stdout:/usr/bin/ceph: stderr
2023-11-27T17:49:28.338+0000 7fdc40f9f700 1 Processor -- start
2023-11-27T17:49:29.230 INFO:teuthology.orchestra.run.smithi019.stdout:/usr/bin/ceph: stderr
2023-11-27T17:49:28.338+0000 7fdc40f9f700 1 -- start start
2023-11-27T17:49:29.230 INFO:teuthology.orchestra.run.smithi019.stdout:/usr/bin/ceph: stderr
2023-11-27T17:49:28.339+0000 7fdc40f9f700 1 --2- >> [v2:172.21.15.19:3300/0,v1:172.21.15.19:6789/0] conn(0x7fdc3c107510 0x7fdc3c107930 unknown :-1 s=NONE pgs=0 cs=0 l=0 rev1=0 crypto rx=0 tx=0 comp rx=0 tx=0).connect
2023-11-27T17:49:29.230 INFO:teuthology.orchestra.run.smithi019.stdout:/usr/bin/ceph: stderr
2023-11-27T17:49:28.339+0000 7fdc40f9f700 1 -- --> [v2:172.21.15.19:3300/0,v1:172.21.15.19:6789/0] -- mon_getmap magic: 0 v1 -- 0x7fdc3c107f00 con 0x7fdc3c107510
2023-11-27T17:49:29.230 INFO:teuthology.orchestra.run.smithi019.stdout:/usr/bin/ceph: stderr
2023-11-27T17:49:28.339+0000 7fdc3a59c700 1 --2- >> [v2:172.21.15.19:3300/0,v1:172.21.15.19:6789/0] conn(0x7fdc3c107510 0x7fdc3c107930 unknown :-1 s=BANNER_CONNECTING pgs=0 cs=0 l=0 rev1=0 crypto rx=0 tx=0 comp rx=0 tx=0)._handle_peer_banner_payload supported=3 required=0
2023-11-27T17:49:29.230 INFO:teuthology.orchestra.run.smithi019.stdout:/usr/bin/ceph: stderr
2023-11-27T17:49:28.339+0000 7fdc3a59c700 1 --2- >> [v2:172.21.15.19:3300/0,v1:172.21.15.19:6789/0] conn(0x7fdc3c107510 0x7fdc3c107930 unknown :-1 s=HELLO_CONNECTING pgs=0 cs=0 l=0 rev1=1 crypto rx=0 tx=0 comp rx=0 tx=0).handle_hello peer v2:172.21.15.19:3300/0 says I am v2:172.21.15.19:50846/0 (socket says 172.21.15.19:50846)
2023-11-27T17:49:29.230 INFO:teuthology.orchestra.run.smithi019.stdout:/usr/bin/ceph: stderr
2023-11-27T17:49:28.339+0000 7fdc3a59c700 1 -- 172.21.15.19:0/3740736650 learned_addr learned my addr 172.21.15.19:0/3740736650 (peer_addr_for_me v2:172.21.15.19:0/0)
2023-11-27T17:49:29.230 INFO:teuthology.orchestra.run.smithi019.stdout:/usr/bin/ceph: stderr
2023-11-27T17:49:28.339+0000 7fdc3a59c700 1 -- 172.21.15.19:0/3740736650 --> [v2:172.21.15.19:3300/0,v1:172.21.15.19:6789/0] -- mon_subscribe({config=0+,monmap=0+}) v3 -- 0x7fdc3c108040 con 0x7fdc3c107510
2023-11-27T17:49:29.231 INFO:teuthology.orchestra.run.smithi019.stdout:/usr/bin/ceph: stderr
2023-11-27T17:49:28.339+0000 7fdc3a59c700 1 --2- 172.21.15.19:0/3740736650 >> [v2:172.21.15.19:3300/0,v1:172.21.15.19:6789/0] conn(0x7fdc3c107510 0x7fdc3c107930 secure :-1 s=READY pgs=51 cs=0 l=1 rev1=1 crypto rx=0x7fdc300098a0 tx=0x7fdc30009bb0 comp rx=0 tx=0).ready entity=mon.0 client_cookie=eddad7a7bda0d308 server_cookie=0 in_seq=0 out_seq=0
2023-11-27T17:49:29.231 INFO:teuthology.orchestra.run.smithi019.stdout:/usr/bin/ceph: stderr
2023-11-27T17:49:28.340+0000 7fdc3959a700 1 -- 172.21.15.19:0/3740736650 <== mon.0 v2:172.21.15.19:3300/0 1 ==== mon_map magic: 0 v1 ==== 205+0+0 (secure 0 0 0) 0x7fdc30004160 con 0x7fdc3c107510
2023-11-27T17:49:29.231 INFO:teuthology.orchestra.run.smithi019.stdout:/usr/bin/ceph: stderr
2023-11-27T17:49:28.340+0000 7fdc3959a700 1 -- 172.21.15.19:0/3740736650 <== mon.0 v2:172.21.15.19:3300/0 2 ==== config(28 keys) v1 ==== 1174+0+0 (secure 0 0 0) 0x7fdc300042c0 con 0x7fdc3c107510
2023-11-27T17:49:29.231 INFO:teuthology.orchestra.run.smithi019.stdout:/usr/bin/ceph: stderr
2023-11-27T17:49:28.340+0000 7fdc3959a700 1 -- 172.21.15.19:0/3740736650 <== mon.0 v2:172.21.15.19:3300/0 3 ==== mon_map magic: 0 v1 ==== 205+0+0 (secure 0 0 0) 0x7fdc30011b90 con 0x7fdc3c107510
2023-11-27T17:49:29.231 INFO:teuthology.orchestra.run.smithi019.stdout:/usr/bin/ceph: stderr
2023-11-27T17:49:28.340+0000 7fdc40f9f700 1 -- 172.21.15.19:0/3740736650 >> [v2:172.21.15.19:3300/0,v1:172.21.15.19:6789/0] conn(0x7fdc3c107510 msgr2=0x7fdc3c107930 secure :-1 s=STATE_CONNECTION_ESTABLISHED l=1).mark_down
2023-11-27T17:49:29.231 INFO:teuthology.orchestra.run.smithi019.stdout:/usr/bin/ceph: stderr
2023-11-27T17:49:28.340+0000 7fdc40f9f700 1 --2- 172.21.15.19:0/3740736650 >> [v2:172.21.15.19:3300/0,v1:172.21.15.19:6789/0] conn(0x7fdc3c107510 0x7fdc3c107930 secure :-1 s=READY pgs=51 cs=0 l=1 rev1=1 crypto rx=0x7fdc300098a0 tx=0x7fdc30009bb0 comp rx=0 tx=0).stop
2023-11-27T17:49:29.231 INFO:teuthology.orchestra.run.smithi019.stdout:/usr/bin/ceph: stderr
2023-11-27T17:49:28.340+0000 7fdc40f9f700 1 -- 172.21.15.19:0/3740736650 shutdown_connections
2023-11-27T17:49:29.231 INFO:teuthology.orchestra.run.smithi019.stdout:/usr/bin/ceph: stderr
2023-11-27T17:49:28.340+0000 7fdc40f9f700 1 --2- 172.21.15.19:0/3740736650 >> [v2:172.21.15.19:3300/0,v1:172.21.15.19:6789/0] conn(0x7fdc3c107510 0x7fdc3c107930 unknown :-1 s=CLOSED pgs=51 cs=0 l=1 rev1=1 crypto rx=0 tx=0 comp rx=0 tx=0).stop
2023-11-27T17:49:29.231 INFO:teuthology.orchestra.run.smithi019.stdout:/usr/bin/ceph: stderr
2023-11-27T17:49:28.340+0000 7fdc40f9f700 1 -- 172.21.15.19:0/3740736650 >> 172.21.15.19:0/3740736650 conn(0x7fdc3c100d80 msgr2=0x7fdc3c1031a0 unknown :-1 s=STATE_NONE l=0).mark_down
2023-11-27T17:49:29.231 INFO:teuthology.orchestra.run.smithi019.stdout:/usr/bin/ceph: stderr
2023-11-27T17:49:28.340+0000 7fdc40f9f700 1 -- 172.21.15.19:0/3740736650 shutdown_connections
2023-11-27T17:49:29.231 INFO:teuthology.orchestra.run.smithi019.stdout:/usr/bin/ceph: stderr
2023-11-27T17:49:28.340+0000 7fdc40f9f700 1 -- 172.21.15.19:0/3740736650 wait complete.
2023-11-27T17:49:29.231 INFO:teuthology.orchestra.run.smithi019.stdout:/usr/bin/ceph: stderr
2023-11-27T17:49:28.341+0000 7fdc40f9f700 1 Processor -- start
2023-11-27T17:49:29.231 INFO:teuthology.orchestra.run.smithi019.stdout:/usr/bin/ceph: stderr
2023-11-27T17:49:28.341+0000 7fdc40f9f700 1 -- start start
2023-11-27T17:49:29.232 INFO:teuthology.orchestra.run.smithi019.stdout:/usr/bin/ceph: stderr
2023-11-27T17:49:28.341+0000 7fdc40f9f700 1 --2- >> [v2:172.21.15.19:3300/0,v1:172.21.15.19:6789/0] conn(0x7fdc3c107510 0x7fdc3c19d090 unknown :-1 s=NONE pgs=0 cs=0 l=1 rev1=0 crypto rx=0 tx=0 comp rx=0 tx=0).connect
2023-11-27T17:49:29.232 INFO:teuthology.orchestra.run.smithi019.stdout:/usr/bin/ceph: stderr
2023-11-27T17:49:28.341+0000 7fdc40f9f700 1 -- --> [v2:172.21.15.19:3300/0,v1:172.21.15.19:6789/0] -- mon_getmap magic: 0 v1 -- 0x7fdc3c19d5d0 con 0x7fdc3c107510
2023-11-27T17:49:29.232 INFO:teuthology.orchestra.run.smithi019.stdout:/usr/bin/ceph: stderr
2023-11-27T17:49:28.341+0000 7fdc3a59c700 1 --2- >> [v2:172.21.15.19:3300/0,v1:172.21.15.19:6789/0] conn(0x7fdc3c107510 0x7fdc3c19d090 unknown :-1 s=BANNER_CONNECTING pgs=0 cs=0 l=1 rev1=0 crypto rx=0 tx=0 comp rx=0 tx=0)._handle_peer_banner_payload supported=3 required=0
2023-11-27T17:49:29.232 INFO:teuthology.orchestra.run.smithi019.stdout:/usr/bin/ceph: stderr
2023-11-27T17:49:28.341+0000 7fdc3a59c700 1 --2- >> [v2:172.21.15.19:3300/0,v1:172.21.15.19:6789/0] conn(0x7fdc3c107510 0x7fdc3c19d090 unknown :-1 s=HELLO_CONNECTING pgs=0 cs=0 l=1 rev1=1 crypto rx=0 tx=0 comp rx=0 tx=0).handle_hello peer v2:172.21.15.19:3300/0 says I am v2:172.21.15.19:50848/0 (socket says 172.21.15.19:50848)
2023-11-27T17:49:29.232 INFO:teuthology.orchestra.run.smithi019.stdout:/usr/bin/ceph: stderr
2023-11-27T17:49:28.341+0000 7fdc3a59c700 1 -- 172.21.15.19:0/4113384666 learned_addr learned my addr 172.21.15.19:0/4113384666 (peer_addr_for_me v2:172.21.15.19:0/0)
2023-11-27T17:49:29.232 INFO:teuthology.orchestra.run.smithi019.stdout:/usr/bin/ceph: stderr
2023-11-27T17:49:28.342+0000 7fdc3a59c700 1 -- 172.21.15.19:0/4113384666 --> [v2:172.21.15.19:3300/0,v1:172.21.15.19:6789/0] -- mon_subscribe({config=0+,monmap=0+}) v3 -- 0x7fdc30009550 con 0x7fdc3c107510
2023-11-27T17:49:29.232 INFO:teuthology.orchestra.run.smithi019.stdout:/usr/bin/ceph: stderr
2023-11-27T17:49:28.342+0000 7fdc3a59c700 1 --2- 172.21.15.19:0/4113384666 >> [v2:172.21.15.19:3300/0,v1:172.21.15.19:6789/0] conn(0x7fdc3c107510 0x7fdc3c19d090 secure :-1 s=READY pgs=52 cs=0 l=1 rev1=1 crypto rx=0x7fdc30011b40 tx=0x7fdc30011c20 comp rx=0 tx=0).ready entity=mon.0 client_cookie=0 server_cookie=0 in_seq=0 out_seq=0
2023-11-27T17:49:29.232 INFO:teuthology.orchestra.run.smithi019.stdout:/usr/bin/ceph: stderr
2023-11-27T17:49:28.342+0000 7fdc2b7fe700 1 -- 172.21.15.19:0/4113384666 <== mon.0 v2:172.21.15.19:3300/0 1 ==== mon_map magic: 0 v1 ==== 205+0+0 (secure 0 0 0) 0x7fdc30003aa0 con 0x7fdc3c107510
2023-11-27T17:49:29.232 INFO:teuthology.orchestra.run.smithi019.stdout:/usr/bin/ceph: stderr
2023-11-27T17:49:28.342+0000 7fdc40f9f700 1 -- 172.21.15.19:0/4113384666 --> [v2:172.21.15.19:3300/0,v1:172.21.15.19:6789/0] -- mon_subscribe({mgrmap=0+}) v3 -- 0x7fdc3c19d7d0 con 0x7fdc3c107510
2023-11-27T17:49:29.232 INFO:teuthology.orchestra.run.smithi019.stdout:/usr/bin/ceph: stderr
2023-11-27T17:49:28.342+0000 7fdc2b7fe700 1 -- 172.21.15.19:0/4113384666 <== mon.0 v2:172.21.15.19:3300/0 2 ==== config(28 keys) v1 ==== 1174+0+0 (secure 0 0 0) 0x7fdc30003c00 con 0x7fdc3c107510
2023-11-27T17:49:29.232 INFO:teuthology.orchestra.run.smithi019.stdout:/usr/bin/ceph: stderr
2023-11-27T17:49:28.342+0000 7fdc2b7fe700 1 -- 172.21.15.19:0/4113384666 <== mon.0 v2:172.21.15.19:3300/0 3 ==== mon_map magic: 0 v1 ==== 205+0+0 (secure 0 0 0) 0x7fdc30024800 con 0x7fdc3c107510
2023-11-27T17:49:29.232 INFO:teuthology.orchestra.run.smithi019.stdout:/usr/bin/ceph: stderr
2023-11-27T17:49:28.342+0000 7fdc40f9f700 1 -- 172.21.15.19:0/4113384666 --> [v2:172.21.15.19:3300/0,v1:172.21.15.19:6789/0] -- mon_subscribe({osdmap=0}) v3 -- 0x7fdc3c19dc70 con 0x7fdc3c107510
2023-11-27T17:49:29.233 INFO:teuthology.orchestra.run.smithi019.stdout:/usr/bin/ceph: stderr
2023-11-27T17:49:28.343+0000 7fdc2b7fe700 1 -- 172.21.15.19:0/4113384666 <== mon.0 v2:172.21.15.19:3300/0 4 ==== mgrmap(e 8) v1 ==== 45719+0+0 (secure 0 0 0) 0x7fdc30024ac0 con 0x7fdc3c107510
2023-11-27T17:49:29.233 INFO:teuthology.orchestra.run.smithi019.stdout:/usr/bin/ceph: stderr
2023-11-27T17:49:28.343+0000 7fdc2b7fe700 1 --2- 172.21.15.19:0/4113384666 >> [v2:172.21.15.19:6800/1988651465,v1:172.21.15.19:6801/1988651465] conn(0x7fdc24038b90 0x7fdc2403b050 unknown :-1 s=NONE pgs=0 cs=0 l=1 rev1=0 crypto rx=0 tx=0 comp rx=0 tx=0).connect
2023-11-27T17:49:29.233 INFO:teuthology.orchestra.run.smithi019.stdout:/usr/bin/ceph: stderr
2023-11-27T17:49:28.343+0000 7fdc2b7fe700 1 -- 172.21.15.19:0/4113384666 <== mon.0 v2:172.21.15.19:3300/0 5 ==== osd_map(2..2 src has 1..2) v4 ==== 940+0+0 (secure 0 0 0) 0x7fdc3004cc30 con 0x7fdc3c107510
2023-11-27T17:49:29.233 INFO:teuthology.orchestra.run.smithi019.stdout:/usr/bin/ceph: stderr
2023-11-27T17:49:28.343+0000 7fdc40f9f700 1 -- 172.21.15.19:0/4113384666 --> [v2:172.21.15.19:3300/0,v1:172.21.15.19:6789/0] -- mon_command({"prefix": "get_command_descriptions"} v 0) v1 -- 0x7fdc3c105db0 con 0x7fdc3c107510
2023-11-27T17:49:29.233 INFO:teuthology.orchestra.run.smithi019.stdout:/usr/bin/ceph: stderr
2023-11-27T17:49:28.343+0000 7fdc39d9b700 1 --2- 172.21.15.19:0/4113384666 >> [v2:172.21.15.19:6800/1988651465,v1:172.21.15.19:6801/1988651465] conn(0x7fdc24038b90 0x7fdc2403b050 unknown :-1 s=BANNER_CONNECTING pgs=0 cs=0 l=1 rev1=0 crypto rx=0 tx=0 comp rx=0 tx=0)._handle_peer_banner_payload supported=3 required=0
2023-11-27T17:49:29.233 INFO:teuthology.orchestra.run.smithi019.stdout:/usr/bin/ceph: stderr
2023-11-27T17:49:28.344+0000 7fdc39d9b700 1 --2- 172.21.15.19:0/4113384666 >> [v2:172.21.15.19:6800/1988651465,v1:172.21.15.19:6801/1988651465] conn(0x7fdc24038b90 0x7fdc2403b050 secure :-1 s=READY pgs=14 cs=0 l=1 rev1=1 crypto rx=0x7fdc2c006fd0 tx=0x7fdc2c006e40 comp rx=0 tx=0).ready entity=mgr.14120 client_cookie=0 server_cookie=0 in_seq=0 out_seq=0
2023-11-27T17:49:29.233 INFO:teuthology.orchestra.run.smithi019.stdout:/usr/bin/ceph: stderr
2023-11-27T17:49:28.348+0000 7fdc2b7fe700 1 -- 172.21.15.19:0/4113384666 <== mon.0 v2:172.21.15.19:3300/0 6 ==== mon_command_ack([{"prefix": "get_command_descriptions"}]=0 v0) v1 ==== 72+0+180955 (secure 0 0 0) 0x7fdc30024d70 con 0x7fdc3c107510
2023-11-27T17:49:29.233 INFO:teuthology.orchestra.run.smithi019.stdout:/usr/bin/ceph: stderr
2023-11-27T17:49:28.744+0000 7fdc40f9f700 1 -- 172.21.15.19:0/4113384666 --> [v2:172.21.15.19:3300/0,v1:172.21.15.19:6789/0] -- mon_command([{prefix=config set, name=mgr/cephadm/container_init}] v 0) v1 -- 0x7fdc3c1967d0 con 0x7fdc3c107510
2023-11-27T17:49:29.233 INFO:teuthology.orchestra.run.smithi019.stdout:/usr/bin/ceph: stderr
2023-11-27T17:49:28.746+0000 7fdc2b7fe700 1 -- 172.21.15.19:0/4113384666 <== mon.0 v2:172.21.15.19:3300/0 7 ==== mon_command_ack([{prefix=config set, name=mgr/cephadm/container_init}]=0 v7)=0 v7) v1 ==== 142+0+0 (secure 0 0 0) 0x7fdc30029210 con 0x7fdc3c107510
2023-11-27T17:49:29.233 INFO:teuthology.orchestra.run.smithi019.stdout:/usr/bin/ceph: stderr
2023-11-27T17:49:28.749+0000 7fdc40f9f700 1 -- 172.21.15.19:0/4113384666 >> [v2:172.21.15.19:6800/1988651465,v1:172.21.15.19:6801/1988651465] conn(0x7fdc24038b90 msgr2=0x7fdc2403b050 secure :-1 s=STATE_CONNECTION_ESTABLISHED l=1).mark_down
2023-11-27T17:49:29.233 INFO:teuthology.orchestra.run.smithi019.stdout:/usr/bin/ceph: stderr
2023-11-27T17:49:28.749+0000 7fdc40f9f700 1 --2- 172.21.15.19:0/4113384666 >> [v2:172.21.15.19:6800/1988651465,v1:172.21.15.19:6801/1988651465] conn(0x7fdc24038b90 0x7fdc2403b050 secure :-1 s=READY pgs=14 cs=0 l=1 rev1=1 crypto rx=0x7fdc2c006fd0 tx=0x7fdc2c006e40 comp rx=0 tx=0).stop
2023-11-27T17:49:29.233 INFO:teuthology.orchestra.run.smithi019.stdout:/usr/bin/ceph: stderr
2023-11-27T17:49:28.749+0000 7fdc40f9f700 1 -- 172.21.15.19:0/4113384666 >> [v2:172.21.15.19:3300/0,v1:172.21.15.19:6789/0] conn(0x7fdc3c107510 msgr2=0x7fdc3c19d090 secure :-1 s=STATE_CONNECTION_ESTABLISHED l=1).mark_down
2023-11-27T17:49:29.234 INFO:teuthology.orchestra.run.smithi019.stdout:/usr/bin/ceph: stderr
2023-11-27T17:49:28.749+0000 7fdc40f9f700 1 --2- 172.21.15.19:0/4113384666 >> [v2:172.21.15.19:3300/0,v1:172.21.15.19:6789/0] conn(0x7fdc3c107510 0x7fdc3c19d090 secure :-1 s=READY pgs=52 cs=0 l=1 rev1=1 crypto rx=0x7fdc30011b40 tx=0x7fdc30011c20 comp rx=0 tx=0).stop
2023-11-27T17:49:29.234 INFO:teuthology.orchestra.run.smithi019.stdout:/usr/bin/ceph: stderr
2023-11-27T17:49:28.750+0000 7fdc40f9f700 1 -- 172.21.15.19:0/4113384666 shutdown_connections
2023-11-27T17:49:29.234 INFO:teuthology.orchestra.run.smithi019.stdout:/usr/bin/ceph: stderr
2023-11-27T17:49:28.750+0000 7fdc40f9f700 1 --2- 172.21.15.19:0/4113384666 >> [v2:172.21.15.19:6800/1988651465,v1:172.21.15.19:6801/1988651465] conn(0x7fdc24038b90 0x7fdc2403b050 unknown :-1 s=CLOSED pgs=14 cs=0 l=1 rev1=1 crypto rx=0 tx=0 comp rx=0 tx=0).stop
2023-11-27T17:49:29.234 INFO:teuthology.orchestra.run.smithi019.stdout:/usr/bin/ceph: stderr
2023-11-27T17:49:28.750+0000 7fdc40f9f700 1 --2- 172.21.15.19:0/4113384666 >> [v2:172.21.15.19:3300/0,v1:172.21.15.19:6789/0] conn(0x7fdc3c107510 0x7fdc3c19d090 unknown :-1 s=CLOSED pgs=52 cs=0 l=1 rev1=1 crypto rx=0 tx=0 comp rx=0 tx=0).stop
2023-11-27T17:49:29.234 INFO:teuthology.orchestra.run.smithi019.stdout:/usr/bin/ceph: stderr
2023-11-27T17:49:28.750+0000 7fdc40f9f700 1 -- 172.21.15.19:0/4113384666 >> 172.21.15.19:0/4113384666 conn(0x7fdc3c100d80 msgr2=0x7fdc3c193890 unknown :-1 s=STATE_NONE l=0).mark_down
2023-11-27T17:49:29.234 INFO:teuthology.orchestra.run.smithi019.stdout:/usr/bin/ceph: stderr
2023-11-27T17:49:28.750+0000 7fdc40f9f700 1 -- 172.21.15.19:0/4113384666 shutdown_connections
2023-11-27T17:49:29.234 INFO:teuthology.orchestra.run.smithi019.stdout:/usr/bin/ceph: stderr
2023-11-27T17:49:28.750+0000 7fdc40f9f700 1 -- 172.21.15.19:0/4113384666 wait complete.
2023-11-27T17:49:29.330 INFO:journalctl@ceph.mon.a.smithi019.stdout:Nov 27 17:49:29 smithi019 ceph-mon[129796]: from='client.14144 -' entity='client.admin' cmd=[{"prefix": "orch apply", "service_type": "mgr", "unmanaged": true, "target": ["mon-mgr", ""]}]: dispatch
2023-11-27T17:49:29.330 INFO:journalctl@ceph.mon.a.smithi019.stdout:Nov 27 17:49:29 smithi019 ceph-mon[129796]: Saving service mgr spec with placement count:2
2023-11-27T17:49:29.331 INFO:journalctl@ceph.mon.a.smithi019.stdout:Nov 27 17:49:29 smithi019 ceph-mon[129796]: from='client.? 172.21.15.19:0/4113384666' entity='client.admin'
2023-11-27T17:49:30.777 INFO:teuthology.orchestra.run.smithi019.stdout:/usr/bin/ceph: stderr
2023-11-27T17:49:29.835+0000 7fb9259ea700 1 Processor -- start
2023-11-27T17:49:30.777 INFO:teuthology.orchestra.run.smithi019.stdout:/usr/bin/ceph: stderr
2023-11-27T17:49:29.835+0000 7fb9259ea700 1 -- start start
2023-11-27T17:49:30.777 INFO:teuthology.orchestra.run.smithi019.stdout:/usr/bin/ceph: stderr
2023-11-27T17:49:29.835+0000 7fb9259ea700 1 --2- >> [v2:172.21.15.19:3300/0,v1:172.21.15.19:6789/0] conn(0x7fb9201074d0 0x7fb9201078f0 unknown :-1 s=NONE pgs=0 cs=0 l=0 rev1=0 crypto rx=0 tx=0 comp rx=0 tx=0).connect
2023-11-27T17:49:30.777 INFO:teuthology.orchestra.run.smithi019.stdout:/usr/bin/ceph: stderr
2023-11-27T17:49:29.835+0000 7fb9259ea700 1 -- --> [v2:172.21.15.19:3300/0,v1:172.21.15.19:6789/0] -- mon_getmap magic: 0 v1 -- 0x7fb920107ec0 con 0x7fb9201074d0
2023-11-27T17:49:30.777 INFO:teuthology.orchestra.run.smithi019.stdout:/usr/bin/ceph: stderr
2023-11-27T17:49:29.836+0000 7fb91effd700 1 --2- >> [v2:172.21.15.19:3300/0,v1:172.21.15.19:6789/0] conn(0x7fb9201074d0 0x7fb9201078f0 unknown :-1 s=BANNER_CONNECTING pgs=0 cs=0 l=0 rev1=0 crypto rx=0 tx=0 comp rx=0 tx=0)._handle_peer_banner_payload supported=3 required=0
2023-11-27T17:49:30.777 INFO:teuthology.orchestra.run.smithi019.stdout:/usr/bin/ceph: stderr
2023-11-27T17:49:29.836+0000 7fb91effd700 1 --2- >> [v2:172.21.15.19:3300/0,v1:172.21.15.19:6789/0] conn(0x7fb9201074d0 0x7fb9201078f0 unknown :-1 s=HELLO_CONNECTING pgs=0 cs=0 l=0 rev1=1 crypto rx=0 tx=0 comp rx=0 tx=0).handle_hello peer v2:172.21.15.19:3300/0 says I am v2:172.21.15.19:50852/0 (socket says 172.21.15.19:50852)
2023-11-27T17:49:30.777 INFO:teuthology.orchestra.run.smithi019.stdout:/usr/bin/ceph: stderr
2023-11-27T17:49:29.836+0000 7fb91effd700 1 -- 172.21.15.19:0/774097437 learned_addr learned my addr 172.21.15.19:0/774097437 (peer_addr_for_me v2:172.21.15.19:0/0)
2023-11-27T17:49:30.778 INFO:teuthology.orchestra.run.smithi019.stdout:/usr/bin/ceph: stderr
2023-11-27T17:49:29.836+0000 7fb91effd700 1 -- 172.21.15.19:0/774097437 --> [v2:172.21.15.19:3300/0,v1:172.21.15.19:6789/0] -- mon_subscribe({config=0+,monmap=0+}) v3 -- 0x7fb920108000 con 0x7fb9201074d0
2023-11-27T17:49:30.778 INFO:teuthology.orchestra.run.smithi019.stdout:/usr/bin/ceph: stderr
2023-11-27T17:49:29.836+0000 7fb91effd700 1 --2- 172.21.15.19:0/774097437 >> [v2:172.21.15.19:3300/0,v1:172.21.15.19:6789/0] conn(0x7fb9201074d0 0x7fb9201078f0 secure :-1 s=READY pgs=53 cs=0 l=1 rev1=1 crypto rx=0x7fb91000bb40 tx=0x7fb91000be50 comp rx=0 tx=0).ready entity=mon.0 client_cookie=d044c08ae26a2f4d server_cookie=0 in_seq=0 out_seq=0
2023-11-27T17:49:30.778 INFO:teuthology.orchestra.run.smithi019.stdout:/usr/bin/ceph: stderr
2023-11-27T17:49:29.836+0000 7fb91dffb700 1 -- 172.21.15.19:0/774097437 <== mon.0 v2:172.21.15.19:3300/0 1 ==== mon_map magic: 0 v1 ==== 205+0+0 (secure 0 0 0) 0x7fb91000dbe0 con 0x7fb9201074d0
2023-11-27T17:49:30.778 INFO:teuthology.orchestra.run.smithi019.stdout:/usr/bin/ceph: stderr
2023-11-27T17:49:29.836+0000 7fb91dffb700 1 -- 172.21.15.19:0/774097437 <== mon.0 v2:172.21.15.19:3300/0 2 ==== config(28 keys) v1 ==== 1174+0+0 (secure 0 0 0) 0x7fb910004530 con 0x7fb9201074d0
2023-11-27T17:49:30.778 INFO:teuthology.orchestra.run.smithi019.stdout:/usr/bin/ceph: stderr
2023-11-27T17:49:29.836+0000 7fb91dffb700 1 -- 172.21.15.19:0/774097437 <== mon.0 v2:172.21.15.19:3300/0 3 ==== mon_map magic: 0 v1 ==== 205+0+0 (secure 0 0 0) 0x7fb910010470 con 0x7fb9201074d0
2023-11-27T17:49:30.778 INFO:teuthology.orchestra.run.smithi019.stdout:/usr/bin/ceph: stderr
2023-11-27T17:49:29.837+0000 7fb9259ea700 1 -- 172.21.15.19:0/774097437 >> [v2:172.21.15.19:3300/0,v1:172.21.15.19:6789/0] conn(0x7fb9201074d0 msgr2=0x7fb9201078f0 secure :-1 s=STATE_CONNECTION_ESTABLISHED l=1).mark_down
2023-11-27T17:49:30.778 INFO:teuthology.orchestra.run.smithi019.stdout:/usr/bin/ceph: stderr
2023-11-27T17:49:29.837+0000 7fb9259ea700 1 --2- 172.21.15.19:0/774097437 >> [v2:172.21.15.19:3300/0,v1:172.21.15.19:6789/0] conn(0x7fb9201074d0 0x7fb9201078f0 secure :-1 s=READY pgs=53 cs=0 l=1 rev1=1 crypto rx=0x7fb91000bb40 tx=0x7fb91000be50 comp rx=0 tx=0).stop
2023-11-27T17:49:30.778 INFO:teuthology.orchestra.run.smithi019.stdout:/usr/bin/ceph: stderr
2023-11-27T17:49:29.837+0000 7fb9259ea700 1 -- 172.21.15.19:0/774097437 shutdown_connections
2023-11-27T17:49:30.778 INFO:teuthology.orchestra.run.smithi019.stdout:/usr/bin/ceph: stderr
2023-11-27T17:49:29.837+0000 7fb9259ea700 1 --2- 172.21.15.19:0/774097437 >> [v2:172.21.15.19:3300/0,v1:172.21.15.19:6789/0] conn(0x7fb9201074d0 0x7fb9201078f0 unknown :-1 s=CLOSED pgs=53 cs=0 l=1 rev1=1 crypto rx=0 tx=0 comp rx=0 tx=0).stop
2023-11-27T17:49:30.778 INFO:teuthology.orchestra.run.smithi019.stdout:/usr/bin/ceph: stderr
2023-11-27T17:49:29.837+0000 7fb9259ea700 1 -- 172.21.15.19:0/774097437 >> 172.21.15.19:0/774097437 conn(0x7fb920100d80 msgr2=0x7fb9201031a0 unknown :-1 s=STATE_NONE l=0).mark_down
2023-11-27T17:49:30.778 INFO:teuthology.orchestra.run.smithi019.stdout:/usr/bin/ceph: stderr
2023-11-27T17:49:29.838+0000 7fb9259ea700 1 -- 172.21.15.19:0/774097437 shutdown_connections
2023-11-27T17:49:30.778 INFO:teuthology.orchestra.run.smithi019.stdout:/usr/bin/ceph: stderr
2023-11-27T17:49:29.838+0000 7fb9259ea700 1 -- 172.21.15.19:0/774097437 wait complete.
2023-11-27T17:49:30.778 INFO:teuthology.orchestra.run.smithi019.stdout:/usr/bin/ceph: stderr
2023-11-27T17:49:29.838+0000 7fb9259ea700 1 Processor -- start
2023-11-27T17:49:30.779 INFO:teuthology.orchestra.run.smithi019.stdout:/usr/bin/ceph: stderr
2023-11-27T17:49:29.838+0000 7fb9259ea700 1 -- start start
2023-11-27T17:49:30.779 INFO:teuthology.orchestra.run.smithi019.stdout:/usr/bin/ceph: stderr
2023-11-27T17:49:29.839+0000 7fb9259ea700 1 --2- >> [v2:172.21.15.19:3300/0,v1:172.21.15.19:6789/0] conn(0x7fb9201074d0 0x7fb92019d090 unknown :-1 s=NONE pgs=0 cs=0 l=1 rev1=0 crypto rx=0 tx=0 comp rx=0 tx=0).connect
2023-11-27T17:49:30.779 INFO:teuthology.orchestra.run.smithi019.stdout:/usr/bin/ceph: stderr
2023-11-27T17:49:29.839+0000 7fb9259ea700 1 -- --> [v2:172.21.15.19:3300/0,v1:172.21.15.19:6789/0] -- mon_getmap magic: 0 v1 -- 0x7fb92019d5d0 con 0x7fb9201074d0
2023-11-27T17:49:30.779 INFO:teuthology.orchestra.run.smithi019.stdout:/usr/bin/ceph: stderr
2023-11-27T17:49:29.839+0000 7fb91effd700 1 --2- >> [v2:172.21.15.19:3300/0,v1:172.21.15.19:6789/0] conn(0x7fb9201074d0 0x7fb92019d090 unknown :-1 s=BANNER_CONNECTING pgs=0 cs=0 l=1 rev1=0 crypto rx=0 tx=0 comp rx=0 tx=0)._handle_peer_banner_payload supported=3 required=0
2023-11-27T17:49:30.779 INFO:teuthology.orchestra.run.smithi019.stdout:/usr/bin/ceph: stderr
2023-11-27T17:49:29.839+0000 7fb91effd700 1 --2- >> [v2:172.21.15.19:3300/0,v1:172.21.15.19:6789/0] conn(0x7fb9201074d0 0x7fb92019d090 unknown :-1 s=HELLO_CONNECTING pgs=0 cs=0 l=1 rev1=1 crypto rx=0 tx=0 comp rx=0 tx=0).handle_hello peer v2:172.21.15.19:3300/0 says I am v2:172.21.15.19:50854/0 (socket says 172.21.15.19:50854)
2023-11-27T17:49:30.779 INFO:teuthology.orchestra.run.smithi019.stdout:/usr/bin/ceph: stderr
2023-11-27T17:49:29.839+0000 7fb91effd700 1 -- 172.21.15.19:0/1634455188 learned_addr learned my addr 172.21.15.19:0/1634455188 (peer_addr_for_me v2:172.21.15.19:0/0)
2023-11-27T17:49:30.779 INFO:teuthology.orchestra.run.smithi019.stdout:/usr/bin/ceph: stderr
2023-11-27T17:49:29.839+0000 7fb91effd700 1 -- 172.21.15.19:0/1634455188 --> [v2:172.21.15.19:3300/0,v1:172.21.15.19:6789/0] -- mon_subscribe({config=0+,monmap=0+}) v3 -- 0x7fb91000b7f0 con 0x7fb9201074d0
2023-11-27T17:49:30.779 INFO:teuthology.orchestra.run.smithi019.stdout:/usr/bin/ceph: stderr
2023-11-27T17:49:29.839+0000 7fb91effd700 1 --2- 172.21.15.19:0/1634455188 >> [v2:172.21.15.19:3300/0,v1:172.21.15.19:6789/0] conn(0x7fb9201074d0 0x7fb92019d090 secure :-1 s=READY pgs=54 cs=0 l=1 rev1=1 crypto rx=0x7fb91000b340 tx=0x7fb9100040e0 comp rx=0 tx=0).ready entity=mon.0 client_cookie=0 server_cookie=0 in_seq=0 out_seq=0
2023-11-27T17:49:30.779 INFO:teuthology.orchestra.run.smithi019.stdout:/usr/bin/ceph: stderr
2023-11-27T17:49:29.839+0000 7fb9249e8700 1 -- 172.21.15.19:0/1634455188 <== mon.0 v2:172.21.15.19:3300/0 1 ==== mon_map magic: 0 v1 ==== 205+0+0 (secure 0 0 0) 0x7fb910010730 con 0x7fb9201074d0
2023-11-27T17:49:30.779 INFO:teuthology.orchestra.run.smithi019.stdout:/usr/bin/ceph: stderr
2023-11-27T17:49:29.839+0000 7fb9249e8700 1 -- 172.21.15.19:0/1634455188 <== mon.0 v2:172.21.15.19:3300/0 2 ==== config(28 keys) v1 ==== 1174+0+0 (secure 0 0 0) 0x7fb910010d90 con 0x7fb9201074d0
2023-11-27T17:49:30.779 INFO:teuthology.orchestra.run.smithi019.stdout:/usr/bin/ceph: stderr
2023-11-27T17:49:29.839+0000 7fb9259ea700 1 -- 172.21.15.19:0/1634455188 --> [v2:172.21.15.19:3300/0,v1:172.21.15.19:6789/0] -- mon_subscribe({mgrmap=0+}) v3 -- 0x7fb92019d7d0 con 0x7fb9201074d0
2023-11-27T17:49:30.779 INFO:teuthology.orchestra.run.smithi019.stdout:/usr/bin/ceph: stderr
2023-11-27T17:49:29.839+0000 7fb9249e8700 1 -- 172.21.15.19:0/1634455188 <== mon.0 v2:172.21.15.19:3300/0 3 ==== mon_map magic: 0 v1 ==== 205+0+0 (secure 0 0 0) 0x7fb910021e50 con 0x7fb9201074d0
2023-11-27T17:49:30.779 INFO:teuthology.orchestra.run.smithi019.stdout:/usr/bin/ceph: stderr
2023-11-27T17:49:29.839+0000 7fb9259ea700 1 -- 172.21.15.19:0/1634455188 --> [v2:172.21.15.19:3300/0,v1:172.21.15.19:6789/0] -- mon_subscribe({osdmap=0}) v3 -- 0x7fb92019dc10 con 0x7fb9201074d0
2023-11-27T17:49:30.779 INFO:teuthology.orchestra.run.smithi019.stdout:/usr/bin/ceph: stderr
2023-11-27T17:49:29.840+0000 7fb9249e8700 1 -- 172.21.15.19:0/1634455188 <== mon.0 v2:172.21.15.19:3300/0 4 ==== mgrmap(e 8) v1 ==== 45719+0+0 (secure 0 0 0) 0x7fb910019440 con 0x7fb9201074d0
2023-11-27T17:49:30.780 INFO:teuthology.orchestra.run.smithi019.stdout:/usr/bin/ceph: stderr
2023-11-27T17:49:29.841+0000 7fb9249e8700 1 --2- 172.21.15.19:0/1634455188 >> [v2:172.21.15.19:6800/1988651465,v1:172.21.15.19:6801/1988651465] conn(0x7fb908038b40 0x7fb90803b000 unknown :-1 s=NONE pgs=0 cs=0 l=1 rev1=0 crypto rx=0 tx=0 comp rx=0 tx=0).connect
2023-11-27T17:49:30.780 INFO:teuthology.orchestra.run.smithi019.stdout:/usr/bin/ceph: stderr
2023-11-27T17:49:29.841+0000 7fb9249e8700 1 -- 172.21.15.19:0/1634455188 <== mon.0 v2:172.21.15.19:3300/0 5 ==== osd_map(2..2 src has 1..2) v4 ==== 940+0+0 (secure 0 0 0) 0x7fb91004e180 con 0x7fb9201074d0
2023-11-27T17:49:30.780 INFO:teuthology.orchestra.run.smithi019.stdout:/usr/bin/ceph: stderr
2023-11-27T17:49:29.841+0000 7fb9259ea700 1 -- 172.21.15.19:0/1634455188 --> [v2:172.21.15.19:3300/0,v1:172.21.15.19:6789/0] -- mon_command({"prefix": "get_command_descriptions"} v 0) v1 -- 0x7fb920105100 con 0x7fb9201074d0
2023-11-27T17:49:30.780 INFO:teuthology.orchestra.run.smithi019.stdout:/usr/bin/ceph: stderr
2023-11-27T17:49:29.841+0000 7fb91e7fc700 1 --2- 172.21.15.19:0/1634455188 >> [v2:172.21.15.19:6800/1988651465,v1:172.21.15.19:6801/1988651465] conn(0x7fb908038b40 0x7fb90803b000 unknown :-1 s=BANNER_CONNECTING pgs=0 cs=0 l=1 rev1=0 crypto rx=0 tx=0 comp rx=0 tx=0)._handle_peer_banner_payload supported=3 required=0
2023-11-27T17:49:30.780 INFO:teuthology.orchestra.run.smithi019.stdout:/usr/bin/ceph: stderr
2023-11-27T17:49:29.841+0000 7fb91e7fc700 1 --2- 172.21.15.19:0/1634455188 >> [v2:172.21.15.19:6800/1988651465,v1:172.21.15.19:6801/1988651465] conn(0x7fb908038b40 0x7fb90803b000 secure :-1 s=READY pgs=15 cs=0 l=1 rev1=1 crypto rx=0x7fb914006fd0 tx=0x7fb914006e40 comp rx=0 tx=0).ready entity=mgr.14120 client_cookie=0 server_cookie=0 in_seq=0 out_seq=0
2023-11-27T17:49:30.780 INFO:teuthology.orchestra.run.smithi019.stdout:/usr/bin/ceph: stderr
2023-11-27T17:49:29.850+0000 7fb9249e8700 1 -- 172.21.15.19:0/1634455188 <== mon.0 v2:172.21.15.19:3300/0 6 ==== mon_command_ack([{"prefix": "get_command_descriptions"}]=0 v0) v1 ==== 72+0+180955 (secure 0 0 0) 0x7fb91000e950 con 0x7fb9201074d0
2023-11-27T17:49:30.780 INFO:teuthology.orchestra.run.smithi019.stdout:/usr/bin/ceph: stderr
2023-11-27T17:49:30.220+0000 7fb9259ea700 1 -- 172.21.15.19:0/1634455188 --> [v2:172.21.15.19:3300/0,v1:172.21.15.19:6789/0] -- mon_command([{prefix=config set, name=mgr/dashboard/ssl_server_port}] v 0) v1 -- 0x7fb9201923c0 con 0x7fb9201074d0
2023-11-27T17:49:30.780 INFO:teuthology.orchestra.run.smithi019.stdout:/usr/bin/ceph: stderr
2023-11-27T17:49:30.224+0000 7fb9249e8700 1 -- 172.21.15.19:0/1634455188 <== mon.0 v2:172.21.15.19:3300/0 7 ==== mon_command_ack([{prefix=config set, name=mgr/dashboard/ssl_server_port}]=0 v8)=0 v8) v1 ==== 130+0+0 (secure 0 0 0) 0x7fb91000e360 con 0x7fb9201074d0
2023-11-27T17:49:30.780 INFO:teuthology.orchestra.run.smithi019.stdout:/usr/bin/ceph: stderr
2023-11-27T17:49:30.226+0000 7fb9259ea700 1 -- 172.21.15.19:0/1634455188 >> [v2:172.21.15.19:6800/1988651465,v1:172.21.15.19:6801/1988651465] conn(0x7fb908038b40 msgr2=0x7fb90803b000 secure :-1 s=STATE_CONNECTION_ESTABLISHED l=1).mark_down
2023-11-27T17:49:30.780 INFO:teuthology.orchestra.run.smithi019.stdout:/usr/bin/ceph: stderr
2023-11-27T17:49:30.226+0000 7fb9259ea700 1 --2- 172.21.15.19:0/1634455188 >> [v2:172.21.15.19:6800/1988651465,v1:172.21.15.19:6801/1988651465] conn(0x7fb908038b40 0x7fb90803b000 secure :-1 s=READY pgs=15 cs=0 l=1 rev1=1 crypto rx=0x7fb914006fd0 tx=0x7fb914006e40 comp rx=0 tx=0).stop
2023-11-27T17:49:30.780 INFO:teuthology.orchestra.run.smithi019.stdout:/usr/bin/ceph: stderr
2023-11-27T17:49:30.226+0000 7fb9259ea700 1 -- 172.21.15.19:0/1634455188 >> [v2:172.21.15.19:3300/0,v1:172.21.15.19:6789/0] conn(0x7fb9201074d0 msgr2=0x7fb92019d090 secure :-1 s=STATE_CONNECTION_ESTABLISHED l=1).mark_down
2023-11-27T17:49:30.780 INFO:teuthology.orchestra.run.smithi019.stdout:/usr/bin/ceph: stderr
2023-11-27T17:49:30.226+0000 7fb9259ea700 1 --2- 172.21.15.19:0/1634455188 >> [v2:172.21.15.19:3300/0,v1:172.21.15.19:6789/0] conn(0x7fb9201074d0 0x7fb92019d090 secure :-1 s=READY pgs=54 cs=0 l=1 rev1=1 crypto rx=0x7fb91000b340 tx=0x7fb9100040e0 comp rx=0 tx=0).stop
2023-11-27T17:49:30.780 INFO:teuthology.orchestra.run.smithi019.stdout:/usr/bin/ceph: stderr
2023-11-27T17:49:30.227+0000 7fb9259ea700 1 -- 172.21.15.19:0/1634455188 shutdown_connections
2023-11-27T17:49:30.781 INFO:teuthology.orchestra.run.smithi019.stdout:/usr/bin/ceph: stderr
2023-11-27T17:49:30.227+0000 7fb9259ea700 1 --2- 172.21.15.19:0/1634455188 >> [v2:172.21.15.19:6800/1988651465,v1:172.21.15.19:6801/1988651465] conn(0x7fb908038b40 0x7fb90803b000 unknown :-1 s=CLOSED pgs=15 cs=0 l=1 rev1=1 crypto rx=0 tx=0 comp rx=0 tx=0).stop
2023-11-27T17:49:30.781 INFO:teuthology.orchestra.run.smithi019.stdout:/usr/bin/ceph: stderr
2023-11-27T17:49:30.227+0000 7fb9259ea700 1 --2- 172.21.15.19:0/1634455188 >> [v2:172.21.15.19:3300/0,v1:172.21.15.19:6789/0] conn(0x7fb9201074d0 0x7fb92019d090 unknown :-1 s=CLOSED pgs=54 cs=0 l=1 rev1=1 crypto rx=0 tx=0 comp rx=0 tx=0).stop
2023-11-27T17:49:30.781 INFO:teuthology.orchestra.run.smithi019.stdout:/usr/bin/ceph: stderr
2023-11-27T17:49:30.227+0000 7fb9259ea700 1 -- 172.21.15.19:0/1634455188 >> 172.21.15.19:0/1634455188 conn(0x7fb920100d80 msgr2=0x7fb92018f480 unknown :-1 s=STATE_NONE l=0).mark_down
2023-11-27T17:49:30.781 INFO:teuthology.orchestra.run.smithi019.stdout:/usr/bin/ceph: stderr
2023-11-27T17:49:30.227+0000 7fb9259ea700 1 -- 172.21.15.19:0/1634455188 shutdown_connections
2023-11-27T17:49:30.781 INFO:teuthology.orchestra.run.smithi019.stdout:/usr/bin/ceph: stderr
2023-11-27T17:49:30.227+0000 7fb9259ea700 1 -- 172.21.15.19:0/1634455188 wait complete.
2023-11-27T17:49:30.782 INFO:teuthology.orchestra.run.smithi019.stdout:Enabling the dashboard module...
2023-11-27T17:49:30.830 INFO:journalctl@ceph.mon.a.smithi019.stdout:Nov 27 17:49:30 smithi019 ceph-mon[129796]: from='mgr.14120 172.21.15.19:0/4198973998' entity='mgr.x'
2023-11-27T17:49:30.830 INFO:journalctl@ceph.mon.a.smithi019.stdout:Nov 27 17:49:30 smithi019 ceph-mon[129796]: from='client.? 172.21.15.19:0/1634455188' entity='client.admin'
2023-11-27T17:49:32.064 INFO:journalctl@ceph.mon.a.smithi019.stdout:Nov 27 17:49:31 smithi019 ceph-mon[129796]: from='mgr.14120 172.21.15.19:0/4198973998' entity='mgr.x'
2023-11-27T17:49:32.064 INFO:journalctl@ceph.mon.a.smithi019.stdout:Nov 27 17:49:31 smithi019 ceph-mon[129796]: from='client.? 172.21.15.19:0/1344509290' entity='client.admin' cmd=[{"prefix": "mgr module enable", "module": "dashboard"}]: dispatch
2023-11-27T17:49:32.646 INFO:journalctl@ceph.mgr.x.smithi019.stdout:Nov 27 17:49:32 smithi019 ceph-165ce212-8d4d-11ee-95a2-87774f69a715-mgr-x[130041]: ignoring --setuser ceph since I am not root
2023-11-27T17:49:32.668 INFO:journalctl@ceph.mgr.x.smithi019.stdout:Nov 27 17:49:32 smithi019 ceph-165ce212-8d4d-11ee-95a2-87774f69a715-mgr-x[130041]: ignoring --setgroup ceph since I am not root
2023-11-27T17:49:32.668 INFO:journalctl@ceph.mgr.x.smithi019.stdout:Nov 27 17:49:32 smithi019 ceph-165ce212-8d4d-11ee-95a2-87774f69a715-mgr-x[130041]:
2023-11-27T17:49:32.545+0000 7fcab7334200 -1 mgr[py] Module devicehealth has missing NOTIFY_TYPES member
2023-11-27T17:49:32.826 INFO:teuthology.orchestra.run.smithi019.stdout:/usr/bin/ceph: stderr
2023-11-27T17:49:31.321+0000 7f9d27a38700 1 Processor -- start
2023-11-27T17:49:32.826 INFO:teuthology.orchestra.run.smithi019.stdout:/usr/bin/ceph: stderr
2023-11-27T17:49:31.321+0000 7f9d27a38700 1 -- start start
2023-11-27T17:49:32.826 INFO:teuthology.orchestra.run.smithi019.stdout:/usr/bin/ceph: stderr
2023-11-27T17:49:31.321+0000 7f9d27a38700 1 --2- >> [v2:172.21.15.19:3300/0,v1:172.21.15.19:6789/0] conn(0x7f9d20107af0 0x7f9d20109ee0 unknown :-1 s=NONE pgs=0 cs=0 l=0 rev1=0 crypto rx=0 tx=0 comp rx=0 tx=0).connect
2023-11-27T17:49:32.826 INFO:teuthology.orchestra.run.smithi019.stdout:/usr/bin/ceph: stderr
2023-11-27T17:49:31.321+0000 7f9d27a38700 1 -- --> [v2:172.21.15.19:3300/0,v1:172.21.15.19:6789/0] -- mon_getmap magic: 0 v1 -- 0x7f9d2007ae30 con 0x7f9d20107af0
2023-11-27T17:49:32.826 INFO:teuthology.orchestra.run.smithi019.stdout:/usr/bin/ceph: stderr
2023-11-27T17:49:31.322+0000 7f9d257d4700 1 --2- >> [v2:172.21.15.19:3300/0,v1:172.21.15.19:6789/0] conn(0x7f9d20107af0 0x7f9d20109ee0 unknown :-1 s=BANNER_CONNECTING pgs=0 cs=0 l=0 rev1=0 crypto rx=0 tx=0 comp rx=0 tx=0)._handle_peer_banner_payload supported=3 required=0
2023-11-27T17:49:32.826 INFO:teuthology.orchestra.run.smithi019.stdout:/usr/bin/ceph: stderr
2023-11-27T17:49:31.322+0000 7f9d257d4700 1 --2- >> [v2:172.21.15.19:3300/0,v1:172.21.15.19:6789/0] conn(0x7f9d20107af0 0x7f9d20109ee0 unknown :-1 s=HELLO_CONNECTING pgs=0 cs=0 l=0 rev1=1 crypto rx=0 tx=0 comp rx=0 tx=0).handle_hello peer v2:172.21.15.19:3300/0 says I am v2:172.21.15.19:50858/0 (socket says 172.21.15.19:50858)
2023-11-27T17:49:32.826 INFO:teuthology.orchestra.run.smithi019.stdout:/usr/bin/ceph: stderr
2023-11-27T17:49:31.322+0000 7f9d257d4700 1 -- 172.21.15.19:0/3713842308 learned_addr learned my addr 172.21.15.19:0/3713842308 (peer_addr_for_me v2:172.21.15.19:0/0)
2023-11-27T17:49:32.826 INFO:teuthology.orchestra.run.smithi019.stdout:/usr/bin/ceph: stderr
2023-11-27T17:49:31.322+0000 7f9d257d4700 1 -- 172.21.15.19:0/3713842308 --> [v2:172.21.15.19:3300/0,v1:172.21.15.19:6789/0] -- mon_subscribe({config=0+,monmap=0+}) v3 -- 0x7f9d2010a420 con 0x7f9d20107af0
2023-11-27T17:49:32.827 INFO:teuthology.orchestra.run.smithi019.stdout:/usr/bin/ceph: stderr
2023-11-27T17:49:31.322+0000 7f9d257d4700 1 --2- 172.21.15.19:0/3713842308 >> [v2:172.21.15.19:3300/0,v1:172.21.15.19:6789/0] conn(0x7f9d20107af0 0x7f9d20109ee0 secure :-1 s=READY pgs=55 cs=0 l=1 rev1=1 crypto rx=0x7f9d100098a0 tx=0x7f9d10009bb0 comp rx=0 tx=0).ready entity=mon.0 client_cookie=a8ff442f79b0bec5 server_cookie=0 in_seq=0 out_seq=0
2023-11-27T17:49:32.827 INFO:teuthology.orchestra.run.smithi019.stdout:/usr/bin/ceph: stderr
2023-11-27T17:49:31.322+0000 7f9d17fff700 1 -- 172.21.15.19:0/3713842308 <== mon.0 v2:172.21.15.19:3300/0 1 ==== mon_map magic: 0 v1 ==== 205+0+0 (secure 0 0 0) 0x7f9d10004160 con 0x7f9d20107af0
2023-11-27T17:49:32.827 INFO:teuthology.orchestra.run.smithi019.stdout:/usr/bin/ceph: stderr
2023-11-27T17:49:31.322+0000 7f9d17fff700 1 -- 172.21.15.19:0/3713842308 <== mon.0 v2:172.21.15.19:3300/0 2 ==== config(28 keys) v1 ==== 1174+0+0 (secure 0 0 0) 0x7f9d100042c0 con 0x7f9d20107af0
2023-11-27T17:49:32.827 INFO:teuthology.orchestra.run.smithi019.stdout:/usr/bin/ceph: stderr
2023-11-27T17:49:31.322+0000 7f9d17fff700 1 -- 172.21.15.19:0/3713842308 <== mon.0 v2:172.21.15.19:3300/0 3 ==== mon_map magic: 0 v1 ==== 205+0+0 (secure 0 0 0) 0x7f9d10011b90 con 0x7f9d20107af0
2023-11-27T17:49:32.827 INFO:teuthology.orchestra.run.smithi019.stdout:/usr/bin/ceph: stderr
2023-11-27T17:49:31.323+0000 7f9d27a38700 1 -- 172.21.15.19:0/3713842308 >> [v2:172.21.15.19:3300/0,v1:172.21.15.19:6789/0] conn(0x7f9d20107af0 msgr2=0x7f9d20109ee0 secure :-1 s=STATE_CONNECTION_ESTABLISHED l=1).mark_down
2023-11-27T17:49:32.827 INFO:teuthology.orchestra.run.smithi019.stdout:/usr/bin/ceph: stderr
2023-11-27T17:49:31.323+0000 7f9d27a38700 1 --2- 172.21.15.19:0/3713842308 >> [v2:172.21.15.19:3300/0,v1:172.21.15.19:6789/0] conn(0x7f9d20107af0 0x7f9d20109ee0 secure :-1 s=READY pgs=55 cs=0 l=1 rev1=1 crypto rx=0x7f9d100098a0 tx=0x7f9d10009bb0 comp rx=0 tx=0).stop
2023-11-27T17:49:32.827 INFO:teuthology.orchestra.run.smithi019.stdout:/usr/bin/ceph: stderr
2023-11-27T17:49:31.323+0000 7f9d27a38700 1 -- 172.21.15.19:0/3713842308 shutdown_connections
2023-11-27T17:49:32.827 INFO:teuthology.orchestra.run.smithi019.stdout:/usr/bin/ceph: stderr
2023-11-27T17:49:31.323+0000 7f9d27a38700 1 --2- 172.21.15.19:0/3713842308 >> [v2:172.21.15.19:3300/0,v1:172.21.15.19:6789/0] conn(0x7f9d20107af0 0x7f9d20109ee0 unknown :-1 s=CLOSED pgs=55 cs=0 l=1 rev1=1 crypto rx=0 tx=0 comp rx=0 tx=0).stop
2023-11-27T17:49:32.827 INFO:teuthology.orchestra.run.smithi019.stdout:/usr/bin/ceph: stderr
2023-11-27T17:49:31.323+0000 7f9d27a38700 1 -- 172.21.15.19:0/3713842308 >> 172.21.15.19:0/3713842308 conn(0x7f9d201015a0 msgr2=0x7f9d201039c0 unknown :-1 s=STATE_NONE l=0).mark_down
2023-11-27T17:49:32.827 INFO:teuthology.orchestra.run.smithi019.stdout:/usr/bin/ceph: stderr
2023-11-27T17:49:31.323+0000 7f9d27a38700 1 -- 172.21.15.19:0/3713842308 shutdown_connections
2023-11-27T17:49:32.827 INFO:teuthology.orchestra.run.smithi019.stdout:/usr/bin/ceph: stderr
2023-11-27T17:49:31.323+0000 7f9d27a38700 1 -- 172.21.15.19:0/3713842308 wait complete.
2023-11-27T17:49:32.827 INFO:teuthology.orchestra.run.smithi019.stdout:/usr/bin/ceph: stderr
2023-11-27T17:49:31.324+0000 7f9d27a38700 1 Processor -- start
2023-11-27T17:49:32.827 INFO:teuthology.orchestra.run.smithi019.stdout:/usr/bin/ceph: stderr
2023-11-27T17:49:31.324+0000 7f9d27a38700 1 -- start start
2023-11-27T17:49:32.827 INFO:teuthology.orchestra.run.smithi019.stdout:/usr/bin/ceph: stderr
2023-11-27T17:49:31.324+0000 7f9d27a38700 1 --2- >> [v2:172.21.15.19:3300/0,v1:172.21.15.19:6789/0] conn(0x7f9d20107af0 0x7f9d20198c60 unknown :-1 s=NONE pgs=0 cs=0 l=1 rev1=0 crypto rx=0 tx=0 comp rx=0 tx=0).connect
2023-11-27T17:49:32.828 INFO:teuthology.orchestra.run.smithi019.stdout:/usr/bin/ceph: stderr
2023-11-27T17:49:31.324+0000 7f9d27a38700 1 -- --> [v2:172.21.15.19:3300/0,v1:172.21.15.19:6789/0] -- mon_getmap magic: 0 v1 -- 0x7f9d201991a0 con 0x7f9d20107af0
2023-11-27T17:49:32.828 INFO:teuthology.orchestra.run.smithi019.stdout:/usr/bin/ceph: stderr
2023-11-27T17:49:31.324+0000 7f9d257d4700 1 --2- >> [v2:172.21.15.19:3300/0,v1:172.21.15.19:6789/0] conn(0x7f9d20107af0 0x7f9d20198c60 unknown :-1 s=BANNER_CONNECTING pgs=0 cs=0 l=1 rev1=0 crypto rx=0 tx=0 comp rx=0 tx=0)._handle_peer_banner_payload supported=3 required=0
2023-11-27T17:49:32.828 INFO:teuthology.orchestra.run.smithi019.stdout:/usr/bin/ceph: stderr
2023-11-27T17:49:31.324+0000 7f9d257d4700 1 --2- >> [v2:172.21.15.19:3300/0,v1:172.21.15.19:6789/0] conn(0x7f9d20107af0 0x7f9d20198c60 unknown :-1 s=HELLO_CONNECTING pgs=0 cs=0 l=1 rev1=1 crypto rx=0 tx=0 comp rx=0 tx=0).handle_hello peer v2:172.21.15.19:3300/0 says I am v2:172.21.15.19:50860/0 (socket says 172.21.15.19:50860)
2023-11-27T17:49:32.828 INFO:teuthology.orchestra.run.smithi019.stdout:/usr/bin/ceph: stderr
2023-11-27T17:49:31.324+0000 7f9d257d4700 1 -- 172.21.15.19:0/1344509290 learned_addr learned my addr 172.21.15.19:0/1344509290 (peer_addr_for_me v2:172.21.15.19:0/0)
2023-11-27T17:49:32.828 INFO:teuthology.orchestra.run.smithi019.stdout:/usr/bin/ceph: stderr
2023-11-27T17:49:31.325+0000 7f9d257d4700 1 -- 172.21.15.19:0/1344509290 --> [v2:172.21.15.19:3300/0,v1:172.21.15.19:6789/0] -- mon_subscribe({config=0+,monmap=0+}) v3 -- 0x7f9d10009550 con 0x7f9d20107af0
2023-11-27T17:49:32.828 INFO:teuthology.orchestra.run.smithi019.stdout:/usr/bin/ceph: stderr
