2023-11-28T01:07:32.166+0000 7ffa3d59a700 1 -- 172.21.15.172:0/1994316716 <== mon.0 v2:172.21.15.172:3300/0 3 ==== mon_map magic: 0 v1 ==== 205+0+0 (secure 0 0 0) 0x7ffa300117c0 con 0x7ffa40103a50
2023-11-28T01:07:36.625 INFO:teuthology.orchestra.run.smithi172.stdout:/usr/bin/ceph: stderr
2023-11-28T01:07:32.167+0000 7ffa44a3a700 1 -- 172.21.15.172:0/1994316716 >> [v2:172.21.15.172:3300/0,v1:172.21.15.172:6789/0] conn(0x7ffa40103a50 msgr2=0x7ffa40103e70 secure :-1 s=STATE_CONNECTION_ESTABLISHED l=1).mark_down
2023-11-28T01:07:36.625 INFO:teuthology.orchestra.run.smithi172.stdout:/usr/bin/ceph: stderr
2023-11-28T01:07:32.167+0000 7ffa44a3a700 1 --2- 172.21.15.172:0/1994316716 >> [v2:172.21.15.172:3300/0,v1:172.21.15.172:6789/0] conn(0x7ffa40103a50 0x7ffa40103e70 secure :-1 s=READY pgs=45 cs=0 l=1 rev1=1 crypto rx=0x7ffa300098a0 tx=0x7ffa30009bb0 comp rx=0 tx=0).stop
2023-11-28T01:07:36.625 INFO:teuthology.orchestra.run.smithi172.stdout:/usr/bin/ceph: stderr
2023-11-28T01:07:32.167+0000 7ffa44a3a700 1 -- 172.21.15.172:0/1994316716 shutdown_connections
2023-11-28T01:07:36.625 INFO:teuthology.orchestra.run.smithi172.stdout:/usr/bin/ceph: stderr
2023-11-28T01:07:32.167+0000 7ffa44a3a700 1 --2- 172.21.15.172:0/1994316716 >> [v2:172.21.15.172:3300/0,v1:172.21.15.172:6789/0] conn(0x7ffa40103a50 0x7ffa40103e70 unknown :-1 s=CLOSED pgs=45 cs=0 l=1 rev1=1 crypto rx=0 tx=0 comp rx=0 tx=0).stop
2023-11-28T01:07:36.625 INFO:teuthology.orchestra.run.smithi172.stdout:/usr/bin/ceph: stderr
2023-11-28T01:07:32.167+0000 7ffa44a3a700 1 -- 172.21.15.172:0/1994316716 >> 172.21.15.172:0/1994316716 conn(0x7ffa400ff5f0 msgr2=0x7ffa40101a50 unknown :-1 s=STATE_NONE l=0).mark_down
2023-11-28T01:07:36.625 INFO:teuthology.orchestra.run.smithi172.stdout:/usr/bin/ceph: stderr
2023-11-28T01:07:32.167+0000 7ffa44a3a700 1 -- 172.21.15.172:0/1994316716 shutdown_connections
2023-11-28T01:07:36.625 INFO:teuthology.orchestra.run.smithi172.stdout:/usr/bin/ceph: stderr
2023-11-28T01:07:32.167+0000 7ffa44a3a700 1 -- 172.21.15.172:0/1994316716 wait complete.
2023-11-28T01:07:36.625 INFO:teuthology.orchestra.run.smithi172.stdout:/usr/bin/ceph: stderr
2023-11-28T01:07:32.167+0000 7ffa44a3a700 1 Processor -- start
2023-11-28T01:07:36.626 INFO:teuthology.orchestra.run.smithi172.stdout:/usr/bin/ceph: stderr
2023-11-28T01:07:32.168+0000 7ffa44a3a700 1 -- start start
2023-11-28T01:07:36.626 INFO:teuthology.orchestra.run.smithi172.stdout:/usr/bin/ceph: stderr
2023-11-28T01:07:32.168+0000 7ffa44a3a700 1 --2- >> [v2:172.21.15.172:3300/0,v1:172.21.15.172:6789/0] conn(0x7ffa40103a50 0x7ffa4019b000 unknown :-1 s=NONE pgs=0 cs=0 l=1 rev1=0 crypto rx=0 tx=0 comp rx=0 tx=0).connect
2023-11-28T01:07:36.626 INFO:teuthology.orchestra.run.smithi172.stdout:/usr/bin/ceph: stderr
2023-11-28T01:07:32.168+0000 7ffa44a3a700 1 -- --> [v2:172.21.15.172:3300/0,v1:172.21.15.172:6789/0] -- mon_getmap magic: 0 v1 -- 0x7ffa4019b540 con 0x7ffa40103a50
2023-11-28T01:07:36.626 INFO:teuthology.orchestra.run.smithi172.stdout:/usr/bin/ceph: stderr
2023-11-28T01:07:32.168+0000 7ffa3e59c700 1 --2- >> [v2:172.21.15.172:3300/0,v1:172.21.15.172:6789/0] conn(0x7ffa40103a50 0x7ffa4019b000 unknown :-1 s=BANNER_CONNECTING pgs=0 cs=0 l=1 rev1=0 crypto rx=0 tx=0 comp rx=0 tx=0)._handle_peer_banner_payload supported=3 required=0
2023-11-28T01:07:36.626 INFO:teuthology.orchestra.run.smithi172.stdout:/usr/bin/ceph: stderr
2023-11-28T01:07:32.168+0000 7ffa3e59c700 1 --2- >> [v2:172.21.15.172:3300/0,v1:172.21.15.172:6789/0] conn(0x7ffa40103a50 0x7ffa4019b000 unknown :-1 s=HELLO_CONNECTING pgs=0 cs=0 l=1 rev1=1 crypto rx=0 tx=0 comp rx=0 tx=0).handle_hello peer v2:172.21.15.172:3300/0 says I am v2:172.21.15.172:49274/0 (socket says 172.21.15.172:49274)
2023-11-28T01:07:36.626 INFO:teuthology.orchestra.run.smithi172.stdout:/usr/bin/ceph: stderr
2023-11-28T01:07:32.168+0000 7ffa3e59c700 1 -- 172.21.15.172:0/372902094 learned_addr learned my addr 172.21.15.172:0/372902094 (peer_addr_for_me v2:172.21.15.172:0/0)
2023-11-28T01:07:36.626 INFO:teuthology.orchestra.run.smithi172.stdout:/usr/bin/ceph: stderr
2023-11-28T01:07:32.168+0000 7ffa3e59c700 1 -- 172.21.15.172:0/372902094 --> [v2:172.21.15.172:3300/0,v1:172.21.15.172:6789/0] -- mon_subscribe({config=0+,monmap=0+}) v3 -- 0x7ffa30009550 con 0x7ffa40103a50
2023-11-28T01:07:36.626 INFO:teuthology.orchestra.run.smithi172.stdout:/usr/bin/ceph: stderr
2023-11-28T01:07:32.168+0000 7ffa3e59c700 1 --2- 172.21.15.172:0/372902094 >> [v2:172.21.15.172:3300/0,v1:172.21.15.172:6789/0] conn(0x7ffa40103a50 0x7ffa4019b000 secure :-1 s=READY pgs=46 cs=0 l=1 rev1=1 crypto rx=0x7ffa30009870 tx=0x7ffa30011d10 comp rx=0 tx=0).ready entity=mon.0 client_cookie=0 server_cookie=0 in_seq=0 out_seq=0
2023-11-28T01:07:36.626 INFO:teuthology.orchestra.run.smithi172.stdout:/usr/bin/ceph: stderr
2023-11-28T01:07:32.168+0000 7ffa2f7fe700 1 -- 172.21.15.172:0/372902094 <== mon.0 v2:172.21.15.172:3300/0 1 ==== mon_map magic: 0 v1 ==== 205+0+0 (secure 0 0 0) 0x7ffa30004180 con 0x7ffa40103a50
2023-11-28T01:07:36.626 INFO:teuthology.orchestra.run.smithi172.stdout:/usr/bin/ceph: stderr
2023-11-28T01:07:32.168+0000 7ffa2f7fe700 1 -- 172.21.15.172:0/372902094 <== mon.0 v2:172.21.15.172:3300/0 2 ==== config(23 keys) v1 ==== 976+0+0 (secure 0 0 0) 0x7ffa300042e0 con 0x7ffa40103a50
2023-11-28T01:07:36.626 INFO:teuthology.orchestra.run.smithi172.stdout:/usr/bin/ceph: stderr
2023-11-28T01:07:32.168+0000 7ffa44a3a700 1 -- 172.21.15.172:0/372902094 --> [v2:172.21.15.172:3300/0,v1:172.21.15.172:6789/0] -- mon_subscribe({mgrmap=0+}) v3 -- 0x7ffa4019b740 con 0x7ffa40103a50
2023-11-28T01:07:36.626 INFO:teuthology.orchestra.run.smithi172.stdout:/usr/bin/ceph: stderr
2023-11-28T01:07:32.168+0000 7ffa2f7fe700 1 -- 172.21.15.172:0/372902094 <== mon.0 v2:172.21.15.172:3300/0 3 ==== mon_map magic: 0 v1 ==== 205+0+0 (secure 0 0 0) 0x7ffa3001bea0 con 0x7ffa40103a50
2023-11-28T01:07:36.627 INFO:teuthology.orchestra.run.smithi172.stdout:/usr/bin/ceph: stderr
2023-11-28T01:07:32.168+0000 7ffa44a3a700 1 -- 172.21.15.172:0/372902094 --> [v2:172.21.15.172:3300/0,v1:172.21.15.172:6789/0] -- mon_subscribe({osdmap=0}) v3 -- 0x7ffa4019bbe0 con 0x7ffa40103a50
2023-11-28T01:07:36.627 INFO:teuthology.orchestra.run.smithi172.stdout:/usr/bin/ceph: stderr
2023-11-28T01:07:32.169+0000 7ffa2f7fe700 1 -- 172.21.15.172:0/372902094 <== mon.0 v2:172.21.15.172:3300/0 4 ==== mgrmap(e 8) v1 ==== 45719+0+0 (secure 0 0 0) 0x7ffa3001b440 con 0x7ffa40103a50
2023-11-28T01:07:36.627 INFO:teuthology.orchestra.run.smithi172.stdout:/usr/bin/ceph: stderr
2023-11-28T01:07:32.169+0000 7ffa44a3a700 1 -- 172.21.15.172:0/372902094 --> [v2:172.21.15.172:3300/0,v1:172.21.15.172:6789/0] -- mon_command({"prefix": "get_command_descriptions"} v 0) v1 -- 0x7ffa40194d30 con 0x7ffa40103a50
2023-11-28T01:07:36.627 INFO:teuthology.orchestra.run.smithi172.stdout:/usr/bin/ceph: stderr
2023-11-28T01:07:32.169+0000 7ffa2f7fe700 1 --2- 172.21.15.172:0/372902094 >> [v2:172.21.15.172:6800/2738031896,v1:172.21.15.172:6801/2738031896] conn(0x7ffa28038be0 0x7ffa2803b0a0 unknown :-1 s=NONE pgs=0 cs=0 l=1 rev1=0 crypto rx=0 tx=0 comp rx=0 tx=0).connect
2023-11-28T01:07:36.627 INFO:teuthology.orchestra.run.smithi172.stdout:/usr/bin/ceph: stderr
2023-11-28T01:07:32.169+0000 7ffa2f7fe700 1 -- 172.21.15.172:0/372902094 <== mon.0 v2:172.21.15.172:3300/0 5 ==== osd_map(2..2 src has 1..2) v4 ==== 940+0+0 (secure 0 0 0) 0x7ffa3004cbc0 con 0x7ffa40103a50
2023-11-28T01:07:36.627 INFO:teuthology.orchestra.run.smithi172.stdout:/usr/bin/ceph: stderr
2023-11-28T01:07:32.170+0000 7ffa3dd9b700 1 --2- 172.21.15.172:0/372902094 >> [v2:172.21.15.172:6800/2738031896,v1:172.21.15.172:6801/2738031896] conn(0x7ffa28038be0 0x7ffa2803b0a0 unknown :-1 s=BANNER_CONNECTING pgs=0 cs=0 l=1 rev1=0 crypto rx=0 tx=0 comp rx=0 tx=0)._handle_peer_banner_payload supported=3 required=0
2023-11-28T01:07:36.627 INFO:teuthology.orchestra.run.smithi172.stdout:/usr/bin/ceph: stderr
2023-11-28T01:07:32.170+0000 7ffa3dd9b700 1 --2- 172.21.15.172:0/372902094 >> [v2:172.21.15.172:6800/2738031896,v1:172.21.15.172:6801/2738031896] conn(0x7ffa28038be0 0x7ffa2803b0a0 secure :-1 s=READY pgs=11 cs=0 l=1 rev1=1 crypto rx=0x7ffa34006fd0 tx=0x7ffa34006e40 comp rx=0 tx=0).ready entity=mgr.14120 client_cookie=0 server_cookie=0 in_seq=0 out_seq=0
2023-11-28T01:07:36.627 INFO:teuthology.orchestra.run.smithi172.stdout:/usr/bin/ceph: stderr
2023-11-28T01:07:32.174+0000 7ffa2f7fe700 1 -- 172.21.15.172:0/372902094 <== mon.0 v2:172.21.15.172:3300/0 6 ==== mon_command_ack([{"prefix": "get_command_descriptions"}]=0 v0) v1 ==== 72+0+180955 (secure 0 0 0) 0x7ffa30018350 con 0x7ffa40103a50
2023-11-28T01:07:36.627 INFO:teuthology.orchestra.run.smithi172.stdout:/usr/bin/ceph: stderr
2023-11-28T01:07:32.367+0000 7ffa44a3a700 1 -- 172.21.15.172:0/372902094 --> [v2:172.21.15.172:6800/2738031896,v1:172.21.15.172:6801/2738031896] -- mgr_command(tid 0: {"prefix": "orch host add", "hostname": "smithi172", "addr": "172.21.15.172", "target": ["mon-mgr", ""]}) v1 -- 0x7ffa4002d3b0 con 0x7ffa28038be0
2023-11-28T01:07:36.627 INFO:teuthology.orchestra.run.smithi172.stdout:/usr/bin/ceph: stderr
2023-11-28T01:07:36.062+0000 7ffa2f7fe700 1 -- 172.21.15.172:0/372902094 <== mgr.14120 v2:172.21.15.172:6800/2738031896 1 ==== mgr_command_reply(tid 0: 0 ) v1 ==== 8+0+49 (secure 0 0 0) 0x7ffa4002d3b0 con 0x7ffa28038be0
2023-11-28T01:07:36.627 INFO:teuthology.orchestra.run.smithi172.stdout:/usr/bin/ceph: stderr
2023-11-28T01:07:36.065+0000 7ffa44a3a700 1 -- 172.21.15.172:0/372902094 >> [v2:172.21.15.172:6800/2738031896,v1:172.21.15.172:6801/2738031896] conn(0x7ffa28038be0 msgr2=0x7ffa2803b0a0 secure :-1 s=STATE_CONNECTION_ESTABLISHED l=1).mark_down
2023-11-28T01:07:36.627 INFO:teuthology.orchestra.run.smithi172.stdout:/usr/bin/ceph: stderr
2023-11-28T01:07:36.065+0000 7ffa44a3a700 1 --2- 172.21.15.172:0/372902094 >> [v2:172.21.15.172:6800/2738031896,v1:172.21.15.172:6801/2738031896] conn(0x7ffa28038be0 0x7ffa2803b0a0 secure :-1 s=READY pgs=11 cs=0 l=1 rev1=1 crypto rx=0x7ffa34006fd0 tx=0x7ffa34006e40 comp rx=0 tx=0).stop
2023-11-28T01:07:36.628 INFO:teuthology.orchestra.run.smithi172.stdout:/usr/bin/ceph: stderr
2023-11-28T01:07:36.065+0000 7ffa44a3a700 1 -- 172.21.15.172:0/372902094 >> [v2:172.21.15.172:3300/0,v1:172.21.15.172:6789/0] conn(0x7ffa40103a50 msgr2=0x7ffa4019b000 secure :-1 s=STATE_CONNECTION_ESTABLISHED l=1).mark_down
2023-11-28T01:07:36.628 INFO:teuthology.orchestra.run.smithi172.stdout:/usr/bin/ceph: stderr
2023-11-28T01:07:36.065+0000 7ffa44a3a700 1 --2- 172.21.15.172:0/372902094 >> [v2:172.21.15.172:3300/0,v1:172.21.15.172:6789/0] conn(0x7ffa40103a50 0x7ffa4019b000 secure :-1 s=READY pgs=46 cs=0 l=1 rev1=1 crypto rx=0x7ffa30009870 tx=0x7ffa30011d10 comp rx=0 tx=0).stop
2023-11-28T01:07:36.628 INFO:teuthology.orchestra.run.smithi172.stdout:/usr/bin/ceph: stderr
2023-11-28T01:07:36.065+0000 7ffa44a3a700 1 -- 172.21.15.172:0/372902094 shutdown_connections
2023-11-28T01:07:36.628 INFO:teuthology.orchestra.run.smithi172.stdout:/usr/bin/ceph: stderr
2023-11-28T01:07:36.065+0000 7ffa44a3a700 1 --2- 172.21.15.172:0/372902094 >> [v2:172.21.15.172:6800/2738031896,v1:172.21.15.172:6801/2738031896] conn(0x7ffa28038be0 0x7ffa2803b0a0 unknown :-1 s=CLOSED pgs=11 cs=0 l=1 rev1=1 crypto rx=0 tx=0 comp rx=0 tx=0).stop
2023-11-28T01:07:36.628 INFO:teuthology.orchestra.run.smithi172.stdout:/usr/bin/ceph: stderr
2023-11-28T01:07:36.065+0000 7ffa44a3a700 1 --2- 172.21.15.172:0/372902094 >> [v2:172.21.15.172:3300/0,v1:172.21.15.172:6789/0] conn(0x7ffa40103a50 0x7ffa4019b000 unknown :-1 s=CLOSED pgs=46 cs=0 l=1 rev1=1 crypto rx=0 tx=0 comp rx=0 tx=0).stop
2023-11-28T01:07:36.628 INFO:teuthology.orchestra.run.smithi172.stdout:/usr/bin/ceph: stderr
2023-11-28T01:07:36.065+0000 7ffa44a3a700 1 -- 172.21.15.172:0/372902094 >> 172.21.15.172:0/372902094 conn(0x7ffa400ff5f0 msgr2=0x7ffa40191e70 unknown :-1 s=STATE_NONE l=0).mark_down
2023-11-28T01:07:36.628 INFO:teuthology.orchestra.run.smithi172.stdout:/usr/bin/ceph: stderr
2023-11-28T01:07:36.065+0000 7ffa44a3a700 1 -- 172.21.15.172:0/372902094 shutdown_connections
2023-11-28T01:07:36.628 INFO:teuthology.orchestra.run.smithi172.stdout:/usr/bin/ceph: stderr
2023-11-28T01:07:36.065+0000 7ffa44a3a700 1 -- 172.21.15.172:0/372902094 wait complete.
2023-11-28T01:07:36.628 INFO:teuthology.orchestra.run.smithi172.stdout:Deploying unmanaged mon service...
2023-11-28T01:07:37.330 INFO:journalctl@ceph.mon.a.smithi172.stdout:Nov 28 01:07:37 smithi172 ceph-mon[100627]: from='mgr.14120 172.21.15.172:0/2519987422' entity='mgr.y'
2023-11-28T01:07:37.330 INFO:journalctl@ceph.mon.a.smithi172.stdout:Nov 28 01:07:37 smithi172 ceph-mon[100627]: Added host smithi172
2023-11-28T01:07:37.330 INFO:journalctl@ceph.mon.a.smithi172.stdout:Nov 28 01:07:37 smithi172 ceph-mon[100627]: from='mgr.14120 172.21.15.172:0/2519987422' entity='mgr.y' cmd=[{"prefix": "config dump", "format": "json"}]: dispatch
2023-11-28T01:07:38.273 INFO:teuthology.orchestra.run.smithi172.stdout:/usr/bin/ceph: stdout Scheduled mon update...
2023-11-28T01:07:38.274 INFO:teuthology.orchestra.run.smithi172.stdout:/usr/bin/ceph: stderr
2023-11-28T01:07:37.093+0000 7f6057112700 1 Processor -- start
2023-11-28T01:07:38.274 INFO:teuthology.orchestra.run.smithi172.stdout:/usr/bin/ceph: stderr
2023-11-28T01:07:37.093+0000 7f6057112700 1 -- start start
2023-11-28T01:07:38.274 INFO:teuthology.orchestra.run.smithi172.stdout:/usr/bin/ceph: stderr
2023-11-28T01:07:37.094+0000 7f6057112700 1 --2- >> [v2:172.21.15.172:3300/0,v1:172.21.15.172:6789/0] conn(0x7f6050104040 0x7f6050104460 unknown :-1 s=NONE pgs=0 cs=0 l=0 rev1=0 crypto rx=0 tx=0 comp rx=0 tx=0).connect
2023-11-28T01:07:38.274 INFO:teuthology.orchestra.run.smithi172.stdout:/usr/bin/ceph: stderr
2023-11-28T01:07:37.094+0000 7f6057112700 1 -- --> [v2:172.21.15.172:3300/0,v1:172.21.15.172:6789/0] -- mon_getmap magic: 0 v1 -- 0x7f6050104a30 con 0x7f6050104040
2023-11-28T01:07:38.274 INFO:teuthology.orchestra.run.smithi172.stdout:/usr/bin/ceph: stderr
2023-11-28T01:07:37.094+0000 7f6054eae700 1 --2- >> [v2:172.21.15.172:3300/0,v1:172.21.15.172:6789/0] conn(0x7f6050104040 0x7f6050104460 unknown :-1 s=BANNER_CONNECTING pgs=0 cs=0 l=0 rev1=0 crypto rx=0 tx=0 comp rx=0 tx=0)._handle_peer_banner_payload supported=3 required=0
2023-11-28T01:07:38.274 INFO:teuthology.orchestra.run.smithi172.stdout:/usr/bin/ceph: stderr
2023-11-28T01:07:37.094+0000 7f6054eae700 1 --2- >> [v2:172.21.15.172:3300/0,v1:172.21.15.172:6789/0] conn(0x7f6050104040 0x7f6050104460 unknown :-1 s=HELLO_CONNECTING pgs=0 cs=0 l=0 rev1=1 crypto rx=0 tx=0 comp rx=0 tx=0).handle_hello peer v2:172.21.15.172:3300/0 says I am v2:172.21.15.172:49308/0 (socket says 172.21.15.172:49308)
2023-11-28T01:07:38.274 INFO:teuthology.orchestra.run.smithi172.stdout:/usr/bin/ceph: stderr
2023-11-28T01:07:37.094+0000 7f6054eae700 1 -- 172.21.15.172:0/2071338265 learned_addr learned my addr 172.21.15.172:0/2071338265 (peer_addr_for_me v2:172.21.15.172:0/0)
2023-11-28T01:07:38.274 INFO:teuthology.orchestra.run.smithi172.stdout:/usr/bin/ceph: stderr
2023-11-28T01:07:37.094+0000 7f6054eae700 1 -- 172.21.15.172:0/2071338265 --> [v2:172.21.15.172:3300/0,v1:172.21.15.172:6789/0] -- mon_subscribe({config=0+,monmap=0+}) v3 -- 0x7f6050105240 con 0x7f6050104040
2023-11-28T01:07:38.274 INFO:teuthology.orchestra.run.smithi172.stdout:/usr/bin/ceph: stderr
2023-11-28T01:07:37.094+0000 7f6054eae700 1 --2- 172.21.15.172:0/2071338265 >> [v2:172.21.15.172:3300/0,v1:172.21.15.172:6789/0] conn(0x7f6050104040 0x7f6050104460 secure :-1 s=READY pgs=47 cs=0 l=1 rev1=1 crypto rx=0x7f60440098a0 tx=0x7f6044009bb0 comp rx=0 tx=0).ready entity=mon.0 client_cookie=919db5fd4bb9b4b0 server_cookie=0 in_seq=0 out_seq=0
2023-11-28T01:07:38.274 INFO:teuthology.orchestra.run.smithi172.stdout:/usr/bin/ceph: stderr
2023-11-28T01:07:37.094+0000 7f604f7fe700 1 -- 172.21.15.172:0/2071338265 <== mon.0 v2:172.21.15.172:3300/0 1 ==== mon_map magic: 0 v1 ==== 205+0+0 (secure 0 0 0) 0x7f6044004160 con 0x7f6050104040
2023-11-28T01:07:38.274 INFO:teuthology.orchestra.run.smithi172.stdout:/usr/bin/ceph: stderr
2023-11-28T01:07:37.094+0000 7f604f7fe700 1 -- 172.21.15.172:0/2071338265 <== mon.0 v2:172.21.15.172:3300/0 2 ==== config(23 keys) v1 ==== 976+0+0 (secure 0 0 0) 0x7f60440036a0 con 0x7f6050104040
2023-11-28T01:07:38.274 INFO:teuthology.orchestra.run.smithi172.stdout:/usr/bin/ceph: stderr
2023-11-28T01:07:37.094+0000 7f604f7fe700 1 -- 172.21.15.172:0/2071338265 <== mon.0 v2:172.21.15.172:3300/0 3 ==== mon_map magic: 0 v1 ==== 205+0+0 (secure 0 0 0) 0x7f60440117c0 con 0x7f6050104040
2023-11-28T01:07:38.275 INFO:teuthology.orchestra.run.smithi172.stdout:/usr/bin/ceph: stderr
2023-11-28T01:07:37.095+0000 7f6057112700 1 -- 172.21.15.172:0/2071338265 >> [v2:172.21.15.172:3300/0,v1:172.21.15.172:6789/0] conn(0x7f6050104040 msgr2=0x7f6050104460 secure :-1 s=STATE_CONNECTION_ESTABLISHED l=1).mark_down
2023-11-28T01:07:38.275 INFO:teuthology.orchestra.run.smithi172.stdout:/usr/bin/ceph: stderr
2023-11-28T01:07:37.095+0000 7f6057112700 1 --2- 172.21.15.172:0/2071338265 >> [v2:172.21.15.172:3300/0,v1:172.21.15.172:6789/0] conn(0x7f6050104040 0x7f6050104460 secure :-1 s=READY pgs=47 cs=0 l=1 rev1=1 crypto rx=0x7f60440098a0 tx=0x7f6044009bb0 comp rx=0 tx=0).stop
2023-11-28T01:07:38.275 INFO:teuthology.orchestra.run.smithi172.stdout:/usr/bin/ceph: stderr
2023-11-28T01:07:37.095+0000 7f6057112700 1 -- 172.21.15.172:0/2071338265 shutdown_connections
2023-11-28T01:07:38.275 INFO:teuthology.orchestra.run.smithi172.stdout:/usr/bin/ceph: stderr
2023-11-28T01:07:37.095+0000 7f6057112700 1 --2- 172.21.15.172:0/2071338265 >> [v2:172.21.15.172:3300/0,v1:172.21.15.172:6789/0] conn(0x7f6050104040 0x7f6050104460 unknown :-1 s=CLOSED pgs=47 cs=0 l=1 rev1=1 crypto rx=0 tx=0 comp rx=0 tx=0).stop
2023-11-28T01:07:38.275 INFO:teuthology.orchestra.run.smithi172.stdout:/usr/bin/ceph: stderr
2023-11-28T01:07:37.095+0000 7f6057112700 1 -- 172.21.15.172:0/2071338265 >> 172.21.15.172:0/2071338265 conn(0x7f60500ff5c0 msgr2=0x7f6050101a20 unknown :-1 s=STATE_NONE l=0).mark_down
2023-11-28T01:07:38.275 INFO:teuthology.orchestra.run.smithi172.stdout:/usr/bin/ceph: stderr
2023-11-28T01:07:37.095+0000 7f6057112700 1 -- 172.21.15.172:0/2071338265 shutdown_connections
2023-11-28T01:07:38.275 INFO:teuthology.orchestra.run.smithi172.stdout:/usr/bin/ceph: stderr
2023-11-28T01:07:37.095+0000 7f6057112700 1 -- 172.21.15.172:0/2071338265 wait complete.
2023-11-28T01:07:38.275 INFO:teuthology.orchestra.run.smithi172.stdout:/usr/bin/ceph: stderr
2023-11-28T01:07:37.096+0000 7f6057112700 1 Processor -- start
2023-11-28T01:07:38.275 INFO:teuthology.orchestra.run.smithi172.stdout:/usr/bin/ceph: stderr
2023-11-28T01:07:37.096+0000 7f6057112700 1 -- start start
2023-11-28T01:07:38.275 INFO:teuthology.orchestra.run.smithi172.stdout:/usr/bin/ceph: stderr
2023-11-28T01:07:37.096+0000 7f6057112700 1 --2- >> [v2:172.21.15.172:3300/0,v1:172.21.15.172:6789/0] conn(0x7f6050104040 0x7f60500782a0 unknown :-1 s=NONE pgs=0 cs=0 l=1 rev1=0 crypto rx=0 tx=0 comp rx=0 tx=0).connect
2023-11-28T01:07:38.275 INFO:teuthology.orchestra.run.smithi172.stdout:/usr/bin/ceph: stderr
2023-11-28T01:07:37.096+0000 7f6057112700 1 -- --> [v2:172.21.15.172:3300/0,v1:172.21.15.172:6789/0] -- mon_getmap magic: 0 v1 -- 0x7f60500787e0 con 0x7f6050104040
2023-11-28T01:07:38.275 INFO:teuthology.orchestra.run.smithi172.stdout:/usr/bin/ceph: stderr
2023-11-28T01:07:37.097+0000 7f6054eae700 1 --2- >> [v2:172.21.15.172:3300/0,v1:172.21.15.172:6789/0] conn(0x7f6050104040 0x7f60500782a0 unknown :-1 s=BANNER_CONNECTING pgs=0 cs=0 l=1 rev1=0 crypto rx=0 tx=0 comp rx=0 tx=0)._handle_peer_banner_payload supported=3 required=0
2023-11-28T01:07:38.275 INFO:teuthology.orchestra.run.smithi172.stdout:/usr/bin/ceph: stderr
2023-11-28T01:07:37.097+0000 7f6054eae700 1 --2- >> [v2:172.21.15.172:3300/0,v1:172.21.15.172:6789/0] conn(0x7f6050104040 0x7f60500782a0 unknown :-1 s=HELLO_CONNECTING pgs=0 cs=0 l=1 rev1=1 crypto rx=0 tx=0 comp rx=0 tx=0).handle_hello peer v2:172.21.15.172:3300/0 says I am v2:172.21.15.172:49310/0 (socket says 172.21.15.172:49310)
2023-11-28T01:07:38.276 INFO:teuthology.orchestra.run.smithi172.stdout:/usr/bin/ceph: stderr
2023-11-28T01:07:37.097+0000 7f6054eae700 1 -- 172.21.15.172:0/3840919620 learned_addr learned my addr 172.21.15.172:0/3840919620 (peer_addr_for_me v2:172.21.15.172:0/0)
2023-11-28T01:07:38.276 INFO:teuthology.orchestra.run.smithi172.stdout:/usr/bin/ceph: stderr
2023-11-28T01:07:37.097+0000 7f6054eae700 1 -- 172.21.15.172:0/3840919620 --> [v2:172.21.15.172:3300/0,v1:172.21.15.172:6789/0] -- mon_subscribe({config=0+,monmap=0+}) v3 -- 0x7f6044009550 con 0x7f6050104040
2023-11-28T01:07:38.276 INFO:teuthology.orchestra.run.smithi172.stdout:/usr/bin/ceph: stderr
2023-11-28T01:07:37.097+0000 7f6054eae700 1 --2- 172.21.15.172:0/3840919620 >> [v2:172.21.15.172:3300/0,v1:172.21.15.172:6789/0] conn(0x7f6050104040 0x7f60500782a0 secure :-1 s=READY pgs=48 cs=0 l=1 rev1=1 crypto rx=0x7f6044009870 tx=0x7f6044011ae0 comp rx=0 tx=0).ready entity=mon.0 client_cookie=0 server_cookie=0 in_seq=0 out_seq=0
2023-11-28T01:07:38.276 INFO:teuthology.orchestra.run.smithi172.stdout:/usr/bin/ceph: stderr
2023-11-28T01:07:37.097+0000 7f604dffb700 1 -- 172.21.15.172:0/3840919620 <== mon.0 v2:172.21.15.172:3300/0 1 ==== mon_map magic: 0 v1 ==== 205+0+0 (secure 0 0 0) 0x7f60440040a0 con 0x7f6050104040
2023-11-28T01:07:38.276 INFO:teuthology.orchestra.run.smithi172.stdout:/usr/bin/ceph: stderr
2023-11-28T01:07:37.097+0000 7f604dffb700 1 -- 172.21.15.172:0/3840919620 <== mon.0 v2:172.21.15.172:3300/0 2 ==== config(23 keys) v1 ==== 976+0+0 (secure 0 0 0) 0x7f604401b440 con 0x7f6050104040
2023-11-28T01:07:38.276 INFO:teuthology.orchestra.run.smithi172.stdout:/usr/bin/ceph: stderr
2023-11-28T01:07:37.097+0000 7f604dffb700 1 -- 172.21.15.172:0/3840919620 <== mon.0 v2:172.21.15.172:3300/0 3 ==== mon_map magic: 0 v1 ==== 205+0+0 (secure 0 0 0) 0x7f60440193d0 con 0x7f6050104040
2023-11-28T01:07:38.276 INFO:teuthology.orchestra.run.smithi172.stdout:/usr/bin/ceph: stderr
2023-11-28T01:07:37.097+0000 7f6057112700 1 -- 172.21.15.172:0/3840919620 --> [v2:172.21.15.172:3300/0,v1:172.21.15.172:6789/0] -- mon_subscribe({mgrmap=0+}) v3 -- 0x7f605019bb00 con 0x7f6050104040
2023-11-28T01:07:38.276 INFO:teuthology.orchestra.run.smithi172.stdout:/usr/bin/ceph: stderr
2023-11-28T01:07:37.097+0000 7f6057112700 1 -- 172.21.15.172:0/3840919620 --> [v2:172.21.15.172:3300/0,v1:172.21.15.172:6789/0] -- mon_subscribe({osdmap=0}) v3 -- 0x7f605019bf40 con 0x7f6050104040
2023-11-28T01:07:38.276 INFO:teuthology.orchestra.run.smithi172.stdout:/usr/bin/ceph: stderr
2023-11-28T01:07:37.098+0000 7f604dffb700 1 -- 172.21.15.172:0/3840919620 <== mon.0 v2:172.21.15.172:3300/0 4 ==== mgrmap(e 8) v1 ==== 45719+0+0 (secure 0 0 0) 0x7f604401b5b0 con 0x7f6050104040
2023-11-28T01:07:38.276 INFO:teuthology.orchestra.run.smithi172.stdout:/usr/bin/ceph: stderr
2023-11-28T01:07:37.098+0000 7f604dffb700 1 --2- 172.21.15.172:0/3840919620 >> [v2:172.21.15.172:6800/2738031896,v1:172.21.15.172:6801/2738031896] conn(0x7f6040038be0 0x7f604003b0a0 unknown :-1 s=NONE pgs=0 cs=0 l=1 rev1=0 crypto rx=0 tx=0 comp rx=0 tx=0).connect
2023-11-28T01:07:38.276 INFO:teuthology.orchestra.run.smithi172.stdout:/usr/bin/ceph: stderr
2023-11-28T01:07:37.098+0000 7f604dffb700 1 -- 172.21.15.172:0/3840919620 <== mon.0 v2:172.21.15.172:3300/0 5 ==== osd_map(2..2 src has 1..2) v4 ==== 940+0+0 (secure 0 0 0) 0x7f604404cb30 con 0x7f6050104040
2023-11-28T01:07:38.276 INFO:teuthology.orchestra.run.smithi172.stdout:/usr/bin/ceph: stderr
2023-11-28T01:07:37.099+0000 7f604ffff700 1 --2- 172.21.15.172:0/3840919620 >> [v2:172.21.15.172:6800/2738031896,v1:172.21.15.172:6801/2738031896] conn(0x7f6040038be0 0x7f604003b0a0 unknown :-1 s=BANNER_CONNECTING pgs=0 cs=0 l=1 rev1=0 crypto rx=0 tx=0 comp rx=0 tx=0)._handle_peer_banner_payload supported=3 required=0
2023-11-28T01:07:38.277 INFO:teuthology.orchestra.run.smithi172.stdout:/usr/bin/ceph: stderr
2023-11-28T01:07:37.099+0000 7f604ffff700 1 --2- 172.21.15.172:0/3840919620 >> [v2:172.21.15.172:6800/2738031896,v1:172.21.15.172:6801/2738031896] conn(0x7f6040038be0 0x7f604003b0a0 secure :-1 s=READY pgs=12 cs=0 l=1 rev1=1 crypto rx=0x7f603c006fd0 tx=0x7f603c006e40 comp rx=0 tx=0).ready entity=mgr.14120 client_cookie=0 server_cookie=0 in_seq=0 out_seq=0
2023-11-28T01:07:38.277 INFO:teuthology.orchestra.run.smithi172.stdout:/usr/bin/ceph: stderr
2023-11-28T01:07:37.100+0000 7f6057112700 1 -- 172.21.15.172:0/3840919620 --> [v2:172.21.15.172:3300/0,v1:172.21.15.172:6789/0] -- mon_command({"prefix": "get_command_descriptions"} v 0) v1 -- 0x7f6050105f90 con 0x7f6050104040
2023-11-28T01:07:38.277 INFO:teuthology.orchestra.run.smithi172.stdout:/usr/bin/ceph: stderr
2023-11-28T01:07:37.106+0000 7f604dffb700 1 -- 172.21.15.172:0/3840919620 <== mon.0 v2:172.21.15.172:3300/0 6 ==== mon_command_ack([{"prefix": "get_command_descriptions"}]=0 v0) v1 ==== 72+0+180955 (secure 0 0 0) 0x7f604401f080 con 0x7f6050104040
2023-11-28T01:07:38.277 INFO:teuthology.orchestra.run.smithi172.stdout:/usr/bin/ceph: stderr
2023-11-28T01:07:37.329+0000 7f6057112700 1 -- 172.21.15.172:0/3840919620 --> [v2:172.21.15.172:6800/2738031896,v1:172.21.15.172:6801/2738031896] -- mgr_command(tid 0: {"prefix": "orch apply", "service_type": "mon", "unmanaged": true, "target": ["mon-mgr", ""]}) v1 -- 0x7f60501008a0 con 0x7f6040038be0
2023-11-28T01:07:38.277 INFO:teuthology.orchestra.run.smithi172.stdout:/usr/bin/ceph: stderr
2023-11-28T01:07:37.338+0000 7f604dffb700 1 -- 172.21.15.172:0/3840919620 <== mgr.14120 v2:172.21.15.172:6800/2738031896 1 ==== mgr_command_reply(tid 0: 0 ) v1 ==== 8+0+24 (secure 0 0 0) 0x7f60501008a0 con 0x7f6040038be0
2023-11-28T01:07:38.277 INFO:teuthology.orchestra.run.smithi172.stdout:/usr/bin/ceph: stderr
2023-11-28T01:07:37.340+0000 7f6057112700 1 -- 172.21.15.172:0/3840919620 >> [v2:172.21.15.172:6800/2738031896,v1:172.21.15.172:6801/2738031896] conn(0x7f6040038be0 msgr2=0x7f604003b0a0 secure :-1 s=STATE_CONNECTION_ESTABLISHED l=1).mark_down
2023-11-28T01:07:38.277 INFO:teuthology.orchestra.run.smithi172.stdout:/usr/bin/ceph: stderr
2023-11-28T01:07:37.340+0000 7f6057112700 1 --2- 172.21.15.172:0/3840919620 >> [v2:172.21.15.172:6800/2738031896,v1:172.21.15.172:6801/2738031896] conn(0x7f6040038be0 0x7f604003b0a0 secure :-1 s=READY pgs=12 cs=0 l=1 rev1=1 crypto rx=0x7f603c006fd0 tx=0x7f603c006e40 comp rx=0 tx=0).stop
2023-11-28T01:07:38.277 INFO:teuthology.orchestra.run.smithi172.stdout:/usr/bin/ceph: stderr
2023-11-28T01:07:37.340+0000 7f6057112700 1 -- 172.21.15.172:0/3840919620 >> [v2:172.21.15.172:3300/0,v1:172.21.15.172:6789/0] conn(0x7f6050104040 msgr2=0x7f60500782a0 secure :-1 s=STATE_CONNECTION_ESTABLISHED l=1).mark_down
2023-11-28T01:07:38.277 INFO:teuthology.orchestra.run.smithi172.stdout:/usr/bin/ceph: stderr
2023-11-28T01:07:37.340+0000 7f6057112700 1 --2- 172.21.15.172:0/3840919620 >> [v2:172.21.15.172:3300/0,v1:172.21.15.172:6789/0] conn(0x7f6050104040 0x7f60500782a0 secure :-1 s=READY pgs=48 cs=0 l=1 rev1=1 crypto rx=0x7f6044009870 tx=0x7f6044011ae0 comp rx=0 tx=0).stop
2023-11-28T01:07:38.277 INFO:teuthology.orchestra.run.smithi172.stdout:/usr/bin/ceph: stderr
2023-11-28T01:07:37.340+0000 7f6057112700 1 -- 172.21.15.172:0/3840919620 shutdown_connections
2023-11-28T01:07:38.277 INFO:teuthology.orchestra.run.smithi172.stdout:/usr/bin/ceph: stderr
2023-11-28T01:07:37.340+0000 7f6057112700 1 --2- 172.21.15.172:0/3840919620 >> [v2:172.21.15.172:6800/2738031896,v1:172.21.15.172:6801/2738031896] conn(0x7f6040038be0 0x7f604003b0a0 unknown :-1 s=CLOSED pgs=12 cs=0 l=1 rev1=1 crypto rx=0 tx=0 comp rx=0 tx=0).stop
2023-11-28T01:07:38.278 INFO:teuthology.orchestra.run.smithi172.stdout:/usr/bin/ceph: stderr
2023-11-28T01:07:37.340+0000 7f6057112700 1 --2- 172.21.15.172:0/3840919620 >> [v2:172.21.15.172:3300/0,v1:172.21.15.172:6789/0] conn(0x7f6050104040 0x7f60500782a0 unknown :-1 s=CLOSED pgs=48 cs=0 l=1 rev1=1 crypto rx=0 tx=0 comp rx=0 tx=0).stop
2023-11-28T01:07:38.278 INFO:teuthology.orchestra.run.smithi172.stdout:/usr/bin/ceph: stderr
2023-11-28T01:07:37.340+0000 7f6057112700 1 -- 172.21.15.172:0/3840919620 >> 172.21.15.172:0/3840919620 conn(0x7f60500ff5c0 msgr2=0x7f6050100190 unknown :-1 s=STATE_NONE l=0).mark_down
2023-11-28T01:07:38.278 INFO:teuthology.orchestra.run.smithi172.stdout:/usr/bin/ceph: stderr
2023-11-28T01:07:37.340+0000 7f6057112700 1 -- 172.21.15.172:0/3840919620 shutdown_connections
2023-11-28T01:07:38.278 INFO:teuthology.orchestra.run.smithi172.stdout:/usr/bin/ceph: stderr
2023-11-28T01:07:37.340+0000 7f6057112700 1 -- 172.21.15.172:0/3840919620 wait complete.
2023-11-28T01:07:38.278 INFO:teuthology.orchestra.run.smithi172.stdout:Deploying unmanaged mgr service...
2023-11-28T01:07:38.525 INFO:journalctl@ceph.mon.a.smithi172.stdout:Nov 28 01:07:38 smithi172 ceph-mon[100627]: from='client.14142 -' entity='client.admin' cmd=[{"prefix": "orch apply", "service_type": "mon", "unmanaged": true, "target": ["mon-mgr", ""]}]: dispatch
2023-11-28T01:07:38.525 INFO:journalctl@ceph.mon.a.smithi172.stdout:Nov 28 01:07:38 smithi172 ceph-mon[100627]: Saving service mon spec with placement count:5
2023-11-28T01:07:38.525 INFO:journalctl@ceph.mon.a.smithi172.stdout:Nov 28 01:07:38 smithi172 ceph-mon[100627]: from='mgr.14120 172.21.15.172:0/2519987422' entity='mgr.y'
2023-11-28T01:07:38.525 INFO:journalctl@ceph.mon.a.smithi172.stdout:Nov 28 01:07:38 smithi172 ceph-mon[100627]: from='mgr.14120 172.21.15.172:0/2519987422' entity='mgr.y'
2023-11-28T01:07:39.626 INFO:teuthology.orchestra.run.smithi172.stdout:/usr/bin/ceph: stdout Scheduled mgr update...
2023-11-28T01:07:39.627 INFO:teuthology.orchestra.run.smithi172.stdout:/usr/bin/ceph: stderr
2023-11-28T01:07:38.743+0000 7f0b59fa7700 1 Processor -- start
2023-11-28T01:07:39.627 INFO:teuthology.orchestra.run.smithi172.stdout:/usr/bin/ceph: stderr
2023-11-28T01:07:38.743+0000 7f0b59fa7700 1 -- start start
2023-11-28T01:07:39.627 INFO:teuthology.orchestra.run.smithi172.stdout:/usr/bin/ceph: stderr
2023-11-28T01:07:38.743+0000 7f0b59fa7700 1 --2- >> [v2:172.21.15.172:3300/0,v1:172.21.15.172:6789/0] conn(0x7f0b54105130 0x7f0b54105550 unknown :-1 s=NONE pgs=0 cs=0 l=0 rev1=0 crypto rx=0 tx=0 comp rx=0 tx=0).connect
2023-11-28T01:07:39.627 INFO:teuthology.orchestra.run.smithi172.stdout:/usr/bin/ceph: stderr
2023-11-28T01:07:38.743+0000 7f0b59fa7700 1 -- --> [v2:172.21.15.172:3300/0,v1:172.21.15.172:6789/0] -- mon_getmap magic: 0 v1 -- 0x7f0b54105b20 con 0x7f0b54105130
2023-11-28T01:07:39.627 INFO:teuthology.orchestra.run.smithi172.stdout:/usr/bin/ceph: stderr
2023-11-28T01:07:38.743+0000 7f0b537fe700 1 --2- >> [v2:172.21.15.172:3300/0,v1:172.21.15.172:6789/0] conn(0x7f0b54105130 0x7f0b54105550 unknown :-1 s=BANNER_CONNECTING pgs=0 cs=0 l=0 rev1=0 crypto rx=0 tx=0 comp rx=0 tx=0)._handle_peer_banner_payload supported=3 required=0
2023-11-28T01:07:39.627 INFO:teuthology.orchestra.run.smithi172.stdout:/usr/bin/ceph: stderr
2023-11-28T01:07:38.743+0000 7f0b537fe700 1 --2- >> [v2:172.21.15.172:3300/0,v1:172.21.15.172:6789/0] conn(0x7f0b54105130 0x7f0b54105550 unknown :-1 s=HELLO_CONNECTING pgs=0 cs=0 l=0 rev1=1 crypto rx=0 tx=0 comp rx=0 tx=0).handle_hello peer v2:172.21.15.172:3300/0 says I am v2:172.21.15.172:49314/0 (socket says 172.21.15.172:49314)
2023-11-28T01:07:39.627 INFO:teuthology.orchestra.run.smithi172.stdout:/usr/bin/ceph: stderr
2023-11-28T01:07:38.743+0000 7f0b537fe700 1 -- 172.21.15.172:0/4222989501 learned_addr learned my addr 172.21.15.172:0/4222989501 (peer_addr_for_me v2:172.21.15.172:0/0)
2023-11-28T01:07:39.627 INFO:teuthology.orchestra.run.smithi172.stdout:/usr/bin/ceph: stderr
2023-11-28T01:07:38.743+0000 7f0b537fe700 1 -- 172.21.15.172:0/4222989501 --> [v2:172.21.15.172:3300/0,v1:172.21.15.172:6789/0] -- mon_subscribe({config=0+,monmap=0+}) v3 -- 0x7f0b54106330 con 0x7f0b54105130
2023-11-28T01:07:39.627 INFO:teuthology.orchestra.run.smithi172.stdout:/usr/bin/ceph: stderr
2023-11-28T01:07:38.744+0000 7f0b537fe700 1 --2- 172.21.15.172:0/4222989501 >> [v2:172.21.15.172:3300/0,v1:172.21.15.172:6789/0] conn(0x7f0b54105130 0x7f0b54105550 secure :-1 s=READY pgs=49 cs=0 l=1 rev1=1 crypto rx=0x7f0b440098a0 tx=0x7f0b44009bb0 comp rx=0 tx=0).ready entity=mon.0 client_cookie=b9c1ff3677af74fc server_cookie=0 in_seq=0 out_seq=0
2023-11-28T01:07:39.627 INFO:teuthology.orchestra.run.smithi172.stdout:/usr/bin/ceph: stderr
2023-11-28T01:07:38.744+0000 7f0b527fc700 1 -- 172.21.15.172:0/4222989501 <== mon.0 v2:172.21.15.172:3300/0 1 ==== mon_map magic: 0 v1 ==== 205+0+0 (secure 0 0 0) 0x7f0b44004160 con 0x7f0b54105130
2023-11-28T01:07:39.627 INFO:teuthology.orchestra.run.smithi172.stdout:/usr/bin/ceph: stderr
2023-11-28T01:07:38.744+0000 7f0b527fc700 1 -- 172.21.15.172:0/4222989501 <== mon.0 v2:172.21.15.172:3300/0 2 ==== config(23 keys) v1 ==== 1007+0+0 (secure 0 0 0) 0x7f0b440036a0 con 0x7f0b54105130
2023-11-28T01:07:39.627 INFO:teuthology.orchestra.run.smithi172.stdout:/usr/bin/ceph: stderr
2023-11-28T01:07:38.744+0000 7f0b527fc700 1 -- 172.21.15.172:0/4222989501 <== mon.0 v2:172.21.15.172:3300/0 3 ==== mon_map magic: 0 v1 ==== 205+0+0 (secure 0 0 0) 0x7f0b440117a0 con 0x7f0b54105130
2023-11-28T01:07:39.627 INFO:teuthology.orchestra.run.smithi172.stdout:/usr/bin/ceph: stderr
2023-11-28T01:07:38.744+0000 7f0b59fa7700 1 -- 172.21.15.172:0/4222989501 >> [v2:172.21.15.172:3300/0,v1:172.21.15.172:6789/0] conn(0x7f0b54105130 msgr2=0x7f0b54105550 secure :-1 s=STATE_CONNECTION_ESTABLISHED l=1).mark_down
2023-11-28T01:07:39.628 INFO:teuthology.orchestra.run.smithi172.stdout:/usr/bin/ceph: stderr
2023-11-28T01:07:38.744+0000 7f0b59fa7700 1 --2- 172.21.15.172:0/4222989501 >> [v2:172.21.15.172:3300/0,v1:172.21.15.172:6789/0] conn(0x7f0b54105130 0x7f0b54105550 secure :-1 s=READY pgs=49 cs=0 l=1 rev1=1 crypto rx=0x7f0b440098a0 tx=0x7f0b44009bb0 comp rx=0 tx=0).stop
2023-11-28T01:07:39.628 INFO:teuthology.orchestra.run.smithi172.stdout:/usr/bin/ceph: stderr
2023-11-28T01:07:38.745+0000 7f0b59fa7700 1 -- 172.21.15.172:0/4222989501 shutdown_connections
2023-11-28T01:07:39.628 INFO:teuthology.orchestra.run.smithi172.stdout:/usr/bin/ceph: stderr
2023-11-28T01:07:38.745+0000 7f0b59fa7700 1 --2- 172.21.15.172:0/4222989501 >> [v2:172.21.15.172:3300/0,v1:172.21.15.172:6789/0] conn(0x7f0b54105130 0x7f0b54105550 unknown :-1 s=CLOSED pgs=49 cs=0 l=1 rev1=1 crypto rx=0 tx=0 comp rx=0 tx=0).stop
2023-11-28T01:07:39.628 INFO:teuthology.orchestra.run.smithi172.stdout:/usr/bin/ceph: stderr
2023-11-28T01:07:38.745+0000 7f0b59fa7700 1 -- 172.21.15.172:0/4222989501 >> 172.21.15.172:0/4222989501 conn(0x7f0b541006b0 msgr2=0x7f0b54102b10 unknown :-1 s=STATE_NONE l=0).mark_down
2023-11-28T01:07:39.628 INFO:teuthology.orchestra.run.smithi172.stdout:/usr/bin/ceph: stderr
2023-11-28T01:07:38.745+0000 7f0b59fa7700 1 -- 172.21.15.172:0/4222989501 shutdown_connections
2023-11-28T01:07:39.628 INFO:teuthology.orchestra.run.smithi172.stdout:/usr/bin/ceph: stderr
2023-11-28T01:07:38.745+0000 7f0b59fa7700 1 -- 172.21.15.172:0/4222989501 wait complete.
2023-11-28T01:07:39.628 INFO:teuthology.orchestra.run.smithi172.stdout:/usr/bin/ceph: stderr
2023-11-28T01:07:38.745+0000 7f0b59fa7700 1 Processor -- start
2023-11-28T01:07:39.628 INFO:teuthology.orchestra.run.smithi172.stdout:/usr/bin/ceph: stderr
2023-11-28T01:07:38.745+0000 7f0b59fa7700 1 -- start start
2023-11-28T01:07:39.628 INFO:teuthology.orchestra.run.smithi172.stdout:/usr/bin/ceph: stderr
2023-11-28T01:07:38.746+0000 7f0b59fa7700 1 --2- >> [v2:172.21.15.172:3300/0,v1:172.21.15.172:6789/0] conn(0x7f0b54105130 0x7f0b54198e00 unknown :-1 s=NONE pgs=0 cs=0 l=1 rev1=0 crypto rx=0 tx=0 comp rx=0 tx=0).connect
2023-11-28T01:07:39.628 INFO:teuthology.orchestra.run.smithi172.stdout:/usr/bin/ceph: stderr
2023-11-28T01:07:38.746+0000 7f0b59fa7700 1 -- --> [v2:172.21.15.172:3300/0,v1:172.21.15.172:6789/0] -- mon_getmap magic: 0 v1 -- 0x7f0b54199340 con 0x7f0b54105130
2023-11-28T01:07:39.628 INFO:teuthology.orchestra.run.smithi172.stdout:/usr/bin/ceph: stderr
2023-11-28T01:07:38.746+0000 7f0b537fe700 1 --2- >> [v2:172.21.15.172:3300/0,v1:172.21.15.172:6789/0] conn(0x7f0b54105130 0x7f0b54198e00 unknown :-1 s=BANNER_CONNECTING pgs=0 cs=0 l=1 rev1=0 crypto rx=0 tx=0 comp rx=0 tx=0)._handle_peer_banner_payload supported=3 required=0
2023-11-28T01:07:39.628 INFO:teuthology.orchestra.run.smithi172.stdout:/usr/bin/ceph: stderr
2023-11-28T01:07:38.746+0000 7f0b537fe700 1 --2- >> [v2:172.21.15.172:3300/0,v1:172.21.15.172:6789/0] conn(0x7f0b54105130 0x7f0b54198e00 unknown :-1 s=HELLO_CONNECTING pgs=0 cs=0 l=1 rev1=1 crypto rx=0 tx=0 comp rx=0 tx=0).handle_hello peer v2:172.21.15.172:3300/0 says I am v2:172.21.15.172:49316/0 (socket says 172.21.15.172:49316)
2023-11-28T01:07:39.628 INFO:teuthology.orchestra.run.smithi172.stdout:/usr/bin/ceph: stderr
2023-11-28T01:07:38.746+0000 7f0b537fe700 1 -- 172.21.15.172:0/992317252 learned_addr learned my addr 172.21.15.172:0/992317252 (peer_addr_for_me v2:172.21.15.172:0/0)
2023-11-28T01:07:39.629 INFO:teuthology.orchestra.run.smithi172.stdout:/usr/bin/ceph: stderr
2023-11-28T01:07:38.746+0000 7f0b537fe700 1 -- 172.21.15.172:0/992317252 --> [v2:172.21.15.172:3300/0,v1:172.21.15.172:6789/0] -- mon_subscribe({config=0+,monmap=0+}) v3 -- 0x7f0b44009550 con 0x7f0b54105130
2023-11-28T01:07:39.629 INFO:teuthology.orchestra.run.smithi172.stdout:/usr/bin/ceph: stderr
2023-11-28T01:07:38.746+0000 7f0b537fe700 1 --2- 172.21.15.172:0/992317252 >> [v2:172.21.15.172:3300/0,v1:172.21.15.172:6789/0] conn(0x7f0b54105130 0x7f0b54198e00 secure :-1 s=READY pgs=50 cs=0 l=1 rev1=1 crypto rx=0x7f0b44000c00 tx=0x7f0b440119a0 comp rx=0 tx=0).ready entity=mon.0 client_cookie=0 server_cookie=0 in_seq=0 out_seq=0
2023-11-28T01:07:39.629 INFO:teuthology.orchestra.run.smithi172.stdout:/usr/bin/ceph: stderr
2023-11-28T01:07:38.746+0000 7f0b50ff9700 1 -- 172.21.15.172:0/992317252 <== mon.0 v2:172.21.15.172:3300/0 1 ==== mon_map magic: 0 v1 ==== 205+0+0 (secure 0 0 0) 0x7f0b440041b0 con 0x7f0b54105130
2023-11-28T01:07:39.629 INFO:teuthology.orchestra.run.smithi172.stdout:/usr/bin/ceph: stderr
2023-11-28T01:07:38.746+0000 7f0b50ff9700 1 -- 172.21.15.172:0/992317252 <== mon.0 v2:172.21.15.172:3300/0 2 ==== config(23 keys) v1 ==== 1007+0+0 (secure 0 0 0) 0x7f0b4401b440 con 0x7f0b54105130
2023-11-28T01:07:39.629 INFO:teuthology.orchestra.run.smithi172.stdout:/usr/bin/ceph: stderr
2023-11-28T01:07:38.746+0000 7f0b59fa7700 1 -- 172.21.15.172:0/992317252 --> [v2:172.21.15.172:3300/0,v1:172.21.15.172:6789/0] -- mon_subscribe({mgrmap=0+}) v3 -- 0x7f0b54199540 con 0x7f0b54105130
2023-11-28T01:07:39.629 INFO:teuthology.orchestra.run.smithi172.stdout:/usr/bin/ceph: stderr
2023-11-28T01:07:38.746+0000 7f0b50ff9700 1 -- 172.21.15.172:0/992317252 <== mon.0 v2:172.21.15.172:3300/0 3 ==== mon_map magic: 0 v1 ==== 205+0+0 (secure 0 0 0) 0x7f0b440193f0 con 0x7f0b54105130
2023-11-28T01:07:39.629 INFO:teuthology.orchestra.run.smithi172.stdout:/usr/bin/ceph: stderr
2023-11-28T01:07:38.746+0000 7f0b59fa7700 1 -- 172.21.15.172:0/992317252 --> [v2:172.21.15.172:3300/0,v1:172.21.15.172:6789/0] -- mon_subscribe({osdmap=0}) v3 -- 0x7f0b541999e0 con 0x7f0b54105130
2023-11-28T01:07:39.629 INFO:teuthology.orchestra.run.smithi172.stdout:/usr/bin/ceph: stderr
2023-11-28T01:07:38.747+0000 7f0b50ff9700 1 -- 172.21.15.172:0/992317252 <== mon.0 v2:172.21.15.172:3300/0 4 ==== mgrmap(e 8) v1 ==== 45719+0+0 (secure 0 0 0) 0x7f0b44019670 con 0x7f0b54105130
2023-11-28T01:07:39.629 INFO:teuthology.orchestra.run.smithi172.stdout:/usr/bin/ceph: stderr
2023-11-28T01:07:38.747+0000 7f0b59fa7700 1 -- 172.21.15.172:0/992317252 --> [v2:172.21.15.172:3300/0,v1:172.21.15.172:6789/0] -- mon_command({"prefix": "get_command_descriptions"} v 0) v1 -- 0x7f0b54062c00 con 0x7f0b54105130
2023-11-28T01:07:39.629 INFO:teuthology.orchestra.run.smithi172.stdout:/usr/bin/ceph: stderr
2023-11-28T01:07:38.747+0000 7f0b50ff9700 1 --2- 172.21.15.172:0/992317252 >> [v2:172.21.15.172:6800/2738031896,v1:172.21.15.172:6801/2738031896] conn(0x7f0b3c038b40 0x7f0b3c03b000 unknown :-1 s=NONE pgs=0 cs=0 l=1 rev1=0 crypto rx=0 tx=0 comp rx=0 tx=0).connect
2023-11-28T01:07:39.629 INFO:teuthology.orchestra.run.smithi172.stdout:/usr/bin/ceph: stderr
2023-11-28T01:07:38.747+0000 7f0b50ff9700 1 -- 172.21.15.172:0/992317252 <== mon.0 v2:172.21.15.172:3300/0 5 ==== osd_map(2..2 src has 1..2) v4 ==== 940+0+0 (secure 0 0 0) 0x7f0b4404ca90 con 0x7f0b54105130
2023-11-28T01:07:39.629 INFO:teuthology.orchestra.run.smithi172.stdout:/usr/bin/ceph: stderr
2023-11-28T01:07:38.748+0000 7f0b52ffd700 1 --2- 172.21.15.172:0/992317252 >> [v2:172.21.15.172:6800/2738031896,v1:172.21.15.172:6801/2738031896] conn(0x7f0b3c038b40 0x7f0b3c03b000 unknown :-1 s=BANNER_CONNECTING pgs=0 cs=0 l=1 rev1=0 crypto rx=0 tx=0 comp rx=0 tx=0)._handle_peer_banner_payload supported=3 required=0
2023-11-28T01:07:39.629 INFO:teuthology.orchestra.run.smithi172.stdout:/usr/bin/ceph: stderr
2023-11-28T01:07:38.748+0000 7f0b52ffd700 1 --2- 172.21.15.172:0/992317252 >> [v2:172.21.15.172:6800/2738031896,v1:172.21.15.172:6801/2738031896] conn(0x7f0b3c038b40 0x7f0b3c03b000 secure :-1 s=READY pgs=13 cs=0 l=1 rev1=1 crypto rx=0x7f0b48006fd0 tx=0x7f0b48006e40 comp rx=0 tx=0).ready entity=mgr.14120 client_cookie=0 server_cookie=0 in_seq=0 out_seq=0
2023-11-28T01:07:39.630 INFO:teuthology.orchestra.run.smithi172.stdout:/usr/bin/ceph: stderr
2023-11-28T01:07:38.752+0000 7f0b50ff9700 1 -- 172.21.15.172:0/992317252 <== mon.0 v2:172.21.15.172:3300/0 6 ==== mon_command_ack([{"prefix": "get_command_descriptions"}]=0 v0) v1 ==== 72+0+180955 (secure 0 0 0) 0x7f0b44022720 con 0x7f0b54105130
2023-11-28T01:07:39.630 INFO:teuthology.orchestra.run.smithi172.stdout:/usr/bin/ceph: stderr
2023-11-28T01:07:38.972+0000 7f0b59fa7700 1 -- 172.21.15.172:0/992317252 --> [v2:172.21.15.172:6800/2738031896,v1:172.21.15.172:6801/2738031896] -- mgr_command(tid 0: {"prefix": "orch apply", "service_type": "mgr", "unmanaged": true, "target": ["mon-mgr", ""]}) v1 -- 0x7f0b54109530 con 0x7f0b3c038b40
2023-11-28T01:07:39.630 INFO:teuthology.orchestra.run.smithi172.stdout:/usr/bin/ceph: stderr
2023-11-28T01:07:38.980+0000 7f0b50ff9700 1 -- 172.21.15.172:0/992317252 <== mgr.14120 v2:172.21.15.172:6800/2738031896 1 ==== mgr_command_reply(tid 0: 0 ) v1 ==== 8+0+24 (secure 0 0 0) 0x7f0b54109530 con 0x7f0b3c038b40
2023-11-28T01:07:39.630 INFO:teuthology.orchestra.run.smithi172.stdout:/usr/bin/ceph: stderr
2023-11-28T01:07:38.982+0000 7f0b59fa7700 1 -- 172.21.15.172:0/992317252 >> [v2:172.21.15.172:6800/2738031896,v1:172.21.15.172:6801/2738031896] conn(0x7f0b3c038b40 msgr2=0x7f0b3c03b000 secure :-1 s=STATE_CONNECTION_ESTABLISHED l=1).mark_down
2023-11-28T01:07:39.630 INFO:teuthology.orchestra.run.smithi172.stdout:/usr/bin/ceph: stderr
2023-11-28T01:07:38.982+0000 7f0b59fa7700 1 --2- 172.21.15.172:0/992317252 >> [v2:172.21.15.172:6800/2738031896,v1:172.21.15.172:6801/2738031896] conn(0x7f0b3c038b40 0x7f0b3c03b000 secure :-1 s=READY pgs=13 cs=0 l=1 rev1=1 crypto rx=0x7f0b48006fd0 tx=0x7f0b48006e40 comp rx=0 tx=0).stop
2023-11-28T01:07:39.630 INFO:teuthology.orchestra.run.smithi172.stdout:/usr/bin/ceph: stderr
2023-11-28T01:07:38.982+0000 7f0b59fa7700 1 -- 172.21.15.172:0/992317252 >> [v2:172.21.15.172:3300/0,v1:172.21.15.172:6789/0] conn(0x7f0b54105130 msgr2=0x7f0b54198e00 secure :-1 s=STATE_CONNECTION_ESTABLISHED l=1).mark_down
2023-11-28T01:07:39.630 INFO:teuthology.orchestra.run.smithi172.stdout:/usr/bin/ceph: stderr
2023-11-28T01:07:38.982+0000 7f0b59fa7700 1 --2- 172.21.15.172:0/992317252 >> [v2:172.21.15.172:3300/0,v1:172.21.15.172:6789/0] conn(0x7f0b54105130 0x7f0b54198e00 secure :-1 s=READY pgs=50 cs=0 l=1 rev1=1 crypto rx=0x7f0b44000c00 tx=0x7f0b440119a0 comp rx=0 tx=0).stop
2023-11-28T01:07:39.630 INFO:teuthology.orchestra.run.smithi172.stdout:/usr/bin/ceph: stderr
2023-11-28T01:07:38.982+0000 7f0b59fa7700 1 -- 172.21.15.172:0/992317252 shutdown_connections
2023-11-28T01:07:39.630 INFO:teuthology.orchestra.run.smithi172.stdout:/usr/bin/ceph: stderr
2023-11-28T01:07:38.982+0000 7f0b59fa7700 1 --2- 172.21.15.172:0/992317252 >> [v2:172.21.15.172:6800/2738031896,v1:172.21.15.172:6801/2738031896] conn(0x7f0b3c038b40 0x7f0b3c03b000 unknown :-1 s=CLOSED pgs=13 cs=0 l=1 rev1=1 crypto rx=0 tx=0 comp rx=0 tx=0).stop
2023-11-28T01:07:39.630 INFO:teuthology.orchestra.run.smithi172.stdout:/usr/bin/ceph: stderr
2023-11-28T01:07:38.982+0000 7f0b59fa7700 1 --2- 172.21.15.172:0/992317252 >> [v2:172.21.15.172:3300/0,v1:172.21.15.172:6789/0] conn(0x7f0b54105130 0x7f0b54198e00 unknown :-1 s=CLOSED pgs=50 cs=0 l=1 rev1=1 crypto rx=0 tx=0 comp rx=0 tx=0).stop
2023-11-28T01:07:39.630 INFO:teuthology.orchestra.run.smithi172.stdout:/usr/bin/ceph: stderr
2023-11-28T01:07:38.983+0000 7f0b59fa7700 1 -- 172.21.15.172:0/992317252 >> 172.21.15.172:0/992317252 conn(0x7f0b541006b0 msgr2=0x7f0b541012d0 unknown :-1 s=STATE_NONE l=0).mark_down
2023-11-28T01:07:39.630 INFO:teuthology.orchestra.run.smithi172.stdout:/usr/bin/ceph: stderr
2023-11-28T01:07:38.983+0000 7f0b59fa7700 1 -- 172.21.15.172:0/992317252 shutdown_connections
2023-11-28T01:07:39.630 INFO:teuthology.orchestra.run.smithi172.stdout:/usr/bin/ceph: stderr
2023-11-28T01:07:38.983+0000 7f0b59fa7700 1 -- 172.21.15.172:0/992317252 wait complete.
2023-11-28T01:07:40.009 INFO:journalctl@ceph.mon.a.smithi172.stdout:Nov 28 01:07:39 smithi172 ceph-mon[100627]: from='mgr.14120 172.21.15.172:0/2519987422' entity='mgr.y'
2023-11-28T01:07:40.009 INFO:journalctl@ceph.mon.a.smithi172.stdout:Nov 28 01:07:39 smithi172 ceph-mon[100627]: from='mgr.14120 172.21.15.172:0/2519987422' entity='mgr.y'
2023-11-28T01:07:41.053 INFO:journalctl@ceph.mon.a.smithi172.stdout:Nov 28 01:07:40 smithi172 ceph-mon[100627]: from='client.14144 -' entity='client.admin' cmd=[{"prefix": "orch apply", "service_type": "mgr", "unmanaged": true, "target": ["mon-mgr", ""]}]: dispatch
2023-11-28T01:07:41.053 INFO:journalctl@ceph.mon.a.smithi172.stdout:Nov 28 01:07:40 smithi172 ceph-mon[100627]: Saving service mgr spec with placement count:2
2023-11-28T01:07:41.053 INFO:journalctl@ceph.mon.a.smithi172.stdout:Nov 28 01:07:40 smithi172 ceph-mon[100627]: from='mgr.14120 172.21.15.172:0/2519987422' entity='mgr.y'
2023-11-28T01:07:41.053 INFO:journalctl@ceph.mon.a.smithi172.stdout:Nov 28 01:07:40 smithi172 ceph-mon[100627]: from='client.? 172.21.15.172:0/3285822837' entity='client.admin'
2023-11-28T01:07:41.081 INFO:teuthology.orchestra.run.smithi172.stdout:/usr/bin/ceph: stderr
2023-11-28T01:07:40.322+0000 7f599a1c8700 1 Processor -- start
2023-11-28T01:07:41.082 INFO:teuthology.orchestra.run.smithi172.stdout:/usr/bin/ceph: stderr
2023-11-28T01:07:40.322+0000 7f599a1c8700 1 -- start start
2023-11-28T01:07:41.082 INFO:teuthology.orchestra.run.smithi172.stdout:/usr/bin/ceph: stderr
2023-11-28T01:07:40.322+0000 7f599a1c8700 1 --2- >> [v2:172.21.15.172:3300/0,v1:172.21.15.172:6789/0] conn(0x7f5994103410 0x7f5994103830 unknown :-1 s=NONE pgs=0 cs=0 l=0 rev1=0 crypto rx=0 tx=0 comp rx=0 tx=0).connect
2023-11-28T01:07:41.082 INFO:teuthology.orchestra.run.smithi172.stdout:/usr/bin/ceph: stderr
2023-11-28T01:07:40.322+0000 7f599a1c8700 1 -- --> [v2:172.21.15.172:3300/0,v1:172.21.15.172:6789/0] -- mon_getmap magic: 0 v1 -- 0x7f5994103e00 con 0x7f5994103410
2023-11-28T01:07:41.082 INFO:teuthology.orchestra.run.smithi172.stdout:/usr/bin/ceph: stderr
2023-11-28T01:07:40.323+0000 7f59937fe700 1 --2- >> [v2:172.21.15.172:3300/0,v1:172.21.15.172:6789/0] conn(0x7f5994103410 0x7f5994103830 unknown :-1 s=BANNER_CONNECTING pgs=0 cs=0 l=0 rev1=0 crypto rx=0 tx=0 comp rx=0 tx=0)._handle_peer_banner_payload supported=3 required=0
2023-11-28T01:07:41.082 INFO:teuthology.orchestra.run.smithi172.stdout:/usr/bin/ceph: stderr
2023-11-28T01:07:40.323+0000 7f59937fe700 1 --2- >> [v2:172.21.15.172:3300/0,v1:172.21.15.172:6789/0] conn(0x7f5994103410 0x7f5994103830 unknown :-1 s=HELLO_CONNECTING pgs=0 cs=0 l=0 rev1=1 crypto rx=0 tx=0 comp rx=0 tx=0).handle_hello peer v2:172.21.15.172:3300/0 says I am v2:172.21.15.172:49320/0 (socket says 172.21.15.172:49320)
2023-11-28T01:07:41.082 INFO:teuthology.orchestra.run.smithi172.stdout:/usr/bin/ceph: stderr
2023-11-28T01:07:40.323+0000 7f59937fe700 1 -- 172.21.15.172:0/2244916555 learned_addr learned my addr 172.21.15.172:0/2244916555 (peer_addr_for_me v2:172.21.15.172:0/0)
2023-11-28T01:07:41.082 INFO:teuthology.orchestra.run.smithi172.stdout:/usr/bin/ceph: stderr
2023-11-28T01:07:40.323+0000 7f59937fe700 1 -- 172.21.15.172:0/2244916555 --> [v2:172.21.15.172:3300/0,v1:172.21.15.172:6789/0] -- mon_subscribe({config=0+,monmap=0+}) v3 -- 0x7f59941063a0 con 0x7f5994103410
2023-11-28T01:07:41.082 INFO:teuthology.orchestra.run.smithi172.stdout:/usr/bin/ceph: stderr
2023-11-28T01:07:40.323+0000 7f59937fe700 1 --2- 172.21.15.172:0/2244916555 >> [v2:172.21.15.172:3300/0,v1:172.21.15.172:6789/0] conn(0x7f5994103410 0x7f5994103830 secure :-1 s=READY pgs=51 cs=0 l=1 rev1=1 crypto rx=0x7f59840098a0 tx=0x7f5984009bb0 comp rx=0 tx=0).ready entity=mon.0 client_cookie=b11753e820b0bbe7 server_cookie=0 in_seq=0 out_seq=0
2023-11-28T01:07:41.083 INFO:teuthology.orchestra.run.smithi172.stdout:/usr/bin/ceph: stderr
2023-11-28T01:07:40.323+0000 7f59927fc700 1 -- 172.21.15.172:0/2244916555 <== mon.0 v2:172.21.15.172:3300/0 1 ==== mon_map magic: 0 v1 ==== 205+0+0 (secure 0 0 0) 0x7f5984004160 con 0x7f5994103410
2023-11-28T01:07:41.083 INFO:teuthology.orchestra.run.smithi172.stdout:/usr/bin/ceph: stderr
2023-11-28T01:07:40.323+0000 7f59927fc700 1 -- 172.21.15.172:0/2244916555 <== mon.0 v2:172.21.15.172:3300/0 2 ==== config(23 keys) v1 ==== 1007+0+0 (secure 0 0 0) 0x7f59840036a0 con 0x7f5994103410
2023-11-28T01:07:41.083 INFO:teuthology.orchestra.run.smithi172.stdout:/usr/bin/ceph: stderr
2023-11-28T01:07:40.323+0000 7f59927fc700 1 -- 172.21.15.172:0/2244916555 <== mon.0 v2:172.21.15.172:3300/0 3 ==== mon_map magic: 0 v1 ==== 205+0+0 (secure 0 0 0) 0x7f59840117a0 con 0x7f5994103410
2023-11-28T01:07:41.083 INFO:teuthology.orchestra.run.smithi172.stdout:/usr/bin/ceph: stderr
