2023-11-28T01:07:40.324+0000 7f599a1c8700 1 -- 172.21.15.172:0/2244916555 >> [v2:172.21.15.172:3300/0,v1:172.21.15.172:6789/0] conn(0x7f5994103410 msgr2=0x7f5994103830 secure :-1 s=STATE_CONNECTION_ESTABLISHED l=1).mark_down
2023-11-28T01:07:41.085 INFO:teuthology.orchestra.run.smithi172.stdout:/usr/bin/ceph: stderr
2023-11-28T01:07:40.324+0000 7f599a1c8700 1 --2- 172.21.15.172:0/2244916555 >> [v2:172.21.15.172:3300/0,v1:172.21.15.172:6789/0] conn(0x7f5994103410 0x7f5994103830 secure :-1 s=READY pgs=51 cs=0 l=1 rev1=1 crypto rx=0x7f59840098a0 tx=0x7f5984009bb0 comp rx=0 tx=0).stop
2023-11-28T01:07:41.086 INFO:teuthology.orchestra.run.smithi172.stdout:/usr/bin/ceph: stderr
2023-11-28T01:07:40.324+0000 7f599a1c8700 1 -- 172.21.15.172:0/2244916555 shutdown_connections
2023-11-28T01:07:41.086 INFO:teuthology.orchestra.run.smithi172.stdout:/usr/bin/ceph: stderr
2023-11-28T01:07:40.324+0000 7f599a1c8700 1 --2- 172.21.15.172:0/2244916555 >> [v2:172.21.15.172:3300/0,v1:172.21.15.172:6789/0] conn(0x7f5994103410 0x7f5994103830 unknown :-1 s=CLOSED pgs=51 cs=0 l=1 rev1=1 crypto rx=0 tx=0 comp rx=0 tx=0).stop
2023-11-28T01:07:41.086 INFO:teuthology.orchestra.run.smithi172.stdout:/usr/bin/ceph: stderr
2023-11-28T01:07:40.324+0000 7f599a1c8700 1 -- 172.21.15.172:0/2244916555 >> 172.21.15.172:0/2244916555 conn(0x7f59940fed00 msgr2=0x7f5994101180 unknown :-1 s=STATE_NONE l=0).mark_down
2023-11-28T01:07:41.087 INFO:teuthology.orchestra.run.smithi172.stdout:/usr/bin/ceph: stderr
2023-11-28T01:07:40.324+0000 7f599a1c8700 1 -- 172.21.15.172:0/2244916555 shutdown_connections
2023-11-28T01:07:41.087 INFO:teuthology.orchestra.run.smithi172.stdout:/usr/bin/ceph: stderr
2023-11-28T01:07:40.324+0000 7f599a1c8700 1 -- 172.21.15.172:0/2244916555 wait complete.
2023-11-28T01:07:41.087 INFO:teuthology.orchestra.run.smithi172.stdout:/usr/bin/ceph: stderr
2023-11-28T01:07:40.325+0000 7f599a1c8700 1 Processor -- start
2023-11-28T01:07:41.088 INFO:teuthology.orchestra.run.smithi172.stdout:/usr/bin/ceph: stderr
2023-11-28T01:07:40.325+0000 7f599a1c8700 1 -- start start
2023-11-28T01:07:41.088 INFO:teuthology.orchestra.run.smithi172.stdout:/usr/bin/ceph: stderr
2023-11-28T01:07:40.325+0000 7f599a1c8700 1 --2- >> [v2:172.21.15.172:3300/0,v1:172.21.15.172:6789/0] conn(0x7f5994103410 0x7f5994198e10 unknown :-1 s=NONE pgs=0 cs=0 l=1 rev1=0 crypto rx=0 tx=0 comp rx=0 tx=0).connect
2023-11-28T01:07:41.088 INFO:teuthology.orchestra.run.smithi172.stdout:/usr/bin/ceph: stderr
2023-11-28T01:07:40.325+0000 7f599a1c8700 1 -- --> [v2:172.21.15.172:3300/0,v1:172.21.15.172:6789/0] -- mon_getmap magic: 0 v1 -- 0x7f5994199350 con 0x7f5994103410
2023-11-28T01:07:41.088 INFO:teuthology.orchestra.run.smithi172.stdout:/usr/bin/ceph: stderr
2023-11-28T01:07:40.325+0000 7f59937fe700 1 --2- >> [v2:172.21.15.172:3300/0,v1:172.21.15.172:6789/0] conn(0x7f5994103410 0x7f5994198e10 unknown :-1 s=BANNER_CONNECTING pgs=0 cs=0 l=1 rev1=0 crypto rx=0 tx=0 comp rx=0 tx=0)._handle_peer_banner_payload supported=3 required=0
2023-11-28T01:07:41.088 INFO:teuthology.orchestra.run.smithi172.stdout:/usr/bin/ceph: stderr
2023-11-28T01:07:40.325+0000 7f59937fe700 1 --2- >> [v2:172.21.15.172:3300/0,v1:172.21.15.172:6789/0] conn(0x7f5994103410 0x7f5994198e10 unknown :-1 s=HELLO_CONNECTING pgs=0 cs=0 l=1 rev1=1 crypto rx=0 tx=0 comp rx=0 tx=0).handle_hello peer v2:172.21.15.172:3300/0 says I am v2:172.21.15.172:49322/0 (socket says 172.21.15.172:49322)
2023-11-28T01:07:41.088 INFO:teuthology.orchestra.run.smithi172.stdout:/usr/bin/ceph: stderr
2023-11-28T01:07:40.325+0000 7f59937fe700 1 -- 172.21.15.172:0/3285822837 learned_addr learned my addr 172.21.15.172:0/3285822837 (peer_addr_for_me v2:172.21.15.172:0/0)
2023-11-28T01:07:41.088 INFO:teuthology.orchestra.run.smithi172.stdout:/usr/bin/ceph: stderr
2023-11-28T01:07:40.326+0000 7f59937fe700 1 -- 172.21.15.172:0/3285822837 --> [v2:172.21.15.172:3300/0,v1:172.21.15.172:6789/0] -- mon_subscribe({config=0+,monmap=0+}) v3 -- 0x7f5984009550 con 0x7f5994103410
2023-11-28T01:07:41.088 INFO:teuthology.orchestra.run.smithi172.stdout:/usr/bin/ceph: stderr
2023-11-28T01:07:40.326+0000 7f59937fe700 1 --2- 172.21.15.172:0/3285822837 >> [v2:172.21.15.172:3300/0,v1:172.21.15.172:6789/0] conn(0x7f5994103410 0x7f5994198e10 secure :-1 s=READY pgs=52 cs=0 l=1 rev1=1 crypto rx=0x7f5984000c00 tx=0x7f59840119a0 comp rx=0 tx=0).ready entity=mon.0 client_cookie=0 server_cookie=0 in_seq=0 out_seq=0
2023-11-28T01:07:41.088 INFO:teuthology.orchestra.run.smithi172.stdout:/usr/bin/ceph: stderr
2023-11-28T01:07:40.326+0000 7f5990ff9700 1 -- 172.21.15.172:0/3285822837 <== mon.0 v2:172.21.15.172:3300/0 1 ==== mon_map magic: 0 v1 ==== 205+0+0 (secure 0 0 0) 0x7f59840041b0 con 0x7f5994103410
2023-11-28T01:07:41.089 INFO:teuthology.orchestra.run.smithi172.stdout:/usr/bin/ceph: stderr
2023-11-28T01:07:40.326+0000 7f599a1c8700 1 -- 172.21.15.172:0/3285822837 --> [v2:172.21.15.172:3300/0,v1:172.21.15.172:6789/0] -- mon_subscribe({mgrmap=0+}) v3 -- 0x7f5994199550 con 0x7f5994103410
2023-11-28T01:07:41.089 INFO:teuthology.orchestra.run.smithi172.stdout:/usr/bin/ceph: stderr
2023-11-28T01:07:40.326+0000 7f5990ff9700 1 -- 172.21.15.172:0/3285822837 <== mon.0 v2:172.21.15.172:3300/0 2 ==== config(23 keys) v1 ==== 1007+0+0 (secure 0 0 0) 0x7f5984004310 con 0x7f5994103410
2023-11-28T01:07:41.089 INFO:teuthology.orchestra.run.smithi172.stdout:/usr/bin/ceph: stderr
2023-11-28T01:07:40.326+0000 7f5990ff9700 1 -- 172.21.15.172:0/3285822837 <== mon.0 v2:172.21.15.172:3300/0 3 ==== mon_map magic: 0 v1 ==== 205+0+0 (secure 0 0 0) 0x7f598401be80 con 0x7f5994103410
2023-11-28T01:07:41.089 INFO:teuthology.orchestra.run.smithi172.stdout:/usr/bin/ceph: stderr
2023-11-28T01:07:40.326+0000 7f599a1c8700 1 -- 172.21.15.172:0/3285822837 --> [v2:172.21.15.172:3300/0,v1:172.21.15.172:6789/0] -- mon_subscribe({osdmap=0}) v3 -- 0x7f5994199970 con 0x7f5994103410
2023-11-28T01:07:41.089 INFO:teuthology.orchestra.run.smithi172.stdout:/usr/bin/ceph: stderr
2023-11-28T01:07:40.327+0000 7f5990ff9700 1 -- 172.21.15.172:0/3285822837 <== mon.0 v2:172.21.15.172:3300/0 4 ==== mgrmap(e 8) v1 ==== 45719+0+0 (secure 0 0 0) 0x7f59840194f0 con 0x7f5994103410
2023-11-28T01:07:41.089 INFO:teuthology.orchestra.run.smithi172.stdout:/usr/bin/ceph: stderr
2023-11-28T01:07:40.327+0000 7f5990ff9700 1 --2- 172.21.15.172:0/3285822837 >> [v2:172.21.15.172:6800/2738031896,v1:172.21.15.172:6801/2738031896] conn(0x7f597c038b40 0x7f597c03b000 unknown :-1 s=NONE pgs=0 cs=0 l=1 rev1=0 crypto rx=0 tx=0 comp rx=0 tx=0).connect
2023-11-28T01:07:41.089 INFO:teuthology.orchestra.run.smithi172.stdout:/usr/bin/ceph: stderr
2023-11-28T01:07:40.327+0000 7f5990ff9700 1 -- 172.21.15.172:0/3285822837 <== mon.0 v2:172.21.15.172:3300/0 5 ==== osd_map(2..2 src has 1..2) v4 ==== 940+0+0 (secure 0 0 0) 0x7f598404cf70 con 0x7f5994103410
2023-11-28T01:07:41.089 INFO:teuthology.orchestra.run.smithi172.stdout:/usr/bin/ceph: stderr
2023-11-28T01:07:40.327+0000 7f5992ffd700 1 --2- 172.21.15.172:0/3285822837 >> [v2:172.21.15.172:6800/2738031896,v1:172.21.15.172:6801/2738031896] conn(0x7f597c038b40 0x7f597c03b000 unknown :-1 s=BANNER_CONNECTING pgs=0 cs=0 l=1 rev1=0 crypto rx=0 tx=0 comp rx=0 tx=0)._handle_peer_banner_payload supported=3 required=0
2023-11-28T01:07:41.089 INFO:teuthology.orchestra.run.smithi172.stdout:/usr/bin/ceph: stderr
2023-11-28T01:07:40.327+0000 7f599a1c8700 1 -- 172.21.15.172:0/3285822837 --> [v2:172.21.15.172:3300/0,v1:172.21.15.172:6789/0] -- mon_command({"prefix": "get_command_descriptions"} v 0) v1 -- 0x7f5994062c00 con 0x7f5994103410
2023-11-28T01:07:41.089 INFO:teuthology.orchestra.run.smithi172.stdout:/usr/bin/ceph: stderr
2023-11-28T01:07:40.328+0000 7f5992ffd700 1 --2- 172.21.15.172:0/3285822837 >> [v2:172.21.15.172:6800/2738031896,v1:172.21.15.172:6801/2738031896] conn(0x7f597c038b40 0x7f597c03b000 secure :-1 s=READY pgs=14 cs=0 l=1 rev1=1 crypto rx=0x7f5988006fd0 tx=0x7f5988006e40 comp rx=0 tx=0).ready entity=mgr.14120 client_cookie=0 server_cookie=0 in_seq=0 out_seq=0
2023-11-28T01:07:41.089 INFO:teuthology.orchestra.run.smithi172.stdout:/usr/bin/ceph: stderr
2023-11-28T01:07:40.335+0000 7f5990ff9700 1 -- 172.21.15.172:0/3285822837 <== mon.0 v2:172.21.15.172:3300/0 6 ==== mon_command_ack([{"prefix": "get_command_descriptions"}]=0 v0) v1 ==== 72+0+180955 (secure 0 0 0) 0x7f598401a3d0 con 0x7f5994103410
2023-11-28T01:07:41.089 INFO:teuthology.orchestra.run.smithi172.stdout:/usr/bin/ceph: stderr
2023-11-28T01:07:40.539+0000 7f599a1c8700 1 -- 172.21.15.172:0/3285822837 --> [v2:172.21.15.172:3300/0,v1:172.21.15.172:6789/0] -- mon_command([{prefix=config set, name=mgr/cephadm/container_init}] v 0) v1 -- 0x7f5994104190 con 0x7f5994103410
2023-11-28T01:07:41.090 INFO:teuthology.orchestra.run.smithi172.stdout:/usr/bin/ceph: stderr
2023-11-28T01:07:40.541+0000 7f5990ff9700 1 -- 172.21.15.172:0/3285822837 <== mon.0 v2:172.21.15.172:3300/0 7 ==== mon_command_ack([{prefix=config set, name=mgr/cephadm/container_init}]=0 v7)=0 v7) v1 ==== 142+0+0 (secure 0 0 0) 0x7f5984018350 con 0x7f5994103410
2023-11-28T01:07:41.090 INFO:teuthology.orchestra.run.smithi172.stdout:/usr/bin/ceph: stderr
2023-11-28T01:07:40.544+0000 7f599a1c8700 1 -- 172.21.15.172:0/3285822837 >> [v2:172.21.15.172:6800/2738031896,v1:172.21.15.172:6801/2738031896] conn(0x7f597c038b40 msgr2=0x7f597c03b000 secure :-1 s=STATE_CONNECTION_ESTABLISHED l=1).mark_down
2023-11-28T01:07:41.090 INFO:teuthology.orchestra.run.smithi172.stdout:/usr/bin/ceph: stderr
2023-11-28T01:07:40.544+0000 7f599a1c8700 1 --2- 172.21.15.172:0/3285822837 >> [v2:172.21.15.172:6800/2738031896,v1:172.21.15.172:6801/2738031896] conn(0x7f597c038b40 0x7f597c03b000 secure :-1 s=READY pgs=14 cs=0 l=1 rev1=1 crypto rx=0x7f5988006fd0 tx=0x7f5988006e40 comp rx=0 tx=0).stop
2023-11-28T01:07:41.090 INFO:teuthology.orchestra.run.smithi172.stdout:/usr/bin/ceph: stderr
2023-11-28T01:07:40.544+0000 7f599a1c8700 1 -- 172.21.15.172:0/3285822837 >> [v2:172.21.15.172:3300/0,v1:172.21.15.172:6789/0] conn(0x7f5994103410 msgr2=0x7f5994198e10 secure :-1 s=STATE_CONNECTION_ESTABLISHED l=1).mark_down
2023-11-28T01:07:41.090 INFO:teuthology.orchestra.run.smithi172.stdout:/usr/bin/ceph: stderr
2023-11-28T01:07:40.544+0000 7f599a1c8700 1 --2- 172.21.15.172:0/3285822837 >> [v2:172.21.15.172:3300/0,v1:172.21.15.172:6789/0] conn(0x7f5994103410 0x7f5994198e10 secure :-1 s=READY pgs=52 cs=0 l=1 rev1=1 crypto rx=0x7f5984000c00 tx=0x7f59840119a0 comp rx=0 tx=0).stop
2023-11-28T01:07:41.090 INFO:teuthology.orchestra.run.smithi172.stdout:/usr/bin/ceph: stderr
2023-11-28T01:07:40.544+0000 7f599a1c8700 1 -- 172.21.15.172:0/3285822837 shutdown_connections
2023-11-28T01:07:41.090 INFO:teuthology.orchestra.run.smithi172.stdout:/usr/bin/ceph: stderr
2023-11-28T01:07:40.544+0000 7f599a1c8700 1 --2- 172.21.15.172:0/3285822837 >> [v2:172.21.15.172:6800/2738031896,v1:172.21.15.172:6801/2738031896] conn(0x7f597c038b40 0x7f597c03b000 unknown :-1 s=CLOSED pgs=14 cs=0 l=1 rev1=1 crypto rx=0 tx=0 comp rx=0 tx=0).stop
2023-11-28T01:07:41.090 INFO:teuthology.orchestra.run.smithi172.stdout:/usr/bin/ceph: stderr
2023-11-28T01:07:40.544+0000 7f599a1c8700 1 --2- 172.21.15.172:0/3285822837 >> [v2:172.21.15.172:3300/0,v1:172.21.15.172:6789/0] conn(0x7f5994103410 0x7f5994198e10 unknown :-1 s=CLOSED pgs=52 cs=0 l=1 rev1=1 crypto rx=0 tx=0 comp rx=0 tx=0).stop
2023-11-28T01:07:41.090 INFO:teuthology.orchestra.run.smithi172.stdout:/usr/bin/ceph: stderr
2023-11-28T01:07:40.544+0000 7f599a1c8700 1 -- 172.21.15.172:0/3285822837 >> 172.21.15.172:0/3285822837 conn(0x7f59940fed00 msgr2=0x7f59940ff940 unknown :-1 s=STATE_NONE l=0).mark_down
2023-11-28T01:07:41.090 INFO:teuthology.orchestra.run.smithi172.stdout:/usr/bin/ceph: stderr
2023-11-28T01:07:40.544+0000 7f599a1c8700 1 -- 172.21.15.172:0/3285822837 shutdown_connections
2023-11-28T01:07:41.090 INFO:teuthology.orchestra.run.smithi172.stdout:/usr/bin/ceph: stderr
2023-11-28T01:07:40.544+0000 7f599a1c8700 1 -- 172.21.15.172:0/3285822837 wait complete.
2023-11-28T01:07:42.303 INFO:journalctl@ceph.mon.a.smithi172.stdout:Nov 28 01:07:41 smithi172 ceph-mon[100627]: from='mgr.14120 172.21.15.172:0/2519987422' entity='mgr.y'
2023-11-28T01:07:42.303 INFO:journalctl@ceph.mon.a.smithi172.stdout:Nov 28 01:07:41 smithi172 ceph-mon[100627]: from='client.? 172.21.15.172:0/4121082651' entity='client.admin'
2023-11-28T01:07:42.773 INFO:teuthology.orchestra.run.smithi172.stdout:/usr/bin/ceph: stderr
2023-11-28T01:07:41.529+0000 7fa55ccc2700 1 Processor -- start
2023-11-28T01:07:42.773 INFO:teuthology.orchestra.run.smithi172.stdout:/usr/bin/ceph: stderr
2023-11-28T01:07:41.529+0000 7fa55ccc2700 1 -- start start
2023-11-28T01:07:42.774 INFO:teuthology.orchestra.run.smithi172.stdout:/usr/bin/ceph: stderr
2023-11-28T01:07:41.529+0000 7fa55ccc2700 1 --2- >> [v2:172.21.15.172:3300/0,v1:172.21.15.172:6789/0] conn(0x7fa558105130 0x7fa558105550 unknown :-1 s=NONE pgs=0 cs=0 l=0 rev1=0 crypto rx=0 tx=0 comp rx=0 tx=0).connect
2023-11-28T01:07:42.774 INFO:teuthology.orchestra.run.smithi172.stdout:/usr/bin/ceph: stderr
2023-11-28T01:07:41.529+0000 7fa55ccc2700 1 -- --> [v2:172.21.15.172:3300/0,v1:172.21.15.172:6789/0] -- mon_getmap magic: 0 v1 -- 0x7fa558105b20 con 0x7fa558105130
2023-11-28T01:07:42.774 INFO:teuthology.orchestra.run.smithi172.stdout:/usr/bin/ceph: stderr
2023-11-28T01:07:41.529+0000 7fa55659c700 1 --2- >> [v2:172.21.15.172:3300/0,v1:172.21.15.172:6789/0] conn(0x7fa558105130 0x7fa558105550 unknown :-1 s=BANNER_CONNECTING pgs=0 cs=0 l=0 rev1=0 crypto rx=0 tx=0 comp rx=0 tx=0)._handle_peer_banner_payload supported=3 required=0
2023-11-28T01:07:42.774 INFO:teuthology.orchestra.run.smithi172.stdout:/usr/bin/ceph: stderr
2023-11-28T01:07:41.529+0000 7fa55659c700 1 --2- >> [v2:172.21.15.172:3300/0,v1:172.21.15.172:6789/0] conn(0x7fa558105130 0x7fa558105550 unknown :-1 s=HELLO_CONNECTING pgs=0 cs=0 l=0 rev1=1 crypto rx=0 tx=0 comp rx=0 tx=0).handle_hello peer v2:172.21.15.172:3300/0 says I am v2:172.21.15.172:49326/0 (socket says 172.21.15.172:49326)
2023-11-28T01:07:42.774 INFO:teuthology.orchestra.run.smithi172.stdout:/usr/bin/ceph: stderr
2023-11-28T01:07:41.529+0000 7fa55659c700 1 -- 172.21.15.172:0/2875596735 learned_addr learned my addr 172.21.15.172:0/2875596735 (peer_addr_for_me v2:172.21.15.172:0/0)
2023-11-28T01:07:42.774 INFO:teuthology.orchestra.run.smithi172.stdout:/usr/bin/ceph: stderr
2023-11-28T01:07:41.530+0000 7fa55659c700 1 -- 172.21.15.172:0/2875596735 --> [v2:172.21.15.172:3300/0,v1:172.21.15.172:6789/0] -- mon_subscribe({config=0+,monmap=0+}) v3 -- 0x7fa558106330 con 0x7fa558105130
2023-11-28T01:07:42.775 INFO:teuthology.orchestra.run.smithi172.stdout:/usr/bin/ceph: stderr
2023-11-28T01:07:41.530+0000 7fa55659c700 1 --2- 172.21.15.172:0/2875596735 >> [v2:172.21.15.172:3300/0,v1:172.21.15.172:6789/0] conn(0x7fa558105130 0x7fa558105550 secure :-1 s=READY pgs=53 cs=0 l=1 rev1=1 crypto rx=0x7fa5480098a0 tx=0x7fa548009bb0 comp rx=0 tx=0).ready entity=mon.0 client_cookie=96aad39277a785f0 server_cookie=0 in_seq=0 out_seq=0
2023-11-28T01:07:42.775 INFO:teuthology.orchestra.run.smithi172.stdout:/usr/bin/ceph: stderr
2023-11-28T01:07:41.530+0000 7fa55559a700 1 -- 172.21.15.172:0/2875596735 <== mon.0 v2:172.21.15.172:3300/0 1 ==== mon_map magic: 0 v1 ==== 205+0+0 (secure 0 0 0) 0x7fa548004160 con 0x7fa558105130
2023-11-28T01:07:42.775 INFO:teuthology.orchestra.run.smithi172.stdout:/usr/bin/ceph: stderr
2023-11-28T01:07:41.530+0000 7fa55559a700 1 -- 172.21.15.172:0/2875596735 <== mon.0 v2:172.21.15.172:3300/0 2 ==== config(23 keys) v1 ==== 1007+0+0 (secure 0 0 0) 0x7fa5480036a0 con 0x7fa558105130
2023-11-28T01:07:42.775 INFO:teuthology.orchestra.run.smithi172.stdout:/usr/bin/ceph: stderr
2023-11-28T01:07:41.530+0000 7fa55559a700 1 -- 172.21.15.172:0/2875596735 <== mon.0 v2:172.21.15.172:3300/0 3 ==== mon_map magic: 0 v1 ==== 205+0+0 (secure 0 0 0) 0x7fa5480117a0 con 0x7fa558105130
2023-11-28T01:07:42.775 INFO:teuthology.orchestra.run.smithi172.stdout:/usr/bin/ceph: stderr
2023-11-28T01:07:41.531+0000 7fa55ccc2700 1 -- 172.21.15.172:0/2875596735 >> [v2:172.21.15.172:3300/0,v1:172.21.15.172:6789/0] conn(0x7fa558105130 msgr2=0x7fa558105550 secure :-1 s=STATE_CONNECTION_ESTABLISHED l=1).mark_down
2023-11-28T01:07:42.775 INFO:teuthology.orchestra.run.smithi172.stdout:/usr/bin/ceph: stderr
2023-11-28T01:07:41.531+0000 7fa55ccc2700 1 --2- 172.21.15.172:0/2875596735 >> [v2:172.21.15.172:3300/0,v1:172.21.15.172:6789/0] conn(0x7fa558105130 0x7fa558105550 secure :-1 s=READY pgs=53 cs=0 l=1 rev1=1 crypto rx=0x7fa5480098a0 tx=0x7fa548009bb0 comp rx=0 tx=0).stop
2023-11-28T01:07:42.775 INFO:teuthology.orchestra.run.smithi172.stdout:/usr/bin/ceph: stderr
2023-11-28T01:07:41.531+0000 7fa55ccc2700 1 -- 172.21.15.172:0/2875596735 shutdown_connections
2023-11-28T01:07:42.775 INFO:teuthology.orchestra.run.smithi172.stdout:/usr/bin/ceph: stderr
2023-11-28T01:07:41.531+0000 7fa55ccc2700 1 --2- 172.21.15.172:0/2875596735 >> [v2:172.21.15.172:3300/0,v1:172.21.15.172:6789/0] conn(0x7fa558105130 0x7fa558105550 unknown :-1 s=CLOSED pgs=53 cs=0 l=1 rev1=1 crypto rx=0 tx=0 comp rx=0 tx=0).stop
2023-11-28T01:07:42.775 INFO:teuthology.orchestra.run.smithi172.stdout:/usr/bin/ceph: stderr
2023-11-28T01:07:41.531+0000 7fa55ccc2700 1 -- 172.21.15.172:0/2875596735 >> 172.21.15.172:0/2875596735 conn(0x7fa5581006b0 msgr2=0x7fa558102b10 unknown :-1 s=STATE_NONE l=0).mark_down
2023-11-28T01:07:42.775 INFO:teuthology.orchestra.run.smithi172.stdout:/usr/bin/ceph: stderr
2023-11-28T01:07:41.531+0000 7fa55ccc2700 1 -- 172.21.15.172:0/2875596735 shutdown_connections
2023-11-28T01:07:42.776 INFO:teuthology.orchestra.run.smithi172.stdout:/usr/bin/ceph: stderr
2023-11-28T01:07:41.531+0000 7fa55ccc2700 1 -- 172.21.15.172:0/2875596735 wait complete.
2023-11-28T01:07:42.776 INFO:teuthology.orchestra.run.smithi172.stdout:/usr/bin/ceph: stderr
2023-11-28T01:07:41.532+0000 7fa55ccc2700 1 Processor -- start
2023-11-28T01:07:42.776 INFO:teuthology.orchestra.run.smithi172.stdout:/usr/bin/ceph: stderr
2023-11-28T01:07:41.532+0000 7fa55ccc2700 1 -- start start
2023-11-28T01:07:42.776 INFO:teuthology.orchestra.run.smithi172.stdout:/usr/bin/ceph: stderr
2023-11-28T01:07:41.532+0000 7fa55ccc2700 1 --2- >> [v2:172.21.15.172:3300/0,v1:172.21.15.172:6789/0] conn(0x7fa558105130 0x7fa558198e00 unknown :-1 s=NONE pgs=0 cs=0 l=1 rev1=0 crypto rx=0 tx=0 comp rx=0 tx=0).connect
2023-11-28T01:07:42.776 INFO:teuthology.orchestra.run.smithi172.stdout:/usr/bin/ceph: stderr
2023-11-28T01:07:41.532+0000 7fa55ccc2700 1 -- --> [v2:172.21.15.172:3300/0,v1:172.21.15.172:6789/0] -- mon_getmap magic: 0 v1 -- 0x7fa558199340 con 0x7fa558105130
2023-11-28T01:07:42.776 INFO:teuthology.orchestra.run.smithi172.stdout:/usr/bin/ceph: stderr
2023-11-28T01:07:41.533+0000 7fa55659c700 1 --2- >> [v2:172.21.15.172:3300/0,v1:172.21.15.172:6789/0] conn(0x7fa558105130 0x7fa558198e00 unknown :-1 s=BANNER_CONNECTING pgs=0 cs=0 l=1 rev1=0 crypto rx=0 tx=0 comp rx=0 tx=0)._handle_peer_banner_payload supported=3 required=0
2023-11-28T01:07:42.776 INFO:teuthology.orchestra.run.smithi172.stdout:/usr/bin/ceph: stderr
2023-11-28T01:07:41.533+0000 7fa55659c700 1 --2- >> [v2:172.21.15.172:3300/0,v1:172.21.15.172:6789/0] conn(0x7fa558105130 0x7fa558198e00 unknown :-1 s=HELLO_CONNECTING pgs=0 cs=0 l=1 rev1=1 crypto rx=0 tx=0 comp rx=0 tx=0).handle_hello peer v2:172.21.15.172:3300/0 says I am v2:172.21.15.172:49328/0 (socket says 172.21.15.172:49328)
2023-11-28T01:07:42.776 INFO:teuthology.orchestra.run.smithi172.stdout:/usr/bin/ceph: stderr
2023-11-28T01:07:41.533+0000 7fa55659c700 1 -- 172.21.15.172:0/4121082651 learned_addr learned my addr 172.21.15.172:0/4121082651 (peer_addr_for_me v2:172.21.15.172:0/0)
2023-11-28T01:07:42.776 INFO:teuthology.orchestra.run.smithi172.stdout:/usr/bin/ceph: stderr
2023-11-28T01:07:41.533+0000 7fa55659c700 1 -- 172.21.15.172:0/4121082651 --> [v2:172.21.15.172:3300/0,v1:172.21.15.172:6789/0] -- mon_subscribe({config=0+,monmap=0+}) v3 -- 0x7fa548009550 con 0x7fa558105130
2023-11-28T01:07:42.776 INFO:teuthology.orchestra.run.smithi172.stdout:/usr/bin/ceph: stderr
2023-11-28T01:07:41.533+0000 7fa55659c700 1 --2- 172.21.15.172:0/4121082651 >> [v2:172.21.15.172:3300/0,v1:172.21.15.172:6789/0] conn(0x7fa558105130 0x7fa558198e00 secure :-1 s=READY pgs=54 cs=0 l=1 rev1=1 crypto rx=0x7fa548009fb0 tx=0x7fa548011cf0 comp rx=0 tx=0).ready entity=mon.0 client_cookie=0 server_cookie=0 in_seq=0 out_seq=0
2023-11-28T01:07:42.776 INFO:teuthology.orchestra.run.smithi172.stdout:/usr/bin/ceph: stderr
2023-11-28T01:07:41.533+0000 7fa5477fe700 1 -- 172.21.15.172:0/4121082651 <== mon.0 v2:172.21.15.172:3300/0 1 ==== mon_map magic: 0 v1 ==== 205+0+0 (secure 0 0 0) 0x7fa548003880 con 0x7fa558105130
2023-11-28T01:07:42.776 INFO:teuthology.orchestra.run.smithi172.stdout:/usr/bin/ceph: stderr
2023-11-28T01:07:41.533+0000 7fa5477fe700 1 -- 172.21.15.172:0/4121082651 <== mon.0 v2:172.21.15.172:3300/0 2 ==== config(23 keys) v1 ==== 1007+0+0 (secure 0 0 0) 0x7fa548004600 con 0x7fa558105130
2023-11-28T01:07:42.776 INFO:teuthology.orchestra.run.smithi172.stdout:/usr/bin/ceph: stderr
2023-11-28T01:07:41.533+0000 7fa5477fe700 1 -- 172.21.15.172:0/4121082651 <== mon.0 v2:172.21.15.172:3300/0 3 ==== mon_map magic: 0 v1 ==== 205+0+0 (secure 0 0 0) 0x7fa54801bd70 con 0x7fa558105130
2023-11-28T01:07:42.776 INFO:teuthology.orchestra.run.smithi172.stdout:/usr/bin/ceph: stderr
2023-11-28T01:07:41.533+0000 7fa55ccc2700 1 -- 172.21.15.172:0/4121082651 --> [v2:172.21.15.172:3300/0,v1:172.21.15.172:6789/0] -- mon_subscribe({mgrmap=0+}) v3 -- 0x7fa558199540 con 0x7fa558105130
2023-11-28T01:07:42.777 INFO:teuthology.orchestra.run.smithi172.stdout:/usr/bin/ceph: stderr
2023-11-28T01:07:41.533+0000 7fa55ccc2700 1 -- 172.21.15.172:0/4121082651 --> [v2:172.21.15.172:3300/0,v1:172.21.15.172:6789/0] -- mon_subscribe({osdmap=0}) v3 -- 0x7fa5581999e0 con 0x7fa558105130
2023-11-28T01:07:42.777 INFO:teuthology.orchestra.run.smithi172.stdout:/usr/bin/ceph: stderr
2023-11-28T01:07:41.534+0000 7fa5477fe700 1 -- 172.21.15.172:0/4121082651 <== mon.0 v2:172.21.15.172:3300/0 4 ==== mgrmap(e 8) v1 ==== 45719+0+0 (secure 0 0 0) 0x7fa5480193d0 con 0x7fa558105130
2023-11-28T01:07:42.777 INFO:teuthology.orchestra.run.smithi172.stdout:/usr/bin/ceph: stderr
2023-11-28T01:07:41.535+0000 7fa5477fe700 1 --2- 172.21.15.172:0/4121082651 >> [v2:172.21.15.172:6800/2738031896,v1:172.21.15.172:6801/2738031896] conn(0x7fa540038b40 0x7fa54003b000 unknown :-1 s=NONE pgs=0 cs=0 l=1 rev1=0 crypto rx=0 tx=0 comp rx=0 tx=0).connect
2023-11-28T01:07:42.777 INFO:teuthology.orchestra.run.smithi172.stdout:/usr/bin/ceph: stderr
2023-11-28T01:07:41.535+0000 7fa55ccc2700 1 -- 172.21.15.172:0/4121082651 --> [v2:172.21.15.172:3300/0,v1:172.21.15.172:6789/0] -- mon_command({"prefix": "get_command_descriptions"} v 0) v1 -- 0x7fa558062c00 con 0x7fa558105130
2023-11-28T01:07:42.777 INFO:teuthology.orchestra.run.smithi172.stdout:/usr/bin/ceph: stderr
2023-11-28T01:07:41.535+0000 7fa5477fe700 1 -- 172.21.15.172:0/4121082651 <== mon.0 v2:172.21.15.172:3300/0 5 ==== osd_map(2..2 src has 1..2) v4 ==== 940+0+0 (secure 0 0 0) 0x7fa54804cca0 con 0x7fa558105130
2023-11-28T01:07:42.777 INFO:teuthology.orchestra.run.smithi172.stdout:/usr/bin/ceph: stderr
2023-11-28T01:07:41.535+0000 7fa555d9b700 1 --2- 172.21.15.172:0/4121082651 >> [v2:172.21.15.172:6800/2738031896,v1:172.21.15.172:6801/2738031896] conn(0x7fa540038b40 0x7fa54003b000 unknown :-1 s=BANNER_CONNECTING pgs=0 cs=0 l=1 rev1=0 crypto rx=0 tx=0 comp rx=0 tx=0)._handle_peer_banner_payload supported=3 required=0
2023-11-28T01:07:42.777 INFO:teuthology.orchestra.run.smithi172.stdout:/usr/bin/ceph: stderr
2023-11-28T01:07:41.535+0000 7fa555d9b700 1 --2- 172.21.15.172:0/4121082651 >> [v2:172.21.15.172:6800/2738031896,v1:172.21.15.172:6801/2738031896] conn(0x7fa540038b40 0x7fa54003b000 secure :-1 s=READY pgs=15 cs=0 l=1 rev1=1 crypto rx=0x7fa54c006fd0 tx=0x7fa54c006e40 comp rx=0 tx=0).ready entity=mgr.14120 client_cookie=0 server_cookie=0 in_seq=0 out_seq=0
2023-11-28T01:07:42.778 INFO:teuthology.orchestra.run.smithi172.stdout:/usr/bin/ceph: stderr
2023-11-28T01:07:41.539+0000 7fa5477fe700 1 -- 172.21.15.172:0/4121082651 <== mon.0 v2:172.21.15.172:3300/0 6 ==== mon_command_ack([{"prefix": "get_command_descriptions"}]=0 v0) v1 ==== 72+0+180955 (secure 0 0 0) 0x7fa548019720 con 0x7fa558105130
2023-11-28T01:07:42.778 INFO:teuthology.orchestra.run.smithi172.stdout:/usr/bin/ceph: stderr
2023-11-28T01:07:41.744+0000 7fa55ccc2700 1 -- 172.21.15.172:0/4121082651 --> [v2:172.21.15.172:3300/0,v1:172.21.15.172:6789/0] -- mon_command([{prefix=config set, name=mgr/dashboard/ssl_server_port}] v 0) v1 -- 0x7fa558109530 con 0x7fa558105130
2023-11-28T01:07:42.778 INFO:teuthology.orchestra.run.smithi172.stdout:/usr/bin/ceph: stderr
2023-11-28T01:07:41.746+0000 7fa5477fe700 1 -- 172.21.15.172:0/4121082651 <== mon.0 v2:172.21.15.172:3300/0 7 ==== mon_command_ack([{prefix=config set, name=mgr/dashboard/ssl_server_port}]=0 v8)=0 v8) v1 ==== 130+0+0 (secure 0 0 0) 0x7fa54800b3e0 con 0x7fa558105130
2023-11-28T01:07:42.778 INFO:teuthology.orchestra.run.smithi172.stdout:/usr/bin/ceph: stderr
2023-11-28T01:07:41.749+0000 7fa55ccc2700 1 -- 172.21.15.172:0/4121082651 >> [v2:172.21.15.172:6800/2738031896,v1:172.21.15.172:6801/2738031896] conn(0x7fa540038b40 msgr2=0x7fa54003b000 secure :-1 s=STATE_CONNECTION_ESTABLISHED l=1).mark_down
2023-11-28T01:07:42.778 INFO:teuthology.orchestra.run.smithi172.stdout:/usr/bin/ceph: stderr
2023-11-28T01:07:41.749+0000 7fa55ccc2700 1 --2- 172.21.15.172:0/4121082651 >> [v2:172.21.15.172:6800/2738031896,v1:172.21.15.172:6801/2738031896] conn(0x7fa540038b40 0x7fa54003b000 secure :-1 s=READY pgs=15 cs=0 l=1 rev1=1 crypto rx=0x7fa54c006fd0 tx=0x7fa54c006e40 comp rx=0 tx=0).stop
2023-11-28T01:07:42.778 INFO:teuthology.orchestra.run.smithi172.stdout:/usr/bin/ceph: stderr
2023-11-28T01:07:41.749+0000 7fa55ccc2700 1 -- 172.21.15.172:0/4121082651 >> [v2:172.21.15.172:3300/0,v1:172.21.15.172:6789/0] conn(0x7fa558105130 msgr2=0x7fa558198e00 secure :-1 s=STATE_CONNECTION_ESTABLISHED l=1).mark_down
2023-11-28T01:07:42.778 INFO:teuthology.orchestra.run.smithi172.stdout:/usr/bin/ceph: stderr
2023-11-28T01:07:41.749+0000 7fa55ccc2700 1 --2- 172.21.15.172:0/4121082651 >> [v2:172.21.15.172:3300/0,v1:172.21.15.172:6789/0] conn(0x7fa558105130 0x7fa558198e00 secure :-1 s=READY pgs=54 cs=0 l=1 rev1=1 crypto rx=0x7fa548009fb0 tx=0x7fa548011cf0 comp rx=0 tx=0).stop
2023-11-28T01:07:42.778 INFO:teuthology.orchestra.run.smithi172.stdout:/usr/bin/ceph: stderr
2023-11-28T01:07:41.749+0000 7fa55ccc2700 1 -- 172.21.15.172:0/4121082651 shutdown_connections
2023-11-28T01:07:42.778 INFO:teuthology.orchestra.run.smithi172.stdout:/usr/bin/ceph: stderr
2023-11-28T01:07:41.749+0000 7fa55ccc2700 1 --2- 172.21.15.172:0/4121082651 >> [v2:172.21.15.172:6800/2738031896,v1:172.21.15.172:6801/2738031896] conn(0x7fa540038b40 0x7fa54003b000 unknown :-1 s=CLOSED pgs=15 cs=0 l=1 rev1=1 crypto rx=0 tx=0 comp rx=0 tx=0).stop
2023-11-28T01:07:42.778 INFO:teuthology.orchestra.run.smithi172.stdout:/usr/bin/ceph: stderr
2023-11-28T01:07:41.749+0000 7fa55ccc2700 1 --2- 172.21.15.172:0/4121082651 >> [v2:172.21.15.172:3300/0,v1:172.21.15.172:6789/0] conn(0x7fa558105130 0x7fa558198e00 unknown :-1 s=CLOSED pgs=54 cs=0 l=1 rev1=1 crypto rx=0 tx=0 comp rx=0 tx=0).stop
2023-11-28T01:07:42.778 INFO:teuthology.orchestra.run.smithi172.stdout:/usr/bin/ceph: stderr
2023-11-28T01:07:41.749+0000 7fa55ccc2700 1 -- 172.21.15.172:0/4121082651 >> 172.21.15.172:0/4121082651 conn(0x7fa5581006b0 msgr2=0x7fa5581012d0 unknown :-1 s=STATE_NONE l=0).mark_down
2023-11-28T01:07:42.779 INFO:teuthology.orchestra.run.smithi172.stdout:/usr/bin/ceph: stderr
2023-11-28T01:07:41.749+0000 7fa55ccc2700 1 -- 172.21.15.172:0/4121082651 shutdown_connections
2023-11-28T01:07:42.779 INFO:teuthology.orchestra.run.smithi172.stdout:/usr/bin/ceph: stderr
2023-11-28T01:07:41.749+0000 7fa55ccc2700 1 -- 172.21.15.172:0/4121082651 wait complete.
2023-11-28T01:07:42.779 INFO:teuthology.orchestra.run.smithi172.stdout:Enabling the dashboard module...
2023-11-28T01:07:44.149 INFO:journalctl@ceph.mon.a.smithi172.stdout:Nov 28 01:07:43 smithi172 ceph-mon[100627]: from='client.? 172.21.15.172:0/3627909088' entity='client.admin' cmd=[{"prefix": "mgr module enable", "module": "dashboard"}]: dispatch
2023-11-28T01:07:44.149 INFO:journalctl@ceph.mgr.y.smithi172.stdout:Nov 28 01:07:43 smithi172 conmon[101049]: ignoring --setuser ceph since I am not root
2023-11-28T01:07:44.149 INFO:journalctl@ceph.mgr.y.smithi172.stdout:Nov 28 01:07:43 smithi172 conmon[101049]: ignoring --setgroup ceph since I am not root
2023-11-28T01:07:44.150 INFO:journalctl@ceph.mgr.y.smithi172.stdout:Nov 28 01:07:44 smithi172 conmon[101049]:
2023-11-28T01:07:44.064+0000 7fb9d57e4200 -1 mgr[py] Module devicehealth has missing NOTIFY_TYPES member
2023-11-28T01:07:44.150 INFO:journalctl@ceph.mgr.y.smithi172.stdout:Nov 28 01:07:44 smithi172 conmon[101049]:
2023-11-28T01:07:44.148+0000 7fb9d57e4200 -1 mgr[py] Module osd_support has missing NOTIFY_TYPES member
2023-11-28T01:07:44.439 INFO:teuthology.orchestra.run.smithi172.stdout:/usr/bin/ceph: stderr
2023-11-28T01:07:43.209+0000 7faf0eb47700 1 Processor -- start
2023-11-28T01:07:44.440 INFO:teuthology.orchestra.run.smithi172.stdout:/usr/bin/ceph: stderr
2023-11-28T01:07:43.209+0000 7faf0eb47700 1 -- start start
2023-11-28T01:07:44.440 INFO:teuthology.orchestra.run.smithi172.stdout:/usr/bin/ceph: stderr
2023-11-28T01:07:43.209+0000 7faf0eb47700 1 --2- >> [v2:172.21.15.172:3300/0,v1:172.21.15.172:6789/0] conn(0x7faf08104080 0x7faf081044a0 unknown :-1 s=NONE pgs=0 cs=0 l=0 rev1=0 crypto rx=0 tx=0 comp rx=0 tx=0).connect
2023-11-28T01:07:44.440 INFO:teuthology.orchestra.run.smithi172.stdout:/usr/bin/ceph: stderr
2023-11-28T01:07:43.209+0000 7faf0eb47700 1 -- --> [v2:172.21.15.172:3300/0,v1:172.21.15.172:6789/0] -- mon_getmap magic: 0 v1 -- 0x7faf08104a70 con 0x7faf08104080
2023-11-28T01:07:44.440 INFO:teuthology.orchestra.run.smithi172.stdout:/usr/bin/ceph: stderr
2023-11-28T01:07:43.210+0000 7faf0c8e3700 1 --2- >> [v2:172.21.15.172:3300/0,v1:172.21.15.172:6789/0] conn(0x7faf08104080 0x7faf081044a0 unknown :-1 s=BANNER_CONNECTING pgs=0 cs=0 l=0 rev1=0 crypto rx=0 tx=0 comp rx=0 tx=0)._handle_peer_banner_payload supported=3 required=0
2023-11-28T01:07:44.441 INFO:teuthology.orchestra.run.smithi172.stdout:/usr/bin/ceph: stderr
2023-11-28T01:07:43.210+0000 7faf0c8e3700 1 --2- >> [v2:172.21.15.172:3300/0,v1:172.21.15.172:6789/0] conn(0x7faf08104080 0x7faf081044a0 unknown :-1 s=HELLO_CONNECTING pgs=0 cs=0 l=0 rev1=1 crypto rx=0 tx=0 comp rx=0 tx=0).handle_hello peer v2:172.21.15.172:3300/0 says I am v2:172.21.15.172:49332/0 (socket says 172.21.15.172:49332)
2023-11-28T01:07:44.441 INFO:teuthology.orchestra.run.smithi172.stdout:/usr/bin/ceph: stderr
2023-11-28T01:07:43.210+0000 7faf0c8e3700 1 -- 172.21.15.172:0/2382704161 learned_addr learned my addr 172.21.15.172:0/2382704161 (peer_addr_for_me v2:172.21.15.172:0/0)
2023-11-28T01:07:44.441 INFO:teuthology.orchestra.run.smithi172.stdout:/usr/bin/ceph: stderr
2023-11-28T01:07:43.210+0000 7faf0c8e3700 1 -- 172.21.15.172:0/2382704161 --> [v2:172.21.15.172:3300/0,v1:172.21.15.172:6789/0] -- mon_subscribe({config=0+,monmap=0+}) v3 -- 0x7faf08105280 con 0x7faf08104080
2023-11-28T01:07:44.441 INFO:teuthology.orchestra.run.smithi172.stdout:/usr/bin/ceph: stderr
2023-11-28T01:07:43.210+0000 7faf0c8e3700 1 --2- 172.21.15.172:0/2382704161 >> [v2:172.21.15.172:3300/0,v1:172.21.15.172:6789/0] conn(0x7faf08104080 0x7faf081044a0 secure :-1 s=READY pgs=55 cs=0 l=1 rev1=1 crypto rx=0x7faefc0098a0 tx=0x7faefc009bb0 comp rx=0 tx=0).ready entity=mon.0 client_cookie=ba46019a2b11526c server_cookie=0 in_seq=0 out_seq=0
2023-11-28T01:07:44.442 INFO:teuthology.orchestra.run.smithi172.stdout:/usr/bin/ceph: stderr
2023-11-28T01:07:43.210+0000 7faf077fe700 1 -- 172.21.15.172:0/2382704161 <== mon.0 v2:172.21.15.172:3300/0 1 ==== mon_map magic: 0 v1 ==== 205+0+0 (secure 0 0 0) 0x7faefc004160 con 0x7faf08104080
2023-11-28T01:07:44.442 INFO:teuthology.orchestra.run.smithi172.stdout:/usr/bin/ceph: stderr
2023-11-28T01:07:43.210+0000 7faf077fe700 1 -- 172.21.15.172:0/2382704161 <== mon.0 v2:172.21.15.172:3300/0 2 ==== config(23 keys) v1 ==== 1007+0+0 (secure 0 0 0) 0x7faefc0036a0 con 0x7faf08104080
2023-11-28T01:07:44.442 INFO:teuthology.orchestra.run.smithi172.stdout:/usr/bin/ceph: stderr
2023-11-28T01:07:43.210+0000 7faf077fe700 1 -- 172.21.15.172:0/2382704161 <== mon.0 v2:172.21.15.172:3300/0 3 ==== mon_map magic: 0 v1 ==== 205+0+0 (secure 0 0 0) 0x7faefc0117a0 con 0x7faf08104080
2023-11-28T01:07:44.442 INFO:teuthology.orchestra.run.smithi172.stdout:/usr/bin/ceph: stderr
2023-11-28T01:07:43.211+0000 7faf0eb47700 1 -- 172.21.15.172:0/2382704161 >> [v2:172.21.15.172:3300/0,v1:172.21.15.172:6789/0] conn(0x7faf08104080 msgr2=0x7faf081044a0 secure :-1 s=STATE_CONNECTION_ESTABLISHED l=1).mark_down
2023-11-28T01:07:44.443 INFO:teuthology.orchestra.run.smithi172.stdout:/usr/bin/ceph: stderr
2023-11-28T01:07:43.211+0000 7faf0eb47700 1 --2- 172.21.15.172:0/2382704161 >> [v2:172.21.15.172:3300/0,v1:172.21.15.172:6789/0] conn(0x7faf08104080 0x7faf081044a0 secure :-1 s=READY pgs=55 cs=0 l=1 rev1=1 crypto rx=0x7faefc0098a0 tx=0x7faefc009bb0 comp rx=0 tx=0).stop
2023-11-28T01:07:44.443 INFO:teuthology.orchestra.run.smithi172.stdout:/usr/bin/ceph: stderr
2023-11-28T01:07:43.211+0000 7faf0eb47700 1 -- 172.21.15.172:0/2382704161 shutdown_connections
2023-11-28T01:07:44.443 INFO:teuthology.orchestra.run.smithi172.stdout:/usr/bin/ceph: stderr
2023-11-28T01:07:43.211+0000 7faf0eb47700 1 --2- 172.21.15.172:0/2382704161 >> [v2:172.21.15.172:3300/0,v1:172.21.15.172:6789/0] conn(0x7faf08104080 0x7faf081044a0 unknown :-1 s=CLOSED pgs=55 cs=0 l=1 rev1=1 crypto rx=0 tx=0 comp rx=0 tx=0).stop
2023-11-28T01:07:44.443 INFO:teuthology.orchestra.run.smithi172.stdout:/usr/bin/ceph: stderr
2023-11-28T01:07:43.211+0000 7faf0eb47700 1 -- 172.21.15.172:0/2382704161 >> 172.21.15.172:0/2382704161 conn(0x7faf080ff640 msgr2=0x7faf08101a60 unknown :-1 s=STATE_NONE l=0).mark_down
2023-11-28T01:07:44.444 INFO:teuthology.orchestra.run.smithi172.stdout:/usr/bin/ceph: stderr
2023-11-28T01:07:43.211+0000 7faf0eb47700 1 -- 172.21.15.172:0/2382704161 shutdown_connections
2023-11-28T01:07:44.444 INFO:teuthology.orchestra.run.smithi172.stdout:/usr/bin/ceph: stderr
2023-11-28T01:07:43.211+0000 7faf0eb47700 1 -- 172.21.15.172:0/2382704161 wait complete.
2023-11-28T01:07:44.444 INFO:teuthology.orchestra.run.smithi172.stdout:/usr/bin/ceph: stderr
2023-11-28T01:07:43.211+0000 7faf0eb47700 1 Processor -- start
2023-11-28T01:07:44.444 INFO:teuthology.orchestra.run.smithi172.stdout:/usr/bin/ceph: stderr
2023-11-28T01:07:43.211+0000 7faf0eb47700 1 -- start start
2023-11-28T01:07:44.444 INFO:teuthology.orchestra.run.smithi172.stdout:/usr/bin/ceph: stderr
2023-11-28T01:07:43.211+0000 7faf0eb47700 1 --2- >> [v2:172.21.15.172:3300/0,v1:172.21.15.172:6789/0] conn(0x7faf08104080 0x7faf08197d80 unknown :-1 s=NONE pgs=0 cs=0 l=1 rev1=0 crypto rx=0 tx=0 comp rx=0 tx=0).connect
2023-11-28T01:07:44.445 INFO:teuthology.orchestra.run.smithi172.stdout:/usr/bin/ceph: stderr
2023-11-28T01:07:43.211+0000 7faf0eb47700 1 -- --> [v2:172.21.15.172:3300/0,v1:172.21.15.172:6789/0] -- mon_getmap magic: 0 v1 -- 0x7faf081982c0 con 0x7faf08104080
2023-11-28T01:07:44.445 INFO:teuthology.orchestra.run.smithi172.stdout:/usr/bin/ceph: stderr
2023-11-28T01:07:43.212+0000 7faf0c8e3700 1 --2- >> [v2:172.21.15.172:3300/0,v1:172.21.15.172:6789/0] conn(0x7faf08104080 0x7faf08197d80 unknown :-1 s=BANNER_CONNECTING pgs=0 cs=0 l=1 rev1=0 crypto rx=0 tx=0 comp rx=0 tx=0)._handle_peer_banner_payload supported=3 required=0
2023-11-28T01:07:44.445 INFO:teuthology.orchestra.run.smithi172.stdout:/usr/bin/ceph: stderr
2023-11-28T01:07:43.212+0000 7faf0c8e3700 1 --2- >> [v2:172.21.15.172:3300/0,v1:172.21.15.172:6789/0] conn(0x7faf08104080 0x7faf08197d80 unknown :-1 s=HELLO_CONNECTING pgs=0 cs=0 l=1 rev1=1 crypto rx=0 tx=0 comp rx=0 tx=0).handle_hello peer v2:172.21.15.172:3300/0 says I am v2:172.21.15.172:49334/0 (socket says 172.21.15.172:49334)
2023-11-28T01:07:44.446 INFO:teuthology.orchestra.run.smithi172.stdout:/usr/bin/ceph: stderr
2023-11-28T01:07:43.212+0000 7faf0c8e3700 1 -- 172.21.15.172:0/3627909088 learned_addr learned my addr 172.21.15.172:0/3627909088 (peer_addr_for_me v2:172.21.15.172:0/0)
2023-11-28T01:07:44.446 INFO:teuthology.orchestra.run.smithi172.stdout:/usr/bin/ceph: stderr
2023-11-28T01:07:43.212+0000 7faf0c8e3700 1 -- 172.21.15.172:0/3627909088 --> [v2:172.21.15.172:3300/0,v1:172.21.15.172:6789/0] -- mon_subscribe({config=0+,monmap=0+}) v3 -- 0x7faefc009550 con 0x7faf08104080
2023-11-28T01:07:44.446 INFO:teuthology.orchestra.run.smithi172.stdout:/usr/bin/ceph: stderr
2023-11-28T01:07:43.212+0000 7faf0c8e3700 1 --2- 172.21.15.172:0/3627909088 >> [v2:172.21.15.172:3300/0,v1:172.21.15.172:6789/0] conn(0x7faf08104080 0x7faf08197d80 secure :-1 s=READY pgs=56 cs=0 l=1 rev1=1 crypto rx=0x7faefc000c00 tx=0x7faefc0119a0 comp rx=0 tx=0).ready entity=mon.0 client_cookie=0 server_cookie=0 in_seq=0 out_seq=0
2023-11-28T01:07:44.446 INFO:teuthology.orchestra.run.smithi172.stdout:/usr/bin/ceph: stderr
2023-11-28T01:07:43.212+0000 7faf05ffb700 1 -- 172.21.15.172:0/3627909088 <== mon.0 v2:172.21.15.172:3300/0 1 ==== mon_map magic: 0 v1 ==== 205+0+0 (secure 0 0 0) 0x7faefc0041b0 con 0x7faf08104080
2023-11-28T01:07:44.447 INFO:teuthology.orchestra.run.smithi172.stdout:/usr/bin/ceph: stderr
2023-11-28T01:07:43.212+0000 7faf05ffb700 1 -- 172.21.15.172:0/3627909088 <== mon.0 v2:172.21.15.172:3300/0 2 ==== config(23 keys) v1 ==== 1007+0+0 (secure 0 0 0) 0x7faefc01b440 con 0x7faf08104080
2023-11-28T01:07:44.447 INFO:teuthology.orchestra.run.smithi172.stdout:/usr/bin/ceph: stderr
2023-11-28T01:07:43.212+0000 7faf0eb47700 1 -- 172.21.15.172:0/3627909088 --> [v2:172.21.15.172:3300/0,v1:172.21.15.172:6789/0] -- mon_subscribe({mgrmap=0+}) v3 -- 0x7faf081984c0 con 0x7faf08104080
2023-11-28T01:07:44.447 INFO:teuthology.orchestra.run.smithi172.stdout:/usr/bin/ceph: stderr
2023-11-28T01:07:43.212+0000 7faf05ffb700 1 -- 172.21.15.172:0/3627909088 <== mon.0 v2:172.21.15.172:3300/0 3 ==== mon_map magic: 0 v1 ==== 205+0+0 (secure 0 0 0) 0x7faefc0193d0 con 0x7faf08104080
2023-11-28T01:07:44.448 INFO:teuthology.orchestra.run.smithi172.stdout:/usr/bin/ceph: stderr
2023-11-28T01:07:43.212+0000 7faf0eb47700 1 -- 172.21.15.172:0/3627909088 --> [v2:172.21.15.172:3300/0,v1:172.21.15.172:6789/0] -- mon_subscribe({osdmap=0}) v3 -- 0x7faf08198960 con 0x7faf08104080
2023-11-28T01:07:44.448 INFO:teuthology.orchestra.run.smithi172.stdout:/usr/bin/ceph: stderr
2023-11-28T01:07:43.213+0000 7faf0eb47700 1 -- 172.21.15.172:0/3627909088 --> [v2:172.21.15.172:3300/0,v1:172.21.15.172:6789/0] -- mon_command({"prefix": "get_command_descriptions"} v 0) v1 -- 0x7faf08062c00 con 0x7faf08104080
2023-11-28T01:07:44.448 INFO:teuthology.orchestra.run.smithi172.stdout:/usr/bin/ceph: stderr
2023-11-28T01:07:43.214+0000 7faf05ffb700 1 -- 172.21.15.172:0/3627909088 <== mon.0 v2:172.21.15.172:3300/0 4 ==== mgrmap(e 8) v1 ==== 45719+0+0 (secure 0 0 0) 0x7faefc01b5b0 con 0x7faf08104080
2023-11-28T01:07:44.448 INFO:teuthology.orchestra.run.smithi172.stdout:/usr/bin/ceph: stderr
2023-11-28T01:07:43.214+0000 7faf05ffb700 1 --2- 172.21.15.172:0/3627909088 >> [v2:172.21.15.172:6800/2738031896,v1:172.21.15.172:6801/2738031896] conn(0x7faef8038b90 0x7faef803b050 unknown :-1 s=NONE pgs=0 cs=0 l=1 rev1=0 crypto rx=0 tx=0 comp rx=0 tx=0).connect
2023-11-28T01:07:44.449 INFO:teuthology.orchestra.run.smithi172.stdout:/usr/bin/ceph: stderr
2023-11-28T01:07:43.214+0000 7faf05ffb700 1 -- 172.21.15.172:0/3627909088 <== mon.0 v2:172.21.15.172:3300/0 5 ==== osd_map(2..2 src has 1..2) v4 ==== 940+0+0 (secure 0 0 0) 0x7faefc04cce0 con 0x7faf08104080
2023-11-28T01:07:44.449 INFO:teuthology.orchestra.run.smithi172.stdout:/usr/bin/ceph: stderr
2023-11-28T01:07:43.214+0000 7faf07fff700 1 --2- 172.21.15.172:0/3627909088 >> [v2:172.21.15.172:6800/2738031896,v1:172.21.15.172:6801/2738031896] conn(0x7faef8038b90 0x7faef803b050 unknown :-1 s=BANNER_CONNECTING pgs=0 cs=0 l=1 rev1=0 crypto rx=0 tx=0 comp rx=0 tx=0)._handle_peer_banner_payload supported=3 required=0
2023-11-28T01:07:44.449 INFO:teuthology.orchestra.run.smithi172.stdout:/usr/bin/ceph: stderr
2023-11-28T01:07:43.215+0000 7faf07fff700 1 --2- 172.21.15.172:0/3627909088 >> [v2:172.21.15.172:6800/2738031896,v1:172.21.15.172:6801/2738031896] conn(0x7faef8038b90 0x7faef803b050 secure :-1 s=READY pgs=16 cs=0 l=1 rev1=1 crypto rx=0x7faef4006fd0 tx=0x7faef4006e40 comp rx=0 tx=0).ready entity=mgr.14120 client_cookie=0 server_cookie=0 in_seq=0 out_seq=0
2023-11-28T01:07:44.449 INFO:teuthology.orchestra.run.smithi172.stdout:/usr/bin/ceph: stderr
2023-11-28T01:07:43.218+0000 7faf05ffb700 1 -- 172.21.15.172:0/3627909088 <== mon.0 v2:172.21.15.172:3300/0 6 ==== mon_command_ack([{"prefix": "get_command_descriptions"}]=0 v0) v1 ==== 72+0+180955 (secure 0 0 0) 0x7faefc004310 con 0x7faf08104080
2023-11-28T01:07:44.450 INFO:teuthology.orchestra.run.smithi172.stdout:/usr/bin/ceph: stderr
2023-11-28T01:07:43.465+0000 7faf0eb47700 1 -- 172.21.15.172:0/3627909088 --> [v2:172.21.15.172:3300/0,v1:172.21.15.172:6789/0] -- mon_command({"prefix": "mgr module enable", "module": "dashboard"} v 0) v1 -- 0x7faf081084b0 con 0x7faf08104080
2023-11-28T01:07:44.450 INFO:teuthology.orchestra.run.smithi172.stdout:/usr/bin/ceph: stderr
2023-11-28T01:07:43.887+0000 7faf05ffb700 1 -- 172.21.15.172:0/3627909088 <== mon.0 v2:172.21.15.172:3300/0 7 ==== mon_command_ack([{"prefix": "mgr module enable", "module": "dashboard"}]=0 v9) v1 ==== 88+0+0 (secure 0 0 0) 0x7faefc02bb50 con 0x7faf08104080
2023-11-28T01:07:44.450 INFO:teuthology.orchestra.run.smithi172.stdout:/usr/bin/ceph: stderr
2023-11-28T01:07:43.888+0000 7faf05ffb700 1 -- 172.21.15.172:0/3627909088 <== mon.0 v2:172.21.15.172:3300/0 8 ==== mgrmap(e 9) v1 ==== 45732+0+0 (secure 0 0 0) 0x7faefc04b790 con 0x7faf08104080
2023-11-28T01:07:44.450 INFO:teuthology.orchestra.run.smithi172.stdout:/usr/bin/ceph: stderr
2023-11-28T01:07:43.890+0000 7faf0eb47700 1 -- 172.21.15.172:0/3627909088 >> [v2:172.21.15.172:6800/2738031896,v1:172.21.15.172:6801/2738031896] conn(0x7faef8038b90 msgr2=0x7faef803b050 secure :-1 s=STATE_CONNECTION_ESTABLISHED l=1).mark_down
2023-11-28T01:07:44.451 INFO:teuthology.orchestra.run.smithi172.stdout:/usr/bin/ceph: stderr
2023-11-28T01:07:43.890+0000 7faf0eb47700 1 --2- 172.21.15.172:0/3627909088 >> [v2:172.21.15.172:6800/2738031896,v1:172.21.15.172:6801/2738031896] conn(0x7faef8038b90 0x7faef803b050 secure :-1 s=READY pgs=16 cs=0 l=1 rev1=1 crypto rx=0x7faef4006fd0 tx=0x7faef4006e40 comp rx=0 tx=0).stop
2023-11-28T01:07:44.451 INFO:teuthology.orchestra.run.smithi172.stdout:/usr/bin/ceph: stderr
2023-11-28T01:07:43.890+0000 7faf0eb47700 1 -- 172.21.15.172:0/3627909088 >> [v2:172.21.15.172:3300/0,v1:172.21.15.172:6789/0] conn(0x7faf08104080 msgr2=0x7faf08197d80 secure :-1 s=STATE_CONNECTION_ESTABLISHED l=1).mark_down
2023-11-28T01:07:44.451 INFO:teuthology.orchestra.run.smithi172.stdout:/usr/bin/ceph: stderr
2023-11-28T01:07:43.890+0000 7faf0eb47700 1 --2- 172.21.15.172:0/3627909088 >> [v2:172.21.15.172:3300/0,v1:172.21.15.172:6789/0] conn(0x7faf08104080 0x7faf08197d80 secure :-1 s=READY pgs=56 cs=0 l=1 rev1=1 crypto rx=0x7faefc000c00 tx=0x7faefc0119a0 comp rx=0 tx=0).stop
2023-11-28T01:07:44.451 INFO:teuthology.orchestra.run.smithi172.stdout:/usr/bin/ceph: stderr
2023-11-28T01:07:43.890+0000 7faf0eb47700 1 -- 172.21.15.172:0/3627909088 shutdown_connections
2023-11-28T01:07:44.452 INFO:teuthology.orchestra.run.smithi172.stdout:/usr/bin/ceph: stderr
2023-11-28T01:07:43.890+0000 7faf0eb47700 1 --2- 172.21.15.172:0/3627909088 >> [v2:172.21.15.172:6800/2738031896,v1:172.21.15.172:6801/2738031896] conn(0x7faef8038b90 0x7faef803b050 unknown :-1 s=CLOSED pgs=16 cs=0 l=1 rev1=1 crypto rx=0 tx=0 comp rx=0 tx=0).stop
2023-11-28T01:07:44.452 INFO:teuthology.orchestra.run.smithi172.stdout:/usr/bin/ceph: stderr
2023-11-28T01:07:43.890+0000 7faf0eb47700 1 --2- 172.21.15.172:0/3627909088 >> [v2:172.21.15.172:3300/0,v1:172.21.15.172:6789/0] conn(0x7faf08104080 0x7faf08197d80 unknown :-1 s=CLOSED pgs=56 cs=0 l=1 rev1=1 crypto rx=0 tx=0 comp rx=0 tx=0).stop
2023-11-28T01:07:44.452 INFO:teuthology.orchestra.run.smithi172.stdout:/usr/bin/ceph: stderr
2023-11-28T01:07:43.890+0000 7faf0eb47700 1 -- 172.21.15.172:0/3627909088 >> 172.21.15.172:0/3627909088 conn(0x7faf080ff640 msgr2=0x7faf08100260 unknown :-1 s=STATE_NONE l=0).mark_down
2023-11-28T01:07:44.452 INFO:teuthology.orchestra.run.smithi172.stdout:/usr/bin/ceph: stderr
2023-11-28T01:07:43.890+0000 7faf0eb47700 1 -- 172.21.15.172:0/3627909088 shutdown_connections
2023-11-28T01:07:44.452 INFO:teuthology.orchestra.run.smithi172.stdout:/usr/bin/ceph: stderr
2023-11-28T01:07:43.890+0000 7faf0eb47700 1 -- 172.21.15.172:0/3627909088 wait complete.
2023-11-28T01:07:44.453 INFO:journalctl@ceph.mgr.y.smithi172.stdout:Nov 28 01:07:44 smithi172 conmon[101049]:
2023-11-28T01:07:44.240+0000 7fb9d57e4200 -1 mgr[py] Module snap_schedule has missing NOTIFY_TYPES member
2023-11-28T01:07:44.453 INFO:journalctl@ceph.mgr.y.smithi172.stdout:Nov 28 01:07:44 smithi172 conmon[101049]:
2023-11-28T01:07:44.335+0000 7fb9d57e4200 -1 mgr[py] Module zabbix has missing NOTIFY_TYPES member
2023-11-28T01:07:44.709 INFO:journalctl@ceph.mgr.y.smithi172.stdout:Nov 28 01:07:44 smithi172 conmon[101049]:
2023-11-28T01:07:44.531+0000 7fb9d57e4200 -1 mgr[py] Module crash has missing NOTIFY_TYPES member
2023-11-28T01:07:45.053 INFO:journalctl@ceph.mon.a.smithi172.stdout:Nov 28 01:07:44 smithi172 ceph-mon[100627]: from='client.? 172.21.15.172:0/3627909088' entity='client.admin' cmd='[{"prefix": "mgr module enable", "module": "dashboard"}]': finished
2023-11-28T01:07:45.053 INFO:journalctl@ceph.mon.a.smithi172.stdout:Nov 28 01:07:44 smithi172 ceph-mon[100627]: mgrmap e9: y(active, since 19s)
2023-11-28T01:07:45.053 INFO:journalctl@ceph.mgr.y.smithi172.stdout:Nov 28 01:07:44 smithi172 conmon[101049]:
2023-11-28T01:07:44.923+0000 7fb9d57e4200 -1 mgr[py] Module prometheus has missing NOTIFY_TYPES member
2023-11-28T01:07:45.425 INFO:journalctl@ceph.mgr.y.smithi172.stdout:Nov 28 01:07:45 smithi172 conmon[101049]:
2023-11-28T01:07:45.061+0000 7fb9d57e4200 -1 mgr[py] Module status has missing NOTIFY_TYPES member
2023-11-28T01:07:45.425 INFO:journalctl@ceph.mgr.y.smithi172.stdout:Nov 28 01:07:45 smithi172 conmon[101049]:
2023-11-28T01:07:45.152+0000 7fb9d57e4200 -1 mgr[py] Module selftest has missing NOTIFY_TYPES member
2023-11-28T01:07:45.425 INFO:journalctl@ceph.mgr.y.smithi172.stdout:Nov 28 01:07:45 smithi172 conmon[101049]:
2023-11-28T01:07:45.249+0000 7fb9d57e4200 -1 mgr[py] Module alerts has missing NOTIFY_TYPES member
2023-11-28T01:07:45.839 INFO:teuthology.orchestra.run.smithi172.stdout:/usr/bin/ceph: stdout {
2023-11-28T01:07:45.840 INFO:teuthology.orchestra.run.smithi172.stdout:/usr/bin/ceph: stdout "epoch": 9,
2023-11-28T01:07:45.840 INFO:teuthology.orchestra.run.smithi172.stdout:/usr/bin/ceph: stdout "available": true,
2023-11-28T01:07:45.840 INFO:teuthology.orchestra.run.smithi172.stdout:/usr/bin/ceph: stdout "active_name": "y",
2023-11-28T01:07:45.840 INFO:teuthology.orchestra.run.smithi172.stdout:/usr/bin/ceph: stdout "num_standby": 0
2023-11-28T01:07:45.840 INFO:teuthology.orchestra.run.smithi172.stdout:/usr/bin/ceph: stdout }
2023-11-28T01:07:45.840 INFO:teuthology.orchestra.run.smithi172.stdout:/usr/bin/ceph: stderr
2023-11-28T01:07:44.988+0000 7f76b1ebd700 1 Processor -- start
2023-11-28T01:07:45.840 INFO:teuthology.orchestra.run.smithi172.stdout:/usr/bin/ceph: stderr
2023-11-28T01:07:44.988+0000 7f76b1ebd700 1 -- start start
2023-11-28T01:07:45.840 INFO:teuthology.orchestra.run.smithi172.stdout:/usr/bin/ceph: stderr
2023-11-28T01:07:44.988+0000 7f76b1ebd700 1 --2- >> [v2:172.21.15.172:3300/0,v1:172.21.15.172:6789/0] conn(0x7f76ac105c60 0x7f76ac108050 unknown :-1 s=NONE pgs=0 cs=0 l=0 rev1=0 crypto rx=0 tx=0 comp rx=0 tx=0).connect
2023-11-28T01:07:45.840 INFO:teuthology.orchestra.run.smithi172.stdout:/usr/bin/ceph: stderr
2023-11-28T01:07:44.988+0000 7f76b1ebd700 1 -- --> [v2:172.21.15.172:3300/0,v1:172.21.15.172:6789/0] -- mon_getmap magic: 0 v1 -- 0x7f76ac078690 con 0x7f76ac105c60
2023-11-28T01:07:45.840 INFO:teuthology.orchestra.run.smithi172.stdout:/usr/bin/ceph: stderr
2023-11-28T01:07:44.989+0000 7f76ab7fe700 1 --2- >> [v2:172.21.15.172:3300/0,v1:172.21.15.172:6789/0] conn(0x7f76ac105c60 0x7f76ac108050 unknown :-1 s=BANNER_CONNECTING pgs=0 cs=0 l=0 rev1=0 crypto rx=0 tx=0 comp rx=0 tx=0)._handle_peer_banner_payload supported=3 required=0
2023-11-28T01:07:45.840 INFO:teuthology.orchestra.run.smithi172.stdout:/usr/bin/ceph: stderr
2023-11-28T01:07:44.989+0000 7f76ab7fe700 1 --2- >> [v2:172.21.15.172:3300/0,v1:172.21.15.172:6789/0] conn(0x7f76ac105c60 0x7f76ac108050 unknown :-1 s=HELLO_CONNECTING pgs=0 cs=0 l=0 rev1=1 crypto rx=0 tx=0 comp rx=0 tx=0).handle_hello peer v2:172.21.15.172:3300/0 says I am v2:172.21.15.172:49348/0 (socket says 172.21.15.172:49348)
2023-11-28T01:07:45.840 INFO:teuthology.orchestra.run.smithi172.stdout:/usr/bin/ceph: stderr
2023-11-28T01:07:44.989+0000 7f76ab7fe700 1 -- 172.21.15.172:0/2466954081 learned_addr learned my addr 172.21.15.172:0/2466954081 (peer_addr_for_me v2:172.21.15.172:0/0)
2023-11-28T01:07:45.841 INFO:teuthology.orchestra.run.smithi172.stdout:/usr/bin/ceph: stderr
2023-11-28T01:07:44.989+0000 7f76ab7fe700 1 -- 172.21.15.172:0/2466954081 --> [v2:172.21.15.172:3300/0,v1:172.21.15.172:6789/0] -- mon_subscribe({config=0+,monmap=0+}) v3 -- 0x7f76ac0787d0 con 0x7f76ac105c60
2023-11-28T01:07:45.841 INFO:teuthology.orchestra.run.smithi172.stdout:/usr/bin/ceph: stderr
