2023-11-30T21:45:52.903+0000 7fd05affd700 1 --2- 172.21.15.45:0/211821893 >> [v2:172.21.15.45:6800/1329398563,v1:172.21.15.45:6801/1329398563] conn(0x7fd04802ff00 0x7fd0480323c0 unknown :-1 s=START_CONNECT pgs=0 cs=0 l=1 rev1=0 rx=0 tx=0)._fault waiting 0.400000
2023-11-30T21:45:52.923 INFO:teuthology.orchestra.run.smithi045.stderr:/usr/bin/ceph:
2023-11-30T21:45:52.921+0000 7fd062220700 1 -- 172.21.15.45:0/211821893 --> [v2:172.21.15.45:3300/0,v1:172.21.15.45:6789/0] -- mon_command({"prefix": "mgr stat"} v 0) v1 -- 0x7fd03c005e80 con 0x7fd05c0703b0
2023-11-30T21:45:52.923 INFO:teuthology.orchestra.run.smithi045.stderr:/usr/bin/ceph:
2023-11-30T21:45:52.922+0000 7fd043fff700 1 -- 172.21.15.45:0/211821893 <== mon.0 v2:172.21.15.45:3300/0 7 ==== mon_command_ack([{"prefix": "mgr stat"}]=0 v13) v1 ==== 56+0+104 (secure 0 0 0) 0x7fd04c016070 con 0x7fd05c0703b0
2023-11-30T21:45:52.923 INFO:teuthology.orchestra.run.smithi045.stderr:/usr/bin/ceph: {
2023-11-30T21:45:52.923 INFO:teuthology.orchestra.run.smithi045.stderr:/usr/bin/ceph: "epoch": 13,
2023-11-30T21:45:52.924 INFO:teuthology.orchestra.run.smithi045.stderr:/usr/bin/ceph: "available": true,
2023-11-30T21:45:52.924 INFO:teuthology.orchestra.run.smithi045.stderr:/usr/bin/ceph: "active_name": "smithi045.zhejsa",
2023-11-30T21:45:52.924 INFO:teuthology.orchestra.run.smithi045.stderr:/usr/bin/ceph: "num_standby": 0
2023-11-30T21:45:52.924 INFO:teuthology.orchestra.run.smithi045.stderr:/usr/bin/ceph: }
2023-11-30T21:45:52.926 INFO:teuthology.orchestra.run.smithi045.stderr:/usr/bin/ceph:
2023-11-30T21:45:52.924+0000 7fd062220700 1 -- 172.21.15.45:0/211821893 >> [v2:172.21.15.45:6800/1329398563,v1:172.21.15.45:6801/1329398563] conn(0x7fd04802ff00 msgr2=0x7fd0480323c0 unknown :-1 s=STATE_CONNECTING l=1).mark_down
2023-11-30T21:45:52.927 INFO:teuthology.orchestra.run.smithi045.stderr:/usr/bin/ceph:
2023-11-30T21:45:52.924+0000 7fd062220700 1 --2- 172.21.15.45:0/211821893 >> [v2:172.21.15.45:6800/1329398563,v1:172.21.15.45:6801/1329398563] conn(0x7fd04802ff00 0x7fd0480323c0 unknown :-1 s=START_CONNECT pgs=0 cs=0 l=1 rev1=0 rx=0 tx=0).stop
2023-11-30T21:45:52.927 INFO:teuthology.orchestra.run.smithi045.stderr:/usr/bin/ceph:
2023-11-30T21:45:52.925+0000 7fd062220700 1 -- 172.21.15.45:0/211821893 >> [v2:172.21.15.45:3300/0,v1:172.21.15.45:6789/0] conn(0x7fd05c0703b0 msgr2=0x7fd05c10ccf0 secure :-1 s=STATE_CONNECTION_ESTABLISHED l=1).mark_down
2023-11-30T21:45:52.927 INFO:teuthology.orchestra.run.smithi045.stderr:/usr/bin/ceph:
2023-11-30T21:45:52.925+0000 7fd062220700 1 --2- 172.21.15.45:0/211821893 >> [v2:172.21.15.45:3300/0,v1:172.21.15.45:6789/0] conn(0x7fd05c0703b0 0x7fd05c10ccf0 secure :-1 s=READY pgs=73 cs=0 l=1 rev1=1 rx=0x7fd04c00e040 tx=0x7fd04c006ee0).stop
2023-11-30T21:45:52.927 INFO:teuthology.orchestra.run.smithi045.stderr:/usr/bin/ceph:
2023-11-30T21:45:52.925+0000 7fd062220700 1 -- 172.21.15.45:0/211821893 shutdown_connections
2023-11-30T21:45:52.927 INFO:teuthology.orchestra.run.smithi045.stderr:/usr/bin/ceph:
2023-11-30T21:45:52.925+0000 7fd062220700 1 --2- 172.21.15.45:0/211821893 >> [v2:172.21.15.45:6800/1329398563,v1:172.21.15.45:6801/1329398563] conn(0x7fd04802ff00 0x7fd0480323c0 unknown :-1 s=CLOSED pgs=0 cs=0 l=1 rev1=0 rx=0 tx=0).stop
2023-11-30T21:45:52.927 INFO:teuthology.orchestra.run.smithi045.stderr:/usr/bin/ceph:
2023-11-30T21:45:52.925+0000 7fd062220700 1 --2- 172.21.15.45:0/211821893 >> [v2:172.21.15.45:3300/0,v1:172.21.15.45:6789/0] conn(0x7fd05c0703b0 0x7fd05c10ccf0 unknown :-1 s=CLOSED pgs=73 cs=0 l=1 rev1=1 rx=0 tx=0).stop
2023-11-30T21:45:52.927 INFO:teuthology.orchestra.run.smithi045.stderr:/usr/bin/ceph:
2023-11-30T21:45:52.925+0000 7fd062220700 1 -- 172.21.15.45:0/211821893 >> 172.21.15.45:0/211821893 conn(0x7fd05c0f63c0 msgr2=0x7fd05c0f7f50 unknown :-1 s=STATE_NONE l=0).mark_down
2023-11-30T21:45:52.927 INFO:teuthology.orchestra.run.smithi045.stderr:/usr/bin/ceph:
2023-11-30T21:45:52.925+0000 7fd062220700 1 -- 172.21.15.45:0/211821893 shutdown_connections
2023-11-30T21:45:52.927 INFO:teuthology.orchestra.run.smithi045.stderr:/usr/bin/ceph:
2023-11-30T21:45:52.926+0000 7fd062220700 1 -- 172.21.15.45:0/211821893 wait complete.
2023-11-30T21:45:53.114 INFO:journalctl@ceph.mon.smithi045.smithi045.stdout:Nov 30 21:45:52 smithi045 ceph-a7a56f36-8fc9-11ee-95a2-87774f69a715-mon.smithi045[111737]: audit
2023-11-30T21:45:51.775622+0000 mon.smithi045 (mon.0) 86 : audit [INF] from='client.? 172.21.15.45:0/1166181611' entity='client.admin' cmd='[{"prefix": "mgr module enable", "module": "dashboard"}]': finished
2023-11-30T21:45:53.115 INFO:journalctl@ceph.mon.smithi045.smithi045.stdout:Nov 30 21:45:52 smithi045 ceph-a7a56f36-8fc9-11ee-95a2-87774f69a715-mon.smithi045[111737]: cluster
2023-11-30T21:45:51.775680+0000 mon.smithi045 (mon.0) 87 : cluster [DBG] mgrmap e13: smithi045.zhejsa(active, since 6s)
2023-11-30T21:45:53.462 INFO:teuthology.orchestra.run.smithi045.stderr:Waiting for the mgr to restart...
2023-11-30T21:45:53.463 INFO:teuthology.orchestra.run.smithi045.stderr:Waiting for mgr epoch 13...
2023-11-30T21:45:53.463 INFO:teuthology.orchestra.run.smithi045.stderr:Running command: /bin/podman run --rm --ipc=host --no-hosts --net=host --entrypoint /usr/bin/ceph --init -e CONTAINER_IMAGE=docker.io/ceph/ceph:v16.2.4 -e NODE_NAME=smithi045 -e CEPH_USE_RANDOM_NONCE=1 -v /var/log/ceph/a7a56f36-8fc9-11ee-95a2-87774f69a715:/var/log/ceph:z -v /tmp/ceph-tmp9x21gudh:/etc/ceph/ceph.client.admin.keyring:z -v /tmp/ceph-tmpxowax9az:/etc/ceph/ceph.conf:z docker.io/ceph/ceph:v16.2.4 tell mgr mgr_status
2023-11-30T21:45:53.835 INFO:teuthology.orchestra.run.smithi045.stderr:/usr/bin/ceph:
2023-11-30T21:45:53.833+0000 7f5a9196a700 1 Processor -- start
2023-11-30T21:45:53.836 INFO:teuthology.orchestra.run.smithi045.stderr:/usr/bin/ceph:
2023-11-30T21:45:53.834+0000 7f5a9196a700 1 -- start start
2023-11-30T21:45:53.836 INFO:teuthology.orchestra.run.smithi045.stderr:/usr/bin/ceph:
2023-11-30T21:45:53.834+0000 7f5a9196a700 1 --2- >> [v2:172.21.15.45:3300/0,v1:172.21.15.45:6789/0] conn(0x7f5a8c070420 0x7f5a8c100d70 unknown :-1 s=NONE pgs=0 cs=0 l=0 rev1=0 rx=0 tx=0).connect
2023-11-30T21:45:53.838 INFO:teuthology.orchestra.run.smithi045.stderr:/usr/bin/ceph:
2023-11-30T21:45:53.834+0000 7f5a9196a700 1 -- --> [v2:172.21.15.45:3300/0,v1:172.21.15.45:6789/0] -- mon_getmap magic: 0 v1 -- 0x7f5a8c0fc760 con 0x7f5a8c070420
2023-11-30T21:45:53.838 INFO:teuthology.orchestra.run.smithi045.stderr:/usr/bin/ceph:
2023-11-30T21:45:53.834+0000 7f5a8affd700 1 --2- >> [v2:172.21.15.45:3300/0,v1:172.21.15.45:6789/0] conn(0x7f5a8c070420 0x7f5a8c100d70 unknown :-1 s=BANNER_CONNECTING pgs=0 cs=0 l=0 rev1=0 rx=0 tx=0)._handle_peer_banner_payload supported=1 required=0
2023-11-30T21:45:53.838 INFO:teuthology.orchestra.run.smithi045.stderr:/usr/bin/ceph:
2023-11-30T21:45:53.834+0000 7f5a8affd700 1 --2- >> [v2:172.21.15.45:3300/0,v1:172.21.15.45:6789/0] conn(0x7f5a8c070420 0x7f5a8c100d70 unknown :-1 s=HELLO_CONNECTING pgs=0 cs=0 l=0 rev1=1 rx=0 tx=0).handle_hello peer v2:172.21.15.45:3300/0 says I am v2:172.21.15.45:49562/0 (socket says 172.21.15.45:49562)
2023-11-30T21:45:53.838 INFO:teuthology.orchestra.run.smithi045.stderr:/usr/bin/ceph:
2023-11-30T21:45:53.834+0000 7f5a8affd700 1 -- 172.21.15.45:0/3573738075 learned_addr learned my addr 172.21.15.45:0/3573738075 (peer_addr_for_me v2:172.21.15.45:0/0)
2023-11-30T21:45:53.838 INFO:teuthology.orchestra.run.smithi045.stderr:/usr/bin/ceph:
2023-11-30T21:45:53.834+0000 7f5a8affd700 1 -- 172.21.15.45:0/3573738075 --> [v2:172.21.15.45:3300/0,v1:172.21.15.45:6789/0] -- mon_subscribe({config=0+,monmap=0+}) v3 -- 0x7f5a8c101260 con 0x7f5a8c070420
2023-11-30T21:45:53.838 INFO:teuthology.orchestra.run.smithi045.stderr:/usr/bin/ceph:
2023-11-30T21:45:53.834+0000 7f5a8affd700 1 --2- 172.21.15.45:0/3573738075 >> [v2:172.21.15.45:3300/0,v1:172.21.15.45:6789/0] conn(0x7f5a8c070420 0x7f5a8c100d70 secure :-1 s=READY pgs=74 cs=0 l=1 rev1=1 rx=0x7f5a7c00b5f0 tx=0x7f5a7c006ee0).ready entity=mon.0 client_cookie=b1872bc17c796db9 server_cookie=0 in_seq=0 out_seq=0
2023-11-30T21:45:53.838 INFO:teuthology.orchestra.run.smithi045.stderr:/usr/bin/ceph:
2023-11-30T21:45:53.835+0000 7f5a89ffb700 1 -- 172.21.15.45:0/3573738075 <== mon.0 v2:172.21.15.45:3300/0 1 ==== mon_map magic: 0 v1 ==== 229+0+0 (secure 0 0 0) 0x7f5a7c00d600 con 0x7f5a8c070420
2023-11-30T21:45:53.838 INFO:teuthology.orchestra.run.smithi045.stderr:/usr/bin/ceph:
2023-11-30T21:45:53.835+0000 7f5a89ffb700 1 -- 172.21.15.45:0/3573738075 <== mon.0 v2:172.21.15.45:3300/0 2 ==== config(25 keys) v1 ==== 1010+0+0 (secure 0 0 0) 0x7f5a7c00dbd0 con 0x7f5a8c070420
2023-11-30T21:45:53.839 INFO:teuthology.orchestra.run.smithi045.stderr:/usr/bin/ceph:
2023-11-30T21:45:53.835+0000 7f5a89ffb700 1 -- 172.21.15.45:0/3573738075 <== mon.0 v2:172.21.15.45:3300/0 3 ==== mon_map magic: 0 v1 ==== 229+0+0 (secure 0 0 0) 0x7f5a7c011c00 con 0x7f5a8c070420
2023-11-30T21:45:53.839 INFO:teuthology.orchestra.run.smithi045.stderr:/usr/bin/ceph:
2023-11-30T21:45:53.835+0000 7f5a9196a700 1 -- 172.21.15.45:0/3573738075 >> [v2:172.21.15.45:3300/0,v1:172.21.15.45:6789/0] conn(0x7f5a8c070420 msgr2=0x7f5a8c100d70 secure :-1 s=STATE_CONNECTION_ESTABLISHED l=1).mark_down
2023-11-30T21:45:53.839 INFO:teuthology.orchestra.run.smithi045.stderr:/usr/bin/ceph:
2023-11-30T21:45:53.835+0000 7f5a9196a700 1 --2- 172.21.15.45:0/3573738075 >> [v2:172.21.15.45:3300/0,v1:172.21.15.45:6789/0] conn(0x7f5a8c070420 0x7f5a8c100d70 secure :-1 s=READY pgs=74 cs=0 l=1 rev1=1 rx=0x7f5a7c00b5f0 tx=0x7f5a7c006ee0).stop
2023-11-30T21:45:53.839 INFO:teuthology.orchestra.run.smithi045.stderr:/usr/bin/ceph:
2023-11-30T21:45:53.836+0000 7f5a9196a700 1 -- 172.21.15.45:0/3573738075 shutdown_connections
2023-11-30T21:45:53.839 INFO:teuthology.orchestra.run.smithi045.stderr:/usr/bin/ceph:
2023-11-30T21:45:53.836+0000 7f5a9196a700 1 --2- 172.21.15.45:0/3573738075 >> [v2:172.21.15.45:3300/0,v1:172.21.15.45:6789/0] conn(0x7f5a8c070420 0x7f5a8c100d70 unknown :-1 s=CLOSED pgs=74 cs=0 l=1 rev1=1 rx=0 tx=0).stop
2023-11-30T21:45:53.839 INFO:teuthology.orchestra.run.smithi045.stderr:/usr/bin/ceph:
2023-11-30T21:45:53.836+0000 7f5a9196a700 1 -- 172.21.15.45:0/3573738075 >> 172.21.15.45:0/3573738075 conn(0x7f5a8c0f63b0 msgr2=0x7f5a8c0f87d0 unknown :-1 s=STATE_NONE l=0).mark_down
2023-11-30T21:45:53.839 INFO:teuthology.orchestra.run.smithi045.stderr:/usr/bin/ceph:
2023-11-30T21:45:53.836+0000 7f5a9196a700 1 -- 172.21.15.45:0/3573738075 shutdown_connections
2023-11-30T21:45:53.839 INFO:teuthology.orchestra.run.smithi045.stderr:/usr/bin/ceph:
2023-11-30T21:45:53.836+0000 7f5a9196a700 1 -- 172.21.15.45:0/3573738075 wait complete.
2023-11-30T21:45:53.839 INFO:teuthology.orchestra.run.smithi045.stderr:/usr/bin/ceph:
2023-11-30T21:45:53.836+0000 7f5a9196a700 1 Processor -- start
2023-11-30T21:45:53.839 INFO:teuthology.orchestra.run.smithi045.stderr:/usr/bin/ceph:
2023-11-30T21:45:53.837+0000 7f5a9196a700 1 -- start start
2023-11-30T21:45:53.839 INFO:teuthology.orchestra.run.smithi045.stderr:/usr/bin/ceph:
2023-11-30T21:45:53.837+0000 7f5a9196a700 1 --2- >> [v2:172.21.15.45:3300/0,v1:172.21.15.45:6789/0] conn(0x7f5a8c070420 0x7f5a8c10cbe0 unknown :-1 s=NONE pgs=0 cs=0 l=1 rev1=0 rx=0 tx=0).connect
2023-11-30T21:45:53.839 INFO:teuthology.orchestra.run.smithi045.stderr:/usr/bin/ceph:
2023-11-30T21:45:53.837+0000 7f5a9196a700 1 -- --> [v2:172.21.15.45:3300/0,v1:172.21.15.45:6789/0] -- mon_getmap magic: 0 v1 -- 0x7f5a8c10d0d0 con 0x7f5a8c070420
2023-11-30T21:45:53.841 INFO:teuthology.orchestra.run.smithi045.stderr:/usr/bin/ceph:
2023-11-30T21:45:53.837+0000 7f5a8affd700 1 --2- >> [v2:172.21.15.45:3300/0,v1:172.21.15.45:6789/0] conn(0x7f5a8c070420 0x7f5a8c10cbe0 unknown :-1 s=BANNER_CONNECTING pgs=0 cs=0 l=1 rev1=0 rx=0 tx=0)._handle_peer_banner_payload supported=1 required=0
2023-11-30T21:45:53.841 INFO:teuthology.orchestra.run.smithi045.stderr:/usr/bin/ceph:
2023-11-30T21:45:53.837+0000 7f5a8affd700 1 --2- >> [v2:172.21.15.45:3300/0,v1:172.21.15.45:6789/0] conn(0x7f5a8c070420 0x7f5a8c10cbe0 unknown :-1 s=HELLO_CONNECTING pgs=0 cs=0 l=1 rev1=1 rx=0 tx=0).handle_hello peer v2:172.21.15.45:3300/0 says I am v2:172.21.15.45:49568/0 (socket says 172.21.15.45:49568)
2023-11-30T21:45:53.841 INFO:teuthology.orchestra.run.smithi045.stderr:/usr/bin/ceph:
2023-11-30T21:45:53.837+0000 7f5a8affd700 1 -- 172.21.15.45:0/1834234289 learned_addr learned my addr 172.21.15.45:0/1834234289 (peer_addr_for_me v2:172.21.15.45:0/0)
2023-11-30T21:45:53.841 INFO:teuthology.orchestra.run.smithi045.stderr:/usr/bin/ceph:
2023-11-30T21:45:53.837+0000 7f5a8affd700 1 -- 172.21.15.45:0/1834234289 --> [v2:172.21.15.45:3300/0,v1:172.21.15.45:6789/0] -- mon_subscribe({config=0+,monmap=0+}) v3 -- 0x7f5a7c00b200 con 0x7f5a8c070420
2023-11-30T21:45:53.841 INFO:teuthology.orchestra.run.smithi045.stderr:/usr/bin/ceph:
2023-11-30T21:45:53.837+0000 7f5a8affd700 1 --2- 172.21.15.45:0/1834234289 >> [v2:172.21.15.45:3300/0,v1:172.21.15.45:6789/0] conn(0x7f5a8c070420 0x7f5a8c10cbe0 secure :-1 s=READY pgs=75 cs=0 l=1 rev1=1 rx=0x7f5a7c00b190 tx=0x7f5a7c006ee0).ready entity=mon.0 client_cookie=0 server_cookie=0 in_seq=0 out_seq=0
2023-11-30T21:45:53.841 INFO:teuthology.orchestra.run.smithi045.stderr:/usr/bin/ceph:
2023-11-30T21:45:53.838+0000 7f5a737fe700 1 -- 172.21.15.45:0/1834234289 <== mon.0 v2:172.21.15.45:3300/0 1 ==== mon_map magic: 0 v1 ==== 229+0+0 (secure 0 0 0) 0x7f5a7c01b410 con 0x7f5a8c070420
2023-11-30T21:45:53.841 INFO:teuthology.orchestra.run.smithi045.stderr:/usr/bin/ceph:
2023-11-30T21:45:53.838+0000 7f5a737fe700 1 -- 172.21.15.45:0/1834234289 <== mon.0 v2:172.21.15.45:3300/0 2 ==== config(25 keys) v1 ==== 1010+0+0 (secure 0 0 0) 0x7f5a7c01b9e0 con 0x7f5a8c070420
2023-11-30T21:45:53.842 INFO:teuthology.orchestra.run.smithi045.stderr:/usr/bin/ceph:
2023-11-30T21:45:53.838+0000 7f5a9196a700 1 -- 172.21.15.45:0/1834234289 --> [v2:172.21.15.45:3300/0,v1:172.21.15.45:6789/0] -- mon_subscribe({mgrmap=0+}) v3 -- 0x7f5a8c10d2d0 con 0x7f5a8c070420
2023-11-30T21:45:53.842 INFO:teuthology.orchestra.run.smithi045.stderr:/usr/bin/ceph:
2023-11-30T21:45:53.838+0000 7f5a737fe700 1 -- 172.21.15.45:0/1834234289 <== mon.0 v2:172.21.15.45:3300/0 3 ==== mon_map magic: 0 v1 ==== 229+0+0 (secure 0 0 0) 0x7f5a7c01a880 con 0x7f5a8c070420
2023-11-30T21:45:53.842 INFO:teuthology.orchestra.run.smithi045.stderr:/usr/bin/ceph:
2023-11-30T21:45:53.838+0000 7f5a9196a700 1 -- 172.21.15.45:0/1834234289 --> [v2:172.21.15.45:3300/0,v1:172.21.15.45:6789/0] -- mon_subscribe({osdmap=0}) v3 -- 0x7f5a8c10d6e0 con 0x7f5a8c070420
2023-11-30T21:45:53.842 INFO:teuthology.orchestra.run.smithi045.stderr:/usr/bin/ceph:
2023-11-30T21:45:53.839+0000 7f5a737fe700 1 -- 172.21.15.45:0/1834234289 <== mon.0 v2:172.21.15.45:3300/0 4 ==== mgrmap(e 13) v1 ==== 36208+0+0 (secure 0 0 0) 0x7f5a7c00f070 con 0x7f5a8c070420
2023-11-30T21:45:53.842 INFO:teuthology.orchestra.run.smithi045.stderr:/usr/bin/ceph:
2023-11-30T21:45:53.839+0000 7f5a737fe700 1 --2- 172.21.15.45:0/1834234289 >> [v2:172.21.15.45:6800/1329398563,v1:172.21.15.45:6801/1329398563] conn(0x7f5a7802feb0 0x7f5a78032370 unknown :-1 s=NONE pgs=0 cs=0 l=1 rev1=0 rx=0 tx=0).connect
2023-11-30T21:45:53.842 INFO:teuthology.orchestra.run.smithi045.stderr:/usr/bin/ceph:
2023-11-30T21:45:53.839+0000 7f5a737fe700 1 -- 172.21.15.45:0/1834234289 --> [v2:172.21.15.45:6800/1329398563,v1:172.21.15.45:6801/1329398563] -- command(tid 0: {"prefix": "get_command_descriptions"}) v1 -- 0x7f5a78032a30 con 0x7f5a7802feb0
2023-11-30T21:45:53.842 INFO:teuthology.orchestra.run.smithi045.stderr:/usr/bin/ceph:
2023-11-30T21:45:53.839+0000 7f5a737fe700 1 -- 172.21.15.45:0/1834234289 <== mon.0 v2:172.21.15.45:3300/0 5 ==== osd_map(3..3 src has 1..3) v4 ==== 1098+0+0 (secure 0 0 0) 0x7f5a7c041430 con 0x7f5a8c070420
2023-11-30T21:45:53.842 INFO:teuthology.orchestra.run.smithi045.stderr:/usr/bin/ceph:
2023-11-30T21:45:53.839+0000 7f5a8a7fc700 1 -- 172.21.15.45:0/1834234289 >> [v2:172.21.15.45:6800/1329398563,v1:172.21.15.45:6801/1329398563] conn(0x7f5a7802feb0 msgr2=0x7f5a78032370 unknown :-1 s=STATE_CONNECTING_RE l=1).process reconnect failed to v2:172.21.15.45:6800/1329398563
2023-11-30T21:45:53.842 INFO:teuthology.orchestra.run.smithi045.stderr:/usr/bin/ceph:
2023-11-30T21:45:53.839+0000 7f5a8a7fc700 1 --2- 172.21.15.45:0/1834234289 >> [v2:172.21.15.45:6800/1329398563,v1:172.21.15.45:6801/1329398563] conn(0x7f5a7802feb0 0x7f5a78032370 unknown :-1 s=START_CONNECT pgs=0 cs=0 l=1 rev1=0 rx=0 tx=0)._fault waiting 0.200000
2023-11-30T21:45:54.041 INFO:teuthology.orchestra.run.smithi045.stderr:/usr/bin/ceph:
2023-11-30T21:45:54.040+0000 7f5a8a7fc700 1 -- 172.21.15.45:0/1834234289 >> [v2:172.21.15.45:6800/1329398563,v1:172.21.15.45:6801/1329398563] conn(0x7f5a7802feb0 msgr2=0x7f5a78032370 unknown :-1 s=STATE_CONNECTING_RE l=1).process reconnect failed to v2:172.21.15.45:6800/1329398563
2023-11-30T21:45:54.041 INFO:teuthology.orchestra.run.smithi045.stderr:/usr/bin/ceph:
2023-11-30T21:45:54.040+0000 7f5a8a7fc700 1 --2- 172.21.15.45:0/1834234289 >> [v2:172.21.15.45:6800/1329398563,v1:172.21.15.45:6801/1329398563] conn(0x7f5a7802feb0 0x7f5a78032370 unknown :-1 s=START_CONNECT pgs=0 cs=0 l=1 rev1=0 rx=0 tx=0)._fault waiting 0.400000
2023-11-30T21:45:54.244 INFO:journalctl@ceph.mon.smithi045.smithi045.stdout:Nov 30 21:45:53 smithi045 ceph-a7a56f36-8fc9-11ee-95a2-87774f69a715-mon.smithi045[111737]: audit
2023-11-30T21:45:52.922886+0000 mon.smithi045 (mon.0) 88 : audit [DBG] from='client.? 172.21.15.45:0/211821893' entity='client.admin' cmd=[{"prefix": "mgr stat"}]: dispatch
2023-11-30T21:45:54.442 INFO:teuthology.orchestra.run.smithi045.stderr:/usr/bin/ceph:
2023-11-30T21:45:54.441+0000 7f5a8a7fc700 1 -- 172.21.15.45:0/1834234289 >> [v2:172.21.15.45:6800/1329398563,v1:172.21.15.45:6801/1329398563] conn(0x7f5a7802feb0 msgr2=0x7f5a78032370 unknown :-1 s=STATE_CONNECTING_RE l=1).process reconnect failed to v2:172.21.15.45:6800/1329398563
2023-11-30T21:45:54.442 INFO:teuthology.orchestra.run.smithi045.stderr:/usr/bin/ceph:
2023-11-30T21:45:54.441+0000 7f5a8a7fc700 1 --2- 172.21.15.45:0/1834234289 >> [v2:172.21.15.45:6800/1329398563,v1:172.21.15.45:6801/1329398563] conn(0x7f5a7802feb0 0x7f5a78032370 unknown :-1 s=START_CONNECT pgs=0 cs=0 l=1 rev1=0 rx=0 tx=0)._fault waiting 0.800000
2023-11-30T21:45:55.244 INFO:teuthology.orchestra.run.smithi045.stderr:/usr/bin/ceph:
2023-11-30T21:45:55.242+0000 7f5a8a7fc700 1 -- 172.21.15.45:0/1834234289 >> [v2:172.21.15.45:6800/1329398563,v1:172.21.15.45:6801/1329398563] conn(0x7f5a7802feb0 msgr2=0x7f5a78032370 unknown :-1 s=STATE_CONNECTING_RE l=1).process reconnect failed to v2:172.21.15.45:6800/1329398563
2023-11-30T21:45:55.246 INFO:teuthology.orchestra.run.smithi045.stderr:/usr/bin/ceph:
2023-11-30T21:45:55.242+0000 7f5a8a7fc700 1 --2- 172.21.15.45:0/1834234289 >> [v2:172.21.15.45:6800/1329398563,v1:172.21.15.45:6801/1329398563] conn(0x7f5a7802feb0 0x7f5a78032370 unknown :-1 s=START_CONNECT pgs=0 cs=0 l=1 rev1=0 rx=0 tx=0)._fault waiting 1.600000
2023-11-30T21:45:56.844 INFO:teuthology.orchestra.run.smithi045.stderr:/usr/bin/ceph:
2023-11-30T21:45:56.843+0000 7f5a8a7fc700 1 -- 172.21.15.45:0/1834234289 >> [v2:172.21.15.45:6800/1329398563,v1:172.21.15.45:6801/1329398563] conn(0x7f5a7802feb0 msgr2=0x7f5a78032370 unknown :-1 s=STATE_CONNECTING_RE l=1).process reconnect failed to v2:172.21.15.45:6800/1329398563
2023-11-30T21:45:56.844 INFO:teuthology.orchestra.run.smithi045.stderr:/usr/bin/ceph:
2023-11-30T21:45:56.843+0000 7f5a8a7fc700 1 --2- 172.21.15.45:0/1834234289 >> [v2:172.21.15.45:6800/1329398563,v1:172.21.15.45:6801/1329398563] conn(0x7f5a7802feb0 0x7f5a78032370 unknown :-1 s=START_CONNECT pgs=0 cs=0 l=1 rev1=0 rx=0 tx=0)._fault waiting 3.200000
2023-11-30T21:45:58.204 INFO:teuthology.orchestra.run.smithi045.stderr:/usr/bin/ceph:
2023-11-30T21:45:58.202+0000 7f5a737fe700 1 -- 172.21.15.45:0/1834234289 <== mon.0 v2:172.21.15.45:3300/0 6 ==== mgrmap(e 14) v1 ==== 35997+0+0 (secure 0 0 0) 0x7f5a7c01bb50 con 0x7f5a8c070420
2023-11-30T21:45:58.204 INFO:teuthology.orchestra.run.smithi045.stderr:/usr/bin/ceph:
2023-11-30T21:45:58.203+0000 7f5a737fe700 1 -- 172.21.15.45:0/1834234289 >> [v2:172.21.15.45:6800/1329398563,v1:172.21.15.45:6801/1329398563] conn(0x7f5a7802feb0 msgr2=0x7f5a78032370 unknown :-1 s=STATE_CONNECTING l=1).mark_down
2023-11-30T21:45:58.204 INFO:teuthology.orchestra.run.smithi045.stderr:/usr/bin/ceph:
2023-11-30T21:45:58.203+0000 7f5a737fe700 1 --2- 172.21.15.45:0/1834234289 >> [v2:172.21.15.45:6800/1329398563,v1:172.21.15.45:6801/1329398563] conn(0x7f5a7802feb0 0x7f5a78032370 unknown :-1 s=START_CONNECT pgs=0 cs=0 l=1 rev1=0 rx=0 tx=0).stop
2023-11-30T21:45:58.744 INFO:journalctl@ceph.mon.smithi045.smithi045.stdout:Nov 30 21:45:58 smithi045 ceph-a7a56f36-8fc9-11ee-95a2-87774f69a715-mon.smithi045[111737]: cluster
2023-11-30T21:45:57.534825+0000 mon.smithi045 (mon.0) 89 : cluster [INF] Active manager daemon smithi045.zhejsa restarted
2023-11-30T21:45:58.744 INFO:journalctl@ceph.mon.smithi045.smithi045.stdout:Nov 30 21:45:58 smithi045 ceph-a7a56f36-8fc9-11ee-95a2-87774f69a715-mon.smithi045[111737]: cluster
2023-11-30T21:45:57.535353+0000 mon.smithi045 (mon.0) 90 : cluster [INF] Activating manager daemon smithi045.zhejsa
2023-11-30T21:45:58.745 INFO:journalctl@ceph.mon.smithi045.smithi045.stdout:Nov 30 21:45:58 smithi045 ceph-a7a56f36-8fc9-11ee-95a2-87774f69a715-mon.smithi045[111737]: cluster
2023-11-30T21:45:57.537128+0000 mon.smithi045 (mon.0) 91 : cluster [DBG] osdmap e4: 0 total, 0 up, 0 in
2023-11-30T21:45:58.745 INFO:journalctl@ceph.mon.smithi045.smithi045.stdout:Nov 30 21:45:58 smithi045 ceph-a7a56f36-8fc9-11ee-95a2-87774f69a715-mon.smithi045[111737]: cluster
2023-11-30T21:45:58.205115+0000 mon.smithi045 (mon.0) 92 : cluster [DBG] mgrmap e14: smithi045.zhejsa(active, starting, since 0.669858s)
2023-11-30T21:45:58.745 INFO:journalctl@ceph.mon.smithi045.smithi045.stdout:Nov 30 21:45:58 smithi045 ceph-a7a56f36-8fc9-11ee-95a2-87774f69a715-mon.smithi045[111737]: audit
2023-11-30T21:45:58.206618+0000 mon.smithi045 (mon.0) 93 : audit [DBG] from='mgr.14164 172.21.15.45:0/1660465178' entity='mgr.smithi045.zhejsa' cmd=[{"prefix": "mon metadata", "id": "smithi045"}]: dispatch
2023-11-30T21:45:58.745 INFO:journalctl@ceph.mon.smithi045.smithi045.stdout:Nov 30 21:45:58 smithi045 ceph-a7a56f36-8fc9-11ee-95a2-87774f69a715-mon.smithi045[111737]: audit
2023-11-30T21:45:58.207341+0000 mon.smithi045 (mon.0) 94 : audit [DBG] from='mgr.14164 172.21.15.45:0/1660465178' entity='mgr.smithi045.zhejsa' cmd=[{"prefix": "mgr metadata", "who": "smithi045.zhejsa", "id": "smithi045.zhejsa"}]: dispatch
2023-11-30T21:45:58.745 INFO:journalctl@ceph.mon.smithi045.smithi045.stdout:Nov 30 21:45:58 smithi045 ceph-a7a56f36-8fc9-11ee-95a2-87774f69a715-mon.smithi045[111737]: audit
2023-11-30T21:45:58.208490+0000 mon.smithi045 (mon.0) 95 : audit [DBG] from='mgr.14164 172.21.15.45:0/1660465178' entity='mgr.smithi045.zhejsa' cmd=[{"prefix": "mds metadata"}]: dispatch
2023-11-30T21:45:58.745 INFO:journalctl@ceph.mon.smithi045.smithi045.stdout:Nov 30 21:45:58 smithi045 ceph-a7a56f36-8fc9-11ee-95a2-87774f69a715-mon.smithi045[111737]: audit
2023-11-30T21:45:58.208705+0000 mon.smithi045 (mon.0) 96 : audit [DBG] from='mgr.14164 172.21.15.45:0/1660465178' entity='mgr.smithi045.zhejsa' cmd=[{"prefix": "osd metadata"}]: dispatch
2023-11-30T21:45:58.745 INFO:journalctl@ceph.mon.smithi045.smithi045.stdout:Nov 30 21:45:58 smithi045 ceph-a7a56f36-8fc9-11ee-95a2-87774f69a715-mon.smithi045[111737]: audit
2023-11-30T21:45:58.208921+0000 mon.smithi045 (mon.0) 97 : audit [DBG] from='mgr.14164 172.21.15.45:0/1660465178' entity='mgr.smithi045.zhejsa' cmd=[{"prefix": "mon metadata"}]: dispatch
2023-11-30T21:45:58.746 INFO:journalctl@ceph.mon.smithi045.smithi045.stdout:Nov 30 21:45:58 smithi045 ceph-a7a56f36-8fc9-11ee-95a2-87774f69a715-mon.smithi045[111737]: cluster
2023-11-30T21:45:58.223770+0000 mon.smithi045 (mon.0) 98 : cluster [INF] Manager daemon smithi045.zhejsa is now available
2023-11-30T21:45:58.746 INFO:journalctl@ceph.mon.smithi045.smithi045.stdout:Nov 30 21:45:58 smithi045 ceph-a7a56f36-8fc9-11ee-95a2-87774f69a715-mon.smithi045[111737]: audit
2023-11-30T21:45:58.343588+0000 mon.smithi045 (mon.0) 99 : audit [DBG] from='mgr.14164 172.21.15.45:0/1660465178' entity='mgr.smithi045.zhejsa' cmd=[{"prefix": "config dump", "format": "json"}]: dispatch
2023-11-30T21:45:58.746 INFO:journalctl@ceph.mon.smithi045.smithi045.stdout:Nov 30 21:45:58 smithi045 ceph-a7a56f36-8fc9-11ee-95a2-87774f69a715-mon.smithi045[111737]: audit
2023-11-30T21:45:58.345577+0000 mon.smithi045 (mon.0) 100 : audit [DBG] from='mgr.14164 172.21.15.45:0/1660465178' entity='mgr.smithi045.zhejsa' cmd=[{"prefix": "config dump", "format": "json"}]: dispatch
2023-11-30T21:45:58.746 INFO:journalctl@ceph.mon.smithi045.smithi045.stdout:Nov 30 21:45:58 smithi045 ceph-a7a56f36-8fc9-11ee-95a2-87774f69a715-mon.smithi045[111737]: audit
2023-11-30T21:45:58.372543+0000 mon.smithi045 (mon.0) 101 : audit [INF] from='mgr.14164 172.21.15.45:0/1660465178' entity='mgr.smithi045.zhejsa' cmd=[{"prefix":"config rm","who":"mgr","name":"mgr/rbd_support/smithi045.zhejsa/mirror_snapshot_schedule"}]: dispatch
2023-11-30T21:45:58.747 INFO:journalctl@ceph.mon.smithi045.smithi045.stdout:Nov 30 21:45:58 smithi045 ceph-a7a56f36-8fc9-11ee-95a2-87774f69a715-mon.smithi045[111737]: audit
2023-11-30T21:45:58.375653+0000 mon.smithi045 (mon.0) 102 : audit [INF] from='mgr.14164 172.21.15.45:0/1660465178' entity='mgr.smithi045.zhejsa' cmd=[{"prefix":"config rm","who":"mgr","name":"mgr/rbd_support/smithi045.zhejsa/trash_purge_schedule"}]: dispatch
2023-11-30T21:45:59.207 INFO:teuthology.orchestra.run.smithi045.stderr:/usr/bin/ceph:
2023-11-30T21:45:59.204+0000 7f5a737fe700 1 -- 172.21.15.45:0/1834234289 <== mon.0 v2:172.21.15.45:3300/0 7 ==== mgrmap(e 15) v1 ==== 36067+0+0 (secure 0 0 0) 0x7f5a7c01b570 con 0x7f5a8c070420
2023-11-30T21:45:59.208 INFO:teuthology.orchestra.run.smithi045.stderr:/usr/bin/ceph:
2023-11-30T21:45:59.204+0000 7f5a737fe700 1 --2- 172.21.15.45:0/1834234289 >> [v2:172.21.15.45:6800/1861123787,v1:172.21.15.45:6801/1861123787] conn(0x7f5a78033b40 0x7f5a78035f30 unknown :-1 s=NONE pgs=0 cs=0 l=1 rev1=0 rx=0 tx=0).connect
2023-11-30T21:45:59.208 INFO:teuthology.orchestra.run.smithi045.stderr:/usr/bin/ceph:
2023-11-30T21:45:59.204+0000 7f5a737fe700 1 -- 172.21.15.45:0/1834234289 --> [v2:172.21.15.45:6800/1861123787,v1:172.21.15.45:6801/1861123787] -- command(tid 0: {"prefix": "get_command_descriptions"}) v1 -- 0x7f5a78032a30 con 0x7f5a78033b40
2023-11-30T21:45:59.208 INFO:teuthology.orchestra.run.smithi045.stderr:/usr/bin/ceph:
2023-11-30T21:45:59.205+0000 7f5a8a7fc700 1 --2- 172.21.15.45:0/1834234289 >> [v2:172.21.15.45:6800/1861123787,v1:172.21.15.45:6801/1861123787] conn(0x7f5a78033b40 0x7f5a78035f30 unknown :-1 s=BANNER_CONNECTING pgs=0 cs=0 l=1 rev1=0 rx=0 tx=0)._handle_peer_banner_payload supported=1 required=0
2023-11-30T21:45:59.209 INFO:teuthology.orchestra.run.smithi045.stderr:/usr/bin/ceph:
2023-11-30T21:45:59.205+0000 7f5a8a7fc700 1 --2- 172.21.15.45:0/1834234289 >> [v2:172.21.15.45:6800/1861123787,v1:172.21.15.45:6801/1861123787] conn(0x7f5a78033b40 0x7f5a78035f30 secure :-1 s=READY pgs=1 cs=0 l=1 rev1=1 rx=0x7f5a80006fd0 tx=0x7f5a80006cf0).ready entity=mgr.14164 client_cookie=0 server_cookie=0 in_seq=0 out_seq=0
2023-11-30T21:45:59.209 INFO:teuthology.orchestra.run.smithi045.stderr:/usr/bin/ceph:
2023-11-30T21:45:59.206+0000 7f5a737fe700 1 -- 172.21.15.45:0/1834234289 <== mgr.14164 v2:172.21.15.45:6800/1861123787 1 ==== command_reply(tid 0: 0 ) v1 ==== 8+0+6438 (secure 0 0 0) 0x7f5a78032a30 con 0x7f5a78033b40
2023-11-30T21:45:59.214 INFO:teuthology.orchestra.run.smithi045.stderr:/usr/bin/ceph:
2023-11-30T21:45:59.213+0000 7f5a9196a700 1 -- 172.21.15.45:0/1834234289 --> [v2:172.21.15.45:6800/1861123787,v1:172.21.15.45:6801/1861123787] -- command(tid 1: {"prefix": "mgr_status"}) v1 -- 0x7f5a8c059100 con 0x7f5a78033b40
2023-11-30T21:45:59.214 INFO:teuthology.orchestra.run.smithi045.stderr:/usr/bin/ceph:
2023-11-30T21:45:59.213+0000 7f5a737fe700 1 -- 172.21.15.45:0/1834234289 <== mgr.14164 v2:172.21.15.45:6800/1861123787 2 ==== command_reply(tid 1: 0 ) v1 ==== 8+0+52 (secure 0 0 0) 0x7f5a8c059100 con 0x7f5a78033b40
2023-11-30T21:45:59.217 INFO:teuthology.orchestra.run.smithi045.stderr:/usr/bin/ceph: {
2023-11-30T21:45:59.217 INFO:teuthology.orchestra.run.smithi045.stderr:/usr/bin/ceph: "mgrmap_epoch": 15,
2023-11-30T21:45:59.217 INFO:teuthology.orchestra.run.smithi045.stderr:/usr/bin/ceph: "initialized": true
2023-11-30T21:45:59.217 INFO:teuthology.orchestra.run.smithi045.stderr:/usr/bin/ceph: }
2023-11-30T21:45:59.217 INFO:teuthology.orchestra.run.smithi045.stderr:/usr/bin/ceph:
2023-11-30T21:45:59.214+0000 7f5a9196a700 1 -- 172.21.15.45:0/1834234289 >> [v2:172.21.15.45:6800/1861123787,v1:172.21.15.45:6801/1861123787] conn(0x7f5a78033b40 msgr2=0x7f5a78035f30 secure :-1 s=STATE_CONNECTION_ESTABLISHED l=1).mark_down
2023-11-30T21:45:59.218 INFO:teuthology.orchestra.run.smithi045.stderr:/usr/bin/ceph:
2023-11-30T21:45:59.214+0000 7f5a9196a700 1 --2- 172.21.15.45:0/1834234289 >> [v2:172.21.15.45:6800/1861123787,v1:172.21.15.45:6801/1861123787] conn(0x7f5a78033b40 0x7f5a78035f30 secure :-1 s=READY pgs=1 cs=0 l=1 rev1=1 rx=0x7f5a80006fd0 tx=0x7f5a80006cf0).stop
2023-11-30T21:45:59.218 INFO:teuthology.orchestra.run.smithi045.stderr:/usr/bin/ceph:
2023-11-30T21:45:59.214+0000 7f5a9196a700 1 -- 172.21.15.45:0/1834234289 >> [v2:172.21.15.45:3300/0,v1:172.21.15.45:6789/0] conn(0x7f5a8c070420 msgr2=0x7f5a8c10cbe0 secure :-1 s=STATE_CONNECTION_ESTABLISHED l=1).mark_down
2023-11-30T21:45:59.218 INFO:teuthology.orchestra.run.smithi045.stderr:/usr/bin/ceph:
2023-11-30T21:45:59.214+0000 7f5a9196a700 1 --2- 172.21.15.45:0/1834234289 >> [v2:172.21.15.45:3300/0,v1:172.21.15.45:6789/0] conn(0x7f5a8c070420 0x7f5a8c10cbe0 secure :-1 s=READY pgs=75 cs=0 l=1 rev1=1 rx=0x7f5a7c00b190 tx=0x7f5a7c006ee0).stop
2023-11-30T21:45:59.218 INFO:teuthology.orchestra.run.smithi045.stderr:/usr/bin/ceph:
2023-11-30T21:45:59.214+0000 7f5a9196a700 1 -- 172.21.15.45:0/1834234289 shutdown_connections
2023-11-30T21:45:59.218 INFO:teuthology.orchestra.run.smithi045.stderr:/usr/bin/ceph:
2023-11-30T21:45:59.214+0000 7f5a9196a700 1 --2- 172.21.15.45:0/1834234289 >> [v2:172.21.15.45:3300/0,v1:172.21.15.45:6789/0] conn(0x7f5a8c070420 0x7f5a8c10cbe0 unknown :-1 s=CLOSED pgs=75 cs=0 l=1 rev1=1 rx=0 tx=0).stop
2023-11-30T21:45:59.219 INFO:teuthology.orchestra.run.smithi045.stderr:/usr/bin/ceph:
2023-11-30T21:45:59.214+0000 7f5a9196a700 1 --2- 172.21.15.45:0/1834234289 >> [v2:172.21.15.45:6800/1861123787,v1:172.21.15.45:6801/1861123787] conn(0x7f5a78033b40 0x7f5a78035f30 unknown :-1 s=CLOSED pgs=1 cs=0 l=1 rev1=1 rx=0 tx=0).stop
2023-11-30T21:45:59.219 INFO:teuthology.orchestra.run.smithi045.stderr:/usr/bin/ceph:
2023-11-30T21:45:59.214+0000 7f5a9196a700 1 --2- 172.21.15.45:0/1834234289 >> [v2:172.21.15.45:6800/1329398563,v1:172.21.15.45:6801/1329398563] conn(0x7f5a7802feb0 0x7f5a78032370 unknown :-1 s=CLOSED pgs=0 cs=0 l=1 rev1=0 rx=0 tx=0).stop
2023-11-30T21:45:59.219 INFO:teuthology.orchestra.run.smithi045.stderr:/usr/bin/ceph:
2023-11-30T21:45:59.214+0000 7f5a9196a700 1 -- 172.21.15.45:0/1834234289 >> 172.21.15.45:0/1834234289 conn(0x7f5a8c0f63b0 msgr2=0x7f5a8c0f7ea0 unknown :-1 s=STATE_NONE l=0).mark_down
2023-11-30T21:45:59.219 INFO:teuthology.orchestra.run.smithi045.stderr:/usr/bin/ceph:
2023-11-30T21:45:59.214+0000 7f5a9196a700 1 -- 172.21.15.45:0/1834234289 shutdown_connections
2023-11-30T21:45:59.219 INFO:teuthology.orchestra.run.smithi045.stderr:/usr/bin/ceph:
2023-11-30T21:45:59.214+0000 7f5a9196a700 1 -- 172.21.15.45:0/1834234289 wait complete.
2023-11-30T21:45:59.537 INFO:teuthology.orchestra.run.smithi045.stderr:mgr epoch 13 is available
2023-11-30T21:45:59.537 INFO:teuthology.orchestra.run.smithi045.stderr:Generating a dashboard self-signed certificate...
2023-11-30T21:45:59.538 INFO:teuthology.orchestra.run.smithi045.stderr:Running command: /bin/podman run --rm --ipc=host --no-hosts --net=host --entrypoint /usr/bin/ceph --init -e CONTAINER_IMAGE=docker.io/ceph/ceph:v16.2.4 -e NODE_NAME=smithi045 -e CEPH_USE_RANDOM_NONCE=1 -v /var/log/ceph/a7a56f36-8fc9-11ee-95a2-87774f69a715:/var/log/ceph:z -v /tmp/ceph-tmp9x21gudh:/etc/ceph/ceph.client.admin.keyring:z -v /tmp/ceph-tmpxowax9az:/etc/ceph/ceph.conf:z docker.io/ceph/ceph:v16.2.4 dashboard create-self-signed-cert
2023-11-30T21:45:59.961 INFO:teuthology.orchestra.run.smithi045.stderr:/usr/bin/ceph:
2023-11-30T21:45:59.958+0000 7f62292e5700 1 Processor -- start
2023-11-30T21:45:59.961 INFO:teuthology.orchestra.run.smithi045.stderr:/usr/bin/ceph:
2023-11-30T21:45:59.958+0000 7f62292e5700 1 -- start start
2023-11-30T21:45:59.961 INFO:teuthology.orchestra.run.smithi045.stderr:/usr/bin/ceph:
2023-11-30T21:45:59.959+0000 7f62292e5700 1 --2- >> [v2:172.21.15.45:3300/0,v1:172.21.15.45:6789/0] conn(0x7f62240fab80 0x7f62240fafa0 unknown :-1 s=NONE pgs=0 cs=0 l=0 rev1=0 rx=0 tx=0).connect
2023-11-30T21:45:59.962 INFO:teuthology.orchestra.run.smithi045.stderr:/usr/bin/ceph:
2023-11-30T21:45:59.959+0000 7f62292e5700 1 -- --> [v2:172.21.15.45:3300/0,v1:172.21.15.45:6789/0] -- mon_getmap magic: 0 v1 -- 0x7f62240fb490 con 0x7f62240fab80
2023-11-30T21:45:59.962 INFO:teuthology.orchestra.run.smithi045.stderr:/usr/bin/ceph:
2023-11-30T21:45:59.959+0000 7f6222ffd700 1 --2- >> [v2:172.21.15.45:3300/0,v1:172.21.15.45:6789/0] conn(0x7f62240fab80 0x7f62240fafa0 unknown :-1 s=BANNER_CONNECTING pgs=0 cs=0 l=0 rev1=0 rx=0 tx=0)._handle_peer_banner_payload supported=1 required=0
2023-11-30T21:45:59.962 INFO:teuthology.orchestra.run.smithi045.stderr:/usr/bin/ceph:
2023-11-30T21:45:59.959+0000 7f6222ffd700 1 --2- >> [v2:172.21.15.45:3300/0,v1:172.21.15.45:6789/0] conn(0x7f62240fab80 0x7f62240fafa0 unknown :-1 s=HELLO_CONNECTING pgs=0 cs=0 l=0 rev1=1 rx=0 tx=0).handle_hello peer v2:172.21.15.45:3300/0 says I am v2:172.21.15.45:57136/0 (socket says 172.21.15.45:57136)
2023-11-30T21:45:59.962 INFO:teuthology.orchestra.run.smithi045.stderr:/usr/bin/ceph:
2023-11-30T21:45:59.959+0000 7f6222ffd700 1 -- 172.21.15.45:0/808509200 learned_addr learned my addr 172.21.15.45:0/808509200 (peer_addr_for_me v2:172.21.15.45:0/0)
2023-11-30T21:45:59.962 INFO:teuthology.orchestra.run.smithi045.stderr:/usr/bin/ceph:
2023-11-30T21:45:59.959+0000 7f6222ffd700 1 -- 172.21.15.45:0/808509200 --> [v2:172.21.15.45:3300/0,v1:172.21.15.45:6789/0] -- mon_subscribe({config=0+,monmap=0+}) v3 -- 0x7f62240fb5d0 con 0x7f62240fab80
2023-11-30T21:45:59.962 INFO:teuthology.orchestra.run.smithi045.stderr:/usr/bin/ceph:
2023-11-30T21:45:59.959+0000 7f6222ffd700 1 --2- 172.21.15.45:0/808509200 >> [v2:172.21.15.45:3300/0,v1:172.21.15.45:6789/0] conn(0x7f62240fab80 0x7f62240fafa0 secure :-1 s=READY pgs=81 cs=0 l=1 rev1=1 rx=0x7f621400b870 tx=0x7f6214006f70).ready entity=mon.0 client_cookie=30a2a85ecb2dfda6 server_cookie=0 in_seq=0 out_seq=0
2023-11-30T21:45:59.962 INFO:teuthology.orchestra.run.smithi045.stderr:/usr/bin/ceph:
2023-11-30T21:45:59.959+0000 7f62227fc700 1 -- 172.21.15.45:0/808509200 <== mon.0 v2:172.21.15.45:3300/0 1 ==== mon_map magic: 0 v1 ==== 229+0+0 (secure 0 0 0) 0x7f621400da20 con 0x7f62240fab80
2023-11-30T21:45:59.962 INFO:teuthology.orchestra.run.smithi045.stderr:/usr/bin/ceph:
2023-11-30T21:45:59.960+0000 7f62227fc700 1 -- 172.21.15.45:0/808509200 <== mon.0 v2:172.21.15.45:3300/0 2 ==== config(25 keys) v1 ==== 1010+0+0 (secure 0 0 0) 0x7f6214010470 con 0x7f62240fab80
2023-11-30T21:45:59.962 INFO:teuthology.orchestra.run.smithi045.stderr:/usr/bin/ceph:
2023-11-30T21:45:59.960+0000 7f62227fc700 1 -- 172.21.15.45:0/808509200 <== mon.0 v2:172.21.15.45:3300/0 3 ==== mon_map magic: 0 v1 ==== 229+0+0 (secure 0 0 0) 0x7f621400f5b0 con 0x7f62240fab80
2023-11-30T21:45:59.964 INFO:teuthology.orchestra.run.smithi045.stderr:/usr/bin/ceph:
2023-11-30T21:45:59.960+0000 7f62292e5700 1 -- 172.21.15.45:0/808509200 >> [v2:172.21.15.45:3300/0,v1:172.21.15.45:6789/0] conn(0x7f62240fab80 msgr2=0x7f62240fafa0 secure :-1 s=STATE_CONNECTION_ESTABLISHED l=1).mark_down
2023-11-30T21:45:59.964 INFO:teuthology.orchestra.run.smithi045.stderr:/usr/bin/ceph:
2023-11-30T21:45:59.960+0000 7f62292e5700 1 --2- 172.21.15.45:0/808509200 >> [v2:172.21.15.45:3300/0,v1:172.21.15.45:6789/0] conn(0x7f62240fab80 0x7f62240fafa0 secure :-1 s=READY pgs=81 cs=0 l=1 rev1=1 rx=0x7f621400b870 tx=0x7f6214006f70).stop
2023-11-30T21:45:59.964 INFO:teuthology.orchestra.run.smithi045.stderr:/usr/bin/ceph:
2023-11-30T21:45:59.960+0000 7f62292e5700 1 -- 172.21.15.45:0/808509200 shutdown_connections
2023-11-30T21:45:59.964 INFO:teuthology.orchestra.run.smithi045.stderr:/usr/bin/ceph:
2023-11-30T21:45:59.960+0000 7f62292e5700 1 --2- 172.21.15.45:0/808509200 >> [v2:172.21.15.45:3300/0,v1:172.21.15.45:6789/0] conn(0x7f62240fab80 0x7f62240fafa0 unknown :-1 s=CLOSED pgs=81 cs=0 l=1 rev1=1 rx=0 tx=0).stop
2023-11-30T21:45:59.964 INFO:teuthology.orchestra.run.smithi045.stderr:/usr/bin/ceph:
2023-11-30T21:45:59.960+0000 7f62292e5700 1 -- 172.21.15.45:0/808509200 >> 172.21.15.45:0/808509200 conn(0x7f62240f63c0 msgr2=0x7f62240f87e0 unknown :-1 s=STATE_NONE l=0).mark_down
2023-11-30T21:45:59.964 INFO:teuthology.orchestra.run.smithi045.stderr:/usr/bin/ceph:
2023-11-30T21:45:59.960+0000 7f62292e5700 1 -- 172.21.15.45:0/808509200 shutdown_connections
2023-11-30T21:45:59.965 INFO:teuthology.orchestra.run.smithi045.stderr:/usr/bin/ceph:
2023-11-30T21:45:59.960+0000 7f62292e5700 1 -- 172.21.15.45:0/808509200 wait complete.
2023-11-30T21:45:59.965 INFO:teuthology.orchestra.run.smithi045.stderr:/usr/bin/ceph:
2023-11-30T21:45:59.961+0000 7f62292e5700 1 Processor -- start
2023-11-30T21:45:59.965 INFO:teuthology.orchestra.run.smithi045.stderr:/usr/bin/ceph:
2023-11-30T21:45:59.961+0000 7f62292e5700 1 -- start start
2023-11-30T21:45:59.965 INFO:teuthology.orchestra.run.smithi045.stderr:/usr/bin/ceph:
2023-11-30T21:45:59.961+0000 7f62292e5700 1 --2- >> [v2:172.21.15.45:3300/0,v1:172.21.15.45:6789/0] conn(0x7f62240fab80 0x7f622410cb80 unknown :-1 s=NONE pgs=0 cs=0 l=1 rev1=0 rx=0 tx=0).connect
2023-11-30T21:45:59.965 INFO:teuthology.orchestra.run.smithi045.stderr:/usr/bin/ceph:
2023-11-30T21:45:59.961+0000 7f62292e5700 1 -- --> [v2:172.21.15.45:3300/0,v1:172.21.15.45:6789/0] -- mon_getmap magic: 0 v1 -- 0x7f622410d070 con 0x7f62240fab80
2023-11-30T21:45:59.965 INFO:teuthology.orchestra.run.smithi045.stderr:/usr/bin/ceph:
2023-11-30T21:45:59.961+0000 7f6222ffd700 1 --2- >> [v2:172.21.15.45:3300/0,v1:172.21.15.45:6789/0] conn(0x7f62240fab80 0x7f622410cb80 unknown :-1 s=BANNER_CONNECTING pgs=0 cs=0 l=1 rev1=0 rx=0 tx=0)._handle_peer_banner_payload supported=1 required=0
2023-11-30T21:45:59.965 INFO:teuthology.orchestra.run.smithi045.stderr:/usr/bin/ceph:
2023-11-30T21:45:59.961+0000 7f6222ffd700 1 --2- >> [v2:172.21.15.45:3300/0,v1:172.21.15.45:6789/0] conn(0x7f62240fab80 0x7f622410cb80 unknown :-1 s=HELLO_CONNECTING pgs=0 cs=0 l=1 rev1=1 rx=0 tx=0).handle_hello peer v2:172.21.15.45:3300/0 says I am v2:172.21.15.45:57148/0 (socket says 172.21.15.45:57148)
2023-11-30T21:45:59.965 INFO:teuthology.orchestra.run.smithi045.stderr:/usr/bin/ceph:
2023-11-30T21:45:59.961+0000 7f6222ffd700 1 -- 172.21.15.45:0/2668220137 learned_addr learned my addr 172.21.15.45:0/2668220137 (peer_addr_for_me v2:172.21.15.45:0/0)
2023-11-30T21:45:59.965 INFO:teuthology.orchestra.run.smithi045.stderr:/usr/bin/ceph:
2023-11-30T21:45:59.962+0000 7f6222ffd700 1 -- 172.21.15.45:0/2668220137 --> [v2:172.21.15.45:3300/0,v1:172.21.15.45:6789/0] -- mon_subscribe({config=0+,monmap=0+}) v3 -- 0x7f621400b480 con 0x7f62240fab80
2023-11-30T21:45:59.965 INFO:teuthology.orchestra.run.smithi045.stderr:/usr/bin/ceph:
2023-11-30T21:45:59.962+0000 7f6222ffd700 1 --2- 172.21.15.45:0/2668220137 >> [v2:172.21.15.45:3300/0,v1:172.21.15.45:6789/0] conn(0x7f62240fab80 0x7f622410cb80 secure :-1 s=READY pgs=82 cs=0 l=1 rev1=1 rx=0x7f6214006800 tx=0x7f6214006f70).ready entity=mon.0 client_cookie=0 server_cookie=0 in_seq=0 out_seq=0
2023-11-30T21:45:59.966 INFO:teuthology.orchestra.run.smithi045.stderr:/usr/bin/ceph:
2023-11-30T21:45:59.962+0000 7f621bfff700 1 -- 172.21.15.45:0/2668220137 <== mon.0 v2:172.21.15.45:3300/0 1 ==== mon_map magic: 0 v1 ==== 229+0+0 (secure 0 0 0) 0x7f621400f980 con 0x7f62240fab80
2023-11-30T21:45:59.966 INFO:teuthology.orchestra.run.smithi045.stderr:/usr/bin/ceph:
2023-11-30T21:45:59.962+0000 7f621bfff700 1 -- 172.21.15.45:0/2668220137 <== mon.0 v2:172.21.15.45:3300/0 2 ==== config(25 keys) v1 ==== 1010+0+0 (secure 0 0 0) 0x7f6214019450 con 0x7f62240fab80
2023-11-30T21:45:59.966 INFO:teuthology.orchestra.run.smithi045.stderr:/usr/bin/ceph:
2023-11-30T21:45:59.962+0000 7f621bfff700 1 -- 172.21.15.45:0/2668220137 <== mon.0 v2:172.21.15.45:3300/0 3 ==== mon_map magic: 0 v1 ==== 229+0+0 (secure 0 0 0) 0x7f6214023640 con 0x7f62240fab80
2023-11-30T21:45:59.966 INFO:teuthology.orchestra.run.smithi045.stderr:/usr/bin/ceph:
2023-11-30T21:45:59.962+0000 7f62292e5700 1 -- 172.21.15.45:0/2668220137 --> [v2:172.21.15.45:3300/0,v1:172.21.15.45:6789/0] -- mon_subscribe({mgrmap=0+}) v3 -- 0x7f622410d270 con 0x7f62240fab80
2023-11-30T21:45:59.966 INFO:teuthology.orchestra.run.smithi045.stderr:/usr/bin/ceph:
2023-11-30T21:45:59.962+0000 7f62292e5700 1 -- 172.21.15.45:0/2668220137 --> [v2:172.21.15.45:3300/0,v1:172.21.15.45:6789/0] -- mon_subscribe({osdmap=0}) v3 -- 0x7f622410d680 con 0x7f62240fab80
2023-11-30T21:45:59.966 INFO:teuthology.orchestra.run.smithi045.stderr:/usr/bin/ceph:
2023-11-30T21:45:59.963+0000 7f621bfff700 1 -- 172.21.15.45:0/2668220137 <== mon.0 v2:172.21.15.45:3300/0 4 ==== mgrmap(e 15) v1 ==== 36067+0+0 (secure 0 0 0) 0x7f6214016030 con 0x7f62240fab80
2023-11-30T21:45:59.966 INFO:teuthology.orchestra.run.smithi045.stderr:/usr/bin/ceph:
2023-11-30T21:45:59.963+0000 7f621bfff700 1 --2- 172.21.15.45:0/2668220137 >> [v2:172.21.15.45:6800/1861123787,v1:172.21.15.45:6801/1861123787] conn(0x7f620402fdc0 0x7f6204032280 unknown :-1 s=NONE pgs=0 cs=0 l=1 rev1=0 rx=0 tx=0).connect
2023-11-30T21:45:59.967 INFO:teuthology.orchestra.run.smithi045.stderr:/usr/bin/ceph:
2023-11-30T21:45:59.963+0000 7f621bfff700 1 -- 172.21.15.45:0/2668220137 <== mon.0 v2:172.21.15.45:3300/0 5 ==== osd_map(4..4 src has 1..4) v4 ==== 1270+0+0 (secure 0 0 0) 0x7f6214041f50 con 0x7f62240fab80
2023-11-30T21:45:59.967 INFO:teuthology.orchestra.run.smithi045.stderr:/usr/bin/ceph:
2023-11-30T21:45:59.963+0000 7f621a7fc700 1 --2- 172.21.15.45:0/2668220137 >> [v2:172.21.15.45:6800/1861123787,v1:172.21.15.45:6801/1861123787] conn(0x7f620402fdc0 0x7f6204032280 unknown :-1 s=BANNER_CONNECTING pgs=0 cs=0 l=1 rev1=0 rx=0 tx=0)._handle_peer_banner_payload supported=1 required=0
2023-11-30T21:45:59.967 INFO:teuthology.orchestra.run.smithi045.stderr:/usr/bin/ceph:
2023-11-30T21:45:59.963+0000 7f62292e5700 1 -- 172.21.15.45:0/2668220137 --> [v2:172.21.15.45:3300/0,v1:172.21.15.45:6789/0] -- mon_command({"prefix": "get_command_descriptions"} v 0) v1 -- 0x7f6224059100 con 0x7f62240fab80
2023-11-30T21:45:59.967 INFO:teuthology.orchestra.run.smithi045.stderr:/usr/bin/ceph:
2023-11-30T21:45:59.964+0000 7f621a7fc700 1 --2- 172.21.15.45:0/2668220137 >> [v2:172.21.15.45:6800/1861123787,v1:172.21.15.45:6801/1861123787] conn(0x7f620402fdc0 0x7f6204032280 secure :-1 s=READY pgs=6 cs=0 l=1 rev1=1 rx=0x7f620c0096a0 tx=0x7f620c006b40).ready entity=mgr.14164 client_cookie=0 server_cookie=0 in_seq=0 out_seq=0
2023-11-30T21:45:59.969 INFO:teuthology.orchestra.run.smithi045.stderr:/usr/bin/ceph:
2023-11-30T21:45:59.968+0000 7f621bfff700 1 -- 172.21.15.45:0/2668220137 <== mon.0 v2:172.21.15.45:3300/0 6 ==== mon_command_ack([{"prefix": "get_command_descriptions"}]=0 v0) v1 ==== 72+0+152212 (secure 0 0 0) 0x7f6214014080 con 0x7f62240fab80
2023-11-30T21:46:00.141 INFO:teuthology.orchestra.run.smithi045.stderr:/usr/bin/ceph:
2023-11-30T21:46:00.139+0000 7f62292e5700 1 -- 172.21.15.45:0/2668220137 --> [v2:172.21.15.45:6800/1861123787,v1:172.21.15.45:6801/1861123787] -- mgr_command(tid 0: {"prefix": "dashboard create-self-signed-cert", "target": ["mon-mgr", ""]}) v1 -- 0x7f62241026d0 con 0x7f620402fdc0
2023-11-30T21:46:00.204 INFO:teuthology.orchestra.run.smithi045.stderr:/usr/bin/ceph:
2023-11-30T21:46:00.202+0000 7f621bfff700 1 -- 172.21.15.45:0/2668220137 <== mgr.14164 v2:172.21.15.45:6800/1861123787 1 ==== mgr_command_reply(tid 0: 0 ) v1 ==== 8+0+32 (secure 0 0 0) 0x7f62241026d0 con 0x7f620402fdc0
2023-11-30T21:46:00.205 INFO:teuthology.orchestra.run.smithi045.stderr:/usr/bin/ceph: Self-signed certificate created
2023-11-30T21:46:00.208 INFO:teuthology.orchestra.run.smithi045.stderr:/usr/bin/ceph:
2023-11-30T21:46:00.205+0000 7f62292e5700 1 -- 172.21.15.45:0/2668220137 >> [v2:172.21.15.45:6800/1861123787,v1:172.21.15.45:6801/1861123787] conn(0x7f620402fdc0 msgr2=0x7f6204032280 secure :-1 s=STATE_CONNECTION_ESTABLISHED l=1).mark_down
2023-11-30T21:46:00.208 INFO:teuthology.orchestra.run.smithi045.stderr:/usr/bin/ceph:
2023-11-30T21:46:00.205+0000 7f62292e5700 1 --2- 172.21.15.45:0/2668220137 >> [v2:172.21.15.45:6800/1861123787,v1:172.21.15.45:6801/1861123787] conn(0x7f620402fdc0 0x7f6204032280 secure :-1 s=READY pgs=6 cs=0 l=1 rev1=1 rx=0x7f620c0096a0 tx=0x7f620c006b40).stop
2023-11-30T21:46:00.209 INFO:teuthology.orchestra.run.smithi045.stderr:/usr/bin/ceph:
2023-11-30T21:46:00.205+0000 7f62292e5700 1 -- 172.21.15.45:0/2668220137 >> [v2:172.21.15.45:3300/0,v1:172.21.15.45:6789/0] conn(0x7f62240fab80 msgr2=0x7f622410cb80 secure :-1 s=STATE_CONNECTION_ESTABLISHED l=1).mark_down
2023-11-30T21:46:00.209 INFO:teuthology.orchestra.run.smithi045.stderr:/usr/bin/ceph:
2023-11-30T21:46:00.205+0000 7f62292e5700 1 --2- 172.21.15.45:0/2668220137 >> [v2:172.21.15.45:3300/0,v1:172.21.15.45:6789/0] conn(0x7f62240fab80 0x7f622410cb80 secure :-1 s=READY pgs=82 cs=0 l=1 rev1=1 rx=0x7f6214006800 tx=0x7f6214006f70).stop
2023-11-30T21:46:00.209 INFO:teuthology.orchestra.run.smithi045.stderr:/usr/bin/ceph:
2023-11-30T21:46:00.205+0000 7f62292e5700 1 -- 172.21.15.45:0/2668220137 shutdown_connections
2023-11-30T21:46:00.209 INFO:teuthology.orchestra.run.smithi045.stderr:/usr/bin/ceph:
2023-11-30T21:46:00.205+0000 7f62292e5700 1 --2- 172.21.15.45:0/2668220137 >> [v2:172.21.15.45:6800/1861123787,v1:172.21.15.45:6801/1861123787] conn(0x7f620402fdc0 0x7f6204032280 unknown :-1 s=CLOSED pgs=6 cs=0 l=1 rev1=1 rx=0 tx=0).stop
2023-11-30T21:46:00.209 INFO:teuthology.orchestra.run.smithi045.stderr:/usr/bin/ceph:
2023-11-30T21:46:00.205+0000 7f62292e5700 1 --2- 172.21.15.45:0/2668220137 >> [v2:172.21.15.45:3300/0,v1:172.21.15.45:6789/0] conn(0x7f62240fab80 0x7f622410cb80 unknown :-1 s=CLOSED pgs=82 cs=0 l=1 rev1=1 rx=0 tx=0).stop
2023-11-30T21:46:00.210 INFO:teuthology.orchestra.run.smithi045.stderr:/usr/bin/ceph:
2023-11-30T21:46:00.205+0000 7f62292e5700 1 -- 172.21.15.45:0/2668220137 >> 172.21.15.45:0/2668220137 conn(0x7f62240f63c0 msgr2=0x7f62240ff910 unknown :-1 s=STATE_NONE l=0).mark_down
2023-11-30T21:46:00.210 INFO:teuthology.orchestra.run.smithi045.stderr:/usr/bin/ceph:
2023-11-30T21:46:00.205+0000 7f62292e5700 1 -- 172.21.15.45:0/2668220137 shutdown_connections
2023-11-30T21:46:00.210 INFO:teuthology.orchestra.run.smithi045.stderr:/usr/bin/ceph:
2023-11-30T21:46:00.205+0000 7f62292e5700 1 -- 172.21.15.45:0/2668220137 wait complete.
2023-11-30T21:46:00.469 INFO:journalctl@ceph.mon.smithi045.smithi045.stdout:Nov 30 21:46:00 smithi045 ceph-a7a56f36-8fc9-11ee-95a2-87774f69a715-mon.smithi045[111737]: audit
2023-11-30T21:45:59.207011+0000 mgr.smithi045.zhejsa (mgr.14164) 1 : audit [DBG] from='client.14168 -' entity='client.admin' cmd=[{"prefix": "get_command_descriptions"}]: dispatch
2023-11-30T21:46:00.469 INFO:journalctl@ceph.mon.smithi045.smithi045.stdout:Nov 30 21:46:00 smithi045 ceph-a7a56f36-8fc9-11ee-95a2-87774f69a715-mon.smithi045[111737]: cluster
2023-11-30T21:45:59.207937+0000 mon.smithi045 (mon.0) 103 : cluster [DBG] mgrmap e15: smithi045.zhejsa(active, since 1.67268s)
2023-11-30T21:46:00.469 INFO:journalctl@ceph.mon.smithi045.smithi045.stdout:Nov 30 21:46:00 smithi045 ceph-a7a56f36-8fc9-11ee-95a2-87774f69a715-mon.smithi045[111737]: audit
2023-11-30T21:45:59.214345+0000 mgr.smithi045.zhejsa (mgr.14164) 2 : audit [DBG] from='client.14168 -' entity='client.admin' cmd=[{"prefix": "mgr_status"}]: dispatch
2023-11-30T21:46:00.469 INFO:journalctl@ceph.mon.smithi045.smithi045.stdout:Nov 30 21:46:00 smithi045 ceph-a7a56f36-8fc9-11ee-95a2-87774f69a715-mon.smithi045[111737]: audit
2023-11-30T21:46:00.201403+0000 mon.smithi045 (mon.0) 104 : audit [INF] from='mgr.14164 172.21.15.45:0/1660465178' entity='mgr.smithi045.zhejsa'
2023-11-30T21:46:00.469 INFO:journalctl@ceph.mon.smithi045.smithi045.stdout:Nov 30 21:46:00 smithi045 ceph-a7a56f36-8fc9-11ee-95a2-87774f69a715-mon.smithi045[111737]: audit
2023-11-30T21:46:00.203292+0000 mon.smithi045 (mon.0) 105 : audit [INF] from='mgr.14164 172.21.15.45:0/1660465178' entity='mgr.smithi045.zhejsa'
2023-11-30T21:46:00.612 INFO:teuthology.orchestra.run.smithi045.stderr:Creating initial admin user...
2023-11-30T21:46:00.613 INFO:teuthology.orchestra.run.smithi045.stderr:Running command: /bin/podman run --rm --ipc=host --no-hosts --net=host --entrypoint /usr/bin/ceph --init -e CONTAINER_IMAGE=docker.io/ceph/ceph:v16.2.4 -e NODE_NAME=smithi045 -e CEPH_USE_RANDOM_NONCE=1 -v /var/log/ceph/a7a56f36-8fc9-11ee-95a2-87774f69a715:/var/log/ceph:z -v /tmp/ceph-tmp9x21gudh:/etc/ceph/ceph.client.admin.keyring:z -v /tmp/ceph-tmpxowax9az:/etc/ceph/ceph.conf:z -v /tmp/ceph-tmp4vov_jdf:/tmp/dashboard.pw:z docker.io/ceph/ceph:v16.2.4 dashboard ac-user-create admin -i /tmp/dashboard.pw administrator --force-password --pwd-update-required
2023-11-30T21:46:01.459 INFO:journalctl@ceph.mon.smithi045.smithi045.stdout:Nov 30 21:46:01 smithi045 ceph-a7a56f36-8fc9-11ee-95a2-87774f69a715-mon.smithi045[111737]: audit
