2023-11-30T21:45:38.482+0000 7f2fc2c0d700 1 -- 172.21.15.45:0/608607270 shutdown_connections
2023-11-30T21:45:38.486 INFO:teuthology.orchestra.run.smithi045.stderr:/usr/bin/ceph:
2023-11-30T21:45:38.482+0000 7f2fc2c0d700 1 -- 172.21.15.45:0/608607270 wait complete.
2023-11-30T21:45:38.486 INFO:teuthology.orchestra.run.smithi045.stderr:/usr/bin/ceph:
2023-11-30T21:45:38.482+0000 7f2fc2c0d700 1 Processor -- start
2023-11-30T21:45:38.486 INFO:teuthology.orchestra.run.smithi045.stderr:/usr/bin/ceph:
2023-11-30T21:45:38.482+0000 7f2fc2c0d700 1 -- start start
2023-11-30T21:45:38.486 INFO:teuthology.orchestra.run.smithi045.stderr:/usr/bin/ceph:
2023-11-30T21:45:38.483+0000 7f2fc2c0d700 1 --2- >> [v2:172.21.15.45:3300/0,v1:172.21.15.45:6789/0] conn(0x7f2fbc070430 0x7f2fbc10cbe0 unknown :-1 s=NONE pgs=0 cs=0 l=1 rev1=0 rx=0 tx=0).connect
2023-11-30T21:45:38.486 INFO:teuthology.orchestra.run.smithi045.stderr:/usr/bin/ceph:
2023-11-30T21:45:38.483+0000 7f2fc2c0d700 1 -- --> [v2:172.21.15.45:3300/0,v1:172.21.15.45:6789/0] -- mon_getmap magic: 0 v1 -- 0x7f2fbc10d0d0 con 0x7f2fbc070430
2023-11-30T21:45:38.487 INFO:teuthology.orchestra.run.smithi045.stderr:/usr/bin/ceph:
2023-11-30T21:45:38.483+0000 7f2fc09a9700 1 --2- >> [v2:172.21.15.45:3300/0,v1:172.21.15.45:6789/0] conn(0x7f2fbc070430 0x7f2fbc10cbe0 unknown :-1 s=BANNER_CONNECTING pgs=0 cs=0 l=1 rev1=0 rx=0 tx=0)._handle_peer_banner_payload supported=1 required=0
2023-11-30T21:45:38.487 INFO:teuthology.orchestra.run.smithi045.stderr:/usr/bin/ceph:
2023-11-30T21:45:38.483+0000 7f2fc09a9700 1 --2- >> [v2:172.21.15.45:3300/0,v1:172.21.15.45:6789/0] conn(0x7f2fbc070430 0x7f2fbc10cbe0 unknown :-1 s=HELLO_CONNECTING pgs=0 cs=0 l=1 rev1=1 rx=0 tx=0).handle_hello peer v2:172.21.15.45:3300/0 says I am v2:172.21.15.45:33258/0 (socket says 172.21.15.45:33258)
2023-11-30T21:45:38.487 INFO:teuthology.orchestra.run.smithi045.stderr:/usr/bin/ceph:
2023-11-30T21:45:38.483+0000 7f2fc09a9700 1 -- 172.21.15.45:0/2150176952 learned_addr learned my addr 172.21.15.45:0/2150176952 (peer_addr_for_me v2:172.21.15.45:0/0)
2023-11-30T21:45:38.487 INFO:teuthology.orchestra.run.smithi045.stderr:/usr/bin/ceph:
2023-11-30T21:45:38.483+0000 7f2fc09a9700 1 -- 172.21.15.45:0/2150176952 --> [v2:172.21.15.45:3300/0,v1:172.21.15.45:6789/0] -- mon_subscribe({config=0+,monmap=0+}) v3 -- 0x7f2fb000b200 con 0x7f2fbc070430
2023-11-30T21:45:38.487 INFO:teuthology.orchestra.run.smithi045.stderr:/usr/bin/ceph:
2023-11-30T21:45:38.483+0000 7f2fc09a9700 1 --2- 172.21.15.45:0/2150176952 >> [v2:172.21.15.45:3300/0,v1:172.21.15.45:6789/0] conn(0x7f2fbc070430 0x7f2fbc10cbe0 secure :-1 s=READY pgs=48 cs=0 l=1 rev1=1 rx=0x7f2fb000b190 tx=0x7f2fb0006ee0).ready entity=mon.0 client_cookie=0 server_cookie=0 in_seq=0 out_seq=0
2023-11-30T21:45:38.487 INFO:teuthology.orchestra.run.smithi045.stderr:/usr/bin/ceph:
2023-11-30T21:45:38.484+0000 7f2fb97fa700 1 -- 172.21.15.45:0/2150176952 <== mon.0 v2:172.21.15.45:3300/0 1 ==== mon_map magic: 0 v1 ==== 229+0+0 (secure 0 0 0) 0x7f2fb001b410 con 0x7f2fbc070430
2023-11-30T21:45:38.487 INFO:teuthology.orchestra.run.smithi045.stderr:/usr/bin/ceph:
2023-11-30T21:45:38.484+0000 7f2fc2c0d700 1 -- 172.21.15.45:0/2150176952 --> [v2:172.21.15.45:3300/0,v1:172.21.15.45:6789/0] -- mon_subscribe({mgrmap=0+}) v3 -- 0x7f2fbc10d2d0 con 0x7f2fbc070430
2023-11-30T21:45:38.487 INFO:teuthology.orchestra.run.smithi045.stderr:/usr/bin/ceph:
2023-11-30T21:45:38.484+0000 7f2fb97fa700 1 -- 172.21.15.45:0/2150176952 <== mon.0 v2:172.21.15.45:3300/0 2 ==== config(25 keys) v1 ==== 1010+0+0 (secure 0 0 0) 0x7f2fb001b9e0 con 0x7f2fbc070430
2023-11-30T21:45:38.487 INFO:teuthology.orchestra.run.smithi045.stderr:/usr/bin/ceph:
2023-11-30T21:45:38.484+0000 7f2fb97fa700 1 -- 172.21.15.45:0/2150176952 <== mon.0 v2:172.21.15.45:3300/0 3 ==== mon_map magic: 0 v1 ==== 229+0+0 (secure 0 0 0) 0x7f2fb001a880 con 0x7f2fbc070430
2023-11-30T21:45:38.487 INFO:teuthology.orchestra.run.smithi045.stderr:/usr/bin/ceph:
2023-11-30T21:45:38.484+0000 7f2fc2c0d700 1 -- 172.21.15.45:0/2150176952 --> [v2:172.21.15.45:3300/0,v1:172.21.15.45:6789/0] -- mon_subscribe({osdmap=0}) v3 -- 0x7f2fbc10d6e0 con 0x7f2fbc070430
2023-11-30T21:45:38.488 INFO:teuthology.orchestra.run.smithi045.stderr:/usr/bin/ceph:
2023-11-30T21:45:38.485+0000 7f2fb97fa700 1 -- 172.21.15.45:0/2150176952 <== mon.0 v2:172.21.15.45:3300/0 4 ==== mgrmap(e 8) v1 ==== 36120+0+0 (secure 0 0 0) 0x7f2fb000f070 con 0x7f2fbc070430
2023-11-30T21:45:38.488 INFO:teuthology.orchestra.run.smithi045.stderr:/usr/bin/ceph:
2023-11-30T21:45:38.485+0000 7f2fb97fa700 1 --2- 172.21.15.45:0/2150176952 >> [v2:172.21.15.45:6800/1633533746,v1:172.21.15.45:6801/1633533746] conn(0x7f2fa002fdb0 0x7f2fa0032270 unknown :-1 s=NONE pgs=0 cs=0 l=1 rev1=0 rx=0 tx=0).connect
2023-11-30T21:45:38.488 INFO:teuthology.orchestra.run.smithi045.stderr:/usr/bin/ceph:
2023-11-30T21:45:38.485+0000 7f2fb97fa700 1 -- 172.21.15.45:0/2150176952 <== mon.0 v2:172.21.15.45:3300/0 5 ==== osd_map(2..2 src has 1..2) v4 ==== 926+0+0 (secure 0 0 0) 0x7f2fb0041210 con 0x7f2fbc070430
2023-11-30T21:45:38.488 INFO:teuthology.orchestra.run.smithi045.stderr:/usr/bin/ceph:
2023-11-30T21:45:38.485+0000 7f2fbbfff700 1 --2- 172.21.15.45:0/2150176952 >> [v2:172.21.15.45:6800/1633533746,v1:172.21.15.45:6801/1633533746] conn(0x7f2fa002fdb0 0x7f2fa0032270 unknown :-1 s=BANNER_CONNECTING pgs=0 cs=0 l=1 rev1=0 rx=0 tx=0)._handle_peer_banner_payload supported=1 required=0
2023-11-30T21:45:38.488 INFO:teuthology.orchestra.run.smithi045.stderr:/usr/bin/ceph:
2023-11-30T21:45:38.485+0000 7f2fc2c0d700 1 -- 172.21.15.45:0/2150176952 --> [v2:172.21.15.45:3300/0,v1:172.21.15.45:6789/0] -- mon_command({"prefix": "get_command_descriptions"} v 0) v1 -- 0x7f2fbc059100 con 0x7f2fbc070430
2023-11-30T21:45:38.488 INFO:teuthology.orchestra.run.smithi045.stderr:/usr/bin/ceph:
2023-11-30T21:45:38.486+0000 7f2fbbfff700 1 --2- 172.21.15.45:0/2150176952 >> [v2:172.21.15.45:6800/1633533746,v1:172.21.15.45:6801/1633533746] conn(0x7f2fa002fdb0 0x7f2fa0032270 secure :-1 s=READY pgs=14 cs=0 l=1 rev1=1 rx=0x7f2fa80096a0 tx=0x7f2fa8006b40).ready entity=mgr.14116 client_cookie=0 server_cookie=0 in_seq=0 out_seq=0
2023-11-30T21:45:38.490 INFO:teuthology.orchestra.run.smithi045.stderr:/usr/bin/ceph:
2023-11-30T21:45:38.490+0000 7f2fb97fa700 1 -- 172.21.15.45:0/2150176952 <== mon.0 v2:172.21.15.45:3300/0 6 ==== mon_command_ack([{"prefix": "get_command_descriptions"}]=0 v0) v1 ==== 72+0+152212 (secure 0 0 0) 0x7f2fb0016070 con 0x7f2fbc070430
2023-11-30T21:45:38.494 INFO:journalctl@ceph.mon.smithi045.smithi045.stdout:Nov 30 21:45:38 smithi045 ceph-a7a56f36-8fc9-11ee-95a2-87774f69a715-mon.smithi045[111737]: audit
2023-11-30T21:45:36.742632+0000 mgr.smithi045.zhejsa (mgr.14116) 12 : audit [DBG] from='client.14138 -' entity='client.admin' cmd=[{"prefix": "orch apply", "service_type": "mgr", "target": ["mon-mgr", ""]}]: dispatch
2023-11-30T21:45:38.494 INFO:journalctl@ceph.mon.smithi045.smithi045.stdout:Nov 30 21:45:38 smithi045 ceph-a7a56f36-8fc9-11ee-95a2-87774f69a715-mon.smithi045[111737]: cephadm
2023-11-30T21:45:36.743199+0000 mgr.smithi045.zhejsa (mgr.14116) 13 : cephadm [INF] Saving service mgr spec with placement count:2
2023-11-30T21:45:38.494 INFO:journalctl@ceph.mon.smithi045.smithi045.stdout:Nov 30 21:45:38 smithi045 ceph-a7a56f36-8fc9-11ee-95a2-87774f69a715-mon.smithi045[111737]: audit
2023-11-30T21:45:37.730886+0000 mon.smithi045 (mon.0) 59 : audit [INF] from='mgr.14116 172.21.15.45:0/4209081885' entity='mgr.smithi045.zhejsa'
2023-11-30T21:45:38.696 INFO:teuthology.orchestra.run.smithi045.stderr:/usr/bin/ceph:
2023-11-30T21:45:38.695+0000 7f2fc2c0d700 1 -- 172.21.15.45:0/2150176952 --> [v2:172.21.15.45:3300/0,v1:172.21.15.45:6789/0] -- mon_command({"prefix": "mgr module enable", "module": "prometheus"} v 0) v1 -- 0x7f2fbc0ffb90 con 0x7f2fbc070430
2023-11-30T21:45:39.213 INFO:teuthology.orchestra.run.smithi045.stderr:/usr/bin/ceph:
2023-11-30T21:45:39.212+0000 7f2fb97fa700 1 -- 172.21.15.45:0/2150176952 <== mon.0 v2:172.21.15.45:3300/0 7 ==== mgrmap(e 9) v1 ==== 36134+0+0 (secure 0 0 0) 0x7f2fb0022d80 con 0x7f2fbc070430
2023-11-30T21:45:39.215 INFO:teuthology.orchestra.run.smithi045.stderr:/usr/bin/ceph:
2023-11-30T21:45:39.213+0000 7f2fb97fa700 1 -- 172.21.15.45:0/2150176952 <== mon.0 v2:172.21.15.45:3300/0 8 ==== mon_command_ack([{"prefix": "mgr module enable", "module": "prometheus"}]=0 v9) v1 ==== 89+0+0 (secure 0 0 0) 0x7f2fb0019950 con 0x7f2fbc070430
2023-11-30T21:45:39.217 INFO:teuthology.orchestra.run.smithi045.stderr:/usr/bin/ceph:
2023-11-30T21:45:39.216+0000 7f2fc2c0d700 1 -- 172.21.15.45:0/2150176952 >> [v2:172.21.15.45:6800/1633533746,v1:172.21.15.45:6801/1633533746] conn(0x7f2fa002fdb0 msgr2=0x7f2fa0032270 secure :-1 s=STATE_CONNECTION_ESTABLISHED l=1).mark_down
2023-11-30T21:45:39.217 INFO:teuthology.orchestra.run.smithi045.stderr:/usr/bin/ceph:
2023-11-30T21:45:39.216+0000 7f2fc2c0d700 1 --2- 172.21.15.45:0/2150176952 >> [v2:172.21.15.45:6800/1633533746,v1:172.21.15.45:6801/1633533746] conn(0x7f2fa002fdb0 0x7f2fa0032270 secure :-1 s=READY pgs=14 cs=0 l=1 rev1=1 rx=0x7f2fa80096a0 tx=0x7f2fa8006b40).stop
2023-11-30T21:45:39.218 INFO:teuthology.orchestra.run.smithi045.stderr:/usr/bin/ceph:
2023-11-30T21:45:39.216+0000 7f2fc2c0d700 1 -- 172.21.15.45:0/2150176952 >> [v2:172.21.15.45:3300/0,v1:172.21.15.45:6789/0] conn(0x7f2fbc070430 msgr2=0x7f2fbc10cbe0 secure :-1 s=STATE_CONNECTION_ESTABLISHED l=1).mark_down
2023-11-30T21:45:39.219 INFO:teuthology.orchestra.run.smithi045.stderr:/usr/bin/ceph:
2023-11-30T21:45:39.216+0000 7f2fc2c0d700 1 --2- 172.21.15.45:0/2150176952 >> [v2:172.21.15.45:3300/0,v1:172.21.15.45:6789/0] conn(0x7f2fbc070430 0x7f2fbc10cbe0 secure :-1 s=READY pgs=48 cs=0 l=1 rev1=1 rx=0x7f2fb000b190 tx=0x7f2fb0006ee0).stop
2023-11-30T21:45:39.219 INFO:teuthology.orchestra.run.smithi045.stderr:/usr/bin/ceph:
2023-11-30T21:45:39.216+0000 7f2fc2c0d700 1 -- 172.21.15.45:0/2150176952 shutdown_connections
2023-11-30T21:45:39.219 INFO:teuthology.orchestra.run.smithi045.stderr:/usr/bin/ceph:
2023-11-30T21:45:39.216+0000 7f2fc2c0d700 1 --2- 172.21.15.45:0/2150176952 >> [v2:172.21.15.45:6800/1633533746,v1:172.21.15.45:6801/1633533746] conn(0x7f2fa002fdb0 0x7f2fa0032270 unknown :-1 s=CLOSED pgs=14 cs=0 l=1 rev1=1 rx=0 tx=0).stop
2023-11-30T21:45:39.219 INFO:teuthology.orchestra.run.smithi045.stderr:/usr/bin/ceph:
2023-11-30T21:45:39.216+0000 7f2fc2c0d700 1 --2- 172.21.15.45:0/2150176952 >> [v2:172.21.15.45:3300/0,v1:172.21.15.45:6789/0] conn(0x7f2fbc070430 0x7f2fbc10cbe0 unknown :-1 s=CLOSED pgs=48 cs=0 l=1 rev1=1 rx=0 tx=0).stop
2023-11-30T21:45:39.219 INFO:teuthology.orchestra.run.smithi045.stderr:/usr/bin/ceph:
2023-11-30T21:45:39.216+0000 7f2fc2c0d700 1 -- 172.21.15.45:0/2150176952 >> 172.21.15.45:0/2150176952 conn(0x7f2fbc0f63c0 msgr2=0x7f2fbc0f7ea0 unknown :-1 s=STATE_NONE l=0).mark_down
2023-11-30T21:45:39.219 INFO:teuthology.orchestra.run.smithi045.stderr:/usr/bin/ceph:
2023-11-30T21:45:39.216+0000 7f2fc2c0d700 1 -- 172.21.15.45:0/2150176952 shutdown_connections
2023-11-30T21:45:39.220 INFO:teuthology.orchestra.run.smithi045.stderr:/usr/bin/ceph:
2023-11-30T21:45:39.216+0000 7f2fc2c0d700 1 -- 172.21.15.45:0/2150176952 wait complete.
2023-11-30T21:45:39.494 INFO:journalctl@ceph.mon.smithi045.smithi045.stdout:Nov 30 21:45:39 smithi045 ceph-a7a56f36-8fc9-11ee-95a2-87774f69a715-mon.smithi045[111737]: audit
2023-11-30T21:45:37.727794+0000 mgr.smithi045.zhejsa (mgr.14116) 14 : audit [DBG] from='client.14140 -' entity='client.admin' cmd=[{"prefix": "orch apply", "service_type": "crash", "target": ["mon-mgr", ""]}]: dispatch
2023-11-30T21:45:39.494 INFO:journalctl@ceph.mon.smithi045.smithi045.stdout:Nov 30 21:45:39 smithi045 ceph-a7a56f36-8fc9-11ee-95a2-87774f69a715-mon.smithi045[111737]: cephadm
2023-11-30T21:45:37.728540+0000 mgr.smithi045.zhejsa (mgr.14116) 15 : cephadm [INF] Saving service crash spec with placement *
2023-11-30T21:45:39.495 INFO:journalctl@ceph.mon.smithi045.smithi045.stdout:Nov 30 21:45:39 smithi045 ceph-a7a56f36-8fc9-11ee-95a2-87774f69a715-mon.smithi045[111737]: audit
2023-11-30T21:45:38.696720+0000 mon.smithi045 (mon.0) 60 : audit [INF] from='client.? 172.21.15.45:0/2150176952' entity='client.admin' cmd=[{"prefix": "mgr module enable", "module": "prometheus"}]: dispatch
2023-11-30T21:45:39.581 INFO:teuthology.orchestra.run.smithi045.stderr:Deploying prometheus service with default placement...
2023-11-30T21:45:39.581 INFO:teuthology.orchestra.run.smithi045.stderr:Running command: /bin/podman run --rm --ipc=host --no-hosts --net=host --entrypoint /usr/bin/ceph --init -e CONTAINER_IMAGE=docker.io/ceph/ceph:v16.2.4 -e NODE_NAME=smithi045 -e CEPH_USE_RANDOM_NONCE=1 -v /var/log/ceph/a7a56f36-8fc9-11ee-95a2-87774f69a715:/var/log/ceph:z -v /tmp/ceph-tmp9x21gudh:/etc/ceph/ceph.client.admin.keyring:z -v /tmp/ceph-tmpxowax9az:/etc/ceph/ceph.conf:z docker.io/ceph/ceph:v16.2.4 orch apply prometheus
2023-11-30T21:45:40.006 INFO:teuthology.orchestra.run.smithi045.stderr:/usr/bin/ceph:
2023-11-30T21:45:40.004+0000 7f7b8759e700 1 Processor -- start
2023-11-30T21:45:40.007 INFO:teuthology.orchestra.run.smithi045.stderr:/usr/bin/ceph:
2023-11-30T21:45:40.004+0000 7f7b8759e700 1 -- start start
2023-11-30T21:45:40.007 INFO:teuthology.orchestra.run.smithi045.stderr:/usr/bin/ceph:
2023-11-30T21:45:40.004+0000 7f7b8759e700 1 --2- >> [v2:172.21.15.45:3300/0,v1:172.21.15.45:6789/0] conn(0x7f7b88070430 0x7f7b880fe730 unknown :-1 s=NONE pgs=0 cs=0 l=0 rev1=0 rx=0 tx=0).connect
2023-11-30T21:45:40.007 INFO:teuthology.orchestra.run.smithi045.stderr:/usr/bin/ceph:
2023-11-30T21:45:40.004+0000 7f7b8759e700 1 -- --> [v2:172.21.15.45:3300/0,v1:172.21.15.45:6789/0] -- mon_getmap magic: 0 v1 -- 0x7f7b880fec20 con 0x7f7b88070430
2023-11-30T21:45:40.007 INFO:teuthology.orchestra.run.smithi045.stderr:/usr/bin/ceph:
2023-11-30T21:45:40.004+0000 7f7b8659c700 1 --2- >> [v2:172.21.15.45:3300/0,v1:172.21.15.45:6789/0] conn(0x7f7b88070430 0x7f7b880fe730 unknown :-1 s=BANNER_CONNECTING pgs=0 cs=0 l=0 rev1=0 rx=0 tx=0)._handle_peer_banner_payload supported=1 required=0
2023-11-30T21:45:40.007 INFO:teuthology.orchestra.run.smithi045.stderr:/usr/bin/ceph:
2023-11-30T21:45:40.005+0000 7f7b8659c700 1 --2- >> [v2:172.21.15.45:3300/0,v1:172.21.15.45:6789/0] conn(0x7f7b88070430 0x7f7b880fe730 unknown :-1 s=HELLO_CONNECTING pgs=0 cs=0 l=0 rev1=1 rx=0 tx=0).handle_hello peer v2:172.21.15.45:3300/0 says I am v2:172.21.15.45:56820/0 (socket says 172.21.15.45:56820)
2023-11-30T21:45:40.007 INFO:teuthology.orchestra.run.smithi045.stderr:/usr/bin/ceph:
2023-11-30T21:45:40.005+0000 7f7b8659c700 1 -- 172.21.15.45:0/2400349229 learned_addr learned my addr 172.21.15.45:0/2400349229 (peer_addr_for_me v2:172.21.15.45:0/0)
2023-11-30T21:45:40.007 INFO:teuthology.orchestra.run.smithi045.stderr:/usr/bin/ceph:
2023-11-30T21:45:40.005+0000 7f7b8659c700 1 -- 172.21.15.45:0/2400349229 --> [v2:172.21.15.45:3300/0,v1:172.21.15.45:6789/0] -- mon_subscribe({config=0+,monmap=0+}) v3 -- 0x7f7b880fed60 con 0x7f7b88070430
2023-11-30T21:45:40.007 INFO:teuthology.orchestra.run.smithi045.stderr:/usr/bin/ceph:
2023-11-30T21:45:40.005+0000 7f7b8659c700 1 --2- 172.21.15.45:0/2400349229 >> [v2:172.21.15.45:3300/0,v1:172.21.15.45:6789/0] conn(0x7f7b88070430 0x7f7b880fe730 secure :-1 s=READY pgs=51 cs=0 l=1 rev1=1 rx=0x7f7b7800b5f0 tx=0x7f7b78006ee0).ready entity=mon.0 client_cookie=a143cfd0d0f47660 server_cookie=0 in_seq=0 out_seq=0
2023-11-30T21:45:40.007 INFO:teuthology.orchestra.run.smithi045.stderr:/usr/bin/ceph:
2023-11-30T21:45:40.005+0000 7f7b8559a700 1 -- 172.21.15.45:0/2400349229 <== mon.0 v2:172.21.15.45:3300/0 1 ==== mon_map magic: 0 v1 ==== 229+0+0 (secure 0 0 0) 0x7f7b7800d600 con 0x7f7b88070430
2023-11-30T21:45:40.007 INFO:teuthology.orchestra.run.smithi045.stderr:/usr/bin/ceph:
2023-11-30T21:45:40.005+0000 7f7b8559a700 1 -- 172.21.15.45:0/2400349229 <== mon.0 v2:172.21.15.45:3300/0 2 ==== config(25 keys) v1 ==== 1010+0+0 (secure 0 0 0) 0x7f7b7800dbd0 con 0x7f7b88070430
2023-11-30T21:45:40.007 INFO:teuthology.orchestra.run.smithi045.stderr:/usr/bin/ceph:
2023-11-30T21:45:40.005+0000 7f7b8559a700 1 -- 172.21.15.45:0/2400349229 <== mon.0 v2:172.21.15.45:3300/0 3 ==== mon_map magic: 0 v1 ==== 229+0+0 (secure 0 0 0) 0x7f7b78011c00 con 0x7f7b88070430
2023-11-30T21:45:40.010 INFO:teuthology.orchestra.run.smithi045.stderr:/usr/bin/ceph:
2023-11-30T21:45:40.006+0000 7f7b8759e700 1 -- 172.21.15.45:0/2400349229 >> [v2:172.21.15.45:3300/0,v1:172.21.15.45:6789/0] conn(0x7f7b88070430 msgr2=0x7f7b880fe730 secure :-1 s=STATE_CONNECTION_ESTABLISHED l=1).mark_down
2023-11-30T21:45:40.010 INFO:teuthology.orchestra.run.smithi045.stderr:/usr/bin/ceph:
2023-11-30T21:45:40.006+0000 7f7b8759e700 1 --2- 172.21.15.45:0/2400349229 >> [v2:172.21.15.45:3300/0,v1:172.21.15.45:6789/0] conn(0x7f7b88070430 0x7f7b880fe730 secure :-1 s=READY pgs=51 cs=0 l=1 rev1=1 rx=0x7f7b7800b5f0 tx=0x7f7b78006ee0).stop
2023-11-30T21:45:40.010 INFO:teuthology.orchestra.run.smithi045.stderr:/usr/bin/ceph:
2023-11-30T21:45:40.006+0000 7f7b8759e700 1 -- 172.21.15.45:0/2400349229 shutdown_connections
2023-11-30T21:45:40.010 INFO:teuthology.orchestra.run.smithi045.stderr:/usr/bin/ceph:
2023-11-30T21:45:40.006+0000 7f7b8759e700 1 --2- 172.21.15.45:0/2400349229 >> [v2:172.21.15.45:3300/0,v1:172.21.15.45:6789/0] conn(0x7f7b88070430 0x7f7b880fe730 unknown :-1 s=CLOSED pgs=51 cs=0 l=1 rev1=1 rx=0 tx=0).stop
2023-11-30T21:45:40.010 INFO:teuthology.orchestra.run.smithi045.stderr:/usr/bin/ceph:
2023-11-30T21:45:40.006+0000 7f7b8759e700 1 -- 172.21.15.45:0/2400349229 >> 172.21.15.45:0/2400349229 conn(0x7f7b880f6210 msgr2=0x7f7b880f8630 unknown :-1 s=STATE_NONE l=0).mark_down
2023-11-30T21:45:40.010 INFO:teuthology.orchestra.run.smithi045.stderr:/usr/bin/ceph:
2023-11-30T21:45:40.006+0000 7f7b8759e700 1 -- 172.21.15.45:0/2400349229 shutdown_connections
2023-11-30T21:45:40.010 INFO:teuthology.orchestra.run.smithi045.stderr:/usr/bin/ceph:
2023-11-30T21:45:40.006+0000 7f7b8759e700 1 -- 172.21.15.45:0/2400349229 wait complete.
2023-11-30T21:45:40.011 INFO:teuthology.orchestra.run.smithi045.stderr:/usr/bin/ceph:
2023-11-30T21:45:40.007+0000 7f7b8759e700 1 Processor -- start
2023-11-30T21:45:40.011 INFO:teuthology.orchestra.run.smithi045.stderr:/usr/bin/ceph:
2023-11-30T21:45:40.007+0000 7f7b8759e700 1 -- start start
2023-11-30T21:45:40.011 INFO:teuthology.orchestra.run.smithi045.stderr:/usr/bin/ceph:
2023-11-30T21:45:40.007+0000 7f7b8759e700 1 --2- >> [v2:172.21.15.45:3300/0,v1:172.21.15.45:6789/0] conn(0x7f7b88070430 0x7f7b8810a830 unknown :-1 s=NONE pgs=0 cs=0 l=1 rev1=0 rx=0 tx=0).connect
2023-11-30T21:45:40.011 INFO:teuthology.orchestra.run.smithi045.stderr:/usr/bin/ceph:
2023-11-30T21:45:40.007+0000 7f7b8759e700 1 -- --> [v2:172.21.15.45:3300/0,v1:172.21.15.45:6789/0] -- mon_getmap magic: 0 v1 -- 0x7f7b8810ad20 con 0x7f7b88070430
2023-11-30T21:45:40.011 INFO:teuthology.orchestra.run.smithi045.stderr:/usr/bin/ceph:
2023-11-30T21:45:40.007+0000 7f7b8659c700 1 --2- >> [v2:172.21.15.45:3300/0,v1:172.21.15.45:6789/0] conn(0x7f7b88070430 0x7f7b8810a830 unknown :-1 s=BANNER_CONNECTING pgs=0 cs=0 l=1 rev1=0 rx=0 tx=0)._handle_peer_banner_payload supported=1 required=0
2023-11-30T21:45:40.011 INFO:teuthology.orchestra.run.smithi045.stderr:/usr/bin/ceph:
2023-11-30T21:45:40.007+0000 7f7b8659c700 1 --2- >> [v2:172.21.15.45:3300/0,v1:172.21.15.45:6789/0] conn(0x7f7b88070430 0x7f7b8810a830 unknown :-1 s=HELLO_CONNECTING pgs=0 cs=0 l=1 rev1=1 rx=0 tx=0).handle_hello peer v2:172.21.15.45:3300/0 says I am v2:172.21.15.45:56836/0 (socket says 172.21.15.45:56836)
2023-11-30T21:45:40.011 INFO:teuthology.orchestra.run.smithi045.stderr:/usr/bin/ceph:
2023-11-30T21:45:40.008+0000 7f7b8659c700 1 -- 172.21.15.45:0/2105972971 learned_addr learned my addr 172.21.15.45:0/2105972971 (peer_addr_for_me v2:172.21.15.45:0/0)
2023-11-30T21:45:40.011 INFO:teuthology.orchestra.run.smithi045.stderr:/usr/bin/ceph:
2023-11-30T21:45:40.008+0000 7f7b8659c700 1 -- 172.21.15.45:0/2105972971 --> [v2:172.21.15.45:3300/0,v1:172.21.15.45:6789/0] -- mon_subscribe({config=0+,monmap=0+}) v3 -- 0x7f7b7800b200 con 0x7f7b88070430
2023-11-30T21:45:40.011 INFO:teuthology.orchestra.run.smithi045.stderr:/usr/bin/ceph:
2023-11-30T21:45:40.008+0000 7f7b8659c700 1 --2- 172.21.15.45:0/2105972971 >> [v2:172.21.15.45:3300/0,v1:172.21.15.45:6789/0] conn(0x7f7b88070430 0x7f7b8810a830 secure :-1 s=READY pgs=52 cs=0 l=1 rev1=1 rx=0x7f7b7800b190 tx=0x7f7b78006ee0).ready entity=mon.0 client_cookie=0 server_cookie=0 in_seq=0 out_seq=0
2023-11-30T21:45:40.011 INFO:teuthology.orchestra.run.smithi045.stderr:/usr/bin/ceph:
2023-11-30T21:45:40.008+0000 7f7b76ffd700 1 -- 172.21.15.45:0/2105972971 <== mon.0 v2:172.21.15.45:3300/0 1 ==== mon_map magic: 0 v1 ==== 229+0+0 (secure 0 0 0) 0x7f7b7801b410 con 0x7f7b88070430
2023-11-30T21:45:40.011 INFO:teuthology.orchestra.run.smithi045.stderr:/usr/bin/ceph:
2023-11-30T21:45:40.008+0000 7f7b76ffd700 1 -- 172.21.15.45:0/2105972971 <== mon.0 v2:172.21.15.45:3300/0 2 ==== config(25 keys) v1 ==== 1010+0+0 (secure 0 0 0) 0x7f7b7801b9e0 con 0x7f7b88070430
2023-11-30T21:45:40.011 INFO:teuthology.orchestra.run.smithi045.stderr:/usr/bin/ceph:
2023-11-30T21:45:40.008+0000 7f7b8759e700 1 -- 172.21.15.45:0/2105972971 --> [v2:172.21.15.45:3300/0,v1:172.21.15.45:6789/0] -- mon_subscribe({mgrmap=0+}) v3 -- 0x7f7b8810af20 con 0x7f7b88070430
2023-11-30T21:45:40.012 INFO:teuthology.orchestra.run.smithi045.stderr:/usr/bin/ceph:
2023-11-30T21:45:40.008+0000 7f7b76ffd700 1 -- 172.21.15.45:0/2105972971 <== mon.0 v2:172.21.15.45:3300/0 3 ==== mon_map magic: 0 v1 ==== 229+0+0 (secure 0 0 0) 0x7f7b7801a880 con 0x7f7b88070430
2023-11-30T21:45:40.012 INFO:teuthology.orchestra.run.smithi045.stderr:/usr/bin/ceph:
2023-11-30T21:45:40.008+0000 7f7b8759e700 1 -- 172.21.15.45:0/2105972971 --> [v2:172.21.15.45:3300/0,v1:172.21.15.45:6789/0] -- mon_subscribe({osdmap=0}) v3 -- 0x7f7b8810b330 con 0x7f7b88070430
2023-11-30T21:45:40.012 INFO:teuthology.orchestra.run.smithi045.stderr:/usr/bin/ceph:
2023-11-30T21:45:40.009+0000 7f7b76ffd700 1 -- 172.21.15.45:0/2105972971 <== mon.0 v2:172.21.15.45:3300/0 4 ==== mgrmap(e 9) v1 ==== 36134+0+0 (secure 0 0 0) 0x7f7b7800f070 con 0x7f7b88070430
2023-11-30T21:45:40.013 INFO:teuthology.orchestra.run.smithi045.stderr:/usr/bin/ceph:
2023-11-30T21:45:40.009+0000 7f7b76ffd700 1 --2- 172.21.15.45:0/2105972971 >> [v2:172.21.15.45:6800/1633533746,v1:172.21.15.45:6801/1633533746] conn(0x7f7b6c02fe00 0x7f7b6c0322c0 unknown :-1 s=NONE pgs=0 cs=0 l=1 rev1=0 rx=0 tx=0).connect
2023-11-30T21:45:40.013 INFO:teuthology.orchestra.run.smithi045.stderr:/usr/bin/ceph:
2023-11-30T21:45:40.010+0000 7f7b76ffd700 1 -- 172.21.15.45:0/2105972971 <== mon.0 v2:172.21.15.45:3300/0 5 ==== osd_map(2..2 src has 1..2) v4 ==== 926+0+0 (secure 0 0 0) 0x7f7b780411f0 con 0x7f7b88070430
2023-11-30T21:45:40.013 INFO:teuthology.orchestra.run.smithi045.stderr:/usr/bin/ceph:
2023-11-30T21:45:40.009+0000 7f7b85d9b700 1 -- 172.21.15.45:0/2105972971 >> [v2:172.21.15.45:6800/1633533746,v1:172.21.15.45:6801/1633533746] conn(0x7f7b6c02fe00 msgr2=0x7f7b6c0322c0 unknown :-1 s=STATE_CONNECTING_RE l=1).process reconnect failed to v2:172.21.15.45:6800/1633533746
2023-11-30T21:45:40.013 INFO:teuthology.orchestra.run.smithi045.stderr:/usr/bin/ceph:
2023-11-30T21:45:40.010+0000 7f7b85d9b700 1 --2- 172.21.15.45:0/2105972971 >> [v2:172.21.15.45:6800/1633533746,v1:172.21.15.45:6801/1633533746] conn(0x7f7b6c02fe00 0x7f7b6c0322c0 unknown :-1 s=START_CONNECT pgs=0 cs=0 l=1 rev1=0 rx=0 tx=0)._fault waiting 0.200000
2023-11-30T21:45:40.013 INFO:teuthology.orchestra.run.smithi045.stderr:/usr/bin/ceph:
2023-11-30T21:45:40.010+0000 7f7b8759e700 1 -- 172.21.15.45:0/2105972971 --> [v2:172.21.15.45:3300/0,v1:172.21.15.45:6789/0] -- mon_command({"prefix": "get_command_descriptions"} v 0) v1 -- 0x7f7b88059100 con 0x7f7b88070430
2023-11-30T21:45:40.015 INFO:teuthology.orchestra.run.smithi045.stderr:/usr/bin/ceph:
2023-11-30T21:45:40.014+0000 7f7b76ffd700 1 -- 172.21.15.45:0/2105972971 <== mon.0 v2:172.21.15.45:3300/0 6 ==== mon_command_ack([{"prefix": "get_command_descriptions"}]=0 v0) v1 ==== 72+0+152212 (secure 0 0 0) 0x7f7b78016070 con 0x7f7b88070430
2023-11-30T21:45:40.212 INFO:teuthology.orchestra.run.smithi045.stderr:/usr/bin/ceph:
2023-11-30T21:45:40.211+0000 7f7b85d9b700 1 -- 172.21.15.45:0/2105972971 >> [v2:172.21.15.45:6800/1633533746,v1:172.21.15.45:6801/1633533746] conn(0x7f7b6c02fe00 msgr2=0x7f7b6c0322c0 unknown :-1 s=STATE_CONNECTING_RE l=1).process reconnect failed to v2:172.21.15.45:6800/1633533746
2023-11-30T21:45:40.212 INFO:teuthology.orchestra.run.smithi045.stderr:/usr/bin/ceph:
2023-11-30T21:45:40.211+0000 7f7b85d9b700 1 --2- 172.21.15.45:0/2105972971 >> [v2:172.21.15.45:6800/1633533746,v1:172.21.15.45:6801/1633533746] conn(0x7f7b6c02fe00 0x7f7b6c0322c0 unknown :-1 s=START_CONNECT pgs=0 cs=0 l=1 rev1=0 rx=0 tx=0)._fault waiting 0.400000
2023-11-30T21:45:40.233 INFO:teuthology.orchestra.run.smithi045.stderr:/usr/bin/ceph:
2023-11-30T21:45:40.232+0000 7f7b8759e700 1 -- 172.21.15.45:0/2105972971 --> [v2:172.21.15.45:6800/1633533746,v1:172.21.15.45:6801/1633533746] -- mgr_command(tid 0: {"prefix": "orch apply", "service_type": "prometheus", "target": ["mon-mgr", ""]}) v1 -- 0x7f7b881046b0 con 0x7f7b6c02fe00
2023-11-30T21:45:40.494 INFO:journalctl@ceph.mon.smithi045.smithi045.stdout:Nov 30 21:45:40 smithi045 ceph-a7a56f36-8fc9-11ee-95a2-87774f69a715-mon.smithi045[111737]: audit
2023-11-30T21:45:39.214518+0000 mon.smithi045 (mon.0) 61 : audit [INF] from='client.? 172.21.15.45:0/2150176952' entity='client.admin' cmd='[{"prefix": "mgr module enable", "module": "prometheus"}]': finished
2023-11-30T21:45:40.494 INFO:journalctl@ceph.mon.smithi045.smithi045.stdout:Nov 30 21:45:40 smithi045 ceph-a7a56f36-8fc9-11ee-95a2-87774f69a715-mon.smithi045[111737]: cluster
2023-11-30T21:45:39.214600+0000 mon.smithi045 (mon.0) 62 : cluster [DBG] mgrmap e9: smithi045.zhejsa(active, since 14s)
2023-11-30T21:45:40.614 INFO:teuthology.orchestra.run.smithi045.stderr:/usr/bin/ceph:
2023-11-30T21:45:40.612+0000 7f7b85d9b700 1 -- 172.21.15.45:0/2105972971 >> [v2:172.21.15.45:6800/1633533746,v1:172.21.15.45:6801/1633533746] conn(0x7f7b6c02fe00 msgr2=0x7f7b6c0322c0 unknown :-1 s=STATE_CONNECTING_RE l=1).process reconnect failed to v2:172.21.15.45:6800/1633533746
2023-11-30T21:45:40.614 INFO:teuthology.orchestra.run.smithi045.stderr:/usr/bin/ceph:
2023-11-30T21:45:40.612+0000 7f7b85d9b700 1 --2- 172.21.15.45:0/2105972971 >> [v2:172.21.15.45:6800/1633533746,v1:172.21.15.45:6801/1633533746] conn(0x7f7b6c02fe00 0x7f7b6c0322c0 unknown :-1 s=START_CONNECT pgs=0 cs=0 l=1 rev1=0 rx=0 tx=0)._fault waiting 0.800000
2023-11-30T21:45:41.414 INFO:teuthology.orchestra.run.smithi045.stderr:/usr/bin/ceph:
2023-11-30T21:45:41.413+0000 7f7b85d9b700 1 -- 172.21.15.45:0/2105972971 >> [v2:172.21.15.45:6800/1633533746,v1:172.21.15.45:6801/1633533746] conn(0x7f7b6c02fe00 msgr2=0x7f7b6c0322c0 unknown :-1 s=STATE_CONNECTING_RE l=1).process reconnect failed to v2:172.21.15.45:6800/1633533746
2023-11-30T21:45:41.414 INFO:teuthology.orchestra.run.smithi045.stderr:/usr/bin/ceph:
2023-11-30T21:45:41.413+0000 7f7b85d9b700 1 --2- 172.21.15.45:0/2105972971 >> [v2:172.21.15.45:6800/1633533746,v1:172.21.15.45:6801/1633533746] conn(0x7f7b6c02fe00 0x7f7b6c0322c0 unknown :-1 s=START_CONNECT pgs=0 cs=0 l=1 rev1=0 rx=0 tx=0)._fault waiting 1.600000
2023-11-30T21:45:43.017 INFO:teuthology.orchestra.run.smithi045.stderr:/usr/bin/ceph:
2023-11-30T21:45:43.014+0000 7f7b85d9b700 1 -- 172.21.15.45:0/2105972971 >> [v2:172.21.15.45:6800/1633533746,v1:172.21.15.45:6801/1633533746] conn(0x7f7b6c02fe00 msgr2=0x7f7b6c0322c0 unknown :-1 s=STATE_CONNECTING_RE l=1).process reconnect failed to v2:172.21.15.45:6800/1633533746
2023-11-30T21:45:43.017 INFO:teuthology.orchestra.run.smithi045.stderr:/usr/bin/ceph:
2023-11-30T21:45:43.014+0000 7f7b85d9b700 1 --2- 172.21.15.45:0/2105972971 >> [v2:172.21.15.45:6800/1633533746,v1:172.21.15.45:6801/1633533746] conn(0x7f7b6c02fe00 0x7f7b6c0322c0 unknown :-1 s=START_CONNECT pgs=0 cs=0 l=1 rev1=0 rx=0 tx=0)._fault waiting 3.200000
2023-11-30T21:45:44.914 INFO:teuthology.orchestra.run.smithi045.stderr:/usr/bin/ceph:
2023-11-30T21:45:44.913+0000 7f7b76ffd700 1 -- 172.21.15.45:0/2105972971 <== mon.0 v2:172.21.15.45:3300/0 7 ==== mgrmap(e 10) v1 ==== 35984+0+0 (secure 0 0 0) 0x7f7b7801b570 con 0x7f7b88070430
2023-11-30T21:45:44.915 INFO:teuthology.orchestra.run.smithi045.stderr:/usr/bin/ceph:
2023-11-30T21:45:44.913+0000 7f7b76ffd700 1 -- 172.21.15.45:0/2105972971 >> [v2:172.21.15.45:6800/1633533746,v1:172.21.15.45:6801/1633533746] conn(0x7f7b6c02fe00 msgr2=0x7f7b6c0322c0 unknown :-1 s=STATE_CONNECTING l=1).mark_down
2023-11-30T21:45:44.915 INFO:teuthology.orchestra.run.smithi045.stderr:/usr/bin/ceph:
2023-11-30T21:45:44.913+0000 7f7b76ffd700 1 --2- 172.21.15.45:0/2105972971 >> [v2:172.21.15.45:6800/1633533746,v1:172.21.15.45:6801/1633533746] conn(0x7f7b6c02fe00 0x7f7b6c0322c0 unknown :-1 s=START_CONNECT pgs=0 cs=0 l=1 rev1=0 rx=0 tx=0).stop
2023-11-30T21:45:45.917 INFO:teuthology.orchestra.run.smithi045.stderr:/usr/bin/ceph:
2023-11-30T21:45:45.914+0000 7f7b76ffd700 1 -- 172.21.15.45:0/2105972971 <== mon.0 v2:172.21.15.45:3300/0 8 ==== mgrmap(e 11) v1 ==== 36054+0+0 (secure 0 0 0) 0x7f7b78043470 con 0x7f7b88070430
2023-11-30T21:45:45.917 INFO:teuthology.orchestra.run.smithi045.stderr:/usr/bin/ceph:
2023-11-30T21:45:45.914+0000 7f7b76ffd700 1 --2- 172.21.15.45:0/2105972971 >> [v2:172.21.15.45:6800/1329398563,v1:172.21.15.45:6801/1329398563] conn(0x7f7b6c033c20 0x7f7b6c036010 unknown :-1 s=NONE pgs=0 cs=0 l=1 rev1=0 rx=0 tx=0).connect
2023-11-30T21:45:45.917 INFO:teuthology.orchestra.run.smithi045.stderr:/usr/bin/ceph:
2023-11-30T21:45:45.914+0000 7f7b76ffd700 1 -- 172.21.15.45:0/2105972971 --> [v2:172.21.15.45:6800/1329398563,v1:172.21.15.45:6801/1329398563] -- mgr_command(tid 0: {"prefix": "orch apply", "service_type": "prometheus", "target": ["mon-mgr", ""]}) v1 -- 0x7f7b881046b0 con 0x7f7b6c033c20
2023-11-30T21:45:45.917 INFO:teuthology.orchestra.run.smithi045.stderr:/usr/bin/ceph:
2023-11-30T21:45:45.915+0000 7f7b85d9b700 1 --2- 172.21.15.45:0/2105972971 >> [v2:172.21.15.45:6800/1329398563,v1:172.21.15.45:6801/1329398563] conn(0x7f7b6c033c20 0x7f7b6c036010 unknown :-1 s=BANNER_CONNECTING pgs=0 cs=0 l=1 rev1=0 rx=0 tx=0)._handle_peer_banner_payload supported=1 required=0
2023-11-30T21:45:45.917 INFO:teuthology.orchestra.run.smithi045.stderr:/usr/bin/ceph:
2023-11-30T21:45:45.916+0000 7f7b85d9b700 1 --2- 172.21.15.45:0/2105972971 >> [v2:172.21.15.45:6800/1329398563,v1:172.21.15.45:6801/1329398563] conn(0x7f7b6c033c20 0x7f7b6c036010 secure :-1 s=READY pgs=1 cs=0 l=1 rev1=1 rx=0x7f7b7c006fd0 tx=0x7f7b7c006d30).ready entity=mgr.14144 client_cookie=0 server_cookie=0 in_seq=0 out_seq=0
2023-11-30T21:45:45.922 INFO:teuthology.orchestra.run.smithi045.stderr:/usr/bin/ceph:
2023-11-30T21:45:45.921+0000 7f7b76ffd700 1 -- 172.21.15.45:0/2105972971 <== mgr.14144 v2:172.21.15.45:6800/1329398563 1 ==== mgr_command_reply(tid 0: 0 ) v1 ==== 8+0+31 (secure 0 0 0) 0x7f7b881046b0 con 0x7f7b6c033c20
2023-11-30T21:45:45.922 INFO:teuthology.orchestra.run.smithi045.stderr:/usr/bin/ceph: Scheduled prometheus update...
2023-11-30T21:45:45.925 INFO:teuthology.orchestra.run.smithi045.stderr:/usr/bin/ceph:
2023-11-30T21:45:45.924+0000 7f7b8759e700 1 -- 172.21.15.45:0/2105972971 >> [v2:172.21.15.45:6800/1329398563,v1:172.21.15.45:6801/1329398563] conn(0x7f7b6c033c20 msgr2=0x7f7b6c036010 secure :-1 s=STATE_CONNECTION_ESTABLISHED l=1).mark_down
2023-11-30T21:45:45.925 INFO:teuthology.orchestra.run.smithi045.stderr:/usr/bin/ceph:
2023-11-30T21:45:45.924+0000 7f7b8759e700 1 --2- 172.21.15.45:0/2105972971 >> [v2:172.21.15.45:6800/1329398563,v1:172.21.15.45:6801/1329398563] conn(0x7f7b6c033c20 0x7f7b6c036010 secure :-1 s=READY pgs=1 cs=0 l=1 rev1=1 rx=0x7f7b7c006fd0 tx=0x7f7b7c006d30).stop
2023-11-30T21:45:45.925 INFO:teuthology.orchestra.run.smithi045.stderr:/usr/bin/ceph:
2023-11-30T21:45:45.924+0000 7f7b8759e700 1 -- 172.21.15.45:0/2105972971 >> [v2:172.21.15.45:3300/0,v1:172.21.15.45:6789/0] conn(0x7f7b88070430 msgr2=0x7f7b8810a830 secure :-1 s=STATE_CONNECTION_ESTABLISHED l=1).mark_down
2023-11-30T21:45:45.925 INFO:teuthology.orchestra.run.smithi045.stderr:/usr/bin/ceph:
2023-11-30T21:45:45.924+0000 7f7b8759e700 1 --2- 172.21.15.45:0/2105972971 >> [v2:172.21.15.45:3300/0,v1:172.21.15.45:6789/0] conn(0x7f7b88070430 0x7f7b8810a830 secure :-1 s=READY pgs=52 cs=0 l=1 rev1=1 rx=0x7f7b7800b190 tx=0x7f7b78006ee0).stop
2023-11-30T21:45:45.925 INFO:teuthology.orchestra.run.smithi045.stderr:/usr/bin/ceph:
2023-11-30T21:45:45.924+0000 7f7b8759e700 1 -- 172.21.15.45:0/2105972971 shutdown_connections
2023-11-30T21:45:45.926 INFO:teuthology.orchestra.run.smithi045.stderr:/usr/bin/ceph:
2023-11-30T21:45:45.924+0000 7f7b8759e700 1 --2- 172.21.15.45:0/2105972971 >> [v2:172.21.15.45:6800/1329398563,v1:172.21.15.45:6801/1329398563] conn(0x7f7b6c033c20 0x7f7b6c036010 unknown :-1 s=CLOSED pgs=1 cs=0 l=1 rev1=1 rx=0 tx=0).stop
2023-11-30T21:45:45.926 INFO:teuthology.orchestra.run.smithi045.stderr:/usr/bin/ceph:
2023-11-30T21:45:45.924+0000 7f7b8759e700 1 --2- 172.21.15.45:0/2105972971 >> [v2:172.21.15.45:3300/0,v1:172.21.15.45:6789/0] conn(0x7f7b88070430 0x7f7b8810a830 unknown :-1 s=CLOSED pgs=52 cs=0 l=1 rev1=1 rx=0 tx=0).stop
2023-11-30T21:45:45.926 INFO:teuthology.orchestra.run.smithi045.stderr:/usr/bin/ceph:
2023-11-30T21:45:45.924+0000 7f7b8759e700 1 --2- 172.21.15.45:0/2105972971 >> [v2:172.21.15.45:6800/1633533746,v1:172.21.15.45:6801/1633533746] conn(0x7f7b6c02fe00 0x7f7b6c0322c0 unknown :-1 s=CLOSED pgs=0 cs=0 l=1 rev1=0 rx=0 tx=0).stop
2023-11-30T21:45:45.927 INFO:teuthology.orchestra.run.smithi045.stderr:/usr/bin/ceph:
2023-11-30T21:45:45.924+0000 7f7b8759e700 1 -- 172.21.15.45:0/2105972971 >> 172.21.15.45:0/2105972971 conn(0x7f7b880f6210 msgr2=0x7f7b880f7cc0 unknown :-1 s=STATE_NONE l=0).mark_down
2023-11-30T21:45:45.927 INFO:teuthology.orchestra.run.smithi045.stderr:/usr/bin/ceph:
2023-11-30T21:45:45.924+0000 7f7b8759e700 1 -- 172.21.15.45:0/2105972971 shutdown_connections
2023-11-30T21:45:45.927 INFO:teuthology.orchestra.run.smithi045.stderr:/usr/bin/ceph:
2023-11-30T21:45:45.924+0000 7f7b8759e700 1 -- 172.21.15.45:0/2105972971 wait complete.
2023-11-30T21:45:46.154 INFO:journalctl@ceph.mon.smithi045.smithi045.stdout:Nov 30 21:45:45 smithi045 ceph-a7a56f36-8fc9-11ee-95a2-87774f69a715-mon.smithi045[111737]: cluster
2023-11-30T21:45:44.861955+0000 mon.smithi045 (mon.0) 63 : cluster [INF] Active manager daemon smithi045.zhejsa restarted
2023-11-30T21:45:46.155 INFO:journalctl@ceph.mon.smithi045.smithi045.stdout:Nov 30 21:45:45 smithi045 ceph-a7a56f36-8fc9-11ee-95a2-87774f69a715-mon.smithi045[111737]: cluster
2023-11-30T21:45:44.862387+0000 mon.smithi045 (mon.0) 64 : cluster [INF] Activating manager daemon smithi045.zhejsa
2023-11-30T21:45:46.155 INFO:journalctl@ceph.mon.smithi045.smithi045.stdout:Nov 30 21:45:45 smithi045 ceph-a7a56f36-8fc9-11ee-95a2-87774f69a715-mon.smithi045[111737]: cluster
2023-11-30T21:45:44.864439+0000 mon.smithi045 (mon.0) 65 : cluster [DBG] osdmap e3: 0 total, 0 up, 0 in
2023-11-30T21:45:46.155 INFO:journalctl@ceph.mon.smithi045.smithi045.stdout:Nov 30 21:45:45 smithi045 ceph-a7a56f36-8fc9-11ee-95a2-87774f69a715-mon.smithi045[111737]: cluster
2023-11-30T21:45:44.914942+0000 mon.smithi045 (mon.0) 66 : cluster [DBG] mgrmap e10: smithi045.zhejsa(active, starting, since 0.0526524s)
2023-11-30T21:45:46.155 INFO:journalctl@ceph.mon.smithi045.smithi045.stdout:Nov 30 21:45:45 smithi045 ceph-a7a56f36-8fc9-11ee-95a2-87774f69a715-mon.smithi045[111737]: audit
2023-11-30T21:45:44.916356+0000 mon.smithi045 (mon.0) 67 : audit [DBG] from='mgr.14144 172.21.15.45:0/4205185831' entity='mgr.smithi045.zhejsa' cmd=[{"prefix": "mon metadata", "id": "smithi045"}]: dispatch
2023-11-30T21:45:46.155 INFO:journalctl@ceph.mon.smithi045.smithi045.stdout:Nov 30 21:45:45 smithi045 ceph-a7a56f36-8fc9-11ee-95a2-87774f69a715-mon.smithi045[111737]: audit
2023-11-30T21:45:44.917025+0000 mon.smithi045 (mon.0) 68 : audit [DBG] from='mgr.14144 172.21.15.45:0/4205185831' entity='mgr.smithi045.zhejsa' cmd=[{"prefix": "mgr metadata", "who": "smithi045.zhejsa", "id": "smithi045.zhejsa"}]: dispatch
2023-11-30T21:45:46.155 INFO:journalctl@ceph.mon.smithi045.smithi045.stdout:Nov 30 21:45:45 smithi045 ceph-a7a56f36-8fc9-11ee-95a2-87774f69a715-mon.smithi045[111737]: audit
2023-11-30T21:45:44.917804+0000 mon.smithi045 (mon.0) 69 : audit [DBG] from='mgr.14144 172.21.15.45:0/4205185831' entity='mgr.smithi045.zhejsa' cmd=[{"prefix": "mds metadata"}]: dispatch
2023-11-30T21:45:46.155 INFO:journalctl@ceph.mon.smithi045.smithi045.stdout:Nov 30 21:45:45 smithi045 ceph-a7a56f36-8fc9-11ee-95a2-87774f69a715-mon.smithi045[111737]: audit
2023-11-30T21:45:44.918018+0000 mon.smithi045 (mon.0) 70 : audit [DBG] from='mgr.14144 172.21.15.45:0/4205185831' entity='mgr.smithi045.zhejsa' cmd=[{"prefix": "osd metadata"}]: dispatch
2023-11-30T21:45:46.155 INFO:journalctl@ceph.mon.smithi045.smithi045.stdout:Nov 30 21:45:45 smithi045 ceph-a7a56f36-8fc9-11ee-95a2-87774f69a715-mon.smithi045[111737]: audit
2023-11-30T21:45:44.918200+0000 mon.smithi045 (mon.0) 71 : audit [DBG] from='mgr.14144 172.21.15.45:0/4205185831' entity='mgr.smithi045.zhejsa' cmd=[{"prefix": "mon metadata"}]: dispatch
2023-11-30T21:45:46.156 INFO:journalctl@ceph.mon.smithi045.smithi045.stdout:Nov 30 21:45:45 smithi045 ceph-a7a56f36-8fc9-11ee-95a2-87774f69a715-mon.smithi045[111737]: cluster
2023-11-30T21:45:44.932518+0000 mon.smithi045 (mon.0) 72 : cluster [INF] Manager daemon smithi045.zhejsa is now available
2023-11-30T21:45:46.156 INFO:journalctl@ceph.mon.smithi045.smithi045.stdout:Nov 30 21:45:45 smithi045 ceph-a7a56f36-8fc9-11ee-95a2-87774f69a715-mon.smithi045[111737]: audit
2023-11-30T21:45:45.046111+0000 mon.smithi045 (mon.0) 73 : audit [DBG] from='mgr.14144 172.21.15.45:0/4205185831' entity='mgr.smithi045.zhejsa' cmd=[{"prefix": "config dump", "format": "json"}]: dispatch
2023-11-30T21:45:46.156 INFO:journalctl@ceph.mon.smithi045.smithi045.stdout:Nov 30 21:45:45 smithi045 ceph-a7a56f36-8fc9-11ee-95a2-87774f69a715-mon.smithi045[111737]: audit
2023-11-30T21:45:45.048216+0000 mon.smithi045 (mon.0) 74 : audit [DBG] from='mgr.14144 172.21.15.45:0/4205185831' entity='mgr.smithi045.zhejsa' cmd=[{"prefix": "config dump", "format": "json"}]: dispatch
2023-11-30T21:45:46.156 INFO:journalctl@ceph.mon.smithi045.smithi045.stdout:Nov 30 21:45:45 smithi045 ceph-a7a56f36-8fc9-11ee-95a2-87774f69a715-mon.smithi045[111737]: audit
2023-11-30T21:45:45.065049+0000 mon.smithi045 (mon.0) 75 : audit [INF] from='mgr.14144 172.21.15.45:0/4205185831' entity='mgr.smithi045.zhejsa' cmd=[{"prefix":"config rm","who":"mgr","name":"mgr/rbd_support/smithi045.zhejsa/mirror_snapshot_schedule"}]: dispatch
2023-11-30T21:45:46.156 INFO:journalctl@ceph.mon.smithi045.smithi045.stdout:Nov 30 21:45:45 smithi045 ceph-a7a56f36-8fc9-11ee-95a2-87774f69a715-mon.smithi045[111737]: audit
2023-11-30T21:45:45.073541+0000 mon.smithi045 (mon.0) 76 : audit [INF] from='mgr.14144 172.21.15.45:0/4205185831' entity='mgr.smithi045.zhejsa' cmd=[{"prefix":"config rm","who":"mgr","name":"mgr/rbd_support/smithi045.zhejsa/trash_purge_schedule"}]: dispatch
2023-11-30T21:45:46.331 INFO:teuthology.orchestra.run.smithi045.stderr:Deploying grafana service with default placement...
2023-11-30T21:45:46.331 INFO:teuthology.orchestra.run.smithi045.stderr:Running command: /bin/podman run --rm --ipc=host --no-hosts --net=host --entrypoint /usr/bin/ceph --init -e CONTAINER_IMAGE=docker.io/ceph/ceph:v16.2.4 -e NODE_NAME=smithi045 -e CEPH_USE_RANDOM_NONCE=1 -v /var/log/ceph/a7a56f36-8fc9-11ee-95a2-87774f69a715:/var/log/ceph:z -v /tmp/ceph-tmp9x21gudh:/etc/ceph/ceph.client.admin.keyring:z -v /tmp/ceph-tmpxowax9az:/etc/ceph/ceph.conf:z docker.io/ceph/ceph:v16.2.4 orch apply grafana
2023-11-30T21:45:46.733 INFO:teuthology.orchestra.run.smithi045.stderr:/usr/bin/ceph:
2023-11-30T21:45:46.731+0000 7ff03759e700 1 Processor -- start
2023-11-30T21:45:46.733 INFO:teuthology.orchestra.run.smithi045.stderr:/usr/bin/ceph:
2023-11-30T21:45:46.731+0000 7ff03759e700 1 -- start start
2023-11-30T21:45:46.733 INFO:teuthology.orchestra.run.smithi045.stderr:/usr/bin/ceph:
2023-11-30T21:45:46.731+0000 7ff03759e700 1 --2- >> [v2:172.21.15.45:3300/0,v1:172.21.15.45:6789/0] conn(0x7ff038070430 0x7ff0380fe730 unknown :-1 s=NONE pgs=0 cs=0 l=0 rev1=0 rx=0 tx=0).connect
2023-11-30T21:45:46.733 INFO:teuthology.orchestra.run.smithi045.stderr:/usr/bin/ceph:
2023-11-30T21:45:46.731+0000 7ff03759e700 1 -- --> [v2:172.21.15.45:3300/0,v1:172.21.15.45:6789/0] -- mon_getmap magic: 0 v1 -- 0x7ff0380fec20 con 0x7ff038070430
2023-11-30T21:45:46.735 INFO:teuthology.orchestra.run.smithi045.stderr:/usr/bin/ceph:
2023-11-30T21:45:46.732+0000 7ff03659c700 1 --2- >> [v2:172.21.15.45:3300/0,v1:172.21.15.45:6789/0] conn(0x7ff038070430 0x7ff0380fe730 unknown :-1 s=BANNER_CONNECTING pgs=0 cs=0 l=0 rev1=0 rx=0 tx=0)._handle_peer_banner_payload supported=1 required=0
2023-11-30T21:45:46.735 INFO:teuthology.orchestra.run.smithi045.stderr:/usr/bin/ceph:
2023-11-30T21:45:46.732+0000 7ff03659c700 1 --2- >> [v2:172.21.15.45:3300/0,v1:172.21.15.45:6789/0] conn(0x7ff038070430 0x7ff0380fe730 unknown :-1 s=HELLO_CONNECTING pgs=0 cs=0 l=0 rev1=1 rx=0 tx=0).handle_hello peer v2:172.21.15.45:3300/0 says I am v2:172.21.15.45:56872/0 (socket says 172.21.15.45:56872)
2023-11-30T21:45:46.735 INFO:teuthology.orchestra.run.smithi045.stderr:/usr/bin/ceph:
2023-11-30T21:45:46.732+0000 7ff03659c700 1 -- 172.21.15.45:0/2438954622 learned_addr learned my addr 172.21.15.45:0/2438954622 (peer_addr_for_me v2:172.21.15.45:0/0)
2023-11-30T21:45:46.735 INFO:teuthology.orchestra.run.smithi045.stderr:/usr/bin/ceph:
2023-11-30T21:45:46.732+0000 7ff03659c700 1 -- 172.21.15.45:0/2438954622 --> [v2:172.21.15.45:3300/0,v1:172.21.15.45:6789/0] -- mon_subscribe({config=0+,monmap=0+}) v3 -- 0x7ff0380fed60 con 0x7ff038070430
2023-11-30T21:45:46.735 INFO:teuthology.orchestra.run.smithi045.stderr:/usr/bin/ceph:
2023-11-30T21:45:46.732+0000 7ff03659c700 1 --2- 172.21.15.45:0/2438954622 >> [v2:172.21.15.45:3300/0,v1:172.21.15.45:6789/0] conn(0x7ff038070430 0x7ff0380fe730 secure :-1 s=READY pgs=58 cs=0 l=1 rev1=1 rx=0x7ff02800b5f0 tx=0x7ff028006ee0).ready entity=mon.0 client_cookie=9f1e5ccc0845e760 server_cookie=0 in_seq=0 out_seq=0
2023-11-30T21:45:46.735 INFO:teuthology.orchestra.run.smithi045.stderr:/usr/bin/ceph:
2023-11-30T21:45:46.732+0000 7ff03559a700 1 -- 172.21.15.45:0/2438954622 <== mon.0 v2:172.21.15.45:3300/0 1 ==== mon_map magic: 0 v1 ==== 229+0+0 (secure 0 0 0) 0x7ff02800d600 con 0x7ff038070430
2023-11-30T21:45:46.735 INFO:teuthology.orchestra.run.smithi045.stderr:/usr/bin/ceph:
2023-11-30T21:45:46.732+0000 7ff03559a700 1 -- 172.21.15.45:0/2438954622 <== mon.0 v2:172.21.15.45:3300/0 2 ==== config(25 keys) v1 ==== 1010+0+0 (secure 0 0 0) 0x7ff02800dbd0 con 0x7ff038070430
2023-11-30T21:45:46.735 INFO:teuthology.orchestra.run.smithi045.stderr:/usr/bin/ceph:
2023-11-30T21:45:46.732+0000 7ff03559a700 1 -- 172.21.15.45:0/2438954622 <== mon.0 v2:172.21.15.45:3300/0 3 ==== mon_map magic: 0 v1 ==== 229+0+0 (secure 0 0 0) 0x7ff028011c00 con 0x7ff038070430
2023-11-30T21:45:46.735 INFO:teuthology.orchestra.run.smithi045.stderr:/usr/bin/ceph:
2023-11-30T21:45:46.733+0000 7ff03759e700 1 -- 172.21.15.45:0/2438954622 >> [v2:172.21.15.45:3300/0,v1:172.21.15.45:6789/0] conn(0x7ff038070430 msgr2=0x7ff0380fe730 secure :-1 s=STATE_CONNECTION_ESTABLISHED l=1).mark_down
2023-11-30T21:45:46.735 INFO:teuthology.orchestra.run.smithi045.stderr:/usr/bin/ceph:
2023-11-30T21:45:46.733+0000 7ff03759e700 1 --2- 172.21.15.45:0/2438954622 >> [v2:172.21.15.45:3300/0,v1:172.21.15.45:6789/0] conn(0x7ff038070430 0x7ff0380fe730 secure :-1 s=READY pgs=58 cs=0 l=1 rev1=1 rx=0x7ff02800b5f0 tx=0x7ff028006ee0).stop
2023-11-30T21:45:46.735 INFO:teuthology.orchestra.run.smithi045.stderr:/usr/bin/ceph:
2023-11-30T21:45:46.733+0000 7ff03759e700 1 -- 172.21.15.45:0/2438954622 shutdown_connections
2023-11-30T21:45:46.736 INFO:teuthology.orchestra.run.smithi045.stderr:/usr/bin/ceph:
2023-11-30T21:45:46.733+0000 7ff03759e700 1 --2- 172.21.15.45:0/2438954622 >> [v2:172.21.15.45:3300/0,v1:172.21.15.45:6789/0] conn(0x7ff038070430 0x7ff0380fe730 unknown :-1 s=CLOSED pgs=58 cs=0 l=1 rev1=1 rx=0 tx=0).stop
2023-11-30T21:45:46.736 INFO:teuthology.orchestra.run.smithi045.stderr:/usr/bin/ceph:
2023-11-30T21:45:46.733+0000 7ff03759e700 1 -- 172.21.15.45:0/2438954622 >> 172.21.15.45:0/2438954622 conn(0x7ff0380f6210 msgr2=0x7ff0380f8630 unknown :-1 s=STATE_NONE l=0).mark_down
2023-11-30T21:45:46.736 INFO:teuthology.orchestra.run.smithi045.stderr:/usr/bin/ceph:
2023-11-30T21:45:46.733+0000 7ff03759e700 1 -- 172.21.15.45:0/2438954622 shutdown_connections
2023-11-30T21:45:46.737 INFO:teuthology.orchestra.run.smithi045.stderr:/usr/bin/ceph:
2023-11-30T21:45:46.733+0000 7ff03759e700 1 -- 172.21.15.45:0/2438954622 wait complete.
2023-11-30T21:45:46.737 INFO:teuthology.orchestra.run.smithi045.stderr:/usr/bin/ceph:
2023-11-30T21:45:46.734+0000 7ff03759e700 1 Processor -- start
2023-11-30T21:45:46.737 INFO:teuthology.orchestra.run.smithi045.stderr:/usr/bin/ceph:
2023-11-30T21:45:46.734+0000 7ff03759e700 1 -- start start
2023-11-30T21:45:46.737 INFO:teuthology.orchestra.run.smithi045.stderr:/usr/bin/ceph:
2023-11-30T21:45:46.734+0000 7ff03759e700 1 --2- >> [v2:172.21.15.45:3300/0,v1:172.21.15.45:6789/0] conn(0x7ff038070430 0x7ff03810a830 unknown :-1 s=NONE pgs=0 cs=0 l=1 rev1=0 rx=0 tx=0).connect
2023-11-30T21:45:46.737 INFO:teuthology.orchestra.run.smithi045.stderr:/usr/bin/ceph:
2023-11-30T21:45:46.734+0000 7ff03759e700 1 -- --> [v2:172.21.15.45:3300/0,v1:172.21.15.45:6789/0] -- mon_getmap magic: 0 v1 -- 0x7ff03810ad20 con 0x7ff038070430
2023-11-30T21:45:46.737 INFO:teuthology.orchestra.run.smithi045.stderr:/usr/bin/ceph:
2023-11-30T21:45:46.735+0000 7ff03659c700 1 --2- >> [v2:172.21.15.45:3300/0,v1:172.21.15.45:6789/0] conn(0x7ff038070430 0x7ff03810a830 unknown :-1 s=BANNER_CONNECTING pgs=0 cs=0 l=1 rev1=0 rx=0 tx=0)._handle_peer_banner_payload supported=1 required=0
2023-11-30T21:45:46.737 INFO:teuthology.orchestra.run.smithi045.stderr:/usr/bin/ceph:
2023-11-30T21:45:46.735+0000 7ff03659c700 1 --2- >> [v2:172.21.15.45:3300/0,v1:172.21.15.45:6789/0] conn(0x7ff038070430 0x7ff03810a830 unknown :-1 s=HELLO_CONNECTING pgs=0 cs=0 l=1 rev1=1 rx=0 tx=0).handle_hello peer v2:172.21.15.45:3300/0 says I am v2:172.21.15.45:56888/0 (socket says 172.21.15.45:56888)
2023-11-30T21:45:46.738 INFO:teuthology.orchestra.run.smithi045.stderr:/usr/bin/ceph:
2023-11-30T21:45:46.735+0000 7ff03659c700 1 -- 172.21.15.45:0/3620954264 learned_addr learned my addr 172.21.15.45:0/3620954264 (peer_addr_for_me v2:172.21.15.45:0/0)
2023-11-30T21:45:46.738 INFO:teuthology.orchestra.run.smithi045.stderr:/usr/bin/ceph:
2023-11-30T21:45:46.735+0000 7ff03659c700 1 -- 172.21.15.45:0/3620954264 --> [v2:172.21.15.45:3300/0,v1:172.21.15.45:6789/0] -- mon_subscribe({config=0+,monmap=0+}) v3 -- 0x7ff02800b200 con 0x7ff038070430
2023-11-30T21:45:46.738 INFO:teuthology.orchestra.run.smithi045.stderr:/usr/bin/ceph:
2023-11-30T21:45:46.735+0000 7ff03659c700 1 --2- 172.21.15.45:0/3620954264 >> [v2:172.21.15.45:3300/0,v1:172.21.15.45:6789/0] conn(0x7ff038070430 0x7ff03810a830 secure :-1 s=READY pgs=59 cs=0 l=1 rev1=1 rx=0x7ff02800b190 tx=0x7ff028006ee0).ready entity=mon.0 client_cookie=0 server_cookie=0 in_seq=0 out_seq=0
2023-11-30T21:45:46.738 INFO:teuthology.orchestra.run.smithi045.stderr:/usr/bin/ceph:
2023-11-30T21:45:46.735+0000 7ff026ffd700 1 -- 172.21.15.45:0/3620954264 <== mon.0 v2:172.21.15.45:3300/0 1 ==== mon_map magic: 0 v1 ==== 229+0+0 (secure 0 0 0) 0x7ff02801b410 con 0x7ff038070430
2023-11-30T21:45:46.738 INFO:teuthology.orchestra.run.smithi045.stderr:/usr/bin/ceph:
2023-11-30T21:45:46.735+0000 7ff026ffd700 1 -- 172.21.15.45:0/3620954264 <== mon.0 v2:172.21.15.45:3300/0 2 ==== config(25 keys) v1 ==== 1010+0+0 (secure 0 0 0) 0x7ff02801b9e0 con 0x7ff038070430
2023-11-30T21:45:46.738 INFO:teuthology.orchestra.run.smithi045.stderr:/usr/bin/ceph:
2023-11-30T21:45:46.735+0000 7ff03759e700 1 -- 172.21.15.45:0/3620954264 --> [v2:172.21.15.45:3300/0,v1:172.21.15.45:6789/0] -- mon_subscribe({mgrmap=0+}) v3 -- 0x7ff03810af20 con 0x7ff038070430
2023-11-30T21:45:46.738 INFO:teuthology.orchestra.run.smithi045.stderr:/usr/bin/ceph:
2023-11-30T21:45:46.735+0000 7ff026ffd700 1 -- 172.21.15.45:0/3620954264 <== mon.0 v2:172.21.15.45:3300/0 3 ==== mon_map magic: 0 v1 ==== 229+0+0 (secure 0 0 0) 0x7ff02801a880 con 0x7ff038070430
2023-11-30T21:45:46.738 INFO:teuthology.orchestra.run.smithi045.stderr:/usr/bin/ceph:
2023-11-30T21:45:46.735+0000 7ff03759e700 1 -- 172.21.15.45:0/3620954264 --> [v2:172.21.15.45:3300/0,v1:172.21.15.45:6789/0] -- mon_subscribe({osdmap=0}) v3 -- 0x7ff03810b330 con 0x7ff038070430
2023-11-30T21:45:46.739 INFO:teuthology.orchestra.run.smithi045.stderr:/usr/bin/ceph:
2023-11-30T21:45:46.736+0000 7ff026ffd700 1 -- 172.21.15.45:0/3620954264 <== mon.0 v2:172.21.15.45:3300/0 4 ==== mgrmap(e 11) v1 ==== 36054+0+0 (secure 0 0 0) 0x7ff02800f070 con 0x7ff038070430
2023-11-30T21:45:46.739 INFO:teuthology.orchestra.run.smithi045.stderr:/usr/bin/ceph:
2023-11-30T21:45:46.736+0000 7ff03759e700 1 -- 172.21.15.45:0/3620954264 --> [v2:172.21.15.45:3300/0,v1:172.21.15.45:6789/0] -- mon_command({"prefix": "get_command_descriptions"} v 0) v1 -- 0x7ff038045ad0 con 0x7ff038070430
2023-11-30T21:45:46.739 INFO:teuthology.orchestra.run.smithi045.stderr:/usr/bin/ceph:
2023-11-30T21:45:46.736+0000 7ff026ffd700 1 --2- 172.21.15.45:0/3620954264 >> [v2:172.21.15.45:6800/1329398563,v1:172.21.15.45:6801/1329398563] conn(0x7ff01c02fd50 0x7ff01c032210 unknown :-1 s=NONE pgs=0 cs=0 l=1 rev1=0 rx=0 tx=0).connect
2023-11-30T21:45:46.739 INFO:teuthology.orchestra.run.smithi045.stderr:/usr/bin/ceph:
