2023-12-01T00:56:58.883+0000 7fc96b7fe700 1 --2- 172.21.15.26:0/1499907761 >> [v2:172.21.15.26:6800/4255346255,v1:172.21.15.26:6801/4255346255] conn(0x7fc96403be10 0x7fc96403e200 unknown :-1 s=NONE pgs=0 cs=0 l=1 rev1=0 crypto rx=0 tx=0 comp rx=0 tx=0).connect
2023-12-01T00:56:59.521 INFO:teuthology.orchestra.run.smithi026.stdout:/usr/bin/ceph: stderr
2023-12-01T00:56:58.883+0000 7fc96b7fe700 1 -- 172.21.15.26:0/1499907761 --> [v2:172.21.15.26:6800/4255346255,v1:172.21.15.26:6801/4255346255] -- command(tid 0: {"prefix": "get_command_descriptions"}) v1 -- 0x7fc96403af70 con 0x7fc96403be10
2023-12-01T00:56:59.521 INFO:teuthology.orchestra.run.smithi026.stdout:/usr/bin/ceph: stderr
2023-12-01T00:56:58.883+0000 7fc979d9b700 1 --2- 172.21.15.26:0/1499907761 >> [v2:172.21.15.26:6800/4255346255,v1:172.21.15.26:6801/4255346255] conn(0x7fc96403be10 0x7fc96403e200 unknown :-1 s=BANNER_CONNECTING pgs=0 cs=0 l=1 rev1=0 crypto rx=0 tx=0 comp rx=0 tx=0)._handle_peer_banner_payload supported=3 required=0
2023-12-01T00:56:59.521 INFO:teuthology.orchestra.run.smithi026.stdout:/usr/bin/ceph: stderr
2023-12-01T00:56:58.884+0000 7fc979d9b700 1 --2- 172.21.15.26:0/1499907761 >> [v2:172.21.15.26:6800/4255346255,v1:172.21.15.26:6801/4255346255] conn(0x7fc96403be10 0x7fc96403e200 secure :-1 s=READY pgs=1 cs=0 l=1 rev1=1 crypto rx=0x7fc970003a10 tx=0x7fc970009270 comp rx=0 tx=0).ready entity=mgr.14152 client_cookie=0 server_cookie=0 in_seq=0 out_seq=0
2023-12-01T00:56:59.521 INFO:teuthology.orchestra.run.smithi026.stdout:/usr/bin/ceph: stderr
2023-12-01T00:56:58.885+0000 7fc96b7fe700 1 -- 172.21.15.26:0/1499907761 <== mgr.14152 v2:172.21.15.26:6800/4255346255 1 ==== command_reply(tid 0: 0 ) v1 ==== 8+0+6910 (secure 0 0 0) 0x7fc96403af70 con 0x7fc96403be10
2023-12-01T00:56:59.521 INFO:teuthology.orchestra.run.smithi026.stdout:/usr/bin/ceph: stderr
2023-12-01T00:56:58.896+0000 7fc9809df700 1 -- 172.21.15.26:0/1499907761 --> [v2:172.21.15.26:6800/4255346255,v1:172.21.15.26:6801/4255346255] -- command(tid 1: {"prefix": "mgr_status"}) v1 -- 0x7fc97c19b640 con 0x7fc96403be10
2023-12-01T00:56:59.521 INFO:teuthology.orchestra.run.smithi026.stdout:/usr/bin/ceph: stderr
2023-12-01T00:56:58.896+0000 7fc96b7fe700 1 -- 172.21.15.26:0/1499907761 <== mgr.14152 v2:172.21.15.26:6800/4255346255 2 ==== command_reply(tid 1: 0 ) v1 ==== 8+0+52 (secure 0 0 0) 0x7fc97c19b640 con 0x7fc96403be10
2023-12-01T00:56:59.521 INFO:teuthology.orchestra.run.smithi026.stdout:/usr/bin/ceph: stderr
2023-12-01T00:56:58.896+0000 7fc9809df700 1 -- 172.21.15.26:0/1499907761 >> [v2:172.21.15.26:6800/4255346255,v1:172.21.15.26:6801/4255346255] conn(0x7fc96403be10 msgr2=0x7fc96403e200 secure :-1 s=STATE_CONNECTION_ESTABLISHED l=1).mark_down
2023-12-01T00:56:59.521 INFO:teuthology.orchestra.run.smithi026.stdout:/usr/bin/ceph: stderr
2023-12-01T00:56:58.896+0000 7fc9809df700 1 --2- 172.21.15.26:0/1499907761 >> [v2:172.21.15.26:6800/4255346255,v1:172.21.15.26:6801/4255346255] conn(0x7fc96403be10 0x7fc96403e200 secure :-1 s=READY pgs=1 cs=0 l=1 rev1=1 crypto rx=0x7fc970003a10 tx=0x7fc970009270 comp rx=0 tx=0).stop
2023-12-01T00:56:59.521 INFO:teuthology.orchestra.run.smithi026.stdout:/usr/bin/ceph: stderr
2023-12-01T00:56:58.896+0000 7fc9809df700 1 -- 172.21.15.26:0/1499907761 >> [v2:172.21.15.26:3300/0,v1:172.21.15.26:6789/0] conn(0x7fc97c107190 msgr2=0x7fc97c19a3e0 secure :-1 s=STATE_CONNECTION_ESTABLISHED l=1).mark_down
2023-12-01T00:56:59.521 INFO:teuthology.orchestra.run.smithi026.stdout:/usr/bin/ceph: stderr
2023-12-01T00:56:58.896+0000 7fc9809df700 1 --2- 172.21.15.26:0/1499907761 >> [v2:172.21.15.26:3300/0,v1:172.21.15.26:6789/0] conn(0x7fc97c107190 0x7fc97c19a3e0 secure :-1 s=READY pgs=62 cs=0 l=1 rev1=1 crypto rx=0x7fc96c011a80 tx=0x7fc96c011b60 comp rx=0 tx=0).stop
2023-12-01T00:56:59.521 INFO:teuthology.orchestra.run.smithi026.stdout:/usr/bin/ceph: stderr
2023-12-01T00:56:58.896+0000 7fc9809df700 1 -- 172.21.15.26:0/1499907761 shutdown_connections
2023-12-01T00:56:59.521 INFO:teuthology.orchestra.run.smithi026.stdout:/usr/bin/ceph: stderr
2023-12-01T00:56:58.896+0000 7fc9809df700 1 --2- 172.21.15.26:0/1499907761 >> [v2:172.21.15.26:6800/4255346255,v1:172.21.15.26:6801/4255346255] conn(0x7fc96403be10 0x7fc96403e200 unknown :-1 s=CLOSED pgs=1 cs=0 l=1 rev1=1 crypto rx=0 tx=0 comp rx=0 tx=0).stop
2023-12-01T00:56:59.522 INFO:teuthology.orchestra.run.smithi026.stdout:/usr/bin/ceph: stderr
2023-12-01T00:56:58.896+0000 7fc9809df700 1 --2- 172.21.15.26:0/1499907761 >> [v2:172.21.15.26:3300/0,v1:172.21.15.26:6789/0] conn(0x7fc97c107190 0x7fc97c19a3e0 unknown :-1 s=CLOSED pgs=62 cs=0 l=1 rev1=1 crypto rx=0 tx=0 comp rx=0 tx=0).stop
2023-12-01T00:56:59.522 INFO:teuthology.orchestra.run.smithi026.stdout:/usr/bin/ceph: stderr
2023-12-01T00:56:58.896+0000 7fc9809df700 1 --2- 172.21.15.26:0/1499907761 >> [v2:172.21.15.26:6800/2565806966,v1:172.21.15.26:6801/2565806966] conn(0x7fc9640383a0 0x7fc96403a860 unknown :-1 s=CLOSED pgs=0 cs=0 l=1 rev1=0 crypto rx=0 tx=0 comp rx=0 tx=0).stop
2023-12-01T00:56:59.522 INFO:teuthology.orchestra.run.smithi026.stdout:/usr/bin/ceph: stderr
2023-12-01T00:56:58.896+0000 7fc9809df700 1 -- 172.21.15.26:0/1499907761 >> 172.21.15.26:0/1499907761 conn(0x7fc97c100b80 msgr2=0x7fc97c101910 unknown :-1 s=STATE_NONE l=0).mark_down
2023-12-01T00:56:59.522 INFO:teuthology.orchestra.run.smithi026.stdout:/usr/bin/ceph: stderr
2023-12-01T00:56:58.896+0000 7fc9809df700 1 -- 172.21.15.26:0/1499907761 shutdown_connections
2023-12-01T00:56:59.522 INFO:teuthology.orchestra.run.smithi026.stdout:/usr/bin/ceph: stderr
2023-12-01T00:56:58.896+0000 7fc9809df700 1 -- 172.21.15.26:0/1499907761 wait complete.
2023-12-01T00:56:59.522 INFO:teuthology.orchestra.run.smithi026.stdout:mgr epoch 9 is available
2023-12-01T00:56:59.522 INFO:teuthology.orchestra.run.smithi026.stdout:Generating a dashboard self-signed certificate...
2023-12-01T00:57:00.741 INFO:journalctl@ceph.mon.a.smithi026.stdout:Dec 01 00:57:00 smithi026 ceph-mon[98801]: from='client.14156 -' entity='client.admin' cmd=[{"prefix": "get_command_descriptions"}]: dispatch
2023-12-01T00:57:00.741 INFO:journalctl@ceph.mon.a.smithi026.stdout:Dec 01 00:57:00 smithi026 ceph-mon[98801]: from='client.14156 -' entity='client.admin' cmd=[{"prefix": "mgr_status"}]: dispatch
2023-12-01T00:57:00.741 INFO:journalctl@ceph.mon.a.smithi026.stdout:Dec 01 00:57:00 smithi026 ceph-mon[98801]: from='mgr.14152 172.21.15.26:0/228689379' entity='mgr.x'
2023-12-01T00:57:00.741 INFO:journalctl@ceph.mon.a.smithi026.stdout:Dec 01 00:57:00 smithi026 ceph-mon[98801]: from='mgr.14152 172.21.15.26:0/228689379' entity='mgr.x'
2023-12-01T00:57:00.741 INFO:journalctl@ceph.mon.a.smithi026.stdout:Dec 01 00:57:00 smithi026 ceph-mon[98801]: from='mgr.14152 172.21.15.26:0/228689379' entity='mgr.x'
2023-12-01T00:57:00.741 INFO:journalctl@ceph.mon.a.smithi026.stdout:Dec 01 00:57:00 smithi026 ceph-mon[98801]: from='mgr.14152 172.21.15.26:0/228689379' entity='mgr.x'
2023-12-01T00:57:00.765 INFO:teuthology.orchestra.run.smithi026.stdout:/usr/bin/ceph: stdout Self-signed certificate created
2023-12-01T00:57:00.765 INFO:teuthology.orchestra.run.smithi026.stdout:/usr/bin/ceph: stderr
2023-12-01T00:56:59.994+0000 7fc977143700 1 Processor -- start
2023-12-01T00:57:00.765 INFO:teuthology.orchestra.run.smithi026.stdout:/usr/bin/ceph: stderr
2023-12-01T00:56:59.994+0000 7fc977143700 1 -- start start
2023-12-01T00:57:00.765 INFO:teuthology.orchestra.run.smithi026.stdout:/usr/bin/ceph: stderr
2023-12-01T00:56:59.994+0000 7fc977143700 1 --2- >> [v2:172.21.15.26:3300/0,v1:172.21.15.26:6789/0] conn(0x7fc970107170 0x7fc970109560 unknown :-1 s=NONE pgs=0 cs=0 l=0 rev1=0 crypto rx=0 tx=0 comp rx=0 tx=0).connect
2023-12-01T00:57:00.765 INFO:teuthology.orchestra.run.smithi026.stdout:/usr/bin/ceph: stderr
2023-12-01T00:56:59.994+0000 7fc977143700 1 -- --> [v2:172.21.15.26:3300/0,v1:172.21.15.26:6789/0] -- mon_getmap magic: 0 v1 -- 0x7fc970079e80 con 0x7fc970107170
2023-12-01T00:57:00.765 INFO:teuthology.orchestra.run.smithi026.stdout:/usr/bin/ceph: stderr
2023-12-01T00:56:59.994+0000 7fc974edf700 1 --2- >> [v2:172.21.15.26:3300/0,v1:172.21.15.26:6789/0] conn(0x7fc970107170 0x7fc970109560 unknown :-1 s=BANNER_CONNECTING pgs=0 cs=0 l=0 rev1=0 crypto rx=0 tx=0 comp rx=0 tx=0)._handle_peer_banner_payload supported=3 required=0
2023-12-01T00:57:00.765 INFO:teuthology.orchestra.run.smithi026.stdout:/usr/bin/ceph: stderr
2023-12-01T00:56:59.994+0000 7fc974edf700 1 --2- >> [v2:172.21.15.26:3300/0,v1:172.21.15.26:6789/0] conn(0x7fc970107170 0x7fc970109560 unknown :-1 s=HELLO_CONNECTING pgs=0 cs=0 l=0 rev1=1 crypto rx=0 tx=0 comp rx=0 tx=0).handle_hello peer v2:172.21.15.26:3300/0 says I am v2:172.21.15.26:52464/0 (socket says 172.21.15.26:52464)
2023-12-01T00:57:00.765 INFO:teuthology.orchestra.run.smithi026.stdout:/usr/bin/ceph: stderr
2023-12-01T00:56:59.995+0000 7fc974edf700 1 -- 172.21.15.26:0/3552956745 learned_addr learned my addr 172.21.15.26:0/3552956745 (peer_addr_for_me v2:172.21.15.26:0/0)
2023-12-01T00:57:00.766 INFO:teuthology.orchestra.run.smithi026.stdout:/usr/bin/ceph: stderr
2023-12-01T00:56:59.995+0000 7fc974edf700 1 -- 172.21.15.26:0/3552956745 --> [v2:172.21.15.26:3300/0,v1:172.21.15.26:6789/0] -- mon_subscribe({config=0+,monmap=0+}) v3 -- 0x7fc970109aa0 con 0x7fc970107170
2023-12-01T00:57:00.766 INFO:teuthology.orchestra.run.smithi026.stdout:/usr/bin/ceph: stderr
2023-12-01T00:56:59.995+0000 7fc974edf700 1 --2- 172.21.15.26:0/3552956745 >> [v2:172.21.15.26:3300/0,v1:172.21.15.26:6789/0] conn(0x7fc970107170 0x7fc970109560 secure :-1 s=READY pgs=70 cs=0 l=1 rev1=1 crypto rx=0x7fc9640098a0 tx=0x7fc964009bb0 comp rx=0 tx=0).ready entity=mon.0 client_cookie=42a7f5d6375adcd4 server_cookie=0 in_seq=0 out_seq=0
2023-12-01T00:57:00.766 INFO:teuthology.orchestra.run.smithi026.stdout:/usr/bin/ceph: stderr
2023-12-01T00:56:59.995+0000 7fc96f7fe700 1 -- 172.21.15.26:0/3552956745 <== mon.0 v2:172.21.15.26:3300/0 1 ==== mon_map magic: 0 v1 ==== 205+0+0 (secure 0 0 0) 0x7fc964004160 con 0x7fc970107170
2023-12-01T00:57:00.766 INFO:teuthology.orchestra.run.smithi026.stdout:/usr/bin/ceph: stderr
2023-12-01T00:56:59.995+0000 7fc96f7fe700 1 -- 172.21.15.26:0/3552956745 <== mon.0 v2:172.21.15.26:3300/0 2 ==== config(27 keys) v1 ==== 1139+0+0 (secure 0 0 0) 0x7fc9640042c0 con 0x7fc970107170
2023-12-01T00:57:00.766 INFO:teuthology.orchestra.run.smithi026.stdout:/usr/bin/ceph: stderr
2023-12-01T00:56:59.995+0000 7fc96f7fe700 1 -- 172.21.15.26:0/3552956745 <== mon.0 v2:172.21.15.26:3300/0 3 ==== mon_map magic: 0 v1 ==== 205+0+0 (secure 0 0 0) 0x7fc964011a80 con 0x7fc970107170
2023-12-01T00:57:00.766 INFO:teuthology.orchestra.run.smithi026.stdout:/usr/bin/ceph: stderr
2023-12-01T00:56:59.996+0000 7fc977143700 1 -- 172.21.15.26:0/3552956745 >> [v2:172.21.15.26:3300/0,v1:172.21.15.26:6789/0] conn(0x7fc970107170 msgr2=0x7fc970109560 secure :-1 s=STATE_CONNECTION_ESTABLISHED l=1).mark_down
2023-12-01T00:57:00.766 INFO:teuthology.orchestra.run.smithi026.stdout:/usr/bin/ceph: stderr
2023-12-01T00:56:59.996+0000 7fc977143700 1 --2- 172.21.15.26:0/3552956745 >> [v2:172.21.15.26:3300/0,v1:172.21.15.26:6789/0] conn(0x7fc970107170 0x7fc970109560 secure :-1 s=READY pgs=70 cs=0 l=1 rev1=1 crypto rx=0x7fc9640098a0 tx=0x7fc964009bb0 comp rx=0 tx=0).stop
2023-12-01T00:57:00.766 INFO:teuthology.orchestra.run.smithi026.stdout:/usr/bin/ceph: stderr
2023-12-01T00:56:59.996+0000 7fc977143700 1 -- 172.21.15.26:0/3552956745 shutdown_connections
2023-12-01T00:57:00.766 INFO:teuthology.orchestra.run.smithi026.stdout:/usr/bin/ceph: stderr
2023-12-01T00:56:59.996+0000 7fc977143700 1 --2- 172.21.15.26:0/3552956745 >> [v2:172.21.15.26:3300/0,v1:172.21.15.26:6789/0] conn(0x7fc970107170 0x7fc970109560 unknown :-1 s=CLOSED pgs=70 cs=0 l=1 rev1=1 crypto rx=0 tx=0 comp rx=0 tx=0).stop
2023-12-01T00:57:00.766 INFO:teuthology.orchestra.run.smithi026.stdout:/usr/bin/ceph: stderr
2023-12-01T00:56:59.996+0000 7fc977143700 1 -- 172.21.15.26:0/3552956745 >> 172.21.15.26:0/3552956745 conn(0x7fc970100b80 msgr2=0x7fc970102fa0 unknown :-1 s=STATE_NONE l=0).mark_down
2023-12-01T00:57:00.766 INFO:teuthology.orchestra.run.smithi026.stdout:/usr/bin/ceph: stderr
2023-12-01T00:56:59.996+0000 7fc977143700 1 -- 172.21.15.26:0/3552956745 shutdown_connections
2023-12-01T00:57:00.766 INFO:teuthology.orchestra.run.smithi026.stdout:/usr/bin/ceph: stderr
2023-12-01T00:56:59.996+0000 7fc977143700 1 -- 172.21.15.26:0/3552956745 wait complete.
2023-12-01T00:57:00.767 INFO:teuthology.orchestra.run.smithi026.stdout:/usr/bin/ceph: stderr
2023-12-01T00:56:59.996+0000 7fc977143700 1 Processor -- start
2023-12-01T00:57:00.767 INFO:teuthology.orchestra.run.smithi026.stdout:/usr/bin/ceph: stderr
2023-12-01T00:56:59.997+0000 7fc977143700 1 -- start start
2023-12-01T00:57:00.767 INFO:teuthology.orchestra.run.smithi026.stdout:/usr/bin/ceph: stderr
2023-12-01T00:56:59.997+0000 7fc977143700 1 --2- >> [v2:172.21.15.26:3300/0,v1:172.21.15.26:6789/0] conn(0x7fc970107170 0x7fc97019a2f0 unknown :-1 s=NONE pgs=0 cs=0 l=1 rev1=0 crypto rx=0 tx=0 comp rx=0 tx=0).connect
2023-12-01T00:57:00.767 INFO:teuthology.orchestra.run.smithi026.stdout:/usr/bin/ceph: stderr
2023-12-01T00:56:59.997+0000 7fc977143700 1 -- --> [v2:172.21.15.26:3300/0,v1:172.21.15.26:6789/0] -- mon_getmap magic: 0 v1 -- 0x7fc97019a830 con 0x7fc970107170
2023-12-01T00:57:00.767 INFO:teuthology.orchestra.run.smithi026.stdout:/usr/bin/ceph: stderr
2023-12-01T00:56:59.997+0000 7fc974edf700 1 --2- >> [v2:172.21.15.26:3300/0,v1:172.21.15.26:6789/0] conn(0x7fc970107170 0x7fc97019a2f0 unknown :-1 s=BANNER_CONNECTING pgs=0 cs=0 l=1 rev1=0 crypto rx=0 tx=0 comp rx=0 tx=0)._handle_peer_banner_payload supported=3 required=0
2023-12-01T00:57:00.767 INFO:teuthology.orchestra.run.smithi026.stdout:/usr/bin/ceph: stderr
2023-12-01T00:56:59.997+0000 7fc974edf700 1 --2- >> [v2:172.21.15.26:3300/0,v1:172.21.15.26:6789/0] conn(0x7fc970107170 0x7fc97019a2f0 unknown :-1 s=HELLO_CONNECTING pgs=0 cs=0 l=1 rev1=1 crypto rx=0 tx=0 comp rx=0 tx=0).handle_hello peer v2:172.21.15.26:3300/0 says I am v2:172.21.15.26:52466/0 (socket says 172.21.15.26:52466)
2023-12-01T00:57:00.767 INFO:teuthology.orchestra.run.smithi026.stdout:/usr/bin/ceph: stderr
2023-12-01T00:56:59.997+0000 7fc974edf700 1 -- 172.21.15.26:0/3782801592 learned_addr learned my addr 172.21.15.26:0/3782801592 (peer_addr_for_me v2:172.21.15.26:0/0)
2023-12-01T00:57:00.767 INFO:teuthology.orchestra.run.smithi026.stdout:/usr/bin/ceph: stderr
2023-12-01T00:56:59.997+0000 7fc974edf700 1 -- 172.21.15.26:0/3782801592 --> [v2:172.21.15.26:3300/0,v1:172.21.15.26:6789/0] -- mon_subscribe({config=0+,monmap=0+}) v3 -- 0x7fc964009550 con 0x7fc970107170
2023-12-01T00:57:00.767 INFO:teuthology.orchestra.run.smithi026.stdout:/usr/bin/ceph: stderr
2023-12-01T00:56:59.997+0000 7fc974edf700 1 --2- 172.21.15.26:0/3782801592 >> [v2:172.21.15.26:3300/0,v1:172.21.15.26:6789/0] conn(0x7fc970107170 0x7fc97019a2f0 secure :-1 s=READY pgs=71 cs=0 l=1 rev1=1 crypto rx=0x7fc964011a80 tx=0x7fc964011b60 comp rx=0 tx=0).ready entity=mon.0 client_cookie=0 server_cookie=0 in_seq=0 out_seq=0
2023-12-01T00:57:00.767 INFO:teuthology.orchestra.run.smithi026.stdout:/usr/bin/ceph: stderr
2023-12-01T00:56:59.997+0000 7fc96dffb700 1 -- 172.21.15.26:0/3782801592 <== mon.0 v2:172.21.15.26:3300/0 1 ==== mon_map magic: 0 v1 ==== 205+0+0 (secure 0 0 0) 0x7fc964003c20 con 0x7fc970107170
2023-12-01T00:57:00.767 INFO:teuthology.orchestra.run.smithi026.stdout:/usr/bin/ceph: stderr
2023-12-01T00:56:59.997+0000 7fc96dffb700 1 -- 172.21.15.26:0/3782801592 <== mon.0 v2:172.21.15.26:3300/0 2 ==== config(27 keys) v1 ==== 1139+0+0 (secure 0 0 0) 0x7fc96401a910 con 0x7fc970107170
2023-12-01T00:57:00.767 INFO:teuthology.orchestra.run.smithi026.stdout:/usr/bin/ceph: stderr
2023-12-01T00:56:59.997+0000 7fc977143700 1 -- 172.21.15.26:0/3782801592 --> [v2:172.21.15.26:3300/0,v1:172.21.15.26:6789/0] -- mon_subscribe({mgrmap=0+}) v3 -- 0x7fc97019aa30 con 0x7fc970107170
2023-12-01T00:57:00.767 INFO:teuthology.orchestra.run.smithi026.stdout:/usr/bin/ceph: stderr
2023-12-01T00:56:59.998+0000 7fc96dffb700 1 -- 172.21.15.26:0/3782801592 <== mon.0 v2:172.21.15.26:3300/0 3 ==== mon_map magic: 0 v1 ==== 205+0+0 (secure 0 0 0) 0x7fc9640199f0 con 0x7fc970107170
2023-12-01T00:57:00.767 INFO:teuthology.orchestra.run.smithi026.stdout:/usr/bin/ceph: stderr
2023-12-01T00:56:59.998+0000 7fc977143700 1 -- 172.21.15.26:0/3782801592 --> [v2:172.21.15.26:3300/0,v1:172.21.15.26:6789/0] -- mon_subscribe({osdmap=0}) v3 -- 0x7fc97019aed0 con 0x7fc970107170
2023-12-01T00:57:00.768 INFO:teuthology.orchestra.run.smithi026.stdout:/usr/bin/ceph: stderr
2023-12-01T00:56:59.999+0000 7fc96dffb700 1 -- 172.21.15.26:0/3782801592 <== mon.0 v2:172.21.15.26:3300/0 4 ==== mgrmap(e 11) v1 ==== 45175+0+0 (secure 0 0 0) 0x7fc964019cb0 con 0x7fc970107170
2023-12-01T00:57:00.768 INFO:teuthology.orchestra.run.smithi026.stdout:/usr/bin/ceph: stderr
2023-12-01T00:56:59.999+0000 7fc96dffb700 1 --2- 172.21.15.26:0/3782801592 >> [v2:172.21.15.26:6800/4255346255,v1:172.21.15.26:6801/4255346255] conn(0x7fc960038220 0x7fc96003a6e0 unknown :-1 s=NONE pgs=0 cs=0 l=1 rev1=0 crypto rx=0 tx=0 comp rx=0 tx=0).connect
2023-12-01T00:57:00.768 INFO:teuthology.orchestra.run.smithi026.stdout:/usr/bin/ceph: stderr
2023-12-01T00:56:59.999+0000 7fc96dffb700 1 -- 172.21.15.26:0/3782801592 <== mon.0 v2:172.21.15.26:3300/0 5 ==== osd_map(3..3 src has 1..3) v4 ==== 1155+0+0 (secure 0 0 0) 0x7fc96404c1b0 con 0x7fc970107170
2023-12-01T00:57:00.768 INFO:teuthology.orchestra.run.smithi026.stdout:/usr/bin/ceph: stderr
2023-12-01T00:56:59.999+0000 7fc96ffff700 1 --2- 172.21.15.26:0/3782801592 >> [v2:172.21.15.26:6800/4255346255,v1:172.21.15.26:6801/4255346255] conn(0x7fc960038220 0x7fc96003a6e0 unknown :-1 s=BANNER_CONNECTING pgs=0 cs=0 l=1 rev1=0 crypto rx=0 tx=0 comp rx=0 tx=0)._handle_peer_banner_payload supported=3 required=0
2023-12-01T00:57:00.768 INFO:teuthology.orchestra.run.smithi026.stdout:/usr/bin/ceph: stderr
2023-12-01T00:56:59.999+0000 7fc977143700 1 -- 172.21.15.26:0/3782801592 --> [v2:172.21.15.26:3300/0,v1:172.21.15.26:6789/0] -- mon_command({"prefix": "get_command_descriptions"} v 0) v1 -- 0x7fc9700623c0 con 0x7fc970107170
2023-12-01T00:57:00.768 INFO:teuthology.orchestra.run.smithi026.stdout:/usr/bin/ceph: stderr
2023-12-01T00:56:59.999+0000 7fc96ffff700 1 --2- 172.21.15.26:0/3782801592 >> [v2:172.21.15.26:6800/4255346255,v1:172.21.15.26:6801/4255346255] conn(0x7fc960038220 0x7fc96003a6e0 secure :-1 s=READY pgs=7 cs=0 l=1 rev1=1 crypto rx=0x7fc95c006fd0 tx=0x7fc95c006e40 comp rx=0 tx=0).ready entity=mgr.14152 client_cookie=0 server_cookie=0 in_seq=0 out_seq=0
2023-12-01T00:57:00.768 INFO:teuthology.orchestra.run.smithi026.stdout:/usr/bin/ceph: stderr
2023-12-01T00:57:00.004+0000 7fc96dffb700 1 -- 172.21.15.26:0/3782801592 <== mon.0 v2:172.21.15.26:3300/0 6 ==== mon_command_ack([{"prefix": "get_command_descriptions"}]=0 v0) v1 ==== 72+0+180422 (secure 0 0 0) 0x7fc96402b300 con 0x7fc970107170
2023-12-01T00:57:00.768 INFO:teuthology.orchestra.run.smithi026.stdout:/usr/bin/ceph: stderr
2023-12-01T00:57:00.379+0000 7fc977143700 1 -- 172.21.15.26:0/3782801592 --> [v2:172.21.15.26:6800/4255346255,v1:172.21.15.26:6801/4255346255] -- mgr_command(tid 0: {"prefix": "dashboard create-self-signed-cert", "target": ["mon-mgr", ""]}) v1 -- 0x7fc970101fb0 con 0x7fc960038220
2023-12-01T00:57:00.768 INFO:teuthology.orchestra.run.smithi026.stdout:/usr/bin/ceph: stderr
2023-12-01T00:57:00.424+0000 7fc96dffb700 1 -- 172.21.15.26:0/3782801592 <== mgr.14152 v2:172.21.15.26:6800/4255346255 1 ==== mgr_command_reply(tid 0: 0 ) v1 ==== 8+0+32 (secure 0 0 0) 0x7fc970101fb0 con 0x7fc960038220
2023-12-01T00:57:00.768 INFO:teuthology.orchestra.run.smithi026.stdout:/usr/bin/ceph: stderr
2023-12-01T00:57:00.427+0000 7fc977143700 1 -- 172.21.15.26:0/3782801592 >> [v2:172.21.15.26:6800/4255346255,v1:172.21.15.26:6801/4255346255] conn(0x7fc960038220 msgr2=0x7fc96003a6e0 secure :-1 s=STATE_CONNECTION_ESTABLISHED l=1).mark_down
2023-12-01T00:57:00.769 INFO:teuthology.orchestra.run.smithi026.stdout:/usr/bin/ceph: stderr
2023-12-01T00:57:00.427+0000 7fc977143700 1 --2- 172.21.15.26:0/3782801592 >> [v2:172.21.15.26:6800/4255346255,v1:172.21.15.26:6801/4255346255] conn(0x7fc960038220 0x7fc96003a6e0 secure :-1 s=READY pgs=7 cs=0 l=1 rev1=1 crypto rx=0x7fc95c006fd0 tx=0x7fc95c006e40 comp rx=0 tx=0).stop
2023-12-01T00:57:00.769 INFO:teuthology.orchestra.run.smithi026.stdout:/usr/bin/ceph: stderr
2023-12-01T00:57:00.427+0000 7fc977143700 1 -- 172.21.15.26:0/3782801592 >> [v2:172.21.15.26:3300/0,v1:172.21.15.26:6789/0] conn(0x7fc970107170 msgr2=0x7fc97019a2f0 secure :-1 s=STATE_CONNECTION_ESTABLISHED l=1).mark_down
2023-12-01T00:57:00.769 INFO:teuthology.orchestra.run.smithi026.stdout:/usr/bin/ceph: stderr
2023-12-01T00:57:00.427+0000 7fc977143700 1 --2- 172.21.15.26:0/3782801592 >> [v2:172.21.15.26:3300/0,v1:172.21.15.26:6789/0] conn(0x7fc970107170 0x7fc97019a2f0 secure :-1 s=READY pgs=71 cs=0 l=1 rev1=1 crypto rx=0x7fc964011a80 tx=0x7fc964011b60 comp rx=0 tx=0).stop
2023-12-01T00:57:00.769 INFO:teuthology.orchestra.run.smithi026.stdout:/usr/bin/ceph: stderr
2023-12-01T00:57:00.427+0000 7fc977143700 1 -- 172.21.15.26:0/3782801592 shutdown_connections
2023-12-01T00:57:00.769 INFO:teuthology.orchestra.run.smithi026.stdout:/usr/bin/ceph: stderr
2023-12-01T00:57:00.427+0000 7fc977143700 1 --2- 172.21.15.26:0/3782801592 >> [v2:172.21.15.26:6800/4255346255,v1:172.21.15.26:6801/4255346255] conn(0x7fc960038220 0x7fc96003a6e0 unknown :-1 s=CLOSED pgs=7 cs=0 l=1 rev1=1 crypto rx=0 tx=0 comp rx=0 tx=0).stop
2023-12-01T00:57:00.769 INFO:teuthology.orchestra.run.smithi026.stdout:/usr/bin/ceph: stderr
2023-12-01T00:57:00.427+0000 7fc977143700 1 --2- 172.21.15.26:0/3782801592 >> [v2:172.21.15.26:3300/0,v1:172.21.15.26:6789/0] conn(0x7fc970107170 0x7fc97019a2f0 unknown :-1 s=CLOSED pgs=71 cs=0 l=1 rev1=1 crypto rx=0 tx=0 comp rx=0 tx=0).stop
2023-12-01T00:57:00.769 INFO:teuthology.orchestra.run.smithi026.stdout:/usr/bin/ceph: stderr
2023-12-01T00:57:00.427+0000 7fc977143700 1 -- 172.21.15.26:0/3782801592 >> 172.21.15.26:0/3782801592 conn(0x7fc970100b80 msgr2=0x7fc9701018a0 unknown :-1 s=STATE_NONE l=0).mark_down
2023-12-01T00:57:00.769 INFO:teuthology.orchestra.run.smithi026.stdout:/usr/bin/ceph: stderr
2023-12-01T00:57:00.427+0000 7fc977143700 1 -- 172.21.15.26:0/3782801592 shutdown_connections
2023-12-01T00:57:00.769 INFO:teuthology.orchestra.run.smithi026.stdout:/usr/bin/ceph: stderr
2023-12-01T00:57:00.427+0000 7fc977143700 1 -- 172.21.15.26:0/3782801592 wait complete.
2023-12-01T00:57:00.769 INFO:teuthology.orchestra.run.smithi026.stdout:Creating initial admin user...
2023-12-01T00:57:01.914 INFO:journalctl@ceph.mon.a.smithi026.stdout:Dec 01 00:57:01 smithi026 ceph-mon[98801]: from='client.14164 -' entity='client.admin' cmd=[{"prefix": "dashboard create-self-signed-cert", "target": ["mon-mgr", ""]}]: dispatch
2023-12-01T00:57:01.914 INFO:journalctl@ceph.mon.a.smithi026.stdout:Dec 01 00:57:01 smithi026 ceph-mon[98801]: mgrmap e12: x(active, since 2s)
2023-12-01T00:57:02.412 INFO:teuthology.orchestra.run.smithi026.stdout:/usr/bin/ceph: stdout {"username": "admin", "password": "$2b$12$lAXdl80VE9S6ylFY2P4Ws.t7kToAjigMrsAJpbMT8q5gzPmWAjOU2", "roles": ["administrator"], "name": null, "email": null, "lastUpdate": 1701392221, "enabled": true, "pwdExpirationDate": null, "pwdUpdateRequired": true}
2023-12-01T00:57:02.412 INFO:teuthology.orchestra.run.smithi026.stdout:/usr/bin/ceph: stderr
2023-12-01T00:57:01.256+0000 7f50ce7c5700 1 Processor -- start
2023-12-01T00:57:02.412 INFO:teuthology.orchestra.run.smithi026.stdout:/usr/bin/ceph: stderr
2023-12-01T00:57:01.256+0000 7f50ce7c5700 1 -- start start
2023-12-01T00:57:02.413 INFO:teuthology.orchestra.run.smithi026.stdout:/usr/bin/ceph: stderr
2023-12-01T00:57:01.256+0000 7f50ce7c5700 1 --2- >> [v2:172.21.15.26:3300/0,v1:172.21.15.26:6789/0] conn(0x7f50c81049b0 0x7f50c8104dd0 unknown :-1 s=NONE pgs=0 cs=0 l=0 rev1=0 crypto rx=0 tx=0 comp rx=0 tx=0).connect
2023-12-01T00:57:02.413 INFO:teuthology.orchestra.run.smithi026.stdout:/usr/bin/ceph: stderr
2023-12-01T00:57:01.256+0000 7f50ce7c5700 1 -- --> [v2:172.21.15.26:3300/0,v1:172.21.15.26:6789/0] -- mon_getmap magic: 0 v1 -- 0x7f50c81053a0 con 0x7f50c81049b0
2023-12-01T00:57:02.413 INFO:teuthology.orchestra.run.smithi026.stdout:/usr/bin/ceph: stderr
2023-12-01T00:57:01.256+0000 7f50c7fff700 1 --2- >> [v2:172.21.15.26:3300/0,v1:172.21.15.26:6789/0] conn(0x7f50c81049b0 0x7f50c8104dd0 unknown :-1 s=BANNER_CONNECTING pgs=0 cs=0 l=0 rev1=0 crypto rx=0 tx=0 comp rx=0 tx=0)._handle_peer_banner_payload supported=3 required=0
2023-12-01T00:57:02.413 INFO:teuthology.orchestra.run.smithi026.stdout:/usr/bin/ceph: stderr
2023-12-01T00:57:01.256+0000 7f50c7fff700 1 --2- >> [v2:172.21.15.26:3300/0,v1:172.21.15.26:6789/0] conn(0x7f50c81049b0 0x7f50c8104dd0 unknown :-1 s=HELLO_CONNECTING pgs=0 cs=0 l=0 rev1=1 crypto rx=0 tx=0 comp rx=0 tx=0).handle_hello peer v2:172.21.15.26:3300/0 says I am v2:172.21.15.26:52470/0 (socket says 172.21.15.26:52470)
2023-12-01T00:57:02.413 INFO:teuthology.orchestra.run.smithi026.stdout:/usr/bin/ceph: stderr
2023-12-01T00:57:01.256+0000 7f50c7fff700 1 -- 172.21.15.26:0/948486266 learned_addr learned my addr 172.21.15.26:0/948486266 (peer_addr_for_me v2:172.21.15.26:0/0)
2023-12-01T00:57:02.413 INFO:teuthology.orchestra.run.smithi026.stdout:/usr/bin/ceph: stderr
2023-12-01T00:57:01.257+0000 7f50c7fff700 1 -- 172.21.15.26:0/948486266 --> [v2:172.21.15.26:3300/0,v1:172.21.15.26:6789/0] -- mon_subscribe({config=0+,monmap=0+}) v3 -- 0x7f50c81054e0 con 0x7f50c81049b0
2023-12-01T00:57:02.413 INFO:teuthology.orchestra.run.smithi026.stdout:/usr/bin/ceph: stderr
2023-12-01T00:57:01.257+0000 7f50c7fff700 1 --2- 172.21.15.26:0/948486266 >> [v2:172.21.15.26:3300/0,v1:172.21.15.26:6789/0] conn(0x7f50c81049b0 0x7f50c8104dd0 secure :-1 s=READY pgs=72 cs=0 l=1 rev1=1 crypto rx=0x7f50b80098a0 tx=0x7f50b8009bb0 comp rx=0 tx=0).ready entity=mon.0 client_cookie=b784f4169558db70 server_cookie=0 in_seq=0 out_seq=0
2023-12-01T00:57:02.413 INFO:teuthology.orchestra.run.smithi026.stdout:/usr/bin/ceph: stderr
2023-12-01T00:57:01.257+0000 7f50c6ffd700 1 -- 172.21.15.26:0/948486266 <== mon.0 v2:172.21.15.26:3300/0 1 ==== mon_map magic: 0 v1 ==== 205+0+0 (secure 0 0 0) 0x7f50b8004160 con 0x7f50c81049b0
2023-12-01T00:57:02.413 INFO:teuthology.orchestra.run.smithi026.stdout:/usr/bin/ceph: stderr
2023-12-01T00:57:01.257+0000 7f50c6ffd700 1 -- 172.21.15.26:0/948486266 <== mon.0 v2:172.21.15.26:3300/0 2 ==== config(27 keys) v1 ==== 1139+0+0 (secure 0 0 0) 0x7f50b80042c0 con 0x7f50c81049b0
2023-12-01T00:57:02.413 INFO:teuthology.orchestra.run.smithi026.stdout:/usr/bin/ceph: stderr
2023-12-01T00:57:01.257+0000 7f50c6ffd700 1 -- 172.21.15.26:0/948486266 <== mon.0 v2:172.21.15.26:3300/0 3 ==== mon_map magic: 0 v1 ==== 205+0+0 (secure 0 0 0) 0x7f50b8011a80 con 0x7f50c81049b0
2023-12-01T00:57:02.413 INFO:teuthology.orchestra.run.smithi026.stdout:/usr/bin/ceph: stderr
2023-12-01T00:57:01.258+0000 7f50ce7c5700 1 -- 172.21.15.26:0/948486266 >> [v2:172.21.15.26:3300/0,v1:172.21.15.26:6789/0] conn(0x7f50c81049b0 msgr2=0x7f50c8104dd0 secure :-1 s=STATE_CONNECTION_ESTABLISHED l=1).mark_down
2023-12-01T00:57:02.413 INFO:teuthology.orchestra.run.smithi026.stdout:/usr/bin/ceph: stderr
2023-12-01T00:57:01.258+0000 7f50ce7c5700 1 --2- 172.21.15.26:0/948486266 >> [v2:172.21.15.26:3300/0,v1:172.21.15.26:6789/0] conn(0x7f50c81049b0 0x7f50c8104dd0 secure :-1 s=READY pgs=72 cs=0 l=1 rev1=1 crypto rx=0x7f50b80098a0 tx=0x7f50b8009bb0 comp rx=0 tx=0).stop
2023-12-01T00:57:02.414 INFO:teuthology.orchestra.run.smithi026.stdout:/usr/bin/ceph: stderr
2023-12-01T00:57:01.258+0000 7f50ce7c5700 1 -- 172.21.15.26:0/948486266 shutdown_connections
2023-12-01T00:57:02.414 INFO:teuthology.orchestra.run.smithi026.stdout:/usr/bin/ceph: stderr
2023-12-01T00:57:01.258+0000 7f50ce7c5700 1 --2- 172.21.15.26:0/948486266 >> [v2:172.21.15.26:3300/0,v1:172.21.15.26:6789/0] conn(0x7f50c81049b0 0x7f50c8104dd0 unknown :-1 s=CLOSED pgs=72 cs=0 l=1 rev1=1 crypto rx=0 tx=0 comp rx=0 tx=0).stop
2023-12-01T00:57:02.414 INFO:teuthology.orchestra.run.smithi026.stdout:/usr/bin/ceph: stderr
2023-12-01T00:57:01.258+0000 7f50ce7c5700 1 -- 172.21.15.26:0/948486266 >> 172.21.15.26:0/948486266 conn(0x7f50c81002e0 msgr2=0x7f50c8102720 unknown :-1 s=STATE_NONE l=0).mark_down
2023-12-01T00:57:02.414 INFO:teuthology.orchestra.run.smithi026.stdout:/usr/bin/ceph: stderr
2023-12-01T00:57:01.258+0000 7f50ce7c5700 1 -- 172.21.15.26:0/948486266 shutdown_connections
2023-12-01T00:57:02.414 INFO:teuthology.orchestra.run.smithi026.stdout:/usr/bin/ceph: stderr
2023-12-01T00:57:01.258+0000 7f50ce7c5700 1 -- 172.21.15.26:0/948486266 wait complete.
2023-12-01T00:57:02.414 INFO:teuthology.orchestra.run.smithi026.stdout:/usr/bin/ceph: stderr
2023-12-01T00:57:01.258+0000 7f50ce7c5700 1 Processor -- start
2023-12-01T00:57:02.414 INFO:teuthology.orchestra.run.smithi026.stdout:/usr/bin/ceph: stderr
2023-12-01T00:57:01.259+0000 7f50ce7c5700 1 -- start start
2023-12-01T00:57:02.414 INFO:teuthology.orchestra.run.smithi026.stdout:/usr/bin/ceph: stderr
2023-12-01T00:57:01.259+0000 7f50ce7c5700 1 --2- >> [v2:172.21.15.26:3300/0,v1:172.21.15.26:6789/0] conn(0x7f50c81049b0 0x7f50c8107340 unknown :-1 s=NONE pgs=0 cs=0 l=1 rev1=0 crypto rx=0 tx=0 comp rx=0 tx=0).connect
2023-12-01T00:57:02.414 INFO:teuthology.orchestra.run.smithi026.stdout:/usr/bin/ceph: stderr
2023-12-01T00:57:01.259+0000 7f50ce7c5700 1 -- --> [v2:172.21.15.26:3300/0,v1:172.21.15.26:6789/0] -- mon_getmap magic: 0 v1 -- 0x7f50c8107880 con 0x7f50c81049b0
2023-12-01T00:57:02.414 INFO:teuthology.orchestra.run.smithi026.stdout:/usr/bin/ceph: stderr
2023-12-01T00:57:01.259+0000 7f50c7fff700 1 --2- >> [v2:172.21.15.26:3300/0,v1:172.21.15.26:6789/0] conn(0x7f50c81049b0 0x7f50c8107340 unknown :-1 s=BANNER_CONNECTING pgs=0 cs=0 l=1 rev1=0 crypto rx=0 tx=0 comp rx=0 tx=0)._handle_peer_banner_payload supported=3 required=0
2023-12-01T00:57:02.414 INFO:teuthology.orchestra.run.smithi026.stdout:/usr/bin/ceph: stderr
2023-12-01T00:57:01.259+0000 7f50c7fff700 1 --2- >> [v2:172.21.15.26:3300/0,v1:172.21.15.26:6789/0] conn(0x7f50c81049b0 0x7f50c8107340 unknown :-1 s=HELLO_CONNECTING pgs=0 cs=0 l=1 rev1=1 crypto rx=0 tx=0 comp rx=0 tx=0).handle_hello peer v2:172.21.15.26:3300/0 says I am v2:172.21.15.26:52472/0 (socket says 172.21.15.26:52472)
2023-12-01T00:57:02.414 INFO:teuthology.orchestra.run.smithi026.stdout:/usr/bin/ceph: stderr
2023-12-01T00:57:01.259+0000 7f50c7fff700 1 -- 172.21.15.26:0/2233424826 learned_addr learned my addr 172.21.15.26:0/2233424826 (peer_addr_for_me v2:172.21.15.26:0/0)
2023-12-01T00:57:02.415 INFO:teuthology.orchestra.run.smithi026.stdout:/usr/bin/ceph: stderr
2023-12-01T00:57:01.259+0000 7f50c7fff700 1 -- 172.21.15.26:0/2233424826 --> [v2:172.21.15.26:3300/0,v1:172.21.15.26:6789/0] -- mon_subscribe({config=0+,monmap=0+}) v3 -- 0x7f50b8009550 con 0x7f50c81049b0
2023-12-01T00:57:02.415 INFO:teuthology.orchestra.run.smithi026.stdout:/usr/bin/ceph: stderr
2023-12-01T00:57:01.260+0000 7f50c7fff700 1 --2- 172.21.15.26:0/2233424826 >> [v2:172.21.15.26:3300/0,v1:172.21.15.26:6789/0] conn(0x7f50c81049b0 0x7f50c8107340 secure :-1 s=READY pgs=73 cs=0 l=1 rev1=1 crypto rx=0x7f50b8006ba0 tx=0x7f50b8011b00 comp rx=0 tx=0).ready entity=mon.0 client_cookie=0 server_cookie=0 in_seq=0 out_seq=0
2023-12-01T00:57:02.415 INFO:teuthology.orchestra.run.smithi026.stdout:/usr/bin/ceph: stderr
2023-12-01T00:57:01.260+0000 7f50c57fa700 1 -- 172.21.15.26:0/2233424826 <== mon.0 v2:172.21.15.26:3300/0 1 ==== mon_map magic: 0 v1 ==== 205+0+0 (secure 0 0 0) 0x7f50b80039b0 con 0x7f50c81049b0
2023-12-01T00:57:02.415 INFO:teuthology.orchestra.run.smithi026.stdout:/usr/bin/ceph: stderr
2023-12-01T00:57:01.260+0000 7f50c57fa700 1 -- 172.21.15.26:0/2233424826 <== mon.0 v2:172.21.15.26:3300/0 2 ==== config(27 keys) v1 ==== 1139+0+0 (secure 0 0 0) 0x7f50b8003b10 con 0x7f50c81049b0
2023-12-01T00:57:02.415 INFO:teuthology.orchestra.run.smithi026.stdout:/usr/bin/ceph: stderr
2023-12-01T00:57:01.260+0000 7f50ce7c5700 1 -- 172.21.15.26:0/2233424826 --> [v2:172.21.15.26:3300/0,v1:172.21.15.26:6789/0] -- mon_subscribe({mgrmap=0+}) v3 -- 0x7f50c8105990 con 0x7f50c81049b0
2023-12-01T00:57:02.415 INFO:teuthology.orchestra.run.smithi026.stdout:/usr/bin/ceph: stderr
2023-12-01T00:57:01.260+0000 7f50c57fa700 1 -- 172.21.15.26:0/2233424826 <== mon.0 v2:172.21.15.26:3300/0 3 ==== mon_map magic: 0 v1 ==== 205+0+0 (secure 0 0 0) 0x7f50b80197f0 con 0x7f50c81049b0
2023-12-01T00:57:02.415 INFO:teuthology.orchestra.run.smithi026.stdout:/usr/bin/ceph: stderr
2023-12-01T00:57:01.260+0000 7f50ce7c5700 1 -- 172.21.15.26:0/2233424826 --> [v2:172.21.15.26:3300/0,v1:172.21.15.26:6789/0] -- mon_subscribe({osdmap=0}) v3 -- 0x7f50c8105e30 con 0x7f50c81049b0
2023-12-01T00:57:02.415 INFO:teuthology.orchestra.run.smithi026.stdout:/usr/bin/ceph: stderr
2023-12-01T00:57:01.261+0000 7f50c57fa700 1 -- 172.21.15.26:0/2233424826 <== mon.0 v2:172.21.15.26:3300/0 4 ==== mgrmap(e 12) v1 ==== 45281+0+0 (secure 0 0 0) 0x7f50b8019a60 con 0x7f50c81049b0
2023-12-01T00:57:02.415 INFO:teuthology.orchestra.run.smithi026.stdout:/usr/bin/ceph: stderr
2023-12-01T00:57:01.261+0000 7f50c57fa700 1 --2- 172.21.15.26:0/2233424826 >> [v2:172.21.15.26:6800/4255346255,v1:172.21.15.26:6801/4255346255] conn(0x7f50b0038350 0x7f50b003a810 unknown :-1 s=NONE pgs=0 cs=0 l=1 rev1=0 crypto rx=0 tx=0 comp rx=0 tx=0).connect
2023-12-01T00:57:02.415 INFO:teuthology.orchestra.run.smithi026.stdout:/usr/bin/ceph: stderr
2023-12-01T00:57:01.261+0000 7f50c57fa700 1 -- 172.21.15.26:0/2233424826 <== mon.0 v2:172.21.15.26:3300/0 5 ==== osd_map(3..3 src has 1..3) v4 ==== 1155+0+0 (secure 0 0 0) 0x7f50b804c4b0 con 0x7f50c81049b0
2023-12-01T00:57:02.415 INFO:teuthology.orchestra.run.smithi026.stdout:/usr/bin/ceph: stderr
2023-12-01T00:57:01.261+0000 7f50c77fe700 1 --2- 172.21.15.26:0/2233424826 >> [v2:172.21.15.26:6800/4255346255,v1:172.21.15.26:6801/4255346255] conn(0x7f50b0038350 0x7f50b003a810 unknown :-1 s=BANNER_CONNECTING pgs=0 cs=0 l=1 rev1=0 crypto rx=0 tx=0 comp rx=0 tx=0)._handle_peer_banner_payload supported=3 required=0
2023-12-01T00:57:02.415 INFO:teuthology.orchestra.run.smithi026.stdout:/usr/bin/ceph: stderr
2023-12-01T00:57:01.261+0000 7f50ce7c5700 1 -- 172.21.15.26:0/2233424826 --> [v2:172.21.15.26:3300/0,v1:172.21.15.26:6789/0] -- mon_command({"prefix": "get_command_descriptions"} v 0) v1 -- 0x7f50c80623c0 con 0x7f50c81049b0
2023-12-01T00:57:02.415 INFO:teuthology.orchestra.run.smithi026.stdout:/usr/bin/ceph: stderr
2023-12-01T00:57:01.262+0000 7f50c77fe700 1 --2- 172.21.15.26:0/2233424826 >> [v2:172.21.15.26:6800/4255346255,v1:172.21.15.26:6801/4255346255] conn(0x7f50b0038350 0x7f50b003a810 secure :-1 s=READY pgs=8 cs=0 l=1 rev1=1 crypto rx=0x7f50bc006fd0 tx=0x7f50bc006e40 comp rx=0 tx=0).ready entity=mgr.14152 client_cookie=0 server_cookie=0 in_seq=0 out_seq=0
2023-12-01T00:57:02.415 INFO:teuthology.orchestra.run.smithi026.stdout:/usr/bin/ceph: stderr
2023-12-01T00:57:01.266+0000 7f50c57fa700 1 -- 172.21.15.26:0/2233424826 <== mon.0 v2:172.21.15.26:3300/0 6 ==== mon_command_ack([{"prefix": "get_command_descriptions"}]=0 v0) v1 ==== 72+0+180422 (secure 0 0 0) 0x7f50b802c3a0 con 0x7f50c81049b0
2023-12-01T00:57:02.416 INFO:teuthology.orchestra.run.smithi026.stdout:/usr/bin/ceph: stderr
2023-12-01T00:57:01.665+0000 7f50ce7c5700 1 -- 172.21.15.26:0/2233424826 --> [v2:172.21.15.26:6800/4255346255,v1:172.21.15.26:6801/4255346255] -- mgr_command(tid 0: {"prefix": "dashboard ac-user-create", "username": "admin", "rolename": "administrator", "force_password": true, "pwd_update_required": true, "target": ["mon-mgr", ""]}) v1 -- 0x7f50c80621e0 con 0x7f50b0038350
2023-12-01T00:57:02.416 INFO:teuthology.orchestra.run.smithi026.stdout:/usr/bin/ceph: stderr
2023-12-01T00:57:01.915+0000 7f50c57fa700 1 -- 172.21.15.26:0/2233424826 <== mgr.14152 v2:172.21.15.26:6800/4255346255 1 ==== mgr_command_reply(tid 0: 0 ) v1 ==== 8+0+252 (secure 0 0 0) 0x7f50c80621e0 con 0x7f50b0038350
2023-12-01T00:57:02.416 INFO:teuthology.orchestra.run.smithi026.stdout:/usr/bin/ceph: stderr
2023-12-01T00:57:01.918+0000 7f50ce7c5700 1 -- 172.21.15.26:0/2233424826 >> [v2:172.21.15.26:6800/4255346255,v1:172.21.15.26:6801/4255346255] conn(0x7f50b0038350 msgr2=0x7f50b003a810 secure :-1 s=STATE_CONNECTION_ESTABLISHED l=1).mark_down
2023-12-01T00:57:02.416 INFO:teuthology.orchestra.run.smithi026.stdout:/usr/bin/ceph: stderr
2023-12-01T00:57:01.918+0000 7f50ce7c5700 1 --2- 172.21.15.26:0/2233424826 >> [v2:172.21.15.26:6800/4255346255,v1:172.21.15.26:6801/4255346255] conn(0x7f50b0038350 0x7f50b003a810 secure :-1 s=READY pgs=8 cs=0 l=1 rev1=1 crypto rx=0x7f50bc006fd0 tx=0x7f50bc006e40 comp rx=0 tx=0).stop
2023-12-01T00:57:02.416 INFO:teuthology.orchestra.run.smithi026.stdout:/usr/bin/ceph: stderr
2023-12-01T00:57:01.918+0000 7f50ce7c5700 1 -- 172.21.15.26:0/2233424826 >> [v2:172.21.15.26:3300/0,v1:172.21.15.26:6789/0] conn(0x7f50c81049b0 msgr2=0x7f50c8107340 secure :-1 s=STATE_CONNECTION_ESTABLISHED l=1).mark_down
2023-12-01T00:57:02.416 INFO:teuthology.orchestra.run.smithi026.stdout:/usr/bin/ceph: stderr
2023-12-01T00:57:01.918+0000 7f50ce7c5700 1 --2- 172.21.15.26:0/2233424826 >> [v2:172.21.15.26:3300/0,v1:172.21.15.26:6789/0] conn(0x7f50c81049b0 0x7f50c8107340 secure :-1 s=READY pgs=73 cs=0 l=1 rev1=1 crypto rx=0x7f50b8006ba0 tx=0x7f50b8011b00 comp rx=0 tx=0).stop
2023-12-01T00:57:02.416 INFO:teuthology.orchestra.run.smithi026.stdout:/usr/bin/ceph: stderr
2023-12-01T00:57:01.918+0000 7f50ce7c5700 1 -- 172.21.15.26:0/2233424826 shutdown_connections
2023-12-01T00:57:02.416 INFO:teuthology.orchestra.run.smithi026.stdout:/usr/bin/ceph: stderr
2023-12-01T00:57:01.918+0000 7f50ce7c5700 1 --2- 172.21.15.26:0/2233424826 >> [v2:172.21.15.26:6800/4255346255,v1:172.21.15.26:6801/4255346255] conn(0x7f50b0038350 0x7f50b003a810 unknown :-1 s=CLOSED pgs=8 cs=0 l=1 rev1=1 crypto rx=0 tx=0 comp rx=0 tx=0).stop
2023-12-01T00:57:02.416 INFO:teuthology.orchestra.run.smithi026.stdout:/usr/bin/ceph: stderr
2023-12-01T00:57:01.918+0000 7f50ce7c5700 1 --2- 172.21.15.26:0/2233424826 >> [v2:172.21.15.26:3300/0,v1:172.21.15.26:6789/0] conn(0x7f50c81049b0 0x7f50c8107340 unknown :-1 s=CLOSED pgs=73 cs=0 l=1 rev1=1 crypto rx=0 tx=0 comp rx=0 tx=0).stop
2023-12-01T00:57:02.416 INFO:teuthology.orchestra.run.smithi026.stdout:/usr/bin/ceph: stderr
2023-12-01T00:57:01.918+0000 7f50ce7c5700 1 -- 172.21.15.26:0/2233424826 >> 172.21.15.26:0/2233424826 conn(0x7f50c81002e0 msgr2=0x7f50c8101050 unknown :-1 s=STATE_NONE l=0).mark_down
2023-12-01T00:57:02.416 INFO:teuthology.orchestra.run.smithi026.stdout:/usr/bin/ceph: stderr
2023-12-01T00:57:01.918+0000 7f50ce7c5700 1 -- 172.21.15.26:0/2233424826 shutdown_connections
2023-12-01T00:57:02.416 INFO:teuthology.orchestra.run.smithi026.stdout:/usr/bin/ceph: stderr
2023-12-01T00:57:01.918+0000 7f50ce7c5700 1 -- 172.21.15.26:0/2233424826 wait complete.
2023-12-01T00:57:02.417 INFO:teuthology.orchestra.run.smithi026.stdout:Fetching dashboard port number...
2023-12-01T00:57:02.796 INFO:journalctl@ceph.mon.a.smithi026.stdout:Dec 01 00:57:02 smithi026 ceph-mon[98801]: from='client.14166 -' entity='client.admin' cmd=[{"prefix": "dashboard ac-user-create", "username": "admin", "rolename": "administrator", "force_password": true, "pwd_update_required": true, "target": ["mon-mgr", ""]}]: dispatch
2023-12-01T00:57:02.796 INFO:journalctl@ceph.mon.a.smithi026.stdout:Dec 01 00:57:02 smithi026 ceph-mon[98801]: from='mgr.14152 172.21.15.26:0/228689379' entity='mgr.x'
2023-12-01T00:57:03.562 INFO:teuthology.orchestra.run.smithi026.stdout:/usr/bin/ceph: stdout 8443
2023-12-01T00:57:03.562 INFO:teuthology.orchestra.run.smithi026.stdout:/usr/bin/ceph: stderr
2023-12-01T00:57:02.910+0000 7f5c07820700 1 Processor -- start
2023-12-01T00:57:03.563 INFO:teuthology.orchestra.run.smithi026.stdout:/usr/bin/ceph: stderr
2023-12-01T00:57:02.910+0000 7f5c07820700 1 -- start start
2023-12-01T00:57:03.563 INFO:teuthology.orchestra.run.smithi026.stdout:/usr/bin/ceph: stderr
2023-12-01T00:57:02.910+0000 7f5c07820700 1 --2- >> [v2:172.21.15.26:3300/0,v1:172.21.15.26:6789/0] conn(0x7f5c00104fc0 0x7f5c001053e0 unknown :-1 s=NONE pgs=0 cs=0 l=0 rev1=0 crypto rx=0 tx=0 comp rx=0 tx=0).connect
2023-12-01T00:57:03.563 INFO:teuthology.orchestra.run.smithi026.stdout:/usr/bin/ceph: stderr
2023-12-01T00:57:02.910+0000 7f5c07820700 1 -- --> [v2:172.21.15.26:3300/0,v1:172.21.15.26:6789/0] -- mon_getmap magic: 0 v1 -- 0x7f5c00079e20 con 0x7f5c00104fc0
2023-12-01T00:57:03.563 INFO:teuthology.orchestra.run.smithi026.stdout:/usr/bin/ceph: stderr
2023-12-01T00:57:02.911+0000 7f5c055bc700 1 --2- >> [v2:172.21.15.26:3300/0,v1:172.21.15.26:6789/0] conn(0x7f5c00104fc0 0x7f5c001053e0 unknown :-1 s=BANNER_CONNECTING pgs=0 cs=0 l=0 rev1=0 crypto rx=0 tx=0 comp rx=0 tx=0)._handle_peer_banner_payload supported=3 required=0
2023-12-01T00:57:03.563 INFO:teuthology.orchestra.run.smithi026.stdout:/usr/bin/ceph: stderr
2023-12-01T00:57:02.911+0000 7f5c055bc700 1 --2- >> [v2:172.21.15.26:3300/0,v1:172.21.15.26:6789/0] conn(0x7f5c00104fc0 0x7f5c001053e0 unknown :-1 s=HELLO_CONNECTING pgs=0 cs=0 l=0 rev1=1 crypto rx=0 tx=0 comp rx=0 tx=0).handle_hello peer v2:172.21.15.26:3300/0 says I am v2:172.21.15.26:52476/0 (socket says 172.21.15.26:52476)
2023-12-01T00:57:03.563 INFO:teuthology.orchestra.run.smithi026.stdout:/usr/bin/ceph: stderr
2023-12-01T00:57:02.911+0000 7f5c055bc700 1 -- 172.21.15.26:0/3665878262 learned_addr learned my addr 172.21.15.26:0/3665878262 (peer_addr_for_me v2:172.21.15.26:0/0)
2023-12-01T00:57:03.563 INFO:teuthology.orchestra.run.smithi026.stdout:/usr/bin/ceph: stderr
2023-12-01T00:57:02.911+0000 7f5c055bc700 1 -- 172.21.15.26:0/3665878262 --> [v2:172.21.15.26:3300/0,v1:172.21.15.26:6789/0] -- mon_subscribe({config=0+,monmap=0+}) v3 -- 0x7f5c00079f60 con 0x7f5c00104fc0
2023-12-01T00:57:03.563 INFO:teuthology.orchestra.run.smithi026.stdout:/usr/bin/ceph: stderr
2023-12-01T00:57:02.911+0000 7f5c055bc700 1 --2- 172.21.15.26:0/3665878262 >> [v2:172.21.15.26:3300/0,v1:172.21.15.26:6789/0] conn(0x7f5c00104fc0 0x7f5c001053e0 secure :-1 s=READY pgs=74 cs=0 l=1 rev1=1 crypto rx=0x7f5bf00098a0 tx=0x7f5bf0009bb0 comp rx=0 tx=0).ready entity=mon.0 client_cookie=3e98ca9047d342c7 server_cookie=0 in_seq=0 out_seq=0
2023-12-01T00:57:03.563 INFO:teuthology.orchestra.run.smithi026.stdout:/usr/bin/ceph: stderr
2023-12-01T00:57:02.911+0000 7f5bf7fff700 1 -- 172.21.15.26:0/3665878262 <== mon.0 v2:172.21.15.26:3300/0 1 ==== mon_map magic: 0 v1 ==== 205+0+0 (secure 0 0 0) 0x7f5bf0004160 con 0x7f5c00104fc0
2023-12-01T00:57:03.564 INFO:teuthology.orchestra.run.smithi026.stdout:/usr/bin/ceph: stderr
2023-12-01T00:57:02.911+0000 7f5bf7fff700 1 -- 172.21.15.26:0/3665878262 <== mon.0 v2:172.21.15.26:3300/0 2 ==== config(27 keys) v1 ==== 1139+0+0 (secure 0 0 0) 0x7f5bf00042c0 con 0x7f5c00104fc0
2023-12-01T00:57:03.564 INFO:teuthology.orchestra.run.smithi026.stdout:/usr/bin/ceph: stderr
2023-12-01T00:57:02.911+0000 7f5bf7fff700 1 -- 172.21.15.26:0/3665878262 <== mon.0 v2:172.21.15.26:3300/0 3 ==== mon_map magic: 0 v1 ==== 205+0+0 (secure 0 0 0) 0x7f5bf0011a80 con 0x7f5c00104fc0
2023-12-01T00:57:03.564 INFO:teuthology.orchestra.run.smithi026.stdout:/usr/bin/ceph: stderr
2023-12-01T00:57:02.912+0000 7f5c07820700 1 -- 172.21.15.26:0/3665878262 >> [v2:172.21.15.26:3300/0,v1:172.21.15.26:6789/0] conn(0x7f5c00104fc0 msgr2=0x7f5c001053e0 secure :-1 s=STATE_CONNECTION_ESTABLISHED l=1).mark_down
2023-12-01T00:57:03.564 INFO:teuthology.orchestra.run.smithi026.stdout:/usr/bin/ceph: stderr
2023-12-01T00:57:02.912+0000 7f5c07820700 1 --2- 172.21.15.26:0/3665878262 >> [v2:172.21.15.26:3300/0,v1:172.21.15.26:6789/0] conn(0x7f5c00104fc0 0x7f5c001053e0 secure :-1 s=READY pgs=74 cs=0 l=1 rev1=1 crypto rx=0x7f5bf00098a0 tx=0x7f5bf0009bb0 comp rx=0 tx=0).stop
2023-12-01T00:57:03.564 INFO:teuthology.orchestra.run.smithi026.stdout:/usr/bin/ceph: stderr
2023-12-01T00:57:02.912+0000 7f5c07820700 1 -- 172.21.15.26:0/3665878262 shutdown_connections
2023-12-01T00:57:03.564 INFO:teuthology.orchestra.run.smithi026.stdout:/usr/bin/ceph: stderr
2023-12-01T00:57:02.912+0000 7f5c07820700 1 --2- 172.21.15.26:0/3665878262 >> [v2:172.21.15.26:3300/0,v1:172.21.15.26:6789/0] conn(0x7f5c00104fc0 0x7f5c001053e0 unknown :-1 s=CLOSED pgs=74 cs=0 l=1 rev1=1 crypto rx=0 tx=0 comp rx=0 tx=0).stop
2023-12-01T00:57:03.564 INFO:teuthology.orchestra.run.smithi026.stdout:/usr/bin/ceph: stderr
2023-12-01T00:57:02.912+0000 7f5c07820700 1 -- 172.21.15.26:0/3665878262 >> 172.21.15.26:0/3665878262 conn(0x7f5c00100b80 msgr2=0x7f5c00102fa0 unknown :-1 s=STATE_NONE l=0).mark_down
2023-12-01T00:57:03.564 INFO:teuthology.orchestra.run.smithi026.stdout:/usr/bin/ceph: stderr
2023-12-01T00:57:02.912+0000 7f5c07820700 1 -- 172.21.15.26:0/3665878262 shutdown_connections
2023-12-01T00:57:03.564 INFO:teuthology.orchestra.run.smithi026.stdout:/usr/bin/ceph: stderr
2023-12-01T00:57:02.912+0000 7f5c07820700 1 -- 172.21.15.26:0/3665878262 wait complete.
2023-12-01T00:57:03.565 INFO:teuthology.orchestra.run.smithi026.stdout:/usr/bin/ceph: stderr
2023-12-01T00:57:02.913+0000 7f5c07820700 1 Processor -- start
2023-12-01T00:57:03.565 INFO:teuthology.orchestra.run.smithi026.stdout:/usr/bin/ceph: stderr
2023-12-01T00:57:02.913+0000 7f5c07820700 1 -- start start
2023-12-01T00:57:03.565 INFO:teuthology.orchestra.run.smithi026.stdout:/usr/bin/ceph: stderr
2023-12-01T00:57:02.913+0000 7f5c07820700 1 --2- >> [v2:172.21.15.26:3300/0,v1:172.21.15.26:6789/0] conn(0x7f5c00104fc0 0x7f5c0019c500 unknown :-1 s=NONE pgs=0 cs=0 l=1 rev1=0 crypto rx=0 tx=0 comp rx=0 tx=0).connect
2023-12-01T00:57:03.565 INFO:teuthology.orchestra.run.smithi026.stdout:/usr/bin/ceph: stderr
2023-12-01T00:57:02.913+0000 7f5c07820700 1 -- --> [v2:172.21.15.26:3300/0,v1:172.21.15.26:6789/0] -- mon_getmap magic: 0 v1 -- 0x7f5c0019ca40 con 0x7f5c00104fc0
2023-12-01T00:57:03.565 INFO:teuthology.orchestra.run.smithi026.stdout:/usr/bin/ceph: stderr
2023-12-01T00:57:02.913+0000 7f5c055bc700 1 --2- >> [v2:172.21.15.26:3300/0,v1:172.21.15.26:6789/0] conn(0x7f5c00104fc0 0x7f5c0019c500 unknown :-1 s=BANNER_CONNECTING pgs=0 cs=0 l=1 rev1=0 crypto rx=0 tx=0 comp rx=0 tx=0)._handle_peer_banner_payload supported=3 required=0
2023-12-01T00:57:03.565 INFO:teuthology.orchestra.run.smithi026.stdout:/usr/bin/ceph: stderr
2023-12-01T00:57:02.913+0000 7f5c055bc700 1 --2- >> [v2:172.21.15.26:3300/0,v1:172.21.15.26:6789/0] conn(0x7f5c00104fc0 0x7f5c0019c500 unknown :-1 s=HELLO_CONNECTING pgs=0 cs=0 l=1 rev1=1 crypto rx=0 tx=0 comp rx=0 tx=0).handle_hello peer v2:172.21.15.26:3300/0 says I am v2:172.21.15.26:52478/0 (socket says 172.21.15.26:52478)
2023-12-01T00:57:03.565 INFO:teuthology.orchestra.run.smithi026.stdout:/usr/bin/ceph: stderr
2023-12-01T00:57:02.913+0000 7f5c055bc700 1 -- 172.21.15.26:0/41795331 learned_addr learned my addr 172.21.15.26:0/41795331 (peer_addr_for_me v2:172.21.15.26:0/0)
2023-12-01T00:57:03.565 INFO:teuthology.orchestra.run.smithi026.stdout:/usr/bin/ceph: stderr
2023-12-01T00:57:02.913+0000 7f5c055bc700 1 -- 172.21.15.26:0/41795331 --> [v2:172.21.15.26:3300/0,v1:172.21.15.26:6789/0] -- mon_subscribe({config=0+,monmap=0+}) v3 -- 0x7f5bf0009550 con 0x7f5c00104fc0
2023-12-01T00:57:03.565 INFO:teuthology.orchestra.run.smithi026.stdout:/usr/bin/ceph: stderr
2023-12-01T00:57:02.913+0000 7f5c055bc700 1 --2- 172.21.15.26:0/41795331 >> [v2:172.21.15.26:3300/0,v1:172.21.15.26:6789/0] conn(0x7f5c00104fc0 0x7f5c0019c500 secure :-1 s=READY pgs=75 cs=0 l=1 rev1=1 crypto rx=0x7f5bf0011a80 tx=0x7f5bf0011b60 comp rx=0 tx=0).ready entity=mon.0 client_cookie=0 server_cookie=0 in_seq=0 out_seq=0
2023-12-01T00:57:03.566 INFO:teuthology.orchestra.run.smithi026.stdout:/usr/bin/ceph: stderr
2023-12-01T00:57:02.913+0000 7f5bf67fc700 1 -- 172.21.15.26:0/41795331 <== mon.0 v2:172.21.15.26:3300/0 1 ==== mon_map magic: 0 v1 ==== 205+0+0 (secure 0 0 0) 0x7f5bf0003c20 con 0x7f5c00104fc0
2023-12-01T00:57:03.566 INFO:teuthology.orchestra.run.smithi026.stdout:/usr/bin/ceph: stderr
2023-12-01T00:57:02.914+0000 7f5bf67fc700 1 -- 172.21.15.26:0/41795331 <== mon.0 v2:172.21.15.26:3300/0 2 ==== config(27 keys) v1 ==== 1139+0+0 (secure 0 0 0) 0x7f5bf001a910 con 0x7f5c00104fc0
2023-12-01T00:57:03.566 INFO:teuthology.orchestra.run.smithi026.stdout:/usr/bin/ceph: stderr
2023-12-01T00:57:02.914+0000 7f5c07820700 1 -- 172.21.15.26:0/41795331 --> [v2:172.21.15.26:3300/0,v1:172.21.15.26:6789/0] -- mon_subscribe({mgrmap=0+}) v3 -- 0x7f5c0019cc40 con 0x7f5c00104fc0
2023-12-01T00:57:03.566 INFO:teuthology.orchestra.run.smithi026.stdout:/usr/bin/ceph: stderr
2023-12-01T00:57:02.914+0000 7f5bf67fc700 1 -- 172.21.15.26:0/41795331 <== mon.0 v2:172.21.15.26:3300/0 3 ==== mon_map magic: 0 v1 ==== 205+0+0 (secure 0 0 0) 0x7f5bf00199f0 con 0x7f5c00104fc0
2023-12-01T00:57:03.566 INFO:teuthology.orchestra.run.smithi026.stdout:/usr/bin/ceph: stderr
2023-12-01T00:57:02.914+0000 7f5c07820700 1 -- 172.21.15.26:0/41795331 --> [v2:172.21.15.26:3300/0,v1:172.21.15.26:6789/0] -- mon_subscribe({osdmap=0}) v3 -- 0x7f5c0019d0e0 con 0x7f5c00104fc0
2023-12-01T00:57:03.566 INFO:teuthology.orchestra.run.smithi026.stdout:/usr/bin/ceph: stderr
2023-12-01T00:57:02.914+0000 7f5bf67fc700 1 -- 172.21.15.26:0/41795331 <== mon.0 v2:172.21.15.26:3300/0 4 ==== mgrmap(e 12) v1 ==== 45281+0+0 (secure 0 0 0) 0x7f5bf0019cb0 con 0x7f5c00104fc0
2023-12-01T00:57:03.566 INFO:teuthology.orchestra.run.smithi026.stdout:/usr/bin/ceph: stderr
2023-12-01T00:57:02.915+0000 7f5bf67fc700 1 --2- 172.21.15.26:0/41795331 >> [v2:172.21.15.26:6800/4255346255,v1:172.21.15.26:6801/4255346255] conn(0x7f5bec038350 0x7f5bec03a810 unknown :-1 s=NONE pgs=0 cs=0 l=1 rev1=0 crypto rx=0 tx=0 comp rx=0 tx=0).connect
2023-12-01T00:57:03.566 INFO:teuthology.orchestra.run.smithi026.stdout:/usr/bin/ceph: stderr
