2023-12-01T00:56:21.130 INFO:teuthology.orchestra.run.smithi026.stdout:/usr/bin/ceph: stderr
2023-12-01T00:56:20.166+0000 7fa89bfff700 1 --2- 172.21.15.26:0/3402747630 >> [v2:172.21.15.26:6800/4102663452,v1:172.21.15.26:6801/4102663452] conn(0x7fa88c038260 0x7fa88c03a720 secure :-1 s=READY pgs=6 cs=0 l=1 rev1=1 crypto rx=0x7fa888006fd0 tx=0x7fa888006e40 comp rx=0 tx=0).ready entity=mgr.14100 client_cookie=0 server_cookie=0 in_seq=0 out_seq=0
2023-12-01T00:56:21.130 INFO:teuthology.orchestra.run.smithi026.stdout:/usr/bin/ceph: stderr
2023-12-01T00:56:20.171+0000 7fa899ffb700 1 -- 172.21.15.26:0/3402747630 <== mon.0 v2:172.21.15.26:3300/0 6 ==== mon_command_ack([{"prefix": "get_command_descriptions"}]=0 v0) v1 ==== 72+0+180422 (secure 0 0 0) 0x7fa890045e60 con 0x7fa89c107190
2023-12-01T00:56:21.130 INFO:teuthology.orchestra.run.smithi026.stdout:/usr/bin/ceph: stderr
2023-12-01T00:56:20.698+0000 7fa8a3128700 1 -- 172.21.15.26:0/3402747630 --> [v2:172.21.15.26:3300/0,v1:172.21.15.26:6789/0] -- mon_command({"prefix": "status", "format": "json-pretty"} v 0) v1 -- 0x7fa89c19b010 con 0x7fa89c107190
2023-12-01T00:56:21.131 INFO:teuthology.orchestra.run.smithi026.stdout:/usr/bin/ceph: stderr
2023-12-01T00:56:20.699+0000 7fa899ffb700 1 -- 172.21.15.26:0/3402747630 <== mon.0 v2:172.21.15.26:3300/0 7 ==== mon_command_ack([{"prefix": "status", "format": "json-pretty"}]=0 v0) v1 ==== 79+0+1238 (secure 0 0 0) 0x7fa89c19b010 con 0x7fa89c107190
2023-12-01T00:56:21.131 INFO:teuthology.orchestra.run.smithi026.stdout:/usr/bin/ceph: stderr
2023-12-01T00:56:20.701+0000 7fa8a3128700 1 -- 172.21.15.26:0/3402747630 >> [v2:172.21.15.26:6800/4102663452,v1:172.21.15.26:6801/4102663452] conn(0x7fa88c038260 msgr2=0x7fa88c03a720 secure :-1 s=STATE_CONNECTION_ESTABLISHED l=1).mark_down
2023-12-01T00:56:21.131 INFO:teuthology.orchestra.run.smithi026.stdout:/usr/bin/ceph: stderr
2023-12-01T00:56:20.701+0000 7fa8a3128700 1 --2- 172.21.15.26:0/3402747630 >> [v2:172.21.15.26:6800/4102663452,v1:172.21.15.26:6801/4102663452] conn(0x7fa88c038260 0x7fa88c03a720 secure :-1 s=READY pgs=6 cs=0 l=1 rev1=1 crypto rx=0x7fa888006fd0 tx=0x7fa888006e40 comp rx=0 tx=0).stop
2023-12-01T00:56:21.131 INFO:teuthology.orchestra.run.smithi026.stdout:/usr/bin/ceph: stderr
2023-12-01T00:56:20.701+0000 7fa8a3128700 1 -- 172.21.15.26:0/3402747630 >> [v2:172.21.15.26:3300/0,v1:172.21.15.26:6789/0] conn(0x7fa89c107190 msgr2=0x7fa89c19a430 secure :-1 s=STATE_CONNECTION_ESTABLISHED l=1).mark_down
2023-12-01T00:56:21.131 INFO:teuthology.orchestra.run.smithi026.stdout:/usr/bin/ceph: stderr
2023-12-01T00:56:20.701+0000 7fa8a3128700 1 --2- 172.21.15.26:0/3402747630 >> [v2:172.21.15.26:3300/0,v1:172.21.15.26:6789/0] conn(0x7fa89c107190 0x7fa89c19a430 secure :-1 s=READY pgs=19 cs=0 l=1 rev1=1 crypto rx=0x7fa890003f70 tx=0x7fa890011a90 comp rx=0 tx=0).stop
2023-12-01T00:56:21.131 INFO:teuthology.orchestra.run.smithi026.stdout:/usr/bin/ceph: stderr
2023-12-01T00:56:20.701+0000 7fa8a3128700 1 -- 172.21.15.26:0/3402747630 shutdown_connections
2023-12-01T00:56:21.131 INFO:teuthology.orchestra.run.smithi026.stdout:/usr/bin/ceph: stderr
2023-12-01T00:56:20.701+0000 7fa8a3128700 1 --2- 172.21.15.26:0/3402747630 >> [v2:172.21.15.26:6800/4102663452,v1:172.21.15.26:6801/4102663452] conn(0x7fa88c038260 0x7fa88c03a720 unknown :-1 s=CLOSED pgs=6 cs=0 l=1 rev1=1 crypto rx=0 tx=0 comp rx=0 tx=0).stop
2023-12-01T00:56:21.131 INFO:teuthology.orchestra.run.smithi026.stdout:/usr/bin/ceph: stderr
2023-12-01T00:56:20.701+0000 7fa8a3128700 1 --2- 172.21.15.26:0/3402747630 >> [v2:172.21.15.26:3300/0,v1:172.21.15.26:6789/0] conn(0x7fa89c107190 0x7fa89c19a430 unknown :-1 s=CLOSED pgs=19 cs=0 l=1 rev1=1 crypto rx=0 tx=0 comp rx=0 tx=0).stop
2023-12-01T00:56:21.131 INFO:teuthology.orchestra.run.smithi026.stdout:/usr/bin/ceph: stderr
2023-12-01T00:56:20.701+0000 7fa8a3128700 1 -- 172.21.15.26:0/3402747630 >> 172.21.15.26:0/3402747630 conn(0x7fa89c100b80 msgr2=0x7fa89c101960 unknown :-1 s=STATE_NONE l=0).mark_down
2023-12-01T00:56:21.131 INFO:teuthology.orchestra.run.smithi026.stdout:/usr/bin/ceph: stderr
2023-12-01T00:56:20.701+0000 7fa8a3128700 1 -- 172.21.15.26:0/3402747630 shutdown_connections
2023-12-01T00:56:21.132 INFO:teuthology.orchestra.run.smithi026.stdout:/usr/bin/ceph: stderr
2023-12-01T00:56:20.701+0000 7fa8a3128700 1 -- 172.21.15.26:0/3402747630 wait complete.
2023-12-01T00:56:21.132 INFO:teuthology.orchestra.run.smithi026.stdout:mgr is available
2023-12-01T00:56:22.296 INFO:journalctl@ceph.mon.a.smithi026.stdout:Dec 01 00:56:21 smithi026 ceph-mon[98801]: from='client.? 172.21.15.26:0/3672816181' entity='client.admin' cmd=[{"prefix": "config assimilate-conf"}]: dispatch
2023-12-01T00:56:22.364 INFO:teuthology.orchestra.run.smithi026.stdout:/usr/bin/ceph: stdout
2023-12-01T00:56:22.365 INFO:teuthology.orchestra.run.smithi026.stdout:/usr/bin/ceph: stdout [global]
2023-12-01T00:56:22.365 INFO:teuthology.orchestra.run.smithi026.stdout:/usr/bin/ceph: stdout fsid = 48bff570-8fe4-11ee-95a2-87774f69a715
2023-12-01T00:56:22.365 INFO:teuthology.orchestra.run.smithi026.stdout:/usr/bin/ceph: stdout mon_osd_allow_pg_remap = true
2023-12-01T00:56:22.365 INFO:teuthology.orchestra.run.smithi026.stdout:/usr/bin/ceph: stdout mon_osd_allow_primary_affinity = true
2023-12-01T00:56:22.365 INFO:teuthology.orchestra.run.smithi026.stdout:/usr/bin/ceph: stdout mon_warn_on_no_sortbitwise = false
2023-12-01T00:56:22.365 INFO:teuthology.orchestra.run.smithi026.stdout:/usr/bin/ceph: stdout osd_crush_chooseleaf_type = 0
2023-12-01T00:56:22.365 INFO:teuthology.orchestra.run.smithi026.stdout:/usr/bin/ceph: stdout
2023-12-01T00:56:22.365 INFO:teuthology.orchestra.run.smithi026.stdout:/usr/bin/ceph: stdout [mgr]
2023-12-01T00:56:22.365 INFO:teuthology.orchestra.run.smithi026.stdout:/usr/bin/ceph: stdout mgr/telemetry/nag = false
2023-12-01T00:56:22.365 INFO:teuthology.orchestra.run.smithi026.stdout:/usr/bin/ceph: stdout
2023-12-01T00:56:22.365 INFO:teuthology.orchestra.run.smithi026.stdout:/usr/bin/ceph: stdout [osd]
2023-12-01T00:56:22.366 INFO:teuthology.orchestra.run.smithi026.stdout:/usr/bin/ceph: stdout mon_osd_backfillfull_ratio = 0.85
2023-12-01T00:56:22.366 INFO:teuthology.orchestra.run.smithi026.stdout:/usr/bin/ceph: stdout mon_osd_full_ratio = 0.9
2023-12-01T00:56:22.366 INFO:teuthology.orchestra.run.smithi026.stdout:/usr/bin/ceph: stdout mon_osd_nearfull_ratio = 0.8
2023-12-01T00:56:22.366 INFO:teuthology.orchestra.run.smithi026.stdout:/usr/bin/ceph: stdout osd_map_max_advance = 10
2023-12-01T00:56:22.366 INFO:teuthology.orchestra.run.smithi026.stdout:/usr/bin/ceph: stdout osd_sloppy_crc = true
2023-12-01T00:56:22.366 INFO:teuthology.orchestra.run.smithi026.stdout:/usr/bin/ceph: stderr
2023-12-01T00:56:21.565+0000 7fd97b13b700 1 Processor -- start
2023-12-01T00:56:22.366 INFO:teuthology.orchestra.run.smithi026.stdout:/usr/bin/ceph: stderr
2023-12-01T00:56:21.565+0000 7fd97b13b700 1 -- start start
2023-12-01T00:56:22.366 INFO:teuthology.orchestra.run.smithi026.stdout:/usr/bin/ceph: stderr
2023-12-01T00:56:21.565+0000 7fd97b13b700 1 --2- >> [v2:172.21.15.26:3300/0,v1:172.21.15.26:6789/0] conn(0x7fd974105ae0 0x7fd974105f00 unknown :-1 s=NONE pgs=0 cs=0 l=0 rev1=0 crypto rx=0 tx=0 comp rx=0 tx=0).connect
2023-12-01T00:56:22.366 INFO:teuthology.orchestra.run.smithi026.stdout:/usr/bin/ceph: stderr
2023-12-01T00:56:21.565+0000 7fd97b13b700 1 -- --> [v2:172.21.15.26:3300/0,v1:172.21.15.26:6789/0] -- mon_getmap magic: 0 v1 -- 0x7fd9741064d0 con 0x7fd974105ae0
2023-12-01T00:56:22.366 INFO:teuthology.orchestra.run.smithi026.stdout:/usr/bin/ceph: stderr
2023-12-01T00:56:21.565+0000 7fd978ed7700 1 --2- >> [v2:172.21.15.26:3300/0,v1:172.21.15.26:6789/0] conn(0x7fd974105ae0 0x7fd974105f00 unknown :-1 s=BANNER_CONNECTING pgs=0 cs=0 l=0 rev1=0 crypto rx=0 tx=0 comp rx=0 tx=0)._handle_peer_banner_payload supported=3 required=0
2023-12-01T00:56:22.366 INFO:teuthology.orchestra.run.smithi026.stdout:/usr/bin/ceph: stderr
2023-12-01T00:56:21.565+0000 7fd978ed7700 1 --2- >> [v2:172.21.15.26:3300/0,v1:172.21.15.26:6789/0] conn(0x7fd974105ae0 0x7fd974105f00 unknown :-1 s=HELLO_CONNECTING pgs=0 cs=0 l=0 rev1=1 crypto rx=0 tx=0 comp rx=0 tx=0).handle_hello peer v2:172.21.15.26:3300/0 says I am v2:172.21.15.26:52220/0 (socket says 172.21.15.26:52220)
2023-12-01T00:56:22.366 INFO:teuthology.orchestra.run.smithi026.stdout:/usr/bin/ceph: stderr
2023-12-01T00:56:21.565+0000 7fd978ed7700 1 -- 172.21.15.26:0/898148286 learned_addr learned my addr 172.21.15.26:0/898148286 (peer_addr_for_me v2:172.21.15.26:0/0)
2023-12-01T00:56:22.366 INFO:teuthology.orchestra.run.smithi026.stdout:/usr/bin/ceph: stderr
2023-12-01T00:56:21.566+0000 7fd978ed7700 1 -- 172.21.15.26:0/898148286 --> [v2:172.21.15.26:3300/0,v1:172.21.15.26:6789/0] -- mon_subscribe({config=0+,monmap=0+}) v3 -- 0x7fd974106800 con 0x7fd974105ae0
2023-12-01T00:56:22.366 INFO:teuthology.orchestra.run.smithi026.stdout:/usr/bin/ceph: stderr
2023-12-01T00:56:21.566+0000 7fd978ed7700 1 --2- 172.21.15.26:0/898148286 >> [v2:172.21.15.26:3300/0,v1:172.21.15.26:6789/0] conn(0x7fd974105ae0 0x7fd974105f00 secure :-1 s=READY pgs=20 cs=0 l=1 rev1=1 crypto rx=0x7fd9680098a0 tx=0x7fd968009bb0 comp rx=0 tx=0).ready entity=mon.0 client_cookie=75e5bceaa4165c76 server_cookie=0 in_seq=0 out_seq=0
2023-12-01T00:56:22.367 INFO:teuthology.orchestra.run.smithi026.stdout:/usr/bin/ceph: stderr
2023-12-01T00:56:21.566+0000 7fd9737fe700 1 -- 172.21.15.26:0/898148286 <== mon.0 v2:172.21.15.26:3300/0 1 ==== mon_map magic: 0 v1 ==== 205+0+0 (secure 0 0 0) 0x7fd968004160 con 0x7fd974105ae0
2023-12-01T00:56:22.367 INFO:teuthology.orchestra.run.smithi026.stdout:/usr/bin/ceph: stderr
2023-12-01T00:56:21.566+0000 7fd9737fe700 1 -- 172.21.15.26:0/898148286 <== mon.0 v2:172.21.15.26:3300/0 2 ==== config(27 keys) v1 ==== 1108+0+0 (secure 0 0 0) 0x7fd9680042c0 con 0x7fd974105ae0
2023-12-01T00:56:22.367 INFO:teuthology.orchestra.run.smithi026.stdout:/usr/bin/ceph: stderr
2023-12-01T00:56:21.566+0000 7fd9737fe700 1 -- 172.21.15.26:0/898148286 <== mon.0 v2:172.21.15.26:3300/0 3 ==== mon_map magic: 0 v1 ==== 205+0+0 (secure 0 0 0) 0x7fd968011ac0 con 0x7fd974105ae0
2023-12-01T00:56:22.367 INFO:teuthology.orchestra.run.smithi026.stdout:/usr/bin/ceph: stderr
2023-12-01T00:56:21.567+0000 7fd97b13b700 1 -- 172.21.15.26:0/898148286 >> [v2:172.21.15.26:3300/0,v1:172.21.15.26:6789/0] conn(0x7fd974105ae0 msgr2=0x7fd974105f00 secure :-1 s=STATE_CONNECTION_ESTABLISHED l=1).mark_down
2023-12-01T00:56:22.367 INFO:teuthology.orchestra.run.smithi026.stdout:/usr/bin/ceph: stderr
2023-12-01T00:56:21.567+0000 7fd97b13b700 1 --2- 172.21.15.26:0/898148286 >> [v2:172.21.15.26:3300/0,v1:172.21.15.26:6789/0] conn(0x7fd974105ae0 0x7fd974105f00 secure :-1 s=READY pgs=20 cs=0 l=1 rev1=1 crypto rx=0x7fd9680098a0 tx=0x7fd968009bb0 comp rx=0 tx=0).stop
2023-12-01T00:56:22.367 INFO:teuthology.orchestra.run.smithi026.stdout:/usr/bin/ceph: stderr
2023-12-01T00:56:21.567+0000 7fd97b13b700 1 -- 172.21.15.26:0/898148286 shutdown_connections
2023-12-01T00:56:22.367 INFO:teuthology.orchestra.run.smithi026.stdout:/usr/bin/ceph: stderr
2023-12-01T00:56:21.567+0000 7fd97b13b700 1 --2- 172.21.15.26:0/898148286 >> [v2:172.21.15.26:3300/0,v1:172.21.15.26:6789/0] conn(0x7fd974105ae0 0x7fd974105f00 unknown :-1 s=CLOSED pgs=20 cs=0 l=1 rev1=1 crypto rx=0 tx=0 comp rx=0 tx=0).stop
2023-12-01T00:56:22.367 INFO:teuthology.orchestra.run.smithi026.stdout:/usr/bin/ceph: stderr
2023-12-01T00:56:21.567+0000 7fd97b13b700 1 -- 172.21.15.26:0/898148286 >> 172.21.15.26:0/898148286 conn(0x7fd974100300 msgr2=0x7fd974102740 unknown :-1 s=STATE_NONE l=0).mark_down
2023-12-01T00:56:22.367 INFO:teuthology.orchestra.run.smithi026.stdout:/usr/bin/ceph: stderr
2023-12-01T00:56:21.567+0000 7fd97b13b700 1 -- 172.21.15.26:0/898148286 shutdown_connections
2023-12-01T00:56:22.367 INFO:teuthology.orchestra.run.smithi026.stdout:/usr/bin/ceph: stderr
2023-12-01T00:56:21.567+0000 7fd97b13b700 1 -- 172.21.15.26:0/898148286 wait complete.
2023-12-01T00:56:22.367 INFO:teuthology.orchestra.run.smithi026.stdout:/usr/bin/ceph: stderr
2023-12-01T00:56:21.567+0000 7fd97b13b700 1 Processor -- start
2023-12-01T00:56:22.367 INFO:teuthology.orchestra.run.smithi026.stdout:/usr/bin/ceph: stderr
2023-12-01T00:56:21.567+0000 7fd97b13b700 1 -- start start
2023-12-01T00:56:22.367 INFO:teuthology.orchestra.run.smithi026.stdout:/usr/bin/ceph: stderr
2023-12-01T00:56:21.568+0000 7fd97b13b700 1 --2- >> [v2:172.21.15.26:3300/0,v1:172.21.15.26:6789/0] conn(0x7fd974105ae0 0x7fd97418ee10 unknown :-1 s=NONE pgs=0 cs=0 l=1 rev1=0 crypto rx=0 tx=0 comp rx=0 tx=0).connect
2023-12-01T00:56:22.367 INFO:teuthology.orchestra.run.smithi026.stdout:/usr/bin/ceph: stderr
2023-12-01T00:56:21.568+0000 7fd97b13b700 1 -- --> [v2:172.21.15.26:3300/0,v1:172.21.15.26:6789/0] -- mon_getmap magic: 0 v1 -- 0x7fd9741909a0 con 0x7fd974105ae0
2023-12-01T00:56:22.368 INFO:teuthology.orchestra.run.smithi026.stdout:/usr/bin/ceph: stderr
2023-12-01T00:56:21.568+0000 7fd978ed7700 1 --2- >> [v2:172.21.15.26:3300/0,v1:172.21.15.26:6789/0] conn(0x7fd974105ae0 0x7fd97418ee10 unknown :-1 s=BANNER_CONNECTING pgs=0 cs=0 l=1 rev1=0 crypto rx=0 tx=0 comp rx=0 tx=0)._handle_peer_banner_payload supported=3 required=0
2023-12-01T00:56:22.368 INFO:teuthology.orchestra.run.smithi026.stdout:/usr/bin/ceph: stderr
2023-12-01T00:56:21.568+0000 7fd978ed7700 1 --2- >> [v2:172.21.15.26:3300/0,v1:172.21.15.26:6789/0] conn(0x7fd974105ae0 0x7fd97418ee10 unknown :-1 s=HELLO_CONNECTING pgs=0 cs=0 l=1 rev1=1 crypto rx=0 tx=0 comp rx=0 tx=0).handle_hello peer v2:172.21.15.26:3300/0 says I am v2:172.21.15.26:52222/0 (socket says 172.21.15.26:52222)
2023-12-01T00:56:22.368 INFO:teuthology.orchestra.run.smithi026.stdout:/usr/bin/ceph: stderr
2023-12-01T00:56:21.568+0000 7fd978ed7700 1 -- 172.21.15.26:0/3672816181 learned_addr learned my addr 172.21.15.26:0/3672816181 (peer_addr_for_me v2:172.21.15.26:0/0)
2023-12-01T00:56:22.368 INFO:teuthology.orchestra.run.smithi026.stdout:/usr/bin/ceph: stderr
2023-12-01T00:56:21.568+0000 7fd978ed7700 1 -- 172.21.15.26:0/3672816181 --> [v2:172.21.15.26:3300/0,v1:172.21.15.26:6789/0] -- mon_subscribe({config=0+,monmap=0+}) v3 -- 0x7fd968009550 con 0x7fd974105ae0
2023-12-01T00:56:22.368 INFO:teuthology.orchestra.run.smithi026.stdout:/usr/bin/ceph: stderr
2023-12-01T00:56:21.568+0000 7fd978ed7700 1 --2- 172.21.15.26:0/3672816181 >> [v2:172.21.15.26:3300/0,v1:172.21.15.26:6789/0] conn(0x7fd974105ae0 0x7fd97418ee10 secure :-1 s=READY pgs=21 cs=0 l=1 rev1=1 crypto rx=0x7fd968003f70 tx=0x7fd968011a90 comp rx=0 tx=0).ready entity=mon.0 client_cookie=0 server_cookie=0 in_seq=0 out_seq=0
2023-12-01T00:56:22.368 INFO:teuthology.orchestra.run.smithi026.stdout:/usr/bin/ceph: stderr
2023-12-01T00:56:21.568+0000 7fd971ffb700 1 -- 172.21.15.26:0/3672816181 <== mon.0 v2:172.21.15.26:3300/0 1 ==== mon_map magic: 0 v1 ==== 205+0+0 (secure 0 0 0) 0x7fd968003b20 con 0x7fd974105ae0
2023-12-01T00:56:22.368 INFO:teuthology.orchestra.run.smithi026.stdout:/usr/bin/ceph: stderr
2023-12-01T00:56:21.568+0000 7fd971ffb700 1 -- 172.21.15.26:0/3672816181 <== mon.0 v2:172.21.15.26:3300/0 2 ==== config(27 keys) v1 ==== 1108+0+0 (secure 0 0 0) 0x7fd968003c80 con 0x7fd974105ae0
2023-12-01T00:56:22.368 INFO:teuthology.orchestra.run.smithi026.stdout:/usr/bin/ceph: stderr
2023-12-01T00:56:21.568+0000 7fd971ffb700 1 -- 172.21.15.26:0/3672816181 <== mon.0 v2:172.21.15.26:3300/0 3 ==== mon_map magic: 0 v1 ==== 205+0+0 (secure 0 0 0) 0x7fd9680248c0 con 0x7fd974105ae0
2023-12-01T00:56:22.368 INFO:teuthology.orchestra.run.smithi026.stdout:/usr/bin/ceph: stderr
2023-12-01T00:56:21.568+0000 7fd97b13b700 1 -- 172.21.15.26:0/3672816181 --> [v2:172.21.15.26:3300/0,v1:172.21.15.26:6789/0] -- mon_subscribe({mgrmap=0+}) v3 -- 0x7fd974190ba0 con 0x7fd974105ae0
2023-12-01T00:56:22.368 INFO:teuthology.orchestra.run.smithi026.stdout:/usr/bin/ceph: stderr
2023-12-01T00:56:21.569+0000 7fd97b13b700 1 -- 172.21.15.26:0/3672816181 --> [v2:172.21.15.26:3300/0,v1:172.21.15.26:6789/0] -- mon_subscribe({osdmap=0}) v3 -- 0x7fd97418f5a0 con 0x7fd974105ae0
2023-12-01T00:56:22.368 INFO:teuthology.orchestra.run.smithi026.stdout:/usr/bin/ceph: stderr
2023-12-01T00:56:21.569+0000 7fd971ffb700 1 -- 172.21.15.26:0/3672816181 <== mon.0 v2:172.21.15.26:3300/0 4 ==== mgrmap(e 4) v1 ==== 45257+0+0 (secure 0 0 0) 0x7fd96801ac40 con 0x7fd974105ae0
2023-12-01T00:56:22.368 INFO:teuthology.orchestra.run.smithi026.stdout:/usr/bin/ceph: stderr
2023-12-01T00:56:21.570+0000 7fd971ffb700 1 --2- 172.21.15.26:0/3672816181 >> [v2:172.21.15.26:6800/4102663452,v1:172.21.15.26:6801/4102663452] conn(0x7fd964038260 0x7fd96403a720 unknown :-1 s=NONE pgs=0 cs=0 l=1 rev1=0 crypto rx=0 tx=0 comp rx=0 tx=0).connect
2023-12-01T00:56:22.368 INFO:teuthology.orchestra.run.smithi026.stdout:/usr/bin/ceph: stderr
2023-12-01T00:56:21.570+0000 7fd971ffb700 1 -- 172.21.15.26:0/3672816181 <== mon.0 v2:172.21.15.26:3300/0 5 ==== osd_map(1..1 src has 1..1) v4 ==== 725+0+0 (secure 0 0 0) 0x7fd96804c050 con 0x7fd974105ae0
2023-12-01T00:56:22.368 INFO:teuthology.orchestra.run.smithi026.stdout:/usr/bin/ceph: stderr
2023-12-01T00:56:21.570+0000 7fd973fff700 1 --2- 172.21.15.26:0/3672816181 >> [v2:172.21.15.26:6800/4102663452,v1:172.21.15.26:6801/4102663452] conn(0x7fd964038260 0x7fd96403a720 unknown :-1 s=BANNER_CONNECTING pgs=0 cs=0 l=1 rev1=0 crypto rx=0 tx=0 comp rx=0 tx=0)._handle_peer_banner_payload supported=3 required=0
2023-12-01T00:56:22.369 INFO:teuthology.orchestra.run.smithi026.stdout:/usr/bin/ceph: stderr
2023-12-01T00:56:21.570+0000 7fd97b13b700 1 -- 172.21.15.26:0/3672816181 --> [v2:172.21.15.26:3300/0,v1:172.21.15.26:6789/0] -- mon_command({"prefix": "get_command_descriptions"} v 0) v1 -- 0x7fd9740623c0 con 0x7fd974105ae0
2023-12-01T00:56:22.369 INFO:teuthology.orchestra.run.smithi026.stdout:/usr/bin/ceph: stderr
2023-12-01T00:56:21.570+0000 7fd973fff700 1 --2- 172.21.15.26:0/3672816181 >> [v2:172.21.15.26:6800/4102663452,v1:172.21.15.26:6801/4102663452] conn(0x7fd964038260 0x7fd96403a720 secure :-1 s=READY pgs=7 cs=0 l=1 rev1=1 crypto rx=0x7fd960006fd0 tx=0x7fd960006e40 comp rx=0 tx=0).ready entity=mgr.14100 client_cookie=0 server_cookie=0 in_seq=0 out_seq=0
2023-12-01T00:56:22.369 INFO:teuthology.orchestra.run.smithi026.stdout:/usr/bin/ceph: stderr
2023-12-01T00:56:21.575+0000 7fd971ffb700 1 -- 172.21.15.26:0/3672816181 <== mon.0 v2:172.21.15.26:3300/0 6 ==== mon_command_ack([{"prefix": "get_command_descriptions"}]=0 v0) v1 ==== 72+0+180422 (secure 0 0 0) 0x7fd96802d3f0 con 0x7fd974105ae0
2023-12-01T00:56:22.369 INFO:teuthology.orchestra.run.smithi026.stdout:/usr/bin/ceph: stderr
2023-12-01T00:56:21.935+0000 7fd97b13b700 1 -- 172.21.15.26:0/3672816181 --> [v2:172.21.15.26:3300/0,v1:172.21.15.26:6789/0] -- mon_command({"prefix": "config assimilate-conf"} v 0) v1 -- 0x7fd974067280 con 0x7fd974105ae0
2023-12-01T00:56:22.369 INFO:teuthology.orchestra.run.smithi026.stdout:/usr/bin/ceph: stderr
2023-12-01T00:56:21.936+0000 7fd971ffb700 1 -- 172.21.15.26:0/3672816181 <== mon.0 v2:172.21.15.26:3300/0 7 ==== mon_command_ack([{"prefix": "config assimilate-conf"}]=0 v3) v1 ==== 70+0+373 (secure 0 0 0) 0x7fd968049020 con 0x7fd974105ae0
2023-12-01T00:56:22.369 INFO:teuthology.orchestra.run.smithi026.stdout:/usr/bin/ceph: stderr
2023-12-01T00:56:21.938+0000 7fd97b13b700 1 -- 172.21.15.26:0/3672816181 >> [v2:172.21.15.26:6800/4102663452,v1:172.21.15.26:6801/4102663452] conn(0x7fd964038260 msgr2=0x7fd96403a720 secure :-1 s=STATE_CONNECTION_ESTABLISHED l=1).mark_down
2023-12-01T00:56:22.369 INFO:teuthology.orchestra.run.smithi026.stdout:/usr/bin/ceph: stderr
2023-12-01T00:56:21.938+0000 7fd97b13b700 1 --2- 172.21.15.26:0/3672816181 >> [v2:172.21.15.26:6800/4102663452,v1:172.21.15.26:6801/4102663452] conn(0x7fd964038260 0x7fd96403a720 secure :-1 s=READY pgs=7 cs=0 l=1 rev1=1 crypto rx=0x7fd960006fd0 tx=0x7fd960006e40 comp rx=0 tx=0).stop
2023-12-01T00:56:22.369 INFO:teuthology.orchestra.run.smithi026.stdout:/usr/bin/ceph: stderr
2023-12-01T00:56:21.938+0000 7fd97b13b700 1 -- 172.21.15.26:0/3672816181 >> [v2:172.21.15.26:3300/0,v1:172.21.15.26:6789/0] conn(0x7fd974105ae0 msgr2=0x7fd97418ee10 secure :-1 s=STATE_CONNECTION_ESTABLISHED l=1).mark_down
2023-12-01T00:56:22.369 INFO:teuthology.orchestra.run.smithi026.stdout:/usr/bin/ceph: stderr
2023-12-01T00:56:21.938+0000 7fd97b13b700 1 --2- 172.21.15.26:0/3672816181 >> [v2:172.21.15.26:3300/0,v1:172.21.15.26:6789/0] conn(0x7fd974105ae0 0x7fd97418ee10 secure :-1 s=READY pgs=21 cs=0 l=1 rev1=1 crypto rx=0x7fd968003f70 tx=0x7fd968011a90 comp rx=0 tx=0).stop
2023-12-01T00:56:22.369 INFO:teuthology.orchestra.run.smithi026.stdout:/usr/bin/ceph: stderr
2023-12-01T00:56:21.938+0000 7fd97b13b700 1 -- 172.21.15.26:0/3672816181 shutdown_connections
2023-12-01T00:56:22.369 INFO:teuthology.orchestra.run.smithi026.stdout:/usr/bin/ceph: stderr
2023-12-01T00:56:21.938+0000 7fd97b13b700 1 --2- 172.21.15.26:0/3672816181 >> [v2:172.21.15.26:6800/4102663452,v1:172.21.15.26:6801/4102663452] conn(0x7fd964038260 0x7fd96403a720 unknown :-1 s=CLOSED pgs=7 cs=0 l=1 rev1=1 crypto rx=0 tx=0 comp rx=0 tx=0).stop
2023-12-01T00:56:22.369 INFO:teuthology.orchestra.run.smithi026.stdout:/usr/bin/ceph: stderr
2023-12-01T00:56:21.938+0000 7fd97b13b700 1 --2- 172.21.15.26:0/3672816181 >> [v2:172.21.15.26:3300/0,v1:172.21.15.26:6789/0] conn(0x7fd974105ae0 0x7fd97418ee10 unknown :-1 s=CLOSED pgs=21 cs=0 l=1 rev1=1 crypto rx=0 tx=0 comp rx=0 tx=0).stop
2023-12-01T00:56:22.369 INFO:teuthology.orchestra.run.smithi026.stdout:/usr/bin/ceph: stderr
2023-12-01T00:56:21.938+0000 7fd97b13b700 1 -- 172.21.15.26:0/3672816181 >> 172.21.15.26:0/3672816181 conn(0x7fd974100300 msgr2=0x7fd974104ef0 unknown :-1 s=STATE_NONE l=0).mark_down
2023-12-01T00:56:22.370 INFO:teuthology.orchestra.run.smithi026.stdout:/usr/bin/ceph: stderr
2023-12-01T00:56:21.939+0000 7fd97b13b700 1 -- 172.21.15.26:0/3672816181 shutdown_connections
2023-12-01T00:56:22.370 INFO:teuthology.orchestra.run.smithi026.stdout:/usr/bin/ceph: stderr
2023-12-01T00:56:21.939+0000 7fd97b13b700 1 -- 172.21.15.26:0/3672816181 wait complete.
2023-12-01T00:56:22.370 INFO:teuthology.orchestra.run.smithi026.stdout:Enabling cephadm module...
2023-12-01T00:56:23.666 INFO:journalctl@ceph.mon.a.smithi026.stdout:Dec 01 00:56:23 smithi026 ceph-mon[98801]: from='client.? 172.21.15.26:0/1540121673' entity='client.admin' cmd=[{"prefix": "mgr module enable", "module": "cephadm"}]: dispatch
2023-12-01T00:56:23.666 INFO:journalctl@ceph.mgr.x.smithi026.stdout:Dec 01 00:56:23 smithi026 ceph-48bff570-8fe4-11ee-95a2-87774f69a715-mgr-x[99045]: ignoring --setuser ceph since I am not root
2023-12-01T00:56:23.666 INFO:journalctl@ceph.mgr.x.smithi026.stdout:Dec 01 00:56:23 smithi026 ceph-48bff570-8fe4-11ee-95a2-87774f69a715-mgr-x[99045]: ignoring --setgroup ceph since I am not root
2023-12-01T00:56:23.666 INFO:journalctl@ceph.mgr.x.smithi026.stdout:Dec 01 00:56:23 smithi026 ceph-48bff570-8fe4-11ee-95a2-87774f69a715-mgr-x[99045]:
2023-12-01T00:56:23.569+0000 7f18e4f3d200 -1 mgr[py] Module devicehealth has missing NOTIFY_TYPES member
2023-12-01T00:56:23.666 INFO:journalctl@ceph.mgr.x.smithi026.stdout:Dec 01 00:56:23 smithi026 ceph-48bff570-8fe4-11ee-95a2-87774f69a715-mgr-x[99045]:
2023-12-01T00:56:23.664+0000 7f18e4f3d200 -1 mgr[py] Module osd_support has missing NOTIFY_TYPES member
2023-12-01T00:56:23.709 INFO:teuthology.orchestra.run.smithi026.stdout:/usr/bin/ceph: stderr
2023-12-01T00:56:22.833+0000 7fadeac17700 1 Processor -- start
2023-12-01T00:56:23.709 INFO:teuthology.orchestra.run.smithi026.stdout:/usr/bin/ceph: stderr
2023-12-01T00:56:22.834+0000 7fadeac17700 1 -- start start
2023-12-01T00:56:23.709 INFO:teuthology.orchestra.run.smithi026.stdout:/usr/bin/ceph: stderr
2023-12-01T00:56:22.834+0000 7fadeac17700 1 --2- >> [v2:172.21.15.26:3300/0,v1:172.21.15.26:6789/0] conn(0x7fade4107150 0x7fade4109540 unknown :-1 s=NONE pgs=0 cs=0 l=0 rev1=0 crypto rx=0 tx=0 comp rx=0 tx=0).connect
2023-12-01T00:56:23.710 INFO:teuthology.orchestra.run.smithi026.stdout:/usr/bin/ceph: stderr
2023-12-01T00:56:22.834+0000 7fadeac17700 1 -- --> [v2:172.21.15.26:3300/0,v1:172.21.15.26:6789/0] -- mon_getmap magic: 0 v1 -- 0x7fade4079ec0 con 0x7fade4107150
2023-12-01T00:56:23.710 INFO:teuthology.orchestra.run.smithi026.stdout:/usr/bin/ceph: stderr
2023-12-01T00:56:22.834+0000 7fade89b3700 1 --2- >> [v2:172.21.15.26:3300/0,v1:172.21.15.26:6789/0] conn(0x7fade4107150 0x7fade4109540 unknown :-1 s=BANNER_CONNECTING pgs=0 cs=0 l=0 rev1=0 crypto rx=0 tx=0 comp rx=0 tx=0)._handle_peer_banner_payload supported=3 required=0
2023-12-01T00:56:23.710 INFO:teuthology.orchestra.run.smithi026.stdout:/usr/bin/ceph: stderr
2023-12-01T00:56:22.834+0000 7fade89b3700 1 --2- >> [v2:172.21.15.26:3300/0,v1:172.21.15.26:6789/0] conn(0x7fade4107150 0x7fade4109540 unknown :-1 s=HELLO_CONNECTING pgs=0 cs=0 l=0 rev1=1 crypto rx=0 tx=0 comp rx=0 tx=0).handle_hello peer v2:172.21.15.26:3300/0 says I am v2:172.21.15.26:52226/0 (socket says 172.21.15.26:52226)
2023-12-01T00:56:23.710 INFO:teuthology.orchestra.run.smithi026.stdout:/usr/bin/ceph: stderr
2023-12-01T00:56:22.834+0000 7fade89b3700 1 -- 172.21.15.26:0/804097010 learned_addr learned my addr 172.21.15.26:0/804097010 (peer_addr_for_me v2:172.21.15.26:0/0)
2023-12-01T00:56:23.710 INFO:teuthology.orchestra.run.smithi026.stdout:/usr/bin/ceph: stderr
2023-12-01T00:56:22.834+0000 7fade89b3700 1 -- 172.21.15.26:0/804097010 --> [v2:172.21.15.26:3300/0,v1:172.21.15.26:6789/0] -- mon_subscribe({config=0+,monmap=0+}) v3 -- 0x7fade4109a80 con 0x7fade4107150
2023-12-01T00:56:23.710 INFO:teuthology.orchestra.run.smithi026.stdout:/usr/bin/ceph: stderr
2023-12-01T00:56:22.834+0000 7fade89b3700 1 --2- 172.21.15.26:0/804097010 >> [v2:172.21.15.26:3300/0,v1:172.21.15.26:6789/0] conn(0x7fade4107150 0x7fade4109540 secure :-1 s=READY pgs=22 cs=0 l=1 rev1=1 crypto rx=0x7fadd80098a0 tx=0x7fadd8009bb0 comp rx=0 tx=0).ready entity=mon.0 client_cookie=8adf4720e5f2cc88 server_cookie=0 in_seq=0 out_seq=0
2023-12-01T00:56:23.710 INFO:teuthology.orchestra.run.smithi026.stdout:/usr/bin/ceph: stderr
2023-12-01T00:56:22.835+0000 7fade37fe700 1 -- 172.21.15.26:0/804097010 <== mon.0 v2:172.21.15.26:3300/0 1 ==== mon_map magic: 0 v1 ==== 205+0+0 (secure 0 0 0) 0x7fadd8004160 con 0x7fade4107150
2023-12-01T00:56:23.710 INFO:teuthology.orchestra.run.smithi026.stdout:/usr/bin/ceph: stderr
2023-12-01T00:56:22.835+0000 7fade37fe700 1 -- 172.21.15.26:0/804097010 <== mon.0 v2:172.21.15.26:3300/0 2 ==== config(27 keys) v1 ==== 1108+0+0 (secure 0 0 0) 0x7fadd80042c0 con 0x7fade4107150
2023-12-01T00:56:23.710 INFO:teuthology.orchestra.run.smithi026.stdout:/usr/bin/ceph: stderr
2023-12-01T00:56:22.835+0000 7fade37fe700 1 -- 172.21.15.26:0/804097010 <== mon.0 v2:172.21.15.26:3300/0 3 ==== mon_map magic: 0 v1 ==== 205+0+0 (secure 0 0 0) 0x7fadd8011ac0 con 0x7fade4107150
2023-12-01T00:56:23.710 INFO:teuthology.orchestra.run.smithi026.stdout:/usr/bin/ceph: stderr
2023-12-01T00:56:22.835+0000 7fadeac17700 1 -- 172.21.15.26:0/804097010 >> [v2:172.21.15.26:3300/0,v1:172.21.15.26:6789/0] conn(0x7fade4107150 msgr2=0x7fade4109540 secure :-1 s=STATE_CONNECTION_ESTABLISHED l=1).mark_down
2023-12-01T00:56:23.711 INFO:teuthology.orchestra.run.smithi026.stdout:/usr/bin/ceph: stderr
2023-12-01T00:56:22.835+0000 7fadeac17700 1 --2- 172.21.15.26:0/804097010 >> [v2:172.21.15.26:3300/0,v1:172.21.15.26:6789/0] conn(0x7fade4107150 0x7fade4109540 secure :-1 s=READY pgs=22 cs=0 l=1 rev1=1 crypto rx=0x7fadd80098a0 tx=0x7fadd8009bb0 comp rx=0 tx=0).stop
2023-12-01T00:56:23.711 INFO:teuthology.orchestra.run.smithi026.stdout:/usr/bin/ceph: stderr
2023-12-01T00:56:22.835+0000 7fadeac17700 1 -- 172.21.15.26:0/804097010 shutdown_connections
2023-12-01T00:56:23.711 INFO:teuthology.orchestra.run.smithi026.stdout:/usr/bin/ceph: stderr
2023-12-01T00:56:22.835+0000 7fadeac17700 1 --2- 172.21.15.26:0/804097010 >> [v2:172.21.15.26:3300/0,v1:172.21.15.26:6789/0] conn(0x7fade4107150 0x7fade4109540 unknown :-1 s=CLOSED pgs=22 cs=0 l=1 rev1=1 crypto rx=0 tx=0 comp rx=0 tx=0).stop
2023-12-01T00:56:23.711 INFO:teuthology.orchestra.run.smithi026.stdout:/usr/bin/ceph: stderr
2023-12-01T00:56:22.835+0000 7fadeac17700 1 -- 172.21.15.26:0/804097010 >> 172.21.15.26:0/804097010 conn(0x7fade4100b80 msgr2=0x7fade4102fc0 unknown :-1 s=STATE_NONE l=0).mark_down
2023-12-01T00:56:23.711 INFO:teuthology.orchestra.run.smithi026.stdout:/usr/bin/ceph: stderr
2023-12-01T00:56:22.835+0000 7fadeac17700 1 -- 172.21.15.26:0/804097010 shutdown_connections
2023-12-01T00:56:23.711 INFO:teuthology.orchestra.run.smithi026.stdout:/usr/bin/ceph: stderr
2023-12-01T00:56:22.835+0000 7fadeac17700 1 -- 172.21.15.26:0/804097010 wait complete.
2023-12-01T00:56:23.711 INFO:teuthology.orchestra.run.smithi026.stdout:/usr/bin/ceph: stderr
2023-12-01T00:56:22.836+0000 7fadeac17700 1 Processor -- start
2023-12-01T00:56:23.711 INFO:teuthology.orchestra.run.smithi026.stdout:/usr/bin/ceph: stderr
2023-12-01T00:56:22.836+0000 7fadeac17700 1 -- start start
2023-12-01T00:56:23.711 INFO:teuthology.orchestra.run.smithi026.stdout:/usr/bin/ceph: stderr
2023-12-01T00:56:22.836+0000 7fadeac17700 1 --2- >> [v2:172.21.15.26:3300/0,v1:172.21.15.26:6789/0] conn(0x7fade4107150 0x7fade419a430 unknown :-1 s=NONE pgs=0 cs=0 l=1 rev1=0 crypto rx=0 tx=0 comp rx=0 tx=0).connect
2023-12-01T00:56:23.712 INFO:teuthology.orchestra.run.smithi026.stdout:/usr/bin/ceph: stderr
2023-12-01T00:56:22.836+0000 7fadeac17700 1 -- --> [v2:172.21.15.26:3300/0,v1:172.21.15.26:6789/0] -- mon_getmap magic: 0 v1 -- 0x7fade419a970 con 0x7fade4107150
2023-12-01T00:56:23.712 INFO:teuthology.orchestra.run.smithi026.stdout:/usr/bin/ceph: stderr
2023-12-01T00:56:22.836+0000 7fade89b3700 1 --2- >> [v2:172.21.15.26:3300/0,v1:172.21.15.26:6789/0] conn(0x7fade4107150 0x7fade419a430 unknown :-1 s=BANNER_CONNECTING pgs=0 cs=0 l=1 rev1=0 crypto rx=0 tx=0 comp rx=0 tx=0)._handle_peer_banner_payload supported=3 required=0
2023-12-01T00:56:23.712 INFO:teuthology.orchestra.run.smithi026.stdout:/usr/bin/ceph: stderr
2023-12-01T00:56:22.836+0000 7fade89b3700 1 --2- >> [v2:172.21.15.26:3300/0,v1:172.21.15.26:6789/0] conn(0x7fade4107150 0x7fade419a430 unknown :-1 s=HELLO_CONNECTING pgs=0 cs=0 l=1 rev1=1 crypto rx=0 tx=0 comp rx=0 tx=0).handle_hello peer v2:172.21.15.26:3300/0 says I am v2:172.21.15.26:52228/0 (socket says 172.21.15.26:52228)
2023-12-01T00:56:23.712 INFO:teuthology.orchestra.run.smithi026.stdout:/usr/bin/ceph: stderr
2023-12-01T00:56:22.836+0000 7fade89b3700 1 -- 172.21.15.26:0/1540121673 learned_addr learned my addr 172.21.15.26:0/1540121673 (peer_addr_for_me v2:172.21.15.26:0/0)
2023-12-01T00:56:23.712 INFO:teuthology.orchestra.run.smithi026.stdout:/usr/bin/ceph: stderr
2023-12-01T00:56:22.836+0000 7fade89b3700 1 -- 172.21.15.26:0/1540121673 --> [v2:172.21.15.26:3300/0,v1:172.21.15.26:6789/0] -- mon_subscribe({config=0+,monmap=0+}) v3 -- 0x7fadd8009550 con 0x7fade4107150
2023-12-01T00:56:23.712 INFO:teuthology.orchestra.run.smithi026.stdout:/usr/bin/ceph: stderr
2023-12-01T00:56:22.837+0000 7fade89b3700 1 --2- 172.21.15.26:0/1540121673 >> [v2:172.21.15.26:3300/0,v1:172.21.15.26:6789/0] conn(0x7fade4107150 0x7fade419a430 secure :-1 s=READY pgs=23 cs=0 l=1 rev1=1 crypto rx=0x7fadd8003f70 tx=0x7fadd8011a90 comp rx=0 tx=0).ready entity=mon.0 client_cookie=0 server_cookie=0 in_seq=0 out_seq=0
2023-12-01T00:56:23.712 INFO:teuthology.orchestra.run.smithi026.stdout:/usr/bin/ceph: stderr
2023-12-01T00:56:22.837+0000 7fade1ffb700 1 -- 172.21.15.26:0/1540121673 <== mon.0 v2:172.21.15.26:3300/0 1 ==== mon_map magic: 0 v1 ==== 205+0+0 (secure 0 0 0) 0x7fadd8003b20 con 0x7fade4107150
2023-12-01T00:56:23.712 INFO:teuthology.orchestra.run.smithi026.stdout:/usr/bin/ceph: stderr
2023-12-01T00:56:22.837+0000 7fade1ffb700 1 -- 172.21.15.26:0/1540121673 <== mon.0 v2:172.21.15.26:3300/0 2 ==== config(27 keys) v1 ==== 1108+0+0 (secure 0 0 0) 0x7fadd8003c80 con 0x7fade4107150
2023-12-01T00:56:23.712 INFO:teuthology.orchestra.run.smithi026.stdout:/usr/bin/ceph: stderr
2023-12-01T00:56:22.837+0000 7fadeac17700 1 -- 172.21.15.26:0/1540121673 --> [v2:172.21.15.26:3300/0,v1:172.21.15.26:6789/0] -- mon_subscribe({mgrmap=0+}) v3 -- 0x7fade419ab70 con 0x7fade4107150
2023-12-01T00:56:23.712 INFO:teuthology.orchestra.run.smithi026.stdout:/usr/bin/ceph: stderr
2023-12-01T00:56:22.837+0000 7fade1ffb700 1 -- 172.21.15.26:0/1540121673 <== mon.0 v2:172.21.15.26:3300/0 3 ==== mon_map magic: 0 v1 ==== 205+0+0 (secure 0 0 0) 0x7fadd80248c0 con 0x7fade4107150
2023-12-01T00:56:23.712 INFO:teuthology.orchestra.run.smithi026.stdout:/usr/bin/ceph: stderr
2023-12-01T00:56:22.837+0000 7fadeac17700 1 -- 172.21.15.26:0/1540121673 --> [v2:172.21.15.26:3300/0,v1:172.21.15.26:6789/0] -- mon_subscribe({osdmap=0}) v3 -- 0x7fade419b800 con 0x7fade4107150
2023-12-01T00:56:23.713 INFO:teuthology.orchestra.run.smithi026.stdout:/usr/bin/ceph: stderr
2023-12-01T00:56:22.838+0000 7fade1ffb700 1 -- 172.21.15.26:0/1540121673 <== mon.0 v2:172.21.15.26:3300/0 4 ==== mgrmap(e 4) v1 ==== 45257+0+0 (secure 0 0 0) 0x7fadd8024b30 con 0x7fade4107150
2023-12-01T00:56:23.713 INFO:teuthology.orchestra.run.smithi026.stdout:/usr/bin/ceph: stderr
2023-12-01T00:56:22.838+0000 7fade1ffb700 1 --2- 172.21.15.26:0/1540121673 >> [v2:172.21.15.26:6800/4102663452,v1:172.21.15.26:6801/4102663452] conn(0x7fadd4038300 0x7fadd403a7c0 unknown :-1 s=NONE pgs=0 cs=0 l=1 rev1=0 crypto rx=0 tx=0 comp rx=0 tx=0).connect
2023-12-01T00:56:23.713 INFO:teuthology.orchestra.run.smithi026.stdout:/usr/bin/ceph: stderr
2023-12-01T00:56:22.838+0000 7fade1ffb700 1 -- 172.21.15.26:0/1540121673 <== mon.0 v2:172.21.15.26:3300/0 5 ==== osd_map(1..1 src has 1..1) v4 ==== 725+0+0 (secure 0 0 0) 0x7fadd804c110 con 0x7fade4107150
2023-12-01T00:56:23.713 INFO:teuthology.orchestra.run.smithi026.stdout:/usr/bin/ceph: stderr
2023-12-01T00:56:22.838+0000 7fade3fff700 1 --2- 172.21.15.26:0/1540121673 >> [v2:172.21.15.26:6800/4102663452,v1:172.21.15.26:6801/4102663452] conn(0x7fadd4038300 0x7fadd403a7c0 unknown :-1 s=BANNER_CONNECTING pgs=0 cs=0 l=1 rev1=0 crypto rx=0 tx=0 comp rx=0 tx=0)._handle_peer_banner_payload supported=3 required=0
2023-12-01T00:56:23.713 INFO:teuthology.orchestra.run.smithi026.stdout:/usr/bin/ceph: stderr
2023-12-01T00:56:22.838+0000 7fadeac17700 1 -- 172.21.15.26:0/1540121673 --> [v2:172.21.15.26:3300/0,v1:172.21.15.26:6789/0] -- mon_command({"prefix": "get_command_descriptions"} v 0) v1 -- 0x7fade419b010 con 0x7fade4107150
2023-12-01T00:56:23.713 INFO:teuthology.orchestra.run.smithi026.stdout:/usr/bin/ceph: stderr
2023-12-01T00:56:22.839+0000 7fade3fff700 1 --2- 172.21.15.26:0/1540121673 >> [v2:172.21.15.26:6800/4102663452,v1:172.21.15.26:6801/4102663452] conn(0x7fadd4038300 0x7fadd403a7c0 secure :-1 s=READY pgs=8 cs=0 l=1 rev1=1 crypto rx=0x7fadd0006fd0 tx=0x7fadd0006e40 comp rx=0 tx=0).ready entity=mgr.14100 client_cookie=0 server_cookie=0 in_seq=0 out_seq=0
2023-12-01T00:56:23.713 INFO:teuthology.orchestra.run.smithi026.stdout:/usr/bin/ceph: stderr
2023-12-01T00:56:22.843+0000 7fade1ffb700 1 -- 172.21.15.26:0/1540121673 <== mon.0 v2:172.21.15.26:3300/0 6 ==== mon_command_ack([{"prefix": "get_command_descriptions"}]=0 v0) v1 ==== 72+0+180422 (secure 0 0 0) 0x7fade419b010 con 0x7fade4107150
2023-12-01T00:56:23.713 INFO:teuthology.orchestra.run.smithi026.stdout:/usr/bin/ceph: stderr
2023-12-01T00:56:23.317+0000 7fadeac17700 1 -- 172.21.15.26:0/1540121673 --> [v2:172.21.15.26:3300/0,v1:172.21.15.26:6789/0] -- mon_command({"prefix": "mgr module enable", "module": "cephadm"} v 0) v1 -- 0x7fade419b010 con 0x7fade4107150
2023-12-01T00:56:23.713 INFO:teuthology.orchestra.run.smithi026.stdout:/usr/bin/ceph: stderr
2023-12-01T00:56:23.370+0000 7fade1ffb700 1 -- 172.21.15.26:0/1540121673 <== mon.0 v2:172.21.15.26:3300/0 7 ==== mgrmap(e 5) v1 ==== 45268+0+0 (secure 0 0 0) 0x7fadd8018350 con 0x7fade4107150
2023-12-01T00:56:23.713 INFO:teuthology.orchestra.run.smithi026.stdout:/usr/bin/ceph: stderr
2023-12-01T00:56:23.372+0000 7fade1ffb700 1 -- 172.21.15.26:0/1540121673 <== mon.0 v2:172.21.15.26:3300/0 8 ==== mon_command_ack([{"prefix": "mgr module enable", "module": "cephadm"}]=0 v5) v1 ==== 86+0+0 (secure 0 0 0) 0x7fadd801a9d0 con 0x7fade4107150
2023-12-01T00:56:23.713 INFO:teuthology.orchestra.run.smithi026.stdout:/usr/bin/ceph: stderr
2023-12-01T00:56:23.375+0000 7fadeac17700 1 -- 172.21.15.26:0/1540121673 >> [v2:172.21.15.26:6800/4102663452,v1:172.21.15.26:6801/4102663452] conn(0x7fadd4038300 msgr2=0x7fadd403a7c0 secure :-1 s=STATE_CONNECTION_ESTABLISHED l=1).mark_down
2023-12-01T00:56:23.713 INFO:teuthology.orchestra.run.smithi026.stdout:/usr/bin/ceph: stderr
2023-12-01T00:56:23.375+0000 7fadeac17700 1 --2- 172.21.15.26:0/1540121673 >> [v2:172.21.15.26:6800/4102663452,v1:172.21.15.26:6801/4102663452] conn(0x7fadd4038300 0x7fadd403a7c0 secure :-1 s=READY pgs=8 cs=0 l=1 rev1=1 crypto rx=0x7fadd0006fd0 tx=0x7fadd0006e40 comp rx=0 tx=0).stop
2023-12-01T00:56:23.713 INFO:teuthology.orchestra.run.smithi026.stdout:/usr/bin/ceph: stderr
2023-12-01T00:56:23.375+0000 7fadeac17700 1 -- 172.21.15.26:0/1540121673 >> [v2:172.21.15.26:3300/0,v1:172.21.15.26:6789/0] conn(0x7fade4107150 msgr2=0x7fade419a430 secure :-1 s=STATE_CONNECTION_ESTABLISHED l=1).mark_down
2023-12-01T00:56:23.714 INFO:teuthology.orchestra.run.smithi026.stdout:/usr/bin/ceph: stderr
2023-12-01T00:56:23.375+0000 7fadeac17700 1 --2- 172.21.15.26:0/1540121673 >> [v2:172.21.15.26:3300/0,v1:172.21.15.26:6789/0] conn(0x7fade4107150 0x7fade419a430 secure :-1 s=READY pgs=23 cs=0 l=1 rev1=1 crypto rx=0x7fadd8003f70 tx=0x7fadd8011a90 comp rx=0 tx=0).stop
2023-12-01T00:56:23.714 INFO:teuthology.orchestra.run.smithi026.stdout:/usr/bin/ceph: stderr
2023-12-01T00:56:23.375+0000 7fadeac17700 1 -- 172.21.15.26:0/1540121673 shutdown_connections
2023-12-01T00:56:23.714 INFO:teuthology.orchestra.run.smithi026.stdout:/usr/bin/ceph: stderr
2023-12-01T00:56:23.375+0000 7fadeac17700 1 --2- 172.21.15.26:0/1540121673 >> [v2:172.21.15.26:6800/4102663452,v1:172.21.15.26:6801/4102663452] conn(0x7fadd4038300 0x7fadd403a7c0 unknown :-1 s=CLOSED pgs=8 cs=0 l=1 rev1=1 crypto rx=0 tx=0 comp rx=0 tx=0).stop
2023-12-01T00:56:23.714 INFO:teuthology.orchestra.run.smithi026.stdout:/usr/bin/ceph: stderr
2023-12-01T00:56:23.375+0000 7fadeac17700 1 --2- 172.21.15.26:0/1540121673 >> [v2:172.21.15.26:3300/0,v1:172.21.15.26:6789/0] conn(0x7fade4107150 0x7fade419a430 unknown :-1 s=CLOSED pgs=23 cs=0 l=1 rev1=1 crypto rx=0 tx=0 comp rx=0 tx=0).stop
2023-12-01T00:56:23.714 INFO:teuthology.orchestra.run.smithi026.stdout:/usr/bin/ceph: stderr
2023-12-01T00:56:23.375+0000 7fadeac17700 1 -- 172.21.15.26:0/1540121673 >> 172.21.15.26:0/1540121673 conn(0x7fade4100b80 msgr2=0x7fade4101920 unknown :-1 s=STATE_NONE l=0).mark_down
2023-12-01T00:56:23.714 INFO:teuthology.orchestra.run.smithi026.stdout:/usr/bin/ceph: stderr
2023-12-01T00:56:23.375+0000 7fadeac17700 1 -- 172.21.15.26:0/1540121673 shutdown_connections
2023-12-01T00:56:23.714 INFO:teuthology.orchestra.run.smithi026.stdout:/usr/bin/ceph: stderr
2023-12-01T00:56:23.375+0000 7fadeac17700 1 -- 172.21.15.26:0/1540121673 wait complete.
2023-12-01T00:56:23.934 INFO:journalctl@ceph.mgr.x.smithi026.stdout:Dec 01 00:56:23 smithi026 ceph-48bff570-8fe4-11ee-95a2-87774f69a715-mgr-x[99045]:
2023-12-01T00:56:23.778+0000 7f18e4f3d200 -1 mgr[py] Module snap_schedule has missing NOTIFY_TYPES member
2023-12-01T00:56:23.935 INFO:journalctl@ceph.mgr.x.smithi026.stdout:Dec 01 00:56:23 smithi026 ceph-48bff570-8fe4-11ee-95a2-87774f69a715-mgr-x[99045]:
2023-12-01T00:56:23.890+0000 7f18e4f3d200 -1 mgr[py] Module zabbix has missing NOTIFY_TYPES member
2023-12-01T00:56:24.296 INFO:journalctl@ceph.mgr.x.smithi026.stdout:Dec 01 00:56:24 smithi026 ceph-48bff570-8fe4-11ee-95a2-87774f69a715-mgr-x[99045]:
2023-12-01T00:56:24.104+0000 7f18e4f3d200 -1 mgr[py] Module crash has missing NOTIFY_TYPES member
2023-12-01T00:56:24.709 INFO:journalctl@ceph.mgr.x.smithi026.stdout:Dec 01 00:56:24 smithi026 ceph-48bff570-8fe4-11ee-95a2-87774f69a715-mgr-x[99045]:
2023-12-01T00:56:24.581+0000 7f18e4f3d200 -1 mgr[py] Module prometheus has missing NOTIFY_TYPES member
2023-12-01T00:56:24.710 INFO:journalctl@ceph.mon.a.smithi026.stdout:Dec 01 00:56:24 smithi026 ceph-mon[98801]: from='client.? 172.21.15.26:0/1540121673' entity='client.admin' cmd='[{"prefix": "mgr module enable", "module": "cephadm"}]': finished
2023-12-01T00:56:24.710 INFO:journalctl@ceph.mon.a.smithi026.stdout:Dec 01 00:56:24 smithi026 ceph-mon[98801]: mgrmap e5: x(active, since 9s)
2023-12-01T00:56:24.965 INFO:journalctl@ceph.mgr.x.smithi026.stdout:Dec 01 00:56:24 smithi026 ceph-48bff570-8fe4-11ee-95a2-87774f69a715-mgr-x[99045]:
2023-12-01T00:56:24.735+0000 7f18e4f3d200 -1 mgr[py] Module status has missing NOTIFY_TYPES member
2023-12-01T00:56:24.966 INFO:journalctl@ceph.mgr.x.smithi026.stdout:Dec 01 00:56:24 smithi026 ceph-48bff570-8fe4-11ee-95a2-87774f69a715-mgr-x[99045]:
2023-12-01T00:56:24.849+0000 7f18e4f3d200 -1 mgr[py] Module selftest has missing NOTIFY_TYPES member
2023-12-01T00:56:24.966 INFO:journalctl@ceph.mgr.x.smithi026.stdout:Dec 01 00:56:24 smithi026 ceph-48bff570-8fe4-11ee-95a2-87774f69a715-mgr-x[99045]:
2023-12-01T00:56:24.964+0000 7f18e4f3d200 -1 mgr[py] Module alerts has missing NOTIFY_TYPES member
2023-12-01T00:56:25.056 INFO:teuthology.orchestra.run.smithi026.stdout:/usr/bin/ceph: stdout {
2023-12-01T00:56:25.056 INFO:teuthology.orchestra.run.smithi026.stdout:/usr/bin/ceph: stdout "epoch": 5,
2023-12-01T00:56:25.056 INFO:teuthology.orchestra.run.smithi026.stdout:/usr/bin/ceph: stdout "available": true,
2023-12-01T00:56:25.056 INFO:teuthology.orchestra.run.smithi026.stdout:/usr/bin/ceph: stdout "active_name": "x",
2023-12-01T00:56:25.056 INFO:teuthology.orchestra.run.smithi026.stdout:/usr/bin/ceph: stdout "num_standby": 0
2023-12-01T00:56:25.056 INFO:teuthology.orchestra.run.smithi026.stdout:/usr/bin/ceph: stdout }
2023-12-01T00:56:25.056 INFO:teuthology.orchestra.run.smithi026.stdout:/usr/bin/ceph: stderr
2023-12-01T00:56:24.199+0000 7f0636b0c700 1 Processor -- start
2023-12-01T00:56:25.056 INFO:teuthology.orchestra.run.smithi026.stdout:/usr/bin/ceph: stderr
2023-12-01T00:56:24.199+0000 7f0636b0c700 1 -- start start
2023-12-01T00:56:25.056 INFO:teuthology.orchestra.run.smithi026.stdout:/usr/bin/ceph: stderr
2023-12-01T00:56:24.200+0000 7f0636b0c700 1 --2- >> [v2:172.21.15.26:3300/0,v1:172.21.15.26:6789/0] conn(0x7f06301055e0 0x7f0630105a00 unknown :-1 s=NONE pgs=0 cs=0 l=0 rev1=0 crypto rx=0 tx=0 comp rx=0 tx=0).connect
2023-12-01T00:56:25.057 INFO:teuthology.orchestra.run.smithi026.stdout:/usr/bin/ceph: stderr
2023-12-01T00:56:24.200+0000 7f0636b0c700 1 -- --> [v2:172.21.15.26:3300/0,v1:172.21.15.26:6789/0] -- mon_getmap magic: 0 v1 -- 0x7f0630105fd0 con 0x7f06301055e0
2023-12-01T00:56:25.057 INFO:teuthology.orchestra.run.smithi026.stdout:/usr/bin/ceph: stderr
2023-12-01T00:56:24.200+0000 7f06348a8700 1 --2- >> [v2:172.21.15.26:3300/0,v1:172.21.15.26:6789/0] conn(0x7f06301055e0 0x7f0630105a00 unknown :-1 s=BANNER_CONNECTING pgs=0 cs=0 l=0 rev1=0 crypto rx=0 tx=0 comp rx=0 tx=0)._handle_peer_banner_payload supported=3 required=0
2023-12-01T00:56:25.057 INFO:teuthology.orchestra.run.smithi026.stdout:/usr/bin/ceph: stderr
2023-12-01T00:56:24.200+0000 7f06348a8700 1 --2- >> [v2:172.21.15.26:3300/0,v1:172.21.15.26:6789/0] conn(0x7f06301055e0 0x7f0630105a00 unknown :-1 s=HELLO_CONNECTING pgs=0 cs=0 l=0 rev1=1 crypto rx=0 tx=0 comp rx=0 tx=0).handle_hello peer v2:172.21.15.26:3300/0 says I am v2:172.21.15.26:52242/0 (socket says 172.21.15.26:52242)
2023-12-01T00:56:25.057 INFO:teuthology.orchestra.run.smithi026.stdout:/usr/bin/ceph: stderr
2023-12-01T00:56:24.200+0000 7f06348a8700 1 -- 172.21.15.26:0/3871451854 learned_addr learned my addr 172.21.15.26:0/3871451854 (peer_addr_for_me v2:172.21.15.26:0/0)
2023-12-01T00:56:25.057 INFO:teuthology.orchestra.run.smithi026.stdout:/usr/bin/ceph: stderr
2023-12-01T00:56:24.200+0000 7f06348a8700 1 -- 172.21.15.26:0/3871451854 --> [v2:172.21.15.26:3300/0,v1:172.21.15.26:6789/0] -- mon_subscribe({config=0+,monmap=0+}) v3 -- 0x7f06301067e0 con 0x7f06301055e0
2023-12-01T00:56:25.057 INFO:teuthology.orchestra.run.smithi026.stdout:/usr/bin/ceph: stderr
2023-12-01T00:56:24.200+0000 7f06348a8700 1 --2- 172.21.15.26:0/3871451854 >> [v2:172.21.15.26:3300/0,v1:172.21.15.26:6789/0] conn(0x7f06301055e0 0x7f0630105a00 secure :-1 s=READY pgs=26 cs=0 l=1 rev1=1 crypto rx=0x7f06240098a0 tx=0x7f0624009bb0 comp rx=0 tx=0).ready entity=mon.0 client_cookie=cf9dc3d63ed4834f server_cookie=0 in_seq=0 out_seq=0
2023-12-01T00:56:25.057 INFO:teuthology.orchestra.run.smithi026.stdout:/usr/bin/ceph: stderr
2023-12-01T00:56:24.201+0000 7f062f7fe700 1 -- 172.21.15.26:0/3871451854 <== mon.0 v2:172.21.15.26:3300/0 1 ==== mon_map magic: 0 v1 ==== 205+0+0 (secure 0 0 0) 0x7f0624004160 con 0x7f06301055e0
2023-12-01T00:56:25.057 INFO:teuthology.orchestra.run.smithi026.stdout:/usr/bin/ceph: stderr
2023-12-01T00:56:24.201+0000 7f062f7fe700 1 -- 172.21.15.26:0/3871451854 <== mon.0 v2:172.21.15.26:3300/0 2 ==== config(27 keys) v1 ==== 1108+0+0 (secure 0 0 0) 0x7f06240042c0 con 0x7f06301055e0
2023-12-01T00:56:25.057 INFO:teuthology.orchestra.run.smithi026.stdout:/usr/bin/ceph: stderr
2023-12-01T00:56:24.201+0000 7f062f7fe700 1 -- 172.21.15.26:0/3871451854 <== mon.0 v2:172.21.15.26:3300/0 3 ==== mon_map magic: 0 v1 ==== 205+0+0 (secure 0 0 0) 0x7f0624011ac0 con 0x7f06301055e0
2023-12-01T00:56:25.057 INFO:teuthology.orchestra.run.smithi026.stdout:/usr/bin/ceph: stderr
2023-12-01T00:56:24.201+0000 7f0636b0c700 1 -- 172.21.15.26:0/3871451854 >> [v2:172.21.15.26:3300/0,v1:172.21.15.26:6789/0] conn(0x7f06301055e0 msgr2=0x7f0630105a00 secure :-1 s=STATE_CONNECTION_ESTABLISHED l=1).mark_down
2023-12-01T00:56:25.057 INFO:teuthology.orchestra.run.smithi026.stdout:/usr/bin/ceph: stderr
2023-12-01T00:56:24.201+0000 7f0636b0c700 1 --2- 172.21.15.26:0/3871451854 >> [v2:172.21.15.26:3300/0,v1:172.21.15.26:6789/0] conn(0x7f06301055e0 0x7f0630105a00 secure :-1 s=READY pgs=26 cs=0 l=1 rev1=1 crypto rx=0x7f06240098a0 tx=0x7f0624009bb0 comp rx=0 tx=0).stop
2023-12-01T00:56:25.057 INFO:teuthology.orchestra.run.smithi026.stdout:/usr/bin/ceph: stderr
2023-12-01T00:56:24.201+0000 7f0636b0c700 1 -- 172.21.15.26:0/3871451854 shutdown_connections
2023-12-01T00:56:25.057 INFO:teuthology.orchestra.run.smithi026.stdout:/usr/bin/ceph: stderr
2023-12-01T00:56:24.201+0000 7f0636b0c700 1 --2- 172.21.15.26:0/3871451854 >> [v2:172.21.15.26:3300/0,v1:172.21.15.26:6789/0] conn(0x7f06301055e0 0x7f0630105a00 unknown :-1 s=CLOSED pgs=26 cs=0 l=1 rev1=1 crypto rx=0 tx=0 comp rx=0 tx=0).stop
2023-12-01T00:56:25.057 INFO:teuthology.orchestra.run.smithi026.stdout:/usr/bin/ceph: stderr
2023-12-01T00:56:24.201+0000 7f0636b0c700 1 -- 172.21.15.26:0/3871451854 >> 172.21.15.26:0/3871451854 conn(0x7f0630100b80 msgr2=0x7f0630102fc0 unknown :-1 s=STATE_NONE l=0).mark_down
2023-12-01T00:56:25.057 INFO:teuthology.orchestra.run.smithi026.stdout:/usr/bin/ceph: stderr
2023-12-01T00:56:24.201+0000 7f0636b0c700 1 -- 172.21.15.26:0/3871451854 shutdown_connections
2023-12-01T00:56:25.058 INFO:teuthology.orchestra.run.smithi026.stdout:/usr/bin/ceph: stderr
2023-12-01T00:56:24.201+0000 7f0636b0c700 1 -- 172.21.15.26:0/3871451854 wait complete.
2023-12-01T00:56:25.058 INFO:teuthology.orchestra.run.smithi026.stdout:/usr/bin/ceph: stderr
2023-12-01T00:56:24.202+0000 7f0636b0c700 1 Processor -- start
2023-12-01T00:56:25.058 INFO:teuthology.orchestra.run.smithi026.stdout:/usr/bin/ceph: stderr
2023-12-01T00:56:24.202+0000 7f0636b0c700 1 -- start start
2023-12-01T00:56:25.058 INFO:teuthology.orchestra.run.smithi026.stdout:/usr/bin/ceph: stderr
2023-12-01T00:56:24.203+0000 7f0636b0c700 1 --2- >> [v2:172.21.15.26:3300/0,v1:172.21.15.26:6789/0] conn(0x7f06301055e0 0x7f063019d0f0 unknown :-1 s=NONE pgs=0 cs=0 l=1 rev1=0 crypto rx=0 tx=0 comp rx=0 tx=0).connect
2023-12-01T00:56:25.058 INFO:teuthology.orchestra.run.smithi026.stdout:/usr/bin/ceph: stderr
2023-12-01T00:56:24.203+0000 7f0636b0c700 1 -- --> [v2:172.21.15.26:3300/0,v1:172.21.15.26:6789/0] -- mon_getmap magic: 0 v1 -- 0x7f0630079d20 con 0x7f06301055e0
2023-12-01T00:56:25.058 INFO:teuthology.orchestra.run.smithi026.stdout:/usr/bin/ceph: stderr
2023-12-01T00:56:24.203+0000 7f06348a8700 1 --2- >> [v2:172.21.15.26:3300/0,v1:172.21.15.26:6789/0] conn(0x7f06301055e0 0x7f063019d0f0 unknown :-1 s=BANNER_CONNECTING pgs=0 cs=0 l=1 rev1=0 crypto rx=0 tx=0 comp rx=0 tx=0)._handle_peer_banner_payload supported=3 required=0
2023-12-01T00:56:25.058 INFO:teuthology.orchestra.run.smithi026.stdout:/usr/bin/ceph: stderr
2023-12-01T00:56:24.203+0000 7f06348a8700 1 --2- >> [v2:172.21.15.26:3300/0,v1:172.21.15.26:6789/0] conn(0x7f06301055e0 0x7f063019d0f0 unknown :-1 s=HELLO_CONNECTING pgs=0 cs=0 l=1 rev1=1 crypto rx=0 tx=0 comp rx=0 tx=0).handle_hello peer v2:172.21.15.26:3300/0 says I am v2:172.21.15.26:52244/0 (socket says 172.21.15.26:52244)
2023-12-01T00:56:25.058 INFO:teuthology.orchestra.run.smithi026.stdout:/usr/bin/ceph: stderr
2023-12-01T00:56:24.203+0000 7f06348a8700 1 -- 172.21.15.26:0/2609174340 learned_addr learned my addr 172.21.15.26:0/2609174340 (peer_addr_for_me v2:172.21.15.26:0/0)
2023-12-01T00:56:25.058 INFO:teuthology.orchestra.run.smithi026.stdout:/usr/bin/ceph: stderr
2023-12-01T00:56:24.203+0000 7f06348a8700 1 -- 172.21.15.26:0/2609174340 --> [v2:172.21.15.26:3300/0,v1:172.21.15.26:6789/0] -- mon_subscribe({config=0+,monmap=0+}) v3 -- 0x7f0624009550 con 0x7f06301055e0
2023-12-01T00:56:25.058 INFO:teuthology.orchestra.run.smithi026.stdout:/usr/bin/ceph: stderr
2023-12-01T00:56:24.203+0000 7f06348a8700 1 --2- 172.21.15.26:0/2609174340 >> [v2:172.21.15.26:3300/0,v1:172.21.15.26:6789/0] conn(0x7f06301055e0 0x7f063019d0f0 secure :-1 s=READY pgs=27 cs=0 l=1 rev1=1 crypto rx=0x7f0624003f70 tx=0x7f0624011b40 comp rx=0 tx=0).ready entity=mon.0 client_cookie=0 server_cookie=0 in_seq=0 out_seq=0
2023-12-01T00:56:25.058 INFO:teuthology.orchestra.run.smithi026.stdout:/usr/bin/ceph: stderr
