2023-12-01T01:10:28.823+0000 7f0b2a7fc700 1 --2- 172.21.15.77:0/532778397 >> [v2:172.21.15.77:6800/3838941679,v1:172.21.15.77:6801/3838941679] conn(0x7f0b20038300 0x7f0b2003a7c0 unknown :-1 s=NONE pgs=0 cs=0 l=1 rev1=0 crypto rx=0 tx=0 comp rx=0 tx=0).connect
2023-12-01T01:10:29.417 INFO:teuthology.orchestra.run.smithi077.stdout:/usr/bin/ceph: stderr
2023-12-01T01:10:28.823+0000 7f0b2a7fc700 1 -- 172.21.15.77:0/532778397 <== mon.0 v2:172.21.15.77:3300/0 5 ==== osd_map(3..3 src has 1..3) v4 ==== 1155+0+0 (secure 0 0 0) 0x7f0b2404c490 con 0x7f0b34104fc0
2023-12-01T01:10:29.417 INFO:teuthology.orchestra.run.smithi077.stdout:/usr/bin/ceph: stderr
2023-12-01T01:10:28.824+0000 7f0b38e6c700 1 --2- 172.21.15.77:0/532778397 >> [v2:172.21.15.77:6800/3838941679,v1:172.21.15.77:6801/3838941679] conn(0x7f0b20038300 0x7f0b2003a7c0 unknown :-1 s=BANNER_CONNECTING pgs=0 cs=0 l=1 rev1=0 crypto rx=0 tx=0 comp rx=0 tx=0)._handle_peer_banner_payload supported=3 required=0
2023-12-01T01:10:29.418 INFO:teuthology.orchestra.run.smithi077.stdout:/usr/bin/ceph: stderr
2023-12-01T01:10:28.824+0000 7f0b38e6c700 1 --2- 172.21.15.77:0/532778397 >> [v2:172.21.15.77:6800/3838941679,v1:172.21.15.77:6801/3838941679] conn(0x7f0b20038300 0x7f0b2003a7c0 secure :-1 s=READY pgs=9 cs=0 l=1 rev1=1 crypto rx=0x7f0b30006fd0 tx=0x7f0b30006e40 comp rx=0 tx=0).ready entity=mgr.14152 client_cookie=0 server_cookie=0 in_seq=0 out_seq=0
2023-12-01T01:10:29.418 INFO:teuthology.orchestra.run.smithi077.stdout:/usr/bin/ceph: stderr
2023-12-01T01:10:28.828+0000 7f0b2a7fc700 1 -- 172.21.15.77:0/532778397 <== mon.0 v2:172.21.15.77:3300/0 6 ==== mon_command_ack([{"prefix": "get_command_descriptions"}]=0 v0) v1 ==== 72+0+180422 (secure 0 0 0) 0x7f0b24003c40 con 0x7f0b34104fc0
2023-12-01T01:10:29.418 INFO:teuthology.orchestra.run.smithi077.stdout:/usr/bin/ceph: stderr
2023-12-01T01:10:29.016+0000 7f0b3b8d1700 1 -- 172.21.15.77:0/532778397 --> [v2:172.21.15.77:3300/0,v1:172.21.15.77:6789/0] -- mon_command({"prefix": "config get", "who": "mgr", "key": "mgr/dashboard/ssl_server_port"} v 0) v1 -- 0x7f0b3402cc70 con 0x7f0b34104fc0
2023-12-01T01:10:29.418 INFO:teuthology.orchestra.run.smithi077.stdout:/usr/bin/ceph: stderr
2023-12-01T01:10:29.016+0000 7f0b2a7fc700 1 -- 172.21.15.77:0/532778397 <== mon.0 v2:172.21.15.77:3300/0 7 ==== mon_command_ack([{"prefix": "config get", "who": "mgr", "key": "mgr/dashboard/ssl_server_port"}]=0 v8) v1 ==== 112+0+5 (secure 0 0 0) 0x7f0b2400b3e0 con 0x7f0b34104fc0
2023-12-01T01:10:29.418 INFO:teuthology.orchestra.run.smithi077.stdout:/usr/bin/ceph: stderr
2023-12-01T01:10:29.018+0000 7f0b3b8d1700 1 -- 172.21.15.77:0/532778397 >> [v2:172.21.15.77:6800/3838941679,v1:172.21.15.77:6801/3838941679] conn(0x7f0b20038300 msgr2=0x7f0b2003a7c0 secure :-1 s=STATE_CONNECTION_ESTABLISHED l=1).mark_down
2023-12-01T01:10:29.418 INFO:teuthology.orchestra.run.smithi077.stdout:/usr/bin/ceph: stderr
2023-12-01T01:10:29.018+0000 7f0b3b8d1700 1 --2- 172.21.15.77:0/532778397 >> [v2:172.21.15.77:6800/3838941679,v1:172.21.15.77:6801/3838941679] conn(0x7f0b20038300 0x7f0b2003a7c0 secure :-1 s=READY pgs=9 cs=0 l=1 rev1=1 crypto rx=0x7f0b30006fd0 tx=0x7f0b30006e40 comp rx=0 tx=0).stop
2023-12-01T01:10:29.418 INFO:teuthology.orchestra.run.smithi077.stdout:/usr/bin/ceph: stderr
2023-12-01T01:10:29.018+0000 7f0b3b8d1700 1 -- 172.21.15.77:0/532778397 >> [v2:172.21.15.77:3300/0,v1:172.21.15.77:6789/0] conn(0x7f0b34104fc0 msgr2=0x7f0b3419c550 secure :-1 s=STATE_CONNECTION_ESTABLISHED l=1).mark_down
2023-12-01T01:10:29.418 INFO:teuthology.orchestra.run.smithi077.stdout:/usr/bin/ceph: stderr
2023-12-01T01:10:29.018+0000 7f0b3b8d1700 1 --2- 172.21.15.77:0/532778397 >> [v2:172.21.15.77:3300/0,v1:172.21.15.77:6789/0] conn(0x7f0b34104fc0 0x7f0b3419c550 secure :-1 s=READY pgs=75 cs=0 l=1 rev1=1 crypto rx=0x7f0b24003e60 tx=0x7f0b24011aa0 comp rx=0 tx=0).stop
2023-12-01T01:10:29.418 INFO:teuthology.orchestra.run.smithi077.stdout:/usr/bin/ceph: stderr
2023-12-01T01:10:29.018+0000 7f0b3b8d1700 1 -- 172.21.15.77:0/532778397 shutdown_connections
2023-12-01T01:10:29.418 INFO:teuthology.orchestra.run.smithi077.stdout:/usr/bin/ceph: stderr
2023-12-01T01:10:29.018+0000 7f0b3b8d1700 1 --2- 172.21.15.77:0/532778397 >> [v2:172.21.15.77:6800/3838941679,v1:172.21.15.77:6801/3838941679] conn(0x7f0b20038300 0x7f0b2003a7c0 unknown :-1 s=CLOSED pgs=9 cs=0 l=1 rev1=1 crypto rx=0 tx=0 comp rx=0 tx=0).stop
2023-12-01T01:10:29.418 INFO:teuthology.orchestra.run.smithi077.stdout:/usr/bin/ceph: stderr
2023-12-01T01:10:29.018+0000 7f0b3b8d1700 1 --2- 172.21.15.77:0/532778397 >> [v2:172.21.15.77:3300/0,v1:172.21.15.77:6789/0] conn(0x7f0b34104fc0 0x7f0b3419c550 unknown :-1 s=CLOSED pgs=75 cs=0 l=1 rev1=1 crypto rx=0 tx=0 comp rx=0 tx=0).stop
2023-12-01T01:10:29.418 INFO:teuthology.orchestra.run.smithi077.stdout:/usr/bin/ceph: stderr
2023-12-01T01:10:29.018+0000 7f0b3b8d1700 1 -- 172.21.15.77:0/532778397 >> 172.21.15.77:0/532778397 conn(0x7f0b34100bc0 msgr2=0x7f0b34190b80 unknown :-1 s=STATE_NONE l=0).mark_down
2023-12-01T01:10:29.418 INFO:teuthology.orchestra.run.smithi077.stdout:/usr/bin/ceph: stderr
2023-12-01T01:10:29.018+0000 7f0b3b8d1700 1 -- 172.21.15.77:0/532778397 shutdown_connections
2023-12-01T01:10:29.418 INFO:teuthology.orchestra.run.smithi077.stdout:/usr/bin/ceph: stderr
2023-12-01T01:10:29.018+0000 7f0b3b8d1700 1 -- 172.21.15.77:0/532778397 wait complete.
2023-12-01T01:10:29.421 INFO:teuthology.orchestra.run.smithi077.stdout:Non-zero exit code 1 from systemctl is-enabled firewalld.service
2023-12-01T01:10:29.421 INFO:teuthology.orchestra.run.smithi077.stdout:systemctl: stdout disabled
2023-12-01T01:10:29.429 INFO:teuthology.orchestra.run.smithi077.stdout:Non-zero exit code 3 from systemctl is-active firewalld.service
2023-12-01T01:10:29.429 INFO:teuthology.orchestra.run.smithi077.stdout:systemctl: stdout inactive
2023-12-01T01:10:29.429 INFO:teuthology.orchestra.run.smithi077.stdout:firewalld.service is not enabled
2023-12-01T01:10:29.429 INFO:teuthology.orchestra.run.smithi077.stdout:Not possible to open ports <[8443]>. firewalld.service is not available
2023-12-01T01:10:29.431 INFO:teuthology.orchestra.run.smithi077.stdout:Ceph Dashboard is now available at:
2023-12-01T01:10:29.431 INFO:teuthology.orchestra.run.smithi077.stdout:
2023-12-01T01:10:29.431 INFO:teuthology.orchestra.run.smithi077.stdout: URL: https://smithi077.front.sepia.ceph.com:8443/
2023-12-01T01:10:29.431 INFO:teuthology.orchestra.run.smithi077.stdout: User: admin
2023-12-01T01:10:29.431 INFO:teuthology.orchestra.run.smithi077.stdout: Password: slzzqrw3vq
2023-12-01T01:10:29.431 INFO:teuthology.orchestra.run.smithi077.stdout:
2023-12-01T01:10:29.431 INFO:teuthology.orchestra.run.smithi077.stdout:Saving cluster configuration to /var/lib/ceph/2a06e29a-8fe6-11ee-95a2-87774f69a715/config directory
2023-12-01T01:10:29.431 INFO:teuthology.orchestra.run.smithi077.stdout:Enabling autotune for osd_memory_target
2023-12-01T01:10:29.654 INFO:journalctl@ceph.mon.a.smithi077.stdout:Dec 01 01:10:29 smithi077 ceph-mon[98867]: from='client.? 172.21.15.77:0/532778397' entity='client.admin' cmd=[{"prefix": "config get", "who": "mgr", "key": "mgr/dashboard/ssl_server_port"}]: dispatch
2023-12-01T01:10:30.378 INFO:teuthology.orchestra.run.smithi077.stdout:/usr/bin/ceph: stderr
2023-12-01T01:10:29.866+0000 7fa7e8b03700 1 Processor -- start
2023-12-01T01:10:30.378 INFO:teuthology.orchestra.run.smithi077.stdout:/usr/bin/ceph: stderr
2023-12-01T01:10:29.867+0000 7fa7e8b03700 1 -- start start
2023-12-01T01:10:30.378 INFO:teuthology.orchestra.run.smithi077.stdout:/usr/bin/ceph: stderr
2023-12-01T01:10:29.867+0000 7fa7e8b03700 1 --2- >> [v2:172.21.15.77:3300/0,v1:172.21.15.77:6789/0] conn(0x7fa7e41055c0 0x7fa7e41059e0 unknown :-1 s=NONE pgs=0 cs=0 l=0 rev1=0 crypto rx=0 tx=0 comp rx=0 tx=0).connect
2023-12-01T01:10:30.378 INFO:teuthology.orchestra.run.smithi077.stdout:/usr/bin/ceph: stderr
2023-12-01T01:10:29.867+0000 7fa7e8b03700 1 -- --> [v2:172.21.15.77:3300/0,v1:172.21.15.77:6789/0] -- mon_getmap magic: 0 v1 -- 0x7fa7e4105fb0 con 0x7fa7e41055c0
2023-12-01T01:10:30.378 INFO:teuthology.orchestra.run.smithi077.stdout:/usr/bin/ceph: stderr
2023-12-01T01:10:29.867+0000 7fa7e259c700 1 --2- >> [v2:172.21.15.77:3300/0,v1:172.21.15.77:6789/0] conn(0x7fa7e41055c0 0x7fa7e41059e0 unknown :-1 s=BANNER_CONNECTING pgs=0 cs=0 l=0 rev1=0 crypto rx=0 tx=0 comp rx=0 tx=0)._handle_peer_banner_payload supported=3 required=0
2023-12-01T01:10:30.378 INFO:teuthology.orchestra.run.smithi077.stdout:/usr/bin/ceph: stderr
2023-12-01T01:10:29.867+0000 7fa7e259c700 1 --2- >> [v2:172.21.15.77:3300/0,v1:172.21.15.77:6789/0] conn(0x7fa7e41055c0 0x7fa7e41059e0 unknown :-1 s=HELLO_CONNECTING pgs=0 cs=0 l=0 rev1=1 crypto rx=0 tx=0 comp rx=0 tx=0).handle_hello peer v2:172.21.15.77:3300/0 says I am v2:172.21.15.77:56462/0 (socket says 172.21.15.77:56462)
2023-12-01T01:10:30.378 INFO:teuthology.orchestra.run.smithi077.stdout:/usr/bin/ceph: stderr
2023-12-01T01:10:29.867+0000 7fa7e259c700 1 -- 172.21.15.77:0/699783071 learned_addr learned my addr 172.21.15.77:0/699783071 (peer_addr_for_me v2:172.21.15.77:0/0)
2023-12-01T01:10:30.378 INFO:teuthology.orchestra.run.smithi077.stdout:/usr/bin/ceph: stderr
2023-12-01T01:10:29.867+0000 7fa7e259c700 1 -- 172.21.15.77:0/699783071 --> [v2:172.21.15.77:3300/0,v1:172.21.15.77:6789/0] -- mon_subscribe({config=0+,monmap=0+}) v3 -- 0x7fa7e41067c0 con 0x7fa7e41055c0
2023-12-01T01:10:30.379 INFO:teuthology.orchestra.run.smithi077.stdout:/usr/bin/ceph: stderr
2023-12-01T01:10:29.867+0000 7fa7e259c700 1 --2- 172.21.15.77:0/699783071 >> [v2:172.21.15.77:3300/0,v1:172.21.15.77:6789/0] conn(0x7fa7e41055c0 0x7fa7e41059e0 secure :-1 s=READY pgs=76 cs=0 l=1 rev1=1 crypto rx=0x7fa7d80098a0 tx=0x7fa7d8009bb0 comp rx=0 tx=0).ready entity=mon.0 client_cookie=25458783da72200a server_cookie=0 in_seq=0 out_seq=0
2023-12-01T01:10:30.379 INFO:teuthology.orchestra.run.smithi077.stdout:/usr/bin/ceph: stderr
2023-12-01T01:10:29.868+0000 7fa7e159a700 1 -- 172.21.15.77:0/699783071 <== mon.0 v2:172.21.15.77:3300/0 1 ==== mon_map magic: 0 v1 ==== 205+0+0 (secure 0 0 0) 0x7fa7d8004160 con 0x7fa7e41055c0
2023-12-01T01:10:30.379 INFO:teuthology.orchestra.run.smithi077.stdout:/usr/bin/ceph: stderr
2023-12-01T01:10:29.868+0000 7fa7e159a700 1 -- 172.21.15.77:0/699783071 <== mon.0 v2:172.21.15.77:3300/0 2 ==== config(26 keys) v1 ==== 1105+0+0 (secure 0 0 0) 0x7fa7d80042c0 con 0x7fa7e41055c0
2023-12-01T01:10:30.379 INFO:teuthology.orchestra.run.smithi077.stdout:/usr/bin/ceph: stderr
2023-12-01T01:10:29.868+0000 7fa7e159a700 1 -- 172.21.15.77:0/699783071 <== mon.0 v2:172.21.15.77:3300/0 3 ==== mon_map magic: 0 v1 ==== 205+0+0 (secure 0 0 0) 0x7fa7d80119b0 con 0x7fa7e41055c0
2023-12-01T01:10:30.379 INFO:teuthology.orchestra.run.smithi077.stdout:/usr/bin/ceph: stderr
2023-12-01T01:10:29.868+0000 7fa7e8b03700 1 -- 172.21.15.77:0/699783071 >> [v2:172.21.15.77:3300/0,v1:172.21.15.77:6789/0] conn(0x7fa7e41055c0 msgr2=0x7fa7e41059e0 secure :-1 s=STATE_CONNECTION_ESTABLISHED l=1).mark_down
2023-12-01T01:10:30.379 INFO:teuthology.orchestra.run.smithi077.stdout:/usr/bin/ceph: stderr
2023-12-01T01:10:29.868+0000 7fa7e8b03700 1 --2- 172.21.15.77:0/699783071 >> [v2:172.21.15.77:3300/0,v1:172.21.15.77:6789/0] conn(0x7fa7e41055c0 0x7fa7e41059e0 secure :-1 s=READY pgs=76 cs=0 l=1 rev1=1 crypto rx=0x7fa7d80098a0 tx=0x7fa7d8009bb0 comp rx=0 tx=0).stop
2023-12-01T01:10:30.379 INFO:teuthology.orchestra.run.smithi077.stdout:/usr/bin/ceph: stderr
2023-12-01T01:10:29.868+0000 7fa7e8b03700 1 -- 172.21.15.77:0/699783071 shutdown_connections
2023-12-01T01:10:30.379 INFO:teuthology.orchestra.run.smithi077.stdout:/usr/bin/ceph: stderr
2023-12-01T01:10:29.868+0000 7fa7e8b03700 1 --2- 172.21.15.77:0/699783071 >> [v2:172.21.15.77:3300/0,v1:172.21.15.77:6789/0] conn(0x7fa7e41055c0 0x7fa7e41059e0 unknown :-1 s=CLOSED pgs=76 cs=0 l=1 rev1=1 crypto rx=0 tx=0 comp rx=0 tx=0).stop
2023-12-01T01:10:30.379 INFO:teuthology.orchestra.run.smithi077.stdout:/usr/bin/ceph: stderr
2023-12-01T01:10:29.868+0000 7fa7e8b03700 1 -- 172.21.15.77:0/699783071 >> 172.21.15.77:0/699783071 conn(0x7fa7e4100b80 msgr2=0x7fa7e4102fa0 unknown :-1 s=STATE_NONE l=0).mark_down
2023-12-01T01:10:30.379 INFO:teuthology.orchestra.run.smithi077.stdout:/usr/bin/ceph: stderr
2023-12-01T01:10:29.868+0000 7fa7e8b03700 1 -- 172.21.15.77:0/699783071 shutdown_connections
2023-12-01T01:10:30.379 INFO:teuthology.orchestra.run.smithi077.stdout:/usr/bin/ceph: stderr
2023-12-01T01:10:29.868+0000 7fa7e8b03700 1 -- 172.21.15.77:0/699783071 wait complete.
2023-12-01T01:10:30.379 INFO:teuthology.orchestra.run.smithi077.stdout:/usr/bin/ceph: stderr
2023-12-01T01:10:29.869+0000 7fa7e8b03700 1 Processor -- start
2023-12-01T01:10:30.379 INFO:teuthology.orchestra.run.smithi077.stdout:/usr/bin/ceph: stderr
2023-12-01T01:10:29.869+0000 7fa7e8b03700 1 -- start start
2023-12-01T01:10:30.379 INFO:teuthology.orchestra.run.smithi077.stdout:/usr/bin/ceph: stderr
2023-12-01T01:10:29.869+0000 7fa7e8b03700 1 --2- >> [v2:172.21.15.77:3300/0,v1:172.21.15.77:6789/0] conn(0x7fa7e41055c0 0x7fa7e419a3c0 unknown :-1 s=NONE pgs=0 cs=0 l=1 rev1=0 crypto rx=0 tx=0 comp rx=0 tx=0).connect
2023-12-01T01:10:30.380 INFO:teuthology.orchestra.run.smithi077.stdout:/usr/bin/ceph: stderr
2023-12-01T01:10:29.869+0000 7fa7e8b03700 1 -- --> [v2:172.21.15.77:3300/0,v1:172.21.15.77:6789/0] -- mon_getmap magic: 0 v1 -- 0x7fa7e419a900 con 0x7fa7e41055c0
2023-12-01T01:10:30.380 INFO:teuthology.orchestra.run.smithi077.stdout:/usr/bin/ceph: stderr
2023-12-01T01:10:29.869+0000 7fa7e259c700 1 --2- >> [v2:172.21.15.77:3300/0,v1:172.21.15.77:6789/0] conn(0x7fa7e41055c0 0x7fa7e419a3c0 unknown :-1 s=BANNER_CONNECTING pgs=0 cs=0 l=1 rev1=0 crypto rx=0 tx=0 comp rx=0 tx=0)._handle_peer_banner_payload supported=3 required=0
2023-12-01T01:10:30.380 INFO:teuthology.orchestra.run.smithi077.stdout:/usr/bin/ceph: stderr
2023-12-01T01:10:29.869+0000 7fa7e259c700 1 --2- >> [v2:172.21.15.77:3300/0,v1:172.21.15.77:6789/0] conn(0x7fa7e41055c0 0x7fa7e419a3c0 unknown :-1 s=HELLO_CONNECTING pgs=0 cs=0 l=1 rev1=1 crypto rx=0 tx=0 comp rx=0 tx=0).handle_hello peer v2:172.21.15.77:3300/0 says I am v2:172.21.15.77:56464/0 (socket says 172.21.15.77:56464)
2023-12-01T01:10:30.380 INFO:teuthology.orchestra.run.smithi077.stdout:/usr/bin/ceph: stderr
2023-12-01T01:10:29.869+0000 7fa7e259c700 1 -- 172.21.15.77:0/2306353399 learned_addr learned my addr 172.21.15.77:0/2306353399 (peer_addr_for_me v2:172.21.15.77:0/0)
2023-12-01T01:10:30.380 INFO:teuthology.orchestra.run.smithi077.stdout:/usr/bin/ceph: stderr
2023-12-01T01:10:29.870+0000 7fa7e259c700 1 -- 172.21.15.77:0/2306353399 --> [v2:172.21.15.77:3300/0,v1:172.21.15.77:6789/0] -- mon_subscribe({config=0+,monmap=0+}) v3 -- 0x7fa7d8009550 con 0x7fa7e41055c0
2023-12-01T01:10:30.380 INFO:teuthology.orchestra.run.smithi077.stdout:/usr/bin/ceph: stderr
2023-12-01T01:10:29.870+0000 7fa7e259c700 1 --2- 172.21.15.77:0/2306353399 >> [v2:172.21.15.77:3300/0,v1:172.21.15.77:6789/0] conn(0x7fa7e41055c0 0x7fa7e419a3c0 secure :-1 s=READY pgs=77 cs=0 l=1 rev1=1 crypto rx=0x7fa7d8000c00 tx=0x7fa7d8011a30 comp rx=0 tx=0).ready entity=mon.0 client_cookie=0 server_cookie=0 in_seq=0 out_seq=0
2023-12-01T01:10:30.380 INFO:teuthology.orchestra.run.smithi077.stdout:/usr/bin/ceph: stderr
2023-12-01T01:10:29.870+0000 7fa7d37fe700 1 -- 172.21.15.77:0/2306353399 <== mon.0 v2:172.21.15.77:3300/0 1 ==== mon_map magic: 0 v1 ==== 205+0+0 (secure 0 0 0) 0x7fa7d80039f0 con 0x7fa7e41055c0
2023-12-01T01:10:30.380 INFO:teuthology.orchestra.run.smithi077.stdout:/usr/bin/ceph: stderr
2023-12-01T01:10:29.870+0000 7fa7d37fe700 1 -- 172.21.15.77:0/2306353399 <== mon.0 v2:172.21.15.77:3300/0 2 ==== config(26 keys) v1 ==== 1105+0+0 (secure 0 0 0) 0x7fa7d8003b50 con 0x7fa7e41055c0
2023-12-01T01:10:30.380 INFO:teuthology.orchestra.run.smithi077.stdout:/usr/bin/ceph: stderr
2023-12-01T01:10:29.870+0000 7fa7e8b03700 1 -- 172.21.15.77:0/2306353399 --> [v2:172.21.15.77:3300/0,v1:172.21.15.77:6789/0] -- mon_subscribe({mgrmap=0+}) v3 -- 0x7fa7e419ab00 con 0x7fa7e41055c0
2023-12-01T01:10:30.380 INFO:teuthology.orchestra.run.smithi077.stdout:/usr/bin/ceph: stderr
2023-12-01T01:10:29.870+0000 7fa7d37fe700 1 -- 172.21.15.77:0/2306353399 <== mon.0 v2:172.21.15.77:3300/0 3 ==== mon_map magic: 0 v1 ==== 205+0+0 (secure 0 0 0) 0x7fa7d801a780 con 0x7fa7e41055c0
2023-12-01T01:10:30.380 INFO:teuthology.orchestra.run.smithi077.stdout:/usr/bin/ceph: stderr
2023-12-01T01:10:29.870+0000 7fa7e8b03700 1 -- 172.21.15.77:0/2306353399 --> [v2:172.21.15.77:3300/0,v1:172.21.15.77:6789/0] -- mon_subscribe({osdmap=0}) v3 -- 0x7fa7e419af20 con 0x7fa7e41055c0
2023-12-01T01:10:30.380 INFO:teuthology.orchestra.run.smithi077.stdout:/usr/bin/ceph: stderr
2023-12-01T01:10:29.871+0000 7fa7e8b03700 1 -- 172.21.15.77:0/2306353399 --> [v2:172.21.15.77:3300/0,v1:172.21.15.77:6789/0] -- mon_command({"prefix": "get_command_descriptions"} v 0) v1 -- 0x7fa7e40623c0 con 0x7fa7e41055c0
2023-12-01T01:10:30.380 INFO:teuthology.orchestra.run.smithi077.stdout:/usr/bin/ceph: stderr
2023-12-01T01:10:29.871+0000 7fa7d37fe700 1 -- 172.21.15.77:0/2306353399 <== mon.0 v2:172.21.15.77:3300/0 4 ==== mgrmap(e 12) v1 ==== 45281+0+0 (secure 0 0 0) 0x7fa7d8024440 con 0x7fa7e41055c0
2023-12-01T01:10:30.380 INFO:teuthology.orchestra.run.smithi077.stdout:/usr/bin/ceph: stderr
2023-12-01T01:10:29.871+0000 7fa7d37fe700 1 --2- 172.21.15.77:0/2306353399 >> [v2:172.21.15.77:6800/3838941679,v1:172.21.15.77:6801/3838941679] conn(0x7fa7cc0383a0 0x7fa7cc03a860 unknown :-1 s=NONE pgs=0 cs=0 l=1 rev1=0 crypto rx=0 tx=0 comp rx=0 tx=0).connect
2023-12-01T01:10:30.381 INFO:teuthology.orchestra.run.smithi077.stdout:/usr/bin/ceph: stderr
2023-12-01T01:10:29.871+0000 7fa7d37fe700 1 -- 172.21.15.77:0/2306353399 <== mon.0 v2:172.21.15.77:3300/0 5 ==== osd_map(3..3 src has 1..3) v4 ==== 1155+0+0 (secure 0 0 0) 0x7fa7d804c2f0 con 0x7fa7e41055c0
2023-12-01T01:10:30.381 INFO:teuthology.orchestra.run.smithi077.stdout:/usr/bin/ceph: stderr
2023-12-01T01:10:29.871+0000 7fa7e1d9b700 1 --2- 172.21.15.77:0/2306353399 >> [v2:172.21.15.77:6800/3838941679,v1:172.21.15.77:6801/3838941679] conn(0x7fa7cc0383a0 0x7fa7cc03a860 unknown :-1 s=BANNER_CONNECTING pgs=0 cs=0 l=1 rev1=0 crypto rx=0 tx=0 comp rx=0 tx=0)._handle_peer_banner_payload supported=3 required=0
2023-12-01T01:10:30.381 INFO:teuthology.orchestra.run.smithi077.stdout:/usr/bin/ceph: stderr
2023-12-01T01:10:29.872+0000 7fa7e1d9b700 1 --2- 172.21.15.77:0/2306353399 >> [v2:172.21.15.77:6800/3838941679,v1:172.21.15.77:6801/3838941679] conn(0x7fa7cc0383a0 0x7fa7cc03a860 secure :-1 s=READY pgs=10 cs=0 l=1 rev1=1 crypto rx=0x7fa7d4006fd0 tx=0x7fa7d4006e40 comp rx=0 tx=0).ready entity=mgr.14152 client_cookie=0 server_cookie=0 in_seq=0 out_seq=0
2023-12-01T01:10:30.381 INFO:teuthology.orchestra.run.smithi077.stdout:/usr/bin/ceph: stderr
2023-12-01T01:10:29.876+0000 7fa7d37fe700 1 -- 172.21.15.77:0/2306353399 <== mon.0 v2:172.21.15.77:3300/0 6 ==== mon_command_ack([{"prefix": "get_command_descriptions"}]=0 v0) v1 ==== 72+0+180422 (secure 0 0 0) 0x7fa7d8018d90 con 0x7fa7e41055c0
2023-12-01T01:10:30.381 INFO:teuthology.orchestra.run.smithi077.stdout:/usr/bin/ceph: stderr
2023-12-01T01:10:30.065+0000 7fa7e8b03700 1 -- 172.21.15.77:0/2306353399 --> [v2:172.21.15.77:3300/0,v1:172.21.15.77:6789/0] -- mon_command([{prefix=config set, name=osd_memory_target_autotune}] v 0) v1 -- 0x7fa7e419dda0 con 0x7fa7e41055c0
2023-12-01T01:10:30.381 INFO:teuthology.orchestra.run.smithi077.stdout:/usr/bin/ceph: stderr
2023-12-01T01:10:30.065+0000 7fa7d37fe700 1 -- 172.21.15.77:0/2306353399 <== mon.0 v2:172.21.15.77:3300/0 7 ==== mon_command_ack([{prefix=config set, name=osd_memory_target_autotune}]=0 v8)=0 v8) v1 ==== 127+0+0 (secure 0 0 0) 0x7fa7d8018350 con 0x7fa7e41055c0
2023-12-01T01:10:30.381 INFO:teuthology.orchestra.run.smithi077.stdout:/usr/bin/ceph: stderr
2023-12-01T01:10:30.067+0000 7fa7e8b03700 1 -- 172.21.15.77:0/2306353399 >> [v2:172.21.15.77:6800/3838941679,v1:172.21.15.77:6801/3838941679] conn(0x7fa7cc0383a0 msgr2=0x7fa7cc03a860 secure :-1 s=STATE_CONNECTION_ESTABLISHED l=1).mark_down
2023-12-01T01:10:30.381 INFO:teuthology.orchestra.run.smithi077.stdout:/usr/bin/ceph: stderr
2023-12-01T01:10:30.067+0000 7fa7e8b03700 1 --2- 172.21.15.77:0/2306353399 >> [v2:172.21.15.77:6800/3838941679,v1:172.21.15.77:6801/3838941679] conn(0x7fa7cc0383a0 0x7fa7cc03a860 secure :-1 s=READY pgs=10 cs=0 l=1 rev1=1 crypto rx=0x7fa7d4006fd0 tx=0x7fa7d4006e40 comp rx=0 tx=0).stop
2023-12-01T01:10:30.381 INFO:teuthology.orchestra.run.smithi077.stdout:/usr/bin/ceph: stderr
2023-12-01T01:10:30.067+0000 7fa7e8b03700 1 -- 172.21.15.77:0/2306353399 >> [v2:172.21.15.77:3300/0,v1:172.21.15.77:6789/0] conn(0x7fa7e41055c0 msgr2=0x7fa7e419a3c0 secure :-1 s=STATE_CONNECTION_ESTABLISHED l=1).mark_down
2023-12-01T01:10:30.381 INFO:teuthology.orchestra.run.smithi077.stdout:/usr/bin/ceph: stderr
2023-12-01T01:10:30.067+0000 7fa7e8b03700 1 --2- 172.21.15.77:0/2306353399 >> [v2:172.21.15.77:3300/0,v1:172.21.15.77:6789/0] conn(0x7fa7e41055c0 0x7fa7e419a3c0 secure :-1 s=READY pgs=77 cs=0 l=1 rev1=1 crypto rx=0x7fa7d8000c00 tx=0x7fa7d8011a30 comp rx=0 tx=0).stop
2023-12-01T01:10:30.381 INFO:teuthology.orchestra.run.smithi077.stdout:/usr/bin/ceph: stderr
2023-12-01T01:10:30.067+0000 7fa7e8b03700 1 -- 172.21.15.77:0/2306353399 shutdown_connections
2023-12-01T01:10:30.381 INFO:teuthology.orchestra.run.smithi077.stdout:/usr/bin/ceph: stderr
2023-12-01T01:10:30.067+0000 7fa7e8b03700 1 --2- 172.21.15.77:0/2306353399 >> [v2:172.21.15.77:6800/3838941679,v1:172.21.15.77:6801/3838941679] conn(0x7fa7cc0383a0 0x7fa7cc03a860 unknown :-1 s=CLOSED pgs=10 cs=0 l=1 rev1=1 crypto rx=0 tx=0 comp rx=0 tx=0).stop
2023-12-01T01:10:30.381 INFO:teuthology.orchestra.run.smithi077.stdout:/usr/bin/ceph: stderr
2023-12-01T01:10:30.067+0000 7fa7e8b03700 1 --2- 172.21.15.77:0/2306353399 >> [v2:172.21.15.77:3300/0,v1:172.21.15.77:6789/0] conn(0x7fa7e41055c0 0x7fa7e419a3c0 unknown :-1 s=CLOSED pgs=77 cs=0 l=1 rev1=1 crypto rx=0 tx=0 comp rx=0 tx=0).stop
2023-12-01T01:10:30.381 INFO:teuthology.orchestra.run.smithi077.stdout:/usr/bin/ceph: stderr
2023-12-01T01:10:30.067+0000 7fa7e8b03700 1 -- 172.21.15.77:0/2306353399 >> 172.21.15.77:0/2306353399 conn(0x7fa7e4100b80 msgr2=0x7fa7e4102270 unknown :-1 s=STATE_NONE l=0).mark_down
2023-12-01T01:10:30.382 INFO:teuthology.orchestra.run.smithi077.stdout:/usr/bin/ceph: stderr
2023-12-01T01:10:30.067+0000 7fa7e8b03700 1 -- 172.21.15.77:0/2306353399 shutdown_connections
2023-12-01T01:10:30.382 INFO:teuthology.orchestra.run.smithi077.stdout:/usr/bin/ceph: stderr
2023-12-01T01:10:30.067+0000 7fa7e8b03700 1 -- 172.21.15.77:0/2306353399 wait complete.
2023-12-01T01:10:31.521 INFO:teuthology.orchestra.run.smithi077.stdout:/usr/bin/ceph: stderr
2023-12-01T01:10:30.836+0000 7f8a741e5700 1 Processor -- start
2023-12-01T01:10:31.521 INFO:teuthology.orchestra.run.smithi077.stdout:/usr/bin/ceph: stderr
2023-12-01T01:10:30.836+0000 7f8a741e5700 1 -- start start
2023-12-01T01:10:31.522 INFO:teuthology.orchestra.run.smithi077.stdout:/usr/bin/ceph: stderr
2023-12-01T01:10:30.836+0000 7f8a741e5700 1 --2- >> [v2:172.21.15.77:3300/0,v1:172.21.15.77:6789/0] conn(0x7f8a6c106730 0x7f8a6c106b50 unknown :-1 s=NONE pgs=0 cs=0 l=0 rev1=0 crypto rx=0 tx=0 comp rx=0 tx=0).connect
2023-12-01T01:10:31.522 INFO:teuthology.orchestra.run.smithi077.stdout:/usr/bin/ceph: stderr
2023-12-01T01:10:30.836+0000 7f8a741e5700 1 -- --> [v2:172.21.15.77:3300/0,v1:172.21.15.77:6789/0] -- mon_getmap magic: 0 v1 -- 0x7f8a6c107120 con 0x7f8a6c106730
2023-12-01T01:10:31.522 INFO:teuthology.orchestra.run.smithi077.stdout:/usr/bin/ceph: stderr
2023-12-01T01:10:30.836+0000 7f8a71f81700 1 --2- >> [v2:172.21.15.77:3300/0,v1:172.21.15.77:6789/0] conn(0x7f8a6c106730 0x7f8a6c106b50 unknown :-1 s=BANNER_CONNECTING pgs=0 cs=0 l=0 rev1=0 crypto rx=0 tx=0 comp rx=0 tx=0)._handle_peer_banner_payload supported=3 required=0
2023-12-01T01:10:31.522 INFO:teuthology.orchestra.run.smithi077.stdout:/usr/bin/ceph: stderr
2023-12-01T01:10:30.836+0000 7f8a71f81700 1 --2- >> [v2:172.21.15.77:3300/0,v1:172.21.15.77:6789/0] conn(0x7f8a6c106730 0x7f8a6c106b50 unknown :-1 s=HELLO_CONNECTING pgs=0 cs=0 l=0 rev1=1 crypto rx=0 tx=0 comp rx=0 tx=0).handle_hello peer v2:172.21.15.77:3300/0 says I am v2:172.21.15.77:56468/0 (socket says 172.21.15.77:56468)
2023-12-01T01:10:31.522 INFO:teuthology.orchestra.run.smithi077.stdout:/usr/bin/ceph: stderr
2023-12-01T01:10:30.836+0000 7f8a71f81700 1 -- 172.21.15.77:0/3364715450 learned_addr learned my addr 172.21.15.77:0/3364715450 (peer_addr_for_me v2:172.21.15.77:0/0)
2023-12-01T01:10:31.522 INFO:teuthology.orchestra.run.smithi077.stdout:/usr/bin/ceph: stderr
2023-12-01T01:10:30.837+0000 7f8a71f81700 1 -- 172.21.15.77:0/3364715450 --> [v2:172.21.15.77:3300/0,v1:172.21.15.77:6789/0] -- mon_subscribe({config=0+,monmap=0+}) v3 -- 0x7f8a6c107930 con 0x7f8a6c106730
2023-12-01T01:10:31.522 INFO:teuthology.orchestra.run.smithi077.stdout:/usr/bin/ceph: stderr
2023-12-01T01:10:30.837+0000 7f8a71f81700 1 --2- 172.21.15.77:0/3364715450 >> [v2:172.21.15.77:3300/0,v1:172.21.15.77:6789/0] conn(0x7f8a6c106730 0x7f8a6c106b50 secure :-1 s=READY pgs=78 cs=0 l=1 rev1=1 crypto rx=0x7f8a680098a0 tx=0x7f8a68009bb0 comp rx=0 tx=0).ready entity=mon.0 client_cookie=d444be6a0952b2dd server_cookie=0 in_seq=0 out_seq=0
2023-12-01T01:10:31.522 INFO:teuthology.orchestra.run.smithi077.stdout:/usr/bin/ceph: stderr
2023-12-01T01:10:30.837+0000 7f8a70f7f700 1 -- 172.21.15.77:0/3364715450 <== mon.0 v2:172.21.15.77:3300/0 1 ==== mon_map magic: 0 v1 ==== 205+0+0 (secure 0 0 0) 0x7f8a68004160 con 0x7f8a6c106730
2023-12-01T01:10:31.522 INFO:teuthology.orchestra.run.smithi077.stdout:/usr/bin/ceph: stderr
2023-12-01T01:10:30.837+0000 7f8a70f7f700 1 -- 172.21.15.77:0/3364715450 <== mon.0 v2:172.21.15.77:3300/0 2 ==== config(26 keys) v1 ==== 1105+0+0 (secure 0 0 0) 0x7f8a680042c0 con 0x7f8a6c106730
2023-12-01T01:10:31.522 INFO:teuthology.orchestra.run.smithi077.stdout:/usr/bin/ceph: stderr
2023-12-01T01:10:30.837+0000 7f8a70f7f700 1 -- 172.21.15.77:0/3364715450 <== mon.0 v2:172.21.15.77:3300/0 3 ==== mon_map magic: 0 v1 ==== 205+0+0 (secure 0 0 0) 0x7f8a680119b0 con 0x7f8a6c106730
2023-12-01T01:10:31.522 INFO:teuthology.orchestra.run.smithi077.stdout:/usr/bin/ceph: stderr
2023-12-01T01:10:30.837+0000 7f8a741e5700 1 -- 172.21.15.77:0/3364715450 >> [v2:172.21.15.77:3300/0,v1:172.21.15.77:6789/0] conn(0x7f8a6c106730 msgr2=0x7f8a6c106b50 secure :-1 s=STATE_CONNECTION_ESTABLISHED l=1).mark_down
2023-12-01T01:10:31.522 INFO:teuthology.orchestra.run.smithi077.stdout:/usr/bin/ceph: stderr
2023-12-01T01:10:30.837+0000 7f8a741e5700 1 --2- 172.21.15.77:0/3364715450 >> [v2:172.21.15.77:3300/0,v1:172.21.15.77:6789/0] conn(0x7f8a6c106730 0x7f8a6c106b50 secure :-1 s=READY pgs=78 cs=0 l=1 rev1=1 crypto rx=0x7f8a680098a0 tx=0x7f8a68009bb0 comp rx=0 tx=0).stop
2023-12-01T01:10:31.522 INFO:teuthology.orchestra.run.smithi077.stdout:/usr/bin/ceph: stderr
2023-12-01T01:10:30.837+0000 7f8a741e5700 1 -- 172.21.15.77:0/3364715450 shutdown_connections
2023-12-01T01:10:31.522 INFO:teuthology.orchestra.run.smithi077.stdout:/usr/bin/ceph: stderr
2023-12-01T01:10:30.837+0000 7f8a741e5700 1 --2- 172.21.15.77:0/3364715450 >> [v2:172.21.15.77:3300/0,v1:172.21.15.77:6789/0] conn(0x7f8a6c106730 0x7f8a6c106b50 unknown :-1 s=CLOSED pgs=78 cs=0 l=1 rev1=1 crypto rx=0 tx=0 comp rx=0 tx=0).stop
2023-12-01T01:10:31.523 INFO:teuthology.orchestra.run.smithi077.stdout:/usr/bin/ceph: stderr
2023-12-01T01:10:30.837+0000 7f8a741e5700 1 -- 172.21.15.77:0/3364715450 >> 172.21.15.77:0/3364715450 conn(0x7f8a6c101cd0 msgr2=0x7f8a6c104110 unknown :-1 s=STATE_NONE l=0).mark_down
2023-12-01T01:10:31.523 INFO:teuthology.orchestra.run.smithi077.stdout:/usr/bin/ceph: stderr
2023-12-01T01:10:30.838+0000 7f8a741e5700 1 -- 172.21.15.77:0/3364715450 shutdown_connections
2023-12-01T01:10:31.523 INFO:teuthology.orchestra.run.smithi077.stdout:/usr/bin/ceph: stderr
2023-12-01T01:10:30.838+0000 7f8a741e5700 1 -- 172.21.15.77:0/3364715450 wait complete.
2023-12-01T01:10:31.523 INFO:teuthology.orchestra.run.smithi077.stdout:/usr/bin/ceph: stderr
2023-12-01T01:10:30.838+0000 7f8a741e5700 1 Processor -- start
2023-12-01T01:10:31.523 INFO:teuthology.orchestra.run.smithi077.stdout:/usr/bin/ceph: stderr
2023-12-01T01:10:30.838+0000 7f8a741e5700 1 -- start start
2023-12-01T01:10:31.523 INFO:teuthology.orchestra.run.smithi077.stdout:/usr/bin/ceph: stderr
2023-12-01T01:10:30.838+0000 7f8a741e5700 1 --2- >> [v2:172.21.15.77:3300/0,v1:172.21.15.77:6789/0] conn(0x7f8a6c106730 0x7f8a6c19a390 unknown :-1 s=NONE pgs=0 cs=0 l=1 rev1=0 crypto rx=0 tx=0 comp rx=0 tx=0).connect
2023-12-01T01:10:31.523 INFO:teuthology.orchestra.run.smithi077.stdout:/usr/bin/ceph: stderr
2023-12-01T01:10:30.838+0000 7f8a741e5700 1 -- --> [v2:172.21.15.77:3300/0,v1:172.21.15.77:6789/0] -- mon_getmap magic: 0 v1 -- 0x7f8a6c19a8d0 con 0x7f8a6c106730
2023-12-01T01:10:31.523 INFO:teuthology.orchestra.run.smithi077.stdout:/usr/bin/ceph: stderr
2023-12-01T01:10:30.838+0000 7f8a71f81700 1 --2- >> [v2:172.21.15.77:3300/0,v1:172.21.15.77:6789/0] conn(0x7f8a6c106730 0x7f8a6c19a390 unknown :-1 s=BANNER_CONNECTING pgs=0 cs=0 l=1 rev1=0 crypto rx=0 tx=0 comp rx=0 tx=0)._handle_peer_banner_payload supported=3 required=0
2023-12-01T01:10:31.523 INFO:teuthology.orchestra.run.smithi077.stdout:/usr/bin/ceph: stderr
2023-12-01T01:10:30.838+0000 7f8a71f81700 1 --2- >> [v2:172.21.15.77:3300/0,v1:172.21.15.77:6789/0] conn(0x7f8a6c106730 0x7f8a6c19a390 unknown :-1 s=HELLO_CONNECTING pgs=0 cs=0 l=1 rev1=1 crypto rx=0 tx=0 comp rx=0 tx=0).handle_hello peer v2:172.21.15.77:3300/0 says I am v2:172.21.15.77:56470/0 (socket says 172.21.15.77:56470)
2023-12-01T01:10:31.523 INFO:teuthology.orchestra.run.smithi077.stdout:/usr/bin/ceph: stderr
2023-12-01T01:10:30.838+0000 7f8a71f81700 1 -- 172.21.15.77:0/3536629451 learned_addr learned my addr 172.21.15.77:0/3536629451 (peer_addr_for_me v2:172.21.15.77:0/0)
2023-12-01T01:10:31.523 INFO:teuthology.orchestra.run.smithi077.stdout:/usr/bin/ceph: stderr
2023-12-01T01:10:30.839+0000 7f8a71f81700 1 -- 172.21.15.77:0/3536629451 --> [v2:172.21.15.77:3300/0,v1:172.21.15.77:6789/0] -- mon_subscribe({config=0+,monmap=0+}) v3 -- 0x7f8a68009550 con 0x7f8a6c106730
2023-12-01T01:10:31.523 INFO:teuthology.orchestra.run.smithi077.stdout:/usr/bin/ceph: stderr
2023-12-01T01:10:30.839+0000 7f8a71f81700 1 --2- 172.21.15.77:0/3536629451 >> [v2:172.21.15.77:3300/0,v1:172.21.15.77:6789/0] conn(0x7f8a6c106730 0x7f8a6c19a390 secure :-1 s=READY pgs=79 cs=0 l=1 rev1=1 crypto rx=0x7f8a68000c00 tx=0x7f8a68011a30 comp rx=0 tx=0).ready entity=mon.0 client_cookie=0 server_cookie=0 in_seq=0 out_seq=0
2023-12-01T01:10:31.523 INFO:teuthology.orchestra.run.smithi077.stdout:/usr/bin/ceph: stderr
2023-12-01T01:10:30.839+0000 7f8a62ffd700 1 -- 172.21.15.77:0/3536629451 <== mon.0 v2:172.21.15.77:3300/0 1 ==== mon_map magic: 0 v1 ==== 205+0+0 (secure 0 0 0) 0x7f8a680039f0 con 0x7f8a6c106730
2023-12-01T01:10:31.523 INFO:teuthology.orchestra.run.smithi077.stdout:/usr/bin/ceph: stderr
2023-12-01T01:10:30.839+0000 7f8a62ffd700 1 -- 172.21.15.77:0/3536629451 <== mon.0 v2:172.21.15.77:3300/0 2 ==== config(26 keys) v1 ==== 1105+0+0 (secure 0 0 0) 0x7f8a68003b50 con 0x7f8a6c106730
2023-12-01T01:10:31.524 INFO:teuthology.orchestra.run.smithi077.stdout:/usr/bin/ceph: stderr
2023-12-01T01:10:30.839+0000 7f8a62ffd700 1 -- 172.21.15.77:0/3536629451 <== mon.0 v2:172.21.15.77:3300/0 3 ==== mon_map magic: 0 v1 ==== 205+0+0 (secure 0 0 0) 0x7f8a6801a780 con 0x7f8a6c106730
2023-12-01T01:10:31.524 INFO:teuthology.orchestra.run.smithi077.stdout:/usr/bin/ceph: stderr
2023-12-01T01:10:30.839+0000 7f8a741e5700 1 -- 172.21.15.77:0/3536629451 --> [v2:172.21.15.77:3300/0,v1:172.21.15.77:6789/0] -- mon_subscribe({mgrmap=0+}) v3 -- 0x7f8a6c19aad0 con 0x7f8a6c106730
2023-12-01T01:10:31.524 INFO:teuthology.orchestra.run.smithi077.stdout:/usr/bin/ceph: stderr
2023-12-01T01:10:30.839+0000 7f8a741e5700 1 -- 172.21.15.77:0/3536629451 --> [v2:172.21.15.77:3300/0,v1:172.21.15.77:6789/0] -- mon_subscribe({osdmap=0}) v3 -- 0x7f8a6c19aef0 con 0x7f8a6c106730
2023-12-01T01:10:31.524 INFO:teuthology.orchestra.run.smithi077.stdout:/usr/bin/ceph: stderr
2023-12-01T01:10:30.840+0000 7f8a62ffd700 1 -- 172.21.15.77:0/3536629451 <== mon.0 v2:172.21.15.77:3300/0 4 ==== mgrmap(e 13) v1 ==== 45324+0+0 (secure 0 0 0) 0x7f8a68024440 con 0x7f8a6c106730
2023-12-01T01:10:31.524 INFO:teuthology.orchestra.run.smithi077.stdout:/usr/bin/ceph: stderr
2023-12-01T01:10:30.840+0000 7f8a741e5700 1 -- 172.21.15.77:0/3536629451 --> [v2:172.21.15.77:3300/0,v1:172.21.15.77:6789/0] -- mon_command({"prefix": "get_command_descriptions"} v 0) v1 -- 0x7f8a6c0623c0 con 0x7f8a6c106730
2023-12-01T01:10:31.524 INFO:teuthology.orchestra.run.smithi077.stdout:/usr/bin/ceph: stderr
2023-12-01T01:10:30.840+0000 7f8a62ffd700 1 --2- 172.21.15.77:0/3536629451 >> [v2:172.21.15.77:6800/3838941679,v1:172.21.15.77:6801/3838941679] conn(0x7f8a58038440 0x7f8a5803a900 unknown :-1 s=NONE pgs=0 cs=0 l=1 rev1=0 crypto rx=0 tx=0 comp rx=0 tx=0).connect
2023-12-01T01:10:31.524 INFO:teuthology.orchestra.run.smithi077.stdout:/usr/bin/ceph: stderr
2023-12-01T01:10:30.840+0000 7f8a62ffd700 1 -- 172.21.15.77:0/3536629451 <== mon.0 v2:172.21.15.77:3300/0 5 ==== osd_map(3..3 src has 1..3) v4 ==== 1155+0+0 (secure 0 0 0) 0x7f8a6804c390 con 0x7f8a6c106730
2023-12-01T01:10:31.524 INFO:teuthology.orchestra.run.smithi077.stdout:/usr/bin/ceph: stderr
2023-12-01T01:10:30.840+0000 7f8a71780700 1 --2- 172.21.15.77:0/3536629451 >> [v2:172.21.15.77:6800/3838941679,v1:172.21.15.77:6801/3838941679] conn(0x7f8a58038440 0x7f8a5803a900 unknown :-1 s=BANNER_CONNECTING pgs=0 cs=0 l=1 rev1=0 crypto rx=0 tx=0 comp rx=0 tx=0)._handle_peer_banner_payload supported=3 required=0
2023-12-01T01:10:31.524 INFO:teuthology.orchestra.run.smithi077.stdout:/usr/bin/ceph: stderr
2023-12-01T01:10:30.841+0000 7f8a71780700 1 --2- 172.21.15.77:0/3536629451 >> [v2:172.21.15.77:6800/3838941679,v1:172.21.15.77:6801/3838941679] conn(0x7f8a58038440 0x7f8a5803a900 secure :-1 s=READY pgs=11 cs=0 l=1 rev1=1 crypto rx=0x7f8a5c006fd0 tx=0x7f8a5c006e40 comp rx=0 tx=0).ready entity=mgr.14152 client_cookie=0 server_cookie=0 in_seq=0 out_seq=0
2023-12-01T01:10:31.524 INFO:teuthology.orchestra.run.smithi077.stdout:/usr/bin/ceph: stderr
2023-12-01T01:10:30.845+0000 7f8a62ffd700 1 -- 172.21.15.77:0/3536629451 <== mon.0 v2:172.21.15.77:3300/0 6 ==== mon_command_ack([{"prefix": "get_command_descriptions"}]=0 v0) v1 ==== 72+0+180422 (secure 0 0 0) 0x7f8a68018db0 con 0x7f8a6c106730
2023-12-01T01:10:31.524 INFO:teuthology.orchestra.run.smithi077.stdout:/usr/bin/ceph: stderr
2023-12-01T01:10:31.135+0000 7f8a741e5700 1 -- 172.21.15.77:0/3536629451 --> [v2:172.21.15.77:3300/0,v1:172.21.15.77:6789/0] -- mon_command([{prefix=config-key set, key=mgr/dashboard/cluster/status}] v 0) v1 -- 0x7f8a6c19dd50 con 0x7f8a6c106730
2023-12-01T01:10:31.524 INFO:teuthology.orchestra.run.smithi077.stdout:/usr/bin/ceph: stderr
2023-12-01T01:10:31.137+0000 7f8a62ffd700 1 -- 172.21.15.77:0/3536629451 <== mon.0 v2:172.21.15.77:3300/0 7 ==== mon_command_ack([{prefix=config-key set, key=mgr/dashboard/cluster/status}]=0 set mgr/dashboard/cluster/status v28)=0 set mgr/dashboard/cluster/status v28) v1 ==== 153+0+0 (secure 0 0 0) 0x7f8a68018350 con 0x7f8a6c106730
2023-12-01T01:10:31.524 INFO:teuthology.orchestra.run.smithi077.stdout:/usr/bin/ceph: stderr
2023-12-01T01:10:31.139+0000 7f8a741e5700 1 -- 172.21.15.77:0/3536629451 >> [v2:172.21.15.77:6800/3838941679,v1:172.21.15.77:6801/3838941679] conn(0x7f8a58038440 msgr2=0x7f8a5803a900 secure :-1 s=STATE_CONNECTION_ESTABLISHED l=1).mark_down
2023-12-01T01:10:31.524 INFO:teuthology.orchestra.run.smithi077.stdout:/usr/bin/ceph: stderr
2023-12-01T01:10:31.139+0000 7f8a741e5700 1 --2- 172.21.15.77:0/3536629451 >> [v2:172.21.15.77:6800/3838941679,v1:172.21.15.77:6801/3838941679] conn(0x7f8a58038440 0x7f8a5803a900 secure :-1 s=READY pgs=11 cs=0 l=1 rev1=1 crypto rx=0x7f8a5c006fd0 tx=0x7f8a5c006e40 comp rx=0 tx=0).stop
2023-12-01T01:10:31.524 INFO:teuthology.orchestra.run.smithi077.stdout:/usr/bin/ceph: stderr
2023-12-01T01:10:31.139+0000 7f8a741e5700 1 -- 172.21.15.77:0/3536629451 >> [v2:172.21.15.77:3300/0,v1:172.21.15.77:6789/0] conn(0x7f8a6c106730 msgr2=0x7f8a6c19a390 secure :-1 s=STATE_CONNECTION_ESTABLISHED l=1).mark_down
2023-12-01T01:10:31.525 INFO:teuthology.orchestra.run.smithi077.stdout:/usr/bin/ceph: stderr
2023-12-01T01:10:31.139+0000 7f8a741e5700 1 --2- 172.21.15.77:0/3536629451 >> [v2:172.21.15.77:3300/0,v1:172.21.15.77:6789/0] conn(0x7f8a6c106730 0x7f8a6c19a390 secure :-1 s=READY pgs=79 cs=0 l=1 rev1=1 crypto rx=0x7f8a68000c00 tx=0x7f8a68011a30 comp rx=0 tx=0).stop
2023-12-01T01:10:31.525 INFO:teuthology.orchestra.run.smithi077.stdout:/usr/bin/ceph: stderr
2023-12-01T01:10:31.139+0000 7f8a741e5700 1 -- 172.21.15.77:0/3536629451 shutdown_connections
2023-12-01T01:10:31.525 INFO:teuthology.orchestra.run.smithi077.stdout:/usr/bin/ceph: stderr
2023-12-01T01:10:31.139+0000 7f8a741e5700 1 --2- 172.21.15.77:0/3536629451 >> [v2:172.21.15.77:6800/3838941679,v1:172.21.15.77:6801/3838941679] conn(0x7f8a58038440 0x7f8a5803a900 unknown :-1 s=CLOSED pgs=11 cs=0 l=1 rev1=1 crypto rx=0 tx=0 comp rx=0 tx=0).stop
2023-12-01T01:10:31.525 INFO:teuthology.orchestra.run.smithi077.stdout:/usr/bin/ceph: stderr
2023-12-01T01:10:31.139+0000 7f8a741e5700 1 --2- 172.21.15.77:0/3536629451 >> [v2:172.21.15.77:3300/0,v1:172.21.15.77:6789/0] conn(0x7f8a6c106730 0x7f8a6c19a390 unknown :-1 s=CLOSED pgs=79 cs=0 l=1 rev1=1 crypto rx=0 tx=0 comp rx=0 tx=0).stop
2023-12-01T01:10:31.525 INFO:teuthology.orchestra.run.smithi077.stdout:/usr/bin/ceph: stderr
2023-12-01T01:10:31.139+0000 7f8a741e5700 1 -- 172.21.15.77:0/3536629451 >> 172.21.15.77:0/3536629451 conn(0x7f8a6c101cd0 msgr2=0x7f8a6c103380 unknown :-1 s=STATE_NONE l=0).mark_down
2023-12-01T01:10:31.525 INFO:teuthology.orchestra.run.smithi077.stdout:/usr/bin/ceph: stderr
2023-12-01T01:10:31.139+0000 7f8a741e5700 1 -- 172.21.15.77:0/3536629451 shutdown_connections
2023-12-01T01:10:31.525 INFO:teuthology.orchestra.run.smithi077.stdout:/usr/bin/ceph: stderr
2023-12-01T01:10:31.139+0000 7f8a741e5700 1 -- 172.21.15.77:0/3536629451 wait complete.
2023-12-01T01:10:31.525 INFO:teuthology.orchestra.run.smithi077.stdout:/usr/bin/ceph: stderr set mgr/dashboard/cluster/status
2023-12-01T01:10:31.525 INFO:teuthology.orchestra.run.smithi077.stdout:You can access the Ceph CLI as following in case of multi-cluster or non-default config:
2023-12-01T01:10:31.525 INFO:teuthology.orchestra.run.smithi077.stdout:
2023-12-01T01:10:31.525 INFO:teuthology.orchestra.run.smithi077.stdout: sudo /home/ubuntu/cephtest/cephadm shell --fsid 2a06e29a-8fe6-11ee-95a2-87774f69a715 -c /etc/ceph/ceph.conf -k /etc/ceph/ceph.client.admin.keyring
2023-12-01T01:10:31.525 INFO:teuthology.orchestra.run.smithi077.stdout:
2023-12-01T01:10:31.525 INFO:teuthology.orchestra.run.smithi077.stdout:Or, if you are only running a single cluster on this host:
2023-12-01T01:10:31.525 INFO:teuthology.orchestra.run.smithi077.stdout:
2023-12-01T01:10:31.525 INFO:teuthology.orchestra.run.smithi077.stdout: sudo /home/ubuntu/cephtest/cephadm shell
2023-12-01T01:10:31.525 INFO:teuthology.orchestra.run.smithi077.stdout:
2023-12-01T01:10:31.526 INFO:teuthology.orchestra.run.smithi077.stdout:Please consider enabling telemetry to help improve Ceph:
2023-12-01T01:10:31.526 INFO:teuthology.orchestra.run.smithi077.stdout:
2023-12-01T01:10:31.526 INFO:teuthology.orchestra.run.smithi077.stdout: ceph telemetry on
2023-12-01T01:10:31.526 INFO:teuthology.orchestra.run.smithi077.stdout:
2023-12-01T01:10:31.526 INFO:teuthology.orchestra.run.smithi077.stdout:For more information see:
2023-12-01T01:10:31.526 INFO:teuthology.orchestra.run.smithi077.stdout:
2023-12-01T01:10:31.526 INFO:teuthology.orchestra.run.smithi077.stdout: https://docs.ceph.com/en/latest/mgr/telemetry/
2023-12-01T01:10:31.526 INFO:teuthology.orchestra.run.smithi077.stdout:
2023-12-01T01:10:31.526 INFO:teuthology.orchestra.run.smithi077.stdout:Bootstrap complete.
2023-12-01T01:10:31.556 INFO:tasks.cephadm:Fetching config...
2023-12-01T01:10:31.556 DEBUG:teuthology.orchestra.run.smithi077:> set -ex
2023-12-01T01:10:31.556 DEBUG:teuthology.orchestra.run.smithi077:> dd if=/etc/ceph/ceph.conf of=/dev/stdout
2023-12-01T01:10:31.573 INFO:tasks.cephadm:Fetching client.admin keyring...
2023-12-01T01:10:31.573 DEBUG:teuthology.orchestra.run.smithi077:> set -ex
2023-12-01T01:10:31.573 DEBUG:teuthology.orchestra.run.smithi077:> dd if=/etc/ceph/ceph.client.admin.keyring of=/dev/stdout
2023-12-01T01:10:31.631 INFO:tasks.cephadm:Fetching mon keyring...
2023-12-01T01:10:31.631 DEBUG:teuthology.orchestra.run.smithi077:> set -ex
2023-12-01T01:10:31.631 DEBUG:teuthology.orchestra.run.smithi077:> sudo dd if=/var/lib/ceph/2a06e29a-8fe6-11ee-95a2-87774f69a715/mon.a/keyring of=/dev/stdout
2023-12-01T01:10:31.696 INFO:journalctl@ceph.mon.a.smithi077.stdout:Dec 01 01:10:31 smithi077 ceph-mon[98867]: mgrmap e13: x(active, since 6s)
2023-12-01T01:10:31.696 INFO:journalctl@ceph.mon.a.smithi077.stdout:Dec 01 01:10:31 smithi077 ceph-mon[98867]: from='client.? 172.21.15.77:0/3536629451' entity='client.admin'
2023-12-01T01:10:31.700 INFO:tasks.cephadm:Fetching pub ssh key...
2023-12-01T01:10:31.700 DEBUG:teuthology.orchestra.run.smithi077:> set -ex
2023-12-01T01:10:31.700 DEBUG:teuthology.orchestra.run.smithi077:> dd if=/home/ubuntu/cephtest/ceph.pub of=/dev/stdout
2023-12-01T01:10:31.757 INFO:tasks.cephadm:Installing pub ssh key for root users...
2023-12-01T01:10:31.757 DEBUG:teuthology.orchestra.run.smithi077:> sudo install -d -m 0700 /root/.ssh && echo 'ssh-rsa AAAAB3NzaC1yc2EAAAADAQABAAABgQC013SX4LJ7LQ6G7zvtIEvaTmfjMzkecGP59RsGSW39+s7geeA2D6DrXMxwH9zSgfGhwYCRGUewSxvrp2kAUs/Y1tVMbYbTsEryBD4/k213hpx+26Cwxf65YyoKvN6N0NGXJQsFnz3exJC8/Om0RDReWgHcmdm1z3pT/Iq4fiFfQqizsnTTNuxiSVCRl6xS20+VcnN1ZyU/VF0kvtoQb2ipvvTQ0Noh4zAUudhXWLUeidjlECK7eDg51DKb5YjLBiry4PU1BLn9p6SQpzfZwdaNRySM/YrcZUZBpr+mDXwFXjtcnS1W68tdSuFJHMAIJqBrNVVYeJK9WN4v+ibXhruLQgPOEsc6N/U0lQamftIhWA5b6/4Iqmnsnh3elsXZ0BO6mCjZvE+jRpc3RwXfr2sJdP8GHtjpkKxSvMZspJce/tkRPoFm2V3l5xgi7OITGTVD90PVtT7FdxxemugcZM3tymoWJYga0QR/vHnW1tdDGYoDeac660KpMtkmy4Rppz8= ceph-2a06e29a-8fe6-11ee-95a2-87774f69a715' | sudo tee -a /root/.ssh/authorized_keys && sudo chmod 0600 /root/.ssh/authorized_keys
2023-12-01T01:10:31.835 INFO:teuthology.orchestra.run.smithi077.stdout:ssh-rsa AAAAB3NzaC1yc2EAAAADAQABAAABgQC013SX4LJ7LQ6G7zvtIEvaTmfjMzkecGP59RsGSW39+s7geeA2D6DrXMxwH9zSgfGhwYCRGUewSxvrp2kAUs/Y1tVMbYbTsEryBD4/k213hpx+26Cwxf65YyoKvN6N0NGXJQsFnz3exJC8/Om0RDReWgHcmdm1z3pT/Iq4fiFfQqizsnTTNuxiSVCRl6xS20+VcnN1ZyU/VF0kvtoQb2ipvvTQ0Noh4zAUudhXWLUeidjlECK7eDg51DKb5YjLBiry4PU1BLn9p6SQpzfZwdaNRySM/YrcZUZBpr+mDXwFXjtcnS1W68tdSuFJHMAIJqBrNVVYeJK9WN4v+ibXhruLQgPOEsc6N/U0lQamftIhWA5b6/4Iqmnsnh3elsXZ0BO6mCjZvE+jRpc3RwXfr2sJdP8GHtjpkKxSvMZspJce/tkRPoFm2V3l5xgi7OITGTVD90PVtT7FdxxemugcZM3tymoWJYga0QR/vHnW1tdDGYoDeac660KpMtkmy4Rppz8= ceph-2a06e29a-8fe6-11ee-95a2-87774f69a715
2023-12-01T01:10:31.856 DEBUG:teuthology.orchestra.run.smithi137:> sudo install -d -m 0700 /root/.ssh && echo 'ssh-rsa AAAAB3NzaC1yc2EAAAADAQABAAABgQC013SX4LJ7LQ6G7zvtIEvaTmfjMzkecGP59RsGSW39+s7geeA2D6DrXMxwH9zSgfGhwYCRGUewSxvrp2kAUs/Y1tVMbYbTsEryBD4/k213hpx+26Cwxf65YyoKvN6N0NGXJQsFnz3exJC8/Om0RDReWgHcmdm1z3pT/Iq4fiFfQqizsnTTNuxiSVCRl6xS20+VcnN1ZyU/VF0kvtoQb2ipvvTQ0Noh4zAUudhXWLUeidjlECK7eDg51DKb5YjLBiry4PU1BLn9p6SQpzfZwdaNRySM/YrcZUZBpr+mDXwFXjtcnS1W68tdSuFJHMAIJqBrNVVYeJK9WN4v+ibXhruLQgPOEsc6N/U0lQamftIhWA5b6/4Iqmnsnh3elsXZ0BO6mCjZvE+jRpc3RwXfr2sJdP8GHtjpkKxSvMZspJce/tkRPoFm2V3l5xgi7OITGTVD90PVtT7FdxxemugcZM3tymoWJYga0QR/vHnW1tdDGYoDeac660KpMtkmy4Rppz8= ceph-2a06e29a-8fe6-11ee-95a2-87774f69a715' | sudo tee -a /root/.ssh/authorized_keys && sudo chmod 0600 /root/.ssh/authorized_keys
2023-12-01T01:10:31.905 INFO:teuthology.orchestra.run.smithi137.stdout:ssh-rsa AAAAB3NzaC1yc2EAAAADAQABAAABgQC013SX4LJ7LQ6G7zvtIEvaTmfjMzkecGP59RsGSW39+s7geeA2D6DrXMxwH9zSgfGhwYCRGUewSxvrp2kAUs/Y1tVMbYbTsEryBD4/k213hpx+26Cwxf65YyoKvN6N0NGXJQsFnz3exJC8/Om0RDReWgHcmdm1z3pT/Iq4fiFfQqizsnTTNuxiSVCRl6xS20+VcnN1ZyU/VF0kvtoQb2ipvvTQ0Noh4zAUudhXWLUeidjlECK7eDg51DKb5YjLBiry4PU1BLn9p6SQpzfZwdaNRySM/YrcZUZBpr+mDXwFXjtcnS1W68tdSuFJHMAIJqBrNVVYeJK9WN4v+ibXhruLQgPOEsc6N/U0lQamftIhWA5b6/4Iqmnsnh3elsXZ0BO6mCjZvE+jRpc3RwXfr2sJdP8GHtjpkKxSvMZspJce/tkRPoFm2V3l5xgi7OITGTVD90PVtT7FdxxemugcZM3tymoWJYga0QR/vHnW1tdDGYoDeac660KpMtkmy4Rppz8= ceph-2a06e29a-8fe6-11ee-95a2-87774f69a715
2023-12-01T01:10:31.918 DEBUG:teuthology.orchestra.run.smithi203:> sudo install -d -m 0700 /root/.ssh && echo 'ssh-rsa AAAAB3NzaC1yc2EAAAADAQABAAABgQC013SX4LJ7LQ6G7zvtIEvaTmfjMzkecGP59RsGSW39+s7geeA2D6DrXMxwH9zSgfGhwYCRGUewSxvrp2kAUs/Y1tVMbYbTsEryBD4/k213hpx+26Cwxf65YyoKvN6N0NGXJQsFnz3exJC8/Om0RDReWgHcmdm1z3pT/Iq4fiFfQqizsnTTNuxiSVCRl6xS20+VcnN1ZyU/VF0kvtoQb2ipvvTQ0Noh4zAUudhXWLUeidjlECK7eDg51DKb5YjLBiry4PU1BLn9p6SQpzfZwdaNRySM/YrcZUZBpr+mDXwFXjtcnS1W68tdSuFJHMAIJqBrNVVYeJK9WN4v+ibXhruLQgPOEsc6N/U0lQamftIhWA5b6/4Iqmnsnh3elsXZ0BO6mCjZvE+jRpc3RwXfr2sJdP8GHtjpkKxSvMZspJce/tkRPoFm2V3l5xgi7OITGTVD90PVtT7FdxxemugcZM3tymoWJYga0QR/vHnW1tdDGYoDeac660KpMtkmy4Rppz8= ceph-2a06e29a-8fe6-11ee-95a2-87774f69a715' | sudo tee -a /root/.ssh/authorized_keys && sudo chmod 0600 /root/.ssh/authorized_keys
2023-12-01T01:10:31.967 INFO:teuthology.orchestra.run.smithi203.stdout:ssh-rsa AAAAB3NzaC1yc2EAAAADAQABAAABgQC013SX4LJ7LQ6G7zvtIEvaTmfjMzkecGP59RsGSW39+s7geeA2D6DrXMxwH9zSgfGhwYCRGUewSxvrp2kAUs/Y1tVMbYbTsEryBD4/k213hpx+26Cwxf65YyoKvN6N0NGXJQsFnz3exJC8/Om0RDReWgHcmdm1z3pT/Iq4fiFfQqizsnTTNuxiSVCRl6xS20+VcnN1ZyU/VF0kvtoQb2ipvvTQ0Noh4zAUudhXWLUeidjlECK7eDg51DKb5YjLBiry4PU1BLn9p6SQpzfZwdaNRySM/YrcZUZBpr+mDXwFXjtcnS1W68tdSuFJHMAIJqBrNVVYeJK9WN4v+ibXhruLQgPOEsc6N/U0lQamftIhWA5b6/4Iqmnsnh3elsXZ0BO6mCjZvE+jRpc3RwXfr2sJdP8GHtjpkKxSvMZspJce/tkRPoFm2V3l5xgi7OITGTVD90PVtT7FdxxemugcZM3tymoWJYga0QR/vHnW1tdDGYoDeac660KpMtkmy4Rppz8= ceph-2a06e29a-8fe6-11ee-95a2-87774f69a715
2023-12-01T01:10:31.980 DEBUG:teuthology.orchestra.run.smithi077:> sudo /home/ubuntu/cephtest/cephadm --image quay-quay-quay.apps.os.sepia.ceph.com/ceph-ci/ceph:a6f82997ac57b70a895455dfed6256360a1e4c32 shell -c /etc/ceph/ceph.conf -k /etc/ceph/ceph.client.admin.keyring --fsid 2a06e29a-8fe6-11ee-95a2-87774f69a715 -- ceph config set mgr mgr/cephadm/allow_ptrace true
2023-12-01T01:10:32.535 INFO:teuthology.orchestra.run.smithi077.stderr:Inferring config /var/lib/ceph/2a06e29a-8fe6-11ee-95a2-87774f69a715/mon.a/config
2023-12-01T01:10:33.993 INFO:teuthology.orchestra.run.smithi077.stderr:2023-12-01T01:10:33.990+0000 7fb756934700 1 -- 172.21.15.77:0/3072330120 >> [v2:172.21.15.77:3300/0,v1:172.21.15.77:6789/0] conn(0x7fb750101310 msgr2=0x7fb750103700 secure :-1 s=STATE_CONNECTION_ESTABLISHED l=1).mark_down
2023-12-01T01:10:33.994 INFO:teuthology.orchestra.run.smithi077.stderr:2023-12-01T01:10:33.990+0000 7fb756934700 1 --2- 172.21.15.77:0/3072330120 >> [v2:172.21.15.77:3300/0,v1:172.21.15.77:6789/0] conn(0x7fb750101310 0x7fb750103700 secure :-1 s=READY pgs=80 cs=0 l=1 rev1=1 crypto rx=0x7fb740009910 tx=0x7fb740009c20 comp rx=0 tx=0).stop
2023-12-01T01:10:33.994 INFO:teuthology.orchestra.run.smithi077.stderr:2023-12-01T01:10:33.991+0000 7fb756934700 1 -- 172.21.15.77:0/3072330120 shutdown_connections
2023-12-01T01:10:33.994 INFO:teuthology.orchestra.run.smithi077.stderr:2023-12-01T01:10:33.991+0000 7fb756934700 1 --2- 172.21.15.77:0/3072330120 >> [v2:172.21.15.77:3300/0,v1:172.21.15.77:6789/0] conn(0x7fb750101310 0x7fb750103700 unknown :-1 s=CLOSED pgs=80 cs=0 l=1 rev1=1 crypto rx=0 tx=0 comp rx=0 tx=0).stop
2023-12-01T01:10:33.994 INFO:teuthology.orchestra.run.smithi077.stderr:2023-12-01T01:10:33.991+0000 7fb756934700 1 -- 172.21.15.77:0/3072330120 >> 172.21.15.77:0/3072330120 conn(0x7fb7500fad20 msgr2=0x7fb7500fd160 unknown :-1 s=STATE_NONE l=0).mark_down
2023-12-01T01:10:33.994 INFO:teuthology.orchestra.run.smithi077.stderr:2023-12-01T01:10:33.991+0000 7fb756934700 1 -- 172.21.15.77:0/3072330120 shutdown_connections
2023-12-01T01:10:33.994 INFO:teuthology.orchestra.run.smithi077.stderr:2023-12-01T01:10:33.991+0000 7fb756934700 1 -- 172.21.15.77:0/3072330120 wait complete.
2023-12-01T01:10:33.994 INFO:teuthology.orchestra.run.smithi077.stderr:2023-12-01T01:10:33.991+0000 7fb756934700 1 Processor -- start
2023-12-01T01:10:33.994 INFO:teuthology.orchestra.run.smithi077.stderr:2023-12-01T01:10:33.991+0000 7fb756934700 1 -- start start
2023-12-01T01:10:33.994 INFO:teuthology.orchestra.run.smithi077.stderr:2023-12-01T01:10:33.991+0000 7fb756934700 1 --2- >> [v2:172.21.15.77:3300/0,v1:172.21.15.77:6789/0] conn(0x7fb750101310 0x7fb750100c70 unknown :-1 s=NONE pgs=0 cs=0 l=1 rev1=0 crypto rx=0 tx=0 comp rx=0 tx=0).connect
2023-12-01T01:10:33.994 INFO:teuthology.orchestra.run.smithi077.stderr:2023-12-01T01:10:33.991+0000 7fb756934700 1 -- --> [v2:172.21.15.77:3300/0,v1:172.21.15.77:6789/0] -- mon_getmap magic: 0 v1 -- 0x7fb7501011b0 con 0x7fb750101310
2023-12-01T01:10:33.994 INFO:teuthology.orchestra.run.smithi077.stderr:2023-12-01T01:10:33.992+0000 7fb74ffff700 1 --2- >> [v2:172.21.15.77:3300/0,v1:172.21.15.77:6789/0] conn(0x7fb750101310 0x7fb750100c70 unknown :-1 s=BANNER_CONNECTING pgs=0 cs=0 l=1 rev1=0 crypto rx=0 tx=0 comp rx=0 tx=0)._handle_peer_banner_payload supported=3 required=0
2023-12-01T01:10:33.994 INFO:teuthology.orchestra.run.smithi077.stderr:2023-12-01T01:10:33.992+0000 7fb74ffff700 1 --2- >> [v2:172.21.15.77:3300/0,v1:172.21.15.77:6789/0] conn(0x7fb750101310 0x7fb750100c70 unknown :-1 s=HELLO_CONNECTING pgs=0 cs=0 l=1 rev1=1 crypto rx=0 tx=0 comp rx=0 tx=0).handle_hello peer v2:172.21.15.77:3300/0 says I am v2:172.21.15.77:56476/0 (socket says 172.21.15.77:56476)
2023-12-01T01:10:33.995 INFO:teuthology.orchestra.run.smithi077.stderr:2023-12-01T01:10:33.992+0000 7fb74ffff700 1 -- 172.21.15.77:0/1408860690 learned_addr learned my addr 172.21.15.77:0/1408860690 (peer_addr_for_me v2:172.21.15.77:0/0)
