2023-12-01T01:10:13.796 INFO:teuthology.orchestra.run.smithi077.stdout:/usr/bin/ceph: stderr
2023-12-01T01:10:13.215+0000 7fae96ffd700 1 -- 172.21.15.77:0/1819747211 <== mon.0 v2:172.21.15.77:3300/0 1 ==== mon_map magic: 0 v1 ==== 205+0+0 (secure 0 0 0) 0x7fae9c003970 con 0x7faea01055c0
2023-12-01T01:10:13.796 INFO:teuthology.orchestra.run.smithi077.stdout:/usr/bin/ceph: stderr
2023-12-01T01:10:13.215+0000 7fae96ffd700 1 -- 172.21.15.77:0/1819747211 <== mon.0 v2:172.21.15.77:3300/0 2 ==== config(26 keys) v1 ==== 1105+0+0 (secure 0 0 0) 0x7fae9c003ad0 con 0x7faea01055c0
2023-12-01T01:10:13.796 INFO:teuthology.orchestra.run.smithi077.stdout:/usr/bin/ceph: stderr
2023-12-01T01:10:13.215+0000 7faea7d44700 1 -- 172.21.15.77:0/1819747211 --> [v2:172.21.15.77:3300/0,v1:172.21.15.77:6789/0] -- mon_subscribe({mgrmap=0+}) v3 -- 0x7faea019d210 con 0x7faea01055c0
2023-12-01T01:10:13.796 INFO:teuthology.orchestra.run.smithi077.stdout:/usr/bin/ceph: stderr
2023-12-01T01:10:13.215+0000 7fae96ffd700 1 -- 172.21.15.77:0/1819747211 <== mon.0 v2:172.21.15.77:3300/0 3 ==== mon_map magic: 0 v1 ==== 205+0+0 (secure 0 0 0) 0x7fae9c0195e0 con 0x7faea01055c0
2023-12-01T01:10:13.796 INFO:teuthology.orchestra.run.smithi077.stdout:/usr/bin/ceph: stderr
2023-12-01T01:10:13.215+0000 7faea7d44700 1 -- 172.21.15.77:0/1819747211 --> [v2:172.21.15.77:3300/0,v1:172.21.15.77:6789/0] -- mon_subscribe({osdmap=0}) v3 -- 0x7faea019d630 con 0x7faea01055c0
2023-12-01T01:10:13.796 INFO:teuthology.orchestra.run.smithi077.stdout:/usr/bin/ceph: stderr
2023-12-01T01:10:13.216+0000 7fae96ffd700 1 -- 172.21.15.77:0/1819747211 <== mon.0 v2:172.21.15.77:3300/0 4 ==== mgrmap(e 8) v1 ==== 45268+0+0 (secure 0 0 0) 0x7fae9c019890 con 0x7faea01055c0
2023-12-01T01:10:13.796 INFO:teuthology.orchestra.run.smithi077.stdout:/usr/bin/ceph: stderr
2023-12-01T01:10:13.216+0000 7fae96ffd700 1 --2- 172.21.15.77:0/1819747211 >> [v2:172.21.15.77:6800/1456621747,v1:172.21.15.77:6801/1456621747] conn(0x7fae8c038300 0x7fae8c03a7c0 unknown :-1 s=NONE pgs=0 cs=0 l=1 rev1=0 crypto rx=0 tx=0 comp rx=0 tx=0).connect
2023-12-01T01:10:13.796 INFO:teuthology.orchestra.run.smithi077.stdout:/usr/bin/ceph: stderr
2023-12-01T01:10:13.216+0000 7faea7d44700 1 -- 172.21.15.77:0/1819747211 --> [v2:172.21.15.77:3300/0,v1:172.21.15.77:6789/0] -- mon_command({"prefix": "get_command_descriptions"} v 0) v1 -- 0x7faea01099f0 con 0x7faea01055c0
2023-12-01T01:10:13.796 INFO:teuthology.orchestra.run.smithi077.stdout:/usr/bin/ceph: stderr
2023-12-01T01:10:13.216+0000 7fae96ffd700 1 -- 172.21.15.77:0/1819747211 <== mon.0 v2:172.21.15.77:3300/0 5 ==== osd_map(2..2 src has 1..2) v4 ==== 940+0+0 (secure 0 0 0) 0x7fae9c04c2c0 con 0x7faea01055c0
2023-12-01T01:10:13.796 INFO:teuthology.orchestra.run.smithi077.stdout:/usr/bin/ceph: stderr
2023-12-01T01:10:13.217+0000 7faea52df700 1 --2- 172.21.15.77:0/1819747211 >> [v2:172.21.15.77:6800/1456621747,v1:172.21.15.77:6801/1456621747] conn(0x7fae8c038300 0x7fae8c03a7c0 unknown :-1 s=BANNER_CONNECTING pgs=0 cs=0 l=1 rev1=0 crypto rx=0 tx=0 comp rx=0 tx=0)._handle_peer_banner_payload supported=3 required=0
2023-12-01T01:10:13.796 INFO:teuthology.orchestra.run.smithi077.stdout:/usr/bin/ceph: stderr
2023-12-01T01:10:13.217+0000 7faea52df700 1 --2- 172.21.15.77:0/1819747211 >> [v2:172.21.15.77:6800/1456621747,v1:172.21.15.77:6801/1456621747] conn(0x7fae8c038300 0x7fae8c03a7c0 secure :-1 s=READY pgs=13 cs=0 l=1 rev1=1 crypto rx=0x7fae90006fd0 tx=0x7fae90006e40 comp rx=0 tx=0).ready entity=mgr.14120 client_cookie=0 server_cookie=0 in_seq=0 out_seq=0
2023-12-01T01:10:13.797 INFO:teuthology.orchestra.run.smithi077.stdout:/usr/bin/ceph: stderr
2023-12-01T01:10:13.221+0000 7fae96ffd700 1 -- 172.21.15.77:0/1819747211 <== mon.0 v2:172.21.15.77:3300/0 6 ==== mon_command_ack([{"prefix": "get_command_descriptions"}]=0 v0) v1 ==== 72+0+180422 (secure 0 0 0) 0x7fae9c019b90 con 0x7faea01055c0
2023-12-01T01:10:13.797 INFO:teuthology.orchestra.run.smithi077.stdout:/usr/bin/ceph: stderr
2023-12-01T01:10:13.444+0000 7faea7d44700 1 -- 172.21.15.77:0/1819747211 --> [v2:172.21.15.77:6800/1456621747,v1:172.21.15.77:6801/1456621747] -- mgr_command(tid 0: {"prefix": "orch apply", "service_type": "mgr", "unmanaged": true, "target": ["mon-mgr", ""]}) v1 -- 0x7faea0102e90 con 0x7fae8c038300
2023-12-01T01:10:13.797 INFO:teuthology.orchestra.run.smithi077.stdout:/usr/bin/ceph: stderr
2023-12-01T01:10:13.451+0000 7fae96ffd700 1 -- 172.21.15.77:0/1819747211 <== mgr.14120 v2:172.21.15.77:6800/1456621747 1 ==== mgr_command_reply(tid 0: 0 ) v1 ==== 8+0+24 (secure 0 0 0) 0x7faea0102e90 con 0x7fae8c038300
2023-12-01T01:10:13.797 INFO:teuthology.orchestra.run.smithi077.stdout:/usr/bin/ceph: stderr
2023-12-01T01:10:13.454+0000 7faea7d44700 1 -- 172.21.15.77:0/1819747211 >> [v2:172.21.15.77:6800/1456621747,v1:172.21.15.77:6801/1456621747] conn(0x7fae8c038300 msgr2=0x7fae8c03a7c0 secure :-1 s=STATE_CONNECTION_ESTABLISHED l=1).mark_down
2023-12-01T01:10:13.797 INFO:teuthology.orchestra.run.smithi077.stdout:/usr/bin/ceph: stderr
2023-12-01T01:10:13.454+0000 7faea7d44700 1 --2- 172.21.15.77:0/1819747211 >> [v2:172.21.15.77:6800/1456621747,v1:172.21.15.77:6801/1456621747] conn(0x7fae8c038300 0x7fae8c03a7c0 secure :-1 s=READY pgs=13 cs=0 l=1 rev1=1 crypto rx=0x7fae90006fd0 tx=0x7fae90006e40 comp rx=0 tx=0).stop
2023-12-01T01:10:13.797 INFO:teuthology.orchestra.run.smithi077.stdout:/usr/bin/ceph: stderr
2023-12-01T01:10:13.454+0000 7faea7d44700 1 -- 172.21.15.77:0/1819747211 >> [v2:172.21.15.77:3300/0,v1:172.21.15.77:6789/0] conn(0x7faea01055c0 msgr2=0x7faea00742a0 secure :-1 s=STATE_CONNECTION_ESTABLISHED l=1).mark_down
2023-12-01T01:10:13.797 INFO:teuthology.orchestra.run.smithi077.stdout:/usr/bin/ceph: stderr
2023-12-01T01:10:13.454+0000 7faea7d44700 1 --2- 172.21.15.77:0/1819747211 >> [v2:172.21.15.77:3300/0,v1:172.21.15.77:6789/0] conn(0x7faea01055c0 0x7faea00742a0 secure :-1 s=READY pgs=50 cs=0 l=1 rev1=1 crypto rx=0x7fae9c003e60 tx=0x7fae9c011aa0 comp rx=0 tx=0).stop
2023-12-01T01:10:13.797 INFO:teuthology.orchestra.run.smithi077.stdout:/usr/bin/ceph: stderr
2023-12-01T01:10:13.454+0000 7faea7d44700 1 -- 172.21.15.77:0/1819747211 shutdown_connections
2023-12-01T01:10:13.797 INFO:teuthology.orchestra.run.smithi077.stdout:/usr/bin/ceph: stderr
2023-12-01T01:10:13.454+0000 7faea7d44700 1 --2- 172.21.15.77:0/1819747211 >> [v2:172.21.15.77:6800/1456621747,v1:172.21.15.77:6801/1456621747] conn(0x7fae8c038300 0x7fae8c03a7c0 unknown :-1 s=CLOSED pgs=13 cs=0 l=1 rev1=1 crypto rx=0 tx=0 comp rx=0 tx=0).stop
2023-12-01T01:10:13.797 INFO:teuthology.orchestra.run.smithi077.stdout:/usr/bin/ceph: stderr
2023-12-01T01:10:13.454+0000 7faea7d44700 1 --2- 172.21.15.77:0/1819747211 >> [v2:172.21.15.77:3300/0,v1:172.21.15.77:6789/0] conn(0x7faea01055c0 0x7faea00742a0 unknown :-1 s=CLOSED pgs=50 cs=0 l=1 rev1=1 crypto rx=0 tx=0 comp rx=0 tx=0).stop
2023-12-01T01:10:13.797 INFO:teuthology.orchestra.run.smithi077.stdout:/usr/bin/ceph: stderr
2023-12-01T01:10:13.454+0000 7faea7d44700 1 -- 172.21.15.77:0/1819747211 >> 172.21.15.77:0/1819747211 conn(0x7faea0100b80 msgr2=0x7faea0102270 unknown :-1 s=STATE_NONE l=0).mark_down
2023-12-01T01:10:13.797 INFO:teuthology.orchestra.run.smithi077.stdout:/usr/bin/ceph: stderr
2023-12-01T01:10:13.454+0000 7faea7d44700 1 -- 172.21.15.77:0/1819747211 shutdown_connections
2023-12-01T01:10:13.797 INFO:teuthology.orchestra.run.smithi077.stdout:/usr/bin/ceph: stderr
2023-12-01T01:10:13.454+0000 7faea7d44700 1 -- 172.21.15.77:0/1819747211 wait complete.
2023-12-01T01:10:14.837 INFO:teuthology.orchestra.run.smithi077.stdout:/usr/bin/ceph: stderr
2023-12-01T01:10:14.237+0000 7fc946901700 1 Processor -- start
2023-12-01T01:10:14.837 INFO:teuthology.orchestra.run.smithi077.stdout:/usr/bin/ceph: stderr
2023-12-01T01:10:14.237+0000 7fc946901700 1 -- start start
2023-12-01T01:10:14.837 INFO:teuthology.orchestra.run.smithi077.stdout:/usr/bin/ceph: stderr
2023-12-01T01:10:14.237+0000 7fc946901700 1 --2- >> [v2:172.21.15.77:3300/0,v1:172.21.15.77:6789/0] conn(0x7fc940104d20 0x7fc940105140 unknown :-1 s=NONE pgs=0 cs=0 l=0 rev1=0 crypto rx=0 tx=0 comp rx=0 tx=0).connect
2023-12-01T01:10:14.837 INFO:teuthology.orchestra.run.smithi077.stdout:/usr/bin/ceph: stderr
2023-12-01T01:10:14.237+0000 7fc946901700 1 -- --> [v2:172.21.15.77:3300/0,v1:172.21.15.77:6789/0] -- mon_getmap magic: 0 v1 -- 0x7fc940105710 con 0x7fc940104d20
2023-12-01T01:10:14.837 INFO:teuthology.orchestra.run.smithi077.stdout:/usr/bin/ceph: stderr
2023-12-01T01:10:14.238+0000 7fc93ffff700 1 --2- >> [v2:172.21.15.77:3300/0,v1:172.21.15.77:6789/0] conn(0x7fc940104d20 0x7fc940105140 unknown :-1 s=BANNER_CONNECTING pgs=0 cs=0 l=0 rev1=0 crypto rx=0 tx=0 comp rx=0 tx=0)._handle_peer_banner_payload supported=3 required=0
2023-12-01T01:10:14.837 INFO:teuthology.orchestra.run.smithi077.stdout:/usr/bin/ceph: stderr
2023-12-01T01:10:14.238+0000 7fc93ffff700 1 --2- >> [v2:172.21.15.77:3300/0,v1:172.21.15.77:6789/0] conn(0x7fc940104d20 0x7fc940105140 unknown :-1 s=HELLO_CONNECTING pgs=0 cs=0 l=0 rev1=1 crypto rx=0 tx=0 comp rx=0 tx=0).handle_hello peer v2:172.21.15.77:3300/0 says I am v2:172.21.15.77:56346/0 (socket says 172.21.15.77:56346)
2023-12-01T01:10:14.837 INFO:teuthology.orchestra.run.smithi077.stdout:/usr/bin/ceph: stderr
2023-12-01T01:10:14.238+0000 7fc93ffff700 1 -- 172.21.15.77:0/1111629665 learned_addr learned my addr 172.21.15.77:0/1111629665 (peer_addr_for_me v2:172.21.15.77:0/0)
2023-12-01T01:10:14.837 INFO:teuthology.orchestra.run.smithi077.stdout:/usr/bin/ceph: stderr
2023-12-01T01:10:14.238+0000 7fc93ffff700 1 -- 172.21.15.77:0/1111629665 --> [v2:172.21.15.77:3300/0,v1:172.21.15.77:6789/0] -- mon_subscribe({config=0+,monmap=0+}) v3 -- 0x7fc940105f20 con 0x7fc940104d20
2023-12-01T01:10:14.838 INFO:teuthology.orchestra.run.smithi077.stdout:/usr/bin/ceph: stderr
2023-12-01T01:10:14.238+0000 7fc93ffff700 1 --2- 172.21.15.77:0/1111629665 >> [v2:172.21.15.77:3300/0,v1:172.21.15.77:6789/0] conn(0x7fc940104d20 0x7fc940105140 secure :-1 s=READY pgs=51 cs=0 l=1 rev1=1 crypto rx=0x7fc93400aa40 tx=0x7fc93400ad50 comp rx=0 tx=0).ready entity=mon.0 client_cookie=2d1220be4dffa419 server_cookie=0 in_seq=0 out_seq=0
2023-12-01T01:10:14.838 INFO:teuthology.orchestra.run.smithi077.stdout:/usr/bin/ceph: stderr
2023-12-01T01:10:14.238+0000 7fc93effd700 1 -- 172.21.15.77:0/1111629665 <== mon.0 v2:172.21.15.77:3300/0 1 ==== mon_map magic: 0 v1 ==== 205+0+0 (secure 0 0 0) 0x7fc934004160 con 0x7fc940104d20
2023-12-01T01:10:14.838 INFO:teuthology.orchestra.run.smithi077.stdout:/usr/bin/ceph: stderr
2023-12-01T01:10:14.238+0000 7fc93effd700 1 -- 172.21.15.77:0/1111629665 <== mon.0 v2:172.21.15.77:3300/0 2 ==== config(26 keys) v1 ==== 1105+0+0 (secure 0 0 0) 0x7fc93400cdb0 con 0x7fc940104d20
2023-12-01T01:10:14.838 INFO:teuthology.orchestra.run.smithi077.stdout:/usr/bin/ceph: stderr
2023-12-01T01:10:14.238+0000 7fc93effd700 1 -- 172.21.15.77:0/1111629665 <== mon.0 v2:172.21.15.77:3300/0 3 ==== mon_map magic: 0 v1 ==== 205+0+0 (secure 0 0 0) 0x7fc934003c30 con 0x7fc940104d20
2023-12-01T01:10:14.838 INFO:teuthology.orchestra.run.smithi077.stdout:/usr/bin/ceph: stderr
2023-12-01T01:10:14.239+0000 7fc946901700 1 -- 172.21.15.77:0/1111629665 >> [v2:172.21.15.77:3300/0,v1:172.21.15.77:6789/0] conn(0x7fc940104d20 msgr2=0x7fc940105140 secure :-1 s=STATE_CONNECTION_ESTABLISHED l=1).mark_down
2023-12-01T01:10:14.838 INFO:teuthology.orchestra.run.smithi077.stdout:/usr/bin/ceph: stderr
2023-12-01T01:10:14.239+0000 7fc946901700 1 --2- 172.21.15.77:0/1111629665 >> [v2:172.21.15.77:3300/0,v1:172.21.15.77:6789/0] conn(0x7fc940104d20 0x7fc940105140 secure :-1 s=READY pgs=51 cs=0 l=1 rev1=1 crypto rx=0x7fc93400aa40 tx=0x7fc93400ad50 comp rx=0 tx=0).stop
2023-12-01T01:10:14.838 INFO:teuthology.orchestra.run.smithi077.stdout:/usr/bin/ceph: stderr
2023-12-01T01:10:14.239+0000 7fc946901700 1 -- 172.21.15.77:0/1111629665 shutdown_connections
2023-12-01T01:10:14.838 INFO:teuthology.orchestra.run.smithi077.stdout:/usr/bin/ceph: stderr
2023-12-01T01:10:14.239+0000 7fc946901700 1 --2- 172.21.15.77:0/1111629665 >> [v2:172.21.15.77:3300/0,v1:172.21.15.77:6789/0] conn(0x7fc940104d20 0x7fc940105140 unknown :-1 s=CLOSED pgs=51 cs=0 l=1 rev1=1 crypto rx=0 tx=0 comp rx=0 tx=0).stop
2023-12-01T01:10:14.838 INFO:teuthology.orchestra.run.smithi077.stdout:/usr/bin/ceph: stderr
2023-12-01T01:10:14.239+0000 7fc946901700 1 -- 172.21.15.77:0/1111629665 >> 172.21.15.77:0/1111629665 conn(0x7fc940100300 msgr2=0x7fc940102720 unknown :-1 s=STATE_NONE l=0).mark_down
2023-12-01T01:10:14.838 INFO:teuthology.orchestra.run.smithi077.stdout:/usr/bin/ceph: stderr
2023-12-01T01:10:14.239+0000 7fc946901700 1 -- 172.21.15.77:0/1111629665 shutdown_connections
2023-12-01T01:10:14.838 INFO:teuthology.orchestra.run.smithi077.stdout:/usr/bin/ceph: stderr
2023-12-01T01:10:14.239+0000 7fc946901700 1 -- 172.21.15.77:0/1111629665 wait complete.
2023-12-01T01:10:14.839 INFO:teuthology.orchestra.run.smithi077.stdout:/usr/bin/ceph: stderr
2023-12-01T01:10:14.239+0000 7fc946901700 1 Processor -- start
2023-12-01T01:10:14.839 INFO:teuthology.orchestra.run.smithi077.stdout:/usr/bin/ceph: stderr
2023-12-01T01:10:14.239+0000 7fc946901700 1 -- start start
2023-12-01T01:10:14.839 INFO:teuthology.orchestra.run.smithi077.stdout:/usr/bin/ceph: stderr
2023-12-01T01:10:14.240+0000 7fc946901700 1 --2- >> [v2:172.21.15.77:3300/0,v1:172.21.15.77:6789/0] conn(0x7fc940104d20 0x7fc94019a380 unknown :-1 s=NONE pgs=0 cs=0 l=1 rev1=0 crypto rx=0 tx=0 comp rx=0 tx=0).connect
2023-12-01T01:10:14.839 INFO:teuthology.orchestra.run.smithi077.stdout:/usr/bin/ceph: stderr
2023-12-01T01:10:14.240+0000 7fc946901700 1 -- --> [v2:172.21.15.77:3300/0,v1:172.21.15.77:6789/0] -- mon_getmap magic: 0 v1 -- 0x7fc94019a8c0 con 0x7fc940104d20
2023-12-01T01:10:14.839 INFO:teuthology.orchestra.run.smithi077.stdout:/usr/bin/ceph: stderr
2023-12-01T01:10:14.240+0000 7fc93ffff700 1 --2- >> [v2:172.21.15.77:3300/0,v1:172.21.15.77:6789/0] conn(0x7fc940104d20 0x7fc94019a380 unknown :-1 s=BANNER_CONNECTING pgs=0 cs=0 l=1 rev1=0 crypto rx=0 tx=0 comp rx=0 tx=0)._handle_peer_banner_payload supported=3 required=0
2023-12-01T01:10:14.839 INFO:teuthology.orchestra.run.smithi077.stdout:/usr/bin/ceph: stderr
2023-12-01T01:10:14.240+0000 7fc93ffff700 1 --2- >> [v2:172.21.15.77:3300/0,v1:172.21.15.77:6789/0] conn(0x7fc940104d20 0x7fc94019a380 unknown :-1 s=HELLO_CONNECTING pgs=0 cs=0 l=1 rev1=1 crypto rx=0 tx=0 comp rx=0 tx=0).handle_hello peer v2:172.21.15.77:3300/0 says I am v2:172.21.15.77:56348/0 (socket says 172.21.15.77:56348)
2023-12-01T01:10:14.839 INFO:teuthology.orchestra.run.smithi077.stdout:/usr/bin/ceph: stderr
2023-12-01T01:10:14.240+0000 7fc93ffff700 1 -- 172.21.15.77:0/686749740 learned_addr learned my addr 172.21.15.77:0/686749740 (peer_addr_for_me v2:172.21.15.77:0/0)
2023-12-01T01:10:14.839 INFO:teuthology.orchestra.run.smithi077.stdout:/usr/bin/ceph: stderr
2023-12-01T01:10:14.240+0000 7fc93ffff700 1 -- 172.21.15.77:0/686749740 --> [v2:172.21.15.77:3300/0,v1:172.21.15.77:6789/0] -- mon_subscribe({config=0+,monmap=0+}) v3 -- 0x7fc93400a6f0 con 0x7fc940104d20
2023-12-01T01:10:14.839 INFO:teuthology.orchestra.run.smithi077.stdout:/usr/bin/ceph: stderr
2023-12-01T01:10:14.240+0000 7fc93ffff700 1 --2- 172.21.15.77:0/686749740 >> [v2:172.21.15.77:3300/0,v1:172.21.15.77:6789/0] conn(0x7fc940104d20 0x7fc94019a380 secure :-1 s=READY pgs=52 cs=0 l=1 rev1=1 crypto rx=0x7fc9340046e0 tx=0x7fc934004180 comp rx=0 tx=0).ready entity=mon.0 client_cookie=0 server_cookie=0 in_seq=0 out_seq=0
2023-12-01T01:10:14.839 INFO:teuthology.orchestra.run.smithi077.stdout:/usr/bin/ceph: stderr
2023-12-01T01:10:14.240+0000 7fc93d7fa700 1 -- 172.21.15.77:0/686749740 <== mon.0 v2:172.21.15.77:3300/0 1 ==== mon_map magic: 0 v1 ==== 205+0+0 (secure 0 0 0) 0x7fc934010520 con 0x7fc940104d20
2023-12-01T01:10:14.839 INFO:teuthology.orchestra.run.smithi077.stdout:/usr/bin/ceph: stderr
2023-12-01T01:10:14.240+0000 7fc93d7fa700 1 -- 172.21.15.77:0/686749740 <== mon.0 v2:172.21.15.77:3300/0 2 ==== config(26 keys) v1 ==== 1105+0+0 (secure 0 0 0) 0x7fc934010b40 con 0x7fc940104d20
2023-12-01T01:10:14.839 INFO:teuthology.orchestra.run.smithi077.stdout:/usr/bin/ceph: stderr
2023-12-01T01:10:14.240+0000 7fc946901700 1 -- 172.21.15.77:0/686749740 --> [v2:172.21.15.77:3300/0,v1:172.21.15.77:6789/0] -- mon_subscribe({mgrmap=0+}) v3 -- 0x7fc94019aac0 con 0x7fc940104d20
2023-12-01T01:10:14.839 INFO:teuthology.orchestra.run.smithi077.stdout:/usr/bin/ceph: stderr
2023-12-01T01:10:14.240+0000 7fc93d7fa700 1 -- 172.21.15.77:0/686749740 <== mon.0 v2:172.21.15.77:3300/0 3 ==== mon_map magic: 0 v1 ==== 205+0+0 (secure 0 0 0) 0x7fc934021aa0 con 0x7fc940104d20
2023-12-01T01:10:14.840 INFO:teuthology.orchestra.run.smithi077.stdout:/usr/bin/ceph: stderr
2023-12-01T01:10:14.241+0000 7fc946901700 1 -- 172.21.15.77:0/686749740 --> [v2:172.21.15.77:3300/0,v1:172.21.15.77:6789/0] -- mon_subscribe({osdmap=0}) v3 -- 0x7fc94019aee0 con 0x7fc940104d20
2023-12-01T01:10:14.840 INFO:teuthology.orchestra.run.smithi077.stdout:/usr/bin/ceph: stderr
2023-12-01T01:10:14.242+0000 7fc946901700 1 -- 172.21.15.77:0/686749740 --> [v2:172.21.15.77:3300/0,v1:172.21.15.77:6789/0] -- mon_command({"prefix": "get_command_descriptions"} v 0) v1 -- 0x7fc940193c80 con 0x7fc940104d20
2023-12-01T01:10:14.840 INFO:teuthology.orchestra.run.smithi077.stdout:/usr/bin/ceph: stderr
2023-12-01T01:10:14.242+0000 7fc93d7fa700 1 -- 172.21.15.77:0/686749740 <== mon.0 v2:172.21.15.77:3300/0 4 ==== mgrmap(e 8) v1 ==== 45268+0+0 (secure 0 0 0) 0x7fc934010cb0 con 0x7fc940104d20
2023-12-01T01:10:14.840 INFO:teuthology.orchestra.run.smithi077.stdout:/usr/bin/ceph: stderr
2023-12-01T01:10:14.242+0000 7fc93d7fa700 1 --2- 172.21.15.77:0/686749740 >> [v2:172.21.15.77:6800/1456621747,v1:172.21.15.77:6801/1456621747] conn(0x7fc928038350 0x7fc92803a810 unknown :-1 s=NONE pgs=0 cs=0 l=1 rev1=0 crypto rx=0 tx=0 comp rx=0 tx=0).connect
2023-12-01T01:10:14.840 INFO:teuthology.orchestra.run.smithi077.stdout:/usr/bin/ceph: stderr
2023-12-01T01:10:14.242+0000 7fc93d7fa700 1 -- 172.21.15.77:0/686749740 <== mon.0 v2:172.21.15.77:3300/0 5 ==== osd_map(2..2 src has 1..2) v4 ==== 940+0+0 (secure 0 0 0) 0x7fc93404c8e0 con 0x7fc940104d20
2023-12-01T01:10:14.840 INFO:teuthology.orchestra.run.smithi077.stdout:/usr/bin/ceph: stderr
2023-12-01T01:10:14.243+0000 7fc93f7fe700 1 --2- 172.21.15.77:0/686749740 >> [v2:172.21.15.77:6800/1456621747,v1:172.21.15.77:6801/1456621747] conn(0x7fc928038350 0x7fc92803a810 unknown :-1 s=BANNER_CONNECTING pgs=0 cs=0 l=1 rev1=0 crypto rx=0 tx=0 comp rx=0 tx=0)._handle_peer_banner_payload supported=3 required=0
2023-12-01T01:10:14.840 INFO:teuthology.orchestra.run.smithi077.stdout:/usr/bin/ceph: stderr
2023-12-01T01:10:14.243+0000 7fc93f7fe700 1 --2- 172.21.15.77:0/686749740 >> [v2:172.21.15.77:6800/1456621747,v1:172.21.15.77:6801/1456621747] conn(0x7fc928038350 0x7fc92803a810 secure :-1 s=READY pgs=14 cs=0 l=1 rev1=1 crypto rx=0x7fc930006fd0 tx=0x7fc930006e40 comp rx=0 tx=0).ready entity=mgr.14120 client_cookie=0 server_cookie=0 in_seq=0 out_seq=0
2023-12-01T01:10:14.840 INFO:teuthology.orchestra.run.smithi077.stdout:/usr/bin/ceph: stderr
2023-12-01T01:10:14.247+0000 7fc93d7fa700 1 -- 172.21.15.77:0/686749740 <== mon.0 v2:172.21.15.77:3300/0 6 ==== mon_command_ack([{"prefix": "get_command_descriptions"}]=0 v0) v1 ==== 72+0+180422 (secure 0 0 0) 0x7fc9340213f0 con 0x7fc940104d20
2023-12-01T01:10:14.840 INFO:teuthology.orchestra.run.smithi077.stdout:/usr/bin/ceph: stderr
2023-12-01T01:10:14.448+0000 7fc946901700 1 -- 172.21.15.77:0/686749740 --> [v2:172.21.15.77:3300/0,v1:172.21.15.77:6789/0] -- mon_command([{prefix=config set, name=mgr/cephadm/container_init}] v 0) v1 -- 0x7fc94002cef0 con 0x7fc940104d20
2023-12-01T01:10:14.840 INFO:teuthology.orchestra.run.smithi077.stdout:/usr/bin/ceph: stderr
2023-12-01T01:10:14.452+0000 7fc93d7fa700 1 -- 172.21.15.77:0/686749740 <== mon.0 v2:172.21.15.77:3300/0 7 ==== mon_command_ack([{prefix=config set, name=mgr/cephadm/container_init}]=0 v7)=0 v7) v1 ==== 142+0+0 (secure 0 0 0) 0x7fc934026030 con 0x7fc940104d20
2023-12-01T01:10:14.840 INFO:teuthology.orchestra.run.smithi077.stdout:/usr/bin/ceph: stderr
2023-12-01T01:10:14.454+0000 7fc946901700 1 -- 172.21.15.77:0/686749740 >> [v2:172.21.15.77:6800/1456621747,v1:172.21.15.77:6801/1456621747] conn(0x7fc928038350 msgr2=0x7fc92803a810 secure :-1 s=STATE_CONNECTION_ESTABLISHED l=1).mark_down
2023-12-01T01:10:14.840 INFO:teuthology.orchestra.run.smithi077.stdout:/usr/bin/ceph: stderr
2023-12-01T01:10:14.454+0000 7fc946901700 1 --2- 172.21.15.77:0/686749740 >> [v2:172.21.15.77:6800/1456621747,v1:172.21.15.77:6801/1456621747] conn(0x7fc928038350 0x7fc92803a810 secure :-1 s=READY pgs=14 cs=0 l=1 rev1=1 crypto rx=0x7fc930006fd0 tx=0x7fc930006e40 comp rx=0 tx=0).stop
2023-12-01T01:10:14.841 INFO:teuthology.orchestra.run.smithi077.stdout:/usr/bin/ceph: stderr
2023-12-01T01:10:14.454+0000 7fc946901700 1 -- 172.21.15.77:0/686749740 >> [v2:172.21.15.77:3300/0,v1:172.21.15.77:6789/0] conn(0x7fc940104d20 msgr2=0x7fc94019a380 secure :-1 s=STATE_CONNECTION_ESTABLISHED l=1).mark_down
2023-12-01T01:10:14.841 INFO:teuthology.orchestra.run.smithi077.stdout:/usr/bin/ceph: stderr
2023-12-01T01:10:14.454+0000 7fc946901700 1 --2- 172.21.15.77:0/686749740 >> [v2:172.21.15.77:3300/0,v1:172.21.15.77:6789/0] conn(0x7fc940104d20 0x7fc94019a380 secure :-1 s=READY pgs=52 cs=0 l=1 rev1=1 crypto rx=0x7fc9340046e0 tx=0x7fc934004180 comp rx=0 tx=0).stop
2023-12-01T01:10:14.841 INFO:teuthology.orchestra.run.smithi077.stdout:/usr/bin/ceph: stderr
2023-12-01T01:10:14.454+0000 7fc946901700 1 -- 172.21.15.77:0/686749740 shutdown_connections
2023-12-01T01:10:14.841 INFO:teuthology.orchestra.run.smithi077.stdout:/usr/bin/ceph: stderr
2023-12-01T01:10:14.454+0000 7fc946901700 1 --2- 172.21.15.77:0/686749740 >> [v2:172.21.15.77:6800/1456621747,v1:172.21.15.77:6801/1456621747] conn(0x7fc928038350 0x7fc92803a810 unknown :-1 s=CLOSED pgs=14 cs=0 l=1 rev1=1 crypto rx=0 tx=0 comp rx=0 tx=0).stop
2023-12-01T01:10:14.841 INFO:teuthology.orchestra.run.smithi077.stdout:/usr/bin/ceph: stderr
2023-12-01T01:10:14.454+0000 7fc946901700 1 --2- 172.21.15.77:0/686749740 >> [v2:172.21.15.77:3300/0,v1:172.21.15.77:6789/0] conn(0x7fc940104d20 0x7fc94019a380 unknown :-1 s=CLOSED pgs=52 cs=0 l=1 rev1=1 crypto rx=0 tx=0 comp rx=0 tx=0).stop
2023-12-01T01:10:14.841 INFO:teuthology.orchestra.run.smithi077.stdout:/usr/bin/ceph: stderr
2023-12-01T01:10:14.454+0000 7fc946901700 1 -- 172.21.15.77:0/686749740 >> 172.21.15.77:0/686749740 conn(0x7fc940100300 msgr2=0x7fc94018c6e0 unknown :-1 s=STATE_NONE l=0).mark_down
2023-12-01T01:10:14.841 INFO:teuthology.orchestra.run.smithi077.stdout:/usr/bin/ceph: stderr
2023-12-01T01:10:14.454+0000 7fc946901700 1 -- 172.21.15.77:0/686749740 shutdown_connections
2023-12-01T01:10:14.841 INFO:teuthology.orchestra.run.smithi077.stdout:/usr/bin/ceph: stderr
2023-12-01T01:10:14.454+0000 7fc946901700 1 -- 172.21.15.77:0/686749740 wait complete.
2023-12-01T01:10:14.842 INFO:journalctl@ceph.mon.a.smithi077.stdout:Dec 01 01:10:14 smithi077 ceph-mon[98867]: from='client.14144 -' entity='client.admin' cmd=[{"prefix": "orch apply", "service_type": "mgr", "unmanaged": true, "target": ["mon-mgr", ""]}]: dispatch
2023-12-01T01:10:14.842 INFO:journalctl@ceph.mon.a.smithi077.stdout:Dec 01 01:10:14 smithi077 ceph-mon[98867]: Saving service mgr spec with placement count:2
2023-12-01T01:10:14.842 INFO:journalctl@ceph.mon.a.smithi077.stdout:Dec 01 01:10:14 smithi077 ceph-mon[98867]: from='mgr.14120 172.21.15.77:0/775606565' entity='mgr.x'
2023-12-01T01:10:15.635 INFO:journalctl@ceph.mon.a.smithi077.stdout:Dec 01 01:10:15 smithi077 ceph-mon[98867]: from='client.? 172.21.15.77:0/686749740' entity='client.admin'
2023-12-01T01:10:15.635 INFO:journalctl@ceph.mon.a.smithi077.stdout:Dec 01 01:10:15 smithi077 ceph-mon[98867]: from='mgr.14120 172.21.15.77:0/775606565' entity='mgr.x'
2023-12-01T01:10:15.879 INFO:teuthology.orchestra.run.smithi077.stdout:/usr/bin/ceph: stderr
2023-12-01T01:10:15.289+0000 7ff49ebfe700 1 Processor -- start
2023-12-01T01:10:15.879 INFO:teuthology.orchestra.run.smithi077.stdout:/usr/bin/ceph: stderr
2023-12-01T01:10:15.289+0000 7ff49ebfe700 1 -- start start
2023-12-01T01:10:15.879 INFO:teuthology.orchestra.run.smithi077.stdout:/usr/bin/ceph: stderr
2023-12-01T01:10:15.290+0000 7ff49ebfe700 1 --2- >> [v2:172.21.15.77:3300/0,v1:172.21.15.77:6789/0] conn(0x7ff49807adc0 0x7ff498079220 unknown :-1 s=NONE pgs=0 cs=0 l=0 rev1=0 crypto rx=0 tx=0 comp rx=0 tx=0).connect
2023-12-01T01:10:15.879 INFO:teuthology.orchestra.run.smithi077.stdout:/usr/bin/ceph: stderr
2023-12-01T01:10:15.290+0000 7ff49ebfe700 1 -- --> [v2:172.21.15.77:3300/0,v1:172.21.15.77:6789/0] -- mon_getmap magic: 0 v1 -- 0x7ff4980797f0 con 0x7ff49807adc0
2023-12-01T01:10:15.879 INFO:teuthology.orchestra.run.smithi077.stdout:/usr/bin/ceph: stderr
2023-12-01T01:10:15.290+0000 7ff49c99a700 1 --2- >> [v2:172.21.15.77:3300/0,v1:172.21.15.77:6789/0] conn(0x7ff49807adc0 0x7ff498079220 unknown :-1 s=BANNER_CONNECTING pgs=0 cs=0 l=0 rev1=0 crypto rx=0 tx=0 comp rx=0 tx=0)._handle_peer_banner_payload supported=3 required=0
2023-12-01T01:10:15.880 INFO:teuthology.orchestra.run.smithi077.stdout:/usr/bin/ceph: stderr
2023-12-01T01:10:15.290+0000 7ff49c99a700 1 --2- >> [v2:172.21.15.77:3300/0,v1:172.21.15.77:6789/0] conn(0x7ff49807adc0 0x7ff498079220 unknown :-1 s=HELLO_CONNECTING pgs=0 cs=0 l=0 rev1=1 crypto rx=0 tx=0 comp rx=0 tx=0).handle_hello peer v2:172.21.15.77:3300/0 says I am v2:172.21.15.77:56352/0 (socket says 172.21.15.77:56352)
2023-12-01T01:10:15.880 INFO:teuthology.orchestra.run.smithi077.stdout:/usr/bin/ceph: stderr
2023-12-01T01:10:15.290+0000 7ff49c99a700 1 -- 172.21.15.77:0/2730842266 learned_addr learned my addr 172.21.15.77:0/2730842266 (peer_addr_for_me v2:172.21.15.77:0/0)
2023-12-01T01:10:15.880 INFO:teuthology.orchestra.run.smithi077.stdout:/usr/bin/ceph: stderr
2023-12-01T01:10:15.290+0000 7ff49c99a700 1 -- 172.21.15.77:0/2730842266 --> [v2:172.21.15.77:3300/0,v1:172.21.15.77:6789/0] -- mon_subscribe({config=0+,monmap=0+}) v3 -- 0x7ff498079930 con 0x7ff49807adc0
2023-12-01T01:10:15.880 INFO:teuthology.orchestra.run.smithi077.stdout:/usr/bin/ceph: stderr
2023-12-01T01:10:15.290+0000 7ff49c99a700 1 --2- 172.21.15.77:0/2730842266 >> [v2:172.21.15.77:3300/0,v1:172.21.15.77:6789/0] conn(0x7ff49807adc0 0x7ff498079220 secure :-1 s=READY pgs=53 cs=0 l=1 rev1=1 crypto rx=0x7ff48c0098a0 tx=0x7ff48c009bb0 comp rx=0 tx=0).ready entity=mon.0 client_cookie=a51caaab65a18cfb server_cookie=0 in_seq=0 out_seq=0
2023-12-01T01:10:15.880 INFO:teuthology.orchestra.run.smithi077.stdout:/usr/bin/ceph: stderr
2023-12-01T01:10:15.290+0000 7ff4977fe700 1 -- 172.21.15.77:0/2730842266 <== mon.0 v2:172.21.15.77:3300/0 1 ==== mon_map magic: 0 v1 ==== 205+0+0 (secure 0 0 0) 0x7ff48c004160 con 0x7ff49807adc0
2023-12-01T01:10:15.880 INFO:teuthology.orchestra.run.smithi077.stdout:/usr/bin/ceph: stderr
2023-12-01T01:10:15.290+0000 7ff4977fe700 1 -- 172.21.15.77:0/2730842266 <== mon.0 v2:172.21.15.77:3300/0 2 ==== config(26 keys) v1 ==== 1105+0+0 (secure 0 0 0) 0x7ff48c0042c0 con 0x7ff49807adc0
2023-12-01T01:10:15.880 INFO:teuthology.orchestra.run.smithi077.stdout:/usr/bin/ceph: stderr
2023-12-01T01:10:15.290+0000 7ff4977fe700 1 -- 172.21.15.77:0/2730842266 <== mon.0 v2:172.21.15.77:3300/0 3 ==== mon_map magic: 0 v1 ==== 205+0+0 (secure 0 0 0) 0x7ff48c0119b0 con 0x7ff49807adc0
2023-12-01T01:10:15.880 INFO:teuthology.orchestra.run.smithi077.stdout:/usr/bin/ceph: stderr
2023-12-01T01:10:15.291+0000 7ff49ebfe700 1 -- 172.21.15.77:0/2730842266 >> [v2:172.21.15.77:3300/0,v1:172.21.15.77:6789/0] conn(0x7ff49807adc0 msgr2=0x7ff498079220 secure :-1 s=STATE_CONNECTION_ESTABLISHED l=1).mark_down
2023-12-01T01:10:15.880 INFO:teuthology.orchestra.run.smithi077.stdout:/usr/bin/ceph: stderr
2023-12-01T01:10:15.291+0000 7ff49ebfe700 1 --2- 172.21.15.77:0/2730842266 >> [v2:172.21.15.77:3300/0,v1:172.21.15.77:6789/0] conn(0x7ff49807adc0 0x7ff498079220 secure :-1 s=READY pgs=53 cs=0 l=1 rev1=1 crypto rx=0x7ff48c0098a0 tx=0x7ff48c009bb0 comp rx=0 tx=0).stop
2023-12-01T01:10:15.880 INFO:teuthology.orchestra.run.smithi077.stdout:/usr/bin/ceph: stderr
2023-12-01T01:10:15.291+0000 7ff49ebfe700 1 -- 172.21.15.77:0/2730842266 shutdown_connections
2023-12-01T01:10:15.880 INFO:teuthology.orchestra.run.smithi077.stdout:/usr/bin/ceph: stderr
2023-12-01T01:10:15.291+0000 7ff49ebfe700 1 --2- 172.21.15.77:0/2730842266 >> [v2:172.21.15.77:3300/0,v1:172.21.15.77:6789/0] conn(0x7ff49807adc0 0x7ff498079220 unknown :-1 s=CLOSED pgs=53 cs=0 l=1 rev1=1 crypto rx=0 tx=0 comp rx=0 tx=0).stop
2023-12-01T01:10:15.880 INFO:teuthology.orchestra.run.smithi077.stdout:/usr/bin/ceph: stderr
2023-12-01T01:10:15.291+0000 7ff49ebfe700 1 -- 172.21.15.77:0/2730842266 >> 172.21.15.77:0/2730842266 conn(0x7ff498101cd0 msgr2=0x7ff498104110 unknown :-1 s=STATE_NONE l=0).mark_down
2023-12-01T01:10:15.880 INFO:teuthology.orchestra.run.smithi077.stdout:/usr/bin/ceph: stderr
2023-12-01T01:10:15.291+0000 7ff49ebfe700 1 -- 172.21.15.77:0/2730842266 shutdown_connections
2023-12-01T01:10:15.880 INFO:teuthology.orchestra.run.smithi077.stdout:/usr/bin/ceph: stderr
2023-12-01T01:10:15.291+0000 7ff49ebfe700 1 -- 172.21.15.77:0/2730842266 wait complete.
2023-12-01T01:10:15.881 INFO:teuthology.orchestra.run.smithi077.stdout:/usr/bin/ceph: stderr
2023-12-01T01:10:15.292+0000 7ff49ebfe700 1 Processor -- start
2023-12-01T01:10:15.881 INFO:teuthology.orchestra.run.smithi077.stdout:/usr/bin/ceph: stderr
2023-12-01T01:10:15.292+0000 7ff49ebfe700 1 -- start start
2023-12-01T01:10:15.881 INFO:teuthology.orchestra.run.smithi077.stdout:/usr/bin/ceph: stderr
2023-12-01T01:10:15.292+0000 7ff49ebfe700 1 --2- >> [v2:172.21.15.77:3300/0,v1:172.21.15.77:6789/0] conn(0x7ff49807adc0 0x7ff49819c5a0 unknown :-1 s=NONE pgs=0 cs=0 l=1 rev1=0 crypto rx=0 tx=0 comp rx=0 tx=0).connect
2023-12-01T01:10:15.881 INFO:teuthology.orchestra.run.smithi077.stdout:/usr/bin/ceph: stderr
2023-12-01T01:10:15.292+0000 7ff49ebfe700 1 -- --> [v2:172.21.15.77:3300/0,v1:172.21.15.77:6789/0] -- mon_getmap magic: 0 v1 -- 0x7ff49819cae0 con 0x7ff49807adc0
2023-12-01T01:10:15.881 INFO:teuthology.orchestra.run.smithi077.stdout:/usr/bin/ceph: stderr
2023-12-01T01:10:15.292+0000 7ff49c99a700 1 --2- >> [v2:172.21.15.77:3300/0,v1:172.21.15.77:6789/0] conn(0x7ff49807adc0 0x7ff49819c5a0 unknown :-1 s=BANNER_CONNECTING pgs=0 cs=0 l=1 rev1=0 crypto rx=0 tx=0 comp rx=0 tx=0)._handle_peer_banner_payload supported=3 required=0
2023-12-01T01:10:15.881 INFO:teuthology.orchestra.run.smithi077.stdout:/usr/bin/ceph: stderr
2023-12-01T01:10:15.292+0000 7ff49c99a700 1 --2- >> [v2:172.21.15.77:3300/0,v1:172.21.15.77:6789/0] conn(0x7ff49807adc0 0x7ff49819c5a0 unknown :-1 s=HELLO_CONNECTING pgs=0 cs=0 l=1 rev1=1 crypto rx=0 tx=0 comp rx=0 tx=0).handle_hello peer v2:172.21.15.77:3300/0 says I am v2:172.21.15.77:56354/0 (socket says 172.21.15.77:56354)
2023-12-01T01:10:15.881 INFO:teuthology.orchestra.run.smithi077.stdout:/usr/bin/ceph: stderr
2023-12-01T01:10:15.292+0000 7ff49c99a700 1 -- 172.21.15.77:0/2094886142 learned_addr learned my addr 172.21.15.77:0/2094886142 (peer_addr_for_me v2:172.21.15.77:0/0)
2023-12-01T01:10:15.881 INFO:teuthology.orchestra.run.smithi077.stdout:/usr/bin/ceph: stderr
2023-12-01T01:10:15.293+0000 7ff49c99a700 1 -- 172.21.15.77:0/2094886142 --> [v2:172.21.15.77:3300/0,v1:172.21.15.77:6789/0] -- mon_subscribe({config=0+,monmap=0+}) v3 -- 0x7ff48c009550 con 0x7ff49807adc0
2023-12-01T01:10:15.881 INFO:teuthology.orchestra.run.smithi077.stdout:/usr/bin/ceph: stderr
2023-12-01T01:10:15.293+0000 7ff49c99a700 1 --2- 172.21.15.77:0/2094886142 >> [v2:172.21.15.77:3300/0,v1:172.21.15.77:6789/0] conn(0x7ff49807adc0 0x7ff49819c5a0 secure :-1 s=READY pgs=54 cs=0 l=1 rev1=1 crypto rx=0x7ff48c000c00 tx=0x7ff48c011a30 comp rx=0 tx=0).ready entity=mon.0 client_cookie=0 server_cookie=0 in_seq=0 out_seq=0
2023-12-01T01:10:15.881 INFO:teuthology.orchestra.run.smithi077.stdout:/usr/bin/ceph: stderr
2023-12-01T01:10:15.293+0000 7ff495ffb700 1 -- 172.21.15.77:0/2094886142 <== mon.0 v2:172.21.15.77:3300/0 1 ==== mon_map magic: 0 v1 ==== 205+0+0 (secure 0 0 0) 0x7ff48c0039f0 con 0x7ff49807adc0
2023-12-01T01:10:15.881 INFO:teuthology.orchestra.run.smithi077.stdout:/usr/bin/ceph: stderr
2023-12-01T01:10:15.293+0000 7ff495ffb700 1 -- 172.21.15.77:0/2094886142 <== mon.0 v2:172.21.15.77:3300/0 2 ==== config(26 keys) v1 ==== 1105+0+0 (secure 0 0 0) 0x7ff48c003b50 con 0x7ff49807adc0
2023-12-01T01:10:15.881 INFO:teuthology.orchestra.run.smithi077.stdout:/usr/bin/ceph: stderr
2023-12-01T01:10:15.293+0000 7ff49ebfe700 1 -- 172.21.15.77:0/2094886142 --> [v2:172.21.15.77:3300/0,v1:172.21.15.77:6789/0] -- mon_subscribe({mgrmap=0+}) v3 -- 0x7ff49819cce0 con 0x7ff49807adc0
2023-12-01T01:10:15.881 INFO:teuthology.orchestra.run.smithi077.stdout:/usr/bin/ceph: stderr
2023-12-01T01:10:15.293+0000 7ff495ffb700 1 -- 172.21.15.77:0/2094886142 <== mon.0 v2:172.21.15.77:3300/0 3 ==== mon_map magic: 0 v1 ==== 205+0+0 (secure 0 0 0) 0x7ff48c01a780 con 0x7ff49807adc0
2023-12-01T01:10:15.881 INFO:teuthology.orchestra.run.smithi077.stdout:/usr/bin/ceph: stderr
2023-12-01T01:10:15.293+0000 7ff49ebfe700 1 -- 172.21.15.77:0/2094886142 --> [v2:172.21.15.77:3300/0,v1:172.21.15.77:6789/0] -- mon_subscribe({osdmap=0}) v3 -- 0x7ff49819d100 con 0x7ff49807adc0
2023-12-01T01:10:15.881 INFO:teuthology.orchestra.run.smithi077.stdout:/usr/bin/ceph: stderr
2023-12-01T01:10:15.294+0000 7ff495ffb700 1 -- 172.21.15.77:0/2094886142 <== mon.0 v2:172.21.15.77:3300/0 4 ==== mgrmap(e 8) v1 ==== 45268+0+0 (secure 0 0 0) 0x7ff48c01aa40 con 0x7ff49807adc0
2023-12-01T01:10:15.882 INFO:teuthology.orchestra.run.smithi077.stdout:/usr/bin/ceph: stderr
2023-12-01T01:10:15.294+0000 7ff495ffb700 1 --2- 172.21.15.77:0/2094886142 >> [v2:172.21.15.77:6800/1456621747,v1:172.21.15.77:6801/1456621747] conn(0x7ff488038300 0x7ff48803a7c0 unknown :-1 s=NONE pgs=0 cs=0 l=1 rev1=0 crypto rx=0 tx=0 comp rx=0 tx=0).connect
2023-12-01T01:10:15.882 INFO:teuthology.orchestra.run.smithi077.stdout:/usr/bin/ceph: stderr
2023-12-01T01:10:15.294+0000 7ff495ffb700 1 -- 172.21.15.77:0/2094886142 <== mon.0 v2:172.21.15.77:3300/0 5 ==== osd_map(2..2 src has 1..2) v4 ==== 940+0+0 (secure 0 0 0) 0x7ff48c04c1e0 con 0x7ff49807adc0
2023-12-01T01:10:15.882 INFO:teuthology.orchestra.run.smithi077.stdout:/usr/bin/ceph: stderr
2023-12-01T01:10:15.294+0000 7ff49ebfe700 1 -- 172.21.15.77:0/2094886142 --> [v2:172.21.15.77:3300/0,v1:172.21.15.77:6789/0] -- mon_command({"prefix": "get_command_descriptions"} v 0) v1 -- 0x7ff4980623c0 con 0x7ff49807adc0
2023-12-01T01:10:15.882 INFO:teuthology.orchestra.run.smithi077.stdout:/usr/bin/ceph: stderr
2023-12-01T01:10:15.294+0000 7ff497fff700 1 --2- 172.21.15.77:0/2094886142 >> [v2:172.21.15.77:6800/1456621747,v1:172.21.15.77:6801/1456621747] conn(0x7ff488038300 0x7ff48803a7c0 unknown :-1 s=BANNER_CONNECTING pgs=0 cs=0 l=1 rev1=0 crypto rx=0 tx=0 comp rx=0 tx=0)._handle_peer_banner_payload supported=3 required=0
2023-12-01T01:10:15.882 INFO:teuthology.orchestra.run.smithi077.stdout:/usr/bin/ceph: stderr
2023-12-01T01:10:15.294+0000 7ff497fff700 1 --2- 172.21.15.77:0/2094886142 >> [v2:172.21.15.77:6800/1456621747,v1:172.21.15.77:6801/1456621747] conn(0x7ff488038300 0x7ff48803a7c0 secure :-1 s=READY pgs=15 cs=0 l=1 rev1=1 crypto rx=0x7ff484006fd0 tx=0x7ff484006e40 comp rx=0 tx=0).ready entity=mgr.14120 client_cookie=0 server_cookie=0 in_seq=0 out_seq=0
2023-12-01T01:10:15.882 INFO:teuthology.orchestra.run.smithi077.stdout:/usr/bin/ceph: stderr
2023-12-01T01:10:15.299+0000 7ff495ffb700 1 -- 172.21.15.77:0/2094886142 <== mon.0 v2:172.21.15.77:3300/0 6 ==== mon_command_ack([{"prefix": "get_command_descriptions"}]=0 v0) v1 ==== 72+0+180422 (secure 0 0 0) 0x7ff48c01acf0 con 0x7ff49807adc0
2023-12-01T01:10:15.882 INFO:teuthology.orchestra.run.smithi077.stdout:/usr/bin/ceph: stderr
2023-12-01T01:10:15.502+0000 7ff49ebfe700 1 -- 172.21.15.77:0/2094886142 --> [v2:172.21.15.77:3300/0,v1:172.21.15.77:6789/0] -- mon_command([{prefix=config set, name=mgr/dashboard/ssl_server_port}] v 0) v1 -- 0x7ff49819fdd0 con 0x7ff49807adc0
2023-12-01T01:10:15.882 INFO:teuthology.orchestra.run.smithi077.stdout:/usr/bin/ceph: stderr
2023-12-01T01:10:15.508+0000 7ff495ffb700 1 -- 172.21.15.77:0/2094886142 <== mon.0 v2:172.21.15.77:3300/0 7 ==== mon_command_ack([{prefix=config set, name=mgr/dashboard/ssl_server_port}]=0 v8)=0 v8) v1 ==== 130+0+0 (secure 0 0 0) 0x7ff48c0172b0 con 0x7ff49807adc0
2023-12-01T01:10:15.882 INFO:teuthology.orchestra.run.smithi077.stdout:/usr/bin/ceph: stderr
2023-12-01T01:10:15.511+0000 7ff49ebfe700 1 -- 172.21.15.77:0/2094886142 >> [v2:172.21.15.77:6800/1456621747,v1:172.21.15.77:6801/1456621747] conn(0x7ff488038300 msgr2=0x7ff48803a7c0 secure :-1 s=STATE_CONNECTION_ESTABLISHED l=1).mark_down
2023-12-01T01:10:15.882 INFO:teuthology.orchestra.run.smithi077.stdout:/usr/bin/ceph: stderr
2023-12-01T01:10:15.511+0000 7ff49ebfe700 1 --2- 172.21.15.77:0/2094886142 >> [v2:172.21.15.77:6800/1456621747,v1:172.21.15.77:6801/1456621747] conn(0x7ff488038300 0x7ff48803a7c0 secure :-1 s=READY pgs=15 cs=0 l=1 rev1=1 crypto rx=0x7ff484006fd0 tx=0x7ff484006e40 comp rx=0 tx=0).stop
2023-12-01T01:10:15.882 INFO:teuthology.orchestra.run.smithi077.stdout:/usr/bin/ceph: stderr
2023-12-01T01:10:15.511+0000 7ff49ebfe700 1 -- 172.21.15.77:0/2094886142 >> [v2:172.21.15.77:3300/0,v1:172.21.15.77:6789/0] conn(0x7ff49807adc0 msgr2=0x7ff49819c5a0 secure :-1 s=STATE_CONNECTION_ESTABLISHED l=1).mark_down
2023-12-01T01:10:15.882 INFO:teuthology.orchestra.run.smithi077.stdout:/usr/bin/ceph: stderr
2023-12-01T01:10:15.511+0000 7ff49ebfe700 1 --2- 172.21.15.77:0/2094886142 >> [v2:172.21.15.77:3300/0,v1:172.21.15.77:6789/0] conn(0x7ff49807adc0 0x7ff49819c5a0 secure :-1 s=READY pgs=54 cs=0 l=1 rev1=1 crypto rx=0x7ff48c000c00 tx=0x7ff48c011a30 comp rx=0 tx=0).stop
2023-12-01T01:10:15.882 INFO:teuthology.orchestra.run.smithi077.stdout:/usr/bin/ceph: stderr
2023-12-01T01:10:15.511+0000 7ff49ebfe700 1 -- 172.21.15.77:0/2094886142 shutdown_connections
2023-12-01T01:10:15.883 INFO:teuthology.orchestra.run.smithi077.stdout:/usr/bin/ceph: stderr
2023-12-01T01:10:15.511+0000 7ff49ebfe700 1 --2- 172.21.15.77:0/2094886142 >> [v2:172.21.15.77:6800/1456621747,v1:172.21.15.77:6801/1456621747] conn(0x7ff488038300 0x7ff48803a7c0 unknown :-1 s=CLOSED pgs=15 cs=0 l=1 rev1=1 crypto rx=0 tx=0 comp rx=0 tx=0).stop
2023-12-01T01:10:15.883 INFO:teuthology.orchestra.run.smithi077.stdout:/usr/bin/ceph: stderr
2023-12-01T01:10:15.511+0000 7ff49ebfe700 1 --2- 172.21.15.77:0/2094886142 >> [v2:172.21.15.77:3300/0,v1:172.21.15.77:6789/0] conn(0x7ff49807adc0 0x7ff49819c5a0 unknown :-1 s=CLOSED pgs=54 cs=0 l=1 rev1=1 crypto rx=0 tx=0 comp rx=0 tx=0).stop
2023-12-01T01:10:15.883 INFO:teuthology.orchestra.run.smithi077.stdout:/usr/bin/ceph: stderr
2023-12-01T01:10:15.511+0000 7ff49ebfe700 1 -- 172.21.15.77:0/2094886142 >> 172.21.15.77:0/2094886142 conn(0x7ff498101cd0 msgr2=0x7ff498102a40 unknown :-1 s=STATE_NONE l=0).mark_down
2023-12-01T01:10:15.883 INFO:teuthology.orchestra.run.smithi077.stdout:/usr/bin/ceph: stderr
2023-12-01T01:10:15.511+0000 7ff49ebfe700 1 -- 172.21.15.77:0/2094886142 shutdown_connections
2023-12-01T01:10:15.883 INFO:teuthology.orchestra.run.smithi077.stdout:/usr/bin/ceph: stderr
2023-12-01T01:10:15.512+0000 7ff49ebfe700 1 -- 172.21.15.77:0/2094886142 wait complete.
2023-12-01T01:10:15.883 INFO:teuthology.orchestra.run.smithi077.stdout:Enabling the dashboard module...
2023-12-01T01:10:16.783 INFO:journalctl@ceph.mon.a.smithi077.stdout:Dec 01 01:10:16 smithi077 ceph-mon[98867]: from='client.? 172.21.15.77:0/2094886142' entity='client.admin'
2023-12-01T01:10:16.783 INFO:journalctl@ceph.mon.a.smithi077.stdout:Dec 01 01:10:16 smithi077 ceph-mon[98867]: from='mgr.14120 172.21.15.77:0/775606565' entity='mgr.x'
2023-12-01T01:10:17.776 INFO:journalctl@ceph.mon.a.smithi077.stdout:Dec 01 01:10:17 smithi077 ceph-mon[98867]: from='client.? 172.21.15.77:0/1214844095' entity='client.admin' cmd=[{"prefix": "mgr module enable", "module": "dashboard"}]: dispatch
2023-12-01T01:10:17.776 INFO:journalctl@ceph.mgr.x.smithi077.stdout:Dec 01 01:10:17 smithi077 ceph-2a06e29a-8fe6-11ee-95a2-87774f69a715-mgr-x[99117]: ignoring --setuser ceph since I am not root
2023-12-01T01:10:17.776 INFO:journalctl@ceph.mgr.x.smithi077.stdout:Dec 01 01:10:17 smithi077 ceph-2a06e29a-8fe6-11ee-95a2-87774f69a715-mgr-x[99117]: ignoring --setgroup ceph since I am not root
2023-12-01T01:10:17.776 INFO:journalctl@ceph.mgr.x.smithi077.stdout:Dec 01 01:10:17 smithi077 ceph-2a06e29a-8fe6-11ee-95a2-87774f69a715-mgr-x[99117]:
2023-12-01T01:10:17.694+0000 7f748acf4200 -1 mgr[py] Module devicehealth has missing NOTIFY_TYPES member
2023-12-01T01:10:17.776 INFO:journalctl@ceph.mgr.x.smithi077.stdout:Dec 01 01:10:17 smithi077 ceph-2a06e29a-8fe6-11ee-95a2-87774f69a715-mgr-x[99117]:
2023-12-01T01:10:17.774+0000 7f748acf4200 -1 mgr[py] Module osd_support has missing NOTIFY_TYPES member
2023-12-01T01:10:17.934 INFO:teuthology.orchestra.run.smithi077.stdout:/usr/bin/ceph: stderr
2023-12-01T01:10:16.375+0000 7f2809d16700 1 Processor -- start
2023-12-01T01:10:17.934 INFO:teuthology.orchestra.run.smithi077.stdout:/usr/bin/ceph: stderr
2023-12-01T01:10:16.375+0000 7f2809d16700 1 -- start start
2023-12-01T01:10:17.934 INFO:teuthology.orchestra.run.smithi077.stdout:/usr/bin/ceph: stderr
2023-12-01T01:10:16.375+0000 7f2809d16700 1 --2- >> [v2:172.21.15.77:3300/0,v1:172.21.15.77:6789/0] conn(0x7f28041070e0 0x7f28041094d0 unknown :-1 s=NONE pgs=0 cs=0 l=0 rev1=0 crypto rx=0 tx=0 comp rx=0 tx=0).connect
2023-12-01T01:10:17.934 INFO:teuthology.orchestra.run.smithi077.stdout:/usr/bin/ceph: stderr
2023-12-01T01:10:16.375+0000 7f2809d16700 1 -- --> [v2:172.21.15.77:3300/0,v1:172.21.15.77:6789/0] -- mon_getmap magic: 0 v1 -- 0x7f28040745c0 con 0x7f28041070e0
2023-12-01T01:10:17.934 INFO:teuthology.orchestra.run.smithi077.stdout:/usr/bin/ceph: stderr
2023-12-01T01:10:16.375+0000 7f28037fe700 1 --2- >> [v2:172.21.15.77:3300/0,v1:172.21.15.77:6789/0] conn(0x7f28041070e0 0x7f28041094d0 unknown :-1 s=BANNER_CONNECTING pgs=0 cs=0 l=0 rev1=0 crypto rx=0 tx=0 comp rx=0 tx=0)._handle_peer_banner_payload supported=3 required=0
2023-12-01T01:10:17.934 INFO:teuthology.orchestra.run.smithi077.stdout:/usr/bin/ceph: stderr
2023-12-01T01:10:16.375+0000 7f28037fe700 1 --2- >> [v2:172.21.15.77:3300/0,v1:172.21.15.77:6789/0] conn(0x7f28041070e0 0x7f28041094d0 unknown :-1 s=HELLO_CONNECTING pgs=0 cs=0 l=0 rev1=1 crypto rx=0 tx=0 comp rx=0 tx=0).handle_hello peer v2:172.21.15.77:3300/0 says I am v2:172.21.15.77:56358/0 (socket says 172.21.15.77:56358)
2023-12-01T01:10:17.934 INFO:teuthology.orchestra.run.smithi077.stdout:/usr/bin/ceph: stderr
2023-12-01T01:10:16.375+0000 7f28037fe700 1 -- 172.21.15.77:0/1505785815 learned_addr learned my addr 172.21.15.77:0/1505785815 (peer_addr_for_me v2:172.21.15.77:0/0)
2023-12-01T01:10:17.935 INFO:teuthology.orchestra.run.smithi077.stdout:/usr/bin/ceph: stderr
2023-12-01T01:10:16.375+0000 7f28037fe700 1 -- 172.21.15.77:0/1505785815 --> [v2:172.21.15.77:3300/0,v1:172.21.15.77:6789/0] -- mon_subscribe({config=0+,monmap=0+}) v3 -- 0x7f2804109a10 con 0x7f28041070e0
2023-12-01T01:10:17.935 INFO:teuthology.orchestra.run.smithi077.stdout:/usr/bin/ceph: stderr
2023-12-01T01:10:16.376+0000 7f28037fe700 1 --2- 172.21.15.77:0/1505785815 >> [v2:172.21.15.77:3300/0,v1:172.21.15.77:6789/0] conn(0x7f28041070e0 0x7f28041094d0 secure :-1 s=READY pgs=55 cs=0 l=1 rev1=1 crypto rx=0x7f27f40098a0 tx=0x7f27f4009bb0 comp rx=0 tx=0).ready entity=mon.0 client_cookie=d2a8b769baa3ab37 server_cookie=0 in_seq=0 out_seq=0
2023-12-01T01:10:17.935 INFO:teuthology.orchestra.run.smithi077.stdout:/usr/bin/ceph: stderr
2023-12-01T01:10:16.376+0000 7f28027fc700 1 -- 172.21.15.77:0/1505785815 <== mon.0 v2:172.21.15.77:3300/0 1 ==== mon_map magic: 0 v1 ==== 205+0+0 (secure 0 0 0) 0x7f27f4004160 con 0x7f28041070e0
2023-12-01T01:10:17.935 INFO:teuthology.orchestra.run.smithi077.stdout:/usr/bin/ceph: stderr
2023-12-01T01:10:16.376+0000 7f28027fc700 1 -- 172.21.15.77:0/1505785815 <== mon.0 v2:172.21.15.77:3300/0 2 ==== config(26 keys) v1 ==== 1105+0+0 (secure 0 0 0) 0x7f27f40042c0 con 0x7f28041070e0
2023-12-01T01:10:17.935 INFO:teuthology.orchestra.run.smithi077.stdout:/usr/bin/ceph: stderr
2023-12-01T01:10:16.376+0000 7f28027fc700 1 -- 172.21.15.77:0/1505785815 <== mon.0 v2:172.21.15.77:3300/0 3 ==== mon_map magic: 0 v1 ==== 205+0+0 (secure 0 0 0) 0x7f27f40119b0 con 0x7f28041070e0
2023-12-01T01:10:17.935 INFO:teuthology.orchestra.run.smithi077.stdout:/usr/bin/ceph: stderr
2023-12-01T01:10:16.376+0000 7f2809d16700 1 -- 172.21.15.77:0/1505785815 >> [v2:172.21.15.77:3300/0,v1:172.21.15.77:6789/0] conn(0x7f28041070e0 msgr2=0x7f28041094d0 secure :-1 s=STATE_CONNECTION_ESTABLISHED l=1).mark_down
2023-12-01T01:10:17.935 INFO:teuthology.orchestra.run.smithi077.stdout:/usr/bin/ceph: stderr
2023-12-01T01:10:16.376+0000 7f2809d16700 1 --2- 172.21.15.77:0/1505785815 >> [v2:172.21.15.77:3300/0,v1:172.21.15.77:6789/0] conn(0x7f28041070e0 0x7f28041094d0 secure :-1 s=READY pgs=55 cs=0 l=1 rev1=1 crypto rx=0x7f27f40098a0 tx=0x7f27f4009bb0 comp rx=0 tx=0).stop
2023-12-01T01:10:17.935 INFO:teuthology.orchestra.run.smithi077.stdout:/usr/bin/ceph: stderr
2023-12-01T01:10:16.376+0000 7f2809d16700 1 -- 172.21.15.77:0/1505785815 shutdown_connections
2023-12-01T01:10:17.935 INFO:teuthology.orchestra.run.smithi077.stdout:/usr/bin/ceph: stderr
2023-12-01T01:10:16.376+0000 7f2809d16700 1 --2- 172.21.15.77:0/1505785815 >> [v2:172.21.15.77:3300/0,v1:172.21.15.77:6789/0] conn(0x7f28041070e0 0x7f28041094d0 unknown :-1 s=CLOSED pgs=55 cs=0 l=1 rev1=1 crypto rx=0 tx=0 comp rx=0 tx=0).stop
2023-12-01T01:10:17.935 INFO:teuthology.orchestra.run.smithi077.stdout:/usr/bin/ceph: stderr
2023-12-01T01:10:16.376+0000 7f2809d16700 1 -- 172.21.15.77:0/1505785815 >> 172.21.15.77:0/1505785815 conn(0x7f2804100ab0 msgr2=0x7f2804102f10 unknown :-1 s=STATE_NONE l=0).mark_down
2023-12-01T01:10:17.935 INFO:teuthology.orchestra.run.smithi077.stdout:/usr/bin/ceph: stderr
2023-12-01T01:10:16.376+0000 7f2809d16700 1 -- 172.21.15.77:0/1505785815 shutdown_connections
2023-12-01T01:10:17.935 INFO:teuthology.orchestra.run.smithi077.stdout:/usr/bin/ceph: stderr
2023-12-01T01:10:16.376+0000 7f2809d16700 1 -- 172.21.15.77:0/1505785815 wait complete.
2023-12-01T01:10:17.935 INFO:teuthology.orchestra.run.smithi077.stdout:/usr/bin/ceph: stderr
2023-12-01T01:10:16.377+0000 7f2809d16700 1 Processor -- start
2023-12-01T01:10:17.936 INFO:teuthology.orchestra.run.smithi077.stdout:/usr/bin/ceph: stderr
2023-12-01T01:10:16.377+0000 7f2809d16700 1 -- start start
2023-12-01T01:10:17.936 INFO:teuthology.orchestra.run.smithi077.stdout:/usr/bin/ceph: stderr
2023-12-01T01:10:16.377+0000 7f2809d16700 1 --2- >> [v2:172.21.15.77:3300/0,v1:172.21.15.77:6789/0] conn(0x7f28041070e0 0x7f280419a290 unknown :-1 s=NONE pgs=0 cs=0 l=1 rev1=0 crypto rx=0 tx=0 comp rx=0 tx=0).connect
2023-12-01T01:10:17.936 INFO:teuthology.orchestra.run.smithi077.stdout:/usr/bin/ceph: stderr
2023-12-01T01:10:16.377+0000 7f2809d16700 1 -- --> [v2:172.21.15.77:3300/0,v1:172.21.15.77:6789/0] -- mon_getmap magic: 0 v1 -- 0x7f280419a7d0 con 0x7f28041070e0
2023-12-01T01:10:17.936 INFO:teuthology.orchestra.run.smithi077.stdout:/usr/bin/ceph: stderr
2023-12-01T01:10:16.377+0000 7f28037fe700 1 --2- >> [v2:172.21.15.77:3300/0,v1:172.21.15.77:6789/0] conn(0x7f28041070e0 0x7f280419a290 unknown :-1 s=BANNER_CONNECTING pgs=0 cs=0 l=1 rev1=0 crypto rx=0 tx=0 comp rx=0 tx=0)._handle_peer_banner_payload supported=3 required=0
2023-12-01T01:10:17.936 INFO:teuthology.orchestra.run.smithi077.stdout:/usr/bin/ceph: stderr
2023-12-01T01:10:16.377+0000 7f28037fe700 1 --2- >> [v2:172.21.15.77:3300/0,v1:172.21.15.77:6789/0] conn(0x7f28041070e0 0x7f280419a290 unknown :-1 s=HELLO_CONNECTING pgs=0 cs=0 l=1 rev1=1 crypto rx=0 tx=0 comp rx=0 tx=0).handle_hello peer v2:172.21.15.77:3300/0 says I am v2:172.21.15.77:56360/0 (socket says 172.21.15.77:56360)
2023-12-01T01:10:17.936 INFO:teuthology.orchestra.run.smithi077.stdout:/usr/bin/ceph: stderr
2023-12-01T01:10:16.377+0000 7f28037fe700 1 -- 172.21.15.77:0/1214844095 learned_addr learned my addr 172.21.15.77:0/1214844095 (peer_addr_for_me v2:172.21.15.77:0/0)
2023-12-01T01:10:17.936 INFO:teuthology.orchestra.run.smithi077.stdout:/usr/bin/ceph: stderr
2023-12-01T01:10:16.378+0000 7f28037fe700 1 -- 172.21.15.77:0/1214844095 --> [v2:172.21.15.77:3300/0,v1:172.21.15.77:6789/0] -- mon_subscribe({config=0+,monmap=0+}) v3 -- 0x7f27f4009550 con 0x7f28041070e0
2023-12-01T01:10:17.936 INFO:teuthology.orchestra.run.smithi077.stdout:/usr/bin/ceph: stderr
2023-12-01T01:10:16.378+0000 7f28037fe700 1 --2- 172.21.15.77:0/1214844095 >> [v2:172.21.15.77:3300/0,v1:172.21.15.77:6789/0] conn(0x7f28041070e0 0x7f280419a290 secure :-1 s=READY pgs=56 cs=0 l=1 rev1=1 crypto rx=0x7f27f4011980 tx=0x7f27f4011a60 comp rx=0 tx=0).ready entity=mon.0 client_cookie=0 server_cookie=0 in_seq=0 out_seq=0
2023-12-01T01:10:17.936 INFO:teuthology.orchestra.run.smithi077.stdout:/usr/bin/ceph: stderr
2023-12-01T01:10:16.378+0000 7f2800ff9700 1 -- 172.21.15.77:0/1214844095 <== mon.0 v2:172.21.15.77:3300/0 1 ==== mon_map magic: 0 v1 ==== 205+0+0 (secure 0 0 0) 0x7f27f4003a60 con 0x7f28041070e0
2023-12-01T01:10:17.936 INFO:teuthology.orchestra.run.smithi077.stdout:/usr/bin/ceph: stderr
2023-12-01T01:10:16.378+0000 7f2800ff9700 1 -- 172.21.15.77:0/1214844095 <== mon.0 v2:172.21.15.77:3300/0 2 ==== config(26 keys) v1 ==== 1105+0+0 (secure 0 0 0) 0x7f27f4003bc0 con 0x7f28041070e0
2023-12-01T01:10:17.936 INFO:teuthology.orchestra.run.smithi077.stdout:/usr/bin/ceph: stderr
2023-12-01T01:10:16.378+0000 7f2809d16700 1 -- 172.21.15.77:0/1214844095 --> [v2:172.21.15.77:3300/0,v1:172.21.15.77:6789/0] -- mon_subscribe({mgrmap=0+}) v3 -- 0x7f280419a9d0 con 0x7f28041070e0
2023-12-01T01:10:17.936 INFO:teuthology.orchestra.run.smithi077.stdout:/usr/bin/ceph: stderr
