2023-12-01T01:09:57.110 INFO:teuthology.orchestra.run.smithi077.stdout:/usr/bin/ceph: stderr
2023-12-01T01:09:56.451+0000 7feb8a59c700 1 --2- 172.21.15.77:0/2227611844 >> [v2:172.21.15.77:3300/0,v1:172.21.15.77:6789/0] conn(0x7feb8c107130 0x7feb8c106a40 secure :-1 s=READY pgs=27 cs=0 l=1 rev1=1 crypto rx=0x7feb7c006af0 tx=0x7feb7c011ad0 comp rx=0 tx=0).ready entity=mon.0 client_cookie=0 server_cookie=0 in_seq=0 out_seq=0
2023-12-01T01:09:57.110 INFO:teuthology.orchestra.run.smithi077.stdout:/usr/bin/ceph: stderr
2023-12-01T01:09:56.451+0000 7feb7b7fe700 1 -- 172.21.15.77:0/2227611844 <== mon.0 v2:172.21.15.77:3300/0 1 ==== mon_map magic: 0 v1 ==== 205+0+0 (secure 0 0 0) 0x7feb7c003a40 con 0x7feb8c107130
2023-12-01T01:09:57.110 INFO:teuthology.orchestra.run.smithi077.stdout:/usr/bin/ceph: stderr
2023-12-01T01:09:56.451+0000 7feb7b7fe700 1 -- 172.21.15.77:0/2227611844 <== mon.0 v2:172.21.15.77:3300/0 2 ==== config(26 keys) v1 ==== 1074+0+0 (secure 0 0 0) 0x7feb7c003ba0 con 0x7feb8c107130
2023-12-01T01:09:57.110 INFO:teuthology.orchestra.run.smithi077.stdout:/usr/bin/ceph: stderr
2023-12-01T01:09:56.451+0000 7feb90c4a700 1 -- 172.21.15.77:0/2227611844 --> [v2:172.21.15.77:3300/0,v1:172.21.15.77:6789/0] -- mon_subscribe({mgrmap=0+}) v3 -- 0x7feb8c1050e0 con 0x7feb8c107130
2023-12-01T01:09:57.111 INFO:teuthology.orchestra.run.smithi077.stdout:/usr/bin/ceph: stderr
2023-12-01T01:09:56.451+0000 7feb7b7fe700 1 -- 172.21.15.77:0/2227611844 <== mon.0 v2:172.21.15.77:3300/0 3 ==== mon_map magic: 0 v1 ==== 205+0+0 (secure 0 0 0) 0x7feb7c01a6e0 con 0x7feb8c107130
2023-12-01T01:09:57.111 INFO:teuthology.orchestra.run.smithi077.stdout:/usr/bin/ceph: stderr
2023-12-01T01:09:56.451+0000 7feb90c4a700 1 -- 172.21.15.77:0/2227611844 --> [v2:172.21.15.77:3300/0,v1:172.21.15.77:6789/0] -- mon_subscribe({osdmap=0}) v3 -- 0x7feb8c105560 con 0x7feb8c107130
2023-12-01T01:09:57.111 INFO:teuthology.orchestra.run.smithi077.stdout:/usr/bin/ceph: stderr
2023-12-01T01:09:56.452+0000 7feb90c4a700 1 -- 172.21.15.77:0/2227611844 --> [v2:172.21.15.77:3300/0,v1:172.21.15.77:6789/0] -- mon_command({"prefix": "get_command_descriptions"} v 0) v1 -- 0x7feb8c10a860 con 0x7feb8c107130
2023-12-01T01:09:57.111 INFO:teuthology.orchestra.run.smithi077.stdout:/usr/bin/ceph: stderr
2023-12-01T01:09:56.452+0000 7feb7b7fe700 1 -- 172.21.15.77:0/2227611844 <== mon.0 v2:172.21.15.77:3300/0 4 ==== mgrmap(e 5) v1 ==== 45268+0+0 (secure 0 0 0) 0x7feb7c024a60 con 0x7feb8c107130
2023-12-01T01:09:57.111 INFO:teuthology.orchestra.run.smithi077.stdout:/usr/bin/ceph: stderr
2023-12-01T01:09:56.452+0000 7feb7b7fe700 1 --2- 172.21.15.77:0/2227611844 >> [v2:172.21.15.77:6800/1661788026,v1:172.21.15.77:6801/1661788026] conn(0x7feb74038300 0x7feb7403a7c0 unknown :-1 s=NONE pgs=0 cs=0 l=1 rev1=0 crypto rx=0 tx=0 comp rx=0 tx=0).connect
2023-12-01T01:09:57.111 INFO:teuthology.orchestra.run.smithi077.stdout:/usr/bin/ceph: stderr
2023-12-01T01:09:56.452+0000 7feb7b7fe700 1 -- 172.21.15.77:0/2227611844 <== mon.0 v2:172.21.15.77:3300/0 5 ==== osd_map(1..1 src has 1..1) v4 ==== 725+0+0 (secure 0 0 0) 0x7feb7c04c120 con 0x7feb8c107130
2023-12-01T01:09:57.111 INFO:teuthology.orchestra.run.smithi077.stdout:/usr/bin/ceph: stderr
2023-12-01T01:09:56.452+0000 7feb89d9b700 1 -- 172.21.15.77:0/2227611844 >> [v2:172.21.15.77:6800/1661788026,v1:172.21.15.77:6801/1661788026] conn(0x7feb74038300 msgr2=0x7feb7403a7c0 unknown :-1 s=STATE_CONNECTING_RE l=1).process reconnect failed to v2:172.21.15.77:6800/1661788026
2023-12-01T01:09:57.111 INFO:teuthology.orchestra.run.smithi077.stdout:/usr/bin/ceph: stderr
2023-12-01T01:09:56.452+0000 7feb89d9b700 1 --2- 172.21.15.77:0/2227611844 >> [v2:172.21.15.77:6800/1661788026,v1:172.21.15.77:6801/1661788026] conn(0x7feb74038300 0x7feb7403a7c0 unknown :-1 s=START_CONNECT pgs=0 cs=0 l=1 rev1=0 crypto rx=0 tx=0 comp rx=0 tx=0)._fault waiting 0.200000
2023-12-01T01:09:57.111 INFO:teuthology.orchestra.run.smithi077.stdout:/usr/bin/ceph: stderr
2023-12-01T01:09:56.457+0000 7feb7b7fe700 1 -- 172.21.15.77:0/2227611844 <== mon.0 v2:172.21.15.77:3300/0 6 ==== mon_command_ack([{"prefix": "get_command_descriptions"}]=0 v0) v1 ==== 72+0+180422 (secure 0 0 0) 0x7feb7c024430 con 0x7feb8c107130
2023-12-01T01:09:57.111 INFO:teuthology.orchestra.run.smithi077.stdout:/usr/bin/ceph: stderr
2023-12-01T01:09:56.653+0000 7feb89d9b700 1 -- 172.21.15.77:0/2227611844 >> [v2:172.21.15.77:6800/1661788026,v1:172.21.15.77:6801/1661788026] conn(0x7feb74038300 msgr2=0x7feb7403a7c0 unknown :-1 s=STATE_CONNECTING_RE l=1).process reconnect failed to v2:172.21.15.77:6800/1661788026
2023-12-01T01:09:57.111 INFO:teuthology.orchestra.run.smithi077.stdout:/usr/bin/ceph: stderr
2023-12-01T01:09:56.653+0000 7feb89d9b700 1 --2- 172.21.15.77:0/2227611844 >> [v2:172.21.15.77:6800/1661788026,v1:172.21.15.77:6801/1661788026] conn(0x7feb74038300 0x7feb7403a7c0 unknown :-1 s=START_CONNECT pgs=0 cs=0 l=1 rev1=0 crypto rx=0 tx=0 comp rx=0 tx=0)._fault waiting 0.400000
2023-12-01T01:09:57.111 INFO:teuthology.orchestra.run.smithi077.stdout:/usr/bin/ceph: stderr
2023-12-01T01:09:56.704+0000 7feb90c4a700 1 -- 172.21.15.77:0/2227611844 --> [v2:172.21.15.77:3300/0,v1:172.21.15.77:6789/0] -- mon_command({"prefix": "mgr stat"} v 0) v1 -- 0x7feb8c1a03d0 con 0x7feb8c107130
2023-12-01T01:09:57.111 INFO:teuthology.orchestra.run.smithi077.stdout:/usr/bin/ceph: stderr
2023-12-01T01:09:56.705+0000 7feb7b7fe700 1 -- 172.21.15.77:0/2227611844 <== mon.0 v2:172.21.15.77:3300/0 7 ==== mon_command_ack([{"prefix": "mgr stat"}]=0 v5) v1 ==== 56+0+88 (secure 0 0 0) 0x7feb7c018350 con 0x7feb8c107130
2023-12-01T01:09:57.111 INFO:teuthology.orchestra.run.smithi077.stdout:/usr/bin/ceph: stderr
2023-12-01T01:09:56.708+0000 7feb90c4a700 1 -- 172.21.15.77:0/2227611844 >> [v2:172.21.15.77:6800/1661788026,v1:172.21.15.77:6801/1661788026] conn(0x7feb74038300 msgr2=0x7feb7403a7c0 unknown :-1 s=STATE_CONNECTING l=1).mark_down
2023-12-01T01:09:57.111 INFO:teuthology.orchestra.run.smithi077.stdout:/usr/bin/ceph: stderr
2023-12-01T01:09:56.708+0000 7feb90c4a700 1 --2- 172.21.15.77:0/2227611844 >> [v2:172.21.15.77:6800/1661788026,v1:172.21.15.77:6801/1661788026] conn(0x7feb74038300 0x7feb7403a7c0 unknown :-1 s=START_CONNECT pgs=0 cs=0 l=1 rev1=0 crypto rx=0 tx=0 comp rx=0 tx=0).stop
2023-12-01T01:09:57.111 INFO:teuthology.orchestra.run.smithi077.stdout:/usr/bin/ceph: stderr
2023-12-01T01:09:56.708+0000 7feb90c4a700 1 -- 172.21.15.77:0/2227611844 >> [v2:172.21.15.77:3300/0,v1:172.21.15.77:6789/0] conn(0x7feb8c107130 msgr2=0x7feb8c106a40 secure :-1 s=STATE_CONNECTION_ESTABLISHED l=1).mark_down
2023-12-01T01:09:57.112 INFO:teuthology.orchestra.run.smithi077.stdout:/usr/bin/ceph: stderr
2023-12-01T01:09:56.708+0000 7feb90c4a700 1 --2- 172.21.15.77:0/2227611844 >> [v2:172.21.15.77:3300/0,v1:172.21.15.77:6789/0] conn(0x7feb8c107130 0x7feb8c106a40 secure :-1 s=READY pgs=27 cs=0 l=1 rev1=1 crypto rx=0x7feb7c006af0 tx=0x7feb7c011ad0 comp rx=0 tx=0).stop
2023-12-01T01:09:57.112 INFO:teuthology.orchestra.run.smithi077.stdout:/usr/bin/ceph: stderr
2023-12-01T01:09:56.708+0000 7feb90c4a700 1 -- 172.21.15.77:0/2227611844 shutdown_connections
2023-12-01T01:09:57.112 INFO:teuthology.orchestra.run.smithi077.stdout:/usr/bin/ceph: stderr
2023-12-01T01:09:56.708+0000 7feb90c4a700 1 --2- 172.21.15.77:0/2227611844 >> [v2:172.21.15.77:6800/1661788026,v1:172.21.15.77:6801/1661788026] conn(0x7feb74038300 0x7feb7403a7c0 unknown :-1 s=CLOSED pgs=0 cs=0 l=1 rev1=0 crypto rx=0 tx=0 comp rx=0 tx=0).stop
2023-12-01T01:09:57.112 INFO:teuthology.orchestra.run.smithi077.stdout:/usr/bin/ceph: stderr
2023-12-01T01:09:56.708+0000 7feb90c4a700 1 --2- 172.21.15.77:0/2227611844 >> [v2:172.21.15.77:3300/0,v1:172.21.15.77:6789/0] conn(0x7feb8c107130 0x7feb8c106a40 unknown :-1 s=CLOSED pgs=27 cs=0 l=1 rev1=1 crypto rx=0 tx=0 comp rx=0 tx=0).stop
2023-12-01T01:09:57.112 INFO:teuthology.orchestra.run.smithi077.stdout:/usr/bin/ceph: stderr
2023-12-01T01:09:56.708+0000 7feb90c4a700 1 -- 172.21.15.77:0/2227611844 >> 172.21.15.77:0/2227611844 conn(0x7feb8c100b80 msgr2=0x7feb8c102220 unknown :-1 s=STATE_NONE l=0).mark_down
2023-12-01T01:09:57.112 INFO:teuthology.orchestra.run.smithi077.stdout:/usr/bin/ceph: stderr
2023-12-01T01:09:56.708+0000 7feb90c4a700 1 -- 172.21.15.77:0/2227611844 shutdown_connections
2023-12-01T01:09:57.112 INFO:teuthology.orchestra.run.smithi077.stdout:/usr/bin/ceph: stderr
2023-12-01T01:09:56.709+0000 7feb90c4a700 1 -- 172.21.15.77:0/2227611844 wait complete.
2023-12-01T01:09:57.112 INFO:teuthology.orchestra.run.smithi077.stdout:Waiting for the mgr to restart...
2023-12-01T01:09:57.112 INFO:teuthology.orchestra.run.smithi077.stdout:Waiting for mgr epoch 5...
2023-12-01T01:09:57.404 INFO:journalctl@ceph.mgr.x.smithi077.stdout:Dec 01 01:09:57 smithi077 ceph-2a06e29a-8fe6-11ee-95a2-87774f69a715-mgr-x[99117]:
2023-12-01T01:09:57.323+0000 7f8f69958200 -1 mgr[py] Module progress has missing NOTIFY_TYPES member
2023-12-01T01:09:57.904 INFO:journalctl@ceph.mon.a.smithi077.stdout:Dec 01 01:09:57 smithi077 ceph-mon[98867]: from='client.? 172.21.15.77:0/2227611844' entity='client.admin' cmd=[{"prefix": "mgr stat"}]: dispatch
2023-12-01T01:09:58.404 INFO:journalctl@ceph.mgr.x.smithi077.stdout:Dec 01 01:09:57 smithi077 ceph-2a06e29a-8fe6-11ee-95a2-87774f69a715-mgr-x[99117]:
2023-12-01T01:09:57.985+0000 7f8f69958200 -1 mgr[py] Module rook has missing NOTIFY_TYPES member
2023-12-01T01:09:58.404 INFO:journalctl@ceph.mgr.x.smithi077.stdout:Dec 01 01:09:58 smithi077 ceph-2a06e29a-8fe6-11ee-95a2-87774f69a715-mgr-x[99117]:
2023-12-01T01:09:58.066+0000 7f8f69958200 -1 mgr[py] Module iostat has missing NOTIFY_TYPES member
2023-12-01T01:09:59.090 INFO:journalctl@ceph.mgr.x.smithi077.stdout:Dec 01 01:09:58 smithi077 ceph-2a06e29a-8fe6-11ee-95a2-87774f69a715-mgr-x[99117]:
2023-12-01T01:09:58.827+0000 7f8f69958200 -1 mgr[py] Module test_orchestrator has missing NOTIFY_TYPES member
2023-12-01T01:09:59.090 INFO:journalctl@ceph.mgr.x.smithi077.stdout:Dec 01 01:09:58 smithi077 ceph-2a06e29a-8fe6-11ee-95a2-87774f69a715-mgr-x[99117]:
2023-12-01T01:09:58.917+0000 7f8f69958200 -1 mgr[py] Module osd_perf_query has missing NOTIFY_TYPES member
2023-12-01T01:09:59.365 INFO:journalctl@ceph.mgr.x.smithi077.stdout:Dec 01 01:09:59 smithi077 ceph-2a06e29a-8fe6-11ee-95a2-87774f69a715-mgr-x[99117]:
2023-12-01T01:09:59.088+0000 7f8f69958200 -1 mgr[py] Module orchestrator has missing NOTIFY_TYPES member
2023-12-01T01:09:59.654 INFO:journalctl@ceph.mgr.x.smithi077.stdout:Dec 01 01:09:59 smithi077 ceph-2a06e29a-8fe6-11ee-95a2-87774f69a715-mgr-x[99117]:
2023-12-01T01:09:59.364+0000 7f8f69958200 -1 mgr[py] Module rgw has missing NOTIFY_TYPES member
2023-12-01T01:09:59.654 INFO:journalctl@ceph.mgr.x.smithi077.stdout:Dec 01 01:09:59 smithi077 ceph-2a06e29a-8fe6-11ee-95a2-87774f69a715-mgr-x[99117]:
2023-12-01T01:09:59.587+0000 7f8f69958200 -1 mgr[py] Module influx has missing NOTIFY_TYPES member
2023-12-01T01:09:59.995 INFO:journalctl@ceph.mgr.x.smithi077.stdout:Dec 01 01:09:59 smithi077 ceph-2a06e29a-8fe6-11ee-95a2-87774f69a715-mgr-x[99117]:
2023-12-01T01:09:59.733+0000 7f8f69958200 -1 mgr[py] Module telemetry has missing NOTIFY_TYPES member
2023-12-01T01:10:00.404 INFO:journalctl@ceph.mgr.x.smithi077.stdout:Dec 01 01:09:59 smithi077 ceph-2a06e29a-8fe6-11ee-95a2-87774f69a715-mgr-x[99117]:
2023-12-01T01:09:59.994+0000 7f8f69958200 -1 mgr[py] Module telegraf has missing NOTIFY_TYPES member
2023-12-01T01:10:01.040 INFO:journalctl@ceph.mgr.x.smithi077.stdout:Dec 01 01:10:00 smithi077 ceph-2a06e29a-8fe6-11ee-95a2-87774f69a715-mgr-x[99117]:
2023-12-01T01:10:00.714+0000 7f8f69958200 -1 mgr[py] Module balancer has missing NOTIFY_TYPES member
2023-12-01T01:10:01.040 INFO:journalctl@ceph.mgr.x.smithi077.stdout:Dec 01 01:10:00 smithi077 ceph-2a06e29a-8fe6-11ee-95a2-87774f69a715-mgr-x[99117]:
2023-12-01T01:10:00.845+0000 7f8f69958200 -1 mgr[py] Module diskprediction_local has missing NOTIFY_TYPES member
2023-12-01T01:10:01.369 INFO:journalctl@ceph.mgr.x.smithi077.stdout:Dec 01 01:10:01 smithi077 ceph-2a06e29a-8fe6-11ee-95a2-87774f69a715-mgr-x[99117]:
2023-12-01T01:10:01.038+0000 7f8f69958200 -1 mgr[py] Module nfs has missing NOTIFY_TYPES member
2023-12-01T01:10:01.369 INFO:journalctl@ceph.mgr.x.smithi077.stdout:Dec 01 01:10:01 smithi077 ceph-2a06e29a-8fe6-11ee-95a2-87774f69a715-mgr-x[99117]:
2023-12-01T01:10:01.151+0000 7f8f69958200 -1 mgr[py] Module rbd_support has missing NOTIFY_TYPES member
2023-12-01T01:10:01.654 INFO:journalctl@ceph.mgr.x.smithi077.stdout:Dec 01 01:10:01 smithi077 ceph-2a06e29a-8fe6-11ee-95a2-87774f69a715-mgr-x[99117]:
2023-12-01T01:10:01.367+0000 7f8f69958200 -1 mgr[py] Module volumes has missing NOTIFY_TYPES member
2023-12-01T01:10:02.496 INFO:journalctl@ceph.mgr.x.smithi077.stdout:Dec 01 01:10:02 smithi077 ceph-2a06e29a-8fe6-11ee-95a2-87774f69a715-mgr-x[99117]:
2023-12-01T01:10:02.218+0000 7f8f69958200 -1 mgr[py] Module pg_autoscaler has missing NOTIFY_TYPES member
2023-12-01T01:10:02.909 INFO:journalctl@ceph.mon.a.smithi077.stdout:Dec 01 01:10:02 smithi077 ceph-mon[98867]: Active manager daemon x restarted
2023-12-01T01:10:02.909 INFO:journalctl@ceph.mon.a.smithi077.stdout:Dec 01 01:10:02 smithi077 ceph-mon[98867]: Activating manager daemon x
2023-12-01T01:10:02.909 INFO:journalctl@ceph.mon.a.smithi077.stdout:Dec 01 01:10:02 smithi077 ceph-mon[98867]: osdmap e2: 0 total, 0 up, 0 in
2023-12-01T01:10:02.909 INFO:journalctl@ceph.mon.a.smithi077.stdout:Dec 01 01:10:02 smithi077 ceph-mon[98867]: mgrmap e6: x(active, starting, since 0.00298901s)
2023-12-01T01:10:02.910 INFO:journalctl@ceph.mon.a.smithi077.stdout:Dec 01 01:10:02 smithi077 ceph-mon[98867]: from='mgr.14120 172.21.15.77:0/775606565' entity='mgr.x' cmd=[{"prefix": "mon metadata", "id": "a"}]: dispatch
2023-12-01T01:10:02.910 INFO:journalctl@ceph.mon.a.smithi077.stdout:Dec 01 01:10:02 smithi077 ceph-mon[98867]: from='mgr.14120 172.21.15.77:0/775606565' entity='mgr.x' cmd=[{"prefix": "mgr metadata", "who": "x", "id": "x"}]: dispatch
2023-12-01T01:10:02.910 INFO:journalctl@ceph.mon.a.smithi077.stdout:Dec 01 01:10:02 smithi077 ceph-mon[98867]: from='mgr.14120 172.21.15.77:0/775606565' entity='mgr.x' cmd=[{"prefix": "mds metadata"}]: dispatch
2023-12-01T01:10:02.910 INFO:journalctl@ceph.mon.a.smithi077.stdout:Dec 01 01:10:02 smithi077 ceph-mon[98867]: from='mgr.14120 172.21.15.77:0/775606565' entity='mgr.x' cmd=[{"prefix": "osd metadata"}]: dispatch
2023-12-01T01:10:02.910 INFO:journalctl@ceph.mon.a.smithi077.stdout:Dec 01 01:10:02 smithi077 ceph-mon[98867]: from='mgr.14120 172.21.15.77:0/775606565' entity='mgr.x' cmd=[{"prefix": "mon metadata"}]: dispatch
2023-12-01T01:10:02.910 INFO:journalctl@ceph.mon.a.smithi077.stdout:Dec 01 01:10:02 smithi077 ceph-mon[98867]: Manager daemon x is now available
2023-12-01T01:10:02.910 INFO:journalctl@ceph.mon.a.smithi077.stdout:Dec 01 01:10:02 smithi077 ceph-mon[98867]: from='mgr.14120 172.21.15.77:0/775606565' entity='mgr.x'
2023-12-01T01:10:02.911 INFO:journalctl@ceph.mon.a.smithi077.stdout:Dec 01 01:10:02 smithi077 ceph-mon[98867]: from='mgr.14120 172.21.15.77:0/775606565' entity='mgr.x'
2023-12-01T01:10:02.911 INFO:journalctl@ceph.mon.a.smithi077.stdout:Dec 01 01:10:02 smithi077 ceph-mon[98867]: from='mgr.14120 172.21.15.77:0/775606565' entity='mgr.x' cmd=[{"prefix": "config dump", "format": "json"}]: dispatch
2023-12-01T01:10:02.911 INFO:journalctl@ceph.mon.a.smithi077.stdout:Dec 01 01:10:02 smithi077 ceph-mon[98867]: from='mgr.14120 172.21.15.77:0/775606565' entity='mgr.x' cmd=[{"prefix": "config dump", "format": "json"}]: dispatch
2023-12-01T01:10:02.911 INFO:journalctl@ceph.mon.a.smithi077.stdout:Dec 01 01:10:02 smithi077 ceph-mon[98867]: from='mgr.14120 172.21.15.77:0/775606565' entity='mgr.x' cmd=[{"prefix": "config dump", "format": "json"}]: dispatch
2023-12-01T01:10:02.911 INFO:journalctl@ceph.mon.a.smithi077.stdout:Dec 01 01:10:02 smithi077 ceph-mon[98867]: from='mgr.14120 172.21.15.77:0/775606565' entity='mgr.x' cmd=[{"prefix":"config rm","who":"mgr","name":"mgr/rbd_support/x/mirror_snapshot_schedule"}]: dispatch
2023-12-01T01:10:02.911 INFO:journalctl@ceph.mon.a.smithi077.stdout:Dec 01 01:10:02 smithi077 ceph-mon[98867]: from='mgr.14120 172.21.15.77:0/775606565' entity='mgr.x' cmd=[{"prefix":"config rm","who":"mgr","name":"mgr/rbd_support/x/trash_purge_schedule"}]: dispatch
2023-12-01T01:10:03.654 INFO:journalctl@ceph.mon.a.smithi077.stdout:Dec 01 01:10:03 smithi077 ceph-mon[98867]: Found migration_current of "None". Setting to last migration.
2023-12-01T01:10:03.654 INFO:journalctl@ceph.mon.a.smithi077.stdout:Dec 01 01:10:03 smithi077 ceph-mon[98867]: mgrmap e7: x(active, since 1.00503s)
2023-12-01T01:10:03.654 INFO:journalctl@ceph.mon.a.smithi077.stdout:Dec 01 01:10:03 smithi077 ceph-mon[98867]: from='mgr.14120 172.21.15.77:0/775606565' entity='mgr.x'
2023-12-01T01:10:03.654 INFO:journalctl@ceph.mon.a.smithi077.stdout:Dec 01 01:10:03 smithi077 ceph-mon[98867]: from='mgr.14120 172.21.15.77:0/775606565' entity='mgr.x'
2023-12-01T01:10:03.668 INFO:teuthology.orchestra.run.smithi077.stdout:/usr/bin/ceph: stdout {
2023-12-01T01:10:03.669 INFO:teuthology.orchestra.run.smithi077.stdout:/usr/bin/ceph: stdout "mgrmap_epoch": 7,
2023-12-01T01:10:03.669 INFO:teuthology.orchestra.run.smithi077.stdout:/usr/bin/ceph: stdout "initialized": true
2023-12-01T01:10:03.669 INFO:teuthology.orchestra.run.smithi077.stdout:/usr/bin/ceph: stdout }
2023-12-01T01:10:03.669 INFO:teuthology.orchestra.run.smithi077.stdout:/usr/bin/ceph: stderr
2023-12-01T01:09:57.548+0000 7f729fc06700 1 Processor -- start
2023-12-01T01:10:03.669 INFO:teuthology.orchestra.run.smithi077.stdout:/usr/bin/ceph: stderr
2023-12-01T01:09:57.549+0000 7f729fc06700 1 -- start start
2023-12-01T01:10:03.669 INFO:teuthology.orchestra.run.smithi077.stdout:/usr/bin/ceph: stderr
2023-12-01T01:09:57.549+0000 7f729fc06700 1 --2- >> [v2:172.21.15.77:3300/0,v1:172.21.15.77:6789/0] conn(0x7f7298107170 0x7f7298109560 unknown :-1 s=NONE pgs=0 cs=0 l=0 rev1=0 crypto rx=0 tx=0 comp rx=0 tx=0).connect
2023-12-01T01:10:03.669 INFO:teuthology.orchestra.run.smithi077.stdout:/usr/bin/ceph: stderr
2023-12-01T01:09:57.549+0000 7f729fc06700 1 -- --> [v2:172.21.15.77:3300/0,v1:172.21.15.77:6789/0] -- mon_getmap magic: 0 v1 -- 0x7f72980745c0 con 0x7f7298107170
2023-12-01T01:10:03.669 INFO:teuthology.orchestra.run.smithi077.stdout:/usr/bin/ceph: stderr
2023-12-01T01:09:57.549+0000 7f729d9a2700 1 --2- >> [v2:172.21.15.77:3300/0,v1:172.21.15.77:6789/0] conn(0x7f7298107170 0x7f7298109560 unknown :-1 s=BANNER_CONNECTING pgs=0 cs=0 l=0 rev1=0 crypto rx=0 tx=0 comp rx=0 tx=0)._handle_peer_banner_payload supported=3 required=0
2023-12-01T01:10:03.669 INFO:teuthology.orchestra.run.smithi077.stdout:/usr/bin/ceph: stderr
2023-12-01T01:09:57.549+0000 7f729d9a2700 1 --2- >> [v2:172.21.15.77:3300/0,v1:172.21.15.77:6789/0] conn(0x7f7298107170 0x7f7298109560 unknown :-1 s=HELLO_CONNECTING pgs=0 cs=0 l=0 rev1=1 crypto rx=0 tx=0 comp rx=0 tx=0).handle_hello peer v2:172.21.15.77:3300/0 says I am v2:172.21.15.77:56230/0 (socket says 172.21.15.77:56230)
2023-12-01T01:10:03.669 INFO:teuthology.orchestra.run.smithi077.stdout:/usr/bin/ceph: stderr
2023-12-01T01:09:57.549+0000 7f729d9a2700 1 -- 172.21.15.77:0/1596637869 learned_addr learned my addr 172.21.15.77:0/1596637869 (peer_addr_for_me v2:172.21.15.77:0/0)
2023-12-01T01:10:03.669 INFO:teuthology.orchestra.run.smithi077.stdout:/usr/bin/ceph: stderr
2023-12-01T01:09:57.549+0000 7f729d9a2700 1 -- 172.21.15.77:0/1596637869 --> [v2:172.21.15.77:3300/0,v1:172.21.15.77:6789/0] -- mon_subscribe({config=0+,monmap=0+}) v3 -- 0x7f7298109aa0 con 0x7f7298107170
2023-12-01T01:10:03.669 INFO:teuthology.orchestra.run.smithi077.stdout:/usr/bin/ceph: stderr
2023-12-01T01:09:57.550+0000 7f729d9a2700 1 --2- 172.21.15.77:0/1596637869 >> [v2:172.21.15.77:3300/0,v1:172.21.15.77:6789/0] conn(0x7f7298107170 0x7f7298109560 secure :-1 s=READY pgs=28 cs=0 l=1 rev1=1 crypto rx=0x7f72940098a0 tx=0x7f7294009bb0 comp rx=0 tx=0).ready entity=mon.0 client_cookie=d01c5e4bac774a48 server_cookie=0 in_seq=0 out_seq=0
2023-12-01T01:10:03.669 INFO:teuthology.orchestra.run.smithi077.stdout:/usr/bin/ceph: stderr
2023-12-01T01:09:57.550+0000 7f729c9a0700 1 -- 172.21.15.77:0/1596637869 <== mon.0 v2:172.21.15.77:3300/0 1 ==== mon_map magic: 0 v1 ==== 205+0+0 (secure 0 0 0) 0x7f7294004160 con 0x7f7298107170
2023-12-01T01:10:03.670 INFO:teuthology.orchestra.run.smithi077.stdout:/usr/bin/ceph: stderr
2023-12-01T01:09:57.550+0000 7f729c9a0700 1 -- 172.21.15.77:0/1596637869 <== mon.0 v2:172.21.15.77:3300/0 2 ==== config(26 keys) v1 ==== 1074+0+0 (secure 0 0 0) 0x7f72940042c0 con 0x7f7298107170
2023-12-01T01:10:03.670 INFO:teuthology.orchestra.run.smithi077.stdout:/usr/bin/ceph: stderr
2023-12-01T01:09:57.550+0000 7f729c9a0700 1 -- 172.21.15.77:0/1596637869 <== mon.0 v2:172.21.15.77:3300/0 3 ==== mon_map magic: 0 v1 ==== 205+0+0 (secure 0 0 0) 0x7f7294011a00 con 0x7f7298107170
2023-12-01T01:10:03.670 INFO:teuthology.orchestra.run.smithi077.stdout:/usr/bin/ceph: stderr
2023-12-01T01:09:57.550+0000 7f729fc06700 1 -- 172.21.15.77:0/1596637869 >> [v2:172.21.15.77:3300/0,v1:172.21.15.77:6789/0] conn(0x7f7298107170 msgr2=0x7f7298109560 secure :-1 s=STATE_CONNECTION_ESTABLISHED l=1).mark_down
2023-12-01T01:10:03.670 INFO:teuthology.orchestra.run.smithi077.stdout:/usr/bin/ceph: stderr
2023-12-01T01:09:57.550+0000 7f729fc06700 1 --2- 172.21.15.77:0/1596637869 >> [v2:172.21.15.77:3300/0,v1:172.21.15.77:6789/0] conn(0x7f7298107170 0x7f7298109560 secure :-1 s=READY pgs=28 cs=0 l=1 rev1=1 crypto rx=0x7f72940098a0 tx=0x7f7294009bb0 comp rx=0 tx=0).stop
2023-12-01T01:10:03.670 INFO:teuthology.orchestra.run.smithi077.stdout:/usr/bin/ceph: stderr
2023-12-01T01:09:57.550+0000 7f729fc06700 1 -- 172.21.15.77:0/1596637869 shutdown_connections
2023-12-01T01:10:03.670 INFO:teuthology.orchestra.run.smithi077.stdout:/usr/bin/ceph: stderr
2023-12-01T01:09:57.550+0000 7f729fc06700 1 --2- 172.21.15.77:0/1596637869 >> [v2:172.21.15.77:3300/0,v1:172.21.15.77:6789/0] conn(0x7f7298107170 0x7f7298109560 unknown :-1 s=CLOSED pgs=28 cs=0 l=1 rev1=1 crypto rx=0 tx=0 comp rx=0 tx=0).stop
2023-12-01T01:10:03.670 INFO:teuthology.orchestra.run.smithi077.stdout:/usr/bin/ceph: stderr
2023-12-01T01:09:57.550+0000 7f729fc06700 1 -- 172.21.15.77:0/1596637869 >> 172.21.15.77:0/1596637869 conn(0x7f7298100b80 msgr2=0x7f7298102fa0 unknown :-1 s=STATE_NONE l=0).mark_down
2023-12-01T01:10:03.670 INFO:teuthology.orchestra.run.smithi077.stdout:/usr/bin/ceph: stderr
2023-12-01T01:09:57.551+0000 7f729fc06700 1 -- 172.21.15.77:0/1596637869 shutdown_connections
2023-12-01T01:10:03.670 INFO:teuthology.orchestra.run.smithi077.stdout:/usr/bin/ceph: stderr
2023-12-01T01:09:57.551+0000 7f729fc06700 1 -- 172.21.15.77:0/1596637869 wait complete.
2023-12-01T01:10:03.670 INFO:teuthology.orchestra.run.smithi077.stdout:/usr/bin/ceph: stderr
2023-12-01T01:09:57.551+0000 7f729fc06700 1 Processor -- start
2023-12-01T01:10:03.670 INFO:teuthology.orchestra.run.smithi077.stdout:/usr/bin/ceph: stderr
2023-12-01T01:09:57.551+0000 7f729fc06700 1 -- start start
2023-12-01T01:10:03.670 INFO:teuthology.orchestra.run.smithi077.stdout:/usr/bin/ceph: stderr
2023-12-01T01:09:57.551+0000 7f729fc06700 1 --2- >> [v2:172.21.15.77:3300/0,v1:172.21.15.77:6789/0] conn(0x7f7298107170 0x7f729819c520 unknown :-1 s=NONE pgs=0 cs=0 l=1 rev1=0 crypto rx=0 tx=0 comp rx=0 tx=0).connect
2023-12-01T01:10:03.670 INFO:teuthology.orchestra.run.smithi077.stdout:/usr/bin/ceph: stderr
2023-12-01T01:09:57.551+0000 7f729fc06700 1 -- --> [v2:172.21.15.77:3300/0,v1:172.21.15.77:6789/0] -- mon_getmap magic: 0 v1 -- 0x7f729819ca60 con 0x7f7298107170
2023-12-01T01:10:03.670 INFO:teuthology.orchestra.run.smithi077.stdout:/usr/bin/ceph: stderr
2023-12-01T01:09:57.551+0000 7f729d9a2700 1 --2- >> [v2:172.21.15.77:3300/0,v1:172.21.15.77:6789/0] conn(0x7f7298107170 0x7f729819c520 unknown :-1 s=BANNER_CONNECTING pgs=0 cs=0 l=1 rev1=0 crypto rx=0 tx=0 comp rx=0 tx=0)._handle_peer_banner_payload supported=3 required=0
2023-12-01T01:10:03.671 INFO:teuthology.orchestra.run.smithi077.stdout:/usr/bin/ceph: stderr
2023-12-01T01:09:57.551+0000 7f729d9a2700 1 --2- >> [v2:172.21.15.77:3300/0,v1:172.21.15.77:6789/0] conn(0x7f7298107170 0x7f729819c520 unknown :-1 s=HELLO_CONNECTING pgs=0 cs=0 l=1 rev1=1 crypto rx=0 tx=0 comp rx=0 tx=0).handle_hello peer v2:172.21.15.77:3300/0 says I am v2:172.21.15.77:56232/0 (socket says 172.21.15.77:56232)
2023-12-01T01:10:03.671 INFO:teuthology.orchestra.run.smithi077.stdout:/usr/bin/ceph: stderr
2023-12-01T01:09:57.551+0000 7f729d9a2700 1 -- 172.21.15.77:0/2507660229 learned_addr learned my addr 172.21.15.77:0/2507660229 (peer_addr_for_me v2:172.21.15.77:0/0)
2023-12-01T01:10:03.671 INFO:teuthology.orchestra.run.smithi077.stdout:/usr/bin/ceph: stderr
2023-12-01T01:09:57.552+0000 7f729d9a2700 1 -- 172.21.15.77:0/2507660229 --> [v2:172.21.15.77:3300/0,v1:172.21.15.77:6789/0] -- mon_subscribe({config=0+,monmap=0+}) v3 -- 0x7f7294009550 con 0x7f7298107170
2023-12-01T01:10:03.671 INFO:teuthology.orchestra.run.smithi077.stdout:/usr/bin/ceph: stderr
2023-12-01T01:09:57.552+0000 7f729d9a2700 1 --2- 172.21.15.77:0/2507660229 >> [v2:172.21.15.77:3300/0,v1:172.21.15.77:6789/0] conn(0x7f7298107170 0x7f729819c520 secure :-1 s=READY pgs=29 cs=0 l=1 rev1=1 crypto rx=0x7f7294006af0 tx=0x7f7294011ad0 comp rx=0 tx=0).ready entity=mon.0 client_cookie=0 server_cookie=0 in_seq=0 out_seq=0
2023-12-01T01:10:03.671 INFO:teuthology.orchestra.run.smithi077.stdout:/usr/bin/ceph: stderr
2023-12-01T01:09:57.552+0000 7f728effd700 1 -- 172.21.15.77:0/2507660229 <== mon.0 v2:172.21.15.77:3300/0 1 ==== mon_map magic: 0 v1 ==== 205+0+0 (secure 0 0 0) 0x7f7294003a40 con 0x7f7298107170
2023-12-01T01:10:03.671 INFO:teuthology.orchestra.run.smithi077.stdout:/usr/bin/ceph: stderr
2023-12-01T01:09:57.552+0000 7f728effd700 1 -- 172.21.15.77:0/2507660229 <== mon.0 v2:172.21.15.77:3300/0 2 ==== config(26 keys) v1 ==== 1074+0+0 (secure 0 0 0) 0x7f7294003ba0 con 0x7f7298107170
2023-12-01T01:10:03.671 INFO:teuthology.orchestra.run.smithi077.stdout:/usr/bin/ceph: stderr
2023-12-01T01:09:57.552+0000 7f729fc06700 1 -- 172.21.15.77:0/2507660229 --> [v2:172.21.15.77:3300/0,v1:172.21.15.77:6789/0] -- mon_subscribe({mgrmap=0+}) v3 -- 0x7f729819cc60 con 0x7f7298107170
2023-12-01T01:10:03.671 INFO:teuthology.orchestra.run.smithi077.stdout:/usr/bin/ceph: stderr
2023-12-01T01:09:57.552+0000 7f728effd700 1 -- 172.21.15.77:0/2507660229 <== mon.0 v2:172.21.15.77:3300/0 3 ==== mon_map magic: 0 v1 ==== 205+0+0 (secure 0 0 0) 0x7f729401a6e0 con 0x7f7298107170
2023-12-01T01:10:03.671 INFO:teuthology.orchestra.run.smithi077.stdout:/usr/bin/ceph: stderr
2023-12-01T01:09:57.552+0000 7f729fc06700 1 -- 172.21.15.77:0/2507660229 --> [v2:172.21.15.77:3300/0,v1:172.21.15.77:6789/0] -- mon_subscribe({osdmap=0}) v3 -- 0x7f729819d080 con 0x7f7298107170
2023-12-01T01:10:03.671 INFO:teuthology.orchestra.run.smithi077.stdout:/usr/bin/ceph: stderr
2023-12-01T01:09:57.553+0000 7f728effd700 1 -- 172.21.15.77:0/2507660229 <== mon.0 v2:172.21.15.77:3300/0 4 ==== mgrmap(e 5) v1 ==== 45268+0+0 (secure 0 0 0) 0x7f729401a860 con 0x7f7298107170
2023-12-01T01:10:03.671 INFO:teuthology.orchestra.run.smithi077.stdout:/usr/bin/ceph: stderr
2023-12-01T01:09:57.553+0000 7f728effd700 1 --2- 172.21.15.77:0/2507660229 >> [v2:172.21.15.77:6800/1661788026,v1:172.21.15.77:6801/1661788026] conn(0x7f7284038350 0x7f728403a810 unknown :-1 s=NONE pgs=0 cs=0 l=1 rev1=0 crypto rx=0 tx=0 comp rx=0 tx=0).connect
2023-12-01T01:10:03.671 INFO:teuthology.orchestra.run.smithi077.stdout:/usr/bin/ceph: stderr
2023-12-01T01:09:57.553+0000 7f729fc06700 1 -- 172.21.15.77:0/2507660229 --> [v2:172.21.15.77:6800/1661788026,v1:172.21.15.77:6801/1661788026] -- command(tid 0: {"prefix": "get_command_descriptions"}) v1 -- 0x7f72980623c0 con 0x7f7284038350
2023-12-01T01:10:03.671 INFO:teuthology.orchestra.run.smithi077.stdout:/usr/bin/ceph: stderr
2023-12-01T01:09:57.553+0000 7f728effd700 1 -- 172.21.15.77:0/2507660229 <== mon.0 v2:172.21.15.77:3300/0 5 ==== osd_map(1..1 src has 1..1) v4 ==== 725+0+0 (secure 0 0 0) 0x7f729404c0a0 con 0x7f7298107170
2023-12-01T01:10:03.671 INFO:teuthology.orchestra.run.smithi077.stdout:/usr/bin/ceph: stderr
2023-12-01T01:09:57.553+0000 7f729d1a1700 1 -- 172.21.15.77:0/2507660229 >> [v2:172.21.15.77:6800/1661788026,v1:172.21.15.77:6801/1661788026] conn(0x7f7284038350 msgr2=0x7f728403a810 unknown :-1 s=STATE_CONNECTING_RE l=1).process reconnect failed to v2:172.21.15.77:6800/1661788026
2023-12-01T01:10:03.672 INFO:teuthology.orchestra.run.smithi077.stdout:/usr/bin/ceph: stderr
2023-12-01T01:09:57.553+0000 7f729d1a1700 1 --2- 172.21.15.77:0/2507660229 >> [v2:172.21.15.77:6800/1661788026,v1:172.21.15.77:6801/1661788026] conn(0x7f7284038350 0x7f728403a810 unknown :-1 s=START_CONNECT pgs=0 cs=0 l=1 rev1=0 crypto rx=0 tx=0 comp rx=0 tx=0)._fault waiting 0.200000
2023-12-01T01:10:03.672 INFO:teuthology.orchestra.run.smithi077.stdout:/usr/bin/ceph: stderr
2023-12-01T01:09:57.754+0000 7f729d1a1700 1 -- 172.21.15.77:0/2507660229 >> [v2:172.21.15.77:6800/1661788026,v1:172.21.15.77:6801/1661788026] conn(0x7f7284038350 msgr2=0x7f728403a810 unknown :-1 s=STATE_CONNECTING_RE l=1).process reconnect failed to v2:172.21.15.77:6800/1661788026
2023-12-01T01:10:03.672 INFO:teuthology.orchestra.run.smithi077.stdout:/usr/bin/ceph: stderr
2023-12-01T01:09:57.754+0000 7f729d1a1700 1 --2- 172.21.15.77:0/2507660229 >> [v2:172.21.15.77:6800/1661788026,v1:172.21.15.77:6801/1661788026] conn(0x7f7284038350 0x7f728403a810 unknown :-1 s=START_CONNECT pgs=0 cs=0 l=1 rev1=0 crypto rx=0 tx=0 comp rx=0 tx=0)._fault waiting 0.400000
2023-12-01T01:10:03.672 INFO:teuthology.orchestra.run.smithi077.stdout:/usr/bin/ceph: stderr
2023-12-01T01:09:58.155+0000 7f729d1a1700 1 -- 172.21.15.77:0/2507660229 >> [v2:172.21.15.77:6800/1661788026,v1:172.21.15.77:6801/1661788026] conn(0x7f7284038350 msgr2=0x7f728403a810 unknown :-1 s=STATE_CONNECTING_RE l=1).process reconnect failed to v2:172.21.15.77:6800/1661788026
2023-12-01T01:10:03.672 INFO:teuthology.orchestra.run.smithi077.stdout:/usr/bin/ceph: stderr
2023-12-01T01:09:58.155+0000 7f729d1a1700 1 --2- 172.21.15.77:0/2507660229 >> [v2:172.21.15.77:6800/1661788026,v1:172.21.15.77:6801/1661788026] conn(0x7f7284038350 0x7f728403a810 unknown :-1 s=START_CONNECT pgs=0 cs=0 l=1 rev1=0 crypto rx=0 tx=0 comp rx=0 tx=0)._fault waiting 0.800000
2023-12-01T01:10:03.672 INFO:teuthology.orchestra.run.smithi077.stdout:/usr/bin/ceph: stderr
2023-12-01T01:09:58.956+0000 7f729d1a1700 1 -- 172.21.15.77:0/2507660229 >> [v2:172.21.15.77:6800/1661788026,v1:172.21.15.77:6801/1661788026] conn(0x7f7284038350 msgr2=0x7f728403a810 unknown :-1 s=STATE_CONNECTING_RE l=1).process reconnect failed to v2:172.21.15.77:6800/1661788026
2023-12-01T01:10:03.672 INFO:teuthology.orchestra.run.smithi077.stdout:/usr/bin/ceph: stderr
2023-12-01T01:09:58.956+0000 7f729d1a1700 1 --2- 172.21.15.77:0/2507660229 >> [v2:172.21.15.77:6800/1661788026,v1:172.21.15.77:6801/1661788026] conn(0x7f7284038350 0x7f728403a810 unknown :-1 s=START_CONNECT pgs=0 cs=0 l=1 rev1=0 crypto rx=0 tx=0 comp rx=0 tx=0)._fault waiting 1.600000
2023-12-01T01:10:03.672 INFO:teuthology.orchestra.run.smithi077.stdout:/usr/bin/ceph: stderr
2023-12-01T01:10:00.557+0000 7f729d1a1700 1 -- 172.21.15.77:0/2507660229 >> [v2:172.21.15.77:6800/1661788026,v1:172.21.15.77:6801/1661788026] conn(0x7f7284038350 msgr2=0x7f728403a810 unknown :-1 s=STATE_CONNECTING_RE l=1).process reconnect failed to v2:172.21.15.77:6800/1661788026
2023-12-01T01:10:03.672 INFO:teuthology.orchestra.run.smithi077.stdout:/usr/bin/ceph: stderr
2023-12-01T01:10:00.557+0000 7f729d1a1700 1 --2- 172.21.15.77:0/2507660229 >> [v2:172.21.15.77:6800/1661788026,v1:172.21.15.77:6801/1661788026] conn(0x7f7284038350 0x7f728403a810 unknown :-1 s=START_CONNECT pgs=0 cs=0 l=1 rev1=0 crypto rx=0 tx=0 comp rx=0 tx=0)._fault waiting 3.200000
2023-12-01T01:10:03.672 INFO:teuthology.orchestra.run.smithi077.stdout:/usr/bin/ceph: stderr
2023-12-01T01:10:02.233+0000 7f728effd700 1 -- 172.21.15.77:0/2507660229 <== mon.0 v2:172.21.15.77:3300/0 6 ==== mgrmap(e 6) v1 ==== 45035+0+0 (secure 0 0 0) 0x7f729401acf0 con 0x7f7298107170
2023-12-01T01:10:03.672 INFO:teuthology.orchestra.run.smithi077.stdout:/usr/bin/ceph: stderr
2023-12-01T01:10:02.234+0000 7f728effd700 1 -- 172.21.15.77:0/2507660229 >> [v2:172.21.15.77:6800/1661788026,v1:172.21.15.77:6801/1661788026] conn(0x7f7284038350 msgr2=0x7f728403a810 unknown :-1 s=STATE_CONNECTING l=1).mark_down
2023-12-01T01:10:03.672 INFO:teuthology.orchestra.run.smithi077.stdout:/usr/bin/ceph: stderr
2023-12-01T01:10:02.234+0000 7f728effd700 1 --2- 172.21.15.77:0/2507660229 >> [v2:172.21.15.77:6800/1661788026,v1:172.21.15.77:6801/1661788026] conn(0x7f7284038350 0x7f728403a810 unknown :-1 s=START_CONNECT pgs=0 cs=0 l=1 rev1=0 crypto rx=0 tx=0 comp rx=0 tx=0).stop
2023-12-01T01:10:03.672 INFO:teuthology.orchestra.run.smithi077.stdout:/usr/bin/ceph: stderr
2023-12-01T01:10:03.235+0000 7f728effd700 1 -- 172.21.15.77:0/2507660229 <== mon.0 v2:172.21.15.77:3300/0 7 ==== mgrmap(e 7) v1 ==== 45162+0+0 (secure 0 0 0) 0x7f729404dbd0 con 0x7f7298107170
2023-12-01T01:10:03.672 INFO:teuthology.orchestra.run.smithi077.stdout:/usr/bin/ceph: stderr
2023-12-01T01:10:03.235+0000 7f728effd700 1 --2- 172.21.15.77:0/2507660229 >> [v2:172.21.15.77:6800/1456621747,v1:172.21.15.77:6801/1456621747] conn(0x7f728403ba80 0x7f728403de70 unknown :-1 s=NONE pgs=0 cs=0 l=1 rev1=0 crypto rx=0 tx=0 comp rx=0 tx=0).connect
2023-12-01T01:10:03.673 INFO:teuthology.orchestra.run.smithi077.stdout:/usr/bin/ceph: stderr
2023-12-01T01:10:03.235+0000 7f728effd700 1 -- 172.21.15.77:0/2507660229 --> [v2:172.21.15.77:6800/1456621747,v1:172.21.15.77:6801/1456621747] -- command(tid 0: {"prefix": "get_command_descriptions"}) v1 -- 0x7f72980623c0 con 0x7f728403ba80
2023-12-01T01:10:03.673 INFO:teuthology.orchestra.run.smithi077.stdout:/usr/bin/ceph: stderr
2023-12-01T01:10:03.235+0000 7f729d1a1700 1 --2- 172.21.15.77:0/2507660229 >> [v2:172.21.15.77:6800/1456621747,v1:172.21.15.77:6801/1456621747] conn(0x7f728403ba80 0x7f728403de70 unknown :-1 s=BANNER_CONNECTING pgs=0 cs=0 l=1 rev1=0 crypto rx=0 tx=0 comp rx=0 tx=0)._handle_peer_banner_payload supported=3 required=0
2023-12-01T01:10:03.673 INFO:teuthology.orchestra.run.smithi077.stdout:/usr/bin/ceph: stderr
2023-12-01T01:10:03.236+0000 7f729d1a1700 1 --2- 172.21.15.77:0/2507660229 >> [v2:172.21.15.77:6800/1456621747,v1:172.21.15.77:6801/1456621747] conn(0x7f728403ba80 0x7f728403de70 secure :-1 s=READY pgs=3 cs=0 l=1 rev1=1 crypto rx=0x7f7288003a10 tx=0x7f7288009290 comp rx=0 tx=0).ready entity=mgr.14120 client_cookie=0 server_cookie=0 in_seq=0 out_seq=0
2023-12-01T01:10:03.673 INFO:teuthology.orchestra.run.smithi077.stdout:/usr/bin/ceph: stderr
2023-12-01T01:10:03.236+0000 7f728effd700 1 -- 172.21.15.77:0/2507660229 <== mgr.14120 v2:172.21.15.77:6800/1456621747 1 ==== command_reply(tid 0: 0 ) v1 ==== 8+0+6910 (secure 0 0 0) 0x7f72980623c0 con 0x7f728403ba80
2023-12-01T01:10:03.673 INFO:teuthology.orchestra.run.smithi077.stdout:/usr/bin/ceph: stderr
2023-12-01T01:10:03.243+0000 7f729fc06700 1 -- 172.21.15.77:0/2507660229 --> [v2:172.21.15.77:6800/1456621747,v1:172.21.15.77:6801/1456621747] -- command(tid 1: {"prefix": "mgr_status"}) v1 -- 0x7f729819d860 con 0x7f728403ba80
2023-12-01T01:10:03.673 INFO:teuthology.orchestra.run.smithi077.stdout:/usr/bin/ceph: stderr
2023-12-01T01:10:03.243+0000 7f728effd700 1 -- 172.21.15.77:0/2507660229 <== mgr.14120 v2:172.21.15.77:6800/1456621747 2 ==== command_reply(tid 1: 0 ) v1 ==== 8+0+51 (secure 0 0 0) 0x7f729819d860 con 0x7f728403ba80
2023-12-01T01:10:03.673 INFO:teuthology.orchestra.run.smithi077.stdout:/usr/bin/ceph: stderr
2023-12-01T01:10:03.243+0000 7f729fc06700 1 -- 172.21.15.77:0/2507660229 >> [v2:172.21.15.77:6800/1456621747,v1:172.21.15.77:6801/1456621747] conn(0x7f728403ba80 msgr2=0x7f728403de70 secure :-1 s=STATE_CONNECTION_ESTABLISHED l=1).mark_down
2023-12-01T01:10:03.673 INFO:teuthology.orchestra.run.smithi077.stdout:/usr/bin/ceph: stderr
2023-12-01T01:10:03.243+0000 7f729fc06700 1 --2- 172.21.15.77:0/2507660229 >> [v2:172.21.15.77:6800/1456621747,v1:172.21.15.77:6801/1456621747] conn(0x7f728403ba80 0x7f728403de70 secure :-1 s=READY pgs=3 cs=0 l=1 rev1=1 crypto rx=0x7f7288003a10 tx=0x7f7288009290 comp rx=0 tx=0).stop
2023-12-01T01:10:03.673 INFO:teuthology.orchestra.run.smithi077.stdout:/usr/bin/ceph: stderr
2023-12-01T01:10:03.243+0000 7f729fc06700 1 -- 172.21.15.77:0/2507660229 >> [v2:172.21.15.77:3300/0,v1:172.21.15.77:6789/0] conn(0x7f7298107170 msgr2=0x7f729819c520 secure :-1 s=STATE_CONNECTION_ESTABLISHED l=1).mark_down
2023-12-01T01:10:03.673 INFO:teuthology.orchestra.run.smithi077.stdout:/usr/bin/ceph: stderr
2023-12-01T01:10:03.243+0000 7f729fc06700 1 --2- 172.21.15.77:0/2507660229 >> [v2:172.21.15.77:3300/0,v1:172.21.15.77:6789/0] conn(0x7f7298107170 0x7f729819c520 secure :-1 s=READY pgs=29 cs=0 l=1 rev1=1 crypto rx=0x7f7294006af0 tx=0x7f7294011ad0 comp rx=0 tx=0).stop
2023-12-01T01:10:03.673 INFO:teuthology.orchestra.run.smithi077.stdout:/usr/bin/ceph: stderr
2023-12-01T01:10:03.243+0000 7f729fc06700 1 -- 172.21.15.77:0/2507660229 shutdown_connections
2023-12-01T01:10:03.673 INFO:teuthology.orchestra.run.smithi077.stdout:/usr/bin/ceph: stderr
2023-12-01T01:10:03.243+0000 7f729fc06700 1 --2- 172.21.15.77:0/2507660229 >> [v2:172.21.15.77:6800/1456621747,v1:172.21.15.77:6801/1456621747] conn(0x7f728403ba80 0x7f728403de70 unknown :-1 s=CLOSED pgs=3 cs=0 l=1 rev1=1 crypto rx=0 tx=0 comp rx=0 tx=0).stop
2023-12-01T01:10:03.673 INFO:teuthology.orchestra.run.smithi077.stdout:/usr/bin/ceph: stderr
2023-12-01T01:10:03.243+0000 7f729fc06700 1 --2- 172.21.15.77:0/2507660229 >> [v2:172.21.15.77:3300/0,v1:172.21.15.77:6789/0] conn(0x7f7298107170 0x7f729819c520 unknown :-1 s=CLOSED pgs=29 cs=0 l=1 rev1=1 crypto rx=0 tx=0 comp rx=0 tx=0).stop
2023-12-01T01:10:03.673 INFO:teuthology.orchestra.run.smithi077.stdout:/usr/bin/ceph: stderr
2023-12-01T01:10:03.243+0000 7f729fc06700 1 --2- 172.21.15.77:0/2507660229 >> [v2:172.21.15.77:6800/1661788026,v1:172.21.15.77:6801/1661788026] conn(0x7f7284038350 0x7f728403a810 unknown :-1 s=CLOSED pgs=0 cs=0 l=1 rev1=0 crypto rx=0 tx=0 comp rx=0 tx=0).stop
2023-12-01T01:10:03.674 INFO:teuthology.orchestra.run.smithi077.stdout:/usr/bin/ceph: stderr
2023-12-01T01:10:03.243+0000 7f729fc06700 1 -- 172.21.15.77:0/2507660229 >> 172.21.15.77:0/2507660229 conn(0x7f7298100b80 msgr2=0x7f7298101940 unknown :-1 s=STATE_NONE l=0).mark_down
2023-12-01T01:10:03.674 INFO:teuthology.orchestra.run.smithi077.stdout:/usr/bin/ceph: stderr
2023-12-01T01:10:03.243+0000 7f729fc06700 1 -- 172.21.15.77:0/2507660229 shutdown_connections
2023-12-01T01:10:03.674 INFO:teuthology.orchestra.run.smithi077.stdout:/usr/bin/ceph: stderr
2023-12-01T01:10:03.243+0000 7f729fc06700 1 -- 172.21.15.77:0/2507660229 wait complete.
2023-12-01T01:10:03.674 INFO:teuthology.orchestra.run.smithi077.stdout:mgr epoch 5 is available
2023-12-01T01:10:03.674 INFO:teuthology.orchestra.run.smithi077.stdout:Setting orchestrator backend to cephadm...
2023-12-01T01:10:04.654 INFO:journalctl@ceph.mon.a.smithi077.stdout:Dec 01 01:10:04 smithi077 ceph-mon[98867]: from='client.14124 -' entity='client.admin' cmd=[{"prefix": "get_command_descriptions"}]: dispatch
2023-12-01T01:10:04.654 INFO:journalctl@ceph.mon.a.smithi077.stdout:Dec 01 01:10:04 smithi077 ceph-mon[98867]: from='client.14124 -' entity='client.admin' cmd=[{"prefix": "mgr_status"}]: dispatch
2023-12-01T01:10:04.654 INFO:journalctl@ceph.mon.a.smithi077.stdout:Dec 01 01:10:04 smithi077 ceph-mon[98867]: [01/Dec/2023:01:10:03] ENGINE Bus STARTING
2023-12-01T01:10:04.654 INFO:journalctl@ceph.mon.a.smithi077.stdout:Dec 01 01:10:04 smithi077 ceph-mon[98867]: from='mgr.14120 172.21.15.77:0/775606565' entity='mgr.x' cmd=[{"prefix": "config dump", "format": "json"}]: dispatch
2023-12-01T01:10:04.654 INFO:journalctl@ceph.mon.a.smithi077.stdout:Dec 01 01:10:04 smithi077 ceph-mon[98867]: from='mgr.14120 172.21.15.77:0/775606565' entity='mgr.x'
2023-12-01T01:10:04.654 INFO:journalctl@ceph.mon.a.smithi077.stdout:Dec 01 01:10:04 smithi077 ceph-mon[98867]: from='mgr.14120 172.21.15.77:0/775606565' entity='mgr.x' cmd=[{"prefix": "config dump", "format": "json"}]: dispatch
2023-12-01T01:10:04.712 INFO:teuthology.orchestra.run.smithi077.stdout:/usr/bin/ceph: stderr
2023-12-01T01:10:04.122+0000 7f30dc109700 1 Processor -- start
2023-12-01T01:10:04.712 INFO:teuthology.orchestra.run.smithi077.stdout:/usr/bin/ceph: stderr
2023-12-01T01:10:04.122+0000 7f30dc109700 1 -- start start
2023-12-01T01:10:04.712 INFO:teuthology.orchestra.run.smithi077.stdout:/usr/bin/ceph: stderr
2023-12-01T01:10:04.122+0000 7f30dc109700 1 --2- >> [v2:172.21.15.77:3300/0,v1:172.21.15.77:6789/0] conn(0x7f30d4107170 0x7f30d4109560 unknown :-1 s=NONE pgs=0 cs=0 l=0 rev1=0 crypto rx=0 tx=0 comp rx=0 tx=0).connect
2023-12-01T01:10:04.712 INFO:teuthology.orchestra.run.smithi077.stdout:/usr/bin/ceph: stderr
2023-12-01T01:10:04.122+0000 7f30dc109700 1 -- --> [v2:172.21.15.77:3300/0,v1:172.21.15.77:6789/0] -- mon_getmap magic: 0 v1 -- 0x7f30d40745c0 con 0x7f30d4107170
2023-12-01T01:10:04.713 INFO:teuthology.orchestra.run.smithi077.stdout:/usr/bin/ceph: stderr
2023-12-01T01:10:04.122+0000 7f30d9ea5700 1 --2- >> [v2:172.21.15.77:3300/0,v1:172.21.15.77:6789/0] conn(0x7f30d4107170 0x7f30d4109560 unknown :-1 s=BANNER_CONNECTING pgs=0 cs=0 l=0 rev1=0 crypto rx=0 tx=0 comp rx=0 tx=0)._handle_peer_banner_payload supported=3 required=0
2023-12-01T01:10:04.713 INFO:teuthology.orchestra.run.smithi077.stdout:/usr/bin/ceph: stderr
2023-12-01T01:10:04.122+0000 7f30d9ea5700 1 --2- >> [v2:172.21.15.77:3300/0,v1:172.21.15.77:6789/0] conn(0x7f30d4107170 0x7f30d4109560 unknown :-1 s=HELLO_CONNECTING pgs=0 cs=0 l=0 rev1=1 crypto rx=0 tx=0 comp rx=0 tx=0).handle_hello peer v2:172.21.15.77:3300/0 says I am v2:172.21.15.77:56284/0 (socket says 172.21.15.77:56284)
2023-12-01T01:10:04.713 INFO:teuthology.orchestra.run.smithi077.stdout:/usr/bin/ceph: stderr
2023-12-01T01:10:04.122+0000 7f30d9ea5700 1 -- 172.21.15.77:0/1051043766 learned_addr learned my addr 172.21.15.77:0/1051043766 (peer_addr_for_me v2:172.21.15.77:0/0)
2023-12-01T01:10:04.713 INFO:teuthology.orchestra.run.smithi077.stdout:/usr/bin/ceph: stderr
2023-12-01T01:10:04.123+0000 7f30d9ea5700 1 -- 172.21.15.77:0/1051043766 --> [v2:172.21.15.77:3300/0,v1:172.21.15.77:6789/0] -- mon_subscribe({config=0+,monmap=0+}) v3 -- 0x7f30d4109aa0 con 0x7f30d4107170
2023-12-01T01:10:04.713 INFO:teuthology.orchestra.run.smithi077.stdout:/usr/bin/ceph: stderr
2023-12-01T01:10:04.123+0000 7f30d9ea5700 1 --2- 172.21.15.77:0/1051043766 >> [v2:172.21.15.77:3300/0,v1:172.21.15.77:6789/0] conn(0x7f30d4107170 0x7f30d4109560 secure :-1 s=READY pgs=37 cs=0 l=1 rev1=1 crypto rx=0x7f30d00098a0 tx=0x7f30d0009bb0 comp rx=0 tx=0).ready entity=mon.0 client_cookie=55991eea99164daf server_cookie=0 in_seq=0 out_seq=0
2023-12-01T01:10:04.713 INFO:teuthology.orchestra.run.smithi077.stdout:/usr/bin/ceph: stderr
2023-12-01T01:10:04.123+0000 7f30d8ea3700 1 -- 172.21.15.77:0/1051043766 <== mon.0 v2:172.21.15.77:3300/0 1 ==== mon_map magic: 0 v1 ==== 205+0+0 (secure 0 0 0) 0x7f30d0004160 con 0x7f30d4107170
2023-12-01T01:10:04.713 INFO:teuthology.orchestra.run.smithi077.stdout:/usr/bin/ceph: stderr
2023-12-01T01:10:04.123+0000 7f30d8ea3700 1 -- 172.21.15.77:0/1051043766 <== mon.0 v2:172.21.15.77:3300/0 2 ==== config(26 keys) v1 ==== 1074+0+0 (secure 0 0 0) 0x7f30d00042c0 con 0x7f30d4107170
2023-12-01T01:10:04.713 INFO:teuthology.orchestra.run.smithi077.stdout:/usr/bin/ceph: stderr
2023-12-01T01:10:04.123+0000 7f30d8ea3700 1 -- 172.21.15.77:0/1051043766 <== mon.0 v2:172.21.15.77:3300/0 3 ==== mon_map magic: 0 v1 ==== 205+0+0 (secure 0 0 0) 0x7f30d0011a00 con 0x7f30d4107170
2023-12-01T01:10:04.713 INFO:teuthology.orchestra.run.smithi077.stdout:/usr/bin/ceph: stderr
2023-12-01T01:10:04.123+0000 7f30dc109700 1 -- 172.21.15.77:0/1051043766 >> [v2:172.21.15.77:3300/0,v1:172.21.15.77:6789/0] conn(0x7f30d4107170 msgr2=0x7f30d4109560 secure :-1 s=STATE_CONNECTION_ESTABLISHED l=1).mark_down
2023-12-01T01:10:04.713 INFO:teuthology.orchestra.run.smithi077.stdout:/usr/bin/ceph: stderr
2023-12-01T01:10:04.123+0000 7f30dc109700 1 --2- 172.21.15.77:0/1051043766 >> [v2:172.21.15.77:3300/0,v1:172.21.15.77:6789/0] conn(0x7f30d4107170 0x7f30d4109560 secure :-1 s=READY pgs=37 cs=0 l=1 rev1=1 crypto rx=0x7f30d00098a0 tx=0x7f30d0009bb0 comp rx=0 tx=0).stop
2023-12-01T01:10:04.713 INFO:teuthology.orchestra.run.smithi077.stdout:/usr/bin/ceph: stderr
2023-12-01T01:10:04.123+0000 7f30dc109700 1 -- 172.21.15.77:0/1051043766 shutdown_connections
2023-12-01T01:10:04.713 INFO:teuthology.orchestra.run.smithi077.stdout:/usr/bin/ceph: stderr
2023-12-01T01:10:04.123+0000 7f30dc109700 1 --2- 172.21.15.77:0/1051043766 >> [v2:172.21.15.77:3300/0,v1:172.21.15.77:6789/0] conn(0x7f30d4107170 0x7f30d4109560 unknown :-1 s=CLOSED pgs=37 cs=0 l=1 rev1=1 crypto rx=0 tx=0 comp rx=0 tx=0).stop
2023-12-01T01:10:04.713 INFO:teuthology.orchestra.run.smithi077.stdout:/usr/bin/ceph: stderr
2023-12-01T01:10:04.123+0000 7f30dc109700 1 -- 172.21.15.77:0/1051043766 >> 172.21.15.77:0/1051043766 conn(0x7f30d4100b80 msgr2=0x7f30d4102fa0 unknown :-1 s=STATE_NONE l=0).mark_down
2023-12-01T01:10:04.714 INFO:teuthology.orchestra.run.smithi077.stdout:/usr/bin/ceph: stderr
2023-12-01T01:10:04.123+0000 7f30dc109700 1 -- 172.21.15.77:0/1051043766 shutdown_connections
2023-12-01T01:10:04.714 INFO:teuthology.orchestra.run.smithi077.stdout:/usr/bin/ceph: stderr
2023-12-01T01:10:04.123+0000 7f30dc109700 1 -- 172.21.15.77:0/1051043766 wait complete.
2023-12-01T01:10:04.714 INFO:teuthology.orchestra.run.smithi077.stdout:/usr/bin/ceph: stderr
2023-12-01T01:10:04.124+0000 7f30dc109700 1 Processor -- start
2023-12-01T01:10:04.714 INFO:teuthology.orchestra.run.smithi077.stdout:/usr/bin/ceph: stderr
2023-12-01T01:10:04.124+0000 7f30dc109700 1 -- start start
2023-12-01T01:10:04.714 INFO:teuthology.orchestra.run.smithi077.stdout:/usr/bin/ceph: stderr
2023-12-01T01:10:04.124+0000 7f30dc109700 1 --2- >> [v2:172.21.15.77:3300/0,v1:172.21.15.77:6789/0] conn(0x7f30d4107170 0x7f30d419a350 unknown :-1 s=NONE pgs=0 cs=0 l=1 rev1=0 crypto rx=0 tx=0 comp rx=0 tx=0).connect
2023-12-01T01:10:04.714 INFO:teuthology.orchestra.run.smithi077.stdout:/usr/bin/ceph: stderr
2023-12-01T01:10:04.124+0000 7f30dc109700 1 -- --> [v2:172.21.15.77:3300/0,v1:172.21.15.77:6789/0] -- mon_getmap magic: 0 v1 -- 0x7f30d419a890 con 0x7f30d4107170
2023-12-01T01:10:04.714 INFO:teuthology.orchestra.run.smithi077.stdout:/usr/bin/ceph: stderr
2023-12-01T01:10:04.124+0000 7f30d9ea5700 1 --2- >> [v2:172.21.15.77:3300/0,v1:172.21.15.77:6789/0] conn(0x7f30d4107170 0x7f30d419a350 unknown :-1 s=BANNER_CONNECTING pgs=0 cs=0 l=1 rev1=0 crypto rx=0 tx=0 comp rx=0 tx=0)._handle_peer_banner_payload supported=3 required=0
2023-12-01T01:10:04.714 INFO:teuthology.orchestra.run.smithi077.stdout:/usr/bin/ceph: stderr
2023-12-01T01:10:04.124+0000 7f30d9ea5700 1 --2- >> [v2:172.21.15.77:3300/0,v1:172.21.15.77:6789/0] conn(0x7f30d4107170 0x7f30d419a350 unknown :-1 s=HELLO_CONNECTING pgs=0 cs=0 l=1 rev1=1 crypto rx=0 tx=0 comp rx=0 tx=0).handle_hello peer v2:172.21.15.77:3300/0 says I am v2:172.21.15.77:56286/0 (socket says 172.21.15.77:56286)
2023-12-01T01:10:04.714 INFO:teuthology.orchestra.run.smithi077.stdout:/usr/bin/ceph: stderr
2023-12-01T01:10:04.124+0000 7f30d9ea5700 1 -- 172.21.15.77:0/890129854 learned_addr learned my addr 172.21.15.77:0/890129854 (peer_addr_for_me v2:172.21.15.77:0/0)
2023-12-01T01:10:04.715 INFO:teuthology.orchestra.run.smithi077.stdout:/usr/bin/ceph: stderr
2023-12-01T01:10:04.124+0000 7f30d9ea5700 1 -- 172.21.15.77:0/890129854 --> [v2:172.21.15.77:3300/0,v1:172.21.15.77:6789/0] -- mon_subscribe({config=0+,monmap=0+}) v3 -- 0x7f30d0009550 con 0x7f30d4107170
2023-12-01T01:10:04.715 INFO:teuthology.orchestra.run.smithi077.stdout:/usr/bin/ceph: stderr
2023-12-01T01:10:04.125+0000 7f30d9ea5700 1 --2- 172.21.15.77:0/890129854 >> [v2:172.21.15.77:3300/0,v1:172.21.15.77:6789/0] conn(0x7f30d4107170 0x7f30d419a350 secure :-1 s=READY pgs=38 cs=0 l=1 rev1=1 crypto rx=0x7f30d0009fb0 tx=0x7f30d0011ad0 comp rx=0 tx=0).ready entity=mon.0 client_cookie=0 server_cookie=0 in_seq=0 out_seq=0
2023-12-01T01:10:04.715 INFO:teuthology.orchestra.run.smithi077.stdout:/usr/bin/ceph: stderr
2023-12-01T01:10:04.125+0000 7f30caffd700 1 -- 172.21.15.77:0/890129854 <== mon.0 v2:172.21.15.77:3300/0 1 ==== mon_map magic: 0 v1 ==== 205+0+0 (secure 0 0 0) 0x7f30d0003930 con 0x7f30d4107170
2023-12-01T01:10:04.715 INFO:teuthology.orchestra.run.smithi077.stdout:/usr/bin/ceph: stderr
2023-12-01T01:10:04.125+0000 7f30caffd700 1 -- 172.21.15.77:0/890129854 <== mon.0 v2:172.21.15.77:3300/0 2 ==== config(26 keys) v1 ==== 1074+0+0 (secure 0 0 0) 0x7f30d0003a90 con 0x7f30d4107170
2023-12-01T01:10:04.715 INFO:teuthology.orchestra.run.smithi077.stdout:/usr/bin/ceph: stderr
2023-12-01T01:10:04.125+0000 7f30caffd700 1 -- 172.21.15.77:0/890129854 <== mon.0 v2:172.21.15.77:3300/0 3 ==== mon_map magic: 0 v1 ==== 205+0+0 (secure 0 0 0) 0x7f30d0019610 con 0x7f30d4107170
2023-12-01T01:10:04.715 INFO:teuthology.orchestra.run.smithi077.stdout:/usr/bin/ceph: stderr
2023-12-01T01:10:04.125+0000 7f30dc109700 1 -- 172.21.15.77:0/890129854 --> [v2:172.21.15.77:3300/0,v1:172.21.15.77:6789/0] -- mon_subscribe({mgrmap=0+}) v3 -- 0x7f30d419aa90 con 0x7f30d4107170
2023-12-01T01:10:04.715 INFO:teuthology.orchestra.run.smithi077.stdout:/usr/bin/ceph: stderr
2023-12-01T01:10:04.125+0000 7f30dc109700 1 -- 172.21.15.77:0/890129854 --> [v2:172.21.15.77:3300/0,v1:172.21.15.77:6789/0] -- mon_subscribe({osdmap=0}) v3 -- 0x7f30d419aeb0 con 0x7f30d4107170
2023-12-01T01:10:04.715 INFO:teuthology.orchestra.run.smithi077.stdout:/usr/bin/ceph: stderr
2023-12-01T01:10:04.126+0000 7f30caffd700 1 -- 172.21.15.77:0/890129854 <== mon.0 v2:172.21.15.77:3300/0 4 ==== mgrmap(e 7) v1 ==== 45162+0+0 (secure 0 0 0) 0x7f30d001a430 con 0x7f30d4107170
