2023-12-01T22:10:32.295+0000 7f63bdb80700 1 -- 172.21.15.29:0/1746657493 --> [v2:172.21.15.29:3300/0,v1:172.21.15.29:6789/0] -- mon_subscribe({mgrmap=0+}) v3 -- 0x7f63b810d3e0 con 0x7f63b80703f0
2023-12-01T22:10:32.503 INFO:teuthology.orchestra.run.smithi029.stderr:/usr/bin/ceph:
2023-12-01T22:10:32.295+0000 7f63bdb80700 1 -- 172.21.15.29:0/1746657493 --> [v2:172.21.15.29:3300/0,v1:172.21.15.29:6789/0] -- mon_subscribe({osdmap=0}) v3 -- 0x7f63b810d7f0 con 0x7f63b80703f0
2023-12-01T22:10:32.503 INFO:teuthology.orchestra.run.smithi029.stderr:/usr/bin/ceph:
2023-12-01T22:10:32.296+0000 7f639ffff700 1 -- 172.21.15.29:0/1746657493 <== mon.0 v2:172.21.15.29:3300/0 4 ==== mgrmap(e 5) v1 ==== 36120+0+0 (secure 0 0 0) 0x7f63a800f070 con 0x7f63b80703f0
2023-12-01T22:10:32.503 INFO:teuthology.orchestra.run.smithi029.stderr:/usr/bin/ceph:
2023-12-01T22:10:32.296+0000 7f639ffff700 1 --2- 172.21.15.29:0/1746657493 >> [v2:172.21.15.29:6800/204751073,v1:172.21.15.29:6801/204751073] conn(0x7f63a402fdb0 0x7f63a4032270 unknown :-1 s=NONE pgs=0 cs=0 l=1 rev1=0 rx=0 tx=0).connect
2023-12-01T22:10:32.503 INFO:teuthology.orchestra.run.smithi029.stderr:/usr/bin/ceph:
2023-12-01T22:10:32.296+0000 7f63bdb80700 1 -- 172.21.15.29:0/1746657493 --> [v2:172.21.15.29:6800/204751073,v1:172.21.15.29:6801/204751073] -- command(tid 0: {"prefix": "get_command_descriptions"}) v1 -- 0x7f63b8059100 con 0x7f63a402fdb0
2023-12-01T22:10:32.503 INFO:teuthology.orchestra.run.smithi029.stderr:/usr/bin/ceph:
2023-12-01T22:10:32.296+0000 7f639ffff700 1 -- 172.21.15.29:0/1746657493 <== mon.0 v2:172.21.15.29:3300/0 5 ==== osd_map(1..1 src has 1..1) v4 ==== 754+0+0 (secure 0 0 0) 0x7f63a8042020 con 0x7f63b80703f0
2023-12-01T22:10:32.503 INFO:teuthology.orchestra.run.smithi029.stderr:/usr/bin/ceph:
2023-12-01T22:10:32.296+0000 7f63b6ffd700 1 -- 172.21.15.29:0/1746657493 >> [v2:172.21.15.29:6800/204751073,v1:172.21.15.29:6801/204751073] conn(0x7f63a402fdb0 msgr2=0x7f63a4032270 unknown :-1 s=STATE_CONNECTING_RE l=1).process reconnect failed to v2:172.21.15.29:6800/204751073
2023-12-01T22:10:32.503 INFO:teuthology.orchestra.run.smithi029.stderr:/usr/bin/ceph:
2023-12-01T22:10:32.296+0000 7f63b6ffd700 1 --2- 172.21.15.29:0/1746657493 >> [v2:172.21.15.29:6800/204751073,v1:172.21.15.29:6801/204751073] conn(0x7f63a402fdb0 0x7f63a4032270 unknown :-1 s=START_CONNECT pgs=0 cs=0 l=1 rev1=0 rx=0 tx=0)._fault waiting 0.200000
2023-12-01T22:10:32.503 INFO:teuthology.orchestra.run.smithi029.stderr:/usr/bin/ceph:
2023-12-01T22:10:32.497+0000 7f63b6ffd700 1 -- 172.21.15.29:0/1746657493 >> [v2:172.21.15.29:6800/204751073,v1:172.21.15.29:6801/204751073] conn(0x7f63a402fdb0 msgr2=0x7f63a4032270 unknown :-1 s=STATE_CONNECTING_RE l=1).process reconnect failed to v2:172.21.15.29:6800/204751073
2023-12-01T22:10:32.503 INFO:teuthology.orchestra.run.smithi029.stderr:/usr/bin/ceph:
2023-12-01T22:10:32.497+0000 7f63b6ffd700 1 --2- 172.21.15.29:0/1746657493 >> [v2:172.21.15.29:6800/204751073,v1:172.21.15.29:6801/204751073] conn(0x7f63a402fdb0 0x7f63a4032270 unknown :-1 s=START_CONNECT pgs=0 cs=0 l=1 rev1=0 rx=0 tx=0)._fault waiting 0.400000
2023-12-01T22:10:32.900 INFO:teuthology.orchestra.run.smithi029.stderr:/usr/bin/ceph:
2023-12-01T22:10:32.898+0000 7f63b6ffd700 1 -- 172.21.15.29:0/1746657493 >> [v2:172.21.15.29:6800/204751073,v1:172.21.15.29:6801/204751073] conn(0x7f63a402fdb0 msgr2=0x7f63a4032270 unknown :-1 s=STATE_CONNECTING_RE l=1).process reconnect failed to v2:172.21.15.29:6800/204751073
2023-12-01T22:10:32.900 INFO:teuthology.orchestra.run.smithi029.stderr:/usr/bin/ceph:
2023-12-01T22:10:32.898+0000 7f63b6ffd700 1 --2- 172.21.15.29:0/1746657493 >> [v2:172.21.15.29:6800/204751073,v1:172.21.15.29:6801/204751073] conn(0x7f63a402fdb0 0x7f63a4032270 unknown :-1 s=START_CONNECT pgs=0 cs=0 l=1 rev1=0 rx=0 tx=0)._fault waiting 0.800000
2023-12-01T22:10:33.172 INFO:teuthology.orchestra.run.smithi029.stderr:/usr/bin/ceph:
2023-12-01T22:10:33.170+0000 7f639ffff700 1 -- 172.21.15.29:0/1746657493 <== mon.0 v2:172.21.15.29:3300/0 6 ==== mgrmap(e 6) v1 ==== 35970+0+0 (secure 0 0 0) 0x7f63a80257e0 con 0x7f63b80703f0
2023-12-01T22:10:33.172 INFO:teuthology.orchestra.run.smithi029.stderr:/usr/bin/ceph:
2023-12-01T22:10:33.170+0000 7f639ffff700 1 -- 172.21.15.29:0/1746657493 >> [v2:172.21.15.29:6800/204751073,v1:172.21.15.29:6801/204751073] conn(0x7f63a402fdb0 msgr2=0x7f63a4032270 unknown :-1 s=STATE_CONNECTING l=1).mark_down
2023-12-01T22:10:33.172 INFO:teuthology.orchestra.run.smithi029.stderr:/usr/bin/ceph:
2023-12-01T22:10:33.170+0000 7f639ffff700 1 --2- 172.21.15.29:0/1746657493 >> [v2:172.21.15.29:6800/204751073,v1:172.21.15.29:6801/204751073] conn(0x7f63a402fdb0 0x7f63a4032270 unknown :-1 s=START_CONNECT pgs=0 cs=0 l=1 rev1=0 rx=0 tx=0).stop
2023-12-01T22:10:34.174 INFO:teuthology.orchestra.run.smithi029.stderr:/usr/bin/ceph:
2023-12-01T22:10:34.171+0000 7f639ffff700 1 -- 172.21.15.29:0/1746657493 <== mon.0 v2:172.21.15.29:3300/0 7 ==== mgrmap(e 7) v1 ==== 36040+0+0 (secure 0 0 0) 0x7f63a801ab60 con 0x7f63b80703f0
2023-12-01T22:10:34.174 INFO:teuthology.orchestra.run.smithi029.stderr:/usr/bin/ceph:
2023-12-01T22:10:34.172+0000 7f639ffff700 1 --2- 172.21.15.29:0/1746657493 >> [v2:172.21.15.29:6800/3122114772,v1:172.21.15.29:6801/3122114772] conn(0x7f63a40336d0 0x7f63a4035ac0 unknown :-1 s=NONE pgs=0 cs=0 l=1 rev1=0 rx=0 tx=0).connect
2023-12-01T22:10:34.174 INFO:teuthology.orchestra.run.smithi029.stderr:/usr/bin/ceph:
2023-12-01T22:10:34.172+0000 7f639ffff700 1 -- 172.21.15.29:0/1746657493 --> [v2:172.21.15.29:6800/3122114772,v1:172.21.15.29:6801/3122114772] -- command(tid 0: {"prefix": "get_command_descriptions"}) v1 -- 0x7f63b8059100 con 0x7f63a40336d0
2023-12-01T22:10:34.174 INFO:teuthology.orchestra.run.smithi029.stderr:/usr/bin/ceph:
2023-12-01T22:10:34.172+0000 7f63b6ffd700 1 --2- 172.21.15.29:0/1746657493 >> [v2:172.21.15.29:6800/3122114772,v1:172.21.15.29:6801/3122114772] conn(0x7f63a40336d0 0x7f63a4035ac0 unknown :-1 s=BANNER_CONNECTING pgs=0 cs=0 l=1 rev1=0 rx=0 tx=0)._handle_peer_banner_payload supported=1 required=0
2023-12-01T22:10:34.175 INFO:teuthology.orchestra.run.smithi029.stderr:/usr/bin/ceph:
2023-12-01T22:10:34.173+0000 7f63b6ffd700 1 --2- 172.21.15.29:0/1746657493 >> [v2:172.21.15.29:6800/3122114772,v1:172.21.15.29:6801/3122114772] conn(0x7f63a40336d0 0x7f63a4035ac0 secure :-1 s=READY pgs=1 cs=0 l=1 rev1=1 rx=0x7f63ac0036d0 tx=0x7f63ac006c50).ready entity=mgr.14116 client_cookie=0 server_cookie=0 in_seq=0 out_seq=0
2023-12-01T22:10:34.175 INFO:teuthology.orchestra.run.smithi029.stderr:/usr/bin/ceph:
2023-12-01T22:10:34.173+0000 7f639ffff700 1 -- 172.21.15.29:0/1746657493 <== mgr.14116 v2:172.21.15.29:6800/3122114772 1 ==== command_reply(tid 0: 0 ) v1 ==== 8+0+6438 (secure 0 0 0) 0x7f63b8059100 con 0x7f63a40336d0
2023-12-01T22:10:34.182 INFO:teuthology.orchestra.run.smithi029.stderr:/usr/bin/ceph:
2023-12-01T22:10:34.181+0000 7f63bdb80700 1 -- 172.21.15.29:0/1746657493 --> [v2:172.21.15.29:6800/3122114772,v1:172.21.15.29:6801/3122114772] -- command(tid 1: {"prefix": "mgr_status"}) v1 -- 0x7f63b8045ad0 con 0x7f63a40336d0
2023-12-01T22:10:34.185 INFO:teuthology.orchestra.run.smithi029.stderr:/usr/bin/ceph:
2023-12-01T22:10:34.181+0000 7f639ffff700 1 -- 172.21.15.29:0/1746657493 <== mgr.14116 v2:172.21.15.29:6800/3122114772 2 ==== command_reply(tid 1: 0 ) v1 ==== 8+0+51 (secure 0 0 0) 0x7f63b8045ad0 con 0x7f63a40336d0
2023-12-01T22:10:34.186 INFO:teuthology.orchestra.run.smithi029.stderr:/usr/bin/ceph: {
2023-12-01T22:10:34.187 INFO:teuthology.orchestra.run.smithi029.stderr:/usr/bin/ceph: "mgrmap_epoch": 7,
2023-12-01T22:10:34.187 INFO:teuthology.orchestra.run.smithi029.stderr:/usr/bin/ceph: "initialized": true
2023-12-01T22:10:34.187 INFO:teuthology.orchestra.run.smithi029.stderr:/usr/bin/ceph: }
2023-12-01T22:10:34.187 INFO:teuthology.orchestra.run.smithi029.stderr:/usr/bin/ceph:
2023-12-01T22:10:34.181+0000 7f63bdb80700 1 -- 172.21.15.29:0/1746657493 >> [v2:172.21.15.29:6800/3122114772,v1:172.21.15.29:6801/3122114772] conn(0x7f63a40336d0 msgr2=0x7f63a4035ac0 secure :-1 s=STATE_CONNECTION_ESTABLISHED l=1).mark_down
2023-12-01T22:10:34.187 INFO:teuthology.orchestra.run.smithi029.stderr:/usr/bin/ceph:
2023-12-01T22:10:34.181+0000 7f63bdb80700 1 --2- 172.21.15.29:0/1746657493 >> [v2:172.21.15.29:6800/3122114772,v1:172.21.15.29:6801/3122114772] conn(0x7f63a40336d0 0x7f63a4035ac0 secure :-1 s=READY pgs=1 cs=0 l=1 rev1=1 rx=0x7f63ac0036d0 tx=0x7f63ac006c50).stop
2023-12-01T22:10:34.187 INFO:teuthology.orchestra.run.smithi029.stderr:/usr/bin/ceph:
2023-12-01T22:10:34.181+0000 7f63bdb80700 1 -- 172.21.15.29:0/1746657493 >> [v2:172.21.15.29:3300/0,v1:172.21.15.29:6789/0] conn(0x7f63b80703f0 msgr2=0x7f63b810ccf0 secure :-1 s=STATE_CONNECTION_ESTABLISHED l=1).mark_down
2023-12-01T22:10:34.187 INFO:teuthology.orchestra.run.smithi029.stderr:/usr/bin/ceph:
2023-12-01T22:10:34.181+0000 7f63bdb80700 1 --2- 172.21.15.29:0/1746657493 >> [v2:172.21.15.29:3300/0,v1:172.21.15.29:6789/0] conn(0x7f63b80703f0 0x7f63b810ccf0 secure :-1 s=READY pgs=25 cs=0 l=1 rev1=1 rx=0x7f63a800e040 tx=0x7f63a8006ee0).stop
2023-12-01T22:10:34.187 INFO:teuthology.orchestra.run.smithi029.stderr:/usr/bin/ceph:
2023-12-01T22:10:34.181+0000 7f63bdb80700 1 -- 172.21.15.29:0/1746657493 shutdown_connections
2023-12-01T22:10:34.187 INFO:teuthology.orchestra.run.smithi029.stderr:/usr/bin/ceph:
2023-12-01T22:10:34.182+0000 7f63bdb80700 1 --2- 172.21.15.29:0/1746657493 >> [v2:172.21.15.29:6800/3122114772,v1:172.21.15.29:6801/3122114772] conn(0x7f63a40336d0 0x7f63a4035ac0 unknown :-1 s=CLOSED pgs=1 cs=0 l=1 rev1=1 rx=0 tx=0).stop
2023-12-01T22:10:34.187 INFO:teuthology.orchestra.run.smithi029.stderr:/usr/bin/ceph:
2023-12-01T22:10:34.182+0000 7f63bdb80700 1 --2- 172.21.15.29:0/1746657493 >> [v2:172.21.15.29:3300/0,v1:172.21.15.29:6789/0] conn(0x7f63b80703f0 0x7f63b810ccf0 unknown :-1 s=CLOSED pgs=25 cs=0 l=1 rev1=1 rx=0 tx=0).stop
2023-12-01T22:10:34.187 INFO:teuthology.orchestra.run.smithi029.stderr:/usr/bin/ceph:
2023-12-01T22:10:34.182+0000 7f63bdb80700 1 --2- 172.21.15.29:0/1746657493 >> [v2:172.21.15.29:6800/204751073,v1:172.21.15.29:6801/204751073] conn(0x7f63a402fdb0 0x7f63a4032270 unknown :-1 s=CLOSED pgs=0 cs=0 l=1 rev1=0 rx=0 tx=0).stop
2023-12-01T22:10:34.187 INFO:teuthology.orchestra.run.smithi029.stderr:/usr/bin/ceph:
2023-12-01T22:10:34.182+0000 7f63bdb80700 1 -- 172.21.15.29:0/1746657493 >> 172.21.15.29:0/1746657493 conn(0x7f63b80f63c0 msgr2=0x7f63b80f7ef0 unknown :-1 s=STATE_NONE l=0).mark_down
2023-12-01T22:10:34.187 INFO:teuthology.orchestra.run.smithi029.stderr:/usr/bin/ceph:
2023-12-01T22:10:34.182+0000 7f63bdb80700 1 -- 172.21.15.29:0/1746657493 shutdown_connections
2023-12-01T22:10:34.187 INFO:teuthology.orchestra.run.smithi029.stderr:/usr/bin/ceph:
2023-12-01T22:10:34.182+0000 7f63bdb80700 1 -- 172.21.15.29:0/1746657493 wait complete.
2023-12-01T22:10:34.527 INFO:journalctl@ceph.mon.smithi029.smithi029.stdout:Dec 01 22:10:34 smithi029 ceph-5558ab6c-9096-11ee-95a2-87774f69a715-mon.smithi029[111775]: cluster
2023-12-01T22:10:33.118970+0000 mon.smithi029 (mon.0) 30 : cluster [INF] Active manager daemon smithi029.loxrfu restarted
2023-12-01T22:10:34.527 INFO:journalctl@ceph.mon.smithi029.smithi029.stdout:Dec 01 22:10:34 smithi029 ceph-5558ab6c-9096-11ee-95a2-87774f69a715-mon.smithi029[111775]: cluster
2023-12-01T22:10:33.119377+0000 mon.smithi029 (mon.0) 31 : cluster [INF] Activating manager daemon smithi029.loxrfu
2023-12-01T22:10:34.527 INFO:journalctl@ceph.mon.smithi029.smithi029.stdout:Dec 01 22:10:34 smithi029 ceph-5558ab6c-9096-11ee-95a2-87774f69a715-mon.smithi029[111775]: cluster
2023-12-01T22:10:33.121106+0000 mon.smithi029 (mon.0) 32 : cluster [DBG] osdmap e2: 0 total, 0 up, 0 in
2023-12-01T22:10:34.527 INFO:journalctl@ceph.mon.smithi029.smithi029.stdout:Dec 01 22:10:34 smithi029 ceph-5558ab6c-9096-11ee-95a2-87774f69a715-mon.smithi029[111775]: cluster
2023-12-01T22:10:33.172281+0000 mon.smithi029 (mon.0) 33 : cluster [DBG] mgrmap e6: smithi029.loxrfu(active, starting, since 0.0529788s)
2023-12-01T22:10:34.527 INFO:journalctl@ceph.mon.smithi029.smithi029.stdout:Dec 01 22:10:34 smithi029 ceph-5558ab6c-9096-11ee-95a2-87774f69a715-mon.smithi029[111775]: audit
2023-12-01T22:10:33.173489+0000 mon.smithi029 (mon.0) 34 : audit [DBG] from='mgr.14116 172.21.15.29:0/3573596141' entity='mgr.smithi029.loxrfu' cmd=[{"prefix": "mon metadata", "id": "smithi029"}]: dispatch
2023-12-01T22:10:34.527 INFO:journalctl@ceph.mon.smithi029.smithi029.stdout:Dec 01 22:10:34 smithi029 ceph-5558ab6c-9096-11ee-95a2-87774f69a715-mon.smithi029[111775]: audit
2023-12-01T22:10:33.174178+0000 mon.smithi029 (mon.0) 35 : audit [DBG] from='mgr.14116 172.21.15.29:0/3573596141' entity='mgr.smithi029.loxrfu' cmd=[{"prefix": "mgr metadata", "who": "smithi029.loxrfu", "id": "smithi029.loxrfu"}]: dispatch
2023-12-01T22:10:34.527 INFO:journalctl@ceph.mon.smithi029.smithi029.stdout:Dec 01 22:10:34 smithi029 ceph-5558ab6c-9096-11ee-95a2-87774f69a715-mon.smithi029[111775]: audit
2023-12-01T22:10:33.174974+0000 mon.smithi029 (mon.0) 36 : audit [DBG] from='mgr.14116 172.21.15.29:0/3573596141' entity='mgr.smithi029.loxrfu' cmd=[{"prefix": "mds metadata"}]: dispatch
2023-12-01T22:10:34.527 INFO:journalctl@ceph.mon.smithi029.smithi029.stdout:Dec 01 22:10:34 smithi029 ceph-5558ab6c-9096-11ee-95a2-87774f69a715-mon.smithi029[111775]: audit
2023-12-01T22:10:33.175152+0000 mon.smithi029 (mon.0) 37 : audit [DBG] from='mgr.14116 172.21.15.29:0/3573596141' entity='mgr.smithi029.loxrfu' cmd=[{"prefix": "osd metadata"}]: dispatch
2023-12-01T22:10:34.528 INFO:journalctl@ceph.mon.smithi029.smithi029.stdout:Dec 01 22:10:34 smithi029 ceph-5558ab6c-9096-11ee-95a2-87774f69a715-mon.smithi029[111775]: audit
2023-12-01T22:10:33.175314+0000 mon.smithi029 (mon.0) 38 : audit [DBG] from='mgr.14116 172.21.15.29:0/3573596141' entity='mgr.smithi029.loxrfu' cmd=[{"prefix": "mon metadata"}]: dispatch
2023-12-01T22:10:34.528 INFO:journalctl@ceph.mon.smithi029.smithi029.stdout:Dec 01 22:10:34 smithi029 ceph-5558ab6c-9096-11ee-95a2-87774f69a715-mon.smithi029[111775]: cluster
2023-12-01T22:10:33.188607+0000 mon.smithi029 (mon.0) 39 : cluster [INF] Manager daemon smithi029.loxrfu is now available
2023-12-01T22:10:34.528 INFO:journalctl@ceph.mon.smithi029.smithi029.stdout:Dec 01 22:10:34 smithi029 ceph-5558ab6c-9096-11ee-95a2-87774f69a715-mon.smithi029[111775]: audit
2023-12-01T22:10:33.204194+0000 mon.smithi029 (mon.0) 40 : audit [INF] from='mgr.14116 172.21.15.29:0/3573596141' entity='mgr.smithi029.loxrfu'
2023-12-01T22:10:34.528 INFO:journalctl@ceph.mon.smithi029.smithi029.stdout:Dec 01 22:10:34 smithi029 ceph-5558ab6c-9096-11ee-95a2-87774f69a715-mon.smithi029[111775]: audit
2023-12-01T22:10:33.207156+0000 mon.smithi029 (mon.0) 41 : audit [INF] from='mgr.14116 172.21.15.29:0/3573596141' entity='mgr.smithi029.loxrfu'
2023-12-01T22:10:34.528 INFO:journalctl@ceph.mon.smithi029.smithi029.stdout:Dec 01 22:10:34 smithi029 ceph-5558ab6c-9096-11ee-95a2-87774f69a715-mon.smithi029[111775]: audit
2023-12-01T22:10:33.209862+0000 mon.smithi029 (mon.0) 42 : audit [INF] from='mgr.14116 172.21.15.29:0/3573596141' entity='mgr.smithi029.loxrfu'
2023-12-01T22:10:34.528 INFO:journalctl@ceph.mon.smithi029.smithi029.stdout:Dec 01 22:10:34 smithi029 ceph-5558ab6c-9096-11ee-95a2-87774f69a715-mon.smithi029[111775]: audit
2023-12-01T22:10:33.312209+0000 mon.smithi029 (mon.0) 43 : audit [INF] from='mgr.14116 172.21.15.29:0/3573596141' entity='mgr.smithi029.loxrfu'
2023-12-01T22:10:34.528 INFO:journalctl@ceph.mon.smithi029.smithi029.stdout:Dec 01 22:10:34 smithi029 ceph-5558ab6c-9096-11ee-95a2-87774f69a715-mon.smithi029[111775]: audit
2023-12-01T22:10:33.313014+0000 mon.smithi029 (mon.0) 44 : audit [DBG] from='mgr.14116 172.21.15.29:0/3573596141' entity='mgr.smithi029.loxrfu' cmd=[{"prefix": "config dump", "format": "json"}]: dispatch
2023-12-01T22:10:34.528 INFO:journalctl@ceph.mon.smithi029.smithi029.stdout:Dec 01 22:10:34 smithi029 ceph-5558ab6c-9096-11ee-95a2-87774f69a715-mon.smithi029[111775]: audit
2023-12-01T22:10:33.314296+0000 mon.smithi029 (mon.0) 45 : audit [DBG] from='mgr.14116 172.21.15.29:0/3573596141' entity='mgr.smithi029.loxrfu' cmd=[{"prefix": "config dump", "format": "json"}]: dispatch
2023-12-01T22:10:34.528 INFO:journalctl@ceph.mon.smithi029.smithi029.stdout:Dec 01 22:10:34 smithi029 ceph-5558ab6c-9096-11ee-95a2-87774f69a715-mon.smithi029[111775]: audit
2023-12-01T22:10:33.316177+0000 mon.smithi029 (mon.0) 46 : audit [DBG] from='mgr.14116 172.21.15.29:0/3573596141' entity='mgr.smithi029.loxrfu' cmd=[{"prefix": "config dump", "format": "json"}]: dispatch
2023-12-01T22:10:34.528 INFO:journalctl@ceph.mon.smithi029.smithi029.stdout:Dec 01 22:10:34 smithi029 ceph-5558ab6c-9096-11ee-95a2-87774f69a715-mon.smithi029[111775]: audit
2023-12-01T22:10:33.328182+0000 mon.smithi029 (mon.0) 47 : audit [INF] from='mgr.14116 172.21.15.29:0/3573596141' entity='mgr.smithi029.loxrfu' cmd=[{"prefix":"config rm","who":"mgr","name":"mgr/rbd_support/smithi029.loxrfu/mirror_snapshot_schedule"}]: dispatch
2023-12-01T22:10:34.528 INFO:journalctl@ceph.mon.smithi029.smithi029.stdout:Dec 01 22:10:34 smithi029 ceph-5558ab6c-9096-11ee-95a2-87774f69a715-mon.smithi029[111775]: audit
2023-12-01T22:10:33.329615+0000 mon.smithi029 (mon.0) 48 : audit [INF] from='mgr.14116 172.21.15.29:0/3573596141' entity='mgr.smithi029.loxrfu' cmd=[{"prefix":"config rm","who":"mgr","name":"mgr/rbd_support/smithi029.loxrfu/trash_purge_schedule"}]: dispatch
2023-12-01T22:10:35.527 INFO:journalctl@ceph.mon.smithi029.smithi029.stdout:Dec 01 22:10:35 smithi029 ceph-5558ab6c-9096-11ee-95a2-87774f69a715-mon.smithi029[111775]: audit
2023-12-01T22:10:34.174537+0000 mgr.smithi029.loxrfu (mgr.14116) 1 : audit [DBG] from='client.14120 -' entity='client.admin' cmd=[{"prefix": "get_command_descriptions"}]: dispatch
2023-12-01T22:10:35.527 INFO:journalctl@ceph.mon.smithi029.smithi029.stdout:Dec 01 22:10:35 smithi029 ceph-5558ab6c-9096-11ee-95a2-87774f69a715-mon.smithi029[111775]: cluster
2023-12-01T22:10:34.175430+0000 mon.smithi029 (mon.0) 49 : cluster [DBG] mgrmap e7: smithi029.loxrfu(active, since 1.05612s)
2023-12-01T22:10:35.527 INFO:journalctl@ceph.mon.smithi029.smithi029.stdout:Dec 01 22:10:35 smithi029 ceph-5558ab6c-9096-11ee-95a2-87774f69a715-mon.smithi029[111775]: audit
2023-12-01T22:10:34.182368+0000 mgr.smithi029.loxrfu (mgr.14116) 2 : audit [DBG] from='client.14120 -' entity='client.admin' cmd=[{"prefix": "mgr_status"}]: dispatch
2023-12-01T22:10:36.526 INFO:journalctl@ceph.mon.smithi029.smithi029.stdout:Dec 01 22:10:36 smithi029 ceph-5558ab6c-9096-11ee-95a2-87774f69a715-mon.smithi029[111775]: cluster
2023-12-01T22:10:35.177400+0000 mon.smithi029 (mon.0) 50 : cluster [DBG] mgrmap e8: smithi029.loxrfu(active, since 2s)
2023-12-01T22:10:36.624 INFO:teuthology.orchestra.run.smithi029.stderr:mgr epoch 5 is available
2023-12-01T22:10:36.624 INFO:teuthology.orchestra.run.smithi029.stderr:Setting orchestrator backend to cephadm...
2023-12-01T22:10:36.624 INFO:teuthology.orchestra.run.smithi029.stderr:Running command: /bin/podman run --rm --ipc=host --no-hosts --net=host --entrypoint /usr/bin/ceph --init -e CONTAINER_IMAGE=docker.io/ceph/ceph:v16.2.4 -e NODE_NAME=smithi029 -e CEPH_USE_RANDOM_NONCE=1 -v /var/log/ceph/5558ab6c-9096-11ee-95a2-87774f69a715:/var/log/ceph:z -v /tmp/ceph-tmpou9lnrt4:/etc/ceph/ceph.client.admin.keyring:z -v /tmp/ceph-tmpxe9edifa:/etc/ceph/ceph.conf:z docker.io/ceph/ceph:v16.2.4 orch set backend cephadm
2023-12-01T22:10:38.307 INFO:teuthology.orchestra.run.smithi029.stderr:/usr/bin/ceph:
2023-12-01T22:10:37.843+0000 7f83af8f0700 1 Processor -- start
2023-12-01T22:10:38.366 INFO:teuthology.orchestra.run.smithi029.stderr:/usr/bin/ceph:
2023-12-01T22:10:37.844+0000 7f83af8f0700 1 -- start start
2023-12-01T22:10:38.366 INFO:teuthology.orchestra.run.smithi029.stderr:/usr/bin/ceph:
2023-12-01T22:10:37.844+0000 7f83af8f0700 1 --2- >> [v2:172.21.15.29:3300/0,v1:172.21.15.29:6789/0] conn(0x7f83a80703b0 0x7f83a8100d60 unknown :-1 s=NONE pgs=0 cs=0 l=0 rev1=0 rx=0 tx=0).connect
2023-12-01T22:10:38.367 INFO:teuthology.orchestra.run.smithi029.stderr:/usr/bin/ceph:
2023-12-01T22:10:37.844+0000 7f83af8f0700 1 -- --> [v2:172.21.15.29:3300/0,v1:172.21.15.29:6789/0] -- mon_getmap magic: 0 v1 -- 0x7f83a80fc750 con 0x7f83a80703b0
2023-12-01T22:10:38.367 INFO:teuthology.orchestra.run.smithi029.stderr:/usr/bin/ceph:
2023-12-01T22:10:37.844+0000 7f83ad68c700 1 --2- >> [v2:172.21.15.29:3300/0,v1:172.21.15.29:6789/0] conn(0x7f83a80703b0 0x7f83a8100d60 unknown :-1 s=BANNER_CONNECTING pgs=0 cs=0 l=0 rev1=0 rx=0 tx=0)._handle_peer_banner_payload supported=1 required=0
2023-12-01T22:10:38.367 INFO:teuthology.orchestra.run.smithi029.stderr:/usr/bin/ceph:
2023-12-01T22:10:37.844+0000 7f83ad68c700 1 --2- >> [v2:172.21.15.29:3300/0,v1:172.21.15.29:6789/0] conn(0x7f83a80703b0 0x7f83a8100d60 unknown :-1 s=HELLO_CONNECTING pgs=0 cs=0 l=0 rev1=1 rx=0 tx=0).handle_hello peer v2:172.21.15.29:3300/0 says I am v2:172.21.15.29:49612/0 (socket says 172.21.15.29:49612)
2023-12-01T22:10:38.367 INFO:teuthology.orchestra.run.smithi029.stderr:/usr/bin/ceph:
2023-12-01T22:10:37.844+0000 7f83ad68c700 1 -- 172.21.15.29:0/2332796088 learned_addr learned my addr 172.21.15.29:0/2332796088 (peer_addr_for_me v2:172.21.15.29:0/0)
2023-12-01T22:10:38.367 INFO:teuthology.orchestra.run.smithi029.stderr:/usr/bin/ceph:
2023-12-01T22:10:37.844+0000 7f83ad68c700 1 -- 172.21.15.29:0/2332796088 --> [v2:172.21.15.29:3300/0,v1:172.21.15.29:6789/0] -- mon_subscribe({config=0+,monmap=0+}) v3 -- 0x7f83a8101250 con 0x7f83a80703b0
2023-12-01T22:10:38.367 INFO:teuthology.orchestra.run.smithi029.stderr:/usr/bin/ceph:
2023-12-01T22:10:37.844+0000 7f83ad68c700 1 --2- 172.21.15.29:0/2332796088 >> [v2:172.21.15.29:3300/0,v1:172.21.15.29:6789/0] conn(0x7f83a80703b0 0x7f83a8100d60 secure :-1 s=READY pgs=31 cs=0 l=1 rev1=1 rx=0x7f83a400b5f0 tx=0x7f83a4006ee0).ready entity=mon.0 client_cookie=9b61a9976405f738 server_cookie=0 in_seq=0 out_seq=0
2023-12-01T22:10:38.368 INFO:teuthology.orchestra.run.smithi029.stderr:/usr/bin/ceph:
2023-12-01T22:10:37.845+0000 7f8397fff700 1 -- 172.21.15.29:0/2332796088 <== mon.0 v2:172.21.15.29:3300/0 1 ==== mon_map magic: 0 v1 ==== 229+0+0 (secure 0 0 0) 0x7f83a400d600 con 0x7f83a80703b0
2023-12-01T22:10:38.368 INFO:teuthology.orchestra.run.smithi029.stderr:/usr/bin/ceph:
2023-12-01T22:10:37.845+0000 7f8397fff700 1 -- 172.21.15.29:0/2332796088 <== mon.0 v2:172.21.15.29:3300/0 2 ==== config(25 keys) v1 ==== 1010+0+0 (secure 0 0 0) 0x7f83a400dbd0 con 0x7f83a80703b0
2023-12-01T22:10:38.368 INFO:teuthology.orchestra.run.smithi029.stderr:/usr/bin/ceph:
2023-12-01T22:10:37.845+0000 7f8397fff700 1 -- 172.21.15.29:0/2332796088 <== mon.0 v2:172.21.15.29:3300/0 3 ==== mon_map magic: 0 v1 ==== 229+0+0 (secure 0 0 0) 0x7f83a4011c00 con 0x7f83a80703b0
2023-12-01T22:10:38.368 INFO:teuthology.orchestra.run.smithi029.stderr:/usr/bin/ceph:
2023-12-01T22:10:37.845+0000 7f83af8f0700 1 -- 172.21.15.29:0/2332796088 >> [v2:172.21.15.29:3300/0,v1:172.21.15.29:6789/0] conn(0x7f83a80703b0 msgr2=0x7f83a8100d60 secure :-1 s=STATE_CONNECTION_ESTABLISHED l=1).mark_down
2023-12-01T22:10:38.368 INFO:teuthology.orchestra.run.smithi029.stderr:/usr/bin/ceph:
2023-12-01T22:10:37.845+0000 7f83af8f0700 1 --2- 172.21.15.29:0/2332796088 >> [v2:172.21.15.29:3300/0,v1:172.21.15.29:6789/0] conn(0x7f83a80703b0 0x7f83a8100d60 secure :-1 s=READY pgs=31 cs=0 l=1 rev1=1 rx=0x7f83a400b5f0 tx=0x7f83a4006ee0).stop
2023-12-01T22:10:38.368 INFO:teuthology.orchestra.run.smithi029.stderr:/usr/bin/ceph:
2023-12-01T22:10:37.845+0000 7f83af8f0700 1 -- 172.21.15.29:0/2332796088 shutdown_connections
2023-12-01T22:10:38.368 INFO:teuthology.orchestra.run.smithi029.stderr:/usr/bin/ceph:
2023-12-01T22:10:37.845+0000 7f83af8f0700 1 --2- 172.21.15.29:0/2332796088 >> [v2:172.21.15.29:3300/0,v1:172.21.15.29:6789/0] conn(0x7f83a80703b0 0x7f83a8100d60 unknown :-1 s=CLOSED pgs=31 cs=0 l=1 rev1=1 rx=0 tx=0).stop
2023-12-01T22:10:38.369 INFO:teuthology.orchestra.run.smithi029.stderr:/usr/bin/ceph:
2023-12-01T22:10:37.845+0000 7f83af8f0700 1 -- 172.21.15.29:0/2332796088 >> 172.21.15.29:0/2332796088 conn(0x7f83a80f63c0 msgr2=0x7f83a80f87e0 unknown :-1 s=STATE_NONE l=0).mark_down
2023-12-01T22:10:38.369 INFO:teuthology.orchestra.run.smithi029.stderr:/usr/bin/ceph:
2023-12-01T22:10:37.845+0000 7f83af8f0700 1 -- 172.21.15.29:0/2332796088 shutdown_connections
2023-12-01T22:10:38.369 INFO:teuthology.orchestra.run.smithi029.stderr:/usr/bin/ceph:
2023-12-01T22:10:37.845+0000 7f83af8f0700 1 -- 172.21.15.29:0/2332796088 wait complete.
2023-12-01T22:10:38.369 INFO:teuthology.orchestra.run.smithi029.stderr:/usr/bin/ceph:
2023-12-01T22:10:37.846+0000 7f83af8f0700 1 Processor -- start
2023-12-01T22:10:38.369 INFO:teuthology.orchestra.run.smithi029.stderr:/usr/bin/ceph:
2023-12-01T22:10:37.846+0000 7f83af8f0700 1 -- start start
2023-12-01T22:10:38.369 INFO:teuthology.orchestra.run.smithi029.stderr:/usr/bin/ceph:
2023-12-01T22:10:37.846+0000 7f83af8f0700 1 --2- >> [v2:172.21.15.29:3300/0,v1:172.21.15.29:6789/0] conn(0x7f83a80703b0 0x7f83a810ccf0 unknown :-1 s=NONE pgs=0 cs=0 l=1 rev1=0 rx=0 tx=0).connect
2023-12-01T22:10:38.369 INFO:teuthology.orchestra.run.smithi029.stderr:/usr/bin/ceph:
2023-12-01T22:10:37.846+0000 7f83af8f0700 1 -- --> [v2:172.21.15.29:3300/0,v1:172.21.15.29:6789/0] -- mon_getmap magic: 0 v1 -- 0x7f83a810d1e0 con 0x7f83a80703b0
2023-12-01T22:10:38.369 INFO:teuthology.orchestra.run.smithi029.stderr:/usr/bin/ceph:
2023-12-01T22:10:37.847+0000 7f83ad68c700 1 --2- >> [v2:172.21.15.29:3300/0,v1:172.21.15.29:6789/0] conn(0x7f83a80703b0 0x7f83a810ccf0 unknown :-1 s=BANNER_CONNECTING pgs=0 cs=0 l=1 rev1=0 rx=0 tx=0)._handle_peer_banner_payload supported=1 required=0
2023-12-01T22:10:38.369 INFO:teuthology.orchestra.run.smithi029.stderr:/usr/bin/ceph:
2023-12-01T22:10:37.847+0000 7f83ad68c700 1 --2- >> [v2:172.21.15.29:3300/0,v1:172.21.15.29:6789/0] conn(0x7f83a80703b0 0x7f83a810ccf0 unknown :-1 s=HELLO_CONNECTING pgs=0 cs=0 l=1 rev1=1 rx=0 tx=0).handle_hello peer v2:172.21.15.29:3300/0 says I am v2:172.21.15.29:49614/0 (socket says 172.21.15.29:49614)
2023-12-01T22:10:38.369 INFO:teuthology.orchestra.run.smithi029.stderr:/usr/bin/ceph:
2023-12-01T22:10:37.847+0000 7f83ad68c700 1 -- 172.21.15.29:0/2956858521 learned_addr learned my addr 172.21.15.29:0/2956858521 (peer_addr_for_me v2:172.21.15.29:0/0)
2023-12-01T22:10:38.369 INFO:teuthology.orchestra.run.smithi029.stderr:/usr/bin/ceph:
2023-12-01T22:10:37.847+0000 7f83ad68c700 1 -- 172.21.15.29:0/2956858521 --> [v2:172.21.15.29:3300/0,v1:172.21.15.29:6789/0] -- mon_subscribe({config=0+,monmap=0+}) v3 -- 0x7f83a400b200 con 0x7f83a80703b0
2023-12-01T22:10:38.369 INFO:teuthology.orchestra.run.smithi029.stderr:/usr/bin/ceph:
2023-12-01T22:10:37.847+0000 7f83ad68c700 1 --2- 172.21.15.29:0/2956858521 >> [v2:172.21.15.29:3300/0,v1:172.21.15.29:6789/0] conn(0x7f83a80703b0 0x7f83a810ccf0 secure :-1 s=READY pgs=32 cs=0 l=1 rev1=1 rx=0x7f83a400e040 tx=0x7f83a4006ee0).ready entity=mon.0 client_cookie=0 server_cookie=0 in_seq=0 out_seq=0
2023-12-01T22:10:38.370 INFO:teuthology.orchestra.run.smithi029.stderr:/usr/bin/ceph:
2023-12-01T22:10:37.847+0000 7f8395ffb700 1 -- 172.21.15.29:0/2956858521 <== mon.0 v2:172.21.15.29:3300/0 1 ==== mon_map magic: 0 v1 ==== 229+0+0 (secure 0 0 0) 0x7f83a400d9f0 con 0x7f83a80703b0
2023-12-01T22:10:38.370 INFO:teuthology.orchestra.run.smithi029.stderr:/usr/bin/ceph:
2023-12-01T22:10:37.847+0000 7f8395ffb700 1 -- 172.21.15.29:0/2956858521 <== mon.0 v2:172.21.15.29:3300/0 2 ==== config(25 keys) v1 ==== 1010+0+0 (secure 0 0 0) 0x7f83a401a9f0 con 0x7f83a80703b0
2023-12-01T22:10:38.370 INFO:teuthology.orchestra.run.smithi029.stderr:/usr/bin/ceph:
2023-12-01T22:10:37.847+0000 7f83af8f0700 1 -- 172.21.15.29:0/2956858521 --> [v2:172.21.15.29:3300/0,v1:172.21.15.29:6789/0] -- mon_subscribe({mgrmap=0+}) v3 -- 0x7f83a810d3e0 con 0x7f83a80703b0
2023-12-01T22:10:38.370 INFO:teuthology.orchestra.run.smithi029.stderr:/usr/bin/ceph:
2023-12-01T22:10:37.847+0000 7f8395ffb700 1 -- 172.21.15.29:0/2956858521 <== mon.0 v2:172.21.15.29:3300/0 3 ==== mon_map magic: 0 v1 ==== 229+0+0 (secure 0 0 0) 0x7f83a401b8c0 con 0x7f83a80703b0
2023-12-01T22:10:38.370 INFO:teuthology.orchestra.run.smithi029.stderr:/usr/bin/ceph:
2023-12-01T22:10:37.847+0000 7f83af8f0700 1 -- 172.21.15.29:0/2956858521 --> [v2:172.21.15.29:3300/0,v1:172.21.15.29:6789/0] -- mon_subscribe({osdmap=0}) v3 -- 0x7f83a810d7f0 con 0x7f83a80703b0
2023-12-01T22:10:38.370 INFO:teuthology.orchestra.run.smithi029.stderr:/usr/bin/ceph:
2023-12-01T22:10:37.848+0000 7f8395ffb700 1 -- 172.21.15.29:0/2956858521 <== mon.0 v2:172.21.15.29:3300/0 4 ==== mgrmap(e 8) v1 ==== 36120+0+0 (secure 0 0 0) 0x7f83a400f070 con 0x7f83a80703b0
2023-12-01T22:10:38.370 INFO:teuthology.orchestra.run.smithi029.stderr:/usr/bin/ceph:
2023-12-01T22:10:37.848+0000 7f8395ffb700 1 --2- 172.21.15.29:0/2956858521 >> [v2:172.21.15.29:6800/3122114772,v1:172.21.15.29:6801/3122114772] conn(0x7f839002fdb0 0x7f8390032270 unknown :-1 s=NONE pgs=0 cs=0 l=1 rev1=0 rx=0 tx=0).connect
2023-12-01T22:10:38.370 INFO:teuthology.orchestra.run.smithi029.stderr:/usr/bin/ceph:
2023-12-01T22:10:37.849+0000 7f8395ffb700 1 -- 172.21.15.29:0/2956858521 <== mon.0 v2:172.21.15.29:3300/0 5 ==== osd_map(2..2 src has 1..2) v4 ==== 926+0+0 (secure 0 0 0) 0x7f83a40413a0 con 0x7f83a80703b0
2023-12-01T22:10:38.370 INFO:teuthology.orchestra.run.smithi029.stderr:/usr/bin/ceph:
2023-12-01T22:10:37.849+0000 7f83af8f0700 1 -- 172.21.15.29:0/2956858521 --> [v2:172.21.15.29:3300/0,v1:172.21.15.29:6789/0] -- mon_command({"prefix": "get_command_descriptions"} v 0) v1 -- 0x7f83a8045ad0 con 0x7f83a80703b0
2023-12-01T22:10:38.370 INFO:teuthology.orchestra.run.smithi029.stderr:/usr/bin/ceph:
2023-12-01T22:10:37.849+0000 7f83ace8b700 1 --2- 172.21.15.29:0/2956858521 >> [v2:172.21.15.29:6800/3122114772,v1:172.21.15.29:6801/3122114772] conn(0x7f839002fdb0 0x7f8390032270 unknown :-1 s=BANNER_CONNECTING pgs=0 cs=0 l=1 rev1=0 rx=0 tx=0)._handle_peer_banner_payload supported=1 required=0
2023-12-01T22:10:38.371 INFO:teuthology.orchestra.run.smithi029.stderr:/usr/bin/ceph:
2023-12-01T22:10:37.849+0000 7f83ace8b700 1 --2- 172.21.15.29:0/2956858521 >> [v2:172.21.15.29:6800/3122114772,v1:172.21.15.29:6801/3122114772] conn(0x7f839002fdb0 0x7f8390032270 secure :-1 s=READY pgs=6 cs=0 l=1 rev1=1 rx=0x7f83980096a0 tx=0x7f8398006b40).ready entity=mgr.14116 client_cookie=0 server_cookie=0 in_seq=0 out_seq=0
2023-12-01T22:10:38.371 INFO:teuthology.orchestra.run.smithi029.stderr:/usr/bin/ceph:
2023-12-01T22:10:37.853+0000 7f8395ffb700 1 -- 172.21.15.29:0/2956858521 <== mon.0 v2:172.21.15.29:3300/0 6 ==== mon_command_ack([{"prefix": "get_command_descriptions"}]=0 v0) v1 ==== 72+0+152212 (secure 0 0 0) 0x7f83a4016070 con 0x7f83a80703b0
2023-12-01T22:10:38.371 INFO:teuthology.orchestra.run.smithi029.stderr:/usr/bin/ceph:
2023-12-01T22:10:38.053+0000 7f83af8f0700 1 -- 172.21.15.29:0/2956858521 --> [v2:172.21.15.29:6800/3122114772,v1:172.21.15.29:6801/3122114772] -- mgr_command(tid 0: {"prefix": "orch set backend", "module_name": "cephadm", "target": ["mon-mgr", ""]}) v1 -- 0x7f83a810ed50 con 0x7f839002fdb0
2023-12-01T22:10:38.371 INFO:teuthology.orchestra.run.smithi029.stderr:/usr/bin/ceph:
2023-12-01T22:10:38.058+0000 7f8395ffb700 1 -- 172.21.15.29:0/2956858521 <== mgr.14116 v2:172.21.15.29:6800/3122114772 1 ==== mgr_command_reply(tid 0: 0 ) v1 ==== 8+0+0 (secure 0 0 0) 0x7f83a810ed50 con 0x7f839002fdb0
2023-12-01T22:10:38.371 INFO:teuthology.orchestra.run.smithi029.stderr:/usr/bin/ceph:
2023-12-01T22:10:38.060+0000 7f83af8f0700 1 -- 172.21.15.29:0/2956858521 >> [v2:172.21.15.29:6800/3122114772,v1:172.21.15.29:6801/3122114772] conn(0x7f839002fdb0 msgr2=0x7f8390032270 secure :-1 s=STATE_CONNECTION_ESTABLISHED l=1).mark_down
2023-12-01T22:10:38.371 INFO:teuthology.orchestra.run.smithi029.stderr:/usr/bin/ceph:
2023-12-01T22:10:38.060+0000 7f83af8f0700 1 --2- 172.21.15.29:0/2956858521 >> [v2:172.21.15.29:6800/3122114772,v1:172.21.15.29:6801/3122114772] conn(0x7f839002fdb0 0x7f8390032270 secure :-1 s=READY pgs=6 cs=0 l=1 rev1=1 rx=0x7f83980096a0 tx=0x7f8398006b40).stop
2023-12-01T22:10:38.371 INFO:teuthology.orchestra.run.smithi029.stderr:/usr/bin/ceph:
2023-12-01T22:10:38.060+0000 7f83af8f0700 1 -- 172.21.15.29:0/2956858521 >> [v2:172.21.15.29:3300/0,v1:172.21.15.29:6789/0] conn(0x7f83a80703b0 msgr2=0x7f83a810ccf0 secure :-1 s=STATE_CONNECTION_ESTABLISHED l=1).mark_down
2023-12-01T22:10:38.371 INFO:teuthology.orchestra.run.smithi029.stderr:/usr/bin/ceph:
2023-12-01T22:10:38.060+0000 7f83af8f0700 1 --2- 172.21.15.29:0/2956858521 >> [v2:172.21.15.29:3300/0,v1:172.21.15.29:6789/0] conn(0x7f83a80703b0 0x7f83a810ccf0 secure :-1 s=READY pgs=32 cs=0 l=1 rev1=1 rx=0x7f83a400e040 tx=0x7f83a4006ee0).stop
2023-12-01T22:10:38.371 INFO:teuthology.orchestra.run.smithi029.stderr:/usr/bin/ceph:
2023-12-01T22:10:38.060+0000 7f83af8f0700 1 -- 172.21.15.29:0/2956858521 shutdown_connections
2023-12-01T22:10:38.371 INFO:teuthology.orchestra.run.smithi029.stderr:/usr/bin/ceph:
2023-12-01T22:10:38.060+0000 7f83af8f0700 1 --2- 172.21.15.29:0/2956858521 >> [v2:172.21.15.29:6800/3122114772,v1:172.21.15.29:6801/3122114772] conn(0x7f839002fdb0 0x7f8390032270 unknown :-1 s=CLOSED pgs=6 cs=0 l=1 rev1=1 rx=0 tx=0).stop
2023-12-01T22:10:38.371 INFO:teuthology.orchestra.run.smithi029.stderr:/usr/bin/ceph:
2023-12-01T22:10:38.060+0000 7f83af8f0700 1 --2- 172.21.15.29:0/2956858521 >> [v2:172.21.15.29:3300/0,v1:172.21.15.29:6789/0] conn(0x7f83a80703b0 0x7f83a810ccf0 unknown :-1 s=CLOSED pgs=32 cs=0 l=1 rev1=1 rx=0 tx=0).stop
2023-12-01T22:10:38.371 INFO:teuthology.orchestra.run.smithi029.stderr:/usr/bin/ceph:
2023-12-01T22:10:38.060+0000 7f83af8f0700 1 -- 172.21.15.29:0/2956858521 >> 172.21.15.29:0/2956858521 conn(0x7f83a80f63c0 msgr2=0x7f83a80f7f50 unknown :-1 s=STATE_NONE l=0).mark_down
2023-12-01T22:10:38.371 INFO:teuthology.orchestra.run.smithi029.stderr:/usr/bin/ceph:
2023-12-01T22:10:38.060+0000 7f83af8f0700 1 -- 172.21.15.29:0/2956858521 shutdown_connections
2023-12-01T22:10:38.371 INFO:teuthology.orchestra.run.smithi029.stderr:/usr/bin/ceph:
2023-12-01T22:10:38.060+0000 7f83af8f0700 1 -- 172.21.15.29:0/2956858521 wait complete.
2023-12-01T22:10:39.527 INFO:journalctl@ceph.mon.smithi029.smithi029.stdout:Dec 01 22:10:39 smithi029 ceph-5558ab6c-9096-11ee-95a2-87774f69a715-mon.smithi029[111775]: audit
2023-12-01T22:10:38.054812+0000 mgr.smithi029.loxrfu (mgr.14116) 3 : audit [DBG] from='client.14126 -' entity='client.admin' cmd=[{"prefix": "orch set backend", "module_name": "cephadm", "target": ["mon-mgr", ""]}]: dispatch
2023-12-01T22:10:39.527 INFO:journalctl@ceph.mon.smithi029.smithi029.stdout:Dec 01 22:10:39 smithi029 ceph-5558ab6c-9096-11ee-95a2-87774f69a715-mon.smithi029[111775]: audit
2023-12-01T22:10:38.058887+0000 mon.smithi029 (mon.0) 51 : audit [INF] from='mgr.14116 172.21.15.29:0/3573596141' entity='mgr.smithi029.loxrfu'
2023-12-01T22:10:39.527 INFO:journalctl@ceph.mon.smithi029.smithi029.stdout:Dec 01 22:10:39 smithi029 ceph-5558ab6c-9096-11ee-95a2-87774f69a715-mon.smithi029[111775]: audit
2023-12-01T22:10:38.063362+0000 mon.smithi029 (mon.0) 52 : audit [DBG] from='mgr.14116 172.21.15.29:0/3573596141' entity='mgr.smithi029.loxrfu' cmd=[{"prefix": "config dump", "format": "json"}]: dispatch
2023-12-01T22:10:41.665 INFO:teuthology.orchestra.run.smithi029.stderr:Running command: /bin/podman run --rm --ipc=host --no-hosts --net=host --entrypoint /usr/bin/ceph --init -e CONTAINER_IMAGE=docker.io/ceph/ceph:v16.2.4 -e NODE_NAME=smithi029 -e CEPH_USE_RANDOM_NONCE=1 -v /var/log/ceph/5558ab6c-9096-11ee-95a2-87774f69a715:/var/log/ceph:z -v /tmp/ceph-tmpou9lnrt4:/etc/ceph/ceph.client.admin.keyring:z -v /tmp/ceph-tmpxe9edifa:/etc/ceph/ceph.conf:z docker.io/ceph/ceph:v16.2.4 cephadm set-user root
2023-12-01T22:10:42.978 INFO:teuthology.orchestra.run.smithi029.stderr:/usr/bin/ceph:
2023-12-01T22:10:42.816+0000 7fb327cd2700 1 Processor -- start
2023-12-01T22:10:42.978 INFO:teuthology.orchestra.run.smithi029.stderr:/usr/bin/ceph:
2023-12-01T22:10:42.816+0000 7fb327cd2700 1 -- start start
2023-12-01T22:10:42.979 INFO:teuthology.orchestra.run.smithi029.stderr:/usr/bin/ceph:
2023-12-01T22:10:42.816+0000 7fb327cd2700 1 --2- >> [v2:172.21.15.29:3300/0,v1:172.21.15.29:6789/0] conn(0x7fb3200703f0 0x7fb3200fe920 unknown :-1 s=NONE pgs=0 cs=0 l=0 rev1=0 rx=0 tx=0).connect
2023-12-01T22:10:42.979 INFO:teuthology.orchestra.run.smithi029.stderr:/usr/bin/ceph:
2023-12-01T22:10:42.816+0000 7fb327cd2700 1 -- --> [v2:172.21.15.29:3300/0,v1:172.21.15.29:6789/0] -- mon_getmap magic: 0 v1 -- 0x7fb3200fee10 con 0x7fb3200703f0
2023-12-01T22:10:42.979 INFO:teuthology.orchestra.run.smithi029.stderr:/usr/bin/ceph:
2023-12-01T22:10:42.816+0000 7fb325a6e700 1 --2- >> [v2:172.21.15.29:3300/0,v1:172.21.15.29:6789/0] conn(0x7fb3200703f0 0x7fb3200fe920 unknown :-1 s=BANNER_CONNECTING pgs=0 cs=0 l=0 rev1=0 rx=0 tx=0)._handle_peer_banner_payload supported=1 required=0
2023-12-01T22:10:42.979 INFO:teuthology.orchestra.run.smithi029.stderr:/usr/bin/ceph:
2023-12-01T22:10:42.816+0000 7fb325a6e700 1 --2- >> [v2:172.21.15.29:3300/0,v1:172.21.15.29:6789/0] conn(0x7fb3200703f0 0x7fb3200fe920 unknown :-1 s=HELLO_CONNECTING pgs=0 cs=0 l=0 rev1=1 rx=0 tx=0).handle_hello peer v2:172.21.15.29:3300/0 says I am v2:172.21.15.29:49630/0 (socket says 172.21.15.29:49630)
2023-12-01T22:10:42.979 INFO:teuthology.orchestra.run.smithi029.stderr:/usr/bin/ceph:
2023-12-01T22:10:42.816+0000 7fb325a6e700 1 -- 172.21.15.29:0/1363342232 learned_addr learned my addr 172.21.15.29:0/1363342232 (peer_addr_for_me v2:172.21.15.29:0/0)
2023-12-01T22:10:42.979 INFO:teuthology.orchestra.run.smithi029.stderr:/usr/bin/ceph:
2023-12-01T22:10:42.817+0000 7fb325a6e700 1 -- 172.21.15.29:0/1363342232 --> [v2:172.21.15.29:3300/0,v1:172.21.15.29:6789/0] -- mon_subscribe({config=0+,monmap=0+}) v3 -- 0x7fb3200fef50 con 0x7fb3200703f0
2023-12-01T22:10:42.979 INFO:teuthology.orchestra.run.smithi029.stderr:/usr/bin/ceph:
2023-12-01T22:10:42.817+0000 7fb325a6e700 1 --2- 172.21.15.29:0/1363342232 >> [v2:172.21.15.29:3300/0,v1:172.21.15.29:6789/0] conn(0x7fb3200703f0 0x7fb3200fe920 secure :-1 s=READY pgs=33 cs=0 l=1 rev1=1 rx=0x7fb31c00b5f0 tx=0x7fb31c006ee0).ready entity=mon.0 client_cookie=50281a93b13281f4 server_cookie=0 in_seq=0 out_seq=0
2023-12-01T22:10:42.979 INFO:teuthology.orchestra.run.smithi029.stderr:/usr/bin/ceph:
2023-12-01T22:10:42.817+0000 7fb324a6c700 1 -- 172.21.15.29:0/1363342232 <== mon.0 v2:172.21.15.29:3300/0 1 ==== mon_map magic: 0 v1 ==== 229+0+0 (secure 0 0 0) 0x7fb31c00d600 con 0x7fb3200703f0
2023-12-01T22:10:42.979 INFO:teuthology.orchestra.run.smithi029.stderr:/usr/bin/ceph:
2023-12-01T22:10:42.817+0000 7fb324a6c700 1 -- 172.21.15.29:0/1363342232 <== mon.0 v2:172.21.15.29:3300/0 2 ==== config(25 keys) v1 ==== 1010+0+0 (secure 0 0 0) 0x7fb31c00dbd0 con 0x7fb3200703f0
2023-12-01T22:10:42.979 INFO:teuthology.orchestra.run.smithi029.stderr:/usr/bin/ceph:
2023-12-01T22:10:42.817+0000 7fb324a6c700 1 -- 172.21.15.29:0/1363342232 <== mon.0 v2:172.21.15.29:3300/0 3 ==== mon_map magic: 0 v1 ==== 229+0+0 (secure 0 0 0) 0x7fb31c011c00 con 0x7fb3200703f0
2023-12-01T22:10:42.979 INFO:teuthology.orchestra.run.smithi029.stderr:/usr/bin/ceph:
2023-12-01T22:10:42.817+0000 7fb327cd2700 1 -- 172.21.15.29:0/1363342232 >> [v2:172.21.15.29:3300/0,v1:172.21.15.29:6789/0] conn(0x7fb3200703f0 msgr2=0x7fb3200fe920 secure :-1 s=STATE_CONNECTION_ESTABLISHED l=1).mark_down
2023-12-01T22:10:42.979 INFO:teuthology.orchestra.run.smithi029.stderr:/usr/bin/ceph:
2023-12-01T22:10:42.817+0000 7fb327cd2700 1 --2- 172.21.15.29:0/1363342232 >> [v2:172.21.15.29:3300/0,v1:172.21.15.29:6789/0] conn(0x7fb3200703f0 0x7fb3200fe920 secure :-1 s=READY pgs=33 cs=0 l=1 rev1=1 rx=0x7fb31c00b5f0 tx=0x7fb31c006ee0).stop
2023-12-01T22:10:42.979 INFO:teuthology.orchestra.run.smithi029.stderr:/usr/bin/ceph:
2023-12-01T22:10:42.817+0000 7fb327cd2700 1 -- 172.21.15.29:0/1363342232 shutdown_connections
2023-12-01T22:10:42.980 INFO:teuthology.orchestra.run.smithi029.stderr:/usr/bin/ceph:
2023-12-01T22:10:42.817+0000 7fb327cd2700 1 --2- 172.21.15.29:0/1363342232 >> [v2:172.21.15.29:3300/0,v1:172.21.15.29:6789/0] conn(0x7fb3200703f0 0x7fb3200fe920 unknown :-1 s=CLOSED pgs=33 cs=0 l=1 rev1=1 rx=0 tx=0).stop
2023-12-01T22:10:42.980 INFO:teuthology.orchestra.run.smithi029.stderr:/usr/bin/ceph:
2023-12-01T22:10:42.817+0000 7fb327cd2700 1 -- 172.21.15.29:0/1363342232 >> 172.21.15.29:0/1363342232 conn(0x7fb3200f63c0 msgr2=0x7fb3200f87e0 unknown :-1 s=STATE_NONE l=0).mark_down
2023-12-01T22:10:42.980 INFO:teuthology.orchestra.run.smithi029.stderr:/usr/bin/ceph:
2023-12-01T22:10:42.818+0000 7fb327cd2700 1 -- 172.21.15.29:0/1363342232 shutdown_connections
2023-12-01T22:10:42.980 INFO:teuthology.orchestra.run.smithi029.stderr:/usr/bin/ceph:
2023-12-01T22:10:42.818+0000 7fb327cd2700 1 -- 172.21.15.29:0/1363342232 wait complete.
2023-12-01T22:10:42.980 INFO:teuthology.orchestra.run.smithi029.stderr:/usr/bin/ceph:
2023-12-01T22:10:42.818+0000 7fb327cd2700 1 Processor -- start
2023-12-01T22:10:42.980 INFO:teuthology.orchestra.run.smithi029.stderr:/usr/bin/ceph:
2023-12-01T22:10:42.818+0000 7fb327cd2700 1 -- start start
2023-12-01T22:10:42.980 INFO:teuthology.orchestra.run.smithi029.stderr:/usr/bin/ceph:
2023-12-01T22:10:42.818+0000 7fb327cd2700 1 --2- >> [v2:172.21.15.29:3300/0,v1:172.21.15.29:6789/0] conn(0x7fb3200703f0 0x7fb32010a9c0 unknown :-1 s=NONE pgs=0 cs=0 l=1 rev1=0 rx=0 tx=0).connect
2023-12-01T22:10:42.980 INFO:teuthology.orchestra.run.smithi029.stderr:/usr/bin/ceph:
2023-12-01T22:10:42.818+0000 7fb327cd2700 1 -- --> [v2:172.21.15.29:3300/0,v1:172.21.15.29:6789/0] -- mon_getmap magic: 0 v1 -- 0x7fb32010aeb0 con 0x7fb3200703f0
2023-12-01T22:10:42.980 INFO:teuthology.orchestra.run.smithi029.stderr:/usr/bin/ceph:
2023-12-01T22:10:42.818+0000 7fb325a6e700 1 --2- >> [v2:172.21.15.29:3300/0,v1:172.21.15.29:6789/0] conn(0x7fb3200703f0 0x7fb32010a9c0 unknown :-1 s=BANNER_CONNECTING pgs=0 cs=0 l=1 rev1=0 rx=0 tx=0)._handle_peer_banner_payload supported=1 required=0
2023-12-01T22:10:42.980 INFO:teuthology.orchestra.run.smithi029.stderr:/usr/bin/ceph:
2023-12-01T22:10:42.818+0000 7fb325a6e700 1 --2- >> [v2:172.21.15.29:3300/0,v1:172.21.15.29:6789/0] conn(0x7fb3200703f0 0x7fb32010a9c0 unknown :-1 s=HELLO_CONNECTING pgs=0 cs=0 l=1 rev1=1 rx=0 tx=0).handle_hello peer v2:172.21.15.29:3300/0 says I am v2:172.21.15.29:49638/0 (socket says 172.21.15.29:49638)
2023-12-01T22:10:42.980 INFO:teuthology.orchestra.run.smithi029.stderr:/usr/bin/ceph:
2023-12-01T22:10:42.818+0000 7fb325a6e700 1 -- 172.21.15.29:0/3854895401 learned_addr learned my addr 172.21.15.29:0/3854895401 (peer_addr_for_me v2:172.21.15.29:0/0)
2023-12-01T22:10:42.980 INFO:teuthology.orchestra.run.smithi029.stderr:/usr/bin/ceph:
2023-12-01T22:10:42.819+0000 7fb325a6e700 1 -- 172.21.15.29:0/3854895401 --> [v2:172.21.15.29:3300/0,v1:172.21.15.29:6789/0] -- mon_subscribe({config=0+,monmap=0+}) v3 -- 0x7fb31c00b200 con 0x7fb3200703f0
2023-12-01T22:10:42.980 INFO:teuthology.orchestra.run.smithi029.stderr:/usr/bin/ceph:
2023-12-01T22:10:42.819+0000 7fb325a6e700 1 --2- 172.21.15.29:0/3854895401 >> [v2:172.21.15.29:3300/0,v1:172.21.15.29:6789/0] conn(0x7fb3200703f0 0x7fb32010a9c0 secure :-1 s=READY pgs=34 cs=0 l=1 rev1=1 rx=0x7fb31c00b190 tx=0x7fb31c006ee0).ready entity=mon.0 client_cookie=0 server_cookie=0 in_seq=0 out_seq=0
2023-12-01T22:10:42.980 INFO:teuthology.orchestra.run.smithi029.stderr:/usr/bin/ceph:
2023-12-01T22:10:42.819+0000 7fb30e7fc700 1 -- 172.21.15.29:0/3854895401 <== mon.0 v2:172.21.15.29:3300/0 1 ==== mon_map magic: 0 v1 ==== 229+0+0 (secure 0 0 0) 0x7fb31c01b410 con 0x7fb3200703f0
2023-12-01T22:10:42.981 INFO:teuthology.orchestra.run.smithi029.stderr:/usr/bin/ceph:
2023-12-01T22:10:42.819+0000 7fb30e7fc700 1 -- 172.21.15.29:0/3854895401 <== mon.0 v2:172.21.15.29:3300/0 2 ==== config(25 keys) v1 ==== 1010+0+0 (secure 0 0 0) 0x7fb31c01b9e0 con 0x7fb3200703f0
2023-12-01T22:10:42.981 INFO:teuthology.orchestra.run.smithi029.stderr:/usr/bin/ceph:
2023-12-01T22:10:42.819+0000 7fb327cd2700 1 -- 172.21.15.29:0/3854895401 --> [v2:172.21.15.29:3300/0,v1:172.21.15.29:6789/0] -- mon_subscribe({mgrmap=0+}) v3 -- 0x7fb32010b0b0 con 0x7fb3200703f0
2023-12-01T22:10:42.981 INFO:teuthology.orchestra.run.smithi029.stderr:/usr/bin/ceph:
2023-12-01T22:10:42.819+0000 7fb30e7fc700 1 -- 172.21.15.29:0/3854895401 <== mon.0 v2:172.21.15.29:3300/0 3 ==== mon_map magic: 0 v1 ==== 229+0+0 (secure 0 0 0) 0x7fb31c01a880 con 0x7fb3200703f0
2023-12-01T22:10:42.981 INFO:teuthology.orchestra.run.smithi029.stderr:/usr/bin/ceph:
2023-12-01T22:10:42.819+0000 7fb327cd2700 1 -- 172.21.15.29:0/3854895401 --> [v2:172.21.15.29:3300/0,v1:172.21.15.29:6789/0] -- mon_subscribe({osdmap=0}) v3 -- 0x7fb32010b4c0 con 0x7fb3200703f0
2023-12-01T22:10:42.981 INFO:teuthology.orchestra.run.smithi029.stderr:/usr/bin/ceph:
2023-12-01T22:10:42.820+0000 7fb30e7fc700 1 -- 172.21.15.29:0/3854895401 <== mon.0 v2:172.21.15.29:3300/0 4 ==== mgrmap(e 8) v1 ==== 36120+0+0 (secure 0 0 0) 0x7fb31c00f070 con 0x7fb3200703f0
2023-12-01T22:10:42.981 INFO:teuthology.orchestra.run.smithi029.stderr:/usr/bin/ceph:
2023-12-01T22:10:42.820+0000 7fb327cd2700 1 -- 172.21.15.29:0/3854895401 --> [v2:172.21.15.29:3300/0,v1:172.21.15.29:6789/0] -- mon_command({"prefix": "get_command_descriptions"} v 0) v1 -- 0x7fb320045ad0 con 0x7fb3200703f0
2023-12-01T22:10:42.981 INFO:teuthology.orchestra.run.smithi029.stderr:/usr/bin/ceph:
2023-12-01T22:10:42.820+0000 7fb30e7fc700 1 --2- 172.21.15.29:0/3854895401 >> [v2:172.21.15.29:6800/3122114772,v1:172.21.15.29:6801/3122114772] conn(0x7fb30802fdb0 0x7fb308032270 unknown :-1 s=NONE pgs=0 cs=0 l=1 rev1=0 rx=0 tx=0).connect
2023-12-01T22:10:42.981 INFO:teuthology.orchestra.run.smithi029.stderr:/usr/bin/ceph:
2023-12-01T22:10:42.820+0000 7fb30e7fc700 1 -- 172.21.15.29:0/3854895401 <== mon.0 v2:172.21.15.29:3300/0 5 ==== osd_map(2..2 src has 1..2) v4 ==== 926+0+0 (secure 0 0 0) 0x7fb31c0411d0 con 0x7fb3200703f0
2023-12-01T22:10:42.981 INFO:teuthology.orchestra.run.smithi029.stderr:/usr/bin/ceph:
2023-12-01T22:10:42.820+0000 7fb32526d700 1 --2- 172.21.15.29:0/3854895401 >> [v2:172.21.15.29:6800/3122114772,v1:172.21.15.29:6801/3122114772] conn(0x7fb30802fdb0 0x7fb308032270 unknown :-1 s=BANNER_CONNECTING pgs=0 cs=0 l=1 rev1=0 rx=0 tx=0)._handle_peer_banner_payload supported=1 required=0
2023-12-01T22:10:42.981 INFO:teuthology.orchestra.run.smithi029.stderr:/usr/bin/ceph:
2023-12-01T22:10:42.821+0000 7fb32526d700 1 --2- 172.21.15.29:0/3854895401 >> [v2:172.21.15.29:6800/3122114772,v1:172.21.15.29:6801/3122114772] conn(0x7fb30802fdb0 0x7fb308032270 secure :-1 s=READY pgs=7 cs=0 l=1 rev1=1 rx=0x7fb3100096a0 tx=0x7fb310006b40).ready entity=mgr.14116 client_cookie=0 server_cookie=0 in_seq=0 out_seq=0
2023-12-01T22:10:42.981 INFO:teuthology.orchestra.run.smithi029.stderr:/usr/bin/ceph:
2023-12-01T22:10:42.825+0000 7fb30e7fc700 1 -- 172.21.15.29:0/3854895401 <== mon.0 v2:172.21.15.29:3300/0 6 ==== mon_command_ack([{"prefix": "get_command_descriptions"}]=0 v0) v1 ==== 72+0+152212 (secure 0 0 0) 0x7fb31c0224f0 con 0x7fb3200703f0
2023-12-01T22:10:42.992 INFO:teuthology.orchestra.run.smithi029.stderr:/usr/bin/ceph:
2023-12-01T22:10:42.990+0000 7fb327cd2700 1 -- 172.21.15.29:0/3854895401 --> [v2:172.21.15.29:6800/3122114772,v1:172.21.15.29:6801/3122114772] -- mgr_command(tid 0: {"prefix": "cephadm set-user", "user": "root", "target": ["mon-mgr", ""]}) v1 -- 0x7fb32010bda0 con 0x7fb30802fdb0
2023-12-01T22:10:42.992 INFO:teuthology.orchestra.run.smithi029.stderr:/usr/bin/ceph:
2023-12-01T22:10:42.991+0000 7fb30e7fc700 1 -- 172.21.15.29:0/3854895401 <== mgr.14116 v2:172.21.15.29:6800/3122114772 1 ==== mgr_command_reply(tid 0: 0 ) v1 ==== 8+0+16 (secure 0 0 0) 0x7fb32010bda0 con 0x7fb30802fdb0
2023-12-01T22:10:42.992 INFO:teuthology.orchestra.run.smithi029.stderr:/usr/bin/ceph: value unchanged
2023-12-01T22:10:42.995 INFO:teuthology.orchestra.run.smithi029.stderr:/usr/bin/ceph:
2023-12-01T22:10:42.993+0000 7fb327cd2700 1 -- 172.21.15.29:0/3854895401 >> [v2:172.21.15.29:6800/3122114772,v1:172.21.15.29:6801/3122114772] conn(0x7fb30802fdb0 msgr2=0x7fb308032270 secure :-1 s=STATE_CONNECTION_ESTABLISHED l=1).mark_down
2023-12-01T22:10:42.995 INFO:teuthology.orchestra.run.smithi029.stderr:/usr/bin/ceph:
2023-12-01T22:10:42.993+0000 7fb327cd2700 1 --2- 172.21.15.29:0/3854895401 >> [v2:172.21.15.29:6800/3122114772,v1:172.21.15.29:6801/3122114772] conn(0x7fb30802fdb0 0x7fb308032270 secure :-1 s=READY pgs=7 cs=0 l=1 rev1=1 rx=0x7fb3100096a0 tx=0x7fb310006b40).stop
2023-12-01T22:10:42.995 INFO:teuthology.orchestra.run.smithi029.stderr:/usr/bin/ceph:
2023-12-01T22:10:42.993+0000 7fb327cd2700 1 -- 172.21.15.29:0/3854895401 >> [v2:172.21.15.29:3300/0,v1:172.21.15.29:6789/0] conn(0x7fb3200703f0 msgr2=0x7fb32010a9c0 secure :-1 s=STATE_CONNECTION_ESTABLISHED l=1).mark_down
2023-12-01T22:10:42.995 INFO:teuthology.orchestra.run.smithi029.stderr:/usr/bin/ceph:
2023-12-01T22:10:42.993+0000 7fb327cd2700 1 --2- 172.21.15.29:0/3854895401 >> [v2:172.21.15.29:3300/0,v1:172.21.15.29:6789/0] conn(0x7fb3200703f0 0x7fb32010a9c0 secure :-1 s=READY pgs=34 cs=0 l=1 rev1=1 rx=0x7fb31c00b190 tx=0x7fb31c006ee0).stop
2023-12-01T22:10:42.995 INFO:teuthology.orchestra.run.smithi029.stderr:/usr/bin/ceph:
2023-12-01T22:10:42.993+0000 7fb327cd2700 1 -- 172.21.15.29:0/3854895401 shutdown_connections
2023-12-01T22:10:42.995 INFO:teuthology.orchestra.run.smithi029.stderr:/usr/bin/ceph:
2023-12-01T22:10:42.993+0000 7fb327cd2700 1 --2- 172.21.15.29:0/3854895401 >> [v2:172.21.15.29:6800/3122114772,v1:172.21.15.29:6801/3122114772] conn(0x7fb30802fdb0 0x7fb308032270 unknown :-1 s=CLOSED pgs=7 cs=0 l=1 rev1=1 rx=0 tx=0).stop
2023-12-01T22:10:42.996 INFO:teuthology.orchestra.run.smithi029.stderr:/usr/bin/ceph:
