2023-12-01T22:11:14.646 INFO:teuthology.orchestra.run.smithi029.stderr:/usr/bin/ceph:
2023-12-01T22:11:14.644+0000 7f9e67e32700 1 -- 172.21.15.29:0/2898942425 >> [v2:172.21.15.29:3300/0,v1:172.21.15.29:6789/0] conn(0x7f9e600703d0 msgr2=0x7f9e6010cc10 secure :-1 s=STATE_CONNECTION_ESTABLISHED l=1).mark_down
2023-12-01T22:11:14.646 INFO:teuthology.orchestra.run.smithi029.stderr:/usr/bin/ceph:
2023-12-01T22:11:14.644+0000 7f9e67e32700 1 --2- 172.21.15.29:0/2898942425 >> [v2:172.21.15.29:3300/0,v1:172.21.15.29:6789/0] conn(0x7f9e600703d0 0x7f9e6010cc10 secure :-1 s=READY pgs=82 cs=0 l=1 rev1=1 rx=0x7f9e5c00e040 tx=0x7f9e5c006ee0).stop
2023-12-01T22:11:14.647 INFO:teuthology.orchestra.run.smithi029.stderr:/usr/bin/ceph:
2023-12-01T22:11:14.644+0000 7f9e67e32700 1 -- 172.21.15.29:0/2898942425 shutdown_connections
2023-12-01T22:11:14.647 INFO:teuthology.orchestra.run.smithi029.stderr:/usr/bin/ceph:
2023-12-01T22:11:14.644+0000 7f9e67e32700 1 --2- 172.21.15.29:0/2898942425 >> [v2:172.21.15.29:6800/3698425734,v1:172.21.15.29:6801/3698425734] conn(0x7f9e4802fdc0 0x7f9e48032280 unknown :-1 s=CLOSED pgs=6 cs=0 l=1 rev1=1 rx=0 tx=0).stop
2023-12-01T22:11:14.647 INFO:teuthology.orchestra.run.smithi029.stderr:/usr/bin/ceph:
2023-12-01T22:11:14.644+0000 7f9e67e32700 1 --2- 172.21.15.29:0/2898942425 >> [v2:172.21.15.29:3300/0,v1:172.21.15.29:6789/0] conn(0x7f9e600703d0 0x7f9e6010cc10 unknown :-1 s=CLOSED pgs=82 cs=0 l=1 rev1=1 rx=0 tx=0).stop
2023-12-01T22:11:14.647 INFO:teuthology.orchestra.run.smithi029.stderr:/usr/bin/ceph:
2023-12-01T22:11:14.644+0000 7f9e67e32700 1 -- 172.21.15.29:0/2898942425 >> 172.21.15.29:0/2898942425 conn(0x7f9e600f63c0 msgr2=0x7f9e600f7ed0 unknown :-1 s=STATE_NONE l=0).mark_down
2023-12-01T22:11:14.647 INFO:teuthology.orchestra.run.smithi029.stderr:/usr/bin/ceph:
2023-12-01T22:11:14.644+0000 7f9e67e32700 1 -- 172.21.15.29:0/2898942425 shutdown_connections
2023-12-01T22:11:14.647 INFO:teuthology.orchestra.run.smithi029.stderr:/usr/bin/ceph:
2023-12-01T22:11:14.644+0000 7f9e67e32700 1 -- 172.21.15.29:0/2898942425 wait complete.
2023-12-01T22:11:14.922 INFO:journalctl@ceph.mon.smithi029.smithi029.stdout:Dec 01 22:11:14 smithi029 ceph-5558ab6c-9096-11ee-95a2-87774f69a715-mon.smithi029[111775]: audit
2023-12-01T22:11:13.617432+0000 mgr.smithi029.loxrfu (mgr.14164) 1 : audit [DBG] from='client.14168 -' entity='client.admin' cmd=[{"prefix": "get_command_descriptions"}]: dispatch
2023-12-01T22:11:14.922 INFO:journalctl@ceph.mon.smithi029.smithi029.stdout:Dec 01 22:11:14 smithi029 ceph-5558ab6c-9096-11ee-95a2-87774f69a715-mon.smithi029[111775]: cluster
2023-12-01T22:11:13.617958+0000 mon.smithi029 (mon.0) 103 : cluster [DBG] mgrmap e15: smithi029.loxrfu(active, since 1.0555s)
2023-12-01T22:11:14.923 INFO:journalctl@ceph.mon.smithi029.smithi029.stdout:Dec 01 22:11:14 smithi029 ceph-5558ab6c-9096-11ee-95a2-87774f69a715-mon.smithi029[111775]: audit
2023-12-01T22:11:13.624518+0000 mgr.smithi029.loxrfu (mgr.14164) 2 : audit [DBG] from='client.14168 -' entity='client.admin' cmd=[{"prefix": "mgr_status"}]: dispatch
2023-12-01T22:11:14.986 INFO:teuthology.orchestra.run.smithi029.stderr:Creating initial admin user...
2023-12-01T22:11:14.987 INFO:teuthology.orchestra.run.smithi029.stderr:Running command: /bin/podman run --rm --ipc=host --no-hosts --net=host --entrypoint /usr/bin/ceph --init -e CONTAINER_IMAGE=docker.io/ceph/ceph:v16.2.4 -e NODE_NAME=smithi029 -e CEPH_USE_RANDOM_NONCE=1 -v /var/log/ceph/5558ab6c-9096-11ee-95a2-87774f69a715:/var/log/ceph:z -v /tmp/ceph-tmpou9lnrt4:/etc/ceph/ceph.client.admin.keyring:z -v /tmp/ceph-tmpxe9edifa:/etc/ceph/ceph.conf:z -v /tmp/ceph-tmp6hhe40g8:/tmp/dashboard.pw:z docker.io/ceph/ceph:v16.2.4 dashboard ac-user-create admin -i /tmp/dashboard.pw administrator --force-password --pwd-update-required
2023-12-01T22:11:15.400 INFO:teuthology.orchestra.run.smithi029.stderr:/usr/bin/ceph:
2023-12-01T22:11:15.394+0000 7f948f706700 1 Processor -- start
2023-12-01T22:11:15.400 INFO:teuthology.orchestra.run.smithi029.stderr:/usr/bin/ceph:
2023-12-01T22:11:15.394+0000 7f948f706700 1 -- start start
2023-12-01T22:11:15.400 INFO:teuthology.orchestra.run.smithi029.stderr:/usr/bin/ceph:
2023-12-01T22:11:15.394+0000 7f948f706700 1 --2- >> [v2:172.21.15.29:3300/0,v1:172.21.15.29:6789/0] conn(0x7f94880fd2b0 0x7f94880fd6d0 unknown :-1 s=NONE pgs=0 cs=0 l=0 rev1=0 rx=0 tx=0).connect
2023-12-01T22:11:15.400 INFO:teuthology.orchestra.run.smithi029.stderr:/usr/bin/ceph:
2023-12-01T22:11:15.394+0000 7f948f706700 1 -- --> [v2:172.21.15.29:3300/0,v1:172.21.15.29:6789/0] -- mon_getmap magic: 0 v1 -- 0x7f94880fdbc0 con 0x7f94880fd2b0
2023-12-01T22:11:15.400 INFO:teuthology.orchestra.run.smithi029.stderr:/usr/bin/ceph:
2023-12-01T22:11:15.394+0000 7f948d4a2700 1 --2- >> [v2:172.21.15.29:3300/0,v1:172.21.15.29:6789/0] conn(0x7f94880fd2b0 0x7f94880fd6d0 unknown :-1 s=BANNER_CONNECTING pgs=0 cs=0 l=0 rev1=0 rx=0 tx=0)._handle_peer_banner_payload supported=1 required=0
2023-12-01T22:11:15.400 INFO:teuthology.orchestra.run.smithi029.stderr:/usr/bin/ceph:
2023-12-01T22:11:15.395+0000 7f948d4a2700 1 --2- >> [v2:172.21.15.29:3300/0,v1:172.21.15.29:6789/0] conn(0x7f94880fd2b0 0x7f94880fd6d0 unknown :-1 s=HELLO_CONNECTING pgs=0 cs=0 l=0 rev1=1 rx=0 tx=0).handle_hello peer v2:172.21.15.29:3300/0 says I am v2:172.21.15.29:53330/0 (socket says 172.21.15.29:53330)
2023-12-01T22:11:15.400 INFO:teuthology.orchestra.run.smithi029.stderr:/usr/bin/ceph:
2023-12-01T22:11:15.395+0000 7f948d4a2700 1 -- 172.21.15.29:0/123021869 learned_addr learned my addr 172.21.15.29:0/123021869 (peer_addr_for_me v2:172.21.15.29:0/0)
2023-12-01T22:11:15.400 INFO:teuthology.orchestra.run.smithi029.stderr:/usr/bin/ceph:
2023-12-01T22:11:15.395+0000 7f948d4a2700 1 -- 172.21.15.29:0/123021869 --> [v2:172.21.15.29:3300/0,v1:172.21.15.29:6789/0] -- mon_subscribe({config=0+,monmap=0+}) v3 -- 0x7f94880fdd00 con 0x7f94880fd2b0
2023-12-01T22:11:15.400 INFO:teuthology.orchestra.run.smithi029.stderr:/usr/bin/ceph:
2023-12-01T22:11:15.395+0000 7f948d4a2700 1 --2- 172.21.15.29:0/123021869 >> [v2:172.21.15.29:3300/0,v1:172.21.15.29:6789/0] conn(0x7f94880fd2b0 0x7f94880fd6d0 secure :-1 s=READY pgs=83 cs=0 l=1 rev1=1 rx=0x7f948400b5f0 tx=0x7f9484006ee0).ready entity=mon.0 client_cookie=f854501eed62d6d2 server_cookie=0 in_seq=0 out_seq=0
2023-12-01T22:11:15.400 INFO:teuthology.orchestra.run.smithi029.stderr:/usr/bin/ceph:
2023-12-01T22:11:15.395+0000 7f9477fff700 1 -- 172.21.15.29:0/123021869 <== mon.0 v2:172.21.15.29:3300/0 1 ==== mon_map magic: 0 v1 ==== 229+0+0 (secure 0 0 0) 0x7f948400d600 con 0x7f94880fd2b0
2023-12-01T22:11:15.400 INFO:teuthology.orchestra.run.smithi029.stderr:/usr/bin/ceph:
2023-12-01T22:11:15.395+0000 7f9477fff700 1 -- 172.21.15.29:0/123021869 <== mon.0 v2:172.21.15.29:3300/0 2 ==== config(25 keys) v1 ==== 1010+0+0 (secure 0 0 0) 0x7f948400dbd0 con 0x7f94880fd2b0
2023-12-01T22:11:15.400 INFO:teuthology.orchestra.run.smithi029.stderr:/usr/bin/ceph:
2023-12-01T22:11:15.395+0000 7f9477fff700 1 -- 172.21.15.29:0/123021869 <== mon.0 v2:172.21.15.29:3300/0 3 ==== mon_map magic: 0 v1 ==== 229+0+0 (secure 0 0 0) 0x7f9484011c00 con 0x7f94880fd2b0
2023-12-01T22:11:15.400 INFO:teuthology.orchestra.run.smithi029.stderr:/usr/bin/ceph:
2023-12-01T22:11:15.396+0000 7f948f706700 1 -- 172.21.15.29:0/123021869 >> [v2:172.21.15.29:3300/0,v1:172.21.15.29:6789/0] conn(0x7f94880fd2b0 msgr2=0x7f94880fd6d0 secure :-1 s=STATE_CONNECTION_ESTABLISHED l=1).mark_down
2023-12-01T22:11:15.401 INFO:teuthology.orchestra.run.smithi029.stderr:/usr/bin/ceph:
2023-12-01T22:11:15.396+0000 7f948f706700 1 --2- 172.21.15.29:0/123021869 >> [v2:172.21.15.29:3300/0,v1:172.21.15.29:6789/0] conn(0x7f94880fd2b0 0x7f94880fd6d0 secure :-1 s=READY pgs=83 cs=0 l=1 rev1=1 rx=0x7f948400b5f0 tx=0x7f9484006ee0).stop
2023-12-01T22:11:15.401 INFO:teuthology.orchestra.run.smithi029.stderr:/usr/bin/ceph:
2023-12-01T22:11:15.396+0000 7f948f706700 1 -- 172.21.15.29:0/123021869 shutdown_connections
2023-12-01T22:11:15.401 INFO:teuthology.orchestra.run.smithi029.stderr:/usr/bin/ceph:
2023-12-01T22:11:15.396+0000 7f948f706700 1 --2- 172.21.15.29:0/123021869 >> [v2:172.21.15.29:3300/0,v1:172.21.15.29:6789/0] conn(0x7f94880fd2b0 0x7f94880fd6d0 unknown :-1 s=CLOSED pgs=83 cs=0 l=1 rev1=1 rx=0 tx=0).stop
2023-12-01T22:11:15.401 INFO:teuthology.orchestra.run.smithi029.stderr:/usr/bin/ceph:
2023-12-01T22:11:15.396+0000 7f948f706700 1 -- 172.21.15.29:0/123021869 >> 172.21.15.29:0/123021869 conn(0x7f94880f5b10 msgr2=0x7f94880f7f30 unknown :-1 s=STATE_NONE l=0).mark_down
2023-12-01T22:11:15.401 INFO:teuthology.orchestra.run.smithi029.stderr:/usr/bin/ceph:
2023-12-01T22:11:15.396+0000 7f948f706700 1 -- 172.21.15.29:0/123021869 shutdown_connections
2023-12-01T22:11:15.401 INFO:teuthology.orchestra.run.smithi029.stderr:/usr/bin/ceph:
2023-12-01T22:11:15.396+0000 7f948f706700 1 -- 172.21.15.29:0/123021869 wait complete.
2023-12-01T22:11:15.401 INFO:teuthology.orchestra.run.smithi029.stderr:/usr/bin/ceph:
2023-12-01T22:11:15.397+0000 7f948f706700 1 Processor -- start
2023-12-01T22:11:15.401 INFO:teuthology.orchestra.run.smithi029.stderr:/usr/bin/ceph:
2023-12-01T22:11:15.397+0000 7f948f706700 1 -- start start
2023-12-01T22:11:15.401 INFO:teuthology.orchestra.run.smithi029.stderr:/usr/bin/ceph:
2023-12-01T22:11:15.397+0000 7f948f706700 1 --2- >> [v2:172.21.15.29:3300/0,v1:172.21.15.29:6789/0] conn(0x7f94880fd2b0 0x7f948810aa40 unknown :-1 s=NONE pgs=0 cs=0 l=1 rev1=0 rx=0 tx=0).connect
2023-12-01T22:11:15.401 INFO:teuthology.orchestra.run.smithi029.stderr:/usr/bin/ceph:
2023-12-01T22:11:15.397+0000 7f948f706700 1 -- --> [v2:172.21.15.29:3300/0,v1:172.21.15.29:6789/0] -- mon_getmap magic: 0 v1 -- 0x7f948810af30 con 0x7f94880fd2b0
2023-12-01T22:11:15.401 INFO:teuthology.orchestra.run.smithi029.stderr:/usr/bin/ceph:
2023-12-01T22:11:15.397+0000 7f948d4a2700 1 --2- >> [v2:172.21.15.29:3300/0,v1:172.21.15.29:6789/0] conn(0x7f94880fd2b0 0x7f948810aa40 unknown :-1 s=BANNER_CONNECTING pgs=0 cs=0 l=1 rev1=0 rx=0 tx=0)._handle_peer_banner_payload supported=1 required=0
2023-12-01T22:11:15.401 INFO:teuthology.orchestra.run.smithi029.stderr:/usr/bin/ceph:
2023-12-01T22:11:15.397+0000 7f948d4a2700 1 --2- >> [v2:172.21.15.29:3300/0,v1:172.21.15.29:6789/0] conn(0x7f94880fd2b0 0x7f948810aa40 unknown :-1 s=HELLO_CONNECTING pgs=0 cs=0 l=1 rev1=1 rx=0 tx=0).handle_hello peer v2:172.21.15.29:3300/0 says I am v2:172.21.15.29:53338/0 (socket says 172.21.15.29:53338)
2023-12-01T22:11:15.401 INFO:teuthology.orchestra.run.smithi029.stderr:/usr/bin/ceph:
2023-12-01T22:11:15.397+0000 7f948d4a2700 1 -- 172.21.15.29:0/3363065002 learned_addr learned my addr 172.21.15.29:0/3363065002 (peer_addr_for_me v2:172.21.15.29:0/0)
2023-12-01T22:11:15.403 INFO:teuthology.orchestra.run.smithi029.stderr:/usr/bin/ceph:
2023-12-01T22:11:15.397+0000 7f948d4a2700 1 -- 172.21.15.29:0/3363065002 --> [v2:172.21.15.29:3300/0,v1:172.21.15.29:6789/0] -- mon_subscribe({config=0+,monmap=0+}) v3 -- 0x7f948400b200 con 0x7f94880fd2b0
2023-12-01T22:11:15.403 INFO:teuthology.orchestra.run.smithi029.stderr:/usr/bin/ceph:
2023-12-01T22:11:15.398+0000 7f948d4a2700 1 --2- 172.21.15.29:0/3363065002 >> [v2:172.21.15.29:3300/0,v1:172.21.15.29:6789/0] conn(0x7f94880fd2b0 0x7f948810aa40 secure :-1 s=READY pgs=84 cs=0 l=1 rev1=1 rx=0x7f9484002f40 tx=0x7f9484006ee0).ready entity=mon.0 client_cookie=0 server_cookie=0 in_seq=0 out_seq=0
2023-12-01T22:11:15.403 INFO:teuthology.orchestra.run.smithi029.stderr:/usr/bin/ceph:
2023-12-01T22:11:15.398+0000 7f9475ffb700 1 -- 172.21.15.29:0/3363065002 <== mon.0 v2:172.21.15.29:3300/0 1 ==== mon_map magic: 0 v1 ==== 229+0+0 (secure 0 0 0) 0x7f948401b410 con 0x7f94880fd2b0
2023-12-01T22:11:15.403 INFO:teuthology.orchestra.run.smithi029.stderr:/usr/bin/ceph:
2023-12-01T22:11:15.398+0000 7f9475ffb700 1 -- 172.21.15.29:0/3363065002 <== mon.0 v2:172.21.15.29:3300/0 2 ==== config(25 keys) v1 ==== 1010+0+0 (secure 0 0 0) 0x7f948401b9e0 con 0x7f94880fd2b0
2023-12-01T22:11:15.403 INFO:teuthology.orchestra.run.smithi029.stderr:/usr/bin/ceph:
2023-12-01T22:11:15.398+0000 7f948f706700 1 -- 172.21.15.29:0/3363065002 --> [v2:172.21.15.29:3300/0,v1:172.21.15.29:6789/0] -- mon_subscribe({mgrmap=0+}) v3 -- 0x7f948810b130 con 0x7f94880fd2b0
2023-12-01T22:11:15.403 INFO:teuthology.orchestra.run.smithi029.stderr:/usr/bin/ceph:
2023-12-01T22:11:15.398+0000 7f9475ffb700 1 -- 172.21.15.29:0/3363065002 <== mon.0 v2:172.21.15.29:3300/0 3 ==== mon_map magic: 0 v1 ==== 229+0+0 (secure 0 0 0) 0x7f948401a8b0 con 0x7f94880fd2b0
2023-12-01T22:11:15.403 INFO:teuthology.orchestra.run.smithi029.stderr:/usr/bin/ceph:
2023-12-01T22:11:15.398+0000 7f948f706700 1 -- 172.21.15.29:0/3363065002 --> [v2:172.21.15.29:3300/0,v1:172.21.15.29:6789/0] -- mon_subscribe({osdmap=0}) v3 -- 0x7f948810b540 con 0x7f94880fd2b0
2023-12-01T22:11:15.403 INFO:teuthology.orchestra.run.smithi029.stderr:/usr/bin/ceph:
2023-12-01T22:11:15.399+0000 7f9475ffb700 1 -- 172.21.15.29:0/3363065002 <== mon.0 v2:172.21.15.29:3300/0 4 ==== mgrmap(e 16) v1 ==== 36208+0+0 (secure 0 0 0) 0x7f948400f070 con 0x7f94880fd2b0
2023-12-01T22:11:15.403 INFO:teuthology.orchestra.run.smithi029.stderr:/usr/bin/ceph:
2023-12-01T22:11:15.399+0000 7f948f706700 1 -- 172.21.15.29:0/3363065002 --> [v2:172.21.15.29:3300/0,v1:172.21.15.29:6789/0] -- mon_command({"prefix": "get_command_descriptions"} v 0) v1 -- 0x7f9488045ad0 con 0x7f94880fd2b0
2023-12-01T22:11:15.403 INFO:teuthology.orchestra.run.smithi029.stderr:/usr/bin/ceph:
2023-12-01T22:11:15.399+0000 7f9475ffb700 1 --2- 172.21.15.29:0/3363065002 >> [v2:172.21.15.29:6800/3698425734,v1:172.21.15.29:6801/3698425734] conn(0x7f947002ff00 0x7f94700323c0 unknown :-1 s=NONE pgs=0 cs=0 l=1 rev1=0 rx=0 tx=0).connect
2023-12-01T22:11:15.403 INFO:teuthology.orchestra.run.smithi029.stderr:/usr/bin/ceph:
2023-12-01T22:11:15.399+0000 7f9475ffb700 1 -- 172.21.15.29:0/3363065002 <== mon.0 v2:172.21.15.29:3300/0 5 ==== osd_map(4..4 src has 1..4) v4 ==== 1270+0+0 (secure 0 0 0) 0x7f94840413a0 con 0x7f94880fd2b0
2023-12-01T22:11:15.403 INFO:teuthology.orchestra.run.smithi029.stderr:/usr/bin/ceph:
2023-12-01T22:11:15.400+0000 7f948cca1700 1 --2- 172.21.15.29:0/3363065002 >> [v2:172.21.15.29:6800/3698425734,v1:172.21.15.29:6801/3698425734] conn(0x7f947002ff00 0x7f94700323c0 unknown :-1 s=BANNER_CONNECTING pgs=0 cs=0 l=1 rev1=0 rx=0 tx=0)._handle_peer_banner_payload supported=1 required=0
2023-12-01T22:11:15.403 INFO:teuthology.orchestra.run.smithi029.stderr:/usr/bin/ceph:
2023-12-01T22:11:15.400+0000 7f948cca1700 1 --2- 172.21.15.29:0/3363065002 >> [v2:172.21.15.29:6800/3698425734,v1:172.21.15.29:6801/3698425734] conn(0x7f947002ff00 0x7f94700323c0 secure :-1 s=READY pgs=7 cs=0 l=1 rev1=1 rx=0x7f94780096a0 tx=0x7f9478006b40).ready entity=mgr.14164 client_cookie=0 server_cookie=0 in_seq=0 out_seq=0
2023-12-01T22:11:15.405 INFO:teuthology.orchestra.run.smithi029.stderr:/usr/bin/ceph:
2023-12-01T22:11:15.404+0000 7f9475ffb700 1 -- 172.21.15.29:0/3363065002 <== mon.0 v2:172.21.15.29:3300/0 6 ==== mon_command_ack([{"prefix": "get_command_descriptions"}]=0 v0) v1 ==== 72+0+152212 (secure 0 0 0) 0x7f9484019910 con 0x7f94880fd2b0
2023-12-01T22:11:15.589 INFO:teuthology.orchestra.run.smithi029.stderr:/usr/bin/ceph:
2023-12-01T22:11:15.587+0000 7f948f706700 1 -- 172.21.15.29:0/3363065002 --> [v2:172.21.15.29:6800/3698425734,v1:172.21.15.29:6801/3698425734] -- mgr_command(tid 0: {"prefix": "dashboard ac-user-create", "username": "admin", "rolename": "administrator", "force_password": true, "pwd_update_required": true, "target": ["mon-mgr", ""]}) v1 -- 0x7f9488058f20 con 0x7f947002ff00
2023-12-01T22:11:15.842 INFO:teuthology.orchestra.run.smithi029.stderr:/usr/bin/ceph:
2023-12-01T22:11:15.840+0000 7f9475ffb700 1 -- 172.21.15.29:0/3363065002 <== mgr.14164 v2:172.21.15.29:6800/3698425734 1 ==== mgr_command_reply(tid 0: 0 ) v1 ==== 8+0+252 (secure 0 0 0) 0x7f9488058f20 con 0x7f947002ff00
2023-12-01T22:11:15.842 INFO:teuthology.orchestra.run.smithi029.stderr:/usr/bin/ceph: {"username": "admin", "password": "$2b$12$ZqgY5nCVR/IKibppX.muXeG2os53U4BdBY463pP8KNDUQUX8LWNCW", "roles": ["administrator"], "name": null, "email": null, "lastUpdate": 1701468675, "enabled": true, "pwdExpirationDate": null, "pwdUpdateRequired": true}
2023-12-01T22:11:15.844 INFO:teuthology.orchestra.run.smithi029.stderr:/usr/bin/ceph:
2023-12-01T22:11:15.842+0000 7f948f706700 1 -- 172.21.15.29:0/3363065002 >> [v2:172.21.15.29:6800/3698425734,v1:172.21.15.29:6801/3698425734] conn(0x7f947002ff00 msgr2=0x7f94700323c0 secure :-1 s=STATE_CONNECTION_ESTABLISHED l=1).mark_down
2023-12-01T22:11:15.844 INFO:teuthology.orchestra.run.smithi029.stderr:/usr/bin/ceph:
2023-12-01T22:11:15.842+0000 7f948f706700 1 --2- 172.21.15.29:0/3363065002 >> [v2:172.21.15.29:6800/3698425734,v1:172.21.15.29:6801/3698425734] conn(0x7f947002ff00 0x7f94700323c0 secure :-1 s=READY pgs=7 cs=0 l=1 rev1=1 rx=0x7f94780096a0 tx=0x7f9478006b40).stop
2023-12-01T22:11:15.844 INFO:teuthology.orchestra.run.smithi029.stderr:/usr/bin/ceph:
2023-12-01T22:11:15.842+0000 7f948f706700 1 -- 172.21.15.29:0/3363065002 >> [v2:172.21.15.29:3300/0,v1:172.21.15.29:6789/0] conn(0x7f94880fd2b0 msgr2=0x7f948810aa40 secure :-1 s=STATE_CONNECTION_ESTABLISHED l=1).mark_down
2023-12-01T22:11:15.845 INFO:teuthology.orchestra.run.smithi029.stderr:/usr/bin/ceph:
2023-12-01T22:11:15.842+0000 7f948f706700 1 --2- 172.21.15.29:0/3363065002 >> [v2:172.21.15.29:3300/0,v1:172.21.15.29:6789/0] conn(0x7f94880fd2b0 0x7f948810aa40 secure :-1 s=READY pgs=84 cs=0 l=1 rev1=1 rx=0x7f9484002f40 tx=0x7f9484006ee0).stop
2023-12-01T22:11:15.845 INFO:teuthology.orchestra.run.smithi029.stderr:/usr/bin/ceph:
2023-12-01T22:11:15.842+0000 7f948f706700 1 -- 172.21.15.29:0/3363065002 shutdown_connections
2023-12-01T22:11:15.845 INFO:teuthology.orchestra.run.smithi029.stderr:/usr/bin/ceph:
2023-12-01T22:11:15.842+0000 7f948f706700 1 --2- 172.21.15.29:0/3363065002 >> [v2:172.21.15.29:6800/3698425734,v1:172.21.15.29:6801/3698425734] conn(0x7f947002ff00 0x7f94700323c0 unknown :-1 s=CLOSED pgs=7 cs=0 l=1 rev1=1 rx=0 tx=0).stop
2023-12-01T22:11:15.845 INFO:teuthology.orchestra.run.smithi029.stderr:/usr/bin/ceph:
2023-12-01T22:11:15.842+0000 7f948f706700 1 --2- 172.21.15.29:0/3363065002 >> [v2:172.21.15.29:3300/0,v1:172.21.15.29:6789/0] conn(0x7f94880fd2b0 0x7f948810aa40 unknown :-1 s=CLOSED pgs=84 cs=0 l=1 rev1=1 rx=0 tx=0).stop
2023-12-01T22:11:15.845 INFO:teuthology.orchestra.run.smithi029.stderr:/usr/bin/ceph:
2023-12-01T22:11:15.842+0000 7f948f706700 1 -- 172.21.15.29:0/3363065002 >> 172.21.15.29:0/3363065002 conn(0x7f94880f5b10 msgr2=0x7f94880ff330 unknown :-1 s=STATE_NONE l=0).mark_down
2023-12-01T22:11:15.845 INFO:teuthology.orchestra.run.smithi029.stderr:/usr/bin/ceph:
2023-12-01T22:11:15.843+0000 7f948f706700 1 -- 172.21.15.29:0/3363065002 shutdown_connections
2023-12-01T22:11:15.845 INFO:teuthology.orchestra.run.smithi029.stderr:/usr/bin/ceph:
2023-12-01T22:11:15.843+0000 7f948f706700 1 -- 172.21.15.29:0/3363065002 wait complete.
2023-12-01T22:11:15.873 INFO:journalctl@ceph.mon.smithi029.smithi029.stdout:Dec 01 22:11:15 smithi029 ceph-5558ab6c-9096-11ee-95a2-87774f69a715-mon.smithi029[111775]: audit
2023-12-01T22:11:14.492128+0000 mgr.smithi029.loxrfu (mgr.14164) 3 : audit [DBG] from='client.14174 -' entity='client.admin' cmd=[{"prefix": "dashboard create-self-signed-cert", "target": ["mon-mgr", ""]}]: dispatch
2023-12-01T22:11:15.873 INFO:journalctl@ceph.mon.smithi029.smithi029.stdout:Dec 01 22:11:15 smithi029 ceph-5558ab6c-9096-11ee-95a2-87774f69a715-mon.smithi029[111775]: cluster
2023-12-01T22:11:14.617836+0000 mon.smithi029 (mon.0) 104 : cluster [DBG] mgrmap e16: smithi029.loxrfu(active, since 2s)
2023-12-01T22:11:15.873 INFO:journalctl@ceph.mon.smithi029.smithi029.stdout:Dec 01 22:11:15 smithi029 ceph-5558ab6c-9096-11ee-95a2-87774f69a715-mon.smithi029[111775]: audit
2023-12-01T22:11:14.640916+0000 mon.smithi029 (mon.0) 105 : audit [INF] from='mgr.14164 172.21.15.29:0/3195927111' entity='mgr.smithi029.loxrfu'
2023-12-01T22:11:15.874 INFO:journalctl@ceph.mon.smithi029.smithi029.stdout:Dec 01 22:11:15 smithi029 ceph-5558ab6c-9096-11ee-95a2-87774f69a715-mon.smithi029[111775]: audit
2023-12-01T22:11:14.642965+0000 mon.smithi029 (mon.0) 106 : audit [INF] from='mgr.14164 172.21.15.29:0/3195927111' entity='mgr.smithi029.loxrfu'
2023-12-01T22:11:16.211 INFO:teuthology.orchestra.run.smithi029.stderr:Fetching dashboard port number...
2023-12-01T22:11:16.211 INFO:teuthology.orchestra.run.smithi029.stderr:Running command: /bin/podman run --rm --ipc=host --no-hosts --net=host --entrypoint /usr/bin/ceph --init -e CONTAINER_IMAGE=docker.io/ceph/ceph:v16.2.4 -e NODE_NAME=smithi029 -e CEPH_USE_RANDOM_NONCE=1 -v /var/log/ceph/5558ab6c-9096-11ee-95a2-87774f69a715:/var/log/ceph:z -v /tmp/ceph-tmpou9lnrt4:/etc/ceph/ceph.client.admin.keyring:z -v /tmp/ceph-tmpxe9edifa:/etc/ceph/ceph.conf:z docker.io/ceph/ceph:v16.2.4 config get mgr mgr/dashboard/ssl_server_port
2023-12-01T22:11:16.612 INFO:teuthology.orchestra.run.smithi029.stderr:/usr/bin/ceph:
2023-12-01T22:11:16.609+0000 7f3886863700 1 Processor -- start
2023-12-01T22:11:16.612 INFO:teuthology.orchestra.run.smithi029.stderr:/usr/bin/ceph:
2023-12-01T22:11:16.609+0000 7f3886863700 1 -- start start
2023-12-01T22:11:16.612 INFO:teuthology.orchestra.run.smithi029.stderr:/usr/bin/ceph:
2023-12-01T22:11:16.610+0000 7f3886863700 1 --2- >> [v2:172.21.15.29:3300/0,v1:172.21.15.29:6789/0] conn(0x7f38800703d0 0x7f38800fe940 unknown :-1 s=NONE pgs=0 cs=0 l=0 rev1=0 rx=0 tx=0).connect
2023-12-01T22:11:16.613 INFO:teuthology.orchestra.run.smithi029.stderr:/usr/bin/ceph:
2023-12-01T22:11:16.610+0000 7f3886863700 1 -- --> [v2:172.21.15.29:3300/0,v1:172.21.15.29:6789/0] -- mon_getmap magic: 0 v1 -- 0x7f38800fee30 con 0x7f38800703d0
2023-12-01T22:11:16.613 INFO:teuthology.orchestra.run.smithi029.stderr:/usr/bin/ceph:
2023-12-01T22:11:16.610+0000 7f387ffff700 1 --2- >> [v2:172.21.15.29:3300/0,v1:172.21.15.29:6789/0] conn(0x7f38800703d0 0x7f38800fe940 unknown :-1 s=BANNER_CONNECTING pgs=0 cs=0 l=0 rev1=0 rx=0 tx=0)._handle_peer_banner_payload supported=1 required=0
2023-12-01T22:11:16.613 INFO:teuthology.orchestra.run.smithi029.stderr:/usr/bin/ceph:
2023-12-01T22:11:16.610+0000 7f387ffff700 1 --2- >> [v2:172.21.15.29:3300/0,v1:172.21.15.29:6789/0] conn(0x7f38800703d0 0x7f38800fe940 unknown :-1 s=HELLO_CONNECTING pgs=0 cs=0 l=0 rev1=1 rx=0 tx=0).handle_hello peer v2:172.21.15.29:3300/0 says I am v2:172.21.15.29:53352/0 (socket says 172.21.15.29:53352)
2023-12-01T22:11:16.613 INFO:teuthology.orchestra.run.smithi029.stderr:/usr/bin/ceph:
2023-12-01T22:11:16.610+0000 7f387ffff700 1 -- 172.21.15.29:0/52030701 learned_addr learned my addr 172.21.15.29:0/52030701 (peer_addr_for_me v2:172.21.15.29:0/0)
2023-12-01T22:11:16.613 INFO:teuthology.orchestra.run.smithi029.stderr:/usr/bin/ceph:
2023-12-01T22:11:16.610+0000 7f387ffff700 1 -- 172.21.15.29:0/52030701 --> [v2:172.21.15.29:3300/0,v1:172.21.15.29:6789/0] -- mon_subscribe({config=0+,monmap=0+}) v3 -- 0x7f38800fef70 con 0x7f38800703d0
2023-12-01T22:11:16.613 INFO:teuthology.orchestra.run.smithi029.stderr:/usr/bin/ceph:
2023-12-01T22:11:16.610+0000 7f387ffff700 1 --2- 172.21.15.29:0/52030701 >> [v2:172.21.15.29:3300/0,v1:172.21.15.29:6789/0] conn(0x7f38800703d0 0x7f38800fe940 secure :-1 s=READY pgs=85 cs=0 l=1 rev1=1 rx=0x7f386800b5f0 tx=0x7f3868006ee0).ready entity=mon.0 client_cookie=bd3644e076f199ab server_cookie=0 in_seq=0 out_seq=0
2023-12-01T22:11:16.615 INFO:teuthology.orchestra.run.smithi029.stderr:/usr/bin/ceph:
2023-12-01T22:11:16.610+0000 7f387effd700 1 -- 172.21.15.29:0/52030701 <== mon.0 v2:172.21.15.29:3300/0 1 ==== mon_map magic: 0 v1 ==== 229+0+0 (secure 0 0 0) 0x7f386800d600 con 0x7f38800703d0
2023-12-01T22:11:16.616 INFO:teuthology.orchestra.run.smithi029.stderr:/usr/bin/ceph:
2023-12-01T22:11:16.611+0000 7f387effd700 1 -- 172.21.15.29:0/52030701 <== mon.0 v2:172.21.15.29:3300/0 2 ==== config(25 keys) v1 ==== 1010+0+0 (secure 0 0 0) 0x7f386800dbd0 con 0x7f38800703d0
2023-12-01T22:11:16.616 INFO:teuthology.orchestra.run.smithi029.stderr:/usr/bin/ceph:
2023-12-01T22:11:16.611+0000 7f387effd700 1 -- 172.21.15.29:0/52030701 <== mon.0 v2:172.21.15.29:3300/0 3 ==== mon_map magic: 0 v1 ==== 229+0+0 (secure 0 0 0) 0x7f3868011c00 con 0x7f38800703d0
2023-12-01T22:11:16.616 INFO:teuthology.orchestra.run.smithi029.stderr:/usr/bin/ceph:
2023-12-01T22:11:16.611+0000 7f3886863700 1 -- 172.21.15.29:0/52030701 >> [v2:172.21.15.29:3300/0,v1:172.21.15.29:6789/0] conn(0x7f38800703d0 msgr2=0x7f38800fe940 secure :-1 s=STATE_CONNECTION_ESTABLISHED l=1).mark_down
2023-12-01T22:11:16.616 INFO:teuthology.orchestra.run.smithi029.stderr:/usr/bin/ceph:
2023-12-01T22:11:16.611+0000 7f3886863700 1 --2- 172.21.15.29:0/52030701 >> [v2:172.21.15.29:3300/0,v1:172.21.15.29:6789/0] conn(0x7f38800703d0 0x7f38800fe940 secure :-1 s=READY pgs=85 cs=0 l=1 rev1=1 rx=0x7f386800b5f0 tx=0x7f3868006ee0).stop
2023-12-01T22:11:16.616 INFO:teuthology.orchestra.run.smithi029.stderr:/usr/bin/ceph:
2023-12-01T22:11:16.611+0000 7f3886863700 1 -- 172.21.15.29:0/52030701 shutdown_connections
2023-12-01T22:11:16.616 INFO:teuthology.orchestra.run.smithi029.stderr:/usr/bin/ceph:
2023-12-01T22:11:16.611+0000 7f3886863700 1 --2- 172.21.15.29:0/52030701 >> [v2:172.21.15.29:3300/0,v1:172.21.15.29:6789/0] conn(0x7f38800703d0 0x7f38800fe940 unknown :-1 s=CLOSED pgs=85 cs=0 l=1 rev1=1 rx=0 tx=0).stop
2023-12-01T22:11:16.616 INFO:teuthology.orchestra.run.smithi029.stderr:/usr/bin/ceph:
2023-12-01T22:11:16.611+0000 7f3886863700 1 -- 172.21.15.29:0/52030701 >> 172.21.15.29:0/52030701 conn(0x7f38800f63c0 msgr2=0x7f38800f87e0 unknown :-1 s=STATE_NONE l=0).mark_down
2023-12-01T22:11:16.616 INFO:teuthology.orchestra.run.smithi029.stderr:/usr/bin/ceph:
2023-12-01T22:11:16.611+0000 7f3886863700 1 -- 172.21.15.29:0/52030701 shutdown_connections
2023-12-01T22:11:16.616 INFO:teuthology.orchestra.run.smithi029.stderr:/usr/bin/ceph:
2023-12-01T22:11:16.611+0000 7f3886863700 1 -- 172.21.15.29:0/52030701 wait complete.
2023-12-01T22:11:16.616 INFO:teuthology.orchestra.run.smithi029.stderr:/usr/bin/ceph:
2023-12-01T22:11:16.612+0000 7f3886863700 1 Processor -- start
2023-12-01T22:11:16.616 INFO:teuthology.orchestra.run.smithi029.stderr:/usr/bin/ceph:
2023-12-01T22:11:16.612+0000 7f3886863700 1 -- start start
2023-12-01T22:11:16.616 INFO:teuthology.orchestra.run.smithi029.stderr:/usr/bin/ceph:
2023-12-01T22:11:16.612+0000 7f3886863700 1 --2- >> [v2:172.21.15.29:3300/0,v1:172.21.15.29:6789/0] conn(0x7f38800703d0 0x7f388010cbf0 unknown :-1 s=NONE pgs=0 cs=0 l=1 rev1=0 rx=0 tx=0).connect
2023-12-01T22:11:16.616 INFO:teuthology.orchestra.run.smithi029.stderr:/usr/bin/ceph:
2023-12-01T22:11:16.612+0000 7f3886863700 1 -- --> [v2:172.21.15.29:3300/0,v1:172.21.15.29:6789/0] -- mon_getmap magic: 0 v1 -- 0x7f388010d0e0 con 0x7f38800703d0
2023-12-01T22:11:16.617 INFO:teuthology.orchestra.run.smithi029.stderr:/usr/bin/ceph:
2023-12-01T22:11:16.612+0000 7f387ffff700 1 --2- >> [v2:172.21.15.29:3300/0,v1:172.21.15.29:6789/0] conn(0x7f38800703d0 0x7f388010cbf0 unknown :-1 s=BANNER_CONNECTING pgs=0 cs=0 l=1 rev1=0 rx=0 tx=0)._handle_peer_banner_payload supported=1 required=0
2023-12-01T22:11:16.617 INFO:teuthology.orchestra.run.smithi029.stderr:/usr/bin/ceph:
2023-12-01T22:11:16.613+0000 7f387ffff700 1 --2- >> [v2:172.21.15.29:3300/0,v1:172.21.15.29:6789/0] conn(0x7f38800703d0 0x7f388010cbf0 unknown :-1 s=HELLO_CONNECTING pgs=0 cs=0 l=1 rev1=1 rx=0 tx=0).handle_hello peer v2:172.21.15.29:3300/0 says I am v2:172.21.15.29:53360/0 (socket says 172.21.15.29:53360)
2023-12-01T22:11:16.617 INFO:teuthology.orchestra.run.smithi029.stderr:/usr/bin/ceph:
2023-12-01T22:11:16.613+0000 7f387ffff700 1 -- 172.21.15.29:0/2323422245 learned_addr learned my addr 172.21.15.29:0/2323422245 (peer_addr_for_me v2:172.21.15.29:0/0)
2023-12-01T22:11:16.617 INFO:teuthology.orchestra.run.smithi029.stderr:/usr/bin/ceph:
2023-12-01T22:11:16.613+0000 7f387ffff700 1 -- 172.21.15.29:0/2323422245 --> [v2:172.21.15.29:3300/0,v1:172.21.15.29:6789/0] -- mon_subscribe({config=0+,monmap=0+}) v3 -- 0x7f386800b200 con 0x7f38800703d0
2023-12-01T22:11:16.617 INFO:teuthology.orchestra.run.smithi029.stderr:/usr/bin/ceph:
2023-12-01T22:11:16.613+0000 7f387ffff700 1 --2- 172.21.15.29:0/2323422245 >> [v2:172.21.15.29:3300/0,v1:172.21.15.29:6789/0] conn(0x7f38800703d0 0x7f388010cbf0 secure :-1 s=READY pgs=86 cs=0 l=1 rev1=1 rx=0x7f386800b190 tx=0x7f3868006ee0).ready entity=mon.0 client_cookie=0 server_cookie=0 in_seq=0 out_seq=0
2023-12-01T22:11:16.617 INFO:teuthology.orchestra.run.smithi029.stderr:/usr/bin/ceph:
2023-12-01T22:11:16.613+0000 7f387cff9700 1 -- 172.21.15.29:0/2323422245 <== mon.0 v2:172.21.15.29:3300/0 1 ==== mon_map magic: 0 v1 ==== 229+0+0 (secure 0 0 0) 0x7f386801b410 con 0x7f38800703d0
2023-12-01T22:11:16.617 INFO:teuthology.orchestra.run.smithi029.stderr:/usr/bin/ceph:
2023-12-01T22:11:16.613+0000 7f387cff9700 1 -- 172.21.15.29:0/2323422245 <== mon.0 v2:172.21.15.29:3300/0 2 ==== config(25 keys) v1 ==== 1010+0+0 (secure 0 0 0) 0x7f386801b9e0 con 0x7f38800703d0
2023-12-01T22:11:16.617 INFO:teuthology.orchestra.run.smithi029.stderr:/usr/bin/ceph:
2023-12-01T22:11:16.613+0000 7f3886863700 1 -- 172.21.15.29:0/2323422245 --> [v2:172.21.15.29:3300/0,v1:172.21.15.29:6789/0] -- mon_subscribe({mgrmap=0+}) v3 -- 0x7f388010d2e0 con 0x7f38800703d0
2023-12-01T22:11:16.617 INFO:teuthology.orchestra.run.smithi029.stderr:/usr/bin/ceph:
2023-12-01T22:11:16.613+0000 7f387cff9700 1 -- 172.21.15.29:0/2323422245 <== mon.0 v2:172.21.15.29:3300/0 3 ==== mon_map magic: 0 v1 ==== 229+0+0 (secure 0 0 0) 0x7f386801a880 con 0x7f38800703d0
2023-12-01T22:11:16.617 INFO:teuthology.orchestra.run.smithi029.stderr:/usr/bin/ceph:
2023-12-01T22:11:16.613+0000 7f3886863700 1 -- 172.21.15.29:0/2323422245 --> [v2:172.21.15.29:3300/0,v1:172.21.15.29:6789/0] -- mon_subscribe({osdmap=0}) v3 -- 0x7f388010d6f0 con 0x7f38800703d0
2023-12-01T22:11:16.617 INFO:teuthology.orchestra.run.smithi029.stderr:/usr/bin/ceph:
2023-12-01T22:11:16.614+0000 7f387cff9700 1 -- 172.21.15.29:0/2323422245 <== mon.0 v2:172.21.15.29:3300/0 4 ==== mgrmap(e 16) v1 ==== 36208+0+0 (secure 0 0 0) 0x7f386800f070 con 0x7f38800703d0
2023-12-01T22:11:16.618 INFO:teuthology.orchestra.run.smithi029.stderr:/usr/bin/ceph:
2023-12-01T22:11:16.614+0000 7f387cff9700 1 --2- 172.21.15.29:0/2323422245 >> [v2:172.21.15.29:6800/3698425734,v1:172.21.15.29:6801/3698425734] conn(0x7f386002ff00 0x7f38600323c0 unknown :-1 s=NONE pgs=0 cs=0 l=1 rev1=0 rx=0 tx=0).connect
2023-12-01T22:11:16.618 INFO:teuthology.orchestra.run.smithi029.stderr:/usr/bin/ceph:
2023-12-01T22:11:16.614+0000 7f3886863700 1 -- 172.21.15.29:0/2323422245 --> [v2:172.21.15.29:3300/0,v1:172.21.15.29:6789/0] -- mon_command({"prefix": "get_command_descriptions"} v 0) v1 -- 0x7f3880045ad0 con 0x7f38800703d0
2023-12-01T22:11:16.618 INFO:teuthology.orchestra.run.smithi029.stderr:/usr/bin/ceph:
2023-12-01T22:11:16.614+0000 7f387cff9700 1 -- 172.21.15.29:0/2323422245 <== mon.0 v2:172.21.15.29:3300/0 5 ==== osd_map(4..4 src has 1..4) v4 ==== 1270+0+0 (secure 0 0 0) 0x7f3868041500 con 0x7f38800703d0
2023-12-01T22:11:16.618 INFO:teuthology.orchestra.run.smithi029.stderr:/usr/bin/ceph:
2023-12-01T22:11:16.614+0000 7f387f7fe700 1 --2- 172.21.15.29:0/2323422245 >> [v2:172.21.15.29:6800/3698425734,v1:172.21.15.29:6801/3698425734] conn(0x7f386002ff00 0x7f38600323c0 unknown :-1 s=BANNER_CONNECTING pgs=0 cs=0 l=1 rev1=0 rx=0 tx=0)._handle_peer_banner_payload supported=1 required=0
2023-12-01T22:11:16.618 INFO:teuthology.orchestra.run.smithi029.stderr:/usr/bin/ceph:
2023-12-01T22:11:16.615+0000 7f387f7fe700 1 --2- 172.21.15.29:0/2323422245 >> [v2:172.21.15.29:6800/3698425734,v1:172.21.15.29:6801/3698425734] conn(0x7f386002ff00 0x7f38600323c0 secure :-1 s=READY pgs=8 cs=0 l=1 rev1=1 rx=0x7f38700096a0 tx=0x7f3870006b40).ready entity=mgr.14164 client_cookie=0 server_cookie=0 in_seq=0 out_seq=0
2023-12-01T22:11:16.620 INFO:teuthology.orchestra.run.smithi029.stderr:/usr/bin/ceph:
2023-12-01T22:11:16.619+0000 7f387cff9700 1 -- 172.21.15.29:0/2323422245 <== mon.0 v2:172.21.15.29:3300/0 6 ==== mon_command_ack([{"prefix": "get_command_descriptions"}]=0 v0) v1 ==== 72+0+152212 (secure 0 0 0) 0x7f3868022af0 con 0x7f38800703d0
2023-12-01T22:11:16.786 INFO:teuthology.orchestra.run.smithi029.stderr:/usr/bin/ceph:
2023-12-01T22:11:16.783+0000 7f3886863700 1 -- 172.21.15.29:0/2323422245 --> [v2:172.21.15.29:3300/0,v1:172.21.15.29:6789/0] -- mon_command({"prefix": "config get", "who": "mgr", "key": "mgr/dashboard/ssl_server_port"} v 0) v1 -- 0x7f38800ffb90 con 0x7f38800703d0
2023-12-01T22:11:16.786 INFO:teuthology.orchestra.run.smithi029.stderr:/usr/bin/ceph:
2023-12-01T22:11:16.784+0000 7f387cff9700 1 -- 172.21.15.29:0/2323422245 <== mon.0 v2:172.21.15.29:3300/0 7 ==== mon_command_ack([{"prefix": "config get", "who": "mgr", "key": "mgr/dashboard/ssl_server_port"}]=0 v9) v1 ==== 112+0+5 (secure 0 0 0) 0x7f3868016070 con 0x7f38800703d0
2023-12-01T22:11:16.786 INFO:teuthology.orchestra.run.smithi029.stderr:/usr/bin/ceph: 8443
2023-12-01T22:11:16.788 INFO:teuthology.orchestra.run.smithi029.stderr:/usr/bin/ceph:
2023-12-01T22:11:16.785+0000 7f3886863700 1 -- 172.21.15.29:0/2323422245 >> [v2:172.21.15.29:6800/3698425734,v1:172.21.15.29:6801/3698425734] conn(0x7f386002ff00 msgr2=0x7f38600323c0 secure :-1 s=STATE_CONNECTION_ESTABLISHED l=1).mark_down
2023-12-01T22:11:16.788 INFO:teuthology.orchestra.run.smithi029.stderr:/usr/bin/ceph:
2023-12-01T22:11:16.785+0000 7f3886863700 1 --2- 172.21.15.29:0/2323422245 >> [v2:172.21.15.29:6800/3698425734,v1:172.21.15.29:6801/3698425734] conn(0x7f386002ff00 0x7f38600323c0 secure :-1 s=READY pgs=8 cs=0 l=1 rev1=1 rx=0x7f38700096a0 tx=0x7f3870006b40).stop
2023-12-01T22:11:16.788 INFO:teuthology.orchestra.run.smithi029.stderr:/usr/bin/ceph:
2023-12-01T22:11:16.786+0000 7f3886863700 1 -- 172.21.15.29:0/2323422245 >> [v2:172.21.15.29:3300/0,v1:172.21.15.29:6789/0] conn(0x7f38800703d0 msgr2=0x7f388010cbf0 secure :-1 s=STATE_CONNECTION_ESTABLISHED l=1).mark_down
2023-12-01T22:11:16.788 INFO:teuthology.orchestra.run.smithi029.stderr:/usr/bin/ceph:
2023-12-01T22:11:16.786+0000 7f3886863700 1 --2- 172.21.15.29:0/2323422245 >> [v2:172.21.15.29:3300/0,v1:172.21.15.29:6789/0] conn(0x7f38800703d0 0x7f388010cbf0 secure :-1 s=READY pgs=86 cs=0 l=1 rev1=1 rx=0x7f386800b190 tx=0x7f3868006ee0).stop
2023-12-01T22:11:16.788 INFO:teuthology.orchestra.run.smithi029.stderr:/usr/bin/ceph:
2023-12-01T22:11:16.786+0000 7f3886863700 1 -- 172.21.15.29:0/2323422245 shutdown_connections
2023-12-01T22:11:16.788 INFO:teuthology.orchestra.run.smithi029.stderr:/usr/bin/ceph:
2023-12-01T22:11:16.786+0000 7f3886863700 1 --2- 172.21.15.29:0/2323422245 >> [v2:172.21.15.29:6800/3698425734,v1:172.21.15.29:6801/3698425734] conn(0x7f386002ff00 0x7f38600323c0 unknown :-1 s=CLOSED pgs=8 cs=0 l=1 rev1=1 rx=0 tx=0).stop
2023-12-01T22:11:16.788 INFO:teuthology.orchestra.run.smithi029.stderr:/usr/bin/ceph:
2023-12-01T22:11:16.786+0000 7f3886863700 1 --2- 172.21.15.29:0/2323422245 >> [v2:172.21.15.29:3300/0,v1:172.21.15.29:6789/0] conn(0x7f38800703d0 0x7f388010cbf0 unknown :-1 s=CLOSED pgs=86 cs=0 l=1 rev1=1 rx=0 tx=0).stop
2023-12-01T22:11:16.788 INFO:teuthology.orchestra.run.smithi029.stderr:/usr/bin/ceph:
2023-12-01T22:11:16.786+0000 7f3886863700 1 -- 172.21.15.29:0/2323422245 >> 172.21.15.29:0/2323422245 conn(0x7f38800f63c0 msgr2=0x7f38800f7e40 unknown :-1 s=STATE_NONE l=0).mark_down
2023-12-01T22:11:16.789 INFO:teuthology.orchestra.run.smithi029.stderr:/usr/bin/ceph:
2023-12-01T22:11:16.787+0000 7f3886863700 1 -- 172.21.15.29:0/2323422245 shutdown_connections
2023-12-01T22:11:16.789 INFO:teuthology.orchestra.run.smithi029.stderr:/usr/bin/ceph:
2023-12-01T22:11:16.787+0000 7f3886863700 1 -- 172.21.15.29:0/2323422245 wait complete.
2023-12-01T22:11:17.072 INFO:journalctl@ceph.mon.smithi029.smithi029.stdout:Dec 01 22:11:16 smithi029 ceph-5558ab6c-9096-11ee-95a2-87774f69a715-mon.smithi029[111775]: audit
2023-12-01T22:11:15.589396+0000 mgr.smithi029.loxrfu (mgr.14164) 4 : audit [DBG] from='client.14176 -' entity='client.admin' cmd=[{"prefix": "dashboard ac-user-create", "username": "admin", "rolename": "administrator", "force_password": true, "pwd_update_required": true, "target": ["mon-mgr", ""]}]: dispatch
2023-12-01T22:11:17.072 INFO:journalctl@ceph.mon.smithi029.smithi029.stdout:Dec 01 22:11:16 smithi029 ceph-5558ab6c-9096-11ee-95a2-87774f69a715-mon.smithi029[111775]: audit
2023-12-01T22:11:15.840859+0000 mon.smithi029 (mon.0) 107 : audit [INF] from='mgr.14164 172.21.15.29:0/3195927111' entity='mgr.smithi029.loxrfu'
2023-12-01T22:11:17.073 INFO:journalctl@ceph.mon.smithi029.smithi029.stdout:Dec 01 22:11:16 smithi029 ceph-5558ab6c-9096-11ee-95a2-87774f69a715-mon.smithi029[111775]: audit
2023-12-01T22:11:16.785127+0000 mon.smithi029 (mon.0) 108 : audit [DBG] from='client.? 172.21.15.29:0/2323422245' entity='client.admin' cmd=[{"prefix": "config get", "who": "mgr", "key": "mgr/dashboard/ssl_server_port"}]: dispatch
2023-12-01T22:11:17.136 INFO:teuthology.orchestra.run.smithi029.stderr:Running command: systemctl is-enabled firewalld.service
2023-12-01T22:11:17.147 INFO:teuthology.orchestra.run.smithi029.stderr:systemctl: disabled
2023-12-01T22:11:17.148 INFO:teuthology.orchestra.run.smithi029.stderr:Running command: systemctl is-active firewalld.service
2023-12-01T22:11:17.157 INFO:teuthology.orchestra.run.smithi029.stderr:systemctl: inactive
2023-12-01T22:11:17.157 INFO:teuthology.orchestra.run.smithi029.stderr:firewalld.service is not enabled
2023-12-01T22:11:17.157 INFO:teuthology.orchestra.run.smithi029.stderr:Not possible to open ports <[8443]>. firewalld.service is not available
2023-12-01T22:11:17.161 INFO:teuthology.orchestra.run.smithi029.stderr:Ceph Dashboard is now available at:
2023-12-01T22:11:17.161 INFO:teuthology.orchestra.run.smithi029.stderr:
2023-12-01T22:11:17.161 INFO:teuthology.orchestra.run.smithi029.stderr: URL: https://smithi029.front.sepia.ceph.com:8443/
2023-12-01T22:11:17.161 INFO:teuthology.orchestra.run.smithi029.stderr: User: admin
2023-12-01T22:11:17.161 INFO:teuthology.orchestra.run.smithi029.stderr: Password: z2nj3nhbgi
2023-12-01T22:11:17.161 INFO:teuthology.orchestra.run.smithi029.stderr:
2023-12-01T22:11:17.162 INFO:teuthology.orchestra.run.smithi029.stderr:You can access the Ceph CLI with:
2023-12-01T22:11:17.162 INFO:teuthology.orchestra.run.smithi029.stderr:
2023-12-01T22:11:17.162 INFO:teuthology.orchestra.run.smithi029.stderr: sudo /home/ubuntu/cephtest/cephadm shell --fsid 5558ab6c-9096-11ee-95a2-87774f69a715 -c /etc/ceph/ceph.conf -k /etc/ceph/ceph.client.admin.keyring
2023-12-01T22:11:17.162 INFO:teuthology.orchestra.run.smithi029.stderr:
2023-12-01T22:11:17.162 INFO:teuthology.orchestra.run.smithi029.stderr:Please consider enabling telemetry to help improve Ceph:
2023-12-01T22:11:17.162 INFO:teuthology.orchestra.run.smithi029.stderr:
2023-12-01T22:11:17.162 INFO:teuthology.orchestra.run.smithi029.stderr: ceph telemetry on
2023-12-01T22:11:17.162 INFO:teuthology.orchestra.run.smithi029.stderr:
2023-12-01T22:11:17.162 INFO:teuthology.orchestra.run.smithi029.stderr:For more information see:
2023-12-01T22:11:17.162 INFO:teuthology.orchestra.run.smithi029.stderr:
2023-12-01T22:11:17.163 INFO:teuthology.orchestra.run.smithi029.stderr: https://docs.ceph.com/docs/pacific/mgr/telemetry/
2023-12-01T22:11:17.163 INFO:teuthology.orchestra.run.smithi029.stderr:
2023-12-01T22:11:17.163 INFO:teuthology.orchestra.run.smithi029.stderr:Bootstrap complete.
2023-12-01T22:11:17.163 INFO:teuthology.orchestra.run.smithi029.stderr:Releasing lock 140445701048808 on /run/cephadm/5558ab6c-9096-11ee-95a2-87774f69a715.lock
2023-12-01T22:11:17.163 INFO:teuthology.orchestra.run.smithi029.stderr:Lock 140445701048808 released on /run/cephadm/5558ab6c-9096-11ee-95a2-87774f69a715.lock
2023-12-01T22:11:17.202 INFO:tasks.cephadm:Fetching config...
2023-12-01T22:11:17.203 DEBUG:teuthology.orchestra.run.smithi029:> set -ex
2023-12-01T22:11:17.203 DEBUG:teuthology.orchestra.run.smithi029:> dd if=/etc/ceph/ceph.conf of=/dev/stdout
2023-12-01T22:11:17.265 INFO:tasks.cephadm:Fetching client.admin keyring...
2023-12-01T22:11:17.265 DEBUG:teuthology.orchestra.run.smithi029:> set -ex
2023-12-01T22:11:17.265 DEBUG:teuthology.orchestra.run.smithi029:> dd if=/etc/ceph/ceph.client.admin.keyring of=/dev/stdout
2023-12-01T22:11:17.328 INFO:tasks.cephadm:Fetching mon keyring...
2023-12-01T22:11:17.329 DEBUG:teuthology.orchestra.run.smithi029:> set -ex
2023-12-01T22:11:17.329 DEBUG:teuthology.orchestra.run.smithi029:> sudo dd if=/var/lib/ceph/5558ab6c-9096-11ee-95a2-87774f69a715/mon.smithi029/keyring of=/dev/stdout
2023-12-01T22:11:17.404 INFO:tasks.cephadm:Fetching pub ssh key...
2023-12-01T22:11:17.405 DEBUG:teuthology.orchestra.run.smithi029:> set -ex
2023-12-01T22:11:17.405 DEBUG:teuthology.orchestra.run.smithi029:> dd if=/home/ubuntu/cephtest/ceph.pub of=/dev/stdout
2023-12-01T22:11:17.467 INFO:tasks.cephadm:Installing pub ssh key for root users...
2023-12-01T22:11:17.468 DEBUG:teuthology.orchestra.run.smithi029:> sudo install -d -m 0700 /root/.ssh && echo 'ssh-rsa AAAAB3NzaC1yc2EAAAADAQABAAABgQDGfrW1MXb6ua3LhHOmlc1sD/DX4/0YK/khj7Z6/nnegRYI0nWfxKFNguc9/TKDAr9QM7A2NH4gmyTorc7ZSq1KjPv8XwgTaRdEZSFA6/H0YOViA511F3V3/irIotSuZS4xJi2kSV8pzLdPQfOUPBJ4SAw9/3JLYZtnInMI3AhDxiXDPcpDICSpyoqCsxjwwPa/n8KXTZdaPmc0L56Dfeh6Uu9Vztx+uQFt3U3RwI75U7ev3y3a3Pa0/uDw1QRj6RR8+BjL5xwOAWXPAnxp9JlHNUwi1iWolVDycAaN1jn5UOvxrVdcMR8BfB0a84WWFb/XHJxVXIiipuJG1szevgcB9F1VJGO0OEua9ZuNCVs7EtScuM0E81wFuy2GDSwCqqxw+JmEr3KS8vyYXXJ1nHJ3xZ3OZqF9VwZQ3uNe5HfS0Xg+WwfUkmDJRS6ZOWSbcO6LuNANncEfXKoT1ZxPutNOxsl3IUtoZWVgPdTxOrfNTCKh8iA7ax1QvcbJnydJeRk= ceph-5558ab6c-9096-11ee-95a2-87774f69a715' | sudo tee -a /root/.ssh/authorized_keys && sudo chmod 0600 /root/.ssh/authorized_keys
2023-12-01T22:11:17.553 INFO:teuthology.orchestra.run.smithi029.stdout:ssh-rsa AAAAB3NzaC1yc2EAAAADAQABAAABgQDGfrW1MXb6ua3LhHOmlc1sD/DX4/0YK/khj7Z6/nnegRYI0nWfxKFNguc9/TKDAr9QM7A2NH4gmyTorc7ZSq1KjPv8XwgTaRdEZSFA6/H0YOViA511F3V3/irIotSuZS4xJi2kSV8pzLdPQfOUPBJ4SAw9/3JLYZtnInMI3AhDxiXDPcpDICSpyoqCsxjwwPa/n8KXTZdaPmc0L56Dfeh6Uu9Vztx+uQFt3U3RwI75U7ev3y3a3Pa0/uDw1QRj6RR8+BjL5xwOAWXPAnxp9JlHNUwi1iWolVDycAaN1jn5UOvxrVdcMR8BfB0a84WWFb/XHJxVXIiipuJG1szevgcB9F1VJGO0OEua9ZuNCVs7EtScuM0E81wFuy2GDSwCqqxw+JmEr3KS8vyYXXJ1nHJ3xZ3OZqF9VwZQ3uNe5HfS0Xg+WwfUkmDJRS6ZOWSbcO6LuNANncEfXKoT1ZxPutNOxsl3IUtoZWVgPdTxOrfNTCKh8iA7ax1QvcbJnydJeRk= ceph-5558ab6c-9096-11ee-95a2-87774f69a715
2023-12-01T22:11:17.566 DEBUG:teuthology.orchestra.run.smithi073:> sudo install -d -m 0700 /root/.ssh && echo 'ssh-rsa AAAAB3NzaC1yc2EAAAADAQABAAABgQDGfrW1MXb6ua3LhHOmlc1sD/DX4/0YK/khj7Z6/nnegRYI0nWfxKFNguc9/TKDAr9QM7A2NH4gmyTorc7ZSq1KjPv8XwgTaRdEZSFA6/H0YOViA511F3V3/irIotSuZS4xJi2kSV8pzLdPQfOUPBJ4SAw9/3JLYZtnInMI3AhDxiXDPcpDICSpyoqCsxjwwPa/n8KXTZdaPmc0L56Dfeh6Uu9Vztx+uQFt3U3RwI75U7ev3y3a3Pa0/uDw1QRj6RR8+BjL5xwOAWXPAnxp9JlHNUwi1iWolVDycAaN1jn5UOvxrVdcMR8BfB0a84WWFb/XHJxVXIiipuJG1szevgcB9F1VJGO0OEua9ZuNCVs7EtScuM0E81wFuy2GDSwCqqxw+JmEr3KS8vyYXXJ1nHJ3xZ3OZqF9VwZQ3uNe5HfS0Xg+WwfUkmDJRS6ZOWSbcO6LuNANncEfXKoT1ZxPutNOxsl3IUtoZWVgPdTxOrfNTCKh8iA7ax1QvcbJnydJeRk= ceph-5558ab6c-9096-11ee-95a2-87774f69a715' | sudo tee -a /root/.ssh/authorized_keys && sudo chmod 0600 /root/.ssh/authorized_keys
2023-12-01T22:11:17.613 INFO:teuthology.orchestra.run.smithi073.stdout:ssh-rsa AAAAB3NzaC1yc2EAAAADAQABAAABgQDGfrW1MXb6ua3LhHOmlc1sD/DX4/0YK/khj7Z6/nnegRYI0nWfxKFNguc9/TKDAr9QM7A2NH4gmyTorc7ZSq1KjPv8XwgTaRdEZSFA6/H0YOViA511F3V3/irIotSuZS4xJi2kSV8pzLdPQfOUPBJ4SAw9/3JLYZtnInMI3AhDxiXDPcpDICSpyoqCsxjwwPa/n8KXTZdaPmc0L56Dfeh6Uu9Vztx+uQFt3U3RwI75U7ev3y3a3Pa0/uDw1QRj6RR8+BjL5xwOAWXPAnxp9JlHNUwi1iWolVDycAaN1jn5UOvxrVdcMR8BfB0a84WWFb/XHJxVXIiipuJG1szevgcB9F1VJGO0OEua9ZuNCVs7EtScuM0E81wFuy2GDSwCqqxw+JmEr3KS8vyYXXJ1nHJ3xZ3OZqF9VwZQ3uNe5HfS0Xg+WwfUkmDJRS6ZOWSbcO6LuNANncEfXKoT1ZxPutNOxsl3IUtoZWVgPdTxOrfNTCKh8iA7ax1QvcbJnydJeRk= ceph-5558ab6c-9096-11ee-95a2-87774f69a715
2023-12-01T22:11:17.625 DEBUG:teuthology.orchestra.run.smithi029:> sudo /home/ubuntu/cephtest/cephadm --image docker.io/ceph/ceph:v16.2.4 shell -c /etc/ceph/ceph.conf -k /etc/ceph/ceph.client.admin.keyring --fsid 5558ab6c-9096-11ee-95a2-87774f69a715 -- ceph config set mgr mgr/cephadm/allow_ptrace true
2023-12-01T22:11:19.347 INFO:teuthology.orchestra.run.smithi029.stderr:2023-12-01T22:11:19.344+0000 7f395c538700 1 -- 172.21.15.29:0/3374153987 >> [v2:172.21.15.29:3300/0,v1:172.21.15.29:6789/0] conn(0x7f39540f6510 msgr2=0x7f39540f6930 secure :-1 s=STATE_CONNECTION_ESTABLISHED l=1).mark_down
2023-12-01T22:11:19.348 INFO:teuthology.orchestra.run.smithi029.stderr:2023-12-01T22:11:19.344+0000 7f395c538700 1 --2- 172.21.15.29:0/3374153987 >> [v2:172.21.15.29:3300/0,v1:172.21.15.29:6789/0] conn(0x7f39540f6510 0x7f39540f6930 secure :-1 s=READY pgs=87 cs=0 l=1 rev1=1 rx=0x7f3948009fb0 tx=0x7f3948009b30).stop
2023-12-01T22:11:19.348 INFO:teuthology.orchestra.run.smithi029.stderr:2023-12-01T22:11:19.344+0000 7f395c538700 1 -- 172.21.15.29:0/3374153987 shutdown_connections
2023-12-01T22:11:19.348 INFO:teuthology.orchestra.run.smithi029.stderr:2023-12-01T22:11:19.344+0000 7f395c538700 1 --2- 172.21.15.29:0/3374153987 >> [v2:172.21.15.29:3300/0,v1:172.21.15.29:6789/0] conn(0x7f39540f6510 0x7f39540f6930 unknown :-1 s=CLOSED pgs=87 cs=0 l=1 rev1=1 rx=0 tx=0).stop
2023-12-01T22:11:19.348 INFO:teuthology.orchestra.run.smithi029.stderr:2023-12-01T22:11:19.344+0000 7f395c538700 1 -- 172.21.15.29:0/3374153987 >> 172.21.15.29:0/3374153987 conn(0x7f39540f1c70 msgr2=0x7f39540f4090 unknown :-1 s=STATE_NONE l=0).mark_down
2023-12-01T22:11:19.348 INFO:teuthology.orchestra.run.smithi029.stderr:2023-12-01T22:11:19.344+0000 7f395c538700 1 -- 172.21.15.29:0/3374153987 shutdown_connections
2023-12-01T22:11:19.348 INFO:teuthology.orchestra.run.smithi029.stderr:2023-12-01T22:11:19.344+0000 7f395c538700 1 -- 172.21.15.29:0/3374153987 wait complete.
2023-12-01T22:11:19.348 INFO:teuthology.orchestra.run.smithi029.stderr:2023-12-01T22:11:19.345+0000 7f395c538700 1 Processor -- start
2023-12-01T22:11:19.348 INFO:teuthology.orchestra.run.smithi029.stderr:2023-12-01T22:11:19.345+0000 7f395c538700 1 -- start start
2023-12-01T22:11:19.348 INFO:teuthology.orchestra.run.smithi029.stderr:2023-12-01T22:11:19.345+0000 7f395c538700 1 --2- >> [v2:172.21.15.29:3300/0,v1:172.21.15.29:6789/0] conn(0x7f39540f6510 0x7f395406b9a0 unknown :-1 s=NONE pgs=0 cs=0 l=1 rev1=0 rx=0 tx=0).connect
2023-12-01T22:11:19.348 INFO:teuthology.orchestra.run.smithi029.stderr:2023-12-01T22:11:19.345+0000 7f395c538700 1 -- --> [v2:172.21.15.29:3300/0,v1:172.21.15.29:6789/0] -- mon_getmap magic: 0 v1 -- 0x7f3954069e20 con 0x7f39540f6510
2023-12-01T22:11:19.348 INFO:teuthology.orchestra.run.smithi029.stderr:2023-12-01T22:11:19.345+0000 7f395a2d4700 1 --2- >> [v2:172.21.15.29:3300/0,v1:172.21.15.29:6789/0] conn(0x7f39540f6510 0x7f395406b9a0 unknown :-1 s=BANNER_CONNECTING pgs=0 cs=0 l=1 rev1=0 rx=0 tx=0)._handle_peer_banner_payload supported=1 required=0
2023-12-01T22:11:19.348 INFO:teuthology.orchestra.run.smithi029.stderr:2023-12-01T22:11:19.345+0000 7f395a2d4700 1 --2- >> [v2:172.21.15.29:3300/0,v1:172.21.15.29:6789/0] conn(0x7f39540f6510 0x7f395406b9a0 unknown :-1 s=HELLO_CONNECTING pgs=0 cs=0 l=1 rev1=1 rx=0 tx=0).handle_hello peer v2:172.21.15.29:3300/0 says I am v2:172.21.15.29:53388/0 (socket says 172.21.15.29:53388)
2023-12-01T22:11:19.348 INFO:teuthology.orchestra.run.smithi029.stderr:2023-12-01T22:11:19.345+0000 7f395a2d4700 1 -- 172.21.15.29:0/2086452843 learned_addr learned my addr 172.21.15.29:0/2086452843 (peer_addr_for_me v2:172.21.15.29:0/0)
2023-12-01T22:11:19.349 INFO:teuthology.orchestra.run.smithi029.stderr:2023-12-01T22:11:19.346+0000 7f395a2d4700 1 -- 172.21.15.29:0/2086452843 --> [v2:172.21.15.29:3300/0,v1:172.21.15.29:6789/0] -- mon_subscribe({config=0+,monmap=0+}) v3 -- 0x7f3948005040 con 0x7f39540f6510
2023-12-01T22:11:19.349 INFO:teuthology.orchestra.run.smithi029.stderr:2023-12-01T22:11:19.346+0000 7f395a2d4700 1 --2- 172.21.15.29:0/2086452843 >> [v2:172.21.15.29:3300/0,v1:172.21.15.29:6789/0] conn(0x7f39540f6510 0x7f395406b9a0 secure :-1 s=READY pgs=88 cs=0 l=1 rev1=1 rx=0x7f3948004dd0 tx=0x7f394800b040).ready entity=mon.0 client_cookie=0 server_cookie=0 in_seq=0 out_seq=0
2023-12-01T22:11:19.349 INFO:teuthology.orchestra.run.smithi029.stderr:2023-12-01T22:11:19.346+0000 7f3946ffd700 1 -- 172.21.15.29:0/2086452843 <== mon.0 v2:172.21.15.29:3300/0 1 ==== mon_map magic: 0 v1 ==== 229+0+0 (secure 0 0 0) 0x7f3948009320 con 0x7f39540f6510
2023-12-01T22:11:19.349 INFO:teuthology.orchestra.run.smithi029.stderr:2023-12-01T22:11:19.346+0000 7f3946ffd700 1 -- 172.21.15.29:0/2086452843 <== mon.0 v2:172.21.15.29:3300/0 2 ==== config(25 keys) v1 ==== 1010+0+0 (secure 0 0 0) 0x7f3948013680 con 0x7f39540f6510
2023-12-01T22:11:19.349 INFO:teuthology.orchestra.run.smithi029.stderr:2023-12-01T22:11:19.346+0000 7f395c538700 1 -- 172.21.15.29:0/2086452843 --> [v2:172.21.15.29:3300/0,v1:172.21.15.29:6789/0] -- mon_subscribe({mgrmap=0+}) v3 -- 0x7f3954069fc0 con 0x7f39540f6510
2023-12-01T22:11:19.349 INFO:teuthology.orchestra.run.smithi029.stderr:2023-12-01T22:11:19.346+0000 7f3946ffd700 1 -- 172.21.15.29:0/2086452843 <== mon.0 v2:172.21.15.29:3300/0 3 ==== mon_map magic: 0 v1 ==== 229+0+0 (secure 0 0 0) 0x7f394801ecb0 con 0x7f39540f6510
2023-12-01T22:11:19.349 INFO:teuthology.orchestra.run.smithi029.stderr:2023-12-01T22:11:19.346+0000 7f395c538700 1 -- 172.21.15.29:0/2086452843 --> [v2:172.21.15.29:3300/0,v1:172.21.15.29:6789/0] -- mon_subscribe({osdmap=0}) v3 -- 0x7f395406a450 con 0x7f39540f6510
2023-12-01T22:11:19.350 INFO:teuthology.orchestra.run.smithi029.stderr:2023-12-01T22:11:19.347+0000 7f3946ffd700 1 -- 172.21.15.29:0/2086452843 <== mon.0 v2:172.21.15.29:3300/0 4 ==== mgrmap(e 17) v1 ==== 36269+0+0 (secure 0 0 0) 0x7f394801e420 con 0x7f39540f6510
