2023-12-01T22:11:04.796+0000 7ffa268ea700 1 -- start start
2023-12-01T22:11:04.800 INFO:teuthology.orchestra.run.smithi029.stderr:/usr/bin/ceph:
2023-12-01T22:11:04.796+0000 7ffa268ea700 1 --2- >> [v2:172.21.15.29:3300/0,v1:172.21.15.29:6789/0] conn(0x7ffa200fd2a0 0x7ffa2010cc00 unknown :-1 s=NONE pgs=0 cs=0 l=1 rev1=0 rx=0 tx=0).connect
2023-12-01T22:11:04.801 INFO:teuthology.orchestra.run.smithi029.stderr:/usr/bin/ceph:
2023-12-01T22:11:04.796+0000 7ffa268ea700 1 -- --> [v2:172.21.15.29:3300/0,v1:172.21.15.29:6789/0] -- mon_getmap magic: 0 v1 -- 0x7ffa2010d0f0 con 0x7ffa200fd2a0
2023-12-01T22:11:04.801 INFO:teuthology.orchestra.run.smithi029.stderr:/usr/bin/ceph:
2023-12-01T22:11:04.796+0000 7ffa1ffff700 1 --2- >> [v2:172.21.15.29:3300/0,v1:172.21.15.29:6789/0] conn(0x7ffa200fd2a0 0x7ffa2010cc00 unknown :-1 s=BANNER_CONNECTING pgs=0 cs=0 l=1 rev1=0 rx=0 tx=0)._handle_peer_banner_payload supported=1 required=0
2023-12-01T22:11:04.801 INFO:teuthology.orchestra.run.smithi029.stderr:/usr/bin/ceph:
2023-12-01T22:11:04.797+0000 7ffa1ffff700 1 --2- >> [v2:172.21.15.29:3300/0,v1:172.21.15.29:6789/0] conn(0x7ffa200fd2a0 0x7ffa2010cc00 unknown :-1 s=HELLO_CONNECTING pgs=0 cs=0 l=1 rev1=1 rx=0 tx=0).handle_hello peer v2:172.21.15.29:3300/0 says I am v2:172.21.15.29:57132/0 (socket says 172.21.15.29:57132)
2023-12-01T22:11:04.801 INFO:teuthology.orchestra.run.smithi029.stderr:/usr/bin/ceph:
2023-12-01T22:11:04.797+0000 7ffa1ffff700 1 -- 172.21.15.29:0/1888741339 learned_addr learned my addr 172.21.15.29:0/1888741339 (peer_addr_for_me v2:172.21.15.29:0/0)
2023-12-01T22:11:04.801 INFO:teuthology.orchestra.run.smithi029.stderr:/usr/bin/ceph:
2023-12-01T22:11:04.797+0000 7ffa1ffff700 1 -- 172.21.15.29:0/1888741339 --> [v2:172.21.15.29:3300/0,v1:172.21.15.29:6789/0] -- mon_subscribe({config=0+,monmap=0+}) v3 -- 0x7ffa1000b200 con 0x7ffa200fd2a0
2023-12-01T22:11:04.801 INFO:teuthology.orchestra.run.smithi029.stderr:/usr/bin/ceph:
2023-12-01T22:11:04.797+0000 7ffa1ffff700 1 --2- 172.21.15.29:0/1888741339 >> [v2:172.21.15.29:3300/0,v1:172.21.15.29:6789/0] conn(0x7ffa200fd2a0 0x7ffa2010cc00 secure :-1 s=READY pgs=65 cs=0 l=1 rev1=1 rx=0x7ffa10002f40 tx=0x7ffa10006ee0).ready entity=mon.0 client_cookie=0 server_cookie=0 in_seq=0 out_seq=0
2023-12-01T22:11:04.801 INFO:teuthology.orchestra.run.smithi029.stderr:/usr/bin/ceph:
2023-12-01T22:11:04.797+0000 7ffa1cff9700 1 -- 172.21.15.29:0/1888741339 <== mon.0 v2:172.21.15.29:3300/0 1 ==== mon_map magic: 0 v1 ==== 229+0+0 (secure 0 0 0) 0x7ffa1001b410 con 0x7ffa200fd2a0
2023-12-01T22:11:04.801 INFO:teuthology.orchestra.run.smithi029.stderr:/usr/bin/ceph:
2023-12-01T22:11:04.797+0000 7ffa1cff9700 1 -- 172.21.15.29:0/1888741339 <== mon.0 v2:172.21.15.29:3300/0 2 ==== config(25 keys) v1 ==== 1010+0+0 (secure 0 0 0) 0x7ffa1001b9e0 con 0x7ffa200fd2a0
2023-12-01T22:11:04.801 INFO:teuthology.orchestra.run.smithi029.stderr:/usr/bin/ceph:
2023-12-01T22:11:04.797+0000 7ffa268ea700 1 -- 172.21.15.29:0/1888741339 --> [v2:172.21.15.29:3300/0,v1:172.21.15.29:6789/0] -- mon_subscribe({mgrmap=0+}) v3 -- 0x7ffa2010d2f0 con 0x7ffa200fd2a0
2023-12-01T22:11:04.802 INFO:teuthology.orchestra.run.smithi029.stderr:/usr/bin/ceph:
2023-12-01T22:11:04.797+0000 7ffa1cff9700 1 -- 172.21.15.29:0/1888741339 <== mon.0 v2:172.21.15.29:3300/0 3 ==== mon_map magic: 0 v1 ==== 229+0+0 (secure 0 0 0) 0x7ffa1001a8b0 con 0x7ffa200fd2a0
2023-12-01T22:11:04.802 INFO:teuthology.orchestra.run.smithi029.stderr:/usr/bin/ceph:
2023-12-01T22:11:04.797+0000 7ffa268ea700 1 -- 172.21.15.29:0/1888741339 --> [v2:172.21.15.29:3300/0,v1:172.21.15.29:6789/0] -- mon_subscribe({osdmap=0}) v3 -- 0x7ffa2010d700 con 0x7ffa200fd2a0
2023-12-01T22:11:04.802 INFO:teuthology.orchestra.run.smithi029.stderr:/usr/bin/ceph:
2023-12-01T22:11:04.798+0000 7ffa1cff9700 1 -- 172.21.15.29:0/1888741339 <== mon.0 v2:172.21.15.29:3300/0 4 ==== mgrmap(e 12) v1 ==== 36195+0+0 (secure 0 0 0) 0x7ffa1000f070 con 0x7ffa200fd2a0
2023-12-01T22:11:04.802 INFO:teuthology.orchestra.run.smithi029.stderr:/usr/bin/ceph:
2023-12-01T22:11:04.798+0000 7ffa1cff9700 1 --2- 172.21.15.29:0/1888741339 >> [v2:172.21.15.29:6800/1129362254,v1:172.21.15.29:6801/1129362254] conn(0x7ffa0002fe60 0x7ffa00032320 unknown :-1 s=NONE pgs=0 cs=0 l=1 rev1=0 rx=0 tx=0).connect
2023-12-01T22:11:04.802 INFO:teuthology.orchestra.run.smithi029.stderr:/usr/bin/ceph:
2023-12-01T22:11:04.798+0000 7ffa1cff9700 1 -- 172.21.15.29:0/1888741339 <== mon.0 v2:172.21.15.29:3300/0 5 ==== osd_map(3..3 src has 1..3) v4 ==== 1098+0+0 (secure 0 0 0) 0x7ffa10041490 con 0x7ffa200fd2a0
2023-12-01T22:11:04.802 INFO:teuthology.orchestra.run.smithi029.stderr:/usr/bin/ceph:
2023-12-01T22:11:04.798+0000 7ffa268ea700 1 -- 172.21.15.29:0/1888741339 --> [v2:172.21.15.29:3300/0,v1:172.21.15.29:6789/0] -- mon_command({"prefix": "get_command_descriptions"} v 0) v1 -- 0x7ffa20045ad0 con 0x7ffa200fd2a0
2023-12-01T22:11:04.802 INFO:teuthology.orchestra.run.smithi029.stderr:/usr/bin/ceph:
2023-12-01T22:11:04.798+0000 7ffa1f7fe700 1 --2- 172.21.15.29:0/1888741339 >> [v2:172.21.15.29:6800/1129362254,v1:172.21.15.29:6801/1129362254] conn(0x7ffa0002fe60 0x7ffa00032320 unknown :-1 s=BANNER_CONNECTING pgs=0 cs=0 l=1 rev1=0 rx=0 tx=0)._handle_peer_banner_payload supported=1 required=0
2023-12-01T22:11:04.802 INFO:teuthology.orchestra.run.smithi029.stderr:/usr/bin/ceph:
2023-12-01T22:11:04.799+0000 7ffa1f7fe700 1 --2- 172.21.15.29:0/1888741339 >> [v2:172.21.15.29:6800/1129362254,v1:172.21.15.29:6801/1129362254] conn(0x7ffa0002fe60 0x7ffa00032320 secure :-1 s=READY pgs=9 cs=0 l=1 rev1=1 rx=0x7ffa080096a0 tx=0x7ffa08006b40).ready entity=mgr.14144 client_cookie=0 server_cookie=0 in_seq=0 out_seq=0
2023-12-01T22:11:04.804 INFO:teuthology.orchestra.run.smithi029.stderr:/usr/bin/ceph:
2023-12-01T22:11:04.803+0000 7ffa1cff9700 1 -- 172.21.15.29:0/1888741339 <== mon.0 v2:172.21.15.29:3300/0 6 ==== mon_command_ack([{"prefix": "get_command_descriptions"}]=0 v0) v1 ==== 72+0+152212 (secure 0 0 0) 0x7ffa10016070 con 0x7ffa200fd2a0
2023-12-01T22:11:04.974 INFO:teuthology.orchestra.run.smithi029.stderr:/usr/bin/ceph:
2023-12-01T22:11:04.972+0000 7ffa268ea700 1 -- 172.21.15.29:0/1888741339 --> [v2:172.21.15.29:3300/0,v1:172.21.15.29:6789/0] -- mon_command([{prefix=config set, name=mgr/cephadm/container_init}] v 0) v1 -- 0x7ffa200fa7c0 con 0x7ffa200fd2a0
2023-12-01T22:11:04.976 INFO:teuthology.orchestra.run.smithi029.stderr:/usr/bin/ceph:
2023-12-01T22:11:04.975+0000 7ffa1cff9700 1 -- 172.21.15.29:0/1888741339 <== mon.0 v2:172.21.15.29:3300/0 7 ==== mon_command_ack([{prefix=config set, name=mgr/cephadm/container_init}]=0 v8)=0 v8) v1 ==== 142+0+0 (secure 0 0 0) 0x7ffa10022e80 con 0x7ffa200fd2a0
2023-12-01T22:11:04.979 INFO:teuthology.orchestra.run.smithi029.stderr:/usr/bin/ceph:
2023-12-01T22:11:04.976+0000 7ffa268ea700 1 -- 172.21.15.29:0/1888741339 >> [v2:172.21.15.29:6800/1129362254,v1:172.21.15.29:6801/1129362254] conn(0x7ffa0002fe60 msgr2=0x7ffa00032320 secure :-1 s=STATE_CONNECTION_ESTABLISHED l=1).mark_down
2023-12-01T22:11:04.979 INFO:teuthology.orchestra.run.smithi029.stderr:/usr/bin/ceph:
2023-12-01T22:11:04.976+0000 7ffa268ea700 1 --2- 172.21.15.29:0/1888741339 >> [v2:172.21.15.29:6800/1129362254,v1:172.21.15.29:6801/1129362254] conn(0x7ffa0002fe60 0x7ffa00032320 secure :-1 s=READY pgs=9 cs=0 l=1 rev1=1 rx=0x7ffa080096a0 tx=0x7ffa08006b40).stop
2023-12-01T22:11:04.979 INFO:teuthology.orchestra.run.smithi029.stderr:/usr/bin/ceph:
2023-12-01T22:11:04.977+0000 7ffa268ea700 1 -- 172.21.15.29:0/1888741339 >> [v2:172.21.15.29:3300/0,v1:172.21.15.29:6789/0] conn(0x7ffa200fd2a0 msgr2=0x7ffa2010cc00 secure :-1 s=STATE_CONNECTION_ESTABLISHED l=1).mark_down
2023-12-01T22:11:04.979 INFO:teuthology.orchestra.run.smithi029.stderr:/usr/bin/ceph:
2023-12-01T22:11:04.977+0000 7ffa268ea700 1 --2- 172.21.15.29:0/1888741339 >> [v2:172.21.15.29:3300/0,v1:172.21.15.29:6789/0] conn(0x7ffa200fd2a0 0x7ffa2010cc00 secure :-1 s=READY pgs=65 cs=0 l=1 rev1=1 rx=0x7ffa10002f40 tx=0x7ffa10006ee0).stop
2023-12-01T22:11:04.979 INFO:teuthology.orchestra.run.smithi029.stderr:/usr/bin/ceph:
2023-12-01T22:11:04.977+0000 7ffa268ea700 1 -- 172.21.15.29:0/1888741339 shutdown_connections
2023-12-01T22:11:04.979 INFO:teuthology.orchestra.run.smithi029.stderr:/usr/bin/ceph:
2023-12-01T22:11:04.977+0000 7ffa268ea700 1 --2- 172.21.15.29:0/1888741339 >> [v2:172.21.15.29:6800/1129362254,v1:172.21.15.29:6801/1129362254] conn(0x7ffa0002fe60 0x7ffa00032320 unknown :-1 s=CLOSED pgs=9 cs=0 l=1 rev1=1 rx=0 tx=0).stop
2023-12-01T22:11:04.980 INFO:teuthology.orchestra.run.smithi029.stderr:/usr/bin/ceph:
2023-12-01T22:11:04.977+0000 7ffa268ea700 1 --2- 172.21.15.29:0/1888741339 >> [v2:172.21.15.29:3300/0,v1:172.21.15.29:6789/0] conn(0x7ffa200fd2a0 0x7ffa2010cc00 unknown :-1 s=CLOSED pgs=65 cs=0 l=1 rev1=1 rx=0 tx=0).stop
2023-12-01T22:11:04.980 INFO:teuthology.orchestra.run.smithi029.stderr:/usr/bin/ceph:
2023-12-01T22:11:04.977+0000 7ffa268ea700 1 -- 172.21.15.29:0/1888741339 >> 172.21.15.29:0/1888741339 conn(0x7ffa200f5b40 msgr2=0x7ffa200faf20 unknown :-1 s=STATE_NONE l=0).mark_down
2023-12-01T22:11:04.980 INFO:teuthology.orchestra.run.smithi029.stderr:/usr/bin/ceph:
2023-12-01T22:11:04.978+0000 7ffa268ea700 1 -- 172.21.15.29:0/1888741339 shutdown_connections
2023-12-01T22:11:04.980 INFO:teuthology.orchestra.run.smithi029.stderr:/usr/bin/ceph:
2023-12-01T22:11:04.978+0000 7ffa268ea700 1 -- 172.21.15.29:0/1888741339 wait complete.
2023-12-01T22:11:05.257 INFO:journalctl@ceph.mon.smithi029.smithi029.stdout:Dec 01 22:11:05 smithi029 ceph-5558ab6c-9096-11ee-95a2-87774f69a715-mon.smithi029[111775]: audit
2023-12-01T22:11:04.065977+0000 mgr.smithi029.loxrfu (mgr.14144) 7 : audit [DBG] from='client.14156 -' entity='client.admin' cmd=[{"prefix": "orch apply", "service_type": "alertmanager", "target": ["mon-mgr", ""]}]: dispatch
2023-12-01T22:11:05.257 INFO:journalctl@ceph.mon.smithi029.smithi029.stdout:Dec 01 22:11:05 smithi029 ceph-5558ab6c-9096-11ee-95a2-87774f69a715-mon.smithi029[111775]: cephadm
2023-12-01T22:11:04.066611+0000 mgr.smithi029.loxrfu (mgr.14144) 8 : cephadm [INF] Saving service alertmanager spec with placement count:1
2023-12-01T22:11:05.257 INFO:journalctl@ceph.mon.smithi029.smithi029.stdout:Dec 01 22:11:05 smithi029 ceph-5558ab6c-9096-11ee-95a2-87774f69a715-mon.smithi029[111775]: audit
2023-12-01T22:11:04.976146+0000 mon.smithi029 (mon.0) 83 : audit [INF] from='client.? 172.21.15.29:0/1888741339' entity='client.admin'
2023-12-01T22:11:05.329 INFO:teuthology.orchestra.run.smithi029.stderr:Running command: /bin/podman run --rm --ipc=host --no-hosts --net=host --entrypoint /usr/bin/ceph --init -e CONTAINER_IMAGE=docker.io/ceph/ceph:v16.2.4 -e NODE_NAME=smithi029 -e CEPH_USE_RANDOM_NONCE=1 -v /var/log/ceph/5558ab6c-9096-11ee-95a2-87774f69a715:/var/log/ceph:z -v /tmp/ceph-tmpou9lnrt4:/etc/ceph/ceph.client.admin.keyring:z -v /tmp/ceph-tmpxe9edifa:/etc/ceph/ceph.conf:z docker.io/ceph/ceph:v16.2.4 config set mgr mgr/dashboard/ssl_server_port 8443
2023-12-01T22:11:05.705 INFO:teuthology.orchestra.run.smithi029.stderr:/usr/bin/ceph:
2023-12-01T22:11:05.702+0000 7fdb50ad4700 1 Processor -- start
2023-12-01T22:11:05.705 INFO:teuthology.orchestra.run.smithi029.stderr:/usr/bin/ceph:
2023-12-01T22:11:05.702+0000 7fdb50ad4700 1 -- start start
2023-12-01T22:11:05.705 INFO:teuthology.orchestra.run.smithi029.stderr:/usr/bin/ceph:
2023-12-01T22:11:05.702+0000 7fdb50ad4700 1 --2- >> [v2:172.21.15.29:3300/0,v1:172.21.15.29:6789/0] conn(0x7fdb4c0fc130 0x7fdb4c0fc550 unknown :-1 s=NONE pgs=0 cs=0 l=0 rev1=0 rx=0 tx=0).connect
2023-12-01T22:11:05.705 INFO:teuthology.orchestra.run.smithi029.stderr:/usr/bin/ceph:
2023-12-01T22:11:05.702+0000 7fdb50ad4700 1 -- --> [v2:172.21.15.29:3300/0,v1:172.21.15.29:6789/0] -- mon_getmap magic: 0 v1 -- 0x7fdb4c0fca40 con 0x7fdb4c0fc130
2023-12-01T22:11:05.705 INFO:teuthology.orchestra.run.smithi029.stderr:/usr/bin/ceph:
2023-12-01T22:11:05.703+0000 7fdb4b7fe700 1 --2- >> [v2:172.21.15.29:3300/0,v1:172.21.15.29:6789/0] conn(0x7fdb4c0fc130 0x7fdb4c0fc550 unknown :-1 s=BANNER_CONNECTING pgs=0 cs=0 l=0 rev1=0 rx=0 tx=0)._handle_peer_banner_payload supported=1 required=0
2023-12-01T22:11:05.705 INFO:teuthology.orchestra.run.smithi029.stderr:/usr/bin/ceph:
2023-12-01T22:11:05.703+0000 7fdb4b7fe700 1 --2- >> [v2:172.21.15.29:3300/0,v1:172.21.15.29:6789/0] conn(0x7fdb4c0fc130 0x7fdb4c0fc550 unknown :-1 s=HELLO_CONNECTING pgs=0 cs=0 l=0 rev1=1 rx=0 tx=0).handle_hello peer v2:172.21.15.29:3300/0 says I am v2:172.21.15.29:57140/0 (socket says 172.21.15.29:57140)
2023-12-01T22:11:05.705 INFO:teuthology.orchestra.run.smithi029.stderr:/usr/bin/ceph:
2023-12-01T22:11:05.703+0000 7fdb4b7fe700 1 -- 172.21.15.29:0/2542926199 learned_addr learned my addr 172.21.15.29:0/2542926199 (peer_addr_for_me v2:172.21.15.29:0/0)
2023-12-01T22:11:05.706 INFO:teuthology.orchestra.run.smithi029.stderr:/usr/bin/ceph:
2023-12-01T22:11:05.703+0000 7fdb4b7fe700 1 -- 172.21.15.29:0/2542926199 --> [v2:172.21.15.29:3300/0,v1:172.21.15.29:6789/0] -- mon_subscribe({config=0+,monmap=0+}) v3 -- 0x7fdb4c0fcb80 con 0x7fdb4c0fc130
2023-12-01T22:11:05.707 INFO:teuthology.orchestra.run.smithi029.stderr:/usr/bin/ceph:
2023-12-01T22:11:05.703+0000 7fdb4b7fe700 1 --2- 172.21.15.29:0/2542926199 >> [v2:172.21.15.29:3300/0,v1:172.21.15.29:6789/0] conn(0x7fdb4c0fc130 0x7fdb4c0fc550 secure :-1 s=READY pgs=66 cs=0 l=1 rev1=1 rx=0x7fdb3c00b5f0 tx=0x7fdb3c006ee0).ready entity=mon.0 client_cookie=8906dbe01e8186d9 server_cookie=0 in_seq=0 out_seq=0
2023-12-01T22:11:05.707 INFO:teuthology.orchestra.run.smithi029.stderr:/usr/bin/ceph:
2023-12-01T22:11:05.703+0000 7fdb4a7fc700 1 -- 172.21.15.29:0/2542926199 <== mon.0 v2:172.21.15.29:3300/0 1 ==== mon_map magic: 0 v1 ==== 229+0+0 (secure 0 0 0) 0x7fdb3c00d600 con 0x7fdb4c0fc130
2023-12-01T22:11:05.707 INFO:teuthology.orchestra.run.smithi029.stderr:/usr/bin/ceph:
2023-12-01T22:11:05.703+0000 7fdb4a7fc700 1 -- 172.21.15.29:0/2542926199 <== mon.0 v2:172.21.15.29:3300/0 2 ==== config(25 keys) v1 ==== 1010+0+0 (secure 0 0 0) 0x7fdb3c00dbd0 con 0x7fdb4c0fc130
2023-12-01T22:11:05.707 INFO:teuthology.orchestra.run.smithi029.stderr:/usr/bin/ceph:
2023-12-01T22:11:05.703+0000 7fdb4a7fc700 1 -- 172.21.15.29:0/2542926199 <== mon.0 v2:172.21.15.29:3300/0 3 ==== mon_map magic: 0 v1 ==== 229+0+0 (secure 0 0 0) 0x7fdb3c011c00 con 0x7fdb4c0fc130
2023-12-01T22:11:05.707 INFO:teuthology.orchestra.run.smithi029.stderr:/usr/bin/ceph:
2023-12-01T22:11:05.704+0000 7fdb50ad4700 1 -- 172.21.15.29:0/2542926199 >> [v2:172.21.15.29:3300/0,v1:172.21.15.29:6789/0] conn(0x7fdb4c0fc130 msgr2=0x7fdb4c0fc550 secure :-1 s=STATE_CONNECTION_ESTABLISHED l=1).mark_down
2023-12-01T22:11:05.707 INFO:teuthology.orchestra.run.smithi029.stderr:/usr/bin/ceph:
2023-12-01T22:11:05.704+0000 7fdb50ad4700 1 --2- 172.21.15.29:0/2542926199 >> [v2:172.21.15.29:3300/0,v1:172.21.15.29:6789/0] conn(0x7fdb4c0fc130 0x7fdb4c0fc550 secure :-1 s=READY pgs=66 cs=0 l=1 rev1=1 rx=0x7fdb3c00b5f0 tx=0x7fdb3c006ee0).stop
2023-12-01T22:11:05.707 INFO:teuthology.orchestra.run.smithi029.stderr:/usr/bin/ceph:
2023-12-01T22:11:05.704+0000 7fdb50ad4700 1 -- 172.21.15.29:0/2542926199 shutdown_connections
2023-12-01T22:11:05.708 INFO:teuthology.orchestra.run.smithi029.stderr:/usr/bin/ceph:
2023-12-01T22:11:05.704+0000 7fdb50ad4700 1 --2- 172.21.15.29:0/2542926199 >> [v2:172.21.15.29:3300/0,v1:172.21.15.29:6789/0] conn(0x7fdb4c0fc130 0x7fdb4c0fc550 unknown :-1 s=CLOSED pgs=66 cs=0 l=1 rev1=1 rx=0 tx=0).stop
2023-12-01T22:11:05.708 INFO:teuthology.orchestra.run.smithi029.stderr:/usr/bin/ceph:
2023-12-01T22:11:05.704+0000 7fdb50ad4700 1 -- 172.21.15.29:0/2542926199 >> 172.21.15.29:0/2542926199 conn(0x7fdb4c0f59a0 msgr2=0x7fdb4c0f7dc0 unknown :-1 s=STATE_NONE l=0).mark_down
2023-12-01T22:11:05.708 INFO:teuthology.orchestra.run.smithi029.stderr:/usr/bin/ceph:
2023-12-01T22:11:05.704+0000 7fdb50ad4700 1 -- 172.21.15.29:0/2542926199 shutdown_connections
2023-12-01T22:11:05.708 INFO:teuthology.orchestra.run.smithi029.stderr:/usr/bin/ceph:
2023-12-01T22:11:05.704+0000 7fdb50ad4700 1 -- 172.21.15.29:0/2542926199 wait complete.
2023-12-01T22:11:05.708 INFO:teuthology.orchestra.run.smithi029.stderr:/usr/bin/ceph:
2023-12-01T22:11:05.705+0000 7fdb50ad4700 1 Processor -- start
2023-12-01T22:11:05.708 INFO:teuthology.orchestra.run.smithi029.stderr:/usr/bin/ceph:
2023-12-01T22:11:05.705+0000 7fdb50ad4700 1 -- start start
2023-12-01T22:11:05.709 INFO:teuthology.orchestra.run.smithi029.stderr:/usr/bin/ceph:
2023-12-01T22:11:05.705+0000 7fdb50ad4700 1 --2- >> [v2:172.21.15.29:3300/0,v1:172.21.15.29:6789/0] conn(0x7fdb4c0fc130 0x7fdb4c10ca70 unknown :-1 s=NONE pgs=0 cs=0 l=1 rev1=0 rx=0 tx=0).connect
2023-12-01T22:11:05.709 INFO:teuthology.orchestra.run.smithi029.stderr:/usr/bin/ceph:
2023-12-01T22:11:05.705+0000 7fdb50ad4700 1 -- --> [v2:172.21.15.29:3300/0,v1:172.21.15.29:6789/0] -- mon_getmap magic: 0 v1 -- 0x7fdb4c10cf60 con 0x7fdb4c0fc130
2023-12-01T22:11:05.709 INFO:teuthology.orchestra.run.smithi029.stderr:/usr/bin/ceph:
2023-12-01T22:11:05.705+0000 7fdb4b7fe700 1 --2- >> [v2:172.21.15.29:3300/0,v1:172.21.15.29:6789/0] conn(0x7fdb4c0fc130 0x7fdb4c10ca70 unknown :-1 s=BANNER_CONNECTING pgs=0 cs=0 l=1 rev1=0 rx=0 tx=0)._handle_peer_banner_payload supported=1 required=0
2023-12-01T22:11:05.709 INFO:teuthology.orchestra.run.smithi029.stderr:/usr/bin/ceph:
2023-12-01T22:11:05.705+0000 7fdb4b7fe700 1 --2- >> [v2:172.21.15.29:3300/0,v1:172.21.15.29:6789/0] conn(0x7fdb4c0fc130 0x7fdb4c10ca70 unknown :-1 s=HELLO_CONNECTING pgs=0 cs=0 l=1 rev1=1 rx=0 tx=0).handle_hello peer v2:172.21.15.29:3300/0 says I am v2:172.21.15.29:57148/0 (socket says 172.21.15.29:57148)
2023-12-01T22:11:05.709 INFO:teuthology.orchestra.run.smithi029.stderr:/usr/bin/ceph:
2023-12-01T22:11:05.705+0000 7fdb4b7fe700 1 -- 172.21.15.29:0/1388928469 learned_addr learned my addr 172.21.15.29:0/1388928469 (peer_addr_for_me v2:172.21.15.29:0/0)
2023-12-01T22:11:05.709 INFO:teuthology.orchestra.run.smithi029.stderr:/usr/bin/ceph:
2023-12-01T22:11:05.705+0000 7fdb4b7fe700 1 -- 172.21.15.29:0/1388928469 --> [v2:172.21.15.29:3300/0,v1:172.21.15.29:6789/0] -- mon_subscribe({config=0+,monmap=0+}) v3 -- 0x7fdb3c00b200 con 0x7fdb4c0fc130
2023-12-01T22:11:05.709 INFO:teuthology.orchestra.run.smithi029.stderr:/usr/bin/ceph:
2023-12-01T22:11:05.706+0000 7fdb4b7fe700 1 --2- 172.21.15.29:0/1388928469 >> [v2:172.21.15.29:3300/0,v1:172.21.15.29:6789/0] conn(0x7fdb4c0fc130 0x7fdb4c10ca70 secure :-1 s=READY pgs=67 cs=0 l=1 rev1=1 rx=0x7fdb3c00e040 tx=0x7fdb3c006ee0).ready entity=mon.0 client_cookie=0 server_cookie=0 in_seq=0 out_seq=0
2023-12-01T22:11:05.709 INFO:teuthology.orchestra.run.smithi029.stderr:/usr/bin/ceph:
2023-12-01T22:11:05.706+0000 7fdb33fff700 1 -- 172.21.15.29:0/1388928469 <== mon.0 v2:172.21.15.29:3300/0 1 ==== mon_map magic: 0 v1 ==== 229+0+0 (secure 0 0 0) 0x7fdb3c01b410 con 0x7fdb4c0fc130
2023-12-01T22:11:05.709 INFO:teuthology.orchestra.run.smithi029.stderr:/usr/bin/ceph:
2023-12-01T22:11:05.706+0000 7fdb33fff700 1 -- 172.21.15.29:0/1388928469 <== mon.0 v2:172.21.15.29:3300/0 2 ==== config(25 keys) v1 ==== 1010+0+0 (secure 0 0 0) 0x7fdb3c01b9e0 con 0x7fdb4c0fc130
2023-12-01T22:11:05.710 INFO:teuthology.orchestra.run.smithi029.stderr:/usr/bin/ceph:
2023-12-01T22:11:05.706+0000 7fdb33fff700 1 -- 172.21.15.29:0/1388928469 <== mon.0 v2:172.21.15.29:3300/0 3 ==== mon_map magic: 0 v1 ==== 229+0+0 (secure 0 0 0) 0x7fdb3c01a770 con 0x7fdb4c0fc130
2023-12-01T22:11:05.710 INFO:teuthology.orchestra.run.smithi029.stderr:/usr/bin/ceph:
2023-12-01T22:11:05.706+0000 7fdb50ad4700 1 -- 172.21.15.29:0/1388928469 --> [v2:172.21.15.29:3300/0,v1:172.21.15.29:6789/0] -- mon_subscribe({mgrmap=0+}) v3 -- 0x7fdb4c10d160 con 0x7fdb4c0fc130
2023-12-01T22:11:05.710 INFO:teuthology.orchestra.run.smithi029.stderr:/usr/bin/ceph:
2023-12-01T22:11:05.706+0000 7fdb50ad4700 1 -- 172.21.15.29:0/1388928469 --> [v2:172.21.15.29:3300/0,v1:172.21.15.29:6789/0] -- mon_subscribe({osdmap=0}) v3 -- 0x7fdb4c10d570 con 0x7fdb4c0fc130
2023-12-01T22:11:05.710 INFO:teuthology.orchestra.run.smithi029.stderr:/usr/bin/ceph:
2023-12-01T22:11:05.707+0000 7fdb33fff700 1 -- 172.21.15.29:0/1388928469 <== mon.0 v2:172.21.15.29:3300/0 4 ==== mgrmap(e 12) v1 ==== 36195+0+0 (secure 0 0 0) 0x7fdb3c00f070 con 0x7fdb4c0fc130
2023-12-01T22:11:05.710 INFO:teuthology.orchestra.run.smithi029.stderr:/usr/bin/ceph:
2023-12-01T22:11:05.707+0000 7fdb33fff700 1 --2- 172.21.15.29:0/1388928469 >> [v2:172.21.15.29:6800/1129362254,v1:172.21.15.29:6801/1129362254] conn(0x7fdb3802feb0 0x7fdb38032370 unknown :-1 s=NONE pgs=0 cs=0 l=1 rev1=0 rx=0 tx=0).connect
2023-12-01T22:11:05.710 INFO:teuthology.orchestra.run.smithi029.stderr:/usr/bin/ceph:
2023-12-01T22:11:05.707+0000 7fdb33fff700 1 -- 172.21.15.29:0/1388928469 <== mon.0 v2:172.21.15.29:3300/0 5 ==== osd_map(3..3 src has 1..3) v4 ==== 1098+0+0 (secure 0 0 0) 0x7fdb3c041110 con 0x7fdb4c0fc130
2023-12-01T22:11:05.710 INFO:teuthology.orchestra.run.smithi029.stderr:/usr/bin/ceph:
2023-12-01T22:11:05.707+0000 7fdb50ad4700 1 -- 172.21.15.29:0/1388928469 --> [v2:172.21.15.29:3300/0,v1:172.21.15.29:6789/0] -- mon_command({"prefix": "get_command_descriptions"} v 0) v1 -- 0x7fdb4c045ad0 con 0x7fdb4c0fc130
2023-12-01T22:11:05.710 INFO:teuthology.orchestra.run.smithi029.stderr:/usr/bin/ceph:
2023-12-01T22:11:05.707+0000 7fdb4affd700 1 --2- 172.21.15.29:0/1388928469 >> [v2:172.21.15.29:6800/1129362254,v1:172.21.15.29:6801/1129362254] conn(0x7fdb3802feb0 0x7fdb38032370 unknown :-1 s=BANNER_CONNECTING pgs=0 cs=0 l=1 rev1=0 rx=0 tx=0)._handle_peer_banner_payload supported=1 required=0
2023-12-01T22:11:05.710 INFO:teuthology.orchestra.run.smithi029.stderr:/usr/bin/ceph:
2023-12-01T22:11:05.708+0000 7fdb4affd700 1 --2- 172.21.15.29:0/1388928469 >> [v2:172.21.15.29:6800/1129362254,v1:172.21.15.29:6801/1129362254] conn(0x7fdb3802feb0 0x7fdb38032370 secure :-1 s=READY pgs=10 cs=0 l=1 rev1=1 rx=0x7fdb400096a0 tx=0x7fdb40006b40).ready entity=mgr.14144 client_cookie=0 server_cookie=0 in_seq=0 out_seq=0
2023-12-01T22:11:05.713 INFO:teuthology.orchestra.run.smithi029.stderr:/usr/bin/ceph:
2023-12-01T22:11:05.712+0000 7fdb33fff700 1 -- 172.21.15.29:0/1388928469 <== mon.0 v2:172.21.15.29:3300/0 6 ==== mon_command_ack([{"prefix": "get_command_descriptions"}]=0 v0) v1 ==== 72+0+152212 (secure 0 0 0) 0x7fdb3c016070 con 0x7fdb4c0fc130
2023-12-01T22:11:05.878 INFO:teuthology.orchestra.run.smithi029.stderr:/usr/bin/ceph:
2023-12-01T22:11:05.876+0000 7fdb50ad4700 1 -- 172.21.15.29:0/1388928469 --> [v2:172.21.15.29:3300/0,v1:172.21.15.29:6789/0] -- mon_command([{prefix=config set, name=mgr/dashboard/ssl_server_port}] v 0) v1 -- 0x7fdb4c106a60 con 0x7fdb4c0fc130
2023-12-01T22:11:05.880 INFO:teuthology.orchestra.run.smithi029.stderr:/usr/bin/ceph:
2023-12-01T22:11:05.879+0000 7fdb33fff700 1 -- 172.21.15.29:0/1388928469 <== mon.0 v2:172.21.15.29:3300/0 7 ==== mon_command_ack([{prefix=config set, name=mgr/dashboard/ssl_server_port}]=0 v9)=0 v9) v1 ==== 130+0+0 (secure 0 0 0) 0x7fdb3c010360 con 0x7fdb4c0fc130
2023-12-01T22:11:05.883 INFO:teuthology.orchestra.run.smithi029.stderr:/usr/bin/ceph:
2023-12-01T22:11:05.881+0000 7fdb50ad4700 1 -- 172.21.15.29:0/1388928469 >> [v2:172.21.15.29:6800/1129362254,v1:172.21.15.29:6801/1129362254] conn(0x7fdb3802feb0 msgr2=0x7fdb38032370 secure :-1 s=STATE_CONNECTION_ESTABLISHED l=1).mark_down
2023-12-01T22:11:05.884 INFO:teuthology.orchestra.run.smithi029.stderr:/usr/bin/ceph:
2023-12-01T22:11:05.881+0000 7fdb50ad4700 1 --2- 172.21.15.29:0/1388928469 >> [v2:172.21.15.29:6800/1129362254,v1:172.21.15.29:6801/1129362254] conn(0x7fdb3802feb0 0x7fdb38032370 secure :-1 s=READY pgs=10 cs=0 l=1 rev1=1 rx=0x7fdb400096a0 tx=0x7fdb40006b40).stop
2023-12-01T22:11:05.884 INFO:teuthology.orchestra.run.smithi029.stderr:/usr/bin/ceph:
2023-12-01T22:11:05.881+0000 7fdb50ad4700 1 -- 172.21.15.29:0/1388928469 >> [v2:172.21.15.29:3300/0,v1:172.21.15.29:6789/0] conn(0x7fdb4c0fc130 msgr2=0x7fdb4c10ca70 secure :-1 s=STATE_CONNECTION_ESTABLISHED l=1).mark_down
2023-12-01T22:11:05.884 INFO:teuthology.orchestra.run.smithi029.stderr:/usr/bin/ceph:
2023-12-01T22:11:05.881+0000 7fdb50ad4700 1 --2- 172.21.15.29:0/1388928469 >> [v2:172.21.15.29:3300/0,v1:172.21.15.29:6789/0] conn(0x7fdb4c0fc130 0x7fdb4c10ca70 secure :-1 s=READY pgs=67 cs=0 l=1 rev1=1 rx=0x7fdb3c00e040 tx=0x7fdb3c006ee0).stop
2023-12-01T22:11:05.884 INFO:teuthology.orchestra.run.smithi029.stderr:/usr/bin/ceph:
2023-12-01T22:11:05.881+0000 7fdb50ad4700 1 -- 172.21.15.29:0/1388928469 shutdown_connections
2023-12-01T22:11:05.884 INFO:teuthology.orchestra.run.smithi029.stderr:/usr/bin/ceph:
2023-12-01T22:11:05.881+0000 7fdb50ad4700 1 --2- 172.21.15.29:0/1388928469 >> [v2:172.21.15.29:6800/1129362254,v1:172.21.15.29:6801/1129362254] conn(0x7fdb3802feb0 0x7fdb38032370 unknown :-1 s=CLOSED pgs=10 cs=0 l=1 rev1=1 rx=0 tx=0).stop
2023-12-01T22:11:05.884 INFO:teuthology.orchestra.run.smithi029.stderr:/usr/bin/ceph:
2023-12-01T22:11:05.881+0000 7fdb50ad4700 1 --2- 172.21.15.29:0/1388928469 >> [v2:172.21.15.29:3300/0,v1:172.21.15.29:6789/0] conn(0x7fdb4c0fc130 0x7fdb4c10ca70 unknown :-1 s=CLOSED pgs=67 cs=0 l=1 rev1=1 rx=0 tx=0).stop
2023-12-01T22:11:05.884 INFO:teuthology.orchestra.run.smithi029.stderr:/usr/bin/ceph:
2023-12-01T22:11:05.881+0000 7fdb50ad4700 1 -- 172.21.15.29:0/1388928469 >> 172.21.15.29:0/1388928469 conn(0x7fdb4c0f59a0 msgr2=0x7fdb4c0f74c0 unknown :-1 s=STATE_NONE l=0).mark_down
2023-12-01T22:11:05.884 INFO:teuthology.orchestra.run.smithi029.stderr:/usr/bin/ceph:
2023-12-01T22:11:05.881+0000 7fdb50ad4700 1 -- 172.21.15.29:0/1388928469 shutdown_connections
2023-12-01T22:11:05.884 INFO:teuthology.orchestra.run.smithi029.stderr:/usr/bin/ceph:
2023-12-01T22:11:05.881+0000 7fdb50ad4700 1 -- 172.21.15.29:0/1388928469 wait complete.
2023-12-01T22:11:06.221 INFO:teuthology.orchestra.run.smithi029.stderr:Enabling the dashboard module...
2023-12-01T22:11:06.221 INFO:teuthology.orchestra.run.smithi029.stderr:Running command: /bin/podman run --rm --ipc=host --no-hosts --net=host --entrypoint /usr/bin/ceph --init -e CONTAINER_IMAGE=docker.io/ceph/ceph:v16.2.4 -e NODE_NAME=smithi029 -e CEPH_USE_RANDOM_NONCE=1 -v /var/log/ceph/5558ab6c-9096-11ee-95a2-87774f69a715:/var/log/ceph:z -v /tmp/ceph-tmpou9lnrt4:/etc/ceph/ceph.client.admin.keyring:z -v /tmp/ceph-tmpxe9edifa:/etc/ceph/ceph.conf:z docker.io/ceph/ceph:v16.2.4 mgr module enable dashboard
2023-12-01T22:11:06.589 INFO:teuthology.orchestra.run.smithi029.stderr:/usr/bin/ceph:
2023-12-01T22:11:06.580+0000 7fc7068ce700 1 Processor -- start
2023-12-01T22:11:06.589 INFO:teuthology.orchestra.run.smithi029.stderr:/usr/bin/ceph:
2023-12-01T22:11:06.580+0000 7fc7068ce700 1 -- start start
2023-12-01T22:11:06.589 INFO:teuthology.orchestra.run.smithi029.stderr:/usr/bin/ceph:
2023-12-01T22:11:06.580+0000 7fc7068ce700 1 --2- >> [v2:172.21.15.29:3300/0,v1:172.21.15.29:6789/0] conn(0x7fc700070390 0x7fc700100d80 unknown :-1 s=NONE pgs=0 cs=0 l=0 rev1=0 rx=0 tx=0).connect
2023-12-01T22:11:06.589 INFO:teuthology.orchestra.run.smithi029.stderr:/usr/bin/ceph:
2023-12-01T22:11:06.580+0000 7fc7068ce700 1 -- --> [v2:172.21.15.29:3300/0,v1:172.21.15.29:6789/0] -- mon_getmap magic: 0 v1 -- 0x7fc7000fc770 con 0x7fc700070390
2023-12-01T22:11:06.589 INFO:teuthology.orchestra.run.smithi029.stderr:/usr/bin/ceph:
2023-12-01T22:11:06.580+0000 7fc6fffff700 1 --2- >> [v2:172.21.15.29:3300/0,v1:172.21.15.29:6789/0] conn(0x7fc700070390 0x7fc700100d80 unknown :-1 s=BANNER_CONNECTING pgs=0 cs=0 l=0 rev1=0 rx=0 tx=0)._handle_peer_banner_payload supported=1 required=0
2023-12-01T22:11:06.590 INFO:teuthology.orchestra.run.smithi029.stderr:/usr/bin/ceph:
2023-12-01T22:11:06.580+0000 7fc6fffff700 1 --2- >> [v2:172.21.15.29:3300/0,v1:172.21.15.29:6789/0] conn(0x7fc700070390 0x7fc700100d80 unknown :-1 s=HELLO_CONNECTING pgs=0 cs=0 l=0 rev1=1 rx=0 tx=0).handle_hello peer v2:172.21.15.29:3300/0 says I am v2:172.21.15.29:57160/0 (socket says 172.21.15.29:57160)
2023-12-01T22:11:06.590 INFO:teuthology.orchestra.run.smithi029.stderr:/usr/bin/ceph:
2023-12-01T22:11:06.580+0000 7fc6fffff700 1 -- 172.21.15.29:0/1445519751 learned_addr learned my addr 172.21.15.29:0/1445519751 (peer_addr_for_me v2:172.21.15.29:0/0)
2023-12-01T22:11:06.590 INFO:teuthology.orchestra.run.smithi029.stderr:/usr/bin/ceph:
2023-12-01T22:11:06.580+0000 7fc6fffff700 1 -- 172.21.15.29:0/1445519751 --> [v2:172.21.15.29:3300/0,v1:172.21.15.29:6789/0] -- mon_subscribe({config=0+,monmap=0+}) v3 -- 0x7fc700101270 con 0x7fc700070390
2023-12-01T22:11:06.590 INFO:teuthology.orchestra.run.smithi029.stderr:/usr/bin/ceph:
2023-12-01T22:11:06.581+0000 7fc6fffff700 1 --2- 172.21.15.29:0/1445519751 >> [v2:172.21.15.29:3300/0,v1:172.21.15.29:6789/0] conn(0x7fc700070390 0x7fc700100d80 secure :-1 s=READY pgs=68 cs=0 l=1 rev1=1 rx=0x7fc6f000b5f0 tx=0x7fc6f0006ee0).ready entity=mon.0 client_cookie=39b93559f5d73886 server_cookie=0 in_seq=0 out_seq=0
2023-12-01T22:11:06.590 INFO:teuthology.orchestra.run.smithi029.stderr:/usr/bin/ceph:
2023-12-01T22:11:06.581+0000 7fc6feffd700 1 -- 172.21.15.29:0/1445519751 <== mon.0 v2:172.21.15.29:3300/0 1 ==== mon_map magic: 0 v1 ==== 229+0+0 (secure 0 0 0) 0x7fc6f000d600 con 0x7fc700070390
2023-12-01T22:11:06.590 INFO:teuthology.orchestra.run.smithi029.stderr:/usr/bin/ceph:
2023-12-01T22:11:06.581+0000 7fc6feffd700 1 -- 172.21.15.29:0/1445519751 <== mon.0 v2:172.21.15.29:3300/0 2 ==== config(25 keys) v1 ==== 1010+0+0 (secure 0 0 0) 0x7fc6f000dbd0 con 0x7fc700070390
2023-12-01T22:11:06.590 INFO:teuthology.orchestra.run.smithi029.stderr:/usr/bin/ceph:
2023-12-01T22:11:06.581+0000 7fc6feffd700 1 -- 172.21.15.29:0/1445519751 <== mon.0 v2:172.21.15.29:3300/0 3 ==== mon_map magic: 0 v1 ==== 229+0+0 (secure 0 0 0) 0x7fc6f0011c00 con 0x7fc700070390
2023-12-01T22:11:06.590 INFO:teuthology.orchestra.run.smithi029.stderr:/usr/bin/ceph:
2023-12-01T22:11:06.581+0000 7fc7068ce700 1 -- 172.21.15.29:0/1445519751 >> [v2:172.21.15.29:3300/0,v1:172.21.15.29:6789/0] conn(0x7fc700070390 msgr2=0x7fc700100d80 secure :-1 s=STATE_CONNECTION_ESTABLISHED l=1).mark_down
2023-12-01T22:11:06.590 INFO:teuthology.orchestra.run.smithi029.stderr:/usr/bin/ceph:
2023-12-01T22:11:06.581+0000 7fc7068ce700 1 --2- 172.21.15.29:0/1445519751 >> [v2:172.21.15.29:3300/0,v1:172.21.15.29:6789/0] conn(0x7fc700070390 0x7fc700100d80 secure :-1 s=READY pgs=68 cs=0 l=1 rev1=1 rx=0x7fc6f000b5f0 tx=0x7fc6f0006ee0).stop
2023-12-01T22:11:06.590 INFO:teuthology.orchestra.run.smithi029.stderr:/usr/bin/ceph:
2023-12-01T22:11:06.581+0000 7fc7068ce700 1 -- 172.21.15.29:0/1445519751 shutdown_connections
2023-12-01T22:11:06.590 INFO:teuthology.orchestra.run.smithi029.stderr:/usr/bin/ceph:
2023-12-01T22:11:06.581+0000 7fc7068ce700 1 --2- 172.21.15.29:0/1445519751 >> [v2:172.21.15.29:3300/0,v1:172.21.15.29:6789/0] conn(0x7fc700070390 0x7fc700100d80 unknown :-1 s=CLOSED pgs=68 cs=0 l=1 rev1=1 rx=0 tx=0).stop
2023-12-01T22:11:06.591 INFO:teuthology.orchestra.run.smithi029.stderr:/usr/bin/ceph:
2023-12-01T22:11:06.581+0000 7fc7068ce700 1 -- 172.21.15.29:0/1445519751 >> 172.21.15.29:0/1445519751 conn(0x7fc7000f63c0 msgr2=0x7fc7000f87e0 unknown :-1 s=STATE_NONE l=0).mark_down
2023-12-01T22:11:06.591 INFO:teuthology.orchestra.run.smithi029.stderr:/usr/bin/ceph:
2023-12-01T22:11:06.581+0000 7fc7068ce700 1 -- 172.21.15.29:0/1445519751 shutdown_connections
2023-12-01T22:11:06.591 INFO:teuthology.orchestra.run.smithi029.stderr:/usr/bin/ceph:
2023-12-01T22:11:06.581+0000 7fc7068ce700 1 -- 172.21.15.29:0/1445519751 wait complete.
2023-12-01T22:11:06.591 INFO:teuthology.orchestra.run.smithi029.stderr:/usr/bin/ceph:
2023-12-01T22:11:06.582+0000 7fc7068ce700 1 Processor -- start
2023-12-01T22:11:06.591 INFO:teuthology.orchestra.run.smithi029.stderr:/usr/bin/ceph:
2023-12-01T22:11:06.582+0000 7fc7068ce700 1 -- start start
2023-12-01T22:11:06.591 INFO:teuthology.orchestra.run.smithi029.stderr:/usr/bin/ceph:
2023-12-01T22:11:06.582+0000 7fc7068ce700 1 --2- >> [v2:172.21.15.29:3300/0,v1:172.21.15.29:6789/0] conn(0x7fc700070390 0x7fc70010cc00 unknown :-1 s=NONE pgs=0 cs=0 l=1 rev1=0 rx=0 tx=0).connect
2023-12-01T22:11:06.591 INFO:teuthology.orchestra.run.smithi029.stderr:/usr/bin/ceph:
2023-12-01T22:11:06.582+0000 7fc7068ce700 1 -- --> [v2:172.21.15.29:3300/0,v1:172.21.15.29:6789/0] -- mon_getmap magic: 0 v1 -- 0x7fc70010d0f0 con 0x7fc700070390
2023-12-01T22:11:06.591 INFO:teuthology.orchestra.run.smithi029.stderr:/usr/bin/ceph:
2023-12-01T22:11:06.583+0000 7fc6fffff700 1 --2- >> [v2:172.21.15.29:3300/0,v1:172.21.15.29:6789/0] conn(0x7fc700070390 0x7fc70010cc00 unknown :-1 s=BANNER_CONNECTING pgs=0 cs=0 l=1 rev1=0 rx=0 tx=0)._handle_peer_banner_payload supported=1 required=0
2023-12-01T22:11:06.591 INFO:teuthology.orchestra.run.smithi029.stderr:/usr/bin/ceph:
2023-12-01T22:11:06.583+0000 7fc6fffff700 1 --2- >> [v2:172.21.15.29:3300/0,v1:172.21.15.29:6789/0] conn(0x7fc700070390 0x7fc70010cc00 unknown :-1 s=HELLO_CONNECTING pgs=0 cs=0 l=1 rev1=1 rx=0 tx=0).handle_hello peer v2:172.21.15.29:3300/0 says I am v2:172.21.15.29:57176/0 (socket says 172.21.15.29:57176)
2023-12-01T22:11:06.591 INFO:teuthology.orchestra.run.smithi029.stderr:/usr/bin/ceph:
2023-12-01T22:11:06.583+0000 7fc6fffff700 1 -- 172.21.15.29:0/4041522697 learned_addr learned my addr 172.21.15.29:0/4041522697 (peer_addr_for_me v2:172.21.15.29:0/0)
2023-12-01T22:11:06.591 INFO:teuthology.orchestra.run.smithi029.stderr:/usr/bin/ceph:
2023-12-01T22:11:06.583+0000 7fc6fffff700 1 -- 172.21.15.29:0/4041522697 --> [v2:172.21.15.29:3300/0,v1:172.21.15.29:6789/0] -- mon_subscribe({config=0+,monmap=0+}) v3 -- 0x7fc6f000b200 con 0x7fc700070390
2023-12-01T22:11:06.591 INFO:teuthology.orchestra.run.smithi029.stderr:/usr/bin/ceph:
2023-12-01T22:11:06.583+0000 7fc6fffff700 1 --2- 172.21.15.29:0/4041522697 >> [v2:172.21.15.29:3300/0,v1:172.21.15.29:6789/0] conn(0x7fc700070390 0x7fc70010cc00 secure :-1 s=READY pgs=69 cs=0 l=1 rev1=1 rx=0x7fc6f000b190 tx=0x7fc6f0006ee0).ready entity=mon.0 client_cookie=0 server_cookie=0 in_seq=0 out_seq=0
2023-12-01T22:11:06.591 INFO:teuthology.orchestra.run.smithi029.stderr:/usr/bin/ceph:
2023-12-01T22:11:06.583+0000 7fc6fcff9700 1 -- 172.21.15.29:0/4041522697 <== mon.0 v2:172.21.15.29:3300/0 1 ==== mon_map magic: 0 v1 ==== 229+0+0 (secure 0 0 0) 0x7fc6f001b410 con 0x7fc700070390
2023-12-01T22:11:06.591 INFO:teuthology.orchestra.run.smithi029.stderr:/usr/bin/ceph:
2023-12-01T22:11:06.583+0000 7fc7068ce700 1 -- 172.21.15.29:0/4041522697 --> [v2:172.21.15.29:3300/0,v1:172.21.15.29:6789/0] -- mon_subscribe({mgrmap=0+}) v3 -- 0x7fc70010d2f0 con 0x7fc700070390
2023-12-01T22:11:06.592 INFO:teuthology.orchestra.run.smithi029.stderr:/usr/bin/ceph:
2023-12-01T22:11:06.583+0000 7fc6fcff9700 1 -- 172.21.15.29:0/4041522697 <== mon.0 v2:172.21.15.29:3300/0 2 ==== config(25 keys) v1 ==== 1010+0+0 (secure 0 0 0) 0x7fc6f001b9e0 con 0x7fc700070390
2023-12-01T22:11:06.592 INFO:teuthology.orchestra.run.smithi029.stderr:/usr/bin/ceph:
2023-12-01T22:11:06.583+0000 7fc6fcff9700 1 -- 172.21.15.29:0/4041522697 <== mon.0 v2:172.21.15.29:3300/0 3 ==== mon_map magic: 0 v1 ==== 229+0+0 (secure 0 0 0) 0x7fc6f001a880 con 0x7fc700070390
2023-12-01T22:11:06.592 INFO:teuthology.orchestra.run.smithi029.stderr:/usr/bin/ceph:
2023-12-01T22:11:06.583+0000 7fc7068ce700 1 -- 172.21.15.29:0/4041522697 --> [v2:172.21.15.29:3300/0,v1:172.21.15.29:6789/0] -- mon_subscribe({osdmap=0}) v3 -- 0x7fc70010d700 con 0x7fc700070390
2023-12-01T22:11:06.592 INFO:teuthology.orchestra.run.smithi029.stderr:/usr/bin/ceph:
2023-12-01T22:11:06.584+0000 7fc6fcff9700 1 -- 172.21.15.29:0/4041522697 <== mon.0 v2:172.21.15.29:3300/0 4 ==== mgrmap(e 12) v1 ==== 36195+0+0 (secure 0 0 0) 0x7fc6f000f070 con 0x7fc700070390
2023-12-01T22:11:06.592 INFO:teuthology.orchestra.run.smithi029.stderr:/usr/bin/ceph:
2023-12-01T22:11:06.584+0000 7fc6fcff9700 1 --2- 172.21.15.29:0/4041522697 >> [v2:172.21.15.29:6800/1129362254,v1:172.21.15.29:6801/1129362254] conn(0x7fc6ec02fe60 0x7fc6ec032320 unknown :-1 s=NONE pgs=0 cs=0 l=1 rev1=0 rx=0 tx=0).connect
2023-12-01T22:11:06.592 INFO:teuthology.orchestra.run.smithi029.stderr:/usr/bin/ceph:
2023-12-01T22:11:06.584+0000 7fc6fcff9700 1 -- 172.21.15.29:0/4041522697 <== mon.0 v2:172.21.15.29:3300/0 5 ==== osd_map(3..3 src has 1..3) v4 ==== 1098+0+0 (secure 0 0 0) 0x7fc6f00413e0 con 0x7fc700070390
2023-12-01T22:11:06.592 INFO:teuthology.orchestra.run.smithi029.stderr:/usr/bin/ceph:
2023-12-01T22:11:06.585+0000 7fc6ff7fe700 1 --2- 172.21.15.29:0/4041522697 >> [v2:172.21.15.29:6800/1129362254,v1:172.21.15.29:6801/1129362254] conn(0x7fc6ec02fe60 0x7fc6ec032320 unknown :-1 s=BANNER_CONNECTING pgs=0 cs=0 l=1 rev1=0 rx=0 tx=0)._handle_peer_banner_payload supported=1 required=0
2023-12-01T22:11:06.592 INFO:teuthology.orchestra.run.smithi029.stderr:/usr/bin/ceph:
2023-12-01T22:11:06.585+0000 7fc7068ce700 1 -- 172.21.15.29:0/4041522697 --> [v2:172.21.15.29:3300/0,v1:172.21.15.29:6789/0] -- mon_command({"prefix": "get_command_descriptions"} v 0) v1 -- 0x7fc700059100 con 0x7fc700070390
2023-12-01T22:11:06.592 INFO:teuthology.orchestra.run.smithi029.stderr:/usr/bin/ceph:
2023-12-01T22:11:06.585+0000 7fc6ff7fe700 1 --2- 172.21.15.29:0/4041522697 >> [v2:172.21.15.29:6800/1129362254,v1:172.21.15.29:6801/1129362254] conn(0x7fc6ec02fe60 0x7fc6ec032320 secure :-1 s=READY pgs=11 cs=0 l=1 rev1=1 rx=0x7fc6f40096a0 tx=0x7fc6f4006b40).ready entity=mgr.14144 client_cookie=0 server_cookie=0 in_seq=0 out_seq=0
2023-12-01T22:11:06.592 INFO:teuthology.orchestra.run.smithi029.stderr:/usr/bin/ceph:
2023-12-01T22:11:06.589+0000 7fc6fcff9700 1 -- 172.21.15.29:0/4041522697 <== mon.0 v2:172.21.15.29:3300/0 6 ==== mon_command_ack([{"prefix": "get_command_descriptions"}]=0 v0) v1 ==== 72+0+152212 (secure 0 0 0) 0x7fc6f0016080 con 0x7fc700070390
2023-12-01T22:11:06.799 INFO:teuthology.orchestra.run.smithi029.stderr:/usr/bin/ceph:
2023-12-01T22:11:06.797+0000 7fc7068ce700 1 -- 172.21.15.29:0/4041522697 --> [v2:172.21.15.29:3300/0,v1:172.21.15.29:6789/0] -- mon_command({"prefix": "mgr module enable", "module": "dashboard"} v 0) v1 -- 0x7fc700101d70 con 0x7fc700070390
2023-12-01T22:11:06.883 INFO:teuthology.orchestra.run.smithi029.stderr:/usr/bin/ceph:
2023-12-01T22:11:06.881+0000 7fc6fcff9700 1 -- 172.21.15.29:0/4041522697 <== mon.0 v2:172.21.15.29:3300/0 7 ==== mgrmap(e 13) v1 ==== 36208+0+0 (secure 0 0 0) 0x7fc6f001bb50 con 0x7fc700070390
2023-12-01T22:11:06.884 INFO:teuthology.orchestra.run.smithi029.stderr:/usr/bin/ceph:
2023-12-01T22:11:06.882+0000 7fc6fcff9700 1 -- 172.21.15.29:0/4041522697 <== mon.0 v2:172.21.15.29:3300/0 8 ==== mon_command_ack([{"prefix": "mgr module enable", "module": "dashboard"}]=0 v13) v1 ==== 88+0+0 (secure 0 0 0) 0x7fc6f0024830 con 0x7fc700070390
2023-12-01T22:11:06.888 INFO:teuthology.orchestra.run.smithi029.stderr:/usr/bin/ceph:
2023-12-01T22:11:06.885+0000 7fc7068ce700 1 -- 172.21.15.29:0/4041522697 >> [v2:172.21.15.29:6800/1129362254,v1:172.21.15.29:6801/1129362254] conn(0x7fc6ec02fe60 msgr2=0x7fc6ec032320 secure :-1 s=STATE_CONNECTION_ESTABLISHED l=1).mark_down
2023-12-01T22:11:06.888 INFO:teuthology.orchestra.run.smithi029.stderr:/usr/bin/ceph:
2023-12-01T22:11:06.885+0000 7fc7068ce700 1 --2- 172.21.15.29:0/4041522697 >> [v2:172.21.15.29:6800/1129362254,v1:172.21.15.29:6801/1129362254] conn(0x7fc6ec02fe60 0x7fc6ec032320 secure :-1 s=READY pgs=11 cs=0 l=1 rev1=1 rx=0x7fc6f40096a0 tx=0x7fc6f4006b40).stop
2023-12-01T22:11:06.888 INFO:teuthology.orchestra.run.smithi029.stderr:/usr/bin/ceph:
2023-12-01T22:11:06.885+0000 7fc7068ce700 1 -- 172.21.15.29:0/4041522697 >> [v2:172.21.15.29:3300/0,v1:172.21.15.29:6789/0] conn(0x7fc700070390 msgr2=0x7fc70010cc00 secure :-1 s=STATE_CONNECTION_ESTABLISHED l=1).mark_down
2023-12-01T22:11:06.888 INFO:teuthology.orchestra.run.smithi029.stderr:/usr/bin/ceph:
2023-12-01T22:11:06.885+0000 7fc7068ce700 1 --2- 172.21.15.29:0/4041522697 >> [v2:172.21.15.29:3300/0,v1:172.21.15.29:6789/0] conn(0x7fc700070390 0x7fc70010cc00 secure :-1 s=READY pgs=69 cs=0 l=1 rev1=1 rx=0x7fc6f000b190 tx=0x7fc6f0006ee0).stop
2023-12-01T22:11:06.888 INFO:teuthology.orchestra.run.smithi029.stderr:/usr/bin/ceph:
2023-12-01T22:11:06.885+0000 7fc7068ce700 1 -- 172.21.15.29:0/4041522697 shutdown_connections
2023-12-01T22:11:06.888 INFO:teuthology.orchestra.run.smithi029.stderr:/usr/bin/ceph:
2023-12-01T22:11:06.885+0000 7fc7068ce700 1 --2- 172.21.15.29:0/4041522697 >> [v2:172.21.15.29:6800/1129362254,v1:172.21.15.29:6801/1129362254] conn(0x7fc6ec02fe60 0x7fc6ec032320 unknown :-1 s=CLOSED pgs=11 cs=0 l=1 rev1=1 rx=0 tx=0).stop
2023-12-01T22:11:06.888 INFO:teuthology.orchestra.run.smithi029.stderr:/usr/bin/ceph:
2023-12-01T22:11:06.885+0000 7fc7068ce700 1 --2- 172.21.15.29:0/4041522697 >> [v2:172.21.15.29:3300/0,v1:172.21.15.29:6789/0] conn(0x7fc700070390 0x7fc70010cc00 unknown :-1 s=CLOSED pgs=69 cs=0 l=1 rev1=1 rx=0 tx=0).stop
2023-12-01T22:11:06.888 INFO:teuthology.orchestra.run.smithi029.stderr:/usr/bin/ceph:
2023-12-01T22:11:06.885+0000 7fc7068ce700 1 -- 172.21.15.29:0/4041522697 >> 172.21.15.29:0/4041522697 conn(0x7fc7000f63c0 msgr2=0x7fc7000f7ed0 unknown :-1 s=STATE_NONE l=0).mark_down
2023-12-01T22:11:06.888 INFO:teuthology.orchestra.run.smithi029.stderr:/usr/bin/ceph:
2023-12-01T22:11:06.885+0000 7fc7068ce700 1 -- 172.21.15.29:0/4041522697 shutdown_connections
2023-12-01T22:11:06.888 INFO:teuthology.orchestra.run.smithi029.stderr:/usr/bin/ceph:
2023-12-01T22:11:06.885+0000 7fc7068ce700 1 -- 172.21.15.29:0/4041522697 wait complete.
2023-12-01T22:11:07.276 INFO:journalctl@ceph.mon.smithi029.smithi029.stdout:Dec 01 22:11:06 smithi029 ceph-5558ab6c-9096-11ee-95a2-87774f69a715-mon.smithi029[111775]: audit
2023-12-01T22:11:05.880285+0000 mon.smithi029 (mon.0) 84 : audit [INF] from='client.? 172.21.15.29:0/1388928469' entity='client.admin'
2023-12-01T22:11:07.277 INFO:journalctl@ceph.mon.smithi029.smithi029.stdout:Dec 01 22:11:06 smithi029 ceph-5558ab6c-9096-11ee-95a2-87774f69a715-mon.smithi029[111775]: audit
2023-12-01T22:11:06.798516+0000 mon.smithi029 (mon.0) 85 : audit [INF] from='client.? 172.21.15.29:0/4041522697' entity='client.admin' cmd=[{"prefix": "mgr module enable", "module": "dashboard"}]: dispatch
2023-12-01T22:11:07.339 INFO:teuthology.orchestra.run.smithi029.stderr:Running command: /bin/podman run --rm --ipc=host --no-hosts --net=host --entrypoint /usr/bin/ceph --init -e CONTAINER_IMAGE=docker.io/ceph/ceph:v16.2.4 -e NODE_NAME=smithi029 -e CEPH_USE_RANDOM_NONCE=1 -v /var/log/ceph/5558ab6c-9096-11ee-95a2-87774f69a715:/var/log/ceph:z -v /tmp/ceph-tmpou9lnrt4:/etc/ceph/ceph.client.admin.keyring:z -v /tmp/ceph-tmpxe9edifa:/etc/ceph/ceph.conf:z docker.io/ceph/ceph:v16.2.4 mgr stat
2023-12-01T22:11:08.140 INFO:teuthology.orchestra.run.smithi029.stderr:/usr/bin/ceph:
2023-12-01T22:11:08.138+0000 7fafebffa700 1 Processor -- start
2023-12-01T22:11:08.141 INFO:teuthology.orchestra.run.smithi029.stderr:/usr/bin/ceph:
2023-12-01T22:11:08.138+0000 7fafebffa700 1 -- start start
2023-12-01T22:11:08.141 INFO:teuthology.orchestra.run.smithi029.stderr:/usr/bin/ceph:
2023-12-01T22:11:08.138+0000 7fafebffa700 1 --2- >> [v2:172.21.15.29:3300/0,v1:172.21.15.29:6789/0] conn(0x7fafe40fd2a0 0x7fafe40fd6c0 unknown :-1 s=NONE pgs=0 cs=0 l=0 rev1=0 rx=0 tx=0).connect
2023-12-01T22:11:08.141 INFO:teuthology.orchestra.run.smithi029.stderr:/usr/bin/ceph:
2023-12-01T22:11:08.138+0000 7fafebffa700 1 -- --> [v2:172.21.15.29:3300/0,v1:172.21.15.29:6789/0] -- mon_getmap magic: 0 v1 -- 0x7fafe40fdbb0 con 0x7fafe40fd2a0
2023-12-01T22:11:08.141 INFO:teuthology.orchestra.run.smithi029.stderr:/usr/bin/ceph:
2023-12-01T22:11:08.138+0000 7fafe9d96700 1 --2- >> [v2:172.21.15.29:3300/0,v1:172.21.15.29:6789/0] conn(0x7fafe40fd2a0 0x7fafe40fd6c0 unknown :-1 s=BANNER_CONNECTING pgs=0 cs=0 l=0 rev1=0 rx=0 tx=0)._handle_peer_banner_payload supported=1 required=0
2023-12-01T22:11:08.141 INFO:teuthology.orchestra.run.smithi029.stderr:/usr/bin/ceph:
2023-12-01T22:11:08.138+0000 7fafe9d96700 1 --2- >> [v2:172.21.15.29:3300/0,v1:172.21.15.29:6789/0] conn(0x7fafe40fd2a0 0x7fafe40fd6c0 unknown :-1 s=HELLO_CONNECTING pgs=0 cs=0 l=0 rev1=1 rx=0 tx=0).handle_hello peer v2:172.21.15.29:3300/0 says I am v2:172.21.15.29:57208/0 (socket says 172.21.15.29:57208)
2023-12-01T22:11:08.141 INFO:teuthology.orchestra.run.smithi029.stderr:/usr/bin/ceph:
2023-12-01T22:11:08.138+0000 7fafe9d96700 1 -- 172.21.15.29:0/2655916916 learned_addr learned my addr 172.21.15.29:0/2655916916 (peer_addr_for_me v2:172.21.15.29:0/0)
2023-12-01T22:11:08.143 INFO:teuthology.orchestra.run.smithi029.stderr:/usr/bin/ceph:
2023-12-01T22:11:08.139+0000 7fafe9d96700 1 -- 172.21.15.29:0/2655916916 --> [v2:172.21.15.29:3300/0,v1:172.21.15.29:6789/0] -- mon_subscribe({config=0+,monmap=0+}) v3 -- 0x7fafe40fdcf0 con 0x7fafe40fd2a0
2023-12-01T22:11:08.143 INFO:teuthology.orchestra.run.smithi029.stderr:/usr/bin/ceph:
2023-12-01T22:11:08.139+0000 7fafe9d96700 1 --2- 172.21.15.29:0/2655916916 >> [v2:172.21.15.29:3300/0,v1:172.21.15.29:6789/0] conn(0x7fafe40fd2a0 0x7fafe40fd6c0 secure :-1 s=READY pgs=72 cs=0 l=1 rev1=1 rx=0x7fafe000b5f0 tx=0x7fafe0006ee0).ready entity=mon.0 client_cookie=fa6cd59f14c9eff8 server_cookie=0 in_seq=0 out_seq=0
2023-12-01T22:11:08.143 INFO:teuthology.orchestra.run.smithi029.stderr:/usr/bin/ceph:
2023-12-01T22:11:08.139+0000 7fafe8d94700 1 -- 172.21.15.29:0/2655916916 <== mon.0 v2:172.21.15.29:3300/0 1 ==== mon_map magic: 0 v1 ==== 229+0+0 (secure 0 0 0) 0x7fafe000d600 con 0x7fafe40fd2a0
2023-12-01T22:11:08.143 INFO:teuthology.orchestra.run.smithi029.stderr:/usr/bin/ceph:
2023-12-01T22:11:08.139+0000 7fafe8d94700 1 -- 172.21.15.29:0/2655916916 <== mon.0 v2:172.21.15.29:3300/0 2 ==== config(25 keys) v1 ==== 1010+0+0 (secure 0 0 0) 0x7fafe000dbd0 con 0x7fafe40fd2a0
2023-12-01T22:11:08.143 INFO:teuthology.orchestra.run.smithi029.stderr:/usr/bin/ceph:
2023-12-01T22:11:08.139+0000 7fafe8d94700 1 -- 172.21.15.29:0/2655916916 <== mon.0 v2:172.21.15.29:3300/0 3 ==== mon_map magic: 0 v1 ==== 229+0+0 (secure 0 0 0) 0x7fafe0011c00 con 0x7fafe40fd2a0
2023-12-01T22:11:08.143 INFO:teuthology.orchestra.run.smithi029.stderr:/usr/bin/ceph:
2023-12-01T22:11:08.140+0000 7fafebffa700 1 -- 172.21.15.29:0/2655916916 >> [v2:172.21.15.29:3300/0,v1:172.21.15.29:6789/0] conn(0x7fafe40fd2a0 msgr2=0x7fafe40fd6c0 secure :-1 s=STATE_CONNECTION_ESTABLISHED l=1).mark_down
2023-12-01T22:11:08.143 INFO:teuthology.orchestra.run.smithi029.stderr:/usr/bin/ceph:
2023-12-01T22:11:08.140+0000 7fafebffa700 1 --2- 172.21.15.29:0/2655916916 >> [v2:172.21.15.29:3300/0,v1:172.21.15.29:6789/0] conn(0x7fafe40fd2a0 0x7fafe40fd6c0 secure :-1 s=READY pgs=72 cs=0 l=1 rev1=1 rx=0x7fafe000b5f0 tx=0x7fafe0006ee0).stop
2023-12-01T22:11:08.143 INFO:teuthology.orchestra.run.smithi029.stderr:/usr/bin/ceph:
2023-12-01T22:11:08.140+0000 7fafebffa700 1 -- 172.21.15.29:0/2655916916 shutdown_connections
2023-12-01T22:11:08.143 INFO:teuthology.orchestra.run.smithi029.stderr:/usr/bin/ceph:
2023-12-01T22:11:08.140+0000 7fafebffa700 1 --2- 172.21.15.29:0/2655916916 >> [v2:172.21.15.29:3300/0,v1:172.21.15.29:6789/0] conn(0x7fafe40fd2a0 0x7fafe40fd6c0 unknown :-1 s=CLOSED pgs=72 cs=0 l=1 rev1=1 rx=0 tx=0).stop
2023-12-01T22:11:08.143 INFO:teuthology.orchestra.run.smithi029.stderr:/usr/bin/ceph:
2023-12-01T22:11:08.140+0000 7fafebffa700 1 -- 172.21.15.29:0/2655916916 >> 172.21.15.29:0/2655916916 conn(0x7fafe40f5b40 msgr2=0x7fafe40f7f60 unknown :-1 s=STATE_NONE l=0).mark_down
2023-12-01T22:11:08.144 INFO:teuthology.orchestra.run.smithi029.stderr:/usr/bin/ceph:
2023-12-01T22:11:08.140+0000 7fafebffa700 1 -- 172.21.15.29:0/2655916916 shutdown_connections
2023-12-01T22:11:08.144 INFO:teuthology.orchestra.run.smithi029.stderr:/usr/bin/ceph:
2023-12-01T22:11:08.140+0000 7fafebffa700 1 -- 172.21.15.29:0/2655916916 wait complete.
2023-12-01T22:11:08.144 INFO:teuthology.orchestra.run.smithi029.stderr:/usr/bin/ceph:
2023-12-01T22:11:08.141+0000 7fafebffa700 1 Processor -- start
2023-12-01T22:11:08.144 INFO:teuthology.orchestra.run.smithi029.stderr:/usr/bin/ceph:
2023-12-01T22:11:08.141+0000 7fafebffa700 1 -- start start
2023-12-01T22:11:08.146 INFO:teuthology.orchestra.run.smithi029.stderr:/usr/bin/ceph:
2023-12-01T22:11:08.141+0000 7fafebffa700 1 --2- >> [v2:172.21.15.29:3300/0,v1:172.21.15.29:6789/0] conn(0x7fafe40fd2a0 0x7fafe410a9f0 unknown :-1 s=NONE pgs=0 cs=0 l=1 rev1=0 rx=0 tx=0).connect
2023-12-01T22:11:08.146 INFO:teuthology.orchestra.run.smithi029.stderr:/usr/bin/ceph:
2023-12-01T22:11:08.141+0000 7fafebffa700 1 -- --> [v2:172.21.15.29:3300/0,v1:172.21.15.29:6789/0] -- mon_getmap magic: 0 v1 -- 0x7fafe410aee0 con 0x7fafe40fd2a0
2023-12-01T22:11:08.146 INFO:teuthology.orchestra.run.smithi029.stderr:/usr/bin/ceph:
2023-12-01T22:11:08.142+0000 7fafe9d96700 1 --2- >> [v2:172.21.15.29:3300/0,v1:172.21.15.29:6789/0] conn(0x7fafe40fd2a0 0x7fafe410a9f0 unknown :-1 s=BANNER_CONNECTING pgs=0 cs=0 l=1 rev1=0 rx=0 tx=0)._handle_peer_banner_payload supported=1 required=0
2023-12-01T22:11:08.146 INFO:teuthology.orchestra.run.smithi029.stderr:/usr/bin/ceph:
2023-12-01T22:11:08.142+0000 7fafe9d96700 1 --2- >> [v2:172.21.15.29:3300/0,v1:172.21.15.29:6789/0] conn(0x7fafe40fd2a0 0x7fafe410a9f0 unknown :-1 s=HELLO_CONNECTING pgs=0 cs=0 l=1 rev1=1 rx=0 tx=0).handle_hello peer v2:172.21.15.29:3300/0 says I am v2:172.21.15.29:57212/0 (socket says 172.21.15.29:57212)
2023-12-01T22:11:08.146 INFO:teuthology.orchestra.run.smithi029.stderr:/usr/bin/ceph:
2023-12-01T22:11:08.142+0000 7fafe9d96700 1 -- 172.21.15.29:0/2083392293 learned_addr learned my addr 172.21.15.29:0/2083392293 (peer_addr_for_me v2:172.21.15.29:0/0)
2023-12-01T22:11:08.146 INFO:teuthology.orchestra.run.smithi029.stderr:/usr/bin/ceph:
2023-12-01T22:11:08.142+0000 7fafe9d96700 1 -- 172.21.15.29:0/2083392293 --> [v2:172.21.15.29:3300/0,v1:172.21.15.29:6789/0] -- mon_subscribe({config=0+,monmap=0+}) v3 -- 0x7fafe000b200 con 0x7fafe40fd2a0
2023-12-01T22:11:08.146 INFO:teuthology.orchestra.run.smithi029.stderr:/usr/bin/ceph:
