2023-12-06T03:21:14.534+0000 7fce5ec1f700 1 --2- 172.21.15.55:0/2756871736 >> [v2:172.21.15.55:3300/0,v1:172.21.15.55:6789/0] conn(0x7fce58070370 0x7fce580fe9a0 unknown :-1 s=CLOSED pgs=64 cs=0 l=1 rev1=1 rx=0 tx=0).stop
2023-12-06T03:21:14.539 INFO:teuthology.orchestra.run.smithi055.stderr:/usr/bin/ceph:
2023-12-06T03:21:14.534+0000 7fce5ec1f700 1 -- 172.21.15.55:0/2756871736 >> 172.21.15.55:0/2756871736 conn(0x7fce580f63c0 msgr2=0x7fce580f87e0 unknown :-1 s=STATE_NONE l=0).mark_down
2023-12-06T03:21:14.539 INFO:teuthology.orchestra.run.smithi055.stderr:/usr/bin/ceph:
2023-12-06T03:21:14.534+0000 7fce5ec1f700 1 -- 172.21.15.55:0/2756871736 shutdown_connections
2023-12-06T03:21:14.539 INFO:teuthology.orchestra.run.smithi055.stderr:/usr/bin/ceph:
2023-12-06T03:21:14.534+0000 7fce5ec1f700 1 -- 172.21.15.55:0/2756871736 wait complete.
2023-12-06T03:21:14.539 INFO:teuthology.orchestra.run.smithi055.stderr:/usr/bin/ceph:
2023-12-06T03:21:14.534+0000 7fce5ec1f700 1 Processor -- start
2023-12-06T03:21:14.539 INFO:teuthology.orchestra.run.smithi055.stderr:/usr/bin/ceph:
2023-12-06T03:21:14.534+0000 7fce5ec1f700 1 -- start start
2023-12-06T03:21:14.539 INFO:teuthology.orchestra.run.smithi055.stderr:/usr/bin/ceph:
2023-12-06T03:21:14.535+0000 7fce5ec1f700 1 --2- >> [v2:172.21.15.55:3300/0,v1:172.21.15.55:6789/0] conn(0x7fce58070370 0x7fce5810a9f0 unknown :-1 s=NONE pgs=0 cs=0 l=1 rev1=0 rx=0 tx=0).connect
2023-12-06T03:21:14.539 INFO:teuthology.orchestra.run.smithi055.stderr:/usr/bin/ceph:
2023-12-06T03:21:14.535+0000 7fce5ec1f700 1 -- --> [v2:172.21.15.55:3300/0,v1:172.21.15.55:6789/0] -- mon_getmap magic: 0 v1 -- 0x7fce5810aee0 con 0x7fce58070370
2023-12-06T03:21:14.539 INFO:teuthology.orchestra.run.smithi055.stderr:/usr/bin/ceph:
2023-12-06T03:21:14.535+0000 7fce5c9bb700 1 --2- >> [v2:172.21.15.55:3300/0,v1:172.21.15.55:6789/0] conn(0x7fce58070370 0x7fce5810a9f0 unknown :-1 s=BANNER_CONNECTING pgs=0 cs=0 l=1 rev1=0 rx=0 tx=0)._handle_peer_banner_payload supported=1 required=0
2023-12-06T03:21:14.539 INFO:teuthology.orchestra.run.smithi055.stderr:/usr/bin/ceph:
2023-12-06T03:21:14.535+0000 7fce5c9bb700 1 --2- >> [v2:172.21.15.55:3300/0,v1:172.21.15.55:6789/0] conn(0x7fce58070370 0x7fce5810a9f0 unknown :-1 s=HELLO_CONNECTING pgs=0 cs=0 l=1 rev1=1 rx=0 tx=0).handle_hello peer v2:172.21.15.55:3300/0 says I am v2:172.21.15.55:37956/0 (socket says 172.21.15.55:37956)
2023-12-06T03:21:14.539 INFO:teuthology.orchestra.run.smithi055.stderr:/usr/bin/ceph:
2023-12-06T03:21:14.535+0000 7fce5c9bb700 1 -- 172.21.15.55:0/3344366821 learned_addr learned my addr 172.21.15.55:0/3344366821 (peer_addr_for_me v2:172.21.15.55:0/0)
2023-12-06T03:21:14.539 INFO:teuthology.orchestra.run.smithi055.stderr:/usr/bin/ceph:
2023-12-06T03:21:14.535+0000 7fce5c9bb700 1 -- 172.21.15.55:0/3344366821 --> [v2:172.21.15.55:3300/0,v1:172.21.15.55:6789/0] -- mon_subscribe({config=0+,monmap=0+}) v3 -- 0x7fce4c00b200 con 0x7fce58070370
2023-12-06T03:21:14.539 INFO:teuthology.orchestra.run.smithi055.stderr:/usr/bin/ceph:
2023-12-06T03:21:14.535+0000 7fce5c9bb700 1 --2- 172.21.15.55:0/3344366821 >> [v2:172.21.15.55:3300/0,v1:172.21.15.55:6789/0] conn(0x7fce58070370 0x7fce5810a9f0 secure :-1 s=READY pgs=65 cs=0 l=1 rev1=1 rx=0x7fce4c00e040 tx=0x7fce4c006ee0).ready entity=mon.0 client_cookie=0 server_cookie=0 in_seq=0 out_seq=0
2023-12-06T03:21:14.539 INFO:teuthology.orchestra.run.smithi055.stderr:/usr/bin/ceph:
2023-12-06T03:21:14.535+0000 7fce557fa700 1 -- 172.21.15.55:0/3344366821 <== mon.0 v2:172.21.15.55:3300/0 1 ==== mon_map magic: 0 v1 ==== 229+0+0 (secure 0 0 0) 0x7fce4c00d9f0 con 0x7fce58070370
2023-12-06T03:21:14.539 INFO:teuthology.orchestra.run.smithi055.stderr:/usr/bin/ceph:
2023-12-06T03:21:14.535+0000 7fce557fa700 1 -- 172.21.15.55:0/3344366821 <== mon.0 v2:172.21.15.55:3300/0 2 ==== config(25 keys) v1 ==== 1010+0+0 (secure 0 0 0) 0x7fce4c01a9f0 con 0x7fce58070370
2023-12-06T03:21:14.539 INFO:teuthology.orchestra.run.smithi055.stderr:/usr/bin/ceph:
2023-12-06T03:21:14.535+0000 7fce5ec1f700 1 -- 172.21.15.55:0/3344366821 --> [v2:172.21.15.55:3300/0,v1:172.21.15.55:6789/0] -- mon_subscribe({mgrmap=0+}) v3 -- 0x7fce5810b0e0 con 0x7fce58070370
2023-12-06T03:21:14.539 INFO:teuthology.orchestra.run.smithi055.stderr:/usr/bin/ceph:
2023-12-06T03:21:14.535+0000 7fce557fa700 1 -- 172.21.15.55:0/3344366821 <== mon.0 v2:172.21.15.55:3300/0 3 ==== mon_map magic: 0 v1 ==== 229+0+0 (secure 0 0 0) 0x7fce4c01b890 con 0x7fce58070370
2023-12-06T03:21:14.540 INFO:teuthology.orchestra.run.smithi055.stderr:/usr/bin/ceph:
2023-12-06T03:21:14.535+0000 7fce5ec1f700 1 -- 172.21.15.55:0/3344366821 --> [v2:172.21.15.55:3300/0,v1:172.21.15.55:6789/0] -- mon_subscribe({osdmap=0}) v3 -- 0x7fce5810b4f0 con 0x7fce58070370
2023-12-06T03:21:14.540 INFO:teuthology.orchestra.run.smithi055.stderr:/usr/bin/ceph:
2023-12-06T03:21:14.536+0000 7fce557fa700 1 -- 172.21.15.55:0/3344366821 <== mon.0 v2:172.21.15.55:3300/0 4 ==== mgrmap(e 12) v1 ==== 36195+0+0 (secure 0 0 0) 0x7fce4c00f070 con 0x7fce58070370
2023-12-06T03:21:14.540 INFO:teuthology.orchestra.run.smithi055.stderr:/usr/bin/ceph:
2023-12-06T03:21:14.536+0000 7fce5ec1f700 1 -- 172.21.15.55:0/3344366821 --> [v2:172.21.15.55:3300/0,v1:172.21.15.55:6789/0] -- mon_command({"prefix": "get_command_descriptions"} v 0) v1 -- 0x7fce58045ad0 con 0x7fce58070370
2023-12-06T03:21:14.541 INFO:teuthology.orchestra.run.smithi055.stderr:/usr/bin/ceph:
2023-12-06T03:21:14.537+0000 7fce557fa700 1 --2- 172.21.15.55:0/3344366821 >> [v2:172.21.15.55:6800/1826150465,v1:172.21.15.55:6801/1826150465] conn(0x7fce3c02feb0 0x7fce3c032370 unknown :-1 s=NONE pgs=0 cs=0 l=1 rev1=0 rx=0 tx=0).connect
2023-12-06T03:21:14.541 INFO:teuthology.orchestra.run.smithi055.stderr:/usr/bin/ceph:
2023-12-06T03:21:14.537+0000 7fce557fa700 1 -- 172.21.15.55:0/3344366821 <== mon.0 v2:172.21.15.55:3300/0 5 ==== osd_map(3..3 src has 1..3) v4 ==== 1098+0+0 (secure 0 0 0) 0x7fce4c0414e0 con 0x7fce58070370
2023-12-06T03:21:14.541 INFO:teuthology.orchestra.run.smithi055.stderr:/usr/bin/ceph:
2023-12-06T03:21:14.537+0000 7fce57fff700 1 --2- 172.21.15.55:0/3344366821 >> [v2:172.21.15.55:6800/1826150465,v1:172.21.15.55:6801/1826150465] conn(0x7fce3c02feb0 0x7fce3c032370 unknown :-1 s=BANNER_CONNECTING pgs=0 cs=0 l=1 rev1=0 rx=0 tx=0)._handle_peer_banner_payload supported=1 required=0
2023-12-06T03:21:14.541 INFO:teuthology.orchestra.run.smithi055.stderr:/usr/bin/ceph:
2023-12-06T03:21:14.537+0000 7fce57fff700 1 --2- 172.21.15.55:0/3344366821 >> [v2:172.21.15.55:6800/1826150465,v1:172.21.15.55:6801/1826150465] conn(0x7fce3c02feb0 0x7fce3c032370 secure :-1 s=READY pgs=9 cs=0 l=1 rev1=1 rx=0x7fce440096a0 tx=0x7fce44006b40).ready entity=mgr.14144 client_cookie=0 server_cookie=0 in_seq=0 out_seq=0
2023-12-06T03:21:14.542 INFO:teuthology.orchestra.run.smithi055.stderr:/usr/bin/ceph:
2023-12-06T03:21:14.541+0000 7fce557fa700 1 -- 172.21.15.55:0/3344366821 <== mon.0 v2:172.21.15.55:3300/0 6 ==== mon_command_ack([{"prefix": "get_command_descriptions"}]=0 v0) v1 ==== 72+0+152212 (secure 0 0 0) 0x7fce4c022d70 con 0x7fce58070370
2023-12-06T03:21:14.707 INFO:teuthology.orchestra.run.smithi055.stderr:/usr/bin/ceph:
2023-12-06T03:21:14.705+0000 7fce5ec1f700 1 -- 172.21.15.55:0/3344366821 --> [v2:172.21.15.55:3300/0,v1:172.21.15.55:6789/0] -- mon_command([{prefix=config set, name=mgr/cephadm/container_init}] v 0) v1 -- 0x7fce580ffb00 con 0x7fce58070370
2023-12-06T03:21:14.712 INFO:teuthology.orchestra.run.smithi055.stderr:/usr/bin/ceph:
2023-12-06T03:21:14.710+0000 7fce557fa700 1 -- 172.21.15.55:0/3344366821 <== mon.0 v2:172.21.15.55:3300/0 7 ==== mon_command_ack([{prefix=config set, name=mgr/cephadm/container_init}]=0 v8)=0 v8) v1 ==== 142+0+0 (secure 0 0 0) 0x7fce4c0160d0 con 0x7fce58070370
2023-12-06T03:21:14.716 INFO:teuthology.orchestra.run.smithi055.stderr:/usr/bin/ceph:
2023-12-06T03:21:14.712+0000 7fce5ec1f700 1 -- 172.21.15.55:0/3344366821 >> [v2:172.21.15.55:6800/1826150465,v1:172.21.15.55:6801/1826150465] conn(0x7fce3c02feb0 msgr2=0x7fce3c032370 secure :-1 s=STATE_CONNECTION_ESTABLISHED l=1).mark_down
2023-12-06T03:21:14.716 INFO:teuthology.orchestra.run.smithi055.stderr:/usr/bin/ceph:
2023-12-06T03:21:14.712+0000 7fce5ec1f700 1 --2- 172.21.15.55:0/3344366821 >> [v2:172.21.15.55:6800/1826150465,v1:172.21.15.55:6801/1826150465] conn(0x7fce3c02feb0 0x7fce3c032370 secure :-1 s=READY pgs=9 cs=0 l=1 rev1=1 rx=0x7fce440096a0 tx=0x7fce44006b40).stop
2023-12-06T03:21:14.716 INFO:teuthology.orchestra.run.smithi055.stderr:/usr/bin/ceph:
2023-12-06T03:21:14.712+0000 7fce5ec1f700 1 -- 172.21.15.55:0/3344366821 >> [v2:172.21.15.55:3300/0,v1:172.21.15.55:6789/0] conn(0x7fce58070370 msgr2=0x7fce5810a9f0 secure :-1 s=STATE_CONNECTION_ESTABLISHED l=1).mark_down
2023-12-06T03:21:14.716 INFO:teuthology.orchestra.run.smithi055.stderr:/usr/bin/ceph:
2023-12-06T03:21:14.712+0000 7fce5ec1f700 1 --2- 172.21.15.55:0/3344366821 >> [v2:172.21.15.55:3300/0,v1:172.21.15.55:6789/0] conn(0x7fce58070370 0x7fce5810a9f0 secure :-1 s=READY pgs=65 cs=0 l=1 rev1=1 rx=0x7fce4c00e040 tx=0x7fce4c006ee0).stop
2023-12-06T03:21:14.716 INFO:teuthology.orchestra.run.smithi055.stderr:/usr/bin/ceph:
2023-12-06T03:21:14.713+0000 7fce5ec1f700 1 -- 172.21.15.55:0/3344366821 shutdown_connections
2023-12-06T03:21:14.716 INFO:teuthology.orchestra.run.smithi055.stderr:/usr/bin/ceph:
2023-12-06T03:21:14.713+0000 7fce5ec1f700 1 --2- 172.21.15.55:0/3344366821 >> [v2:172.21.15.55:6800/1826150465,v1:172.21.15.55:6801/1826150465] conn(0x7fce3c02feb0 0x7fce3c032370 unknown :-1 s=CLOSED pgs=9 cs=0 l=1 rev1=1 rx=0 tx=0).stop
2023-12-06T03:21:14.717 INFO:teuthology.orchestra.run.smithi055.stderr:/usr/bin/ceph:
2023-12-06T03:21:14.713+0000 7fce5ec1f700 1 --2- 172.21.15.55:0/3344366821 >> [v2:172.21.15.55:3300/0,v1:172.21.15.55:6789/0] conn(0x7fce58070370 0x7fce5810a9f0 unknown :-1 s=CLOSED pgs=65 cs=0 l=1 rev1=1 rx=0 tx=0).stop
2023-12-06T03:21:14.717 INFO:teuthology.orchestra.run.smithi055.stderr:/usr/bin/ceph:
2023-12-06T03:21:14.713+0000 7fce5ec1f700 1 -- 172.21.15.55:0/3344366821 >> 172.21.15.55:0/3344366821 conn(0x7fce580f63c0 msgr2=0x7fce580f7fc0 unknown :-1 s=STATE_NONE l=0).mark_down
2023-12-06T03:21:14.717 INFO:teuthology.orchestra.run.smithi055.stderr:/usr/bin/ceph:
2023-12-06T03:21:14.713+0000 7fce5ec1f700 1 -- 172.21.15.55:0/3344366821 shutdown_connections
2023-12-06T03:21:14.717 INFO:teuthology.orchestra.run.smithi055.stderr:/usr/bin/ceph:
2023-12-06T03:21:14.713+0000 7fce5ec1f700 1 -- 172.21.15.55:0/3344366821 wait complete.
2023-12-06T03:21:15.008 INFO:journalctl@ceph.mon.smithi055.smithi055.stdout:Dec 06 03:21:14 smithi055 ceph-5555246c-93e6-11ee-95a2-87774f69a715-mon.smithi055[111758]: audit
2023-12-06T03:21:13.791135+0000 mgr.smithi055.qjkkyb (mgr.14144) 7 : audit [DBG] from='client.14156 -' entity='client.admin' cmd=[{"prefix": "orch apply", "service_type": "alertmanager", "target": ["mon-mgr", ""]}]: dispatch
2023-12-06T03:21:15.008 INFO:journalctl@ceph.mon.smithi055.smithi055.stdout:Dec 06 03:21:14 smithi055 ceph-5555246c-93e6-11ee-95a2-87774f69a715-mon.smithi055[111758]: cephadm
2023-12-06T03:21:13.791729+0000 mgr.smithi055.qjkkyb (mgr.14144) 8 : cephadm [INF] Saving service alertmanager spec with placement count:1
2023-12-06T03:21:15.008 INFO:journalctl@ceph.mon.smithi055.smithi055.stdout:Dec 06 03:21:14 smithi055 ceph-5555246c-93e6-11ee-95a2-87774f69a715-mon.smithi055[111758]: audit
2023-12-06T03:21:14.711919+0000 mon.smithi055 (mon.0) 83 : audit [INF] from='client.? 172.21.15.55:0/3344366821' entity='client.admin'
2023-12-06T03:21:15.072 INFO:teuthology.orchestra.run.smithi055.stderr:Running command: /bin/podman run --rm --ipc=host --no-hosts --net=host --entrypoint /usr/bin/ceph --init -e CONTAINER_IMAGE=docker.io/ceph/ceph:v16.2.4 -e NODE_NAME=smithi055 -e CEPH_USE_RANDOM_NONCE=1 -v /var/log/ceph/5555246c-93e6-11ee-95a2-87774f69a715:/var/log/ceph:z -v /tmp/ceph-tmp_7luko1q:/etc/ceph/ceph.client.admin.keyring:z -v /tmp/ceph-tmp5oc6c81u:/etc/ceph/ceph.conf:z docker.io/ceph/ceph:v16.2.4 config set mgr mgr/dashboard/ssl_server_port 8443
2023-12-06T03:21:15.459 INFO:teuthology.orchestra.run.smithi055.stderr:/usr/bin/ceph:
2023-12-06T03:21:15.456+0000 7f8d13fff700 1 Processor -- start
2023-12-06T03:21:15.459 INFO:teuthology.orchestra.run.smithi055.stderr:/usr/bin/ceph:
2023-12-06T03:21:15.456+0000 7f8d13fff700 1 -- start start
2023-12-06T03:21:15.459 INFO:teuthology.orchestra.run.smithi055.stderr:/usr/bin/ceph:
2023-12-06T03:21:15.456+0000 7f8d13fff700 1 --2- >> [v2:172.21.15.55:3300/0,v1:172.21.15.55:6789/0] conn(0x7f8d140703b0 0x7f8d14100bb0 unknown :-1 s=NONE pgs=0 cs=0 l=0 rev1=0 rx=0 tx=0).connect
2023-12-06T03:21:15.459 INFO:teuthology.orchestra.run.smithi055.stderr:/usr/bin/ceph:
2023-12-06T03:21:15.456+0000 7f8d13fff700 1 -- --> [v2:172.21.15.55:3300/0,v1:172.21.15.55:6789/0] -- mon_getmap magic: 0 v1 -- 0x7f8d140fc5a0 con 0x7f8d140703b0
2023-12-06T03:21:15.459 INFO:teuthology.orchestra.run.smithi055.stderr:/usr/bin/ceph:
2023-12-06T03:21:15.457+0000 7f8d12ffd700 1 --2- >> [v2:172.21.15.55:3300/0,v1:172.21.15.55:6789/0] conn(0x7f8d140703b0 0x7f8d14100bb0 unknown :-1 s=BANNER_CONNECTING pgs=0 cs=0 l=0 rev1=0 rx=0 tx=0)._handle_peer_banner_payload supported=1 required=0
2023-12-06T03:21:15.459 INFO:teuthology.orchestra.run.smithi055.stderr:/usr/bin/ceph:
2023-12-06T03:21:15.457+0000 7f8d12ffd700 1 --2- >> [v2:172.21.15.55:3300/0,v1:172.21.15.55:6789/0] conn(0x7f8d140703b0 0x7f8d14100bb0 unknown :-1 s=HELLO_CONNECTING pgs=0 cs=0 l=0 rev1=1 rx=0 tx=0).handle_hello peer v2:172.21.15.55:3300/0 says I am v2:172.21.15.55:37958/0 (socket says 172.21.15.55:37958)
2023-12-06T03:21:15.459 INFO:teuthology.orchestra.run.smithi055.stderr:/usr/bin/ceph:
2023-12-06T03:21:15.457+0000 7f8d12ffd700 1 -- 172.21.15.55:0/4283058924 learned_addr learned my addr 172.21.15.55:0/4283058924 (peer_addr_for_me v2:172.21.15.55:0/0)
2023-12-06T03:21:15.459 INFO:teuthology.orchestra.run.smithi055.stderr:/usr/bin/ceph:
2023-12-06T03:21:15.457+0000 7f8d12ffd700 1 -- 172.21.15.55:0/4283058924 --> [v2:172.21.15.55:3300/0,v1:172.21.15.55:6789/0] -- mon_subscribe({config=0+,monmap=0+}) v3 -- 0x7f8d141010a0 con 0x7f8d140703b0
2023-12-06T03:21:15.460 INFO:teuthology.orchestra.run.smithi055.stderr:/usr/bin/ceph:
2023-12-06T03:21:15.457+0000 7f8d12ffd700 1 --2- 172.21.15.55:0/4283058924 >> [v2:172.21.15.55:3300/0,v1:172.21.15.55:6789/0] conn(0x7f8d140703b0 0x7f8d14100bb0 secure :-1 s=READY pgs=66 cs=0 l=1 rev1=1 rx=0x7f8d0400b5f0 tx=0x7f8d04006ee0).ready entity=mon.0 client_cookie=e4e92c9efd3fffe7 server_cookie=0 in_seq=0 out_seq=0
2023-12-06T03:21:15.460 INFO:teuthology.orchestra.run.smithi055.stderr:/usr/bin/ceph:
2023-12-06T03:21:15.457+0000 7f8d11ffb700 1 -- 172.21.15.55:0/4283058924 <== mon.0 v2:172.21.15.55:3300/0 1 ==== mon_map magic: 0 v1 ==== 229+0+0 (secure 0 0 0) 0x7f8d0400d600 con 0x7f8d140703b0
2023-12-06T03:21:15.460 INFO:teuthology.orchestra.run.smithi055.stderr:/usr/bin/ceph:
2023-12-06T03:21:15.457+0000 7f8d11ffb700 1 -- 172.21.15.55:0/4283058924 <== mon.0 v2:172.21.15.55:3300/0 2 ==== config(25 keys) v1 ==== 1010+0+0 (secure 0 0 0) 0x7f8d0400dbd0 con 0x7f8d140703b0
2023-12-06T03:21:15.461 INFO:teuthology.orchestra.run.smithi055.stderr:/usr/bin/ceph:
2023-12-06T03:21:15.457+0000 7f8d11ffb700 1 -- 172.21.15.55:0/4283058924 <== mon.0 v2:172.21.15.55:3300/0 3 ==== mon_map magic: 0 v1 ==== 229+0+0 (secure 0 0 0) 0x7f8d04011c00 con 0x7f8d140703b0
2023-12-06T03:21:15.461 INFO:teuthology.orchestra.run.smithi055.stderr:/usr/bin/ceph:
2023-12-06T03:21:15.458+0000 7f8d13fff700 1 -- 172.21.15.55:0/4283058924 >> [v2:172.21.15.55:3300/0,v1:172.21.15.55:6789/0] conn(0x7f8d140703b0 msgr2=0x7f8d14100bb0 secure :-1 s=STATE_CONNECTION_ESTABLISHED l=1).mark_down
2023-12-06T03:21:15.461 INFO:teuthology.orchestra.run.smithi055.stderr:/usr/bin/ceph:
2023-12-06T03:21:15.458+0000 7f8d13fff700 1 --2- 172.21.15.55:0/4283058924 >> [v2:172.21.15.55:3300/0,v1:172.21.15.55:6789/0] conn(0x7f8d140703b0 0x7f8d14100bb0 secure :-1 s=READY pgs=66 cs=0 l=1 rev1=1 rx=0x7f8d0400b5f0 tx=0x7f8d04006ee0).stop
2023-12-06T03:21:15.461 INFO:teuthology.orchestra.run.smithi055.stderr:/usr/bin/ceph:
2023-12-06T03:21:15.458+0000 7f8d13fff700 1 -- 172.21.15.55:0/4283058924 shutdown_connections
2023-12-06T03:21:15.461 INFO:teuthology.orchestra.run.smithi055.stderr:/usr/bin/ceph:
2023-12-06T03:21:15.458+0000 7f8d13fff700 1 --2- 172.21.15.55:0/4283058924 >> [v2:172.21.15.55:3300/0,v1:172.21.15.55:6789/0] conn(0x7f8d140703b0 0x7f8d14100bb0 unknown :-1 s=CLOSED pgs=66 cs=0 l=1 rev1=1 rx=0 tx=0).stop
2023-12-06T03:21:15.461 INFO:teuthology.orchestra.run.smithi055.stderr:/usr/bin/ceph:
2023-12-06T03:21:15.458+0000 7f8d13fff700 1 -- 172.21.15.55:0/4283058924 >> 172.21.15.55:0/4283058924 conn(0x7f8d140f6210 msgr2=0x7f8d140f8630 unknown :-1 s=STATE_NONE l=0).mark_down
2023-12-06T03:21:15.461 INFO:teuthology.orchestra.run.smithi055.stderr:/usr/bin/ceph:
2023-12-06T03:21:15.458+0000 7f8d13fff700 1 -- 172.21.15.55:0/4283058924 shutdown_connections
2023-12-06T03:21:15.461 INFO:teuthology.orchestra.run.smithi055.stderr:/usr/bin/ceph:
2023-12-06T03:21:15.458+0000 7f8d13fff700 1 -- 172.21.15.55:0/4283058924 wait complete.
2023-12-06T03:21:15.461 INFO:teuthology.orchestra.run.smithi055.stderr:/usr/bin/ceph:
2023-12-06T03:21:15.459+0000 7f8d13fff700 1 Processor -- start
2023-12-06T03:21:15.461 INFO:teuthology.orchestra.run.smithi055.stderr:/usr/bin/ceph:
2023-12-06T03:21:15.459+0000 7f8d13fff700 1 -- start start
2023-12-06T03:21:15.461 INFO:teuthology.orchestra.run.smithi055.stderr:/usr/bin/ceph:
2023-12-06T03:21:15.459+0000 7f8d13fff700 1 --2- >> [v2:172.21.15.55:3300/0,v1:172.21.15.55:6789/0] conn(0x7f8d140703b0 0x7f8d1410ca70 unknown :-1 s=NONE pgs=0 cs=0 l=1 rev1=0 rx=0 tx=0).connect
2023-12-06T03:21:15.461 INFO:teuthology.orchestra.run.smithi055.stderr:/usr/bin/ceph:
2023-12-06T03:21:15.459+0000 7f8d13fff700 1 -- --> [v2:172.21.15.55:3300/0,v1:172.21.15.55:6789/0] -- mon_getmap magic: 0 v1 -- 0x7f8d1410cf60 con 0x7f8d140703b0
2023-12-06T03:21:15.462 INFO:teuthology.orchestra.run.smithi055.stderr:/usr/bin/ceph:
2023-12-06T03:21:15.459+0000 7f8d12ffd700 1 --2- >> [v2:172.21.15.55:3300/0,v1:172.21.15.55:6789/0] conn(0x7f8d140703b0 0x7f8d1410ca70 unknown :-1 s=BANNER_CONNECTING pgs=0 cs=0 l=1 rev1=0 rx=0 tx=0)._handle_peer_banner_payload supported=1 required=0
2023-12-06T03:21:15.463 INFO:teuthology.orchestra.run.smithi055.stderr:/usr/bin/ceph:
2023-12-06T03:21:15.459+0000 7f8d12ffd700 1 --2- >> [v2:172.21.15.55:3300/0,v1:172.21.15.55:6789/0] conn(0x7f8d140703b0 0x7f8d1410ca70 unknown :-1 s=HELLO_CONNECTING pgs=0 cs=0 l=1 rev1=1 rx=0 tx=0).handle_hello peer v2:172.21.15.55:3300/0 says I am v2:172.21.15.55:37974/0 (socket says 172.21.15.55:37974)
2023-12-06T03:21:15.463 INFO:teuthology.orchestra.run.smithi055.stderr:/usr/bin/ceph:
2023-12-06T03:21:15.459+0000 7f8d12ffd700 1 -- 172.21.15.55:0/2634771409 learned_addr learned my addr 172.21.15.55:0/2634771409 (peer_addr_for_me v2:172.21.15.55:0/0)
2023-12-06T03:21:15.463 INFO:teuthology.orchestra.run.smithi055.stderr:/usr/bin/ceph:
2023-12-06T03:21:15.459+0000 7f8d12ffd700 1 -- 172.21.15.55:0/2634771409 --> [v2:172.21.15.55:3300/0,v1:172.21.15.55:6789/0] -- mon_subscribe({config=0+,monmap=0+}) v3 -- 0x7f8d0400b200 con 0x7f8d140703b0
2023-12-06T03:21:15.463 INFO:teuthology.orchestra.run.smithi055.stderr:/usr/bin/ceph:
2023-12-06T03:21:15.460+0000 7f8d12ffd700 1 --2- 172.21.15.55:0/2634771409 >> [v2:172.21.15.55:3300/0,v1:172.21.15.55:6789/0] conn(0x7f8d140703b0 0x7f8d1410ca70 secure :-1 s=READY pgs=67 cs=0 l=1 rev1=1 rx=0x7f8d0400e040 tx=0x7f8d04006ee0).ready entity=mon.0 client_cookie=0 server_cookie=0 in_seq=0 out_seq=0
2023-12-06T03:21:15.463 INFO:teuthology.orchestra.run.smithi055.stderr:/usr/bin/ceph:
2023-12-06T03:21:15.460+0000 7f8d0b7fe700 1 -- 172.21.15.55:0/2634771409 <== mon.0 v2:172.21.15.55:3300/0 1 ==== mon_map magic: 0 v1 ==== 229+0+0 (secure 0 0 0) 0x7f8d0400d9f0 con 0x7f8d140703b0
2023-12-06T03:21:15.463 INFO:teuthology.orchestra.run.smithi055.stderr:/usr/bin/ceph:
2023-12-06T03:21:15.460+0000 7f8d0b7fe700 1 -- 172.21.15.55:0/2634771409 <== mon.0 v2:172.21.15.55:3300/0 2 ==== config(25 keys) v1 ==== 1010+0+0 (secure 0 0 0) 0x7f8d0401a9f0 con 0x7f8d140703b0
2023-12-06T03:21:15.463 INFO:teuthology.orchestra.run.smithi055.stderr:/usr/bin/ceph:
2023-12-06T03:21:15.460+0000 7f8d13fff700 1 -- 172.21.15.55:0/2634771409 --> [v2:172.21.15.55:3300/0,v1:172.21.15.55:6789/0] -- mon_subscribe({mgrmap=0+}) v3 -- 0x7f8d1410d160 con 0x7f8d140703b0
2023-12-06T03:21:15.463 INFO:teuthology.orchestra.run.smithi055.stderr:/usr/bin/ceph:
2023-12-06T03:21:15.460+0000 7f8d0b7fe700 1 -- 172.21.15.55:0/2634771409 <== mon.0 v2:172.21.15.55:3300/0 3 ==== mon_map magic: 0 v1 ==== 229+0+0 (secure 0 0 0) 0x7f8d0401b8c0 con 0x7f8d140703b0
2023-12-06T03:21:15.463 INFO:teuthology.orchestra.run.smithi055.stderr:/usr/bin/ceph:
2023-12-06T03:21:15.460+0000 7f8d13fff700 1 -- 172.21.15.55:0/2634771409 --> [v2:172.21.15.55:3300/0,v1:172.21.15.55:6789/0] -- mon_subscribe({osdmap=0}) v3 -- 0x7f8d1410d570 con 0x7f8d140703b0
2023-12-06T03:21:15.463 INFO:teuthology.orchestra.run.smithi055.stderr:/usr/bin/ceph:
2023-12-06T03:21:15.461+0000 7f8d0b7fe700 1 -- 172.21.15.55:0/2634771409 <== mon.0 v2:172.21.15.55:3300/0 4 ==== mgrmap(e 12) v1 ==== 36195+0+0 (secure 0 0 0) 0x7f8d0400f070 con 0x7f8d140703b0
2023-12-06T03:21:15.463 INFO:teuthology.orchestra.run.smithi055.stderr:/usr/bin/ceph:
2023-12-06T03:21:15.461+0000 7f8d0b7fe700 1 --2- 172.21.15.55:0/2634771409 >> [v2:172.21.15.55:6800/1826150465,v1:172.21.15.55:6801/1826150465] conn(0x7f8cf402fe60 0x7f8cf4032320 unknown :-1 s=NONE pgs=0 cs=0 l=1 rev1=0 rx=0 tx=0).connect
2023-12-06T03:21:15.463 INFO:teuthology.orchestra.run.smithi055.stderr:/usr/bin/ceph:
2023-12-06T03:21:15.461+0000 7f8d0b7fe700 1 -- 172.21.15.55:0/2634771409 <== mon.0 v2:172.21.15.55:3300/0 5 ==== osd_map(3..3 src has 1..3) v4 ==== 1098+0+0 (secure 0 0 0) 0x7f8d04041450 con 0x7f8d140703b0
2023-12-06T03:21:15.463 INFO:teuthology.orchestra.run.smithi055.stderr:/usr/bin/ceph:
2023-12-06T03:21:15.461+0000 7f8d127fc700 1 --2- 172.21.15.55:0/2634771409 >> [v2:172.21.15.55:6800/1826150465,v1:172.21.15.55:6801/1826150465] conn(0x7f8cf402fe60 0x7f8cf4032320 unknown :-1 s=BANNER_CONNECTING pgs=0 cs=0 l=1 rev1=0 rx=0 tx=0)._handle_peer_banner_payload supported=1 required=0
2023-12-06T03:21:15.463 INFO:teuthology.orchestra.run.smithi055.stderr:/usr/bin/ceph:
2023-12-06T03:21:15.461+0000 7f8d13fff700 1 -- 172.21.15.55:0/2634771409 --> [v2:172.21.15.55:3300/0,v1:172.21.15.55:6789/0] -- mon_command({"prefix": "get_command_descriptions"} v 0) v1 -- 0x7f8d14045ad0 con 0x7f8d140703b0
2023-12-06T03:21:15.464 INFO:teuthology.orchestra.run.smithi055.stderr:/usr/bin/ceph:
2023-12-06T03:21:15.461+0000 7f8d127fc700 1 --2- 172.21.15.55:0/2634771409 >> [v2:172.21.15.55:6800/1826150465,v1:172.21.15.55:6801/1826150465] conn(0x7f8cf402fe60 0x7f8cf4032320 secure :-1 s=READY pgs=10 cs=0 l=1 rev1=1 rx=0x7f8cfc0096a0 tx=0x7f8cfc006b40).ready entity=mgr.14144 client_cookie=0 server_cookie=0 in_seq=0 out_seq=0
2023-12-06T03:21:15.467 INFO:teuthology.orchestra.run.smithi055.stderr:/usr/bin/ceph:
2023-12-06T03:21:15.466+0000 7f8d0b7fe700 1 -- 172.21.15.55:0/2634771409 <== mon.0 v2:172.21.15.55:3300/0 6 ==== mon_command_ack([{"prefix": "get_command_descriptions"}]=0 v0) v1 ==== 72+0+152212 (secure 0 0 0) 0x7f8d04016070 con 0x7f8d140703b0
2023-12-06T03:21:15.632 INFO:teuthology.orchestra.run.smithi055.stderr:/usr/bin/ceph:
2023-12-06T03:21:15.630+0000 7f8d13fff700 1 -- 172.21.15.55:0/2634771409 --> [v2:172.21.15.55:3300/0,v1:172.21.15.55:6789/0] -- mon_command([{prefix=config set, name=mgr/dashboard/ssl_server_port}] v 0) v1 -- 0x7f8d141068f0 con 0x7f8d140703b0
2023-12-06T03:21:15.637 INFO:teuthology.orchestra.run.smithi055.stderr:/usr/bin/ceph:
2023-12-06T03:21:15.636+0000 7f8d0b7fe700 1 -- 172.21.15.55:0/2634771409 <== mon.0 v2:172.21.15.55:3300/0 7 ==== mon_command_ack([{prefix=config set, name=mgr/dashboard/ssl_server_port}]=0 v9)=0 v9) v1 ==== 130+0+0 (secure 0 0 0) 0x7f8d04025460 con 0x7f8d140703b0
2023-12-06T03:21:15.640 INFO:teuthology.orchestra.run.smithi055.stderr:/usr/bin/ceph:
2023-12-06T03:21:15.638+0000 7f8d13fff700 1 -- 172.21.15.55:0/2634771409 >> [v2:172.21.15.55:6800/1826150465,v1:172.21.15.55:6801/1826150465] conn(0x7f8cf402fe60 msgr2=0x7f8cf4032320 secure :-1 s=STATE_CONNECTION_ESTABLISHED l=1).mark_down
2023-12-06T03:21:15.641 INFO:teuthology.orchestra.run.smithi055.stderr:/usr/bin/ceph:
2023-12-06T03:21:15.638+0000 7f8d13fff700 1 --2- 172.21.15.55:0/2634771409 >> [v2:172.21.15.55:6800/1826150465,v1:172.21.15.55:6801/1826150465] conn(0x7f8cf402fe60 0x7f8cf4032320 secure :-1 s=READY pgs=10 cs=0 l=1 rev1=1 rx=0x7f8cfc0096a0 tx=0x7f8cfc006b40).stop
2023-12-06T03:21:15.641 INFO:teuthology.orchestra.run.smithi055.stderr:/usr/bin/ceph:
2023-12-06T03:21:15.638+0000 7f8d13fff700 1 -- 172.21.15.55:0/2634771409 >> [v2:172.21.15.55:3300/0,v1:172.21.15.55:6789/0] conn(0x7f8d140703b0 msgr2=0x7f8d1410ca70 secure :-1 s=STATE_CONNECTION_ESTABLISHED l=1).mark_down
2023-12-06T03:21:15.641 INFO:teuthology.orchestra.run.smithi055.stderr:/usr/bin/ceph:
2023-12-06T03:21:15.638+0000 7f8d13fff700 1 --2- 172.21.15.55:0/2634771409 >> [v2:172.21.15.55:3300/0,v1:172.21.15.55:6789/0] conn(0x7f8d140703b0 0x7f8d1410ca70 secure :-1 s=READY pgs=67 cs=0 l=1 rev1=1 rx=0x7f8d0400e040 tx=0x7f8d04006ee0).stop
2023-12-06T03:21:15.641 INFO:teuthology.orchestra.run.smithi055.stderr:/usr/bin/ceph:
2023-12-06T03:21:15.638+0000 7f8d13fff700 1 -- 172.21.15.55:0/2634771409 shutdown_connections
2023-12-06T03:21:15.641 INFO:teuthology.orchestra.run.smithi055.stderr:/usr/bin/ceph:
2023-12-06T03:21:15.638+0000 7f8d13fff700 1 --2- 172.21.15.55:0/2634771409 >> [v2:172.21.15.55:6800/1826150465,v1:172.21.15.55:6801/1826150465] conn(0x7f8cf402fe60 0x7f8cf4032320 unknown :-1 s=CLOSED pgs=10 cs=0 l=1 rev1=1 rx=0 tx=0).stop
2023-12-06T03:21:15.641 INFO:teuthology.orchestra.run.smithi055.stderr:/usr/bin/ceph:
2023-12-06T03:21:15.638+0000 7f8d13fff700 1 --2- 172.21.15.55:0/2634771409 >> [v2:172.21.15.55:3300/0,v1:172.21.15.55:6789/0] conn(0x7f8d140703b0 0x7f8d1410ca70 unknown :-1 s=CLOSED pgs=67 cs=0 l=1 rev1=1 rx=0 tx=0).stop
2023-12-06T03:21:15.641 INFO:teuthology.orchestra.run.smithi055.stderr:/usr/bin/ceph:
2023-12-06T03:21:15.638+0000 7f8d13fff700 1 -- 172.21.15.55:0/2634771409 >> 172.21.15.55:0/2634771409 conn(0x7f8d140f6210 msgr2=0x7f8d140f7d10 unknown :-1 s=STATE_NONE l=0).mark_down
2023-12-06T03:21:15.642 INFO:teuthology.orchestra.run.smithi055.stderr:/usr/bin/ceph:
2023-12-06T03:21:15.638+0000 7f8d13fff700 1 -- 172.21.15.55:0/2634771409 shutdown_connections
2023-12-06T03:21:15.642 INFO:teuthology.orchestra.run.smithi055.stderr:/usr/bin/ceph:
2023-12-06T03:21:15.638+0000 7f8d13fff700 1 -- 172.21.15.55:0/2634771409 wait complete.
2023-12-06T03:21:15.980 INFO:teuthology.orchestra.run.smithi055.stderr:Enabling the dashboard module...
2023-12-06T03:21:15.980 INFO:teuthology.orchestra.run.smithi055.stderr:Running command: /bin/podman run --rm --ipc=host --no-hosts --net=host --entrypoint /usr/bin/ceph --init -e CONTAINER_IMAGE=docker.io/ceph/ceph:v16.2.4 -e NODE_NAME=smithi055 -e CEPH_USE_RANDOM_NONCE=1 -v /var/log/ceph/5555246c-93e6-11ee-95a2-87774f69a715:/var/log/ceph:z -v /tmp/ceph-tmp_7luko1q:/etc/ceph/ceph.client.admin.keyring:z -v /tmp/ceph-tmp5oc6c81u:/etc/ceph/ceph.conf:z docker.io/ceph/ceph:v16.2.4 mgr module enable dashboard
2023-12-06T03:21:16.359 INFO:teuthology.orchestra.run.smithi055.stderr:/usr/bin/ceph:
2023-12-06T03:21:16.357+0000 7f13f1e37700 1 Processor -- start
2023-12-06T03:21:16.360 INFO:teuthology.orchestra.run.smithi055.stderr:/usr/bin/ceph:
2023-12-06T03:21:16.357+0000 7f13f1e37700 1 -- start start
2023-12-06T03:21:16.360 INFO:teuthology.orchestra.run.smithi055.stderr:/usr/bin/ceph:
2023-12-06T03:21:16.357+0000 7f13f1e37700 1 --2- >> [v2:172.21.15.55:3300/0,v1:172.21.15.55:6789/0] conn(0x7f13ec0704a0 0x7f13ec0fe8f0 unknown :-1 s=NONE pgs=0 cs=0 l=0 rev1=0 rx=0 tx=0).connect
2023-12-06T03:21:16.360 INFO:teuthology.orchestra.run.smithi055.stderr:/usr/bin/ceph:
2023-12-06T03:21:16.357+0000 7f13f1e37700 1 -- --> [v2:172.21.15.55:3300/0,v1:172.21.15.55:6789/0] -- mon_getmap magic: 0 v1 -- 0x7f13ec0fede0 con 0x7f13ec0704a0
2023-12-06T03:21:16.360 INFO:teuthology.orchestra.run.smithi055.stderr:/usr/bin/ceph:
2023-12-06T03:21:16.357+0000 7f13eb7fe700 1 --2- >> [v2:172.21.15.55:3300/0,v1:172.21.15.55:6789/0] conn(0x7f13ec0704a0 0x7f13ec0fe8f0 unknown :-1 s=BANNER_CONNECTING pgs=0 cs=0 l=0 rev1=0 rx=0 tx=0)._handle_peer_banner_payload supported=1 required=0
2023-12-06T03:21:16.360 INFO:teuthology.orchestra.run.smithi055.stderr:/usr/bin/ceph:
2023-12-06T03:21:16.357+0000 7f13eb7fe700 1 --2- >> [v2:172.21.15.55:3300/0,v1:172.21.15.55:6789/0] conn(0x7f13ec0704a0 0x7f13ec0fe8f0 unknown :-1 s=HELLO_CONNECTING pgs=0 cs=0 l=0 rev1=1 rx=0 tx=0).handle_hello peer v2:172.21.15.55:3300/0 says I am v2:172.21.15.55:37978/0 (socket says 172.21.15.55:37978)
2023-12-06T03:21:16.360 INFO:teuthology.orchestra.run.smithi055.stderr:/usr/bin/ceph:
2023-12-06T03:21:16.357+0000 7f13eb7fe700 1 -- 172.21.15.55:0/2068626261 learned_addr learned my addr 172.21.15.55:0/2068626261 (peer_addr_for_me v2:172.21.15.55:0/0)
2023-12-06T03:21:16.360 INFO:teuthology.orchestra.run.smithi055.stderr:/usr/bin/ceph:
2023-12-06T03:21:16.357+0000 7f13eb7fe700 1 -- 172.21.15.55:0/2068626261 --> [v2:172.21.15.55:3300/0,v1:172.21.15.55:6789/0] -- mon_subscribe({config=0+,monmap=0+}) v3 -- 0x7f13ec0fef20 con 0x7f13ec0704a0
2023-12-06T03:21:16.360 INFO:teuthology.orchestra.run.smithi055.stderr:/usr/bin/ceph:
2023-12-06T03:21:16.358+0000 7f13eb7fe700 1 --2- 172.21.15.55:0/2068626261 >> [v2:172.21.15.55:3300/0,v1:172.21.15.55:6789/0] conn(0x7f13ec0704a0 0x7f13ec0fe8f0 secure :-1 s=READY pgs=68 cs=0 l=1 rev1=1 rx=0x7f13dc00b5f0 tx=0x7f13dc006ee0).ready entity=mon.0 client_cookie=13d0f664a87cfc87 server_cookie=0 in_seq=0 out_seq=0
2023-12-06T03:21:16.362 INFO:teuthology.orchestra.run.smithi055.stderr:/usr/bin/ceph:
2023-12-06T03:21:16.358+0000 7f13ea7fc700 1 -- 172.21.15.55:0/2068626261 <== mon.0 v2:172.21.15.55:3300/0 1 ==== mon_map magic: 0 v1 ==== 229+0+0 (secure 0 0 0) 0x7f13dc00d600 con 0x7f13ec0704a0
2023-12-06T03:21:16.362 INFO:teuthology.orchestra.run.smithi055.stderr:/usr/bin/ceph:
2023-12-06T03:21:16.358+0000 7f13ea7fc700 1 -- 172.21.15.55:0/2068626261 <== mon.0 v2:172.21.15.55:3300/0 2 ==== config(25 keys) v1 ==== 1010+0+0 (secure 0 0 0) 0x7f13dc00dbd0 con 0x7f13ec0704a0
2023-12-06T03:21:16.363 INFO:teuthology.orchestra.run.smithi055.stderr:/usr/bin/ceph:
2023-12-06T03:21:16.358+0000 7f13ea7fc700 1 -- 172.21.15.55:0/2068626261 <== mon.0 v2:172.21.15.55:3300/0 3 ==== mon_map magic: 0 v1 ==== 229+0+0 (secure 0 0 0) 0x7f13dc011c00 con 0x7f13ec0704a0
2023-12-06T03:21:16.363 INFO:teuthology.orchestra.run.smithi055.stderr:/usr/bin/ceph:
2023-12-06T03:21:16.358+0000 7f13f1e37700 1 -- 172.21.15.55:0/2068626261 >> [v2:172.21.15.55:3300/0,v1:172.21.15.55:6789/0] conn(0x7f13ec0704a0 msgr2=0x7f13ec0fe8f0 secure :-1 s=STATE_CONNECTION_ESTABLISHED l=1).mark_down
2023-12-06T03:21:16.363 INFO:teuthology.orchestra.run.smithi055.stderr:/usr/bin/ceph:
2023-12-06T03:21:16.358+0000 7f13f1e37700 1 --2- 172.21.15.55:0/2068626261 >> [v2:172.21.15.55:3300/0,v1:172.21.15.55:6789/0] conn(0x7f13ec0704a0 0x7f13ec0fe8f0 secure :-1 s=READY pgs=68 cs=0 l=1 rev1=1 rx=0x7f13dc00b5f0 tx=0x7f13dc006ee0).stop
2023-12-06T03:21:16.363 INFO:teuthology.orchestra.run.smithi055.stderr:/usr/bin/ceph:
2023-12-06T03:21:16.358+0000 7f13f1e37700 1 -- 172.21.15.55:0/2068626261 shutdown_connections
2023-12-06T03:21:16.363 INFO:teuthology.orchestra.run.smithi055.stderr:/usr/bin/ceph:
2023-12-06T03:21:16.358+0000 7f13f1e37700 1 --2- 172.21.15.55:0/2068626261 >> [v2:172.21.15.55:3300/0,v1:172.21.15.55:6789/0] conn(0x7f13ec0704a0 0x7f13ec0fe8f0 unknown :-1 s=CLOSED pgs=68 cs=0 l=1 rev1=1 rx=0 tx=0).stop
2023-12-06T03:21:16.363 INFO:teuthology.orchestra.run.smithi055.stderr:/usr/bin/ceph:
2023-12-06T03:21:16.358+0000 7f13f1e37700 1 -- 172.21.15.55:0/2068626261 >> 172.21.15.55:0/2068626261 conn(0x7f13ec0f63b0 msgr2=0x7f13ec0f87d0 unknown :-1 s=STATE_NONE l=0).mark_down
2023-12-06T03:21:16.363 INFO:teuthology.orchestra.run.smithi055.stderr:/usr/bin/ceph:
2023-12-06T03:21:16.359+0000 7f13f1e37700 1 -- 172.21.15.55:0/2068626261 shutdown_connections
2023-12-06T03:21:16.363 INFO:teuthology.orchestra.run.smithi055.stderr:/usr/bin/ceph:
2023-12-06T03:21:16.359+0000 7f13f1e37700 1 -- 172.21.15.55:0/2068626261 wait complete.
2023-12-06T03:21:16.363 INFO:teuthology.orchestra.run.smithi055.stderr:/usr/bin/ceph:
2023-12-06T03:21:16.359+0000 7f13f1e37700 1 Processor -- start
2023-12-06T03:21:16.363 INFO:teuthology.orchestra.run.smithi055.stderr:/usr/bin/ceph:
2023-12-06T03:21:16.359+0000 7f13f1e37700 1 -- start start
2023-12-06T03:21:16.363 INFO:teuthology.orchestra.run.smithi055.stderr:/usr/bin/ceph:
2023-12-06T03:21:16.360+0000 7f13f1e37700 1 --2- >> [v2:172.21.15.55:3300/0,v1:172.21.15.55:6789/0] conn(0x7f13ec0704a0 0x7f13ec0fc370 unknown :-1 s=NONE pgs=0 cs=0 l=1 rev1=0 rx=0 tx=0).connect
2023-12-06T03:21:16.363 INFO:teuthology.orchestra.run.smithi055.stderr:/usr/bin/ceph:
2023-12-06T03:21:16.360+0000 7f13f1e37700 1 -- --> [v2:172.21.15.55:3300/0,v1:172.21.15.55:6789/0] -- mon_getmap magic: 0 v1 -- 0x7f13ec0fa7f0 con 0x7f13ec0704a0
2023-12-06T03:21:16.363 INFO:teuthology.orchestra.run.smithi055.stderr:/usr/bin/ceph:
2023-12-06T03:21:16.360+0000 7f13eb7fe700 1 --2- >> [v2:172.21.15.55:3300/0,v1:172.21.15.55:6789/0] conn(0x7f13ec0704a0 0x7f13ec0fc370 unknown :-1 s=BANNER_CONNECTING pgs=0 cs=0 l=1 rev1=0 rx=0 tx=0)._handle_peer_banner_payload supported=1 required=0
2023-12-06T03:21:16.363 INFO:teuthology.orchestra.run.smithi055.stderr:/usr/bin/ceph:
2023-12-06T03:21:16.360+0000 7f13eb7fe700 1 --2- >> [v2:172.21.15.55:3300/0,v1:172.21.15.55:6789/0] conn(0x7f13ec0704a0 0x7f13ec0fc370 unknown :-1 s=HELLO_CONNECTING pgs=0 cs=0 l=1 rev1=1 rx=0 tx=0).handle_hello peer v2:172.21.15.55:3300/0 says I am v2:172.21.15.55:37984/0 (socket says 172.21.15.55:37984)
2023-12-06T03:21:16.363 INFO:teuthology.orchestra.run.smithi055.stderr:/usr/bin/ceph:
2023-12-06T03:21:16.360+0000 7f13eb7fe700 1 -- 172.21.15.55:0/2700857354 learned_addr learned my addr 172.21.15.55:0/2700857354 (peer_addr_for_me v2:172.21.15.55:0/0)
2023-12-06T03:21:16.364 INFO:teuthology.orchestra.run.smithi055.stderr:/usr/bin/ceph:
2023-12-06T03:21:16.360+0000 7f13eb7fe700 1 -- 172.21.15.55:0/2700857354 --> [v2:172.21.15.55:3300/0,v1:172.21.15.55:6789/0] -- mon_subscribe({config=0+,monmap=0+}) v3 -- 0x7f13dc00b200 con 0x7f13ec0704a0
2023-12-06T03:21:16.364 INFO:teuthology.orchestra.run.smithi055.stderr:/usr/bin/ceph:
2023-12-06T03:21:16.360+0000 7f13eb7fe700 1 --2- 172.21.15.55:0/2700857354 >> [v2:172.21.15.55:3300/0,v1:172.21.15.55:6789/0] conn(0x7f13ec0704a0 0x7f13ec0fc370 secure :-1 s=READY pgs=69 cs=0 l=1 rev1=1 rx=0x7f13dc00b190 tx=0x7f13dc006ee0).ready entity=mon.0 client_cookie=0 server_cookie=0 in_seq=0 out_seq=0
2023-12-06T03:21:16.364 INFO:teuthology.orchestra.run.smithi055.stderr:/usr/bin/ceph:
2023-12-06T03:21:16.360+0000 7f13d3fff700 1 -- 172.21.15.55:0/2700857354 <== mon.0 v2:172.21.15.55:3300/0 1 ==== mon_map magic: 0 v1 ==== 229+0+0 (secure 0 0 0) 0x7f13dc01b410 con 0x7f13ec0704a0
2023-12-06T03:21:16.364 INFO:teuthology.orchestra.run.smithi055.stderr:/usr/bin/ceph:
2023-12-06T03:21:16.361+0000 7f13d3fff700 1 -- 172.21.15.55:0/2700857354 <== mon.0 v2:172.21.15.55:3300/0 2 ==== config(25 keys) v1 ==== 1010+0+0 (secure 0 0 0) 0x7f13dc01b9e0 con 0x7f13ec0704a0
2023-12-06T03:21:16.364 INFO:teuthology.orchestra.run.smithi055.stderr:/usr/bin/ceph:
2023-12-06T03:21:16.361+0000 7f13f1e37700 1 -- 172.21.15.55:0/2700857354 --> [v2:172.21.15.55:3300/0,v1:172.21.15.55:6789/0] -- mon_subscribe({mgrmap=0+}) v3 -- 0x7f13ec0fa990 con 0x7f13ec0704a0
2023-12-06T03:21:16.364 INFO:teuthology.orchestra.run.smithi055.stderr:/usr/bin/ceph:
2023-12-06T03:21:16.361+0000 7f13d3fff700 1 -- 172.21.15.55:0/2700857354 <== mon.0 v2:172.21.15.55:3300/0 3 ==== mon_map magic: 0 v1 ==== 229+0+0 (secure 0 0 0) 0x7f13dc01a880 con 0x7f13ec0704a0
2023-12-06T03:21:16.364 INFO:teuthology.orchestra.run.smithi055.stderr:/usr/bin/ceph:
2023-12-06T03:21:16.361+0000 7f13f1e37700 1 -- 172.21.15.55:0/2700857354 --> [v2:172.21.15.55:3300/0,v1:172.21.15.55:6789/0] -- mon_subscribe({osdmap=0}) v3 -- 0x7f13ec0fada0 con 0x7f13ec0704a0
2023-12-06T03:21:16.365 INFO:teuthology.orchestra.run.smithi055.stderr:/usr/bin/ceph:
2023-12-06T03:21:16.362+0000 7f13f1e37700 1 -- 172.21.15.55:0/2700857354 --> [v2:172.21.15.55:3300/0,v1:172.21.15.55:6789/0] -- mon_command({"prefix": "get_command_descriptions"} v 0) v1 -- 0x7f13ec045ad0 con 0x7f13ec0704a0
2023-12-06T03:21:16.365 INFO:teuthology.orchestra.run.smithi055.stderr:/usr/bin/ceph:
2023-12-06T03:21:16.362+0000 7f13d3fff700 1 -- 172.21.15.55:0/2700857354 <== mon.0 v2:172.21.15.55:3300/0 4 ==== mgrmap(e 12) v1 ==== 36195+0+0 (secure 0 0 0) 0x7f13dc00f070 con 0x7f13ec0704a0
2023-12-06T03:21:16.365 INFO:teuthology.orchestra.run.smithi055.stderr:/usr/bin/ceph:
2023-12-06T03:21:16.362+0000 7f13d3fff700 1 --2- 172.21.15.55:0/2700857354 >> [v2:172.21.15.55:6800/1826150465,v1:172.21.15.55:6801/1826150465] conn(0x7f13d802feb0 0x7f13d8032370 unknown :-1 s=NONE pgs=0 cs=0 l=1 rev1=0 rx=0 tx=0).connect
2023-12-06T03:21:16.365 INFO:teuthology.orchestra.run.smithi055.stderr:/usr/bin/ceph:
2023-12-06T03:21:16.362+0000 7f13d3fff700 1 -- 172.21.15.55:0/2700857354 <== mon.0 v2:172.21.15.55:3300/0 5 ==== osd_map(3..3 src has 1..3) v4 ==== 1098+0+0 (secure 0 0 0) 0x7f13dc0413b0 con 0x7f13ec0704a0
2023-12-06T03:21:16.365 INFO:teuthology.orchestra.run.smithi055.stderr:/usr/bin/ceph:
2023-12-06T03:21:16.362+0000 7f13eaffd700 1 --2- 172.21.15.55:0/2700857354 >> [v2:172.21.15.55:6800/1826150465,v1:172.21.15.55:6801/1826150465] conn(0x7f13d802feb0 0x7f13d8032370 unknown :-1 s=BANNER_CONNECTING pgs=0 cs=0 l=1 rev1=0 rx=0 tx=0)._handle_peer_banner_payload supported=1 required=0
2023-12-06T03:21:16.365 INFO:teuthology.orchestra.run.smithi055.stderr:/usr/bin/ceph:
2023-12-06T03:21:16.363+0000 7f13eaffd700 1 --2- 172.21.15.55:0/2700857354 >> [v2:172.21.15.55:6800/1826150465,v1:172.21.15.55:6801/1826150465] conn(0x7f13d802feb0 0x7f13d8032370 secure :-1 s=READY pgs=11 cs=0 l=1 rev1=1 rx=0x7f13e00096a0 tx=0x7f13e0006b40).ready entity=mgr.14144 client_cookie=0 server_cookie=0 in_seq=0 out_seq=0
2023-12-06T03:21:16.368 INFO:teuthology.orchestra.run.smithi055.stderr:/usr/bin/ceph:
2023-12-06T03:21:16.366+0000 7f13d3fff700 1 -- 172.21.15.55:0/2700857354 <== mon.0 v2:172.21.15.55:3300/0 6 ==== mon_command_ack([{"prefix": "get_command_descriptions"}]=0 v0) v1 ==== 72+0+152212 (secure 0 0 0) 0x7f13dc019950 con 0x7f13ec0704a0
2023-12-06T03:21:16.574 INFO:teuthology.orchestra.run.smithi055.stderr:/usr/bin/ceph:
2023-12-06T03:21:16.572+0000 7f13f1e37700 1 -- 172.21.15.55:0/2700857354 --> [v2:172.21.15.55:3300/0,v1:172.21.15.55:6789/0] -- mon_command({"prefix": "mgr module enable", "module": "dashboard"} v 0) v1 -- 0x7f13ec0ffcb0 con 0x7f13ec0704a0
2023-12-06T03:21:16.638 INFO:teuthology.orchestra.run.smithi055.stderr:/usr/bin/ceph:
2023-12-06T03:21:16.636+0000 7f13d3fff700 1 -- 172.21.15.55:0/2700857354 <== mon.0 v2:172.21.15.55:3300/0 7 ==== mgrmap(e 13) v1 ==== 36208+0+0 (secure 0 0 0) 0x7f13dc01bb50 con 0x7f13ec0704a0
2023-12-06T03:21:16.639 INFO:teuthology.orchestra.run.smithi055.stderr:/usr/bin/ceph:
2023-12-06T03:21:16.637+0000 7f13d3fff700 1 -- 172.21.15.55:0/2700857354 <== mon.0 v2:172.21.15.55:3300/0 8 ==== mon_command_ack([{"prefix": "mgr module enable", "module": "dashboard"}]=0 v13) v1 ==== 88+0+0 (secure 0 0 0) 0x7f13dc005d10 con 0x7f13ec0704a0
2023-12-06T03:21:16.641 INFO:teuthology.orchestra.run.smithi055.stderr:/usr/bin/ceph:
2023-12-06T03:21:16.639+0000 7f13f1e37700 1 -- 172.21.15.55:0/2700857354 >> [v2:172.21.15.55:6800/1826150465,v1:172.21.15.55:6801/1826150465] conn(0x7f13d802feb0 msgr2=0x7f13d8032370 secure :-1 s=STATE_CONNECTION_ESTABLISHED l=1).mark_down
2023-12-06T03:21:16.642 INFO:teuthology.orchestra.run.smithi055.stderr:/usr/bin/ceph:
2023-12-06T03:21:16.639+0000 7f13f1e37700 1 --2- 172.21.15.55:0/2700857354 >> [v2:172.21.15.55:6800/1826150465,v1:172.21.15.55:6801/1826150465] conn(0x7f13d802feb0 0x7f13d8032370 secure :-1 s=READY pgs=11 cs=0 l=1 rev1=1 rx=0x7f13e00096a0 tx=0x7f13e0006b40).stop
2023-12-06T03:21:16.642 INFO:teuthology.orchestra.run.smithi055.stderr:/usr/bin/ceph:
2023-12-06T03:21:16.639+0000 7f13f1e37700 1 -- 172.21.15.55:0/2700857354 >> [v2:172.21.15.55:3300/0,v1:172.21.15.55:6789/0] conn(0x7f13ec0704a0 msgr2=0x7f13ec0fc370 secure :-1 s=STATE_CONNECTION_ESTABLISHED l=1).mark_down
2023-12-06T03:21:16.642 INFO:teuthology.orchestra.run.smithi055.stderr:/usr/bin/ceph:
2023-12-06T03:21:16.639+0000 7f13f1e37700 1 --2- 172.21.15.55:0/2700857354 >> [v2:172.21.15.55:3300/0,v1:172.21.15.55:6789/0] conn(0x7f13ec0704a0 0x7f13ec0fc370 secure :-1 s=READY pgs=69 cs=0 l=1 rev1=1 rx=0x7f13dc00b190 tx=0x7f13dc006ee0).stop
2023-12-06T03:21:16.642 INFO:teuthology.orchestra.run.smithi055.stderr:/usr/bin/ceph:
2023-12-06T03:21:16.640+0000 7f13f1e37700 1 -- 172.21.15.55:0/2700857354 shutdown_connections
2023-12-06T03:21:16.642 INFO:teuthology.orchestra.run.smithi055.stderr:/usr/bin/ceph:
2023-12-06T03:21:16.640+0000 7f13f1e37700 1 --2- 172.21.15.55:0/2700857354 >> [v2:172.21.15.55:6800/1826150465,v1:172.21.15.55:6801/1826150465] conn(0x7f13d802feb0 0x7f13d8032370 unknown :-1 s=CLOSED pgs=11 cs=0 l=1 rev1=1 rx=0 tx=0).stop
2023-12-06T03:21:16.642 INFO:teuthology.orchestra.run.smithi055.stderr:/usr/bin/ceph:
2023-12-06T03:21:16.640+0000 7f13f1e37700 1 --2- 172.21.15.55:0/2700857354 >> [v2:172.21.15.55:3300/0,v1:172.21.15.55:6789/0] conn(0x7f13ec0704a0 0x7f13ec0fc370 unknown :-1 s=CLOSED pgs=69 cs=0 l=1 rev1=1 rx=0 tx=0).stop
2023-12-06T03:21:16.642 INFO:teuthology.orchestra.run.smithi055.stderr:/usr/bin/ceph:
2023-12-06T03:21:16.640+0000 7f13f1e37700 1 -- 172.21.15.55:0/2700857354 >> 172.21.15.55:0/2700857354 conn(0x7f13ec0f63b0 msgr2=0x7f13ec0f7e60 unknown :-1 s=STATE_NONE l=0).mark_down
2023-12-06T03:21:16.643 INFO:teuthology.orchestra.run.smithi055.stderr:/usr/bin/ceph:
2023-12-06T03:21:16.641+0000 7f13f1e37700 1 -- 172.21.15.55:0/2700857354 shutdown_connections
2023-12-06T03:21:16.643 INFO:teuthology.orchestra.run.smithi055.stderr:/usr/bin/ceph:
2023-12-06T03:21:16.641+0000 7f13f1e37700 1 -- 172.21.15.55:0/2700857354 wait complete.
2023-12-06T03:21:16.932 INFO:journalctl@ceph.mon.smithi055.smithi055.stdout:Dec 06 03:21:16 smithi055 ceph-5555246c-93e6-11ee-95a2-87774f69a715-mon.smithi055[111758]: audit
2023-12-06T03:21:15.637058+0000 mon.smithi055 (mon.0) 84 : audit [INF] from='client.? 172.21.15.55:0/2634771409' entity='client.admin'
2023-12-06T03:21:16.932 INFO:journalctl@ceph.mon.smithi055.smithi055.stdout:Dec 06 03:21:16 smithi055 ceph-5555246c-93e6-11ee-95a2-87774f69a715-mon.smithi055[111758]: audit
2023-12-06T03:21:16.573863+0000 mon.smithi055 (mon.0) 85 : audit [INF] from='client.? 172.21.15.55:0/2700857354' entity='client.admin' cmd=[{"prefix": "mgr module enable", "module": "dashboard"}]: dispatch
2023-12-06T03:21:17.005 INFO:teuthology.orchestra.run.smithi055.stderr:Running command: /bin/podman run --rm --ipc=host --no-hosts --net=host --entrypoint /usr/bin/ceph --init -e CONTAINER_IMAGE=docker.io/ceph/ceph:v16.2.4 -e NODE_NAME=smithi055 -e CEPH_USE_RANDOM_NONCE=1 -v /var/log/ceph/5555246c-93e6-11ee-95a2-87774f69a715:/var/log/ceph:z -v /tmp/ceph-tmp_7luko1q:/etc/ceph/ceph.client.admin.keyring:z -v /tmp/ceph-tmp5oc6c81u:/etc/ceph/ceph.conf:z docker.io/ceph/ceph:v16.2.4 mgr stat
2023-12-06T03:21:17.445 INFO:teuthology.orchestra.run.smithi055.stderr:/usr/bin/ceph:
2023-12-06T03:21:17.443+0000 7fca0c4a1700 1 Processor -- start
2023-12-06T03:21:17.445 INFO:teuthology.orchestra.run.smithi055.stderr:/usr/bin/ceph:
2023-12-06T03:21:17.443+0000 7fca0c4a1700 1 -- start start
2023-12-06T03:21:17.446 INFO:teuthology.orchestra.run.smithi055.stderr:/usr/bin/ceph:
2023-12-06T03:21:17.443+0000 7fca0c4a1700 1 --2- >> [v2:172.21.15.55:3300/0,v1:172.21.15.55:6789/0] conn(0x7fca040fab80 0x7fca040fafa0 unknown :-1 s=NONE pgs=0 cs=0 l=0 rev1=0 rx=0 tx=0).connect
2023-12-06T03:21:17.446 INFO:teuthology.orchestra.run.smithi055.stderr:/usr/bin/ceph:
2023-12-06T03:21:17.443+0000 7fca0c4a1700 1 -- --> [v2:172.21.15.55:3300/0,v1:172.21.15.55:6789/0] -- mon_getmap magic: 0 v1 -- 0x7fca040fb490 con 0x7fca040fab80
2023-12-06T03:21:17.446 INFO:teuthology.orchestra.run.smithi055.stderr:/usr/bin/ceph:
2023-12-06T03:21:17.444+0000 7fca0a23d700 1 --2- >> [v2:172.21.15.55:3300/0,v1:172.21.15.55:6789/0] conn(0x7fca040fab80 0x7fca040fafa0 unknown :-1 s=BANNER_CONNECTING pgs=0 cs=0 l=0 rev1=0 rx=0 tx=0)._handle_peer_banner_payload supported=1 required=0
2023-12-06T03:21:17.446 INFO:teuthology.orchestra.run.smithi055.stderr:/usr/bin/ceph:
2023-12-06T03:21:17.444+0000 7fca0a23d700 1 --2- >> [v2:172.21.15.55:3300/0,v1:172.21.15.55:6789/0] conn(0x7fca040fab80 0x7fca040fafa0 unknown :-1 s=HELLO_CONNECTING pgs=0 cs=0 l=0 rev1=1 rx=0 tx=0).handle_hello peer v2:172.21.15.55:3300/0 says I am v2:172.21.15.55:38014/0 (socket says 172.21.15.55:38014)
2023-12-06T03:21:17.446 INFO:teuthology.orchestra.run.smithi055.stderr:/usr/bin/ceph:
2023-12-06T03:21:17.444+0000 7fca0a23d700 1 -- 172.21.15.55:0/2594696321 learned_addr learned my addr 172.21.15.55:0/2594696321 (peer_addr_for_me v2:172.21.15.55:0/0)
2023-12-06T03:21:17.448 INFO:teuthology.orchestra.run.smithi055.stderr:/usr/bin/ceph:
2023-12-06T03:21:17.446+0000 7fca0a23d700 1 -- 172.21.15.55:0/2594696321 --> [v2:172.21.15.55:3300/0,v1:172.21.15.55:6789/0] -- mon_subscribe({config=0+,monmap=0+}) v3 -- 0x7fca040fb5d0 con 0x7fca040fab80
2023-12-06T03:21:17.448 INFO:teuthology.orchestra.run.smithi055.stderr:/usr/bin/ceph:
2023-12-06T03:21:17.446+0000 7fca0a23d700 1 --2- 172.21.15.55:0/2594696321 >> [v2:172.21.15.55:3300/0,v1:172.21.15.55:6789/0] conn(0x7fca040fab80 0x7fca040fafa0 secure :-1 s=READY pgs=72 cs=0 l=1 rev1=1 rx=0x7fca0000b870 tx=0x7fca00006f70).ready entity=mon.0 client_cookie=6e75022ccdf1618e server_cookie=0 in_seq=0 out_seq=0
2023-12-06T03:21:17.448 INFO:teuthology.orchestra.run.smithi055.stderr:/usr/bin/ceph:
2023-12-06T03:21:17.446+0000 7fca0923b700 1 -- 172.21.15.55:0/2594696321 <== mon.0 v2:172.21.15.55:3300/0 1 ==== mon_map magic: 0 v1 ==== 229+0+0 (secure 0 0 0) 0x7fca0000da20 con 0x7fca040fab80
2023-12-06T03:21:17.448 INFO:teuthology.orchestra.run.smithi055.stderr:/usr/bin/ceph:
2023-12-06T03:21:17.446+0000 7fca0923b700 1 -- 172.21.15.55:0/2594696321 <== mon.0 v2:172.21.15.55:3300/0 2 ==== config(25 keys) v1 ==== 1010+0+0 (secure 0 0 0) 0x7fca00010470 con 0x7fca040fab80
2023-12-06T03:21:17.448 INFO:teuthology.orchestra.run.smithi055.stderr:/usr/bin/ceph:
2023-12-06T03:21:17.446+0000 7fca0923b700 1 -- 172.21.15.55:0/2594696321 <== mon.0 v2:172.21.15.55:3300/0 3 ==== mon_map magic: 0 v1 ==== 229+0+0 (secure 0 0 0) 0x7fca0000f5b0 con 0x7fca040fab80
2023-12-06T03:21:17.451 INFO:teuthology.orchestra.run.smithi055.stderr:/usr/bin/ceph:
2023-12-06T03:21:17.449+0000 7fca0c4a1700 1 -- 172.21.15.55:0/2594696321 >> [v2:172.21.15.55:3300/0,v1:172.21.15.55:6789/0] conn(0x7fca040fab80 msgr2=0x7fca040fafa0 secure :-1 s=STATE_CONNECTION_ESTABLISHED l=1).mark_down
2023-12-06T03:21:17.451 INFO:teuthology.orchestra.run.smithi055.stderr:/usr/bin/ceph:
2023-12-06T03:21:17.449+0000 7fca0c4a1700 1 --2- 172.21.15.55:0/2594696321 >> [v2:172.21.15.55:3300/0,v1:172.21.15.55:6789/0] conn(0x7fca040fab80 0x7fca040fafa0 secure :-1 s=READY pgs=72 cs=0 l=1 rev1=1 rx=0x7fca0000b870 tx=0x7fca00006f70).stop
2023-12-06T03:21:17.451 INFO:teuthology.orchestra.run.smithi055.stderr:/usr/bin/ceph:
2023-12-06T03:21:17.449+0000 7fca0c4a1700 1 -- 172.21.15.55:0/2594696321 shutdown_connections
2023-12-06T03:21:17.451 INFO:teuthology.orchestra.run.smithi055.stderr:/usr/bin/ceph:
2023-12-06T03:21:17.449+0000 7fca0c4a1700 1 --2- 172.21.15.55:0/2594696321 >> [v2:172.21.15.55:3300/0,v1:172.21.15.55:6789/0] conn(0x7fca040fab80 0x7fca040fafa0 unknown :-1 s=CLOSED pgs=72 cs=0 l=1 rev1=1 rx=0 tx=0).stop
2023-12-06T03:21:17.452 INFO:teuthology.orchestra.run.smithi055.stderr:/usr/bin/ceph:
2023-12-06T03:21:17.449+0000 7fca0c4a1700 1 -- 172.21.15.55:0/2594696321 >> 172.21.15.55:0/2594696321 conn(0x7fca040f63c0 msgr2=0x7fca040f87e0 unknown :-1 s=STATE_NONE l=0).mark_down
2023-12-06T03:21:17.452 INFO:teuthology.orchestra.run.smithi055.stderr:/usr/bin/ceph:
2023-12-06T03:21:17.449+0000 7fca0c4a1700 1 -- 172.21.15.55:0/2594696321 shutdown_connections
2023-12-06T03:21:17.452 INFO:teuthology.orchestra.run.smithi055.stderr:/usr/bin/ceph:
2023-12-06T03:21:17.449+0000 7fca0c4a1700 1 -- 172.21.15.55:0/2594696321 wait complete.
2023-12-06T03:21:17.452 INFO:teuthology.orchestra.run.smithi055.stderr:/usr/bin/ceph:
2023-12-06T03:21:17.450+0000 7fca0c4a1700 1 Processor -- start
2023-12-06T03:21:17.453 INFO:teuthology.orchestra.run.smithi055.stderr:/usr/bin/ceph:
2023-12-06T03:21:17.450+0000 7fca0c4a1700 1 -- start start
2023-12-06T03:21:17.453 INFO:teuthology.orchestra.run.smithi055.stderr:/usr/bin/ceph:
2023-12-06T03:21:17.451+0000 7fca0c4a1700 1 --2- >> [v2:172.21.15.55:3300/0,v1:172.21.15.55:6789/0] conn(0x7fca040fab80 0x7fca04108770 unknown :-1 s=NONE pgs=0 cs=0 l=1 rev1=0 rx=0 tx=0).connect
2023-12-06T03:21:17.453 INFO:teuthology.orchestra.run.smithi055.stderr:/usr/bin/ceph:
2023-12-06T03:21:17.451+0000 7fca0c4a1700 1 -- --> [v2:172.21.15.55:3300/0,v1:172.21.15.55:6789/0] -- mon_getmap magic: 0 v1 -- 0x7fca04108c60 con 0x7fca040fab80
2023-12-06T03:21:17.453 INFO:teuthology.orchestra.run.smithi055.stderr:/usr/bin/ceph:
2023-12-06T03:21:17.451+0000 7fca0a23d700 1 --2- >> [v2:172.21.15.55:3300/0,v1:172.21.15.55:6789/0] conn(0x7fca040fab80 0x7fca04108770 unknown :-1 s=BANNER_CONNECTING pgs=0 cs=0 l=1 rev1=0 rx=0 tx=0)._handle_peer_banner_payload supported=1 required=0
2023-12-06T03:21:17.453 INFO:teuthology.orchestra.run.smithi055.stderr:/usr/bin/ceph:
