2023-12-06T03:21:17.451+0000 7fca0a23d700 1 --2- >> [v2:172.21.15.55:3300/0,v1:172.21.15.55:6789/0] conn(0x7fca040fab80 0x7fca04108770 unknown :-1 s=HELLO_CONNECTING pgs=0 cs=0 l=1 rev1=1 rx=0 tx=0).handle_hello peer v2:172.21.15.55:3300/0 says I am v2:172.21.15.55:38022/0 (socket says 172.21.15.55:38022)
2023-12-06T03:21:17.453 INFO:teuthology.orchestra.run.smithi055.stderr:/usr/bin/ceph:
2023-12-06T03:21:17.451+0000 7fca0a23d700 1 -- 172.21.15.55:0/678205013 learned_addr learned my addr 172.21.15.55:0/678205013 (peer_addr_for_me v2:172.21.15.55:0/0)
2023-12-06T03:21:17.453 INFO:teuthology.orchestra.run.smithi055.stderr:/usr/bin/ceph:
2023-12-06T03:21:17.451+0000 7fca0a23d700 1 -- 172.21.15.55:0/678205013 --> [v2:172.21.15.55:3300/0,v1:172.21.15.55:6789/0] -- mon_subscribe({config=0+,monmap=0+}) v3 -- 0x7fca0000b480 con 0x7fca040fab80
2023-12-06T03:21:17.453 INFO:teuthology.orchestra.run.smithi055.stderr:/usr/bin/ceph:
2023-12-06T03:21:17.451+0000 7fca0a23d700 1 --2- 172.21.15.55:0/678205013 >> [v2:172.21.15.55:3300/0,v1:172.21.15.55:6789/0] conn(0x7fca040fab80 0x7fca04108770 secure :-1 s=READY pgs=73 cs=0 l=1 rev1=1 rx=0x7fca00006800 tx=0x7fca00006f70).ready entity=mon.0 client_cookie=0 server_cookie=0 in_seq=0 out_seq=0
2023-12-06T03:21:17.453 INFO:teuthology.orchestra.run.smithi055.stderr:/usr/bin/ceph:
2023-12-06T03:21:17.452+0000 7fc9f2ffd700 1 -- 172.21.15.55:0/678205013 <== mon.0 v2:172.21.15.55:3300/0 1 ==== mon_map magic: 0 v1 ==== 229+0+0 (secure 0 0 0) 0x7fca0000f820 con 0x7fca040fab80
2023-12-06T03:21:17.454 INFO:teuthology.orchestra.run.smithi055.stderr:/usr/bin/ceph:
2023-12-06T03:21:17.452+0000 7fca0c4a1700 1 -- 172.21.15.55:0/678205013 --> [v2:172.21.15.55:3300/0,v1:172.21.15.55:6789/0] -- mon_subscribe({mgrmap=0+}) v3 -- 0x7fca04108e60 con 0x7fca040fab80
2023-12-06T03:21:17.454 INFO:teuthology.orchestra.run.smithi055.stderr:/usr/bin/ceph:
2023-12-06T03:21:17.452+0000 7fc9f2ffd700 1 -- 172.21.15.55:0/678205013 <== mon.0 v2:172.21.15.55:3300/0 2 ==== config(25 keys) v1 ==== 1010+0+0 (secure 0 0 0) 0x7fca0000fdf0 con 0x7fca040fab80
2023-12-06T03:21:17.454 INFO:teuthology.orchestra.run.smithi055.stderr:/usr/bin/ceph:
2023-12-06T03:21:17.452+0000 7fc9f2ffd700 1 -- 172.21.15.55:0/678205013 <== mon.0 v2:172.21.15.55:3300/0 3 ==== mon_map magic: 0 v1 ==== 229+0+0 (secure 0 0 0) 0x7fca00019d50 con 0x7fca040fab80
2023-12-06T03:21:17.454 INFO:teuthology.orchestra.run.smithi055.stderr:/usr/bin/ceph:
2023-12-06T03:21:17.452+0000 7fca0c4a1700 1 -- 172.21.15.55:0/678205013 --> [v2:172.21.15.55:3300/0,v1:172.21.15.55:6789/0] -- mon_subscribe({osdmap=0}) v3 -- 0x7fca04109270 con 0x7fca040fab80
2023-12-06T03:21:17.455 INFO:teuthology.orchestra.run.smithi055.stderr:/usr/bin/ceph:
2023-12-06T03:21:17.453+0000 7fc9f2ffd700 1 -- 172.21.15.55:0/678205013 <== mon.0 v2:172.21.15.55:3300/0 4 ==== mgrmap(e 13) v1 ==== 36208+0+0 (secure 0 0 0) 0x7fca00016030 con 0x7fca040fab80
2023-12-06T03:21:17.455 INFO:teuthology.orchestra.run.smithi055.stderr:/usr/bin/ceph:
2023-12-06T03:21:17.453+0000 7fc9f2ffd700 1 --2- 172.21.15.55:0/678205013 >> [v2:172.21.15.55:6800/1826150465,v1:172.21.15.55:6801/1826150465] conn(0x7fc9ec02feb0 0x7fc9ec032370 unknown :-1 s=NONE pgs=0 cs=0 l=1 rev1=0 rx=0 tx=0).connect
2023-12-06T03:21:17.455 INFO:teuthology.orchestra.run.smithi055.stderr:/usr/bin/ceph:
2023-12-06T03:21:17.453+0000 7fc9f2ffd700 1 -- 172.21.15.55:0/678205013 <== mon.0 v2:172.21.15.55:3300/0 5 ==== osd_map(3..3 src has 1..3) v4 ==== 1098+0+0 (secure 0 0 0) 0x7fca000442a0 con 0x7fca040fab80
2023-12-06T03:21:17.455 INFO:teuthology.orchestra.run.smithi055.stderr:/usr/bin/ceph:
2023-12-06T03:21:17.453+0000 7fca09a3c700 1 -- 172.21.15.55:0/678205013 >> [v2:172.21.15.55:6800/1826150465,v1:172.21.15.55:6801/1826150465] conn(0x7fc9ec02feb0 msgr2=0x7fc9ec032370 unknown :-1 s=STATE_CONNECTING_RE l=1).process reconnect failed to v2:172.21.15.55:6800/1826150465
2023-12-06T03:21:17.455 INFO:teuthology.orchestra.run.smithi055.stderr:/usr/bin/ceph:
2023-12-06T03:21:17.453+0000 7fca09a3c700 1 --2- 172.21.15.55:0/678205013 >> [v2:172.21.15.55:6800/1826150465,v1:172.21.15.55:6801/1826150465] conn(0x7fc9ec02feb0 0x7fc9ec032370 unknown :-1 s=START_CONNECT pgs=0 cs=0 l=1 rev1=0 rx=0 tx=0)._fault waiting 0.200000
2023-12-06T03:21:17.455 INFO:teuthology.orchestra.run.smithi055.stderr:/usr/bin/ceph:
2023-12-06T03:21:17.453+0000 7fca0c4a1700 1 -- 172.21.15.55:0/678205013 --> [v2:172.21.15.55:3300/0,v1:172.21.15.55:6789/0] -- mon_command({"prefix": "get_command_descriptions"} v 0) v1 -- 0x7fca04045ad0 con 0x7fca040fab80
2023-12-06T03:21:17.459 INFO:teuthology.orchestra.run.smithi055.stderr:/usr/bin/ceph:
2023-12-06T03:21:17.458+0000 7fc9f2ffd700 1 -- 172.21.15.55:0/678205013 <== mon.0 v2:172.21.15.55:3300/0 6 ==== mon_command_ack([{"prefix": "get_command_descriptions"}]=0 v0) v1 ==== 72+0+152212 (secure 0 0 0) 0x7fca000189a0 con 0x7fca040fab80
2023-12-06T03:21:17.655 INFO:teuthology.orchestra.run.smithi055.stderr:/usr/bin/ceph:
2023-12-06T03:21:17.654+0000 7fca09a3c700 1 -- 172.21.15.55:0/678205013 >> [v2:172.21.15.55:6800/1826150465,v1:172.21.15.55:6801/1826150465] conn(0x7fc9ec02feb0 msgr2=0x7fc9ec032370 unknown :-1 s=STATE_CONNECTING_RE l=1).process reconnect failed to v2:172.21.15.55:6800/1826150465
2023-12-06T03:21:17.655 INFO:teuthology.orchestra.run.smithi055.stderr:/usr/bin/ceph:
2023-12-06T03:21:17.654+0000 7fca09a3c700 1 --2- 172.21.15.55:0/678205013 >> [v2:172.21.15.55:6800/1826150465,v1:172.21.15.55:6801/1826150465] conn(0x7fc9ec02feb0 0x7fc9ec032370 unknown :-1 s=START_CONNECT pgs=0 cs=0 l=1 rev1=0 rx=0 tx=0)._fault waiting 0.400000
2023-12-06T03:21:17.677 INFO:teuthology.orchestra.run.smithi055.stderr:/usr/bin/ceph:
2023-12-06T03:21:17.674+0000 7fca0c4a1700 1 -- 172.21.15.55:0/678205013 --> [v2:172.21.15.55:3300/0,v1:172.21.15.55:6789/0] -- mon_command({"prefix": "mgr stat"} v 0) v1 -- 0x7fca041026a0 con 0x7fca040fab80
2023-12-06T03:21:17.677 INFO:teuthology.orchestra.run.smithi055.stderr:/usr/bin/ceph:
2023-12-06T03:21:17.675+0000 7fc9f2ffd700 1 -- 172.21.15.55:0/678205013 <== mon.0 v2:172.21.15.55:3300/0 7 ==== mon_command_ack([{"prefix": "mgr stat"}]=0 v13) v1 ==== 56+0+104 (secure 0 0 0) 0x7fca00014030 con 0x7fca040fab80
2023-12-06T03:21:17.677 INFO:teuthology.orchestra.run.smithi055.stderr:/usr/bin/ceph: {
2023-12-06T03:21:17.677 INFO:teuthology.orchestra.run.smithi055.stderr:/usr/bin/ceph: "epoch": 13,
2023-12-06T03:21:17.677 INFO:teuthology.orchestra.run.smithi055.stderr:/usr/bin/ceph: "available": true,
2023-12-06T03:21:17.677 INFO:teuthology.orchestra.run.smithi055.stderr:/usr/bin/ceph: "active_name": "smithi055.qjkkyb",
2023-12-06T03:21:17.677 INFO:teuthology.orchestra.run.smithi055.stderr:/usr/bin/ceph: "num_standby": 0
2023-12-06T03:21:17.677 INFO:teuthology.orchestra.run.smithi055.stderr:/usr/bin/ceph: }
2023-12-06T03:21:17.679 INFO:teuthology.orchestra.run.smithi055.stderr:/usr/bin/ceph:
2023-12-06T03:21:17.677+0000 7fca0c4a1700 1 -- 172.21.15.55:0/678205013 >> [v2:172.21.15.55:6800/1826150465,v1:172.21.15.55:6801/1826150465] conn(0x7fc9ec02feb0 msgr2=0x7fc9ec032370 unknown :-1 s=STATE_CONNECTING l=1).mark_down
2023-12-06T03:21:17.679 INFO:teuthology.orchestra.run.smithi055.stderr:/usr/bin/ceph:
2023-12-06T03:21:17.677+0000 7fca0c4a1700 1 --2- 172.21.15.55:0/678205013 >> [v2:172.21.15.55:6800/1826150465,v1:172.21.15.55:6801/1826150465] conn(0x7fc9ec02feb0 0x7fc9ec032370 unknown :-1 s=START_CONNECT pgs=0 cs=0 l=1 rev1=0 rx=0 tx=0).stop
2023-12-06T03:21:17.679 INFO:teuthology.orchestra.run.smithi055.stderr:/usr/bin/ceph:
2023-12-06T03:21:17.677+0000 7fca0c4a1700 1 -- 172.21.15.55:0/678205013 >> [v2:172.21.15.55:3300/0,v1:172.21.15.55:6789/0] conn(0x7fca040fab80 msgr2=0x7fca04108770 secure :-1 s=STATE_CONNECTION_ESTABLISHED l=1).mark_down
2023-12-06T03:21:17.679 INFO:teuthology.orchestra.run.smithi055.stderr:/usr/bin/ceph:
2023-12-06T03:21:17.677+0000 7fca0c4a1700 1 --2- 172.21.15.55:0/678205013 >> [v2:172.21.15.55:3300/0,v1:172.21.15.55:6789/0] conn(0x7fca040fab80 0x7fca04108770 secure :-1 s=READY pgs=73 cs=0 l=1 rev1=1 rx=0x7fca00006800 tx=0x7fca00006f70).stop
2023-12-06T03:21:17.679 INFO:teuthology.orchestra.run.smithi055.stderr:/usr/bin/ceph:
2023-12-06T03:21:17.677+0000 7fca0c4a1700 1 -- 172.21.15.55:0/678205013 shutdown_connections
2023-12-06T03:21:17.679 INFO:teuthology.orchestra.run.smithi055.stderr:/usr/bin/ceph:
2023-12-06T03:21:17.677+0000 7fca0c4a1700 1 --2- 172.21.15.55:0/678205013 >> [v2:172.21.15.55:6800/1826150465,v1:172.21.15.55:6801/1826150465] conn(0x7fc9ec02feb0 0x7fc9ec032370 unknown :-1 s=CLOSED pgs=0 cs=0 l=1 rev1=0 rx=0 tx=0).stop
2023-12-06T03:21:17.679 INFO:teuthology.orchestra.run.smithi055.stderr:/usr/bin/ceph:
2023-12-06T03:21:17.677+0000 7fca0c4a1700 1 --2- 172.21.15.55:0/678205013 >> [v2:172.21.15.55:3300/0,v1:172.21.15.55:6789/0] conn(0x7fca040fab80 0x7fca04108770 unknown :-1 s=CLOSED pgs=73 cs=0 l=1 rev1=1 rx=0 tx=0).stop
2023-12-06T03:21:17.680 INFO:teuthology.orchestra.run.smithi055.stderr:/usr/bin/ceph:
2023-12-06T03:21:17.677+0000 7fca0c4a1700 1 -- 172.21.15.55:0/678205013 >> 172.21.15.55:0/678205013 conn(0x7fca040f63c0 msgr2=0x7fca040ff910 unknown :-1 s=STATE_NONE l=0).mark_down
2023-12-06T03:21:17.680 INFO:teuthology.orchestra.run.smithi055.stderr:/usr/bin/ceph:
2023-12-06T03:21:17.678+0000 7fca0c4a1700 1 -- 172.21.15.55:0/678205013 shutdown_connections
2023-12-06T03:21:17.680 INFO:teuthology.orchestra.run.smithi055.stderr:/usr/bin/ceph:
2023-12-06T03:21:17.678+0000 7fca0c4a1700 1 -- 172.21.15.55:0/678205013 wait complete.
2023-12-06T03:21:17.820 INFO:journalctl@ceph.mon.smithi055.smithi055.stdout:Dec 06 03:21:17 smithi055 ceph-5555246c-93e6-11ee-95a2-87774f69a715-mon.smithi055[111758]: audit
2023-12-06T03:21:16.638875+0000 mon.smithi055 (mon.0) 86 : audit [INF] from='client.? 172.21.15.55:0/2700857354' entity='client.admin' cmd='[{"prefix": "mgr module enable", "module": "dashboard"}]': finished
2023-12-06T03:21:17.820 INFO:journalctl@ceph.mon.smithi055.smithi055.stdout:Dec 06 03:21:17 smithi055 ceph-5555246c-93e6-11ee-95a2-87774f69a715-mon.smithi055[111758]: cluster
2023-12-06T03:21:16.638970+0000 mon.smithi055 (mon.0) 87 : cluster [DBG] mgrmap e13: smithi055.qjkkyb(active, since 6s)
2023-12-06T03:21:18.021 INFO:teuthology.orchestra.run.smithi055.stderr:Waiting for the mgr to restart...
2023-12-06T03:21:18.021 INFO:teuthology.orchestra.run.smithi055.stderr:Waiting for mgr epoch 13...
2023-12-06T03:21:18.021 INFO:teuthology.orchestra.run.smithi055.stderr:Running command: /bin/podman run --rm --ipc=host --no-hosts --net=host --entrypoint /usr/bin/ceph --init -e CONTAINER_IMAGE=docker.io/ceph/ceph:v16.2.4 -e NODE_NAME=smithi055 -e CEPH_USE_RANDOM_NONCE=1 -v /var/log/ceph/5555246c-93e6-11ee-95a2-87774f69a715:/var/log/ceph:z -v /tmp/ceph-tmp_7luko1q:/etc/ceph/ceph.client.admin.keyring:z -v /tmp/ceph-tmp5oc6c81u:/etc/ceph/ceph.conf:z docker.io/ceph/ceph:v16.2.4 tell mgr mgr_status
2023-12-06T03:21:18.700 INFO:journalctl@ceph.mon.smithi055.smithi055.stdout:Dec 06 03:21:18 smithi055 ceph-5555246c-93e6-11ee-95a2-87774f69a715-mon.smithi055[111758]: audit
2023-12-06T03:21:17.676328+0000 mon.smithi055 (mon.0) 88 : audit [DBG] from='client.? 172.21.15.55:0/678205013' entity='client.admin' cmd=[{"prefix": "mgr stat"}]: dispatch
2023-12-06T03:21:18.713 INFO:teuthology.orchestra.run.smithi055.stderr:/usr/bin/ceph:
2023-12-06T03:21:18.530+0000 7fb5a46bc700 1 Processor -- start
2023-12-06T03:21:18.713 INFO:teuthology.orchestra.run.smithi055.stderr:/usr/bin/ceph:
2023-12-06T03:21:18.530+0000 7fb5a46bc700 1 -- start start
2023-12-06T03:21:18.713 INFO:teuthology.orchestra.run.smithi055.stderr:/usr/bin/ceph:
2023-12-06T03:21:18.530+0000 7fb5a46bc700 1 --2- >> [v2:172.21.15.55:3300/0,v1:172.21.15.55:6789/0] conn(0x7fb59c0724d0 0x7fb59c070a70 unknown :-1 s=NONE pgs=0 cs=0 l=0 rev1=0 rx=0 tx=0).connect
2023-12-06T03:21:18.713 INFO:teuthology.orchestra.run.smithi055.stderr:/usr/bin/ceph:
2023-12-06T03:21:18.530+0000 7fb5a46bc700 1 -- --> [v2:172.21.15.55:3300/0,v1:172.21.15.55:6789/0] -- mon_getmap magic: 0 v1 -- 0x7fb59c0728f0 con 0x7fb59c0724d0
2023-12-06T03:21:18.713 INFO:teuthology.orchestra.run.smithi055.stderr:/usr/bin/ceph:
2023-12-06T03:21:18.530+0000 7fb5a2458700 1 --2- >> [v2:172.21.15.55:3300/0,v1:172.21.15.55:6789/0] conn(0x7fb59c0724d0 0x7fb59c070a70 unknown :-1 s=BANNER_CONNECTING pgs=0 cs=0 l=0 rev1=0 rx=0 tx=0)._handle_peer_banner_payload supported=1 required=0
2023-12-06T03:21:18.713 INFO:teuthology.orchestra.run.smithi055.stderr:/usr/bin/ceph:
2023-12-06T03:21:18.530+0000 7fb5a2458700 1 --2- >> [v2:172.21.15.55:3300/0,v1:172.21.15.55:6789/0] conn(0x7fb59c0724d0 0x7fb59c070a70 unknown :-1 s=HELLO_CONNECTING pgs=0 cs=0 l=0 rev1=1 rx=0 tx=0).handle_hello peer v2:172.21.15.55:3300/0 says I am v2:172.21.15.55:38024/0 (socket says 172.21.15.55:38024)
2023-12-06T03:21:18.713 INFO:teuthology.orchestra.run.smithi055.stderr:/usr/bin/ceph:
2023-12-06T03:21:18.530+0000 7fb5a2458700 1 -- 172.21.15.55:0/1295646061 learned_addr learned my addr 172.21.15.55:0/1295646061 (peer_addr_for_me v2:172.21.15.55:0/0)
2023-12-06T03:21:18.713 INFO:teuthology.orchestra.run.smithi055.stderr:/usr/bin/ceph:
2023-12-06T03:21:18.531+0000 7fb5a2458700 1 -- 172.21.15.55:0/1295646061 --> [v2:172.21.15.55:3300/0,v1:172.21.15.55:6789/0] -- mon_subscribe({config=0+,monmap=0+}) v3 -- 0x7fb59c070f60 con 0x7fb59c0724d0
2023-12-06T03:21:18.714 INFO:teuthology.orchestra.run.smithi055.stderr:/usr/bin/ceph:
2023-12-06T03:21:18.531+0000 7fb5a2458700 1 --2- 172.21.15.55:0/1295646061 >> [v2:172.21.15.55:3300/0,v1:172.21.15.55:6789/0] conn(0x7fb59c0724d0 0x7fb59c070a70 secure :-1 s=READY pgs=74 cs=0 l=1 rev1=1 rx=0x7fb59800b5f0 tx=0x7fb598006ee0).ready entity=mon.0 client_cookie=b38d4a55b3e4443a server_cookie=0 in_seq=0 out_seq=0
2023-12-06T03:21:18.714 INFO:teuthology.orchestra.run.smithi055.stderr:/usr/bin/ceph:
2023-12-06T03:21:18.531+0000 7fb5a1456700 1 -- 172.21.15.55:0/1295646061 <== mon.0 v2:172.21.15.55:3300/0 1 ==== mon_map magic: 0 v1 ==== 229+0+0 (secure 0 0 0) 0x7fb59800d600 con 0x7fb59c0724d0
2023-12-06T03:21:18.714 INFO:teuthology.orchestra.run.smithi055.stderr:/usr/bin/ceph:
2023-12-06T03:21:18.531+0000 7fb5a1456700 1 -- 172.21.15.55:0/1295646061 <== mon.0 v2:172.21.15.55:3300/0 2 ==== config(25 keys) v1 ==== 1010+0+0 (secure 0 0 0) 0x7fb59800dbd0 con 0x7fb59c0724d0
2023-12-06T03:21:18.714 INFO:teuthology.orchestra.run.smithi055.stderr:/usr/bin/ceph:
2023-12-06T03:21:18.531+0000 7fb5a1456700 1 -- 172.21.15.55:0/1295646061 <== mon.0 v2:172.21.15.55:3300/0 3 ==== mon_map magic: 0 v1 ==== 229+0+0 (secure 0 0 0) 0x7fb598011c00 con 0x7fb59c0724d0
2023-12-06T03:21:18.714 INFO:teuthology.orchestra.run.smithi055.stderr:/usr/bin/ceph:
2023-12-06T03:21:18.532+0000 7fb5a46bc700 1 -- 172.21.15.55:0/1295646061 >> [v2:172.21.15.55:3300/0,v1:172.21.15.55:6789/0] conn(0x7fb59c0724d0 msgr2=0x7fb59c070a70 secure :-1 s=STATE_CONNECTION_ESTABLISHED l=1).mark_down
2023-12-06T03:21:18.714 INFO:teuthology.orchestra.run.smithi055.stderr:/usr/bin/ceph:
2023-12-06T03:21:18.532+0000 7fb5a46bc700 1 --2- 172.21.15.55:0/1295646061 >> [v2:172.21.15.55:3300/0,v1:172.21.15.55:6789/0] conn(0x7fb59c0724d0 0x7fb59c070a70 secure :-1 s=READY pgs=74 cs=0 l=1 rev1=1 rx=0x7fb59800b5f0 tx=0x7fb598006ee0).stop
2023-12-06T03:21:18.714 INFO:teuthology.orchestra.run.smithi055.stderr:/usr/bin/ceph:
2023-12-06T03:21:18.532+0000 7fb5a46bc700 1 -- 172.21.15.55:0/1295646061 shutdown_connections
2023-12-06T03:21:18.714 INFO:teuthology.orchestra.run.smithi055.stderr:/usr/bin/ceph:
2023-12-06T03:21:18.532+0000 7fb5a46bc700 1 --2- 172.21.15.55:0/1295646061 >> [v2:172.21.15.55:3300/0,v1:172.21.15.55:6789/0] conn(0x7fb59c0724d0 0x7fb59c070a70 unknown :-1 s=CLOSED pgs=74 cs=0 l=1 rev1=1 rx=0 tx=0).stop
2023-12-06T03:21:18.714 INFO:teuthology.orchestra.run.smithi055.stderr:/usr/bin/ceph:
2023-12-06T03:21:18.532+0000 7fb5a46bc700 1 -- 172.21.15.55:0/1295646061 >> 172.21.15.55:0/1295646061 conn(0x7fb59c0f74c0 msgr2=0x7fb59c0f98e0 unknown :-1 s=STATE_NONE l=0).mark_down
2023-12-06T03:21:18.714 INFO:teuthology.orchestra.run.smithi055.stderr:/usr/bin/ceph:
2023-12-06T03:21:18.532+0000 7fb5a46bc700 1 -- 172.21.15.55:0/1295646061 shutdown_connections
2023-12-06T03:21:18.714 INFO:teuthology.orchestra.run.smithi055.stderr:/usr/bin/ceph:
2023-12-06T03:21:18.532+0000 7fb5a46bc700 1 -- 172.21.15.55:0/1295646061 wait complete.
2023-12-06T03:21:18.714 INFO:teuthology.orchestra.run.smithi055.stderr:/usr/bin/ceph:
2023-12-06T03:21:18.532+0000 7fb5a46bc700 1 Processor -- start
2023-12-06T03:21:18.714 INFO:teuthology.orchestra.run.smithi055.stderr:/usr/bin/ceph:
2023-12-06T03:21:18.532+0000 7fb5a46bc700 1 -- start start
2023-12-06T03:21:18.714 INFO:teuthology.orchestra.run.smithi055.stderr:/usr/bin/ceph:
2023-12-06T03:21:18.533+0000 7fb5a46bc700 1 --2- >> [v2:172.21.15.55:3300/0,v1:172.21.15.55:6789/0] conn(0x7fb59c0724d0 0x7fb59c10cd30 unknown :-1 s=NONE pgs=0 cs=0 l=1 rev1=0 rx=0 tx=0).connect
2023-12-06T03:21:18.715 INFO:teuthology.orchestra.run.smithi055.stderr:/usr/bin/ceph:
2023-12-06T03:21:18.533+0000 7fb5a46bc700 1 -- --> [v2:172.21.15.55:3300/0,v1:172.21.15.55:6789/0] -- mon_getmap magic: 0 v1 -- 0x7fb59c10d220 con 0x7fb59c0724d0
2023-12-06T03:21:18.715 INFO:teuthology.orchestra.run.smithi055.stderr:/usr/bin/ceph:
2023-12-06T03:21:18.533+0000 7fb5a2458700 1 --2- >> [v2:172.21.15.55:3300/0,v1:172.21.15.55:6789/0] conn(0x7fb59c0724d0 0x7fb59c10cd30 unknown :-1 s=BANNER_CONNECTING pgs=0 cs=0 l=1 rev1=0 rx=0 tx=0)._handle_peer_banner_payload supported=1 required=0
2023-12-06T03:21:18.715 INFO:teuthology.orchestra.run.smithi055.stderr:/usr/bin/ceph:
2023-12-06T03:21:18.533+0000 7fb5a2458700 1 --2- >> [v2:172.21.15.55:3300/0,v1:172.21.15.55:6789/0] conn(0x7fb59c0724d0 0x7fb59c10cd30 unknown :-1 s=HELLO_CONNECTING pgs=0 cs=0 l=1 rev1=1 rx=0 tx=0).handle_hello peer v2:172.21.15.55:3300/0 says I am v2:172.21.15.55:38028/0 (socket says 172.21.15.55:38028)
2023-12-06T03:21:18.715 INFO:teuthology.orchestra.run.smithi055.stderr:/usr/bin/ceph:
2023-12-06T03:21:18.533+0000 7fb5a2458700 1 -- 172.21.15.55:0/1849885441 learned_addr learned my addr 172.21.15.55:0/1849885441 (peer_addr_for_me v2:172.21.15.55:0/0)
2023-12-06T03:21:18.715 INFO:teuthology.orchestra.run.smithi055.stderr:/usr/bin/ceph:
2023-12-06T03:21:18.533+0000 7fb5a2458700 1 -- 172.21.15.55:0/1849885441 --> [v2:172.21.15.55:3300/0,v1:172.21.15.55:6789/0] -- mon_subscribe({config=0+,monmap=0+}) v3 -- 0x7fb59800b200 con 0x7fb59c0724d0
2023-12-06T03:21:18.715 INFO:teuthology.orchestra.run.smithi055.stderr:/usr/bin/ceph:
2023-12-06T03:21:18.533+0000 7fb5a2458700 1 --2- 172.21.15.55:0/1849885441 >> [v2:172.21.15.55:3300/0,v1:172.21.15.55:6789/0] conn(0x7fb59c0724d0 0x7fb59c10cd30 secure :-1 s=READY pgs=75 cs=0 l=1 rev1=1 rx=0x7fb598006c70 tx=0x7fb598006ee0).ready entity=mon.0 client_cookie=0 server_cookie=0 in_seq=0 out_seq=0
2023-12-06T03:21:18.715 INFO:teuthology.orchestra.run.smithi055.stderr:/usr/bin/ceph:
2023-12-06T03:21:18.533+0000 7fb58affd700 1 -- 172.21.15.55:0/1849885441 <== mon.0 v2:172.21.15.55:3300/0 1 ==== mon_map magic: 0 v1 ==== 229+0+0 (secure 0 0 0) 0x7fb59800da30 con 0x7fb59c0724d0
2023-12-06T03:21:18.715 INFO:teuthology.orchestra.run.smithi055.stderr:/usr/bin/ceph:
2023-12-06T03:21:18.533+0000 7fb58affd700 1 -- 172.21.15.55:0/1849885441 <== mon.0 v2:172.21.15.55:3300/0 2 ==== config(25 keys) v1 ==== 1010+0+0 (secure 0 0 0) 0x7fb598011690 con 0x7fb59c0724d0
2023-12-06T03:21:18.715 INFO:teuthology.orchestra.run.smithi055.stderr:/usr/bin/ceph:
2023-12-06T03:21:18.533+0000 7fb5a46bc700 1 -- 172.21.15.55:0/1849885441 --> [v2:172.21.15.55:3300/0,v1:172.21.15.55:6789/0] -- mon_subscribe({mgrmap=0+}) v3 -- 0x7fb59c10d420 con 0x7fb59c0724d0
2023-12-06T03:21:18.715 INFO:teuthology.orchestra.run.smithi055.stderr:/usr/bin/ceph:
2023-12-06T03:21:18.533+0000 7fb58affd700 1 -- 172.21.15.55:0/1849885441 <== mon.0 v2:172.21.15.55:3300/0 3 ==== mon_map magic: 0 v1 ==== 229+0+0 (secure 0 0 0) 0x7fb59801b7b0 con 0x7fb59c0724d0
2023-12-06T03:21:18.715 INFO:teuthology.orchestra.run.smithi055.stderr:/usr/bin/ceph:
2023-12-06T03:21:18.533+0000 7fb5a46bc700 1 -- 172.21.15.55:0/1849885441 --> [v2:172.21.15.55:3300/0,v1:172.21.15.55:6789/0] -- mon_subscribe({osdmap=0}) v3 -- 0x7fb59c10d830 con 0x7fb59c0724d0
2023-12-06T03:21:18.715 INFO:teuthology.orchestra.run.smithi055.stderr:/usr/bin/ceph:
2023-12-06T03:21:18.534+0000 7fb58affd700 1 -- 172.21.15.55:0/1849885441 <== mon.0 v2:172.21.15.55:3300/0 4 ==== mgrmap(e 13) v1 ==== 36208+0+0 (secure 0 0 0) 0x7fb59800f070 con 0x7fb59c0724d0
2023-12-06T03:21:18.715 INFO:teuthology.orchestra.run.smithi055.stderr:/usr/bin/ceph:
2023-12-06T03:21:18.534+0000 7fb58affd700 1 --2- 172.21.15.55:0/1849885441 >> [v2:172.21.15.55:6800/1826150465,v1:172.21.15.55:6801/1826150465] conn(0x7fb58402feb0 0x7fb584032370 unknown :-1 s=NONE pgs=0 cs=0 l=1 rev1=0 rx=0 tx=0).connect
2023-12-06T03:21:18.715 INFO:teuthology.orchestra.run.smithi055.stderr:/usr/bin/ceph:
2023-12-06T03:21:18.535+0000 7fb58affd700 1 -- 172.21.15.55:0/1849885441 --> [v2:172.21.15.55:6800/1826150465,v1:172.21.15.55:6801/1826150465] -- command(tid 0: {"prefix": "get_command_descriptions"}) v1 -- 0x7fb584032a30 con 0x7fb58402feb0
2023-12-06T03:21:18.715 INFO:teuthology.orchestra.run.smithi055.stderr:/usr/bin/ceph:
2023-12-06T03:21:18.535+0000 7fb58affd700 1 -- 172.21.15.55:0/1849885441 <== mon.0 v2:172.21.15.55:3300/0 5 ==== osd_map(3..3 src has 1..3) v4 ==== 1098+0+0 (secure 0 0 0) 0x7fb5980412e0 con 0x7fb59c0724d0
2023-12-06T03:21:18.716 INFO:teuthology.orchestra.run.smithi055.stderr:/usr/bin/ceph:
2023-12-06T03:21:18.535+0000 7fb5a1c57700 1 -- 172.21.15.55:0/1849885441 >> [v2:172.21.15.55:6800/1826150465,v1:172.21.15.55:6801/1826150465] conn(0x7fb58402feb0 msgr2=0x7fb584032370 unknown :-1 s=STATE_CONNECTING_RE l=1).process reconnect failed to v2:172.21.15.55:6800/1826150465
2023-12-06T03:21:18.716 INFO:teuthology.orchestra.run.smithi055.stderr:/usr/bin/ceph:
2023-12-06T03:21:18.535+0000 7fb5a1c57700 1 --2- 172.21.15.55:0/1849885441 >> [v2:172.21.15.55:6800/1826150465,v1:172.21.15.55:6801/1826150465] conn(0x7fb58402feb0 0x7fb584032370 unknown :-1 s=START_CONNECT pgs=0 cs=0 l=1 rev1=0 rx=0 tx=0)._fault waiting 0.200000
2023-12-06T03:21:18.738 INFO:teuthology.orchestra.run.smithi055.stderr:/usr/bin/ceph:
2023-12-06T03:21:18.736+0000 7fb5a1c57700 1 -- 172.21.15.55:0/1849885441 >> [v2:172.21.15.55:6800/1826150465,v1:172.21.15.55:6801/1826150465] conn(0x7fb58402feb0 msgr2=0x7fb584032370 unknown :-1 s=STATE_CONNECTING_RE l=1).process reconnect failed to v2:172.21.15.55:6800/1826150465
2023-12-06T03:21:18.738 INFO:teuthology.orchestra.run.smithi055.stderr:/usr/bin/ceph:
2023-12-06T03:21:18.736+0000 7fb5a1c57700 1 --2- 172.21.15.55:0/1849885441 >> [v2:172.21.15.55:6800/1826150465,v1:172.21.15.55:6801/1826150465] conn(0x7fb58402feb0 0x7fb584032370 unknown :-1 s=START_CONNECT pgs=0 cs=0 l=1 rev1=0 rx=0 tx=0)._fault waiting 0.400000
2023-12-06T03:21:19.138 INFO:teuthology.orchestra.run.smithi055.stderr:/usr/bin/ceph:
2023-12-06T03:21:19.137+0000 7fb5a1c57700 1 -- 172.21.15.55:0/1849885441 >> [v2:172.21.15.55:6800/1826150465,v1:172.21.15.55:6801/1826150465] conn(0x7fb58402feb0 msgr2=0x7fb584032370 unknown :-1 s=STATE_CONNECTING_RE l=1).process reconnect failed to v2:172.21.15.55:6800/1826150465
2023-12-06T03:21:19.139 INFO:teuthology.orchestra.run.smithi055.stderr:/usr/bin/ceph:
2023-12-06T03:21:19.137+0000 7fb5a1c57700 1 --2- 172.21.15.55:0/1849885441 >> [v2:172.21.15.55:6800/1826150465,v1:172.21.15.55:6801/1826150465] conn(0x7fb58402feb0 0x7fb584032370 unknown :-1 s=START_CONNECT pgs=0 cs=0 l=1 rev1=0 rx=0 tx=0)._fault waiting 0.800000
2023-12-06T03:21:19.939 INFO:teuthology.orchestra.run.smithi055.stderr:/usr/bin/ceph:
2023-12-06T03:21:19.938+0000 7fb5a1c57700 1 -- 172.21.15.55:0/1849885441 >> [v2:172.21.15.55:6800/1826150465,v1:172.21.15.55:6801/1826150465] conn(0x7fb58402feb0 msgr2=0x7fb584032370 unknown :-1 s=STATE_CONNECTING_RE l=1).process reconnect failed to v2:172.21.15.55:6800/1826150465
2023-12-06T03:21:19.940 INFO:teuthology.orchestra.run.smithi055.stderr:/usr/bin/ceph:
2023-12-06T03:21:19.938+0000 7fb5a1c57700 1 --2- 172.21.15.55:0/1849885441 >> [v2:172.21.15.55:6800/1826150465,v1:172.21.15.55:6801/1826150465] conn(0x7fb58402feb0 0x7fb584032370 unknown :-1 s=START_CONNECT pgs=0 cs=0 l=1 rev1=0 rx=0 tx=0)._fault waiting 1.600000
2023-12-06T03:21:21.541 INFO:teuthology.orchestra.run.smithi055.stderr:/usr/bin/ceph:
2023-12-06T03:21:21.539+0000 7fb5a1c57700 1 -- 172.21.15.55:0/1849885441 >> [v2:172.21.15.55:6800/1826150465,v1:172.21.15.55:6801/1826150465] conn(0x7fb58402feb0 msgr2=0x7fb584032370 unknown :-1 s=STATE_CONNECTING_RE l=1).process reconnect failed to v2:172.21.15.55:6800/1826150465
2023-12-06T03:21:21.541 INFO:teuthology.orchestra.run.smithi055.stderr:/usr/bin/ceph:
2023-12-06T03:21:21.539+0000 7fb5a1c57700 1 --2- 172.21.15.55:0/1849885441 >> [v2:172.21.15.55:6800/1826150465,v1:172.21.15.55:6801/1826150465] conn(0x7fb58402feb0 0x7fb584032370 unknown :-1 s=START_CONNECT pgs=0 cs=0 l=1 rev1=0 rx=0 tx=0)._fault waiting 3.200000
2023-12-06T03:21:22.399 INFO:teuthology.orchestra.run.smithi055.stderr:/usr/bin/ceph:
2023-12-06T03:21:22.396+0000 7fb58affd700 1 -- 172.21.15.55:0/1849885441 <== mon.0 v2:172.21.15.55:3300/0 6 ==== mgrmap(e 14) v1 ==== 35997+0+0 (secure 0 0 0) 0x7fb59801b910 con 0x7fb59c0724d0
2023-12-06T03:21:22.399 INFO:teuthology.orchestra.run.smithi055.stderr:/usr/bin/ceph:
2023-12-06T03:21:22.396+0000 7fb58affd700 1 -- 172.21.15.55:0/1849885441 >> [v2:172.21.15.55:6800/1826150465,v1:172.21.15.55:6801/1826150465] conn(0x7fb58402feb0 msgr2=0x7fb584032370 unknown :-1 s=STATE_CONNECTING l=1).mark_down
2023-12-06T03:21:22.399 INFO:teuthology.orchestra.run.smithi055.stderr:/usr/bin/ceph:
2023-12-06T03:21:22.396+0000 7fb58affd700 1 --2- 172.21.15.55:0/1849885441 >> [v2:172.21.15.55:6800/1826150465,v1:172.21.15.55:6801/1826150465] conn(0x7fb58402feb0 0x7fb584032370 unknown :-1 s=START_CONNECT pgs=0 cs=0 l=1 rev1=0 rx=0 tx=0).stop
2023-12-06T03:21:22.654 INFO:journalctl@ceph.mon.smithi055.smithi055.stdout:Dec 06 03:21:22 smithi055 ceph-5555246c-93e6-11ee-95a2-87774f69a715-mon.smithi055[111758]: cluster
2023-12-06T03:21:22.345355+0000 mon.smithi055 (mon.0) 89 : cluster [INF] Active manager daemon smithi055.qjkkyb restarted
2023-12-06T03:21:22.654 INFO:journalctl@ceph.mon.smithi055.smithi055.stdout:Dec 06 03:21:22 smithi055 ceph-5555246c-93e6-11ee-95a2-87774f69a715-mon.smithi055[111758]: cluster
2023-12-06T03:21:22.345912+0000 mon.smithi055 (mon.0) 90 : cluster [INF] Activating manager daemon smithi055.qjkkyb
2023-12-06T03:21:22.654 INFO:journalctl@ceph.mon.smithi055.smithi055.stdout:Dec 06 03:21:22 smithi055 ceph-5555246c-93e6-11ee-95a2-87774f69a715-mon.smithi055[111758]: cluster
2023-12-06T03:21:22.349470+0000 mon.smithi055 (mon.0) 91 : cluster [DBG] osdmap e4: 0 total, 0 up, 0 in
2023-12-06T03:21:23.405 INFO:teuthology.orchestra.run.smithi055.stderr:/usr/bin/ceph:
2023-12-06T03:21:23.403+0000 7fb58affd700 1 -- 172.21.15.55:0/1849885441 <== mon.0 v2:172.21.15.55:3300/0 7 ==== mgrmap(e 15) v1 ==== 36067+0+0 (secure 0 0 0) 0x7fb5980254b0 con 0x7fb59c0724d0
2023-12-06T03:21:23.406 INFO:teuthology.orchestra.run.smithi055.stderr:/usr/bin/ceph:
2023-12-06T03:21:23.403+0000 7fb58affd700 1 --2- 172.21.15.55:0/1849885441 >> [v2:172.21.15.55:6800/785191101,v1:172.21.15.55:6801/785191101] conn(0x7fb584033b40 0x7fb584035f30 unknown :-1 s=NONE pgs=0 cs=0 l=1 rev1=0 rx=0 tx=0).connect
2023-12-06T03:21:23.406 INFO:teuthology.orchestra.run.smithi055.stderr:/usr/bin/ceph:
2023-12-06T03:21:23.403+0000 7fb58affd700 1 -- 172.21.15.55:0/1849885441 --> [v2:172.21.15.55:6800/785191101,v1:172.21.15.55:6801/785191101] -- command(tid 0: {"prefix": "get_command_descriptions"}) v1 -- 0x7fb584032a30 con 0x7fb584033b40
2023-12-06T03:21:23.406 INFO:teuthology.orchestra.run.smithi055.stderr:/usr/bin/ceph:
2023-12-06T03:21:23.404+0000 7fb5a1c57700 1 --2- 172.21.15.55:0/1849885441 >> [v2:172.21.15.55:6800/785191101,v1:172.21.15.55:6801/785191101] conn(0x7fb584033b40 0x7fb584035f30 unknown :-1 s=BANNER_CONNECTING pgs=0 cs=0 l=1 rev1=0 rx=0 tx=0)._handle_peer_banner_payload supported=1 required=0
2023-12-06T03:21:23.409 INFO:teuthology.orchestra.run.smithi055.stderr:/usr/bin/ceph:
2023-12-06T03:21:23.404+0000 7fb5a1c57700 1 --2- 172.21.15.55:0/1849885441 >> [v2:172.21.15.55:6800/785191101,v1:172.21.15.55:6801/785191101] conn(0x7fb584033b40 0x7fb584035f30 secure :-1 s=READY pgs=1 cs=0 l=1 rev1=1 rx=0x7fb58c006fd0 tx=0x7fb58c006cf0).ready entity=mgr.14164 client_cookie=0 server_cookie=0 in_seq=0 out_seq=0
2023-12-06T03:21:23.410 INFO:teuthology.orchestra.run.smithi055.stderr:/usr/bin/ceph:
2023-12-06T03:21:23.405+0000 7fb58affd700 1 -- 172.21.15.55:0/1849885441 <== mgr.14164 v2:172.21.15.55:6800/785191101 1 ==== command_reply(tid 0: 0 ) v1 ==== 8+0+6438 (secure 0 0 0) 0x7fb584032a30 con 0x7fb584033b40
2023-12-06T03:21:23.413 INFO:teuthology.orchestra.run.smithi055.stderr:/usr/bin/ceph:
2023-12-06T03:21:23.412+0000 7fb5a46bc700 1 -- 172.21.15.55:0/1849885441 --> [v2:172.21.15.55:6800/785191101,v1:172.21.15.55:6801/785191101] -- command(tid 1: {"prefix": "mgr_status"}) v1 -- 0x7fb59c059100 con 0x7fb584033b40
2023-12-06T03:21:23.414 INFO:teuthology.orchestra.run.smithi055.stderr:/usr/bin/ceph:
2023-12-06T03:21:23.412+0000 7fb58affd700 1 -- 172.21.15.55:0/1849885441 <== mgr.14164 v2:172.21.15.55:6800/785191101 2 ==== command_reply(tid 1: 0 ) v1 ==== 8+0+52 (secure 0 0 0) 0x7fb59c059100 con 0x7fb584033b40
2023-12-06T03:21:23.414 INFO:teuthology.orchestra.run.smithi055.stderr:/usr/bin/ceph: {
2023-12-06T03:21:23.414 INFO:teuthology.orchestra.run.smithi055.stderr:/usr/bin/ceph: "mgrmap_epoch": 15,
2023-12-06T03:21:23.416 INFO:teuthology.orchestra.run.smithi055.stderr:/usr/bin/ceph: "initialized": true
2023-12-06T03:21:23.416 INFO:teuthology.orchestra.run.smithi055.stderr:/usr/bin/ceph: }
2023-12-06T03:21:23.416 INFO:teuthology.orchestra.run.smithi055.stderr:/usr/bin/ceph:
2023-12-06T03:21:23.413+0000 7fb5a46bc700 1 -- 172.21.15.55:0/1849885441 >> [v2:172.21.15.55:6800/785191101,v1:172.21.15.55:6801/785191101] conn(0x7fb584033b40 msgr2=0x7fb584035f30 secure :-1 s=STATE_CONNECTION_ESTABLISHED l=1).mark_down
2023-12-06T03:21:23.416 INFO:teuthology.orchestra.run.smithi055.stderr:/usr/bin/ceph:
2023-12-06T03:21:23.413+0000 7fb5a46bc700 1 --2- 172.21.15.55:0/1849885441 >> [v2:172.21.15.55:6800/785191101,v1:172.21.15.55:6801/785191101] conn(0x7fb584033b40 0x7fb584035f30 secure :-1 s=READY pgs=1 cs=0 l=1 rev1=1 rx=0x7fb58c006fd0 tx=0x7fb58c006cf0).stop
2023-12-06T03:21:23.416 INFO:teuthology.orchestra.run.smithi055.stderr:/usr/bin/ceph:
2023-12-06T03:21:23.413+0000 7fb5a46bc700 1 -- 172.21.15.55:0/1849885441 >> [v2:172.21.15.55:3300/0,v1:172.21.15.55:6789/0] conn(0x7fb59c0724d0 msgr2=0x7fb59c10cd30 secure :-1 s=STATE_CONNECTION_ESTABLISHED l=1).mark_down
2023-12-06T03:21:23.416 INFO:teuthology.orchestra.run.smithi055.stderr:/usr/bin/ceph:
2023-12-06T03:21:23.413+0000 7fb5a46bc700 1 --2- 172.21.15.55:0/1849885441 >> [v2:172.21.15.55:3300/0,v1:172.21.15.55:6789/0] conn(0x7fb59c0724d0 0x7fb59c10cd30 secure :-1 s=READY pgs=75 cs=0 l=1 rev1=1 rx=0x7fb598006c70 tx=0x7fb598006ee0).stop
2023-12-06T03:21:23.416 INFO:teuthology.orchestra.run.smithi055.stderr:/usr/bin/ceph:
2023-12-06T03:21:23.413+0000 7fb5a46bc700 1 -- 172.21.15.55:0/1849885441 shutdown_connections
2023-12-06T03:21:23.416 INFO:teuthology.orchestra.run.smithi055.stderr:/usr/bin/ceph:
2023-12-06T03:21:23.413+0000 7fb5a46bc700 1 --2- 172.21.15.55:0/1849885441 >> [v2:172.21.15.55:6800/785191101,v1:172.21.15.55:6801/785191101] conn(0x7fb584033b40 0x7fb584035f30 unknown :-1 s=CLOSED pgs=1 cs=0 l=1 rev1=1 rx=0 tx=0).stop
2023-12-06T03:21:23.416 INFO:teuthology.orchestra.run.smithi055.stderr:/usr/bin/ceph:
2023-12-06T03:21:23.413+0000 7fb5a46bc700 1 --2- 172.21.15.55:0/1849885441 >> [v2:172.21.15.55:3300/0,v1:172.21.15.55:6789/0] conn(0x7fb59c0724d0 0x7fb59c10cd30 unknown :-1 s=CLOSED pgs=75 cs=0 l=1 rev1=1 rx=0 tx=0).stop
2023-12-06T03:21:23.416 INFO:teuthology.orchestra.run.smithi055.stderr:/usr/bin/ceph:
2023-12-06T03:21:23.413+0000 7fb5a46bc700 1 --2- 172.21.15.55:0/1849885441 >> [v2:172.21.15.55:6800/1826150465,v1:172.21.15.55:6801/1826150465] conn(0x7fb58402feb0 0x7fb584032370 unknown :-1 s=CLOSED pgs=0 cs=0 l=1 rev1=0 rx=0 tx=0).stop
2023-12-06T03:21:23.416 INFO:teuthology.orchestra.run.smithi055.stderr:/usr/bin/ceph:
2023-12-06T03:21:23.413+0000 7fb5a46bc700 1 -- 172.21.15.55:0/1849885441 >> 172.21.15.55:0/1849885441 conn(0x7fb59c0f74c0 msgr2=0x7fb59c0f9060 unknown :-1 s=STATE_NONE l=0).mark_down
2023-12-06T03:21:23.416 INFO:teuthology.orchestra.run.smithi055.stderr:/usr/bin/ceph:
2023-12-06T03:21:23.413+0000 7fb5a46bc700 1 -- 172.21.15.55:0/1849885441 shutdown_connections
2023-12-06T03:21:23.416 INFO:teuthology.orchestra.run.smithi055.stderr:/usr/bin/ceph:
2023-12-06T03:21:23.413+0000 7fb5a46bc700 1 -- 172.21.15.55:0/1849885441 wait complete.
2023-12-06T03:21:23.683 INFO:journalctl@ceph.mon.smithi055.smithi055.stdout:Dec 06 03:21:23 smithi055 ceph-5555246c-93e6-11ee-95a2-87774f69a715-mon.smithi055[111758]: cluster
2023-12-06T03:21:22.398957+0000 mon.smithi055 (mon.0) 92 : cluster [DBG] mgrmap e14: smithi055.qjkkyb(active, starting, since 0.0531377s)
2023-12-06T03:21:23.683 INFO:journalctl@ceph.mon.smithi055.smithi055.stdout:Dec 06 03:21:23 smithi055 ceph-5555246c-93e6-11ee-95a2-87774f69a715-mon.smithi055[111758]: audit
2023-12-06T03:21:22.402028+0000 mon.smithi055 (mon.0) 93 : audit [DBG] from='mgr.14164 172.21.15.55:0/3621304158' entity='mgr.smithi055.qjkkyb' cmd=[{"prefix": "mon metadata", "id": "smithi055"}]: dispatch
2023-12-06T03:21:23.683 INFO:journalctl@ceph.mon.smithi055.smithi055.stdout:Dec 06 03:21:23 smithi055 ceph-5555246c-93e6-11ee-95a2-87774f69a715-mon.smithi055[111758]: audit
2023-12-06T03:21:22.402730+0000 mon.smithi055 (mon.0) 94 : audit [DBG] from='mgr.14164 172.21.15.55:0/3621304158' entity='mgr.smithi055.qjkkyb' cmd=[{"prefix": "mgr metadata", "who": "smithi055.qjkkyb", "id": "smithi055.qjkkyb"}]: dispatch
2023-12-06T03:21:23.683 INFO:journalctl@ceph.mon.smithi055.smithi055.stdout:Dec 06 03:21:23 smithi055 ceph-5555246c-93e6-11ee-95a2-87774f69a715-mon.smithi055[111758]: audit
2023-12-06T03:21:22.403498+0000 mon.smithi055 (mon.0) 95 : audit [DBG] from='mgr.14164 172.21.15.55:0/3621304158' entity='mgr.smithi055.qjkkyb' cmd=[{"prefix": "mds metadata"}]: dispatch
2023-12-06T03:21:23.683 INFO:journalctl@ceph.mon.smithi055.smithi055.stdout:Dec 06 03:21:23 smithi055 ceph-5555246c-93e6-11ee-95a2-87774f69a715-mon.smithi055[111758]: audit
2023-12-06T03:21:22.403690+0000 mon.smithi055 (mon.0) 96 : audit [DBG] from='mgr.14164 172.21.15.55:0/3621304158' entity='mgr.smithi055.qjkkyb' cmd=[{"prefix": "osd metadata"}]: dispatch
2023-12-06T03:21:23.683 INFO:journalctl@ceph.mon.smithi055.smithi055.stdout:Dec 06 03:21:23 smithi055 ceph-5555246c-93e6-11ee-95a2-87774f69a715-mon.smithi055[111758]: audit
2023-12-06T03:21:22.403858+0000 mon.smithi055 (mon.0) 97 : audit [DBG] from='mgr.14164 172.21.15.55:0/3621304158' entity='mgr.smithi055.qjkkyb' cmd=[{"prefix": "mon metadata"}]: dispatch
2023-12-06T03:21:23.683 INFO:journalctl@ceph.mon.smithi055.smithi055.stdout:Dec 06 03:21:23 smithi055 ceph-5555246c-93e6-11ee-95a2-87774f69a715-mon.smithi055[111758]: cluster
2023-12-06T03:21:22.405936+0000 mon.smithi055 (mon.0) 98 : cluster [INF] Manager daemon smithi055.qjkkyb is now available
2023-12-06T03:21:23.683 INFO:journalctl@ceph.mon.smithi055.smithi055.stdout:Dec 06 03:21:23 smithi055 ceph-5555246c-93e6-11ee-95a2-87774f69a715-mon.smithi055[111758]: audit
2023-12-06T03:21:22.518835+0000 mon.smithi055 (mon.0) 99 : audit [DBG] from='mgr.14164 172.21.15.55:0/3621304158' entity='mgr.smithi055.qjkkyb' cmd=[{"prefix": "config dump", "format": "json"}]: dispatch
2023-12-06T03:21:23.684 INFO:journalctl@ceph.mon.smithi055.smithi055.stdout:Dec 06 03:21:23 smithi055 ceph-5555246c-93e6-11ee-95a2-87774f69a715-mon.smithi055[111758]: audit
2023-12-06T03:21:22.521358+0000 mon.smithi055 (mon.0) 100 : audit [DBG] from='mgr.14164 172.21.15.55:0/3621304158' entity='mgr.smithi055.qjkkyb' cmd=[{"prefix": "config dump", "format": "json"}]: dispatch
2023-12-06T03:21:23.684 INFO:journalctl@ceph.mon.smithi055.smithi055.stdout:Dec 06 03:21:23 smithi055 ceph-5555246c-93e6-11ee-95a2-87774f69a715-mon.smithi055[111758]: audit
2023-12-06T03:21:22.546571+0000 mon.smithi055 (mon.0) 101 : audit [INF] from='mgr.14164 172.21.15.55:0/3621304158' entity='mgr.smithi055.qjkkyb' cmd=[{"prefix":"config rm","who":"mgr","name":"mgr/rbd_support/smithi055.qjkkyb/mirror_snapshot_schedule"}]: dispatch
2023-12-06T03:21:23.684 INFO:journalctl@ceph.mon.smithi055.smithi055.stdout:Dec 06 03:21:23 smithi055 ceph-5555246c-93e6-11ee-95a2-87774f69a715-mon.smithi055[111758]: audit
2023-12-06T03:21:22.550797+0000 mon.smithi055 (mon.0) 102 : audit [INF] from='mgr.14164 172.21.15.55:0/3621304158' entity='mgr.smithi055.qjkkyb' cmd=[{"prefix":"config rm","who":"mgr","name":"mgr/rbd_support/smithi055.qjkkyb/trash_purge_schedule"}]: dispatch
2023-12-06T03:21:23.804 INFO:teuthology.orchestra.run.smithi055.stderr:mgr epoch 13 is available
2023-12-06T03:21:23.804 INFO:teuthology.orchestra.run.smithi055.stderr:Generating a dashboard self-signed certificate...
2023-12-06T03:21:23.804 INFO:teuthology.orchestra.run.smithi055.stderr:Running command: /bin/podman run --rm --ipc=host --no-hosts --net=host --entrypoint /usr/bin/ceph --init -e CONTAINER_IMAGE=docker.io/ceph/ceph:v16.2.4 -e NODE_NAME=smithi055 -e CEPH_USE_RANDOM_NONCE=1 -v /var/log/ceph/5555246c-93e6-11ee-95a2-87774f69a715:/var/log/ceph:z -v /tmp/ceph-tmp_7luko1q:/etc/ceph/ceph.client.admin.keyring:z -v /tmp/ceph-tmp5oc6c81u:/etc/ceph/ceph.conf:z docker.io/ceph/ceph:v16.2.4 dashboard create-self-signed-cert
2023-12-06T03:21:24.213 INFO:teuthology.orchestra.run.smithi055.stderr:/usr/bin/ceph:
2023-12-06T03:21:24.204+0000 7fde4e5cf700 1 Processor -- start
2023-12-06T03:21:24.213 INFO:teuthology.orchestra.run.smithi055.stderr:/usr/bin/ceph:
2023-12-06T03:21:24.204+0000 7fde4e5cf700 1 -- start start
2023-12-06T03:21:24.213 INFO:teuthology.orchestra.run.smithi055.stderr:/usr/bin/ceph:
2023-12-06T03:21:24.204+0000 7fde4e5cf700 1 --2- >> [v2:172.21.15.55:3300/0,v1:172.21.15.55:6789/0] conn(0x7fde48070430 0x7fde480fe8e0 unknown :-1 s=NONE pgs=0 cs=0 l=0 rev1=0 rx=0 tx=0).connect
2023-12-06T03:21:24.213 INFO:teuthology.orchestra.run.smithi055.stderr:/usr/bin/ceph:
2023-12-06T03:21:24.204+0000 7fde4e5cf700 1 -- --> [v2:172.21.15.55:3300/0,v1:172.21.15.55:6789/0] -- mon_getmap magic: 0 v1 -- 0x7fde480fedd0 con 0x7fde48070430
2023-12-06T03:21:24.213 INFO:teuthology.orchestra.run.smithi055.stderr:/usr/bin/ceph:
2023-12-06T03:21:24.204+0000 7fde47fff700 1 --2- >> [v2:172.21.15.55:3300/0,v1:172.21.15.55:6789/0] conn(0x7fde48070430 0x7fde480fe8e0 unknown :-1 s=BANNER_CONNECTING pgs=0 cs=0 l=0 rev1=0 rx=0 tx=0)._handle_peer_banner_payload supported=1 required=0
2023-12-06T03:21:24.214 INFO:teuthology.orchestra.run.smithi055.stderr:/usr/bin/ceph:
2023-12-06T03:21:24.204+0000 7fde47fff700 1 --2- >> [v2:172.21.15.55:3300/0,v1:172.21.15.55:6789/0] conn(0x7fde48070430 0x7fde480fe8e0 unknown :-1 s=HELLO_CONNECTING pgs=0 cs=0 l=0 rev1=1 rx=0 tx=0).handle_hello peer v2:172.21.15.55:3300/0 says I am v2:172.21.15.55:39082/0 (socket says 172.21.15.55:39082)
2023-12-06T03:21:24.214 INFO:teuthology.orchestra.run.smithi055.stderr:/usr/bin/ceph:
2023-12-06T03:21:24.204+0000 7fde47fff700 1 -- 172.21.15.55:0/1757107047 learned_addr learned my addr 172.21.15.55:0/1757107047 (peer_addr_for_me v2:172.21.15.55:0/0)
2023-12-06T03:21:24.214 INFO:teuthology.orchestra.run.smithi055.stderr:/usr/bin/ceph:
2023-12-06T03:21:24.205+0000 7fde47fff700 1 -- 172.21.15.55:0/1757107047 --> [v2:172.21.15.55:3300/0,v1:172.21.15.55:6789/0] -- mon_subscribe({config=0+,monmap=0+}) v3 -- 0x7fde480fef10 con 0x7fde48070430
2023-12-06T03:21:24.214 INFO:teuthology.orchestra.run.smithi055.stderr:/usr/bin/ceph:
2023-12-06T03:21:24.205+0000 7fde47fff700 1 --2- 172.21.15.55:0/1757107047 >> [v2:172.21.15.55:3300/0,v1:172.21.15.55:6789/0] conn(0x7fde48070430 0x7fde480fe8e0 secure :-1 s=READY pgs=81 cs=0 l=1 rev1=1 rx=0x7fde3800b5f0 tx=0x7fde38006ee0).ready entity=mon.0 client_cookie=d8023a4c147d2c07 server_cookie=0 in_seq=0 out_seq=0
2023-12-06T03:21:24.214 INFO:teuthology.orchestra.run.smithi055.stderr:/usr/bin/ceph:
2023-12-06T03:21:24.205+0000 7fde46ffd700 1 -- 172.21.15.55:0/1757107047 <== mon.0 v2:172.21.15.55:3300/0 1 ==== mon_map magic: 0 v1 ==== 229+0+0 (secure 0 0 0) 0x7fde3800d600 con 0x7fde48070430
2023-12-06T03:21:24.214 INFO:teuthology.orchestra.run.smithi055.stderr:/usr/bin/ceph:
2023-12-06T03:21:24.205+0000 7fde46ffd700 1 -- 172.21.15.55:0/1757107047 <== mon.0 v2:172.21.15.55:3300/0 2 ==== config(25 keys) v1 ==== 1010+0+0 (secure 0 0 0) 0x7fde3800dbd0 con 0x7fde48070430
2023-12-06T03:21:24.214 INFO:teuthology.orchestra.run.smithi055.stderr:/usr/bin/ceph:
2023-12-06T03:21:24.205+0000 7fde46ffd700 1 -- 172.21.15.55:0/1757107047 <== mon.0 v2:172.21.15.55:3300/0 3 ==== mon_map magic: 0 v1 ==== 229+0+0 (secure 0 0 0) 0x7fde38011c00 con 0x7fde48070430
2023-12-06T03:21:24.214 INFO:teuthology.orchestra.run.smithi055.stderr:/usr/bin/ceph:
2023-12-06T03:21:24.206+0000 7fde4e5cf700 1 -- 172.21.15.55:0/1757107047 >> [v2:172.21.15.55:3300/0,v1:172.21.15.55:6789/0] conn(0x7fde48070430 msgr2=0x7fde480fe8e0 secure :-1 s=STATE_CONNECTION_ESTABLISHED l=1).mark_down
2023-12-06T03:21:24.214 INFO:teuthology.orchestra.run.smithi055.stderr:/usr/bin/ceph:
2023-12-06T03:21:24.206+0000 7fde4e5cf700 1 --2- 172.21.15.55:0/1757107047 >> [v2:172.21.15.55:3300/0,v1:172.21.15.55:6789/0] conn(0x7fde48070430 0x7fde480fe8e0 secure :-1 s=READY pgs=81 cs=0 l=1 rev1=1 rx=0x7fde3800b5f0 tx=0x7fde38006ee0).stop
2023-12-06T03:21:24.215 INFO:teuthology.orchestra.run.smithi055.stderr:/usr/bin/ceph:
2023-12-06T03:21:24.207+0000 7fde4e5cf700 1 -- 172.21.15.55:0/1757107047 shutdown_connections
2023-12-06T03:21:24.215 INFO:teuthology.orchestra.run.smithi055.stderr:/usr/bin/ceph:
2023-12-06T03:21:24.207+0000 7fde4e5cf700 1 --2- 172.21.15.55:0/1757107047 >> [v2:172.21.15.55:3300/0,v1:172.21.15.55:6789/0] conn(0x7fde48070430 0x7fde480fe8e0 unknown :-1 s=CLOSED pgs=81 cs=0 l=1 rev1=1 rx=0 tx=0).stop
2023-12-06T03:21:24.215 INFO:teuthology.orchestra.run.smithi055.stderr:/usr/bin/ceph:
2023-12-06T03:21:24.207+0000 7fde4e5cf700 1 -- 172.21.15.55:0/1757107047 >> 172.21.15.55:0/1757107047 conn(0x7fde480f63c0 msgr2=0x7fde480f87e0 unknown :-1 s=STATE_NONE l=0).mark_down
2023-12-06T03:21:24.215 INFO:teuthology.orchestra.run.smithi055.stderr:/usr/bin/ceph:
2023-12-06T03:21:24.207+0000 7fde4e5cf700 1 -- 172.21.15.55:0/1757107047 shutdown_connections
2023-12-06T03:21:24.215 INFO:teuthology.orchestra.run.smithi055.stderr:/usr/bin/ceph:
2023-12-06T03:21:24.207+0000 7fde4e5cf700 1 -- 172.21.15.55:0/1757107047 wait complete.
2023-12-06T03:21:24.215 INFO:teuthology.orchestra.run.smithi055.stderr:/usr/bin/ceph:
2023-12-06T03:21:24.207+0000 7fde4e5cf700 1 Processor -- start
2023-12-06T03:21:24.215 INFO:teuthology.orchestra.run.smithi055.stderr:/usr/bin/ceph:
2023-12-06T03:21:24.208+0000 7fde4e5cf700 1 -- start start
2023-12-06T03:21:24.215 INFO:teuthology.orchestra.run.smithi055.stderr:/usr/bin/ceph:
2023-12-06T03:21:24.208+0000 7fde4e5cf700 1 --2- >> [v2:172.21.15.55:3300/0,v1:172.21.15.55:6789/0] conn(0x7fde48070430 0x7fde480fc360 unknown :-1 s=NONE pgs=0 cs=0 l=1 rev1=0 rx=0 tx=0).connect
2023-12-06T03:21:24.215 INFO:teuthology.orchestra.run.smithi055.stderr:/usr/bin/ceph:
2023-12-06T03:21:24.208+0000 7fde4e5cf700 1 -- --> [v2:172.21.15.55:3300/0,v1:172.21.15.55:6789/0] -- mon_getmap magic: 0 v1 -- 0x7fde480fa7e0 con 0x7fde48070430
2023-12-06T03:21:24.215 INFO:teuthology.orchestra.run.smithi055.stderr:/usr/bin/ceph:
2023-12-06T03:21:24.208+0000 7fde47fff700 1 --2- >> [v2:172.21.15.55:3300/0,v1:172.21.15.55:6789/0] conn(0x7fde48070430 0x7fde480fc360 unknown :-1 s=BANNER_CONNECTING pgs=0 cs=0 l=1 rev1=0 rx=0 tx=0)._handle_peer_banner_payload supported=1 required=0
2023-12-06T03:21:24.215 INFO:teuthology.orchestra.run.smithi055.stderr:/usr/bin/ceph:
2023-12-06T03:21:24.208+0000 7fde47fff700 1 --2- >> [v2:172.21.15.55:3300/0,v1:172.21.15.55:6789/0] conn(0x7fde48070430 0x7fde480fc360 unknown :-1 s=HELLO_CONNECTING pgs=0 cs=0 l=1 rev1=1 rx=0 tx=0).handle_hello peer v2:172.21.15.55:3300/0 says I am v2:172.21.15.55:39084/0 (socket says 172.21.15.55:39084)
2023-12-06T03:21:24.215 INFO:teuthology.orchestra.run.smithi055.stderr:/usr/bin/ceph:
2023-12-06T03:21:24.208+0000 7fde47fff700 1 -- 172.21.15.55:0/242198420 learned_addr learned my addr 172.21.15.55:0/242198420 (peer_addr_for_me v2:172.21.15.55:0/0)
2023-12-06T03:21:24.215 INFO:teuthology.orchestra.run.smithi055.stderr:/usr/bin/ceph:
2023-12-06T03:21:24.208+0000 7fde47fff700 1 -- 172.21.15.55:0/242198420 --> [v2:172.21.15.55:3300/0,v1:172.21.15.55:6789/0] -- mon_subscribe({config=0+,monmap=0+}) v3 -- 0x7fde3800b200 con 0x7fde48070430
2023-12-06T03:21:24.215 INFO:teuthology.orchestra.run.smithi055.stderr:/usr/bin/ceph:
2023-12-06T03:21:24.208+0000 7fde47fff700 1 --2- 172.21.15.55:0/242198420 >> [v2:172.21.15.55:3300/0,v1:172.21.15.55:6789/0] conn(0x7fde48070430 0x7fde480fc360 secure :-1 s=READY pgs=82 cs=0 l=1 rev1=1 rx=0x7fde3800e040 tx=0x7fde38006ee0).ready entity=mon.0 client_cookie=0 server_cookie=0 in_seq=0 out_seq=0
2023-12-06T03:21:24.215 INFO:teuthology.orchestra.run.smithi055.stderr:/usr/bin/ceph:
2023-12-06T03:21:24.209+0000 7fde44ff9700 1 -- 172.21.15.55:0/242198420 <== mon.0 v2:172.21.15.55:3300/0 1 ==== mon_map magic: 0 v1 ==== 229+0+0 (secure 0 0 0) 0x7fde3800d9f0 con 0x7fde48070430
2023-12-06T03:21:24.216 INFO:teuthology.orchestra.run.smithi055.stderr:/usr/bin/ceph:
2023-12-06T03:21:24.209+0000 7fde44ff9700 1 -- 172.21.15.55:0/242198420 <== mon.0 v2:172.21.15.55:3300/0 2 ==== config(25 keys) v1 ==== 1010+0+0 (secure 0 0 0) 0x7fde3801a9f0 con 0x7fde48070430
2023-12-06T03:21:24.216 INFO:teuthology.orchestra.run.smithi055.stderr:/usr/bin/ceph:
2023-12-06T03:21:24.209+0000 7fde4e5cf700 1 -- 172.21.15.55:0/242198420 --> [v2:172.21.15.55:3300/0,v1:172.21.15.55:6789/0] -- mon_subscribe({mgrmap=0+}) v3 -- 0x7fde480fa980 con 0x7fde48070430
2023-12-06T03:21:24.216 INFO:teuthology.orchestra.run.smithi055.stderr:/usr/bin/ceph:
2023-12-06T03:21:24.209+0000 7fde44ff9700 1 -- 172.21.15.55:0/242198420 <== mon.0 v2:172.21.15.55:3300/0 3 ==== mon_map magic: 0 v1 ==== 229+0+0 (secure 0 0 0) 0x7fde3801b8c0 con 0x7fde48070430
2023-12-06T03:21:24.216 INFO:teuthology.orchestra.run.smithi055.stderr:/usr/bin/ceph:
2023-12-06T03:21:24.209+0000 7fde4e5cf700 1 -- 172.21.15.55:0/242198420 --> [v2:172.21.15.55:3300/0,v1:172.21.15.55:6789/0] -- mon_subscribe({osdmap=0}) v3 -- 0x7fde480fad90 con 0x7fde48070430
2023-12-06T03:21:24.216 INFO:teuthology.orchestra.run.smithi055.stderr:/usr/bin/ceph:
2023-12-06T03:21:24.210+0000 7fde44ff9700 1 -- 172.21.15.55:0/242198420 <== mon.0 v2:172.21.15.55:3300/0 4 ==== mgrmap(e 15) v1 ==== 36067+0+0 (secure 0 0 0) 0x7fde3800f070 con 0x7fde48070430
2023-12-06T03:21:24.216 INFO:teuthology.orchestra.run.smithi055.stderr:/usr/bin/ceph:
2023-12-06T03:21:24.210+0000 7fde44ff9700 1 --2- 172.21.15.55:0/242198420 >> [v2:172.21.15.55:6800/785191101,v1:172.21.15.55:6801/785191101] conn(0x7fde3402fd70 0x7fde34032230 unknown :-1 s=NONE pgs=0 cs=0 l=1 rev1=0 rx=0 tx=0).connect
2023-12-06T03:21:24.216 INFO:teuthology.orchestra.run.smithi055.stderr:/usr/bin/ceph:
2023-12-06T03:21:24.210+0000 7fde44ff9700 1 -- 172.21.15.55:0/242198420 <== mon.0 v2:172.21.15.55:3300/0 5 ==== osd_map(4..4 src has 1..4) v4 ==== 1270+0+0 (secure 0 0 0) 0x7fde38041400 con 0x7fde48070430
2023-12-06T03:21:24.216 INFO:teuthology.orchestra.run.smithi055.stderr:/usr/bin/ceph:
2023-12-06T03:21:24.210+0000 7fde477fe700 1 --2- 172.21.15.55:0/242198420 >> [v2:172.21.15.55:6800/785191101,v1:172.21.15.55:6801/785191101] conn(0x7fde3402fd70 0x7fde34032230 unknown :-1 s=BANNER_CONNECTING pgs=0 cs=0 l=1 rev1=0 rx=0 tx=0)._handle_peer_banner_payload supported=1 required=0
2023-12-06T03:21:24.216 INFO:teuthology.orchestra.run.smithi055.stderr:/usr/bin/ceph:
2023-12-06T03:21:24.210+0000 7fde4e5cf700 1 -- 172.21.15.55:0/242198420 --> [v2:172.21.15.55:3300/0,v1:172.21.15.55:6789/0] -- mon_command({"prefix": "get_command_descriptions"} v 0) v1 -- 0x7fde48059100 con 0x7fde48070430
2023-12-06T03:21:24.216 INFO:teuthology.orchestra.run.smithi055.stderr:/usr/bin/ceph:
2023-12-06T03:21:24.210+0000 7fde477fe700 1 --2- 172.21.15.55:0/242198420 >> [v2:172.21.15.55:6800/785191101,v1:172.21.15.55:6801/785191101] conn(0x7fde3402fd70 0x7fde34032230 secure :-1 s=READY pgs=6 cs=0 l=1 rev1=1 rx=0x7fde3c0096a0 tx=0x7fde3c006b40).ready entity=mgr.14164 client_cookie=0 server_cookie=0 in_seq=0 out_seq=0
2023-12-06T03:21:24.217 INFO:teuthology.orchestra.run.smithi055.stderr:/usr/bin/ceph:
2023-12-06T03:21:24.215+0000 7fde44ff9700 1 -- 172.21.15.55:0/242198420 <== mon.0 v2:172.21.15.55:3300/0 6 ==== mon_command_ack([{"prefix": "get_command_descriptions"}]=0 v0) v1 ==== 72+0+152212 (secure 0 0 0) 0x7fde38016070 con 0x7fde48070430
2023-12-06T03:21:24.387 INFO:teuthology.orchestra.run.smithi055.stderr:/usr/bin/ceph:
2023-12-06T03:21:24.385+0000 7fde4e5cf700 1 -- 172.21.15.55:0/242198420 --> [v2:172.21.15.55:6800/785191101,v1:172.21.15.55:6801/785191101] -- mgr_command(tid 0: {"prefix": "dashboard create-self-signed-cert", "target": ["mon-mgr", ""]}) v1 -- 0x7fde480ffc00 con 0x7fde3402fd70
2023-12-06T03:21:24.433 INFO:teuthology.orchestra.run.smithi055.stderr:/usr/bin/ceph:
2023-12-06T03:21:24.432+0000 7fde44ff9700 1 -- 172.21.15.55:0/242198420 <== mgr.14164 v2:172.21.15.55:6800/785191101 1 ==== mgr_command_reply(tid 0: 0 ) v1 ==== 8+0+32 (secure 0 0 0) 0x7fde480ffc00 con 0x7fde3402fd70
2023-12-06T03:21:24.434 INFO:teuthology.orchestra.run.smithi055.stderr:/usr/bin/ceph: Self-signed certificate created
2023-12-06T03:21:24.436 INFO:teuthology.orchestra.run.smithi055.stderr:/usr/bin/ceph:
