2023-12-06T03:20:39.561 INFO:teuthology.orchestra.run.smithi055.stderr:/usr/bin/ceph: ],
2023-12-06T03:20:39.562 INFO:teuthology.orchestra.run.smithi055.stderr:/usr/bin/ceph: "quorum_names": [
2023-12-06T03:20:39.562 INFO:teuthology.orchestra.run.smithi055.stderr:/usr/bin/ceph: "smithi055"
2023-12-06T03:20:39.562 INFO:teuthology.orchestra.run.smithi055.stderr:/usr/bin/ceph: ],
2023-12-06T03:20:39.562 INFO:teuthology.orchestra.run.smithi055.stderr:/usr/bin/ceph: "quorum_age": 10,
2023-12-06T03:20:39.562 INFO:teuthology.orchestra.run.smithi055.stderr:/usr/bin/ceph: "monmap": {
2023-12-06T03:20:39.562 INFO:teuthology.orchestra.run.smithi055.stderr:/usr/bin/ceph: "epoch": 1,
2023-12-06T03:20:39.562 INFO:teuthology.orchestra.run.smithi055.stderr:/usr/bin/ceph: "min_mon_release_name": "pacific",
2023-12-06T03:20:39.562 INFO:teuthology.orchestra.run.smithi055.stderr:/usr/bin/ceph: "num_mons": 1
2023-12-06T03:20:39.562 INFO:teuthology.orchestra.run.smithi055.stderr:/usr/bin/ceph: },
2023-12-06T03:20:39.562 INFO:teuthology.orchestra.run.smithi055.stderr:/usr/bin/ceph: "osdmap": {
2023-12-06T03:20:39.562 INFO:teuthology.orchestra.run.smithi055.stderr:/usr/bin/ceph: "epoch": 1,
2023-12-06T03:20:39.562 INFO:teuthology.orchestra.run.smithi055.stderr:/usr/bin/ceph: "num_osds": 0,
2023-12-06T03:20:39.562 INFO:teuthology.orchestra.run.smithi055.stderr:/usr/bin/ceph: "num_up_osds": 0,
2023-12-06T03:20:39.563 INFO:teuthology.orchestra.run.smithi055.stderr:/usr/bin/ceph: "osd_up_since": 0,
2023-12-06T03:20:39.563 INFO:teuthology.orchestra.run.smithi055.stderr:/usr/bin/ceph: "num_in_osds": 0,
2023-12-06T03:20:39.563 INFO:teuthology.orchestra.run.smithi055.stderr:/usr/bin/ceph: "osd_in_since": 0,
2023-12-06T03:20:39.563 INFO:teuthology.orchestra.run.smithi055.stderr:/usr/bin/ceph: "num_remapped_pgs": 0
2023-12-06T03:20:39.563 INFO:teuthology.orchestra.run.smithi055.stderr:/usr/bin/ceph: },
2023-12-06T03:20:39.563 INFO:teuthology.orchestra.run.smithi055.stderr:/usr/bin/ceph: "pgmap": {
2023-12-06T03:20:39.563 INFO:teuthology.orchestra.run.smithi055.stderr:/usr/bin/ceph: "pgs_by_state": [],
2023-12-06T03:20:39.563 INFO:teuthology.orchestra.run.smithi055.stderr:/usr/bin/ceph: "num_pgs": 0,
2023-12-06T03:20:39.563 INFO:teuthology.orchestra.run.smithi055.stderr:/usr/bin/ceph: "num_pools": 0,
2023-12-06T03:20:39.563 INFO:teuthology.orchestra.run.smithi055.stderr:/usr/bin/ceph: "num_objects": 0,
2023-12-06T03:20:39.563 INFO:teuthology.orchestra.run.smithi055.stderr:/usr/bin/ceph: "data_bytes": 0,
2023-12-06T03:20:39.563 INFO:teuthology.orchestra.run.smithi055.stderr:/usr/bin/ceph: "bytes_used": 0,
2023-12-06T03:20:39.564 INFO:teuthology.orchestra.run.smithi055.stderr:/usr/bin/ceph: "bytes_avail": 0,
2023-12-06T03:20:39.564 INFO:teuthology.orchestra.run.smithi055.stderr:/usr/bin/ceph: "bytes_total": 0
2023-12-06T03:20:39.564 INFO:teuthology.orchestra.run.smithi055.stderr:/usr/bin/ceph: },
2023-12-06T03:20:39.564 INFO:teuthology.orchestra.run.smithi055.stderr:/usr/bin/ceph: "fsmap": {
2023-12-06T03:20:39.564 INFO:teuthology.orchestra.run.smithi055.stderr:/usr/bin/ceph: "epoch": 1,
2023-12-06T03:20:39.564 INFO:teuthology.orchestra.run.smithi055.stderr:/usr/bin/ceph: "by_rank": [],
2023-12-06T03:20:39.564 INFO:teuthology.orchestra.run.smithi055.stderr:/usr/bin/ceph: "up:standby": 0
2023-12-06T03:20:39.564 INFO:teuthology.orchestra.run.smithi055.stderr:/usr/bin/ceph: },
2023-12-06T03:20:39.564 INFO:teuthology.orchestra.run.smithi055.stderr:/usr/bin/ceph: "mgrmap": {
2023-12-06T03:20:39.564 INFO:teuthology.orchestra.run.smithi055.stderr:/usr/bin/ceph: "available": true,
2023-12-06T03:20:39.564 INFO:teuthology.orchestra.run.smithi055.stderr:/usr/bin/ceph: "num_standbys": 0,
2023-12-06T03:20:39.564 INFO:teuthology.orchestra.run.smithi055.stderr:/usr/bin/ceph: "modules": [
2023-12-06T03:20:39.565 INFO:teuthology.orchestra.run.smithi055.stderr:/usr/bin/ceph: "iostat",
2023-12-06T03:20:39.565 INFO:teuthology.orchestra.run.smithi055.stderr:/usr/bin/ceph: "restful"
2023-12-06T03:20:39.565 INFO:teuthology.orchestra.run.smithi055.stderr:/usr/bin/ceph: ],
2023-12-06T03:20:39.565 INFO:teuthology.orchestra.run.smithi055.stderr:/usr/bin/ceph: "services": {}
2023-12-06T03:20:39.565 INFO:teuthology.orchestra.run.smithi055.stderr:/usr/bin/ceph: },
2023-12-06T03:20:39.565 INFO:teuthology.orchestra.run.smithi055.stderr:/usr/bin/ceph: "servicemap": {
2023-12-06T03:20:39.565 INFO:teuthology.orchestra.run.smithi055.stderr:/usr/bin/ceph: "epoch": 1,
2023-12-06T03:20:39.565 INFO:teuthology.orchestra.run.smithi055.stderr:/usr/bin/ceph: "modified": "2023-12-06T03:20:25.463941+0000",
2023-12-06T03:20:39.565 INFO:teuthology.orchestra.run.smithi055.stderr:/usr/bin/ceph: "services": {}
2023-12-06T03:20:39.565 INFO:teuthology.orchestra.run.smithi055.stderr:/usr/bin/ceph: },
2023-12-06T03:20:39.565 INFO:teuthology.orchestra.run.smithi055.stderr:/usr/bin/ceph: "progress_events": {}
2023-12-06T03:20:39.565 INFO:teuthology.orchestra.run.smithi055.stderr:/usr/bin/ceph: }
2023-12-06T03:20:39.566 INFO:teuthology.orchestra.run.smithi055.stderr:/usr/bin/ceph:
2023-12-06T03:20:39.554+0000 7fb5295f6700 1 -- 172.21.15.55:0/4215691955 >> [v2:172.21.15.55:6800/962833525,v1:172.21.15.55:6801/962833525] conn(0x7fb51002fd50 msgr2=0x7fb510032210 secure :-1 s=STATE_CONNECTION_ESTABLISHED l=1).mark_down
2023-12-06T03:20:39.566 INFO:teuthology.orchestra.run.smithi055.stderr:/usr/bin/ceph:
2023-12-06T03:20:39.554+0000 7fb5295f6700 1 --2- 172.21.15.55:0/4215691955 >> [v2:172.21.15.55:6800/962833525,v1:172.21.15.55:6801/962833525] conn(0x7fb51002fd50 0x7fb510032210 secure :-1 s=READY pgs=5 cs=0 l=1 rev1=1 rx=0x7fb5140096a0 tx=0x7fb514006b40).stop
2023-12-06T03:20:39.566 INFO:teuthology.orchestra.run.smithi055.stderr:/usr/bin/ceph:
2023-12-06T03:20:39.554+0000 7fb5295f6700 1 -- 172.21.15.55:0/4215691955 >> [v2:172.21.15.55:3300/0,v1:172.21.15.55:6789/0] conn(0x7fb5240fbb00 msgr2=0x7fb52410a8d0 secure :-1 s=STATE_CONNECTION_ESTABLISHED l=1).mark_down
2023-12-06T03:20:39.566 INFO:teuthology.orchestra.run.smithi055.stderr:/usr/bin/ceph:
2023-12-06T03:20:39.554+0000 7fb5295f6700 1 --2- 172.21.15.55:0/4215691955 >> [v2:172.21.15.55:3300/0,v1:172.21.15.55:6789/0] conn(0x7fb5240fbb00 0x7fb52410a8d0 secure :-1 s=READY pgs=17 cs=0 l=1 rev1=1 rx=0x7fb518000c00 tx=0x7fb518006ee0).stop
2023-12-06T03:20:39.566 INFO:teuthology.orchestra.run.smithi055.stderr:/usr/bin/ceph:
2023-12-06T03:20:39.554+0000 7fb5295f6700 1 -- 172.21.15.55:0/4215691955 shutdown_connections
2023-12-06T03:20:39.566 INFO:teuthology.orchestra.run.smithi055.stderr:/usr/bin/ceph:
2023-12-06T03:20:39.554+0000 7fb5295f6700 1 --2- 172.21.15.55:0/4215691955 >> [v2:172.21.15.55:6800/962833525,v1:172.21.15.55:6801/962833525] conn(0x7fb51002fd50 0x7fb510032210 unknown :-1 s=CLOSED pgs=5 cs=0 l=1 rev1=1 rx=0 tx=0).stop
2023-12-06T03:20:39.566 INFO:teuthology.orchestra.run.smithi055.stderr:/usr/bin/ceph:
2023-12-06T03:20:39.554+0000 7fb5295f6700 1 --2- 172.21.15.55:0/4215691955 >> [v2:172.21.15.55:3300/0,v1:172.21.15.55:6789/0] conn(0x7fb5240fbb00 0x7fb52410a8d0 unknown :-1 s=CLOSED pgs=17 cs=0 l=1 rev1=1 rx=0 tx=0).stop
2023-12-06T03:20:39.566 INFO:teuthology.orchestra.run.smithi055.stderr:/usr/bin/ceph:
2023-12-06T03:20:39.554+0000 7fb5295f6700 1 -- 172.21.15.55:0/4215691955 >> 172.21.15.55:0/4215691955 conn(0x7fb5240f7380 msgr2=0x7fb5240f8ec0 unknown :-1 s=STATE_NONE l=0).mark_down
2023-12-06T03:20:39.566 INFO:teuthology.orchestra.run.smithi055.stderr:/usr/bin/ceph:
2023-12-06T03:20:39.554+0000 7fb5295f6700 1 -- 172.21.15.55:0/4215691955 shutdown_connections
2023-12-06T03:20:39.566 INFO:teuthology.orchestra.run.smithi055.stderr:/usr/bin/ceph:
2023-12-06T03:20:39.554+0000 7fb5295f6700 1 -- 172.21.15.55:0/4215691955 wait complete.
2023-12-06T03:20:39.901 INFO:teuthology.orchestra.run.smithi055.stderr:mgr is available
2023-12-06T03:20:39.902 INFO:teuthology.orchestra.run.smithi055.stderr:Enabling cephadm module...
2023-12-06T03:20:39.902 INFO:teuthology.orchestra.run.smithi055.stderr:Running command: /bin/podman run --rm --ipc=host --no-hosts --net=host --entrypoint /usr/bin/ceph --init -e CONTAINER_IMAGE=docker.io/ceph/ceph:v16.2.4 -e NODE_NAME=smithi055 -e CEPH_USE_RANDOM_NONCE=1 -v /var/log/ceph/5555246c-93e6-11ee-95a2-87774f69a715:/var/log/ceph:z -v /tmp/ceph-tmp_7luko1q:/etc/ceph/ceph.client.admin.keyring:z -v /tmp/ceph-tmp5oc6c81u:/etc/ceph/ceph.conf:z docker.io/ceph/ceph:v16.2.4 mgr module enable cephadm
2023-12-06T03:20:40.263 INFO:teuthology.orchestra.run.smithi055.stderr:/usr/bin/ceph:
2023-12-06T03:20:40.261+0000 7f517999f700 1 Processor -- start
2023-12-06T03:20:40.263 INFO:teuthology.orchestra.run.smithi055.stderr:/usr/bin/ceph:
2023-12-06T03:20:40.261+0000 7f517999f700 1 -- start start
2023-12-06T03:20:40.264 INFO:teuthology.orchestra.run.smithi055.stderr:/usr/bin/ceph:
2023-12-06T03:20:40.261+0000 7f517999f700 1 --2- >> [v2:172.21.15.55:3300/0,v1:172.21.15.55:6789/0] conn(0x7f5174070430 0x7f51740fe730 unknown :-1 s=NONE pgs=0 cs=0 l=0 rev1=0 rx=0 tx=0).connect
2023-12-06T03:20:40.264 INFO:teuthology.orchestra.run.smithi055.stderr:/usr/bin/ceph:
2023-12-06T03:20:40.262+0000 7f517999f700 1 -- --> [v2:172.21.15.55:3300/0,v1:172.21.15.55:6789/0] -- mon_getmap magic: 0 v1 -- 0x7f51740fec20 con 0x7f5174070430
2023-12-06T03:20:40.264 INFO:teuthology.orchestra.run.smithi055.stderr:/usr/bin/ceph:
2023-12-06T03:20:40.262+0000 7f517899d700 1 --2- >> [v2:172.21.15.55:3300/0,v1:172.21.15.55:6789/0] conn(0x7f5174070430 0x7f51740fe730 unknown :-1 s=BANNER_CONNECTING pgs=0 cs=0 l=0 rev1=0 rx=0 tx=0)._handle_peer_banner_payload supported=1 required=0
2023-12-06T03:20:40.264 INFO:teuthology.orchestra.run.smithi055.stderr:/usr/bin/ceph:
2023-12-06T03:20:40.262+0000 7f517899d700 1 --2- >> [v2:172.21.15.55:3300/0,v1:172.21.15.55:6789/0] conn(0x7f5174070430 0x7f51740fe730 unknown :-1 s=HELLO_CONNECTING pgs=0 cs=0 l=0 rev1=1 rx=0 tx=0).handle_hello peer v2:172.21.15.55:3300/0 says I am v2:172.21.15.55:53600/0 (socket says 172.21.15.55:53600)
2023-12-06T03:20:40.264 INFO:teuthology.orchestra.run.smithi055.stderr:/usr/bin/ceph:
2023-12-06T03:20:40.262+0000 7f517899d700 1 -- 172.21.15.55:0/29162859 learned_addr learned my addr 172.21.15.55:0/29162859 (peer_addr_for_me v2:172.21.15.55:0/0)
2023-12-06T03:20:40.264 INFO:teuthology.orchestra.run.smithi055.stderr:/usr/bin/ceph:
2023-12-06T03:20:40.262+0000 7f517899d700 1 -- 172.21.15.55:0/29162859 --> [v2:172.21.15.55:3300/0,v1:172.21.15.55:6789/0] -- mon_subscribe({config=0+,monmap=0+}) v3 -- 0x7f51740fed60 con 0x7f5174070430
2023-12-06T03:20:40.267 INFO:teuthology.orchestra.run.smithi055.stderr:/usr/bin/ceph:
2023-12-06T03:20:40.262+0000 7f517899d700 1 --2- 172.21.15.55:0/29162859 >> [v2:172.21.15.55:3300/0,v1:172.21.15.55:6789/0] conn(0x7f5174070430 0x7f51740fe730 secure :-1 s=READY pgs=18 cs=0 l=1 rev1=1 rx=0x7f516800b5f0 tx=0x7f5168006ee0).ready entity=mon.0 client_cookie=ebeb9dec43ef2e59 server_cookie=0 in_seq=0 out_seq=0
2023-12-06T03:20:40.267 INFO:teuthology.orchestra.run.smithi055.stderr:/usr/bin/ceph:
2023-12-06T03:20:40.262+0000 7f51737fe700 1 -- 172.21.15.55:0/29162859 <== mon.0 v2:172.21.15.55:3300/0 1 ==== mon_map magic: 0 v1 ==== 229+0+0 (secure 0 0 0) 0x7f516800d600 con 0x7f5174070430
2023-12-06T03:20:40.267 INFO:teuthology.orchestra.run.smithi055.stderr:/usr/bin/ceph:
2023-12-06T03:20:40.262+0000 7f51737fe700 1 -- 172.21.15.55:0/29162859 <== mon.0 v2:172.21.15.55:3300/0 2 ==== config(25 keys) v1 ==== 1010+0+0 (secure 0 0 0) 0x7f516800dbd0 con 0x7f5174070430
2023-12-06T03:20:40.267 INFO:teuthology.orchestra.run.smithi055.stderr:/usr/bin/ceph:
2023-12-06T03:20:40.262+0000 7f51737fe700 1 -- 172.21.15.55:0/29162859 <== mon.0 v2:172.21.15.55:3300/0 3 ==== mon_map magic: 0 v1 ==== 229+0+0 (secure 0 0 0) 0x7f5168011c00 con 0x7f5174070430
2023-12-06T03:20:40.267 INFO:teuthology.orchestra.run.smithi055.stderr:/usr/bin/ceph:
2023-12-06T03:20:40.263+0000 7f517999f700 1 -- 172.21.15.55:0/29162859 >> [v2:172.21.15.55:3300/0,v1:172.21.15.55:6789/0] conn(0x7f5174070430 msgr2=0x7f51740fe730 secure :-1 s=STATE_CONNECTION_ESTABLISHED l=1).mark_down
2023-12-06T03:20:40.267 INFO:teuthology.orchestra.run.smithi055.stderr:/usr/bin/ceph:
2023-12-06T03:20:40.263+0000 7f517999f700 1 --2- 172.21.15.55:0/29162859 >> [v2:172.21.15.55:3300/0,v1:172.21.15.55:6789/0] conn(0x7f5174070430 0x7f51740fe730 secure :-1 s=READY pgs=18 cs=0 l=1 rev1=1 rx=0x7f516800b5f0 tx=0x7f5168006ee0).stop
2023-12-06T03:20:40.267 INFO:teuthology.orchestra.run.smithi055.stderr:/usr/bin/ceph:
2023-12-06T03:20:40.263+0000 7f517999f700 1 -- 172.21.15.55:0/29162859 shutdown_connections
2023-12-06T03:20:40.267 INFO:teuthology.orchestra.run.smithi055.stderr:/usr/bin/ceph:
2023-12-06T03:20:40.263+0000 7f517999f700 1 --2- 172.21.15.55:0/29162859 >> [v2:172.21.15.55:3300/0,v1:172.21.15.55:6789/0] conn(0x7f5174070430 0x7f51740fe730 unknown :-1 s=CLOSED pgs=18 cs=0 l=1 rev1=1 rx=0 tx=0).stop
2023-12-06T03:20:40.267 INFO:teuthology.orchestra.run.smithi055.stderr:/usr/bin/ceph:
2023-12-06T03:20:40.263+0000 7f517999f700 1 -- 172.21.15.55:0/29162859 >> 172.21.15.55:0/29162859 conn(0x7f51740f6210 msgr2=0x7f51740f8630 unknown :-1 s=STATE_NONE l=0).mark_down
2023-12-06T03:20:40.267 INFO:teuthology.orchestra.run.smithi055.stderr:/usr/bin/ceph:
2023-12-06T03:20:40.263+0000 7f517999f700 1 -- 172.21.15.55:0/29162859 shutdown_connections
2023-12-06T03:20:40.267 INFO:teuthology.orchestra.run.smithi055.stderr:/usr/bin/ceph:
2023-12-06T03:20:40.263+0000 7f517999f700 1 -- 172.21.15.55:0/29162859 wait complete.
2023-12-06T03:20:40.268 INFO:teuthology.orchestra.run.smithi055.stderr:/usr/bin/ceph:
2023-12-06T03:20:40.264+0000 7f517999f700 1 Processor -- start
2023-12-06T03:20:40.268 INFO:teuthology.orchestra.run.smithi055.stderr:/usr/bin/ceph:
2023-12-06T03:20:40.264+0000 7f517999f700 1 -- start start
2023-12-06T03:20:40.268 INFO:teuthology.orchestra.run.smithi055.stderr:/usr/bin/ceph:
2023-12-06T03:20:40.264+0000 7f517999f700 1 --2- >> [v2:172.21.15.55:3300/0,v1:172.21.15.55:6789/0] conn(0x7f5174070430 0x7f517410ca30 unknown :-1 s=NONE pgs=0 cs=0 l=1 rev1=0 rx=0 tx=0).connect
2023-12-06T03:20:40.268 INFO:teuthology.orchestra.run.smithi055.stderr:/usr/bin/ceph:
2023-12-06T03:20:40.264+0000 7f517999f700 1 -- --> [v2:172.21.15.55:3300/0,v1:172.21.15.55:6789/0] -- mon_getmap magic: 0 v1 -- 0x7f517410cf20 con 0x7f5174070430
2023-12-06T03:20:40.268 INFO:teuthology.orchestra.run.smithi055.stderr:/usr/bin/ceph:
2023-12-06T03:20:40.264+0000 7f517899d700 1 --2- >> [v2:172.21.15.55:3300/0,v1:172.21.15.55:6789/0] conn(0x7f5174070430 0x7f517410ca30 unknown :-1 s=BANNER_CONNECTING pgs=0 cs=0 l=1 rev1=0 rx=0 tx=0)._handle_peer_banner_payload supported=1 required=0
2023-12-06T03:20:40.268 INFO:teuthology.orchestra.run.smithi055.stderr:/usr/bin/ceph:
2023-12-06T03:20:40.264+0000 7f517899d700 1 --2- >> [v2:172.21.15.55:3300/0,v1:172.21.15.55:6789/0] conn(0x7f5174070430 0x7f517410ca30 unknown :-1 s=HELLO_CONNECTING pgs=0 cs=0 l=1 rev1=1 rx=0 tx=0).handle_hello peer v2:172.21.15.55:3300/0 says I am v2:172.21.15.55:53616/0 (socket says 172.21.15.55:53616)
2023-12-06T03:20:40.268 INFO:teuthology.orchestra.run.smithi055.stderr:/usr/bin/ceph:
2023-12-06T03:20:40.264+0000 7f517899d700 1 -- 172.21.15.55:0/1535918967 learned_addr learned my addr 172.21.15.55:0/1535918967 (peer_addr_for_me v2:172.21.15.55:0/0)
2023-12-06T03:20:40.268 INFO:teuthology.orchestra.run.smithi055.stderr:/usr/bin/ceph:
2023-12-06T03:20:40.265+0000 7f517899d700 1 -- 172.21.15.55:0/1535918967 --> [v2:172.21.15.55:3300/0,v1:172.21.15.55:6789/0] -- mon_subscribe({config=0+,monmap=0+}) v3 -- 0x7f516800b200 con 0x7f5174070430
2023-12-06T03:20:40.268 INFO:teuthology.orchestra.run.smithi055.stderr:/usr/bin/ceph:
2023-12-06T03:20:40.265+0000 7f517899d700 1 --2- 172.21.15.55:0/1535918967 >> [v2:172.21.15.55:3300/0,v1:172.21.15.55:6789/0] conn(0x7f5174070430 0x7f517410ca30 secure :-1 s=READY pgs=19 cs=0 l=1 rev1=1 rx=0x7f516800b190 tx=0x7f5168006ee0).ready entity=mon.0 client_cookie=0 server_cookie=0 in_seq=0 out_seq=0
2023-12-06T03:20:40.268 INFO:teuthology.orchestra.run.smithi055.stderr:/usr/bin/ceph:
2023-12-06T03:20:40.265+0000 7f51717fa700 1 -- 172.21.15.55:0/1535918967 <== mon.0 v2:172.21.15.55:3300/0 1 ==== mon_map magic: 0 v1 ==== 229+0+0 (secure 0 0 0) 0x7f516801b410 con 0x7f5174070430
2023-12-06T03:20:40.268 INFO:teuthology.orchestra.run.smithi055.stderr:/usr/bin/ceph:
2023-12-06T03:20:40.265+0000 7f51717fa700 1 -- 172.21.15.55:0/1535918967 <== mon.0 v2:172.21.15.55:3300/0 2 ==== config(25 keys) v1 ==== 1010+0+0 (secure 0 0 0) 0x7f516801b9e0 con 0x7f5174070430
2023-12-06T03:20:40.268 INFO:teuthology.orchestra.run.smithi055.stderr:/usr/bin/ceph:
2023-12-06T03:20:40.265+0000 7f517999f700 1 -- 172.21.15.55:0/1535918967 --> [v2:172.21.15.55:3300/0,v1:172.21.15.55:6789/0] -- mon_subscribe({mgrmap=0+}) v3 -- 0x7f517410d120 con 0x7f5174070430
2023-12-06T03:20:40.268 INFO:teuthology.orchestra.run.smithi055.stderr:/usr/bin/ceph:
2023-12-06T03:20:40.265+0000 7f51717fa700 1 -- 172.21.15.55:0/1535918967 <== mon.0 v2:172.21.15.55:3300/0 3 ==== mon_map magic: 0 v1 ==== 229+0+0 (secure 0 0 0) 0x7f516801a880 con 0x7f5174070430
2023-12-06T03:20:40.269 INFO:teuthology.orchestra.run.smithi055.stderr:/usr/bin/ceph:
2023-12-06T03:20:40.265+0000 7f517999f700 1 -- 172.21.15.55:0/1535918967 --> [v2:172.21.15.55:3300/0,v1:172.21.15.55:6789/0] -- mon_subscribe({osdmap=0}) v3 -- 0x7f517410d530 con 0x7f5174070430
2023-12-06T03:20:40.269 INFO:teuthology.orchestra.run.smithi055.stderr:/usr/bin/ceph:
2023-12-06T03:20:40.266+0000 7f51717fa700 1 -- 172.21.15.55:0/1535918967 <== mon.0 v2:172.21.15.55:3300/0 4 ==== mgrmap(e 4) v1 ==== 36109+0+0 (secure 0 0 0) 0x7f516800f070 con 0x7f5174070430
2023-12-06T03:20:40.269 INFO:teuthology.orchestra.run.smithi055.stderr:/usr/bin/ceph:
2023-12-06T03:20:40.266+0000 7f51717fa700 1 --2- 172.21.15.55:0/1535918967 >> [v2:172.21.15.55:6800/962833525,v1:172.21.15.55:6801/962833525] conn(0x7f515802fd00 0x7f51580321c0 unknown :-1 s=NONE pgs=0 cs=0 l=1 rev1=0 rx=0 tx=0).connect
2023-12-06T03:20:40.270 INFO:teuthology.orchestra.run.smithi055.stderr:/usr/bin/ceph:
2023-12-06T03:20:40.266+0000 7f51717fa700 1 -- 172.21.15.55:0/1535918967 <== mon.0 v2:172.21.15.55:3300/0 5 ==== osd_map(1..1 src has 1..1) v4 ==== 754+0+0 (secure 0 0 0) 0x7f5168042130 con 0x7f5174070430
2023-12-06T03:20:40.270 INFO:teuthology.orchestra.run.smithi055.stderr:/usr/bin/ceph:
2023-12-06T03:20:40.266+0000 7f5173fff700 1 --2- 172.21.15.55:0/1535918967 >> [v2:172.21.15.55:6800/962833525,v1:172.21.15.55:6801/962833525] conn(0x7f515802fd00 0x7f51580321c0 unknown :-1 s=BANNER_CONNECTING pgs=0 cs=0 l=1 rev1=0 rx=0 tx=0)._handle_peer_banner_payload supported=1 required=0
2023-12-06T03:20:40.270 INFO:teuthology.orchestra.run.smithi055.stderr:/usr/bin/ceph:
2023-12-06T03:20:40.266+0000 7f517999f700 1 -- 172.21.15.55:0/1535918967 --> [v2:172.21.15.55:3300/0,v1:172.21.15.55:6789/0] -- mon_command({"prefix": "get_command_descriptions"} v 0) v1 -- 0x7f5174059100 con 0x7f5174070430
2023-12-06T03:20:40.270 INFO:teuthology.orchestra.run.smithi055.stderr:/usr/bin/ceph:
2023-12-06T03:20:40.266+0000 7f5173fff700 1 --2- 172.21.15.55:0/1535918967 >> [v2:172.21.15.55:6800/962833525,v1:172.21.15.55:6801/962833525] conn(0x7f515802fd00 0x7f51580321c0 secure :-1 s=READY pgs=6 cs=0 l=1 rev1=1 rx=0x7f51600096a0 tx=0x7f5160006b40).ready entity=mgr.14100 client_cookie=0 server_cookie=0 in_seq=0 out_seq=0
2023-12-06T03:20:40.272 INFO:teuthology.orchestra.run.smithi055.stderr:/usr/bin/ceph:
2023-12-06T03:20:40.271+0000 7f51717fa700 1 -- 172.21.15.55:0/1535918967 <== mon.0 v2:172.21.15.55:3300/0 6 ==== mon_command_ack([{"prefix": "get_command_descriptions"}]=0 v0) v1 ==== 72+0+152212 (secure 0 0 0) 0x7f5168016070 con 0x7f5174070430
2023-12-06T03:20:40.450 INFO:journalctl@ceph.mon.smithi055.smithi055.stdout:Dec 06 03:20:40 smithi055 ceph-5555246c-93e6-11ee-95a2-87774f69a715-mon.smithi055[111758]: audit
2023-12-06T03:20:39.553451+0000 mon.smithi055 (mon.0) 25 : audit [DBG] from='client.? 172.21.15.55:0/4215691955' entity='client.admin' cmd=[{"prefix": "status", "format": "json-pretty"}]: dispatch
2023-12-06T03:20:40.481 INFO:teuthology.orchestra.run.smithi055.stderr:/usr/bin/ceph:
2023-12-06T03:20:40.479+0000 7f517999f700 1 -- 172.21.15.55:0/1535918967 --> [v2:172.21.15.55:3300/0,v1:172.21.15.55:6789/0] -- mon_command({"prefix": "mgr module enable", "module": "cephadm"} v 0) v1 -- 0x7f5174045ad0 con 0x7f5174070430
2023-12-06T03:20:41.043 INFO:teuthology.orchestra.run.smithi055.stderr:/usr/bin/ceph:
2023-12-06T03:20:41.041+0000 7f51717fa700 1 -- 172.21.15.55:0/1535918967 <== mon.0 v2:172.21.15.55:3300/0 7 ==== mgrmap(e 5) v1 ==== 36120+0+0 (secure 0 0 0) 0x7f51680257e0 con 0x7f5174070430
2023-12-06T03:20:41.044 INFO:teuthology.orchestra.run.smithi055.stderr:/usr/bin/ceph:
2023-12-06T03:20:41.042+0000 7f51717fa700 1 -- 172.21.15.55:0/1535918967 <== mon.0 v2:172.21.15.55:3300/0 8 ==== mon_command_ack([{"prefix": "mgr module enable", "module": "cephadm"}]=0 v5) v1 ==== 86+0+0 (secure 0 0 0) 0x7f51680105f0 con 0x7f5174070430
2023-12-06T03:20:41.047 INFO:teuthology.orchestra.run.smithi055.stderr:/usr/bin/ceph:
2023-12-06T03:20:41.045+0000 7f517999f700 1 -- 172.21.15.55:0/1535918967 >> [v2:172.21.15.55:6800/962833525,v1:172.21.15.55:6801/962833525] conn(0x7f515802fd00 msgr2=0x7f51580321c0 secure :-1 s=STATE_CONNECTION_ESTABLISHED l=1).mark_down
2023-12-06T03:20:41.047 INFO:teuthology.orchestra.run.smithi055.stderr:/usr/bin/ceph:
2023-12-06T03:20:41.045+0000 7f517999f700 1 --2- 172.21.15.55:0/1535918967 >> [v2:172.21.15.55:6800/962833525,v1:172.21.15.55:6801/962833525] conn(0x7f515802fd00 0x7f51580321c0 secure :-1 s=READY pgs=6 cs=0 l=1 rev1=1 rx=0x7f51600096a0 tx=0x7f5160006b40).stop
2023-12-06T03:20:41.047 INFO:teuthology.orchestra.run.smithi055.stderr:/usr/bin/ceph:
2023-12-06T03:20:41.045+0000 7f517999f700 1 -- 172.21.15.55:0/1535918967 >> [v2:172.21.15.55:3300/0,v1:172.21.15.55:6789/0] conn(0x7f5174070430 msgr2=0x7f517410ca30 secure :-1 s=STATE_CONNECTION_ESTABLISHED l=1).mark_down
2023-12-06T03:20:41.047 INFO:teuthology.orchestra.run.smithi055.stderr:/usr/bin/ceph:
2023-12-06T03:20:41.045+0000 7f517999f700 1 --2- 172.21.15.55:0/1535918967 >> [v2:172.21.15.55:3300/0,v1:172.21.15.55:6789/0] conn(0x7f5174070430 0x7f517410ca30 secure :-1 s=READY pgs=19 cs=0 l=1 rev1=1 rx=0x7f516800b190 tx=0x7f5168006ee0).stop
2023-12-06T03:20:41.047 INFO:teuthology.orchestra.run.smithi055.stderr:/usr/bin/ceph:
2023-12-06T03:20:41.045+0000 7f517999f700 1 -- 172.21.15.55:0/1535918967 shutdown_connections
2023-12-06T03:20:41.047 INFO:teuthology.orchestra.run.smithi055.stderr:/usr/bin/ceph:
2023-12-06T03:20:41.045+0000 7f517999f700 1 --2- 172.21.15.55:0/1535918967 >> [v2:172.21.15.55:6800/962833525,v1:172.21.15.55:6801/962833525] conn(0x7f515802fd00 0x7f51580321c0 unknown :-1 s=CLOSED pgs=6 cs=0 l=1 rev1=1 rx=0 tx=0).stop
2023-12-06T03:20:41.047 INFO:teuthology.orchestra.run.smithi055.stderr:/usr/bin/ceph:
2023-12-06T03:20:41.045+0000 7f517999f700 1 --2- 172.21.15.55:0/1535918967 >> [v2:172.21.15.55:3300/0,v1:172.21.15.55:6789/0] conn(0x7f5174070430 0x7f517410ca30 unknown :-1 s=CLOSED pgs=19 cs=0 l=1 rev1=1 rx=0 tx=0).stop
2023-12-06T03:20:41.047 INFO:teuthology.orchestra.run.smithi055.stderr:/usr/bin/ceph:
2023-12-06T03:20:41.045+0000 7f517999f700 1 -- 172.21.15.55:0/1535918967 >> 172.21.15.55:0/1535918967 conn(0x7f51740f6210 msgr2=0x7f51740f7cc0 unknown :-1 s=STATE_NONE l=0).mark_down
2023-12-06T03:20:41.048 INFO:teuthology.orchestra.run.smithi055.stderr:/usr/bin/ceph:
2023-12-06T03:20:41.046+0000 7f517999f700 1 -- 172.21.15.55:0/1535918967 shutdown_connections
2023-12-06T03:20:41.048 INFO:teuthology.orchestra.run.smithi055.stderr:/usr/bin/ceph:
2023-12-06T03:20:41.046+0000 7f517999f700 1 -- 172.21.15.55:0/1535918967 wait complete.
2023-12-06T03:20:41.450 INFO:journalctl@ceph.mon.smithi055.smithi055.stdout:Dec 06 03:20:41 smithi055 ceph-5555246c-93e6-11ee-95a2-87774f69a715-mon.smithi055[111758]: audit
2023-12-06T03:20:40.481152+0000 mon.smithi055 (mon.0) 26 : audit [INF] from='client.? 172.21.15.55:0/1535918967' entity='client.admin' cmd=[{"prefix": "mgr module enable", "module": "cephadm"}]: dispatch
2023-12-06T03:20:42.450 INFO:journalctl@ceph.mon.smithi055.smithi055.stdout:Dec 06 03:20:42 smithi055 ceph-5555246c-93e6-11ee-95a2-87774f69a715-mon.smithi055[111758]: audit
2023-12-06T03:20:41.043835+0000 mon.smithi055 (mon.0) 27 : audit [INF] from='client.? 172.21.15.55:0/1535918967' entity='client.admin' cmd='[{"prefix": "mgr module enable", "module": "cephadm"}]': finished
2023-12-06T03:20:42.450 INFO:journalctl@ceph.mon.smithi055.smithi055.stdout:Dec 06 03:20:42 smithi055 ceph-5555246c-93e6-11ee-95a2-87774f69a715-mon.smithi055[111758]: cluster
2023-12-06T03:20:41.043922+0000 mon.smithi055 (mon.0) 28 : cluster [DBG] mgrmap e5: smithi055.qjkkyb(active, since 5s)
2023-12-06T03:20:42.892 INFO:teuthology.orchestra.run.smithi055.stderr:Running command: /bin/podman run --rm --ipc=host --no-hosts --net=host --entrypoint /usr/bin/ceph --init -e CONTAINER_IMAGE=docker.io/ceph/ceph:v16.2.4 -e NODE_NAME=smithi055 -e CEPH_USE_RANDOM_NONCE=1 -v /var/log/ceph/5555246c-93e6-11ee-95a2-87774f69a715:/var/log/ceph:z -v /tmp/ceph-tmp_7luko1q:/etc/ceph/ceph.client.admin.keyring:z -v /tmp/ceph-tmp5oc6c81u:/etc/ceph/ceph.conf:z docker.io/ceph/ceph:v16.2.4 mgr stat
2023-12-06T03:20:43.679 INFO:teuthology.orchestra.run.smithi055.stderr:/usr/bin/ceph:
2023-12-06T03:20:43.677+0000 7f41edb1e700 1 Processor -- start
2023-12-06T03:20:43.679 INFO:teuthology.orchestra.run.smithi055.stderr:/usr/bin/ceph:
2023-12-06T03:20:43.677+0000 7f41edb1e700 1 -- start start
2023-12-06T03:20:43.681 INFO:teuthology.orchestra.run.smithi055.stderr:/usr/bin/ceph:
2023-12-06T03:20:43.677+0000 7f41edb1e700 1 --2- >> [v2:172.21.15.55:3300/0,v1:172.21.15.55:6789/0] conn(0x7f41e80fab80 0x7f41e80fafa0 unknown :-1 s=NONE pgs=0 cs=0 l=0 rev1=0 rx=0 tx=0).connect
2023-12-06T03:20:43.681 INFO:teuthology.orchestra.run.smithi055.stderr:/usr/bin/ceph:
2023-12-06T03:20:43.677+0000 7f41edb1e700 1 -- --> [v2:172.21.15.55:3300/0,v1:172.21.15.55:6789/0] -- mon_getmap magic: 0 v1 -- 0x7f41e80fb490 con 0x7f41e80fab80
2023-12-06T03:20:43.681 INFO:teuthology.orchestra.run.smithi055.stderr:/usr/bin/ceph:
2023-12-06T03:20:43.678+0000 7f41e77fe700 1 --2- >> [v2:172.21.15.55:3300/0,v1:172.21.15.55:6789/0] conn(0x7f41e80fab80 0x7f41e80fafa0 unknown :-1 s=BANNER_CONNECTING pgs=0 cs=0 l=0 rev1=0 rx=0 tx=0)._handle_peer_banner_payload supported=1 required=0
2023-12-06T03:20:43.681 INFO:teuthology.orchestra.run.smithi055.stderr:/usr/bin/ceph:
2023-12-06T03:20:43.678+0000 7f41e77fe700 1 --2- >> [v2:172.21.15.55:3300/0,v1:172.21.15.55:6789/0] conn(0x7f41e80fab80 0x7f41e80fafa0 unknown :-1 s=HELLO_CONNECTING pgs=0 cs=0 l=0 rev1=1 rx=0 tx=0).handle_hello peer v2:172.21.15.55:3300/0 says I am v2:172.21.15.55:53636/0 (socket says 172.21.15.55:53636)
2023-12-06T03:20:43.681 INFO:teuthology.orchestra.run.smithi055.stderr:/usr/bin/ceph:
2023-12-06T03:20:43.678+0000 7f41e77fe700 1 -- 172.21.15.55:0/1752087236 learned_addr learned my addr 172.21.15.55:0/1752087236 (peer_addr_for_me v2:172.21.15.55:0/0)
2023-12-06T03:20:43.681 INFO:teuthology.orchestra.run.smithi055.stderr:/usr/bin/ceph:
2023-12-06T03:20:43.678+0000 7f41e77fe700 1 -- 172.21.15.55:0/1752087236 --> [v2:172.21.15.55:3300/0,v1:172.21.15.55:6789/0] -- mon_subscribe({config=0+,monmap=0+}) v3 -- 0x7f41e80fb5d0 con 0x7f41e80fab80
2023-12-06T03:20:43.682 INFO:teuthology.orchestra.run.smithi055.stderr:/usr/bin/ceph:
2023-12-06T03:20:43.678+0000 7f41e77fe700 1 --2- 172.21.15.55:0/1752087236 >> [v2:172.21.15.55:3300/0,v1:172.21.15.55:6789/0] conn(0x7f41e80fab80 0x7f41e80fafa0 secure :-1 s=READY pgs=22 cs=0 l=1 rev1=1 rx=0x7f41d800b5f0 tx=0x7f41d8006ee0).ready entity=mon.0 client_cookie=d56f48fd2487fb8d server_cookie=0 in_seq=0 out_seq=0
2023-12-06T03:20:43.682 INFO:teuthology.orchestra.run.smithi055.stderr:/usr/bin/ceph:
2023-12-06T03:20:43.678+0000 7f41e67fc700 1 -- 172.21.15.55:0/1752087236 <== mon.0 v2:172.21.15.55:3300/0 1 ==== mon_map magic: 0 v1 ==== 229+0+0 (secure 0 0 0) 0x7f41d800d600 con 0x7f41e80fab80
2023-12-06T03:20:43.682 INFO:teuthology.orchestra.run.smithi055.stderr:/usr/bin/ceph:
2023-12-06T03:20:43.679+0000 7f41e67fc700 1 -- 172.21.15.55:0/1752087236 <== mon.0 v2:172.21.15.55:3300/0 2 ==== config(25 keys) v1 ==== 1010+0+0 (secure 0 0 0) 0x7f41d800dbd0 con 0x7f41e80fab80
2023-12-06T03:20:43.682 INFO:teuthology.orchestra.run.smithi055.stderr:/usr/bin/ceph:
2023-12-06T03:20:43.679+0000 7f41e67fc700 1 -- 172.21.15.55:0/1752087236 <== mon.0 v2:172.21.15.55:3300/0 3 ==== mon_map magic: 0 v1 ==== 229+0+0 (secure 0 0 0) 0x7f41d8011c00 con 0x7f41e80fab80
2023-12-06T03:20:43.682 INFO:teuthology.orchestra.run.smithi055.stderr:/usr/bin/ceph:
2023-12-06T03:20:43.679+0000 7f41edb1e700 1 -- 172.21.15.55:0/1752087236 >> [v2:172.21.15.55:3300/0,v1:172.21.15.55:6789/0] conn(0x7f41e80fab80 msgr2=0x7f41e80fafa0 secure :-1 s=STATE_CONNECTION_ESTABLISHED l=1).mark_down
2023-12-06T03:20:43.682 INFO:teuthology.orchestra.run.smithi055.stderr:/usr/bin/ceph:
2023-12-06T03:20:43.679+0000 7f41edb1e700 1 --2- 172.21.15.55:0/1752087236 >> [v2:172.21.15.55:3300/0,v1:172.21.15.55:6789/0] conn(0x7f41e80fab80 0x7f41e80fafa0 secure :-1 s=READY pgs=22 cs=0 l=1 rev1=1 rx=0x7f41d800b5f0 tx=0x7f41d8006ee0).stop
2023-12-06T03:20:43.682 INFO:teuthology.orchestra.run.smithi055.stderr:/usr/bin/ceph:
2023-12-06T03:20:43.679+0000 7f41edb1e700 1 -- 172.21.15.55:0/1752087236 shutdown_connections
2023-12-06T03:20:43.682 INFO:teuthology.orchestra.run.smithi055.stderr:/usr/bin/ceph:
2023-12-06T03:20:43.679+0000 7f41edb1e700 1 --2- 172.21.15.55:0/1752087236 >> [v2:172.21.15.55:3300/0,v1:172.21.15.55:6789/0] conn(0x7f41e80fab80 0x7f41e80fafa0 unknown :-1 s=CLOSED pgs=22 cs=0 l=1 rev1=1 rx=0 tx=0).stop
2023-12-06T03:20:43.682 INFO:teuthology.orchestra.run.smithi055.stderr:/usr/bin/ceph:
2023-12-06T03:20:43.679+0000 7f41edb1e700 1 -- 172.21.15.55:0/1752087236 >> 172.21.15.55:0/1752087236 conn(0x7f41e80f63c0 msgr2=0x7f41e80f87e0 unknown :-1 s=STATE_NONE l=0).mark_down
2023-12-06T03:20:43.682 INFO:teuthology.orchestra.run.smithi055.stderr:/usr/bin/ceph:
2023-12-06T03:20:43.679+0000 7f41edb1e700 1 -- 172.21.15.55:0/1752087236 shutdown_connections
2023-12-06T03:20:43.682 INFO:teuthology.orchestra.run.smithi055.stderr:/usr/bin/ceph:
2023-12-06T03:20:43.679+0000 7f41edb1e700 1 -- 172.21.15.55:0/1752087236 wait complete.
2023-12-06T03:20:43.684 INFO:teuthology.orchestra.run.smithi055.stderr:/usr/bin/ceph:
2023-12-06T03:20:43.680+0000 7f41edb1e700 1 Processor -- start
2023-12-06T03:20:43.684 INFO:teuthology.orchestra.run.smithi055.stderr:/usr/bin/ceph:
2023-12-06T03:20:43.680+0000 7f41edb1e700 1 -- start start
2023-12-06T03:20:43.684 INFO:teuthology.orchestra.run.smithi055.stderr:/usr/bin/ceph:
2023-12-06T03:20:43.681+0000 7f41edb1e700 1 --2- >> [v2:172.21.15.55:3300/0,v1:172.21.15.55:6789/0] conn(0x7f41e80fab80 0x7f41e810d720 unknown :-1 s=NONE pgs=0 cs=0 l=1 rev1=0 rx=0 tx=0).connect
2023-12-06T03:20:43.684 INFO:teuthology.orchestra.run.smithi055.stderr:/usr/bin/ceph:
2023-12-06T03:20:43.681+0000 7f41edb1e700 1 -- --> [v2:172.21.15.55:3300/0,v1:172.21.15.55:6789/0] -- mon_getmap magic: 0 v1 -- 0x7f41e8070470 con 0x7f41e80fab80
2023-12-06T03:20:43.684 INFO:teuthology.orchestra.run.smithi055.stderr:/usr/bin/ceph:
2023-12-06T03:20:43.681+0000 7f41e77fe700 1 --2- >> [v2:172.21.15.55:3300/0,v1:172.21.15.55:6789/0] conn(0x7f41e80fab80 0x7f41e810d720 unknown :-1 s=BANNER_CONNECTING pgs=0 cs=0 l=1 rev1=0 rx=0 tx=0)._handle_peer_banner_payload supported=1 required=0
2023-12-06T03:20:43.684 INFO:teuthology.orchestra.run.smithi055.stderr:/usr/bin/ceph:
2023-12-06T03:20:43.681+0000 7f41e77fe700 1 --2- >> [v2:172.21.15.55:3300/0,v1:172.21.15.55:6789/0] conn(0x7f41e80fab80 0x7f41e810d720 unknown :-1 s=HELLO_CONNECTING pgs=0 cs=0 l=1 rev1=1 rx=0 tx=0).handle_hello peer v2:172.21.15.55:3300/0 says I am v2:172.21.15.55:53640/0 (socket says 172.21.15.55:53640)
2023-12-06T03:20:43.684 INFO:teuthology.orchestra.run.smithi055.stderr:/usr/bin/ceph:
2023-12-06T03:20:43.681+0000 7f41e77fe700 1 -- 172.21.15.55:0/2490923571 learned_addr learned my addr 172.21.15.55:0/2490923571 (peer_addr_for_me v2:172.21.15.55:0/0)
2023-12-06T03:20:43.684 INFO:teuthology.orchestra.run.smithi055.stderr:/usr/bin/ceph:
2023-12-06T03:20:43.681+0000 7f41e77fe700 1 -- 172.21.15.55:0/2490923571 --> [v2:172.21.15.55:3300/0,v1:172.21.15.55:6789/0] -- mon_subscribe({config=0+,monmap=0+}) v3 -- 0x7f41d800b200 con 0x7f41e80fab80
2023-12-06T03:20:43.684 INFO:teuthology.orchestra.run.smithi055.stderr:/usr/bin/ceph:
2023-12-06T03:20:43.681+0000 7f41e77fe700 1 --2- 172.21.15.55:0/2490923571 >> [v2:172.21.15.55:3300/0,v1:172.21.15.55:6789/0] conn(0x7f41e80fab80 0x7f41e810d720 secure :-1 s=READY pgs=23 cs=0 l=1 rev1=1 rx=0x7f41d800e040 tx=0x7f41d8006ee0).ready entity=mon.0 client_cookie=0 server_cookie=0 in_seq=0 out_seq=0
2023-12-06T03:20:43.685 INFO:teuthology.orchestra.run.smithi055.stderr:/usr/bin/ceph:
2023-12-06T03:20:43.682+0000 7f41cffff700 1 -- 172.21.15.55:0/2490923571 <== mon.0 v2:172.21.15.55:3300/0 1 ==== mon_map magic: 0 v1 ==== 229+0+0 (secure 0 0 0) 0x7f41d801b410 con 0x7f41e80fab80
2023-12-06T03:20:43.685 INFO:teuthology.orchestra.run.smithi055.stderr:/usr/bin/ceph:
2023-12-06T03:20:43.682+0000 7f41edb1e700 1 -- 172.21.15.55:0/2490923571 --> [v2:172.21.15.55:3300/0,v1:172.21.15.55:6789/0] -- mon_subscribe({mgrmap=0+}) v3 -- 0x7f41e8070670 con 0x7f41e80fab80
2023-12-06T03:20:43.685 INFO:teuthology.orchestra.run.smithi055.stderr:/usr/bin/ceph:
2023-12-06T03:20:43.682+0000 7f41cffff700 1 -- 172.21.15.55:0/2490923571 <== mon.0 v2:172.21.15.55:3300/0 2 ==== config(25 keys) v1 ==== 1010+0+0 (secure 0 0 0) 0x7f41d801b9e0 con 0x7f41e80fab80
2023-12-06T03:20:43.685 INFO:teuthology.orchestra.run.smithi055.stderr:/usr/bin/ceph:
2023-12-06T03:20:43.682+0000 7f41edb1e700 1 -- 172.21.15.55:0/2490923571 --> [v2:172.21.15.55:3300/0,v1:172.21.15.55:6789/0] -- mon_subscribe({osdmap=0}) v3 -- 0x7f41e810ddd0 con 0x7f41e80fab80
2023-12-06T03:20:43.685 INFO:teuthology.orchestra.run.smithi055.stderr:/usr/bin/ceph:
2023-12-06T03:20:43.682+0000 7f41cffff700 1 -- 172.21.15.55:0/2490923571 <== mon.0 v2:172.21.15.55:3300/0 3 ==== mon_map magic: 0 v1 ==== 229+0+0 (secure 0 0 0) 0x7f41d801a820 con 0x7f41e80fab80
2023-12-06T03:20:43.685 INFO:teuthology.orchestra.run.smithi055.stderr:/usr/bin/ceph:
2023-12-06T03:20:43.683+0000 7f41cffff700 1 -- 172.21.15.55:0/2490923571 <== mon.0 v2:172.21.15.55:3300/0 4 ==== mgrmap(e 5) v1 ==== 36120+0+0 (secure 0 0 0) 0x7f41d800f070 con 0x7f41e80fab80
2023-12-06T03:20:43.686 INFO:teuthology.orchestra.run.smithi055.stderr:/usr/bin/ceph:
2023-12-06T03:20:43.683+0000 7f41cffff700 1 --2- 172.21.15.55:0/2490923571 >> [v2:172.21.15.55:6800/962833525,v1:172.21.15.55:6801/962833525] conn(0x7f41d402fd50 0x7f41d4032210 unknown :-1 s=NONE pgs=0 cs=0 l=1 rev1=0 rx=0 tx=0).connect
2023-12-06T03:20:43.686 INFO:teuthology.orchestra.run.smithi055.stderr:/usr/bin/ceph:
2023-12-06T03:20:43.683+0000 7f41cffff700 1 -- 172.21.15.55:0/2490923571 <== mon.0 v2:172.21.15.55:3300/0 5 ==== osd_map(1..1 src has 1..1) v4 ==== 754+0+0 (secure 0 0 0) 0x7f41d80413f0 con 0x7f41e80fab80
2023-12-06T03:20:43.686 INFO:teuthology.orchestra.run.smithi055.stderr:/usr/bin/ceph:
2023-12-06T03:20:43.683+0000 7f41e6ffd700 1 -- 172.21.15.55:0/2490923571 >> [v2:172.21.15.55:6800/962833525,v1:172.21.15.55:6801/962833525] conn(0x7f41d402fd50 msgr2=0x7f41d4032210 unknown :-1 s=STATE_CONNECTING_RE l=1).process reconnect failed to v2:172.21.15.55:6800/962833525
2023-12-06T03:20:43.686 INFO:teuthology.orchestra.run.smithi055.stderr:/usr/bin/ceph:
2023-12-06T03:20:43.683+0000 7f41e6ffd700 1 --2- 172.21.15.55:0/2490923571 >> [v2:172.21.15.55:6800/962833525,v1:172.21.15.55:6801/962833525] conn(0x7f41d402fd50 0x7f41d4032210 unknown :-1 s=START_CONNECT pgs=0 cs=0 l=1 rev1=0 rx=0 tx=0)._fault waiting 0.200000
2023-12-06T03:20:43.686 INFO:teuthology.orchestra.run.smithi055.stderr:/usr/bin/ceph:
2023-12-06T03:20:43.683+0000 7f41edb1e700 1 -- 172.21.15.55:0/2490923571 --> [v2:172.21.15.55:3300/0,v1:172.21.15.55:6789/0] -- mon_command({"prefix": "get_command_descriptions"} v 0) v1 -- 0x7f41e8045ad0 con 0x7f41e80fab80
2023-12-06T03:20:43.693 INFO:teuthology.orchestra.run.smithi055.stderr:/usr/bin/ceph:
2023-12-06T03:20:43.691+0000 7f41cffff700 1 -- 172.21.15.55:0/2490923571 <== mon.0 v2:172.21.15.55:3300/0 6 ==== mon_command_ack([{"prefix": "get_command_descriptions"}]=0 v0) v1 ==== 72+0+152212 (secure 0 0 0) 0x7f41d8016070 con 0x7f41e80fab80
2023-12-06T03:20:43.885 INFO:teuthology.orchestra.run.smithi055.stderr:/usr/bin/ceph:
2023-12-06T03:20:43.884+0000 7f41e6ffd700 1 -- 172.21.15.55:0/2490923571 >> [v2:172.21.15.55:6800/962833525,v1:172.21.15.55:6801/962833525] conn(0x7f41d402fd50 msgr2=0x7f41d4032210 unknown :-1 s=STATE_CONNECTING_RE l=1).process reconnect failed to v2:172.21.15.55:6800/962833525
2023-12-06T03:20:43.886 INFO:teuthology.orchestra.run.smithi055.stderr:/usr/bin/ceph:
2023-12-06T03:20:43.884+0000 7f41e6ffd700 1 --2- 172.21.15.55:0/2490923571 >> [v2:172.21.15.55:6800/962833525,v1:172.21.15.55:6801/962833525] conn(0x7f41d402fd50 0x7f41d4032210 unknown :-1 s=START_CONNECT pgs=0 cs=0 l=1 rev1=0 rx=0 tx=0)._fault waiting 0.400000
2023-12-06T03:20:43.918 INFO:teuthology.orchestra.run.smithi055.stderr:/usr/bin/ceph:
2023-12-06T03:20:43.916+0000 7f41edb1e700 1 -- 172.21.15.55:0/2490923571 --> [v2:172.21.15.55:3300/0,v1:172.21.15.55:6789/0] -- mon_command({"prefix": "mgr stat"} v 0) v1 -- 0x7f41e80fc890 con 0x7f41e80fab80
2023-12-06T03:20:43.918 INFO:teuthology.orchestra.run.smithi055.stderr:/usr/bin/ceph:
2023-12-06T03:20:43.917+0000 7f41cffff700 1 -- 172.21.15.55:0/2490923571 <== mon.0 v2:172.21.15.55:3300/0 7 ==== mon_command_ack([{"prefix": "mgr stat"}]=0 v5) v1 ==== 56+0+103 (secure 0 0 0) 0x7f41d8025460 con 0x7f41e80fab80
2023-12-06T03:20:43.920 INFO:teuthology.orchestra.run.smithi055.stderr:/usr/bin/ceph: {
2023-12-06T03:20:43.920 INFO:teuthology.orchestra.run.smithi055.stderr:/usr/bin/ceph: "epoch": 5,
2023-12-06T03:20:43.920 INFO:teuthology.orchestra.run.smithi055.stderr:/usr/bin/ceph: "available": true,
2023-12-06T03:20:43.920 INFO:teuthology.orchestra.run.smithi055.stderr:/usr/bin/ceph: "active_name": "smithi055.qjkkyb",
2023-12-06T03:20:43.920 INFO:teuthology.orchestra.run.smithi055.stderr:/usr/bin/ceph: "num_standby": 0
2023-12-06T03:20:43.920 INFO:teuthology.orchestra.run.smithi055.stderr:/usr/bin/ceph: }
2023-12-06T03:20:43.921 INFO:teuthology.orchestra.run.smithi055.stderr:/usr/bin/ceph:
2023-12-06T03:20:43.919+0000 7f41edb1e700 1 -- 172.21.15.55:0/2490923571 >> [v2:172.21.15.55:6800/962833525,v1:172.21.15.55:6801/962833525] conn(0x7f41d402fd50 msgr2=0x7f41d4032210 unknown :-1 s=STATE_CONNECTING l=1).mark_down
2023-12-06T03:20:43.922 INFO:teuthology.orchestra.run.smithi055.stderr:/usr/bin/ceph:
2023-12-06T03:20:43.919+0000 7f41edb1e700 1 --2- 172.21.15.55:0/2490923571 >> [v2:172.21.15.55:6800/962833525,v1:172.21.15.55:6801/962833525] conn(0x7f41d402fd50 0x7f41d4032210 unknown :-1 s=START_CONNECT pgs=0 cs=0 l=1 rev1=0 rx=0 tx=0).stop
2023-12-06T03:20:43.922 INFO:teuthology.orchestra.run.smithi055.stderr:/usr/bin/ceph:
2023-12-06T03:20:43.919+0000 7f41edb1e700 1 -- 172.21.15.55:0/2490923571 >> [v2:172.21.15.55:3300/0,v1:172.21.15.55:6789/0] conn(0x7f41e80fab80 msgr2=0x7f41e810d720 secure :-1 s=STATE_CONNECTION_ESTABLISHED l=1).mark_down
2023-12-06T03:20:43.922 INFO:teuthology.orchestra.run.smithi055.stderr:/usr/bin/ceph:
2023-12-06T03:20:43.919+0000 7f41edb1e700 1 --2- 172.21.15.55:0/2490923571 >> [v2:172.21.15.55:3300/0,v1:172.21.15.55:6789/0] conn(0x7f41e80fab80 0x7f41e810d720 secure :-1 s=READY pgs=23 cs=0 l=1 rev1=1 rx=0x7f41d800e040 tx=0x7f41d8006ee0).stop
2023-12-06T03:20:43.922 INFO:teuthology.orchestra.run.smithi055.stderr:/usr/bin/ceph:
2023-12-06T03:20:43.919+0000 7f41edb1e700 1 -- 172.21.15.55:0/2490923571 shutdown_connections
2023-12-06T03:20:43.922 INFO:teuthology.orchestra.run.smithi055.stderr:/usr/bin/ceph:
2023-12-06T03:20:43.919+0000 7f41edb1e700 1 --2- 172.21.15.55:0/2490923571 >> [v2:172.21.15.55:6800/962833525,v1:172.21.15.55:6801/962833525] conn(0x7f41d402fd50 0x7f41d4032210 unknown :-1 s=CLOSED pgs=0 cs=0 l=1 rev1=0 rx=0 tx=0).stop
2023-12-06T03:20:43.922 INFO:teuthology.orchestra.run.smithi055.stderr:/usr/bin/ceph:
2023-12-06T03:20:43.919+0000 7f41edb1e700 1 --2- 172.21.15.55:0/2490923571 >> [v2:172.21.15.55:3300/0,v1:172.21.15.55:6789/0] conn(0x7f41e80fab80 0x7f41e810d720 unknown :-1 s=CLOSED pgs=23 cs=0 l=1 rev1=1 rx=0 tx=0).stop
2023-12-06T03:20:43.922 INFO:teuthology.orchestra.run.smithi055.stderr:/usr/bin/ceph:
2023-12-06T03:20:43.919+0000 7f41edb1e700 1 -- 172.21.15.55:0/2490923571 >> 172.21.15.55:0/2490923571 conn(0x7f41e80f63c0 msgr2=0x7f41e80f7ee0 unknown :-1 s=STATE_NONE l=0).mark_down
2023-12-06T03:20:43.922 INFO:teuthology.orchestra.run.smithi055.stderr:/usr/bin/ceph:
2023-12-06T03:20:43.919+0000 7f41edb1e700 1 -- 172.21.15.55:0/2490923571 shutdown_connections
2023-12-06T03:20:43.922 INFO:teuthology.orchestra.run.smithi055.stderr:/usr/bin/ceph:
2023-12-06T03:20:43.919+0000 7f41edb1e700 1 -- 172.21.15.55:0/2490923571 wait complete.
2023-12-06T03:20:44.200 INFO:journalctl@ceph.mon.smithi055.smithi055.stdout:Dec 06 03:20:43 smithi055 ceph-5555246c-93e6-11ee-95a2-87774f69a715-mon.smithi055[111758]: audit
2023-12-06T03:20:43.917998+0000 mon.smithi055 (mon.0) 29 : audit [DBG] from='client.? 172.21.15.55:0/2490923571' entity='client.admin' cmd=[{"prefix": "mgr stat"}]: dispatch
2023-12-06T03:20:44.275 INFO:teuthology.orchestra.run.smithi055.stderr:Waiting for the mgr to restart...
2023-12-06T03:20:44.275 INFO:teuthology.orchestra.run.smithi055.stderr:Waiting for mgr epoch 5...
2023-12-06T03:20:44.276 INFO:teuthology.orchestra.run.smithi055.stderr:Running command: /bin/podman run --rm --ipc=host --no-hosts --net=host --entrypoint /usr/bin/ceph --init -e CONTAINER_IMAGE=docker.io/ceph/ceph:v16.2.4 -e NODE_NAME=smithi055 -e CEPH_USE_RANDOM_NONCE=1 -v /var/log/ceph/5555246c-93e6-11ee-95a2-87774f69a715:/var/log/ceph:z -v /tmp/ceph-tmp_7luko1q:/etc/ceph/ceph.client.admin.keyring:z -v /tmp/ceph-tmp5oc6c81u:/etc/ceph/ceph.conf:z docker.io/ceph/ceph:v16.2.4 tell mgr mgr_status
2023-12-06T03:20:44.624 INFO:teuthology.orchestra.run.smithi055.stderr:/usr/bin/ceph:
2023-12-06T03:20:44.621+0000 7fd566041700 1 Processor -- start
2023-12-06T03:20:44.624 INFO:teuthology.orchestra.run.smithi055.stderr:/usr/bin/ceph:
2023-12-06T03:20:44.621+0000 7fd566041700 1 -- start start
2023-12-06T03:20:44.624 INFO:teuthology.orchestra.run.smithi055.stderr:/usr/bin/ceph:
2023-12-06T03:20:44.621+0000 7fd566041700 1 --2- >> [v2:172.21.15.55:3300/0,v1:172.21.15.55:6789/0] conn(0x7fd5600703d0 0x7fd560100d40 unknown :-1 s=NONE pgs=0 cs=0 l=0 rev1=0 rx=0 tx=0).connect
2023-12-06T03:20:44.624 INFO:teuthology.orchestra.run.smithi055.stderr:/usr/bin/ceph:
2023-12-06T03:20:44.621+0000 7fd566041700 1 -- --> [v2:172.21.15.55:3300/0,v1:172.21.15.55:6789/0] -- mon_getmap magic: 0 v1 -- 0x7fd5600fc730 con 0x7fd5600703d0
2023-12-06T03:20:44.624 INFO:teuthology.orchestra.run.smithi055.stderr:/usr/bin/ceph:
2023-12-06T03:20:44.622+0000 7fd55f7fe700 1 --2- >> [v2:172.21.15.55:3300/0,v1:172.21.15.55:6789/0] conn(0x7fd5600703d0 0x7fd560100d40 unknown :-1 s=BANNER_CONNECTING pgs=0 cs=0 l=0 rev1=0 rx=0 tx=0)._handle_peer_banner_payload supported=1 required=0
2023-12-06T03:20:44.624 INFO:teuthology.orchestra.run.smithi055.stderr:/usr/bin/ceph:
2023-12-06T03:20:44.622+0000 7fd55f7fe700 1 --2- >> [v2:172.21.15.55:3300/0,v1:172.21.15.55:6789/0] conn(0x7fd5600703d0 0x7fd560100d40 unknown :-1 s=HELLO_CONNECTING pgs=0 cs=0 l=0 rev1=1 rx=0 tx=0).handle_hello peer v2:172.21.15.55:3300/0 says I am v2:172.21.15.55:53642/0 (socket says 172.21.15.55:53642)
2023-12-06T03:20:44.624 INFO:teuthology.orchestra.run.smithi055.stderr:/usr/bin/ceph:
2023-12-06T03:20:44.622+0000 7fd55f7fe700 1 -- 172.21.15.55:0/1980423910 learned_addr learned my addr 172.21.15.55:0/1980423910 (peer_addr_for_me v2:172.21.15.55:0/0)
2023-12-06T03:20:44.624 INFO:teuthology.orchestra.run.smithi055.stderr:/usr/bin/ceph:
2023-12-06T03:20:44.622+0000 7fd55f7fe700 1 -- 172.21.15.55:0/1980423910 --> [v2:172.21.15.55:3300/0,v1:172.21.15.55:6789/0] -- mon_subscribe({config=0+,monmap=0+}) v3 -- 0x7fd560101230 con 0x7fd5600703d0
2023-12-06T03:20:44.624 INFO:teuthology.orchestra.run.smithi055.stderr:/usr/bin/ceph:
2023-12-06T03:20:44.622+0000 7fd55f7fe700 1 --2- 172.21.15.55:0/1980423910 >> [v2:172.21.15.55:3300/0,v1:172.21.15.55:6789/0] conn(0x7fd5600703d0 0x7fd560100d40 secure :-1 s=READY pgs=24 cs=0 l=1 rev1=1 rx=0x7fd55000b5f0 tx=0x7fd550006ee0).ready entity=mon.0 client_cookie=45d1c4a206430b0b server_cookie=0 in_seq=0 out_seq=0
2023-12-06T03:20:44.626 INFO:teuthology.orchestra.run.smithi055.stderr:/usr/bin/ceph:
2023-12-06T03:20:44.622+0000 7fd55e7fc700 1 -- 172.21.15.55:0/1980423910 <== mon.0 v2:172.21.15.55:3300/0 1 ==== mon_map magic: 0 v1 ==== 229+0+0 (secure 0 0 0) 0x7fd55000d600 con 0x7fd5600703d0
2023-12-06T03:20:44.626 INFO:teuthology.orchestra.run.smithi055.stderr:/usr/bin/ceph:
2023-12-06T03:20:44.622+0000 7fd55e7fc700 1 -- 172.21.15.55:0/1980423910 <== mon.0 v2:172.21.15.55:3300/0 2 ==== config(25 keys) v1 ==== 1010+0+0 (secure 0 0 0) 0x7fd55000dbd0 con 0x7fd5600703d0
2023-12-06T03:20:44.627 INFO:teuthology.orchestra.run.smithi055.stderr:/usr/bin/ceph:
2023-12-06T03:20:44.622+0000 7fd55e7fc700 1 -- 172.21.15.55:0/1980423910 <== mon.0 v2:172.21.15.55:3300/0 3 ==== mon_map magic: 0 v1 ==== 229+0+0 (secure 0 0 0) 0x7fd550011c00 con 0x7fd5600703d0
2023-12-06T03:20:44.627 INFO:teuthology.orchestra.run.smithi055.stderr:/usr/bin/ceph:
2023-12-06T03:20:44.623+0000 7fd566041700 1 -- 172.21.15.55:0/1980423910 >> [v2:172.21.15.55:3300/0,v1:172.21.15.55:6789/0] conn(0x7fd5600703d0 msgr2=0x7fd560100d40 secure :-1 s=STATE_CONNECTION_ESTABLISHED l=1).mark_down
2023-12-06T03:20:44.627 INFO:teuthology.orchestra.run.smithi055.stderr:/usr/bin/ceph:
2023-12-06T03:20:44.623+0000 7fd566041700 1 --2- 172.21.15.55:0/1980423910 >> [v2:172.21.15.55:3300/0,v1:172.21.15.55:6789/0] conn(0x7fd5600703d0 0x7fd560100d40 secure :-1 s=READY pgs=24 cs=0 l=1 rev1=1 rx=0x7fd55000b5f0 tx=0x7fd550006ee0).stop
2023-12-06T03:20:44.627 INFO:teuthology.orchestra.run.smithi055.stderr:/usr/bin/ceph:
2023-12-06T03:20:44.623+0000 7fd566041700 1 -- 172.21.15.55:0/1980423910 shutdown_connections
2023-12-06T03:20:44.627 INFO:teuthology.orchestra.run.smithi055.stderr:/usr/bin/ceph:
2023-12-06T03:20:44.623+0000 7fd566041700 1 --2- 172.21.15.55:0/1980423910 >> [v2:172.21.15.55:3300/0,v1:172.21.15.55:6789/0] conn(0x7fd5600703d0 0x7fd560100d40 unknown :-1 s=CLOSED pgs=24 cs=0 l=1 rev1=1 rx=0 tx=0).stop
2023-12-06T03:20:44.627 INFO:teuthology.orchestra.run.smithi055.stderr:/usr/bin/ceph:
2023-12-06T03:20:44.623+0000 7fd566041700 1 -- 172.21.15.55:0/1980423910 >> 172.21.15.55:0/1980423910 conn(0x7fd5600f63c0 msgr2=0x7fd5600f87e0 unknown :-1 s=STATE_NONE l=0).mark_down
2023-12-06T03:20:44.627 INFO:teuthology.orchestra.run.smithi055.stderr:/usr/bin/ceph:
2023-12-06T03:20:44.623+0000 7fd566041700 1 -- 172.21.15.55:0/1980423910 shutdown_connections
2023-12-06T03:20:44.627 INFO:teuthology.orchestra.run.smithi055.stderr:/usr/bin/ceph:
2023-12-06T03:20:44.623+0000 7fd566041700 1 -- 172.21.15.55:0/1980423910 wait complete.
2023-12-06T03:20:44.627 INFO:teuthology.orchestra.run.smithi055.stderr:/usr/bin/ceph:
2023-12-06T03:20:44.624+0000 7fd566041700 1 Processor -- start
2023-12-06T03:20:44.627 INFO:teuthology.orchestra.run.smithi055.stderr:/usr/bin/ceph:
2023-12-06T03:20:44.625+0000 7fd566041700 1 -- start start
2023-12-06T03:20:44.627 INFO:teuthology.orchestra.run.smithi055.stderr:/usr/bin/ceph:
2023-12-06T03:20:44.625+0000 7fd566041700 1 --2- >> [v2:172.21.15.55:3300/0,v1:172.21.15.55:6789/0] conn(0x7fd5600703d0 0x7fd56010cbb0 unknown :-1 s=NONE pgs=0 cs=0 l=1 rev1=0 rx=0 tx=0).connect
2023-12-06T03:20:44.628 INFO:teuthology.orchestra.run.smithi055.stderr:/usr/bin/ceph:
2023-12-06T03:20:44.625+0000 7fd566041700 1 -- --> [v2:172.21.15.55:3300/0,v1:172.21.15.55:6789/0] -- mon_getmap magic: 0 v1 -- 0x7fd56010d0a0 con 0x7fd5600703d0
2023-12-06T03:20:44.628 INFO:teuthology.orchestra.run.smithi055.stderr:/usr/bin/ceph:
2023-12-06T03:20:44.625+0000 7fd55f7fe700 1 --2- >> [v2:172.21.15.55:3300/0,v1:172.21.15.55:6789/0] conn(0x7fd5600703d0 0x7fd56010cbb0 unknown :-1 s=BANNER_CONNECTING pgs=0 cs=0 l=1 rev1=0 rx=0 tx=0)._handle_peer_banner_payload supported=1 required=0
2023-12-06T03:20:44.628 INFO:teuthology.orchestra.run.smithi055.stderr:/usr/bin/ceph:
2023-12-06T03:20:44.625+0000 7fd55f7fe700 1 --2- >> [v2:172.21.15.55:3300/0,v1:172.21.15.55:6789/0] conn(0x7fd5600703d0 0x7fd56010cbb0 unknown :-1 s=HELLO_CONNECTING pgs=0 cs=0 l=1 rev1=1 rx=0 tx=0).handle_hello peer v2:172.21.15.55:3300/0 says I am v2:172.21.15.55:53652/0 (socket says 172.21.15.55:53652)
2023-12-06T03:20:44.629 INFO:teuthology.orchestra.run.smithi055.stderr:/usr/bin/ceph:
2023-12-06T03:20:44.625+0000 7fd55f7fe700 1 -- 172.21.15.55:0/615552447 learned_addr learned my addr 172.21.15.55:0/615552447 (peer_addr_for_me v2:172.21.15.55:0/0)
2023-12-06T03:20:44.629 INFO:teuthology.orchestra.run.smithi055.stderr:/usr/bin/ceph:
2023-12-06T03:20:44.625+0000 7fd55f7fe700 1 -- 172.21.15.55:0/615552447 --> [v2:172.21.15.55:3300/0,v1:172.21.15.55:6789/0] -- mon_subscribe({config=0+,monmap=0+}) v3 -- 0x7fd55000b200 con 0x7fd5600703d0
2023-12-06T03:20:44.629 INFO:teuthology.orchestra.run.smithi055.stderr:/usr/bin/ceph:
2023-12-06T03:20:44.625+0000 7fd55f7fe700 1 --2- 172.21.15.55:0/615552447 >> [v2:172.21.15.55:3300/0,v1:172.21.15.55:6789/0] conn(0x7fd5600703d0 0x7fd56010cbb0 secure :-1 s=READY pgs=25 cs=0 l=1 rev1=1 rx=0x7fd55000b190 tx=0x7fd550006ee0).ready entity=mon.0 client_cookie=0 server_cookie=0 in_seq=0 out_seq=0
2023-12-06T03:20:44.629 INFO:teuthology.orchestra.run.smithi055.stderr:/usr/bin/ceph:
