2023-12-08T20:20:50.828+0000 7fa2b5e3a700 1 -- 172.21.15.43:0/1517275262 >> [v2:172.21.15.43:3300/0,v1:172.21.15.43:6789/0] conn(0x7fa2b01022b0 msgr2=0x7fa2b0111150 secure :-1 s=STATE_CONNECTION_ESTABLISHED l=1).mark_down
2023-12-08T20:20:52.461 INFO:teuthology.orchestra.run.smithi043.stdout:/usr/bin/ceph: stderr
2023-12-08T20:20:50.828+0000 7fa2b5e3a700 1 --2- 172.21.15.43:0/1517275262 >> [v2:172.21.15.43:3300/0,v1:172.21.15.43:6789/0] conn(0x7fa2b01022b0 0x7fa2b0111150 secure :-1 s=READY pgs=21 cs=0 l=1 rev1=1 crypto rx=0x7fa2a0000c00 tx=0x7fa2a0009250 comp rx=0 tx=0).stop
2023-12-08T20:20:52.461 INFO:teuthology.orchestra.run.smithi043.stdout:/usr/bin/ceph: stderr
2023-12-08T20:20:50.828+0000 7fa2b5e3a700 1 -- 172.21.15.43:0/1517275262 shutdown_connections
2023-12-08T20:20:52.461 INFO:teuthology.orchestra.run.smithi043.stdout:/usr/bin/ceph: stderr
2023-12-08T20:20:50.828+0000 7fa2b5e3a700 1 --2- 172.21.15.43:0/1517275262 >> [v2:172.21.15.43:6800/2195776328,v1:172.21.15.43:6801/2195776328] conn(0x7fa2980365a0 0x7fa298038a50 unknown :-1 s=CLOSED pgs=7 cs=0 l=1 rev1=1 crypto rx=0 tx=0 comp rx=0 tx=0).stop
2023-12-08T20:20:52.462 INFO:teuthology.orchestra.run.smithi043.stdout:/usr/bin/ceph: stderr
2023-12-08T20:20:50.828+0000 7fa2b5e3a700 1 --2- 172.21.15.43:0/1517275262 >> [v2:172.21.15.43:3300/0,v1:172.21.15.43:6789/0] conn(0x7fa2b01022b0 0x7fa2b0111150 unknown :-1 s=CLOSED pgs=21 cs=0 l=1 rev1=1 crypto rx=0 tx=0 comp rx=0 tx=0).stop
2023-12-08T20:20:52.462 INFO:teuthology.orchestra.run.smithi043.stdout:/usr/bin/ceph: stderr
2023-12-08T20:20:50.828+0000 7fa2b5e3a700 1 -- 172.21.15.43:0/1517275262 >> 172.21.15.43:0/1517275262 conn(0x7fa2b00fda10 msgr2=0x7fa2b00ff1e0 unknown :-1 s=STATE_NONE l=0).mark_down
2023-12-08T20:20:52.462 INFO:teuthology.orchestra.run.smithi043.stdout:/usr/bin/ceph: stderr
2023-12-08T20:20:50.828+0000 7fa2b5e3a700 1 -- 172.21.15.43:0/1517275262 shutdown_connections
2023-12-08T20:20:52.462 INFO:teuthology.orchestra.run.smithi043.stdout:/usr/bin/ceph: stderr
2023-12-08T20:20:50.828+0000 7fa2b5e3a700 1 -- 172.21.15.43:0/1517275262 wait complete.
2023-12-08T20:20:52.462 INFO:teuthology.orchestra.run.smithi043.stdout:Enabling cephadm module...
2023-12-08T20:20:54.627 INFO:journalctl@ceph.mon.smithi043.smithi043.stdout:Dec 08 20:20:54 smithi043 ceph-mon[111966]: from='client.? 172.21.15.43:0/2930238930' entity='client.admin' cmd=[{"prefix": "mgr module enable", "module": "cephadm"}]: dispatch
2023-12-08T20:20:55.552 INFO:journalctl@ceph.mon.smithi043.smithi043.stdout:Dec 08 20:20:55 smithi043 ceph-mon[111966]: from='client.? 172.21.15.43:0/2930238930' entity='client.admin' cmd='[{"prefix": "mgr module enable", "module": "cephadm"}]': finished
2023-12-08T20:20:55.553 INFO:journalctl@ceph.mon.smithi043.smithi043.stdout:Dec 08 20:20:55 smithi043 ceph-mon[111966]: mgrmap e5: smithi043.hqcdcm(active, since 8s)
2023-12-08T20:20:56.677 INFO:teuthology.orchestra.run.smithi043.stdout:/usr/bin/ceph: stderr
2023-12-08T20:20:53.939+0000 7efd8deb7700 1 Processor -- start
2023-12-08T20:20:56.677 INFO:teuthology.orchestra.run.smithi043.stdout:/usr/bin/ceph: stderr
2023-12-08T20:20:53.939+0000 7efd8deb7700 1 -- start start
2023-12-08T20:20:56.677 INFO:teuthology.orchestra.run.smithi043.stdout:/usr/bin/ceph: stderr
2023-12-08T20:20:53.939+0000 7efd8deb7700 1 --2- >> [v2:172.21.15.43:3300/0,v1:172.21.15.43:6789/0] conn(0x7efd88070fc0 0x7efd88104ee0 unknown :-1 s=NONE pgs=0 cs=0 l=0 rev1=0 crypto rx=0 tx=0 comp rx=0 tx=0).connect
2023-12-08T20:20:56.677 INFO:teuthology.orchestra.run.smithi043.stdout:/usr/bin/ceph: stderr
2023-12-08T20:20:53.939+0000 7efd8deb7700 1 -- --> [v2:172.21.15.43:3300/0,v1:172.21.15.43:6789/0] -- mon_getmap magic: 0 v1 -- 0x7efd88105420 con 0x7efd88070fc0
2023-12-08T20:20:56.677 INFO:teuthology.orchestra.run.smithi043.stdout:/usr/bin/ceph: stderr
2023-12-08T20:20:53.939+0000 7efd877fe700 1 --2- >> [v2:172.21.15.43:3300/0,v1:172.21.15.43:6789/0] conn(0x7efd88070fc0 0x7efd88104ee0 unknown :-1 s=BANNER_CONNECTING pgs=0 cs=0 l=0 rev1=0 crypto rx=0 tx=0 comp rx=0 tx=0)._handle_peer_banner_payload supported=3 required=0
2023-12-08T20:20:56.677 INFO:teuthology.orchestra.run.smithi043.stdout:/usr/bin/ceph: stderr
2023-12-08T20:20:53.939+0000 7efd877fe700 1 --2- >> [v2:172.21.15.43:3300/0,v1:172.21.15.43:6789/0] conn(0x7efd88070fc0 0x7efd88104ee0 unknown :-1 s=HELLO_CONNECTING pgs=0 cs=0 l=0 rev1=1 crypto rx=0 tx=0 comp rx=0 tx=0).handle_hello peer v2:172.21.15.43:3300/0 says I am v2:172.21.15.43:55214/0 (socket says 172.21.15.43:55214)
2023-12-08T20:20:56.677 INFO:teuthology.orchestra.run.smithi043.stdout:/usr/bin/ceph: stderr
2023-12-08T20:20:53.939+0000 7efd877fe700 1 -- 172.21.15.43:0/1325896877 learned_addr learned my addr 172.21.15.43:0/1325896877 (peer_addr_for_me v2:172.21.15.43:0/0)
2023-12-08T20:20:56.677 INFO:teuthology.orchestra.run.smithi043.stdout:/usr/bin/ceph: stderr
2023-12-08T20:20:53.940+0000 7efd877fe700 1 -- 172.21.15.43:0/1325896877 --> [v2:172.21.15.43:3300/0,v1:172.21.15.43:6789/0] -- mon_subscribe({config=0+,monmap=0+}) v3 -- 0x7efd88105560 con 0x7efd88070fc0
2023-12-08T20:20:56.677 INFO:teuthology.orchestra.run.smithi043.stdout:/usr/bin/ceph: stderr
2023-12-08T20:20:53.940+0000 7efd877fe700 1 --2- 172.21.15.43:0/1325896877 >> [v2:172.21.15.43:3300/0,v1:172.21.15.43:6789/0] conn(0x7efd88070fc0 0x7efd88104ee0 secure :-1 s=READY pgs=22 cs=0 l=1 rev1=1 crypto rx=0x7efd780098e0 tx=0x7efd78009250 comp rx=0 tx=0).ready entity=mon.0 client_cookie=a004b5abaa55f767 server_cookie=0 in_seq=0 out_seq=0
2023-12-08T20:20:56.677 INFO:teuthology.orchestra.run.smithi043.stdout:/usr/bin/ceph: stderr
2023-12-08T20:20:53.940+0000 7efd867fc700 1 -- 172.21.15.43:0/1325896877 <== mon.0 v2:172.21.15.43:3300/0 1 ==== mon_map magic: 0 v1 ==== 229+0+0 (secure 0 0 0) 0x7efd7800b860 con 0x7efd88070fc0
2023-12-08T20:20:56.677 INFO:teuthology.orchestra.run.smithi043.stdout:/usr/bin/ceph: stderr
2023-12-08T20:20:53.940+0000 7efd867fc700 1 -- 172.21.15.43:0/1325896877 <== mon.0 v2:172.21.15.43:3300/0 2 ==== config(26 keys) v1 ==== 1009+0+0 (secure 0 0 0) 0x7efd7800be30 con 0x7efd88070fc0
2023-12-08T20:20:56.678 INFO:teuthology.orchestra.run.smithi043.stdout:/usr/bin/ceph: stderr
2023-12-08T20:20:53.940+0000 7efd867fc700 1 -- 172.21.15.43:0/1325896877 <== mon.0 v2:172.21.15.43:3300/0 3 ==== mon_map magic: 0 v1 ==== 229+0+0 (secure 0 0 0) 0x7efd78010380 con 0x7efd88070fc0
2023-12-08T20:20:56.678 INFO:teuthology.orchestra.run.smithi043.stdout:/usr/bin/ceph: stderr
2023-12-08T20:20:53.940+0000 7efd8deb7700 1 -- 172.21.15.43:0/1325896877 >> [v2:172.21.15.43:3300/0,v1:172.21.15.43:6789/0] conn(0x7efd88070fc0 msgr2=0x7efd88104ee0 secure :-1 s=STATE_CONNECTION_ESTABLISHED l=1).mark_down
2023-12-08T20:20:56.678 INFO:teuthology.orchestra.run.smithi043.stdout:/usr/bin/ceph: stderr
2023-12-08T20:20:53.941+0000 7efd8deb7700 1 --2- 172.21.15.43:0/1325896877 >> [v2:172.21.15.43:3300/0,v1:172.21.15.43:6789/0] conn(0x7efd88070fc0 0x7efd88104ee0 secure :-1 s=READY pgs=22 cs=0 l=1 rev1=1 crypto rx=0x7efd780098e0 tx=0x7efd78009250 comp rx=0 tx=0).stop
2023-12-08T20:20:56.678 INFO:teuthology.orchestra.run.smithi043.stdout:/usr/bin/ceph: stderr
2023-12-08T20:20:53.941+0000 7efd8deb7700 1 -- 172.21.15.43:0/1325896877 shutdown_connections
2023-12-08T20:20:56.678 INFO:teuthology.orchestra.run.smithi043.stdout:/usr/bin/ceph: stderr
2023-12-08T20:20:53.941+0000 7efd8deb7700 1 --2- 172.21.15.43:0/1325896877 >> [v2:172.21.15.43:3300/0,v1:172.21.15.43:6789/0] conn(0x7efd88070fc0 0x7efd88104ee0 unknown :-1 s=CLOSED pgs=22 cs=0 l=1 rev1=1 crypto rx=0 tx=0 comp rx=0 tx=0).stop
2023-12-08T20:20:56.678 INFO:teuthology.orchestra.run.smithi043.stdout:/usr/bin/ceph: stderr
2023-12-08T20:20:53.941+0000 7efd8deb7700 1 -- 172.21.15.43:0/1325896877 >> 172.21.15.43:0/1325896877 conn(0x7efd880fc970 msgr2=0x7efd880fed80 unknown :-1 s=STATE_NONE l=0).mark_down
2023-12-08T20:20:56.678 INFO:teuthology.orchestra.run.smithi043.stdout:/usr/bin/ceph: stderr
2023-12-08T20:20:53.941+0000 7efd8deb7700 1 -- 172.21.15.43:0/1325896877 shutdown_connections
2023-12-08T20:20:56.678 INFO:teuthology.orchestra.run.smithi043.stdout:/usr/bin/ceph: stderr
2023-12-08T20:20:53.941+0000 7efd8deb7700 1 -- 172.21.15.43:0/1325896877 wait complete.
2023-12-08T20:20:56.678 INFO:teuthology.orchestra.run.smithi043.stdout:/usr/bin/ceph: stderr
2023-12-08T20:20:53.941+0000 7efd8deb7700 1 Processor -- start
2023-12-08T20:20:56.678 INFO:teuthology.orchestra.run.smithi043.stdout:/usr/bin/ceph: stderr
2023-12-08T20:20:53.941+0000 7efd8deb7700 1 -- start start
2023-12-08T20:20:56.678 INFO:teuthology.orchestra.run.smithi043.stdout:/usr/bin/ceph: stderr
2023-12-08T20:20:53.942+0000 7efd8deb7700 1 --2- >> [v2:172.21.15.43:3300/0,v1:172.21.15.43:6789/0] conn(0x7efd88070fc0 0x7efd88111180 unknown :-1 s=NONE pgs=0 cs=0 l=1 rev1=0 crypto rx=0 tx=0 comp rx=0 tx=0).connect
2023-12-08T20:20:56.678 INFO:teuthology.orchestra.run.smithi043.stdout:/usr/bin/ceph: stderr
2023-12-08T20:20:53.942+0000 7efd8deb7700 1 -- --> [v2:172.21.15.43:3300/0,v1:172.21.15.43:6789/0] -- mon_getmap magic: 0 v1 -- 0x7efd881116c0 con 0x7efd88070fc0
2023-12-08T20:20:56.678 INFO:teuthology.orchestra.run.smithi043.stdout:/usr/bin/ceph: stderr
2023-12-08T20:20:53.942+0000 7efd877fe700 1 --2- >> [v2:172.21.15.43:3300/0,v1:172.21.15.43:6789/0] conn(0x7efd88070fc0 0x7efd88111180 unknown :-1 s=BANNER_CONNECTING pgs=0 cs=0 l=1 rev1=0 crypto rx=0 tx=0 comp rx=0 tx=0)._handle_peer_banner_payload supported=3 required=0
2023-12-08T20:20:56.678 INFO:teuthology.orchestra.run.smithi043.stdout:/usr/bin/ceph: stderr
2023-12-08T20:20:53.942+0000 7efd877fe700 1 --2- >> [v2:172.21.15.43:3300/0,v1:172.21.15.43:6789/0] conn(0x7efd88070fc0 0x7efd88111180 unknown :-1 s=HELLO_CONNECTING pgs=0 cs=0 l=1 rev1=1 crypto rx=0 tx=0 comp rx=0 tx=0).handle_hello peer v2:172.21.15.43:3300/0 says I am v2:172.21.15.43:55220/0 (socket says 172.21.15.43:55220)
2023-12-08T20:20:56.678 INFO:teuthology.orchestra.run.smithi043.stdout:/usr/bin/ceph: stderr
2023-12-08T20:20:53.942+0000 7efd877fe700 1 -- 172.21.15.43:0/2930238930 learned_addr learned my addr 172.21.15.43:0/2930238930 (peer_addr_for_me v2:172.21.15.43:0/0)
2023-12-08T20:20:56.679 INFO:teuthology.orchestra.run.smithi043.stdout:/usr/bin/ceph: stderr
2023-12-08T20:20:53.942+0000 7efd877fe700 1 -- 172.21.15.43:0/2930238930 --> [v2:172.21.15.43:3300/0,v1:172.21.15.43:6789/0] -- mon_subscribe({config=0+,monmap=0+}) v3 -- 0x7efd780094f0 con 0x7efd88070fc0
2023-12-08T20:20:56.679 INFO:teuthology.orchestra.run.smithi043.stdout:/usr/bin/ceph: stderr
2023-12-08T20:20:53.942+0000 7efd877fe700 1 --2- 172.21.15.43:0/2930238930 >> [v2:172.21.15.43:3300/0,v1:172.21.15.43:6789/0] conn(0x7efd88070fc0 0x7efd88111180 secure :-1 s=READY pgs=23 cs=0 l=1 rev1=1 crypto rx=0x7efd78006b00 tx=0x7efd78009250 comp rx=0 tx=0).ready entity=mon.0 client_cookie=0 server_cookie=0 in_seq=0 out_seq=0
2023-12-08T20:20:56.679 INFO:teuthology.orchestra.run.smithi043.stdout:/usr/bin/ceph: stderr
2023-12-08T20:20:53.942+0000 7efd7ffff700 1 -- 172.21.15.43:0/2930238930 <== mon.0 v2:172.21.15.43:3300/0 1 ==== mon_map magic: 0 v1 ==== 229+0+0 (secure 0 0 0) 0x7efd78010a80 con 0x7efd88070fc0
2023-12-08T20:20:56.679 INFO:teuthology.orchestra.run.smithi043.stdout:/usr/bin/ceph: stderr
2023-12-08T20:20:53.942+0000 7efd7ffff700 1 -- 172.21.15.43:0/2930238930 <== mon.0 v2:172.21.15.43:3300/0 2 ==== config(26 keys) v1 ==== 1009+0+0 (secure 0 0 0) 0x7efd7801a430 con 0x7efd88070fc0
2023-12-08T20:20:56.679 INFO:teuthology.orchestra.run.smithi043.stdout:/usr/bin/ceph: stderr
2023-12-08T20:20:53.942+0000 7efd7ffff700 1 -- 172.21.15.43:0/2930238930 <== mon.0 v2:172.21.15.43:3300/0 3 ==== mon_map magic: 0 v1 ==== 229+0+0 (secure 0 0 0) 0x7efd780245b0 con 0x7efd88070fc0
2023-12-08T20:20:56.679 INFO:teuthology.orchestra.run.smithi043.stdout:/usr/bin/ceph: stderr
2023-12-08T20:20:53.942+0000 7efd8deb7700 1 -- 172.21.15.43:0/2930238930 --> [v2:172.21.15.43:3300/0,v1:172.21.15.43:6789/0] -- mon_subscribe({mgrmap=0+}) v3 -- 0x7efd881118c0 con 0x7efd88070fc0
2023-12-08T20:20:56.679 INFO:teuthology.orchestra.run.smithi043.stdout:/usr/bin/ceph: stderr
2023-12-08T20:20:53.942+0000 7efd8deb7700 1 -- 172.21.15.43:0/2930238930 --> [v2:172.21.15.43:3300/0,v1:172.21.15.43:6789/0] -- mon_subscribe({osdmap=0}) v3 -- 0x7efd88111cd0 con 0x7efd88070fc0
2023-12-08T20:20:56.679 INFO:teuthology.orchestra.run.smithi043.stdout:/usr/bin/ceph: stderr
2023-12-08T20:20:53.943+0000 7efd7ffff700 1 -- 172.21.15.43:0/2930238930 <== mon.0 v2:172.21.15.43:3300/0 4 ==== mgrmap(e 4) v1 ==== 43270+0+0 (secure 0 0 0) 0x7efd78010be0 con 0x7efd88070fc0
2023-12-08T20:20:56.679 INFO:teuthology.orchestra.run.smithi043.stdout:/usr/bin/ceph: stderr
2023-12-08T20:20:53.943+0000 7efd7ffff700 1 --2- 172.21.15.43:0/2930238930 >> [v2:172.21.15.43:6800/2195776328,v1:172.21.15.43:6801/2195776328] conn(0x7efd740365a0 0x7efd74038a50 unknown :-1 s=NONE pgs=0 cs=0 l=1 rev1=0 crypto rx=0 tx=0 comp rx=0 tx=0).connect
2023-12-08T20:20:56.679 INFO:teuthology.orchestra.run.smithi043.stdout:/usr/bin/ceph: stderr
2023-12-08T20:20:53.943+0000 7efd7ffff700 1 -- 172.21.15.43:0/2930238930 <== mon.0 v2:172.21.15.43:3300/0 5 ==== osd_map(1..1 src has 1..1) v4 ==== 721+0+0 (secure 0 0 0) 0x7efd7804aaa0 con 0x7efd88070fc0
2023-12-08T20:20:56.680 INFO:teuthology.orchestra.run.smithi043.stdout:/usr/bin/ceph: stderr
2023-12-08T20:20:53.944+0000 7efd86ffd700 1 --2- 172.21.15.43:0/2930238930 >> [v2:172.21.15.43:6800/2195776328,v1:172.21.15.43:6801/2195776328] conn(0x7efd740365a0 0x7efd74038a50 unknown :-1 s=BANNER_CONNECTING pgs=0 cs=0 l=1 rev1=0 crypto rx=0 tx=0 comp rx=0 tx=0)._handle_peer_banner_payload supported=3 required=0
2023-12-08T20:20:56.680 INFO:teuthology.orchestra.run.smithi043.stdout:/usr/bin/ceph: stderr
2023-12-08T20:20:53.944+0000 7efd8deb7700 1 -- 172.21.15.43:0/2930238930 --> [v2:172.21.15.43:3300/0,v1:172.21.15.43:6789/0] -- mon_command({"prefix": "get_command_descriptions"} v 0) v1 -- 0x7efd8804bb80 con 0x7efd88070fc0
2023-12-08T20:20:56.680 INFO:teuthology.orchestra.run.smithi043.stdout:/usr/bin/ceph: stderr
2023-12-08T20:20:53.944+0000 7efd86ffd700 1 --2- 172.21.15.43:0/2930238930 >> [v2:172.21.15.43:6800/2195776328,v1:172.21.15.43:6801/2195776328] conn(0x7efd740365a0 0x7efd74038a50 secure :-1 s=READY pgs=8 cs=0 l=1 rev1=1 crypto rx=0x7efd70009990 tx=0x7efd70006e40 comp rx=0 tx=0).ready entity=mgr.14100 client_cookie=0 server_cookie=0 in_seq=0 out_seq=0
2023-12-08T20:20:56.680 INFO:teuthology.orchestra.run.smithi043.stdout:/usr/bin/ceph: stderr
2023-12-08T20:20:53.949+0000 7efd7ffff700 1 -- 172.21.15.43:0/2930238930 <== mon.0 v2:172.21.15.43:3300/0 6 ==== mon_command_ack([{"prefix": "get_command_descriptions"}]=0 v0) v1 ==== 72+0+174570 (secure 0 0 0) 0x7efd7802e440 con 0x7efd88070fc0
2023-12-08T20:20:56.680 INFO:teuthology.orchestra.run.smithi043.stdout:/usr/bin/ceph: stderr
2023-12-08T20:20:54.209+0000 7efd8deb7700 1 -- 172.21.15.43:0/2930238930 --> [v2:172.21.15.43:3300/0,v1:172.21.15.43:6789/0] -- mon_command({"prefix": "mgr module enable", "module": "cephadm"} v 0) v1 -- 0x7efd8810ac60 con 0x7efd88070fc0
2023-12-08T20:20:56.680 INFO:teuthology.orchestra.run.smithi043.stdout:/usr/bin/ceph: stderr
2023-12-08T20:20:54.262+0000 7efd7ffff700 1 -- 172.21.15.43:0/2930238930 <== mon.0 v2:172.21.15.43:3300/0 7 ==== mgrmap(e 5) v1 ==== 43281+0+0 (secure 0 0 0) 0x7efd7800fd90 con 0x7efd88070fc0
2023-12-08T20:20:56.680 INFO:teuthology.orchestra.run.smithi043.stdout:/usr/bin/ceph: stderr
2023-12-08T20:20:54.264+0000 7efd7ffff700 1 -- 172.21.15.43:0/2930238930 <== mon.0 v2:172.21.15.43:3300/0 8 ==== mon_command_ack([{"prefix": "mgr module enable", "module": "cephadm"}]=0 v5) v1 ==== 86+0+0 (secure 0 0 0) 0x7efd7800f510 con 0x7efd88070fc0
2023-12-08T20:20:56.680 INFO:teuthology.orchestra.run.smithi043.stdout:/usr/bin/ceph: stderr
2023-12-08T20:20:54.267+0000 7efd8deb7700 1 -- 172.21.15.43:0/2930238930 >> [v2:172.21.15.43:6800/2195776328,v1:172.21.15.43:6801/2195776328] conn(0x7efd740365a0 msgr2=0x7efd74038a50 secure :-1 s=STATE_CONNECTION_ESTABLISHED l=1).mark_down
2023-12-08T20:20:56.680 INFO:teuthology.orchestra.run.smithi043.stdout:/usr/bin/ceph: stderr
2023-12-08T20:20:54.267+0000 7efd8deb7700 1 --2- 172.21.15.43:0/2930238930 >> [v2:172.21.15.43:6800/2195776328,v1:172.21.15.43:6801/2195776328] conn(0x7efd740365a0 0x7efd74038a50 secure :-1 s=READY pgs=8 cs=0 l=1 rev1=1 crypto rx=0x7efd70009990 tx=0x7efd70006e40 comp rx=0 tx=0).stop
2023-12-08T20:20:56.680 INFO:teuthology.orchestra.run.smithi043.stdout:/usr/bin/ceph: stderr
2023-12-08T20:20:54.267+0000 7efd8deb7700 1 -- 172.21.15.43:0/2930238930 >> [v2:172.21.15.43:3300/0,v1:172.21.15.43:6789/0] conn(0x7efd88070fc0 msgr2=0x7efd88111180 secure :-1 s=STATE_CONNECTION_ESTABLISHED l=1).mark_down
2023-12-08T20:20:56.680 INFO:teuthology.orchestra.run.smithi043.stdout:/usr/bin/ceph: stderr
2023-12-08T20:20:54.267+0000 7efd8deb7700 1 --2- 172.21.15.43:0/2930238930 >> [v2:172.21.15.43:3300/0,v1:172.21.15.43:6789/0] conn(0x7efd88070fc0 0x7efd88111180 secure :-1 s=READY pgs=23 cs=0 l=1 rev1=1 crypto rx=0x7efd78006b00 tx=0x7efd78009250 comp rx=0 tx=0).stop
2023-12-08T20:20:56.680 INFO:teuthology.orchestra.run.smithi043.stdout:/usr/bin/ceph: stderr
2023-12-08T20:20:54.267+0000 7efd8deb7700 1 -- 172.21.15.43:0/2930238930 shutdown_connections
2023-12-08T20:20:56.680 INFO:teuthology.orchestra.run.smithi043.stdout:/usr/bin/ceph: stderr
2023-12-08T20:20:54.267+0000 7efd8deb7700 1 --2- 172.21.15.43:0/2930238930 >> [v2:172.21.15.43:6800/2195776328,v1:172.21.15.43:6801/2195776328] conn(0x7efd740365a0 0x7efd74038a50 unknown :-1 s=CLOSED pgs=8 cs=0 l=1 rev1=1 crypto rx=0 tx=0 comp rx=0 tx=0).stop
2023-12-08T20:20:56.680 INFO:teuthology.orchestra.run.smithi043.stdout:/usr/bin/ceph: stderr
2023-12-08T20:20:54.267+0000 7efd8deb7700 1 --2- 172.21.15.43:0/2930238930 >> [v2:172.21.15.43:3300/0,v1:172.21.15.43:6789/0] conn(0x7efd88070fc0 0x7efd88111180 unknown :-1 s=CLOSED pgs=23 cs=0 l=1 rev1=1 crypto rx=0 tx=0 comp rx=0 tx=0).stop
2023-12-08T20:20:56.681 INFO:teuthology.orchestra.run.smithi043.stdout:/usr/bin/ceph: stderr
2023-12-08T20:20:54.267+0000 7efd8deb7700 1 -- 172.21.15.43:0/2930238930 >> 172.21.15.43:0/2930238930 conn(0x7efd880fc970 msgr2=0x7efd880fed70 unknown :-1 s=STATE_NONE l=0).mark_down
2023-12-08T20:20:56.681 INFO:teuthology.orchestra.run.smithi043.stdout:/usr/bin/ceph: stderr
2023-12-08T20:20:54.267+0000 7efd8deb7700 1 -- 172.21.15.43:0/2930238930 shutdown_connections
2023-12-08T20:20:56.681 INFO:teuthology.orchestra.run.smithi043.stdout:/usr/bin/ceph: stderr
2023-12-08T20:20:54.267+0000 7efd8deb7700 1 -- 172.21.15.43:0/2930238930 wait complete.
2023-12-08T20:20:57.816 INFO:journalctl@ceph.mon.smithi043.smithi043.stdout:Dec 08 20:20:57 smithi043 ceph-mon[111966]: from='client.? 172.21.15.43:0/3441791391' entity='client.admin' cmd=[{"prefix": "mgr stat"}]: dispatch
2023-12-08T20:20:57.878 INFO:teuthology.orchestra.run.smithi043.stdout:/usr/bin/ceph: stdout {
2023-12-08T20:20:57.878 INFO:teuthology.orchestra.run.smithi043.stdout:/usr/bin/ceph: stdout "epoch": 5,
2023-12-08T20:20:57.878 INFO:teuthology.orchestra.run.smithi043.stdout:/usr/bin/ceph: stdout "available": true,
2023-12-08T20:20:57.878 INFO:teuthology.orchestra.run.smithi043.stdout:/usr/bin/ceph: stdout "active_name": "smithi043.hqcdcm",
2023-12-08T20:20:57.878 INFO:teuthology.orchestra.run.smithi043.stdout:/usr/bin/ceph: stdout "num_standby": 0
2023-12-08T20:20:57.879 INFO:teuthology.orchestra.run.smithi043.stdout:/usr/bin/ceph: stdout }
2023-12-08T20:20:57.879 INFO:teuthology.orchestra.run.smithi043.stdout:/usr/bin/ceph: stderr
2023-12-08T20:20:57.242+0000 7f906f3d4700 1 Processor -- start
2023-12-08T20:20:57.879 INFO:teuthology.orchestra.run.smithi043.stdout:/usr/bin/ceph: stderr
2023-12-08T20:20:57.242+0000 7f906f3d4700 1 -- start start
2023-12-08T20:20:57.879 INFO:teuthology.orchestra.run.smithi043.stdout:/usr/bin/ceph: stderr
2023-12-08T20:20:57.242+0000 7f906f3d4700 1 --2- >> [v2:172.21.15.43:3300/0,v1:172.21.15.43:6789/0] conn(0x7f9068071000 0x7f9068104ea0 unknown :-1 s=NONE pgs=0 cs=0 l=0 rev1=0 crypto rx=0 tx=0 comp rx=0 tx=0).connect
2023-12-08T20:20:57.879 INFO:teuthology.orchestra.run.smithi043.stdout:/usr/bin/ceph: stderr
2023-12-08T20:20:57.242+0000 7f906f3d4700 1 -- --> [v2:172.21.15.43:3300/0,v1:172.21.15.43:6789/0] -- mon_getmap magic: 0 v1 -- 0x7f90681053e0 con 0x7f9068071000
2023-12-08T20:20:57.879 INFO:teuthology.orchestra.run.smithi043.stdout:/usr/bin/ceph: stderr
2023-12-08T20:20:57.242+0000 7f906d170700 1 --2- >> [v2:172.21.15.43:3300/0,v1:172.21.15.43:6789/0] conn(0x7f9068071000 0x7f9068104ea0 unknown :-1 s=BANNER_CONNECTING pgs=0 cs=0 l=0 rev1=0 crypto rx=0 tx=0 comp rx=0 tx=0)._handle_peer_banner_payload supported=3 required=0
2023-12-08T20:20:57.879 INFO:teuthology.orchestra.run.smithi043.stdout:/usr/bin/ceph: stderr
2023-12-08T20:20:57.242+0000 7f906d170700 1 --2- >> [v2:172.21.15.43:3300/0,v1:172.21.15.43:6789/0] conn(0x7f9068071000 0x7f9068104ea0 unknown :-1 s=HELLO_CONNECTING pgs=0 cs=0 l=0 rev1=1 crypto rx=0 tx=0 comp rx=0 tx=0).handle_hello peer v2:172.21.15.43:3300/0 says I am v2:172.21.15.43:55248/0 (socket says 172.21.15.43:55248)
2023-12-08T20:20:57.879 INFO:teuthology.orchestra.run.smithi043.stdout:/usr/bin/ceph: stderr
2023-12-08T20:20:57.242+0000 7f906d170700 1 -- 172.21.15.43:0/1638042937 learned_addr learned my addr 172.21.15.43:0/1638042937 (peer_addr_for_me v2:172.21.15.43:0/0)
2023-12-08T20:20:57.879 INFO:teuthology.orchestra.run.smithi043.stdout:/usr/bin/ceph: stderr
2023-12-08T20:20:57.243+0000 7f906d170700 1 -- 172.21.15.43:0/1638042937 --> [v2:172.21.15.43:3300/0,v1:172.21.15.43:6789/0] -- mon_subscribe({config=0+,monmap=0+}) v3 -- 0x7f9068105520 con 0x7f9068071000
2023-12-08T20:20:57.879 INFO:teuthology.orchestra.run.smithi043.stdout:/usr/bin/ceph: stderr
2023-12-08T20:20:57.243+0000 7f906d170700 1 --2- 172.21.15.43:0/1638042937 >> [v2:172.21.15.43:3300/0,v1:172.21.15.43:6789/0] conn(0x7f9068071000 0x7f9068104ea0 secure :-1 s=READY pgs=26 cs=0 l=1 rev1=1 crypto rx=0x7f90640098e0 tx=0x7f9064009250 comp rx=0 tx=0).ready entity=mon.0 client_cookie=958d073ee57bba28 server_cookie=0 in_seq=0 out_seq=0
2023-12-08T20:20:57.879 INFO:teuthology.orchestra.run.smithi043.stdout:/usr/bin/ceph: stderr
2023-12-08T20:20:57.243+0000 7f905ffff700 1 -- 172.21.15.43:0/1638042937 <== mon.0 v2:172.21.15.43:3300/0 1 ==== mon_map magic: 0 v1 ==== 229+0+0 (secure 0 0 0) 0x7f906400b860 con 0x7f9068071000
2023-12-08T20:20:57.879 INFO:teuthology.orchestra.run.smithi043.stdout:/usr/bin/ceph: stderr
2023-12-08T20:20:57.243+0000 7f905ffff700 1 -- 172.21.15.43:0/1638042937 <== mon.0 v2:172.21.15.43:3300/0 2 ==== config(26 keys) v1 ==== 1009+0+0 (secure 0 0 0) 0x7f906400be30 con 0x7f9068071000
2023-12-08T20:20:57.879 INFO:teuthology.orchestra.run.smithi043.stdout:/usr/bin/ceph: stderr
2023-12-08T20:20:57.243+0000 7f905ffff700 1 -- 172.21.15.43:0/1638042937 <== mon.0 v2:172.21.15.43:3300/0 3 ==== mon_map magic: 0 v1 ==== 229+0+0 (secure 0 0 0) 0x7f9064010380 con 0x7f9068071000
2023-12-08T20:20:57.879 INFO:teuthology.orchestra.run.smithi043.stdout:/usr/bin/ceph: stderr
2023-12-08T20:20:57.244+0000 7f906f3d4700 1 -- 172.21.15.43:0/1638042937 >> [v2:172.21.15.43:3300/0,v1:172.21.15.43:6789/0] conn(0x7f9068071000 msgr2=0x7f9068104ea0 secure :-1 s=STATE_CONNECTION_ESTABLISHED l=1).mark_down
2023-12-08T20:20:57.879 INFO:teuthology.orchestra.run.smithi043.stdout:/usr/bin/ceph: stderr
2023-12-08T20:20:57.244+0000 7f906f3d4700 1 --2- 172.21.15.43:0/1638042937 >> [v2:172.21.15.43:3300/0,v1:172.21.15.43:6789/0] conn(0x7f9068071000 0x7f9068104ea0 secure :-1 s=READY pgs=26 cs=0 l=1 rev1=1 crypto rx=0x7f90640098e0 tx=0x7f9064009250 comp rx=0 tx=0).stop
2023-12-08T20:20:57.879 INFO:teuthology.orchestra.run.smithi043.stdout:/usr/bin/ceph: stderr
2023-12-08T20:20:57.244+0000 7f906f3d4700 1 -- 172.21.15.43:0/1638042937 shutdown_connections
2023-12-08T20:20:57.880 INFO:teuthology.orchestra.run.smithi043.stdout:/usr/bin/ceph: stderr
2023-12-08T20:20:57.244+0000 7f906f3d4700 1 --2- 172.21.15.43:0/1638042937 >> [v2:172.21.15.43:3300/0,v1:172.21.15.43:6789/0] conn(0x7f9068071000 0x7f9068104ea0 unknown :-1 s=CLOSED pgs=26 cs=0 l=1 rev1=1 crypto rx=0 tx=0 comp rx=0 tx=0).stop
2023-12-08T20:20:57.880 INFO:teuthology.orchestra.run.smithi043.stdout:/usr/bin/ceph: stderr
2023-12-08T20:20:57.244+0000 7f906f3d4700 1 -- 172.21.15.43:0/1638042937 >> 172.21.15.43:0/1638042937 conn(0x7f90680fc970 msgr2=0x7f90680fed80 unknown :-1 s=STATE_NONE l=0).mark_down
2023-12-08T20:20:57.880 INFO:teuthology.orchestra.run.smithi043.stdout:/usr/bin/ceph: stderr
2023-12-08T20:20:57.244+0000 7f906f3d4700 1 -- 172.21.15.43:0/1638042937 shutdown_connections
2023-12-08T20:20:57.880 INFO:teuthology.orchestra.run.smithi043.stdout:/usr/bin/ceph: stderr
2023-12-08T20:20:57.244+0000 7f906f3d4700 1 -- 172.21.15.43:0/1638042937 wait complete.
2023-12-08T20:20:57.880 INFO:teuthology.orchestra.run.smithi043.stdout:/usr/bin/ceph: stderr
2023-12-08T20:20:57.244+0000 7f906f3d4700 1 Processor -- start
2023-12-08T20:20:57.880 INFO:teuthology.orchestra.run.smithi043.stdout:/usr/bin/ceph: stderr
2023-12-08T20:20:57.244+0000 7f906f3d4700 1 -- start start
2023-12-08T20:20:57.880 INFO:teuthology.orchestra.run.smithi043.stdout:/usr/bin/ceph: stderr
2023-12-08T20:20:57.245+0000 7f906f3d4700 1 --2- >> [v2:172.21.15.43:3300/0,v1:172.21.15.43:6789/0] conn(0x7f9068071000 0x7f9068102920 unknown :-1 s=NONE pgs=0 cs=0 l=1 rev1=0 crypto rx=0 tx=0 comp rx=0 tx=0).connect
2023-12-08T20:20:57.880 INFO:teuthology.orchestra.run.smithi043.stdout:/usr/bin/ceph: stderr
2023-12-08T20:20:57.245+0000 7f906f3d4700 1 -- --> [v2:172.21.15.43:3300/0,v1:172.21.15.43:6789/0] -- mon_getmap magic: 0 v1 -- 0x7f9068100da0 con 0x7f9068071000
2023-12-08T20:20:57.880 INFO:teuthology.orchestra.run.smithi043.stdout:/usr/bin/ceph: stderr
2023-12-08T20:20:57.245+0000 7f906d170700 1 --2- >> [v2:172.21.15.43:3300/0,v1:172.21.15.43:6789/0] conn(0x7f9068071000 0x7f9068102920 unknown :-1 s=BANNER_CONNECTING pgs=0 cs=0 l=1 rev1=0 crypto rx=0 tx=0 comp rx=0 tx=0)._handle_peer_banner_payload supported=3 required=0
2023-12-08T20:20:57.880 INFO:teuthology.orchestra.run.smithi043.stdout:/usr/bin/ceph: stderr
2023-12-08T20:20:57.245+0000 7f906d170700 1 --2- >> [v2:172.21.15.43:3300/0,v1:172.21.15.43:6789/0] conn(0x7f9068071000 0x7f9068102920 unknown :-1 s=HELLO_CONNECTING pgs=0 cs=0 l=1 rev1=1 crypto rx=0 tx=0 comp rx=0 tx=0).handle_hello peer v2:172.21.15.43:3300/0 says I am v2:172.21.15.43:55256/0 (socket says 172.21.15.43:55256)
2023-12-08T20:20:57.880 INFO:teuthology.orchestra.run.smithi043.stdout:/usr/bin/ceph: stderr
2023-12-08T20:20:57.245+0000 7f906d170700 1 -- 172.21.15.43:0/3441791391 learned_addr learned my addr 172.21.15.43:0/3441791391 (peer_addr_for_me v2:172.21.15.43:0/0)
2023-12-08T20:20:57.880 INFO:teuthology.orchestra.run.smithi043.stdout:/usr/bin/ceph: stderr
2023-12-08T20:20:57.245+0000 7f906d170700 1 -- 172.21.15.43:0/3441791391 --> [v2:172.21.15.43:3300/0,v1:172.21.15.43:6789/0] -- mon_subscribe({config=0+,monmap=0+}) v3 -- 0x7f90640094f0 con 0x7f9068071000
2023-12-08T20:20:57.880 INFO:teuthology.orchestra.run.smithi043.stdout:/usr/bin/ceph: stderr
2023-12-08T20:20:57.245+0000 7f906d170700 1 --2- 172.21.15.43:0/3441791391 >> [v2:172.21.15.43:3300/0,v1:172.21.15.43:6789/0] conn(0x7f9068071000 0x7f9068102920 secure :-1 s=READY pgs=27 cs=0 l=1 rev1=1 crypto rx=0x7f9064006b00 tx=0x7f9064009250 comp rx=0 tx=0).ready entity=mon.0 client_cookie=0 server_cookie=0 in_seq=0 out_seq=0
2023-12-08T20:20:57.880 INFO:teuthology.orchestra.run.smithi043.stdout:/usr/bin/ceph: stderr
2023-12-08T20:20:57.245+0000 7f905dffb700 1 -- 172.21.15.43:0/3441791391 <== mon.0 v2:172.21.15.43:3300/0 1 ==== mon_map magic: 0 v1 ==== 229+0+0 (secure 0 0 0) 0x7f9064010a80 con 0x7f9068071000
2023-12-08T20:20:57.880 INFO:teuthology.orchestra.run.smithi043.stdout:/usr/bin/ceph: stderr
2023-12-08T20:20:57.245+0000 7f905dffb700 1 -- 172.21.15.43:0/3441791391 <== mon.0 v2:172.21.15.43:3300/0 2 ==== config(26 keys) v1 ==== 1009+0+0 (secure 0 0 0) 0x7f906401a430 con 0x7f9068071000
2023-12-08T20:20:57.881 INFO:teuthology.orchestra.run.smithi043.stdout:/usr/bin/ceph: stderr
2023-12-08T20:20:57.245+0000 7f906f3d4700 1 -- 172.21.15.43:0/3441791391 --> [v2:172.21.15.43:3300/0,v1:172.21.15.43:6789/0] -- mon_subscribe({mgrmap=0+}) v3 -- 0x7f9068100fa0 con 0x7f9068071000
2023-12-08T20:20:57.881 INFO:teuthology.orchestra.run.smithi043.stdout:/usr/bin/ceph: stderr
2023-12-08T20:20:57.246+0000 7f905dffb700 1 -- 172.21.15.43:0/3441791391 <== mon.0 v2:172.21.15.43:3300/0 3 ==== mon_map magic: 0 v1 ==== 229+0+0 (secure 0 0 0) 0x7f90640245b0 con 0x7f9068071000
2023-12-08T20:20:57.881 INFO:teuthology.orchestra.run.smithi043.stdout:/usr/bin/ceph: stderr
2023-12-08T20:20:57.246+0000 7f906f3d4700 1 -- 172.21.15.43:0/3441791391 --> [v2:172.21.15.43:3300/0,v1:172.21.15.43:6789/0] -- mon_subscribe({osdmap=0}) v3 -- 0x7f90681013b0 con 0x7f9068071000
2023-12-08T20:20:57.881 INFO:teuthology.orchestra.run.smithi043.stdout:/usr/bin/ceph: stderr
2023-12-08T20:20:57.247+0000 7f905dffb700 1 -- 172.21.15.43:0/3441791391 <== mon.0 v2:172.21.15.43:3300/0 4 ==== mgrmap(e 5) v1 ==== 43281+0+0 (secure 0 0 0) 0x7f9064024830 con 0x7f9068071000
2023-12-08T20:20:57.881 INFO:teuthology.orchestra.run.smithi043.stdout:/usr/bin/ceph: stderr
2023-12-08T20:20:57.247+0000 7f905dffb700 1 --2- 172.21.15.43:0/3441791391 >> [v2:172.21.15.43:6800/2195776328,v1:172.21.15.43:6801/2195776328] conn(0x7f90540365f0 0x7f9054038aa0 unknown :-1 s=NONE pgs=0 cs=0 l=1 rev1=0 crypto rx=0 tx=0 comp rx=0 tx=0).connect
2023-12-08T20:20:57.881 INFO:teuthology.orchestra.run.smithi043.stdout:/usr/bin/ceph: stderr
2023-12-08T20:20:57.247+0000 7f906f3d4700 1 -- 172.21.15.43:0/3441791391 --> [v2:172.21.15.43:3300/0,v1:172.21.15.43:6789/0] -- mon_command({"prefix": "get_command_descriptions"} v 0) v1 -- 0x7f906804bb80 con 0x7f9068071000
2023-12-08T20:20:57.881 INFO:teuthology.orchestra.run.smithi043.stdout:/usr/bin/ceph: stderr
2023-12-08T20:20:57.247+0000 7f906c96f700 1 -- 172.21.15.43:0/3441791391 >> [v2:172.21.15.43:6800/2195776328,v1:172.21.15.43:6801/2195776328] conn(0x7f90540365f0 msgr2=0x7f9054038aa0 unknown :-1 s=STATE_CONNECTING_RE l=1).process reconnect failed to v2:172.21.15.43:6800/2195776328
2023-12-08T20:20:57.881 INFO:teuthology.orchestra.run.smithi043.stdout:/usr/bin/ceph: stderr
2023-12-08T20:20:57.247+0000 7f905dffb700 1 -- 172.21.15.43:0/3441791391 <== mon.0 v2:172.21.15.43:3300/0 5 ==== osd_map(1..1 src has 1..1) v4 ==== 721+0+0 (secure 0 0 0) 0x7f906404ab60 con 0x7f9068071000
2023-12-08T20:20:57.881 INFO:teuthology.orchestra.run.smithi043.stdout:/usr/bin/ceph: stderr
2023-12-08T20:20:57.247+0000 7f906c96f700 1 --2- 172.21.15.43:0/3441791391 >> [v2:172.21.15.43:6800/2195776328,v1:172.21.15.43:6801/2195776328] conn(0x7f90540365f0 0x7f9054038aa0 unknown :-1 s=START_CONNECT pgs=0 cs=0 l=1 rev1=0 crypto rx=0 tx=0 comp rx=0 tx=0)._fault waiting 0.200000
2023-12-08T20:20:57.881 INFO:teuthology.orchestra.run.smithi043.stdout:/usr/bin/ceph: stderr
2023-12-08T20:20:57.252+0000 7f905dffb700 1 -- 172.21.15.43:0/3441791391 <== mon.0 v2:172.21.15.43:3300/0 6 ==== mon_command_ack([{"prefix": "get_command_descriptions"}]=0 v0) v1 ==== 72+0+174570 (secure 0 0 0) 0x7f906402cd60 con 0x7f9068071000
2023-12-08T20:20:57.881 INFO:teuthology.orchestra.run.smithi043.stdout:/usr/bin/ceph: stderr
2023-12-08T20:20:57.448+0000 7f906c96f700 1 -- 172.21.15.43:0/3441791391 >> [v2:172.21.15.43:6800/2195776328,v1:172.21.15.43:6801/2195776328] conn(0x7f90540365f0 msgr2=0x7f9054038aa0 unknown :-1 s=STATE_CONNECTING_RE l=1).process reconnect failed to v2:172.21.15.43:6800/2195776328
2023-12-08T20:20:57.881 INFO:teuthology.orchestra.run.smithi043.stdout:/usr/bin/ceph: stderr
2023-12-08T20:20:57.448+0000 7f906c96f700 1 --2- 172.21.15.43:0/3441791391 >> [v2:172.21.15.43:6800/2195776328,v1:172.21.15.43:6801/2195776328] conn(0x7f90540365f0 0x7f9054038aa0 unknown :-1 s=START_CONNECT pgs=0 cs=0 l=1 rev1=0 crypto rx=0 tx=0 comp rx=0 tx=0)._fault waiting 0.400000
2023-12-08T20:20:57.881 INFO:teuthology.orchestra.run.smithi043.stdout:/usr/bin/ceph: stderr
2023-12-08T20:20:57.511+0000 7f906f3d4700 1 -- 172.21.15.43:0/3441791391 --> [v2:172.21.15.43:3300/0,v1:172.21.15.43:6789/0] -- mon_command({"prefix": "mgr stat"} v 0) v1 -- 0x7f906810ad40 con 0x7f9068071000
2023-12-08T20:20:57.881 INFO:teuthology.orchestra.run.smithi043.stdout:/usr/bin/ceph: stderr
2023-12-08T20:20:57.511+0000 7f905dffb700 1 -- 172.21.15.43:0/3441791391 <== mon.0 v2:172.21.15.43:3300/0 7 ==== mon_command_ack([{"prefix": "mgr stat"}]=0 v5) v1 ==== 56+0+103 (secure 0 0 0) 0x7f906402cb80 con 0x7f9068071000
2023-12-08T20:20:57.881 INFO:teuthology.orchestra.run.smithi043.stdout:/usr/bin/ceph: stderr
2023-12-08T20:20:57.513+0000 7f906f3d4700 1 -- 172.21.15.43:0/3441791391 >> [v2:172.21.15.43:6800/2195776328,v1:172.21.15.43:6801/2195776328] conn(0x7f90540365f0 msgr2=0x7f9054038aa0 unknown :-1 s=STATE_CONNECTING l=1).mark_down
2023-12-08T20:20:57.882 INFO:teuthology.orchestra.run.smithi043.stdout:/usr/bin/ceph: stderr
2023-12-08T20:20:57.513+0000 7f906f3d4700 1 --2- 172.21.15.43:0/3441791391 >> [v2:172.21.15.43:6800/2195776328,v1:172.21.15.43:6801/2195776328] conn(0x7f90540365f0 0x7f9054038aa0 unknown :-1 s=START_CONNECT pgs=0 cs=0 l=1 rev1=0 crypto rx=0 tx=0 comp rx=0 tx=0).stop
2023-12-08T20:20:57.882 INFO:teuthology.orchestra.run.smithi043.stdout:/usr/bin/ceph: stderr
2023-12-08T20:20:57.513+0000 7f906f3d4700 1 -- 172.21.15.43:0/3441791391 >> [v2:172.21.15.43:3300/0,v1:172.21.15.43:6789/0] conn(0x7f9068071000 msgr2=0x7f9068102920 secure :-1 s=STATE_CONNECTION_ESTABLISHED l=1).mark_down
2023-12-08T20:20:57.882 INFO:teuthology.orchestra.run.smithi043.stdout:/usr/bin/ceph: stderr
2023-12-08T20:20:57.513+0000 7f906f3d4700 1 --2- 172.21.15.43:0/3441791391 >> [v2:172.21.15.43:3300/0,v1:172.21.15.43:6789/0] conn(0x7f9068071000 0x7f9068102920 secure :-1 s=READY pgs=27 cs=0 l=1 rev1=1 crypto rx=0x7f9064006b00 tx=0x7f9064009250 comp rx=0 tx=0).stop
2023-12-08T20:20:57.882 INFO:teuthology.orchestra.run.smithi043.stdout:/usr/bin/ceph: stderr
2023-12-08T20:20:57.513+0000 7f906f3d4700 1 -- 172.21.15.43:0/3441791391 shutdown_connections
2023-12-08T20:20:57.882 INFO:teuthology.orchestra.run.smithi043.stdout:/usr/bin/ceph: stderr
2023-12-08T20:20:57.513+0000 7f906f3d4700 1 --2- 172.21.15.43:0/3441791391 >> [v2:172.21.15.43:6800/2195776328,v1:172.21.15.43:6801/2195776328] conn(0x7f90540365f0 0x7f9054038aa0 unknown :-1 s=CLOSED pgs=0 cs=0 l=1 rev1=0 crypto rx=0 tx=0 comp rx=0 tx=0).stop
2023-12-08T20:20:57.882 INFO:teuthology.orchestra.run.smithi043.stdout:/usr/bin/ceph: stderr
2023-12-08T20:20:57.513+0000 7f906f3d4700 1 --2- 172.21.15.43:0/3441791391 >> [v2:172.21.15.43:3300/0,v1:172.21.15.43:6789/0] conn(0x7f9068071000 0x7f9068102920 unknown :-1 s=CLOSED pgs=27 cs=0 l=1 rev1=1 crypto rx=0 tx=0 comp rx=0 tx=0).stop
2023-12-08T20:20:57.882 INFO:teuthology.orchestra.run.smithi043.stdout:/usr/bin/ceph: stderr
2023-12-08T20:20:57.513+0000 7f906f3d4700 1 -- 172.21.15.43:0/3441791391 >> 172.21.15.43:0/3441791391 conn(0x7f90680fc970 msgr2=0x7f90680fed70 unknown :-1 s=STATE_NONE l=0).mark_down
2023-12-08T20:20:57.882 INFO:teuthology.orchestra.run.smithi043.stdout:/usr/bin/ceph: stderr
2023-12-08T20:20:57.514+0000 7f906f3d4700 1 -- 172.21.15.43:0/3441791391 shutdown_connections
2023-12-08T20:20:57.882 INFO:teuthology.orchestra.run.smithi043.stdout:/usr/bin/ceph: stderr
2023-12-08T20:20:57.514+0000 7f906f3d4700 1 -- 172.21.15.43:0/3441791391 wait complete.
2023-12-08T20:20:57.882 INFO:teuthology.orchestra.run.smithi043.stdout:Waiting for the mgr to restart...
2023-12-08T20:20:57.882 INFO:teuthology.orchestra.run.smithi043.stdout:Waiting for mgr epoch 5...
2023-12-08T20:21:01.762 INFO:journalctl@ceph.mon.smithi043.smithi043.stdout:Dec 08 20:21:01 smithi043 ceph-mon[111966]: Active manager daemon smithi043.hqcdcm restarted
2023-12-08T20:21:01.762 INFO:journalctl@ceph.mon.smithi043.smithi043.stdout:Dec 08 20:21:01 smithi043 ceph-mon[111966]: Activating manager daemon smithi043.hqcdcm
2023-12-08T20:21:01.762 INFO:journalctl@ceph.mon.smithi043.smithi043.stdout:Dec 08 20:21:01 smithi043 ceph-mon[111966]: osdmap e2: 0 total, 0 up, 0 in
2023-12-08T20:21:01.762 INFO:journalctl@ceph.mon.smithi043.smithi043.stdout:Dec 08 20:21:01 smithi043 ceph-mon[111966]: mgrmap e6: smithi043.hqcdcm(active, starting, since 0.00349304s)
2023-12-08T20:21:01.762 INFO:journalctl@ceph.mon.smithi043.smithi043.stdout:Dec 08 20:21:01 smithi043 ceph-mon[111966]: from='mgr.14120 172.21.15.43:0/2678056026' entity='mgr.smithi043.hqcdcm' cmd=[{"prefix": "mon metadata", "id": "smithi043"}]: dispatch
2023-12-08T20:21:01.762 INFO:journalctl@ceph.mon.smithi043.smithi043.stdout:Dec 08 20:21:01 smithi043 ceph-mon[111966]: from='mgr.14120 172.21.15.43:0/2678056026' entity='mgr.smithi043.hqcdcm' cmd=[{"prefix": "mgr metadata", "who": "smithi043.hqcdcm", "id": "smithi043.hqcdcm"}]: dispatch
2023-12-08T20:21:01.763 INFO:journalctl@ceph.mon.smithi043.smithi043.stdout:Dec 08 20:21:01 smithi043 ceph-mon[111966]: from='mgr.14120 172.21.15.43:0/2678056026' entity='mgr.smithi043.hqcdcm' cmd=[{"prefix": "mds metadata"}]: dispatch
2023-12-08T20:21:01.763 INFO:journalctl@ceph.mon.smithi043.smithi043.stdout:Dec 08 20:21:01 smithi043 ceph-mon[111966]: from='mgr.14120 172.21.15.43:0/2678056026' entity='mgr.smithi043.hqcdcm' cmd=[{"prefix": "osd metadata"}]: dispatch
2023-12-08T20:21:01.763 INFO:journalctl@ceph.mon.smithi043.smithi043.stdout:Dec 08 20:21:01 smithi043 ceph-mon[111966]: from='mgr.14120 172.21.15.43:0/2678056026' entity='mgr.smithi043.hqcdcm' cmd=[{"prefix": "mon metadata"}]: dispatch
2023-12-08T20:21:01.763 INFO:journalctl@ceph.mon.smithi043.smithi043.stdout:Dec 08 20:21:01 smithi043 ceph-mon[111966]: Manager daemon smithi043.hqcdcm is now available
2023-12-08T20:21:01.763 INFO:journalctl@ceph.mon.smithi043.smithi043.stdout:Dec 08 20:21:01 smithi043 ceph-mon[111966]: from='mgr.14120 172.21.15.43:0/2678056026' entity='mgr.smithi043.hqcdcm'
2023-12-08T20:21:01.763 INFO:journalctl@ceph.mon.smithi043.smithi043.stdout:Dec 08 20:21:01 smithi043 ceph-mon[111966]: from='mgr.14120 172.21.15.43:0/2678056026' entity='mgr.smithi043.hqcdcm'
2023-12-08T20:21:01.763 INFO:journalctl@ceph.mon.smithi043.smithi043.stdout:Dec 08 20:21:01 smithi043 ceph-mon[111966]: from='mgr.14120 172.21.15.43:0/2678056026' entity='mgr.smithi043.hqcdcm' cmd=[{"prefix": "config dump", "format": "json"}]: dispatch
2023-12-08T20:21:02.907 INFO:journalctl@ceph.mon.smithi043.smithi043.stdout:Dec 08 20:21:02 smithi043 ceph-mon[111966]: Found migration_current of "None". Setting to last migration.
2023-12-08T20:21:02.908 INFO:journalctl@ceph.mon.smithi043.smithi043.stdout:Dec 08 20:21:02 smithi043 ceph-mon[111966]: from='mgr.14120 172.21.15.43:0/2678056026' entity='mgr.smithi043.hqcdcm' cmd=[{"prefix": "config dump", "format": "json"}]: dispatch
2023-12-08T20:21:02.908 INFO:journalctl@ceph.mon.smithi043.smithi043.stdout:Dec 08 20:21:02 smithi043 ceph-mon[111966]: from='mgr.14120 172.21.15.43:0/2678056026' entity='mgr.smithi043.hqcdcm' cmd=[{"prefix": "config dump", "format": "json"}]: dispatch
2023-12-08T20:21:02.908 INFO:journalctl@ceph.mon.smithi043.smithi043.stdout:Dec 08 20:21:02 smithi043 ceph-mon[111966]: from='mgr.14120 172.21.15.43:0/2678056026' entity='mgr.smithi043.hqcdcm' cmd=[{"prefix":"config rm","who":"mgr","name":"mgr/rbd_support/smithi043.hqcdcm/mirror_snapshot_schedule"}]: dispatch
2023-12-08T20:21:02.908 INFO:journalctl@ceph.mon.smithi043.smithi043.stdout:Dec 08 20:21:02 smithi043 ceph-mon[111966]: from='mgr.14120 172.21.15.43:0/2678056026' entity='mgr.smithi043.hqcdcm' cmd=[{"prefix":"config rm","who":"mgr","name":"mgr/rbd_support/smithi043.hqcdcm/trash_purge_schedule"}]: dispatch
2023-12-08T20:21:02.908 INFO:journalctl@ceph.mon.smithi043.smithi043.stdout:Dec 08 20:21:02 smithi043 ceph-mon[111966]: mgrmap e7: smithi043.hqcdcm(active, since 1.00566s)
2023-12-08T20:21:02.989 INFO:teuthology.orchestra.run.smithi043.stdout:/usr/bin/ceph: stdout {
2023-12-08T20:21:02.990 INFO:teuthology.orchestra.run.smithi043.stdout:/usr/bin/ceph: stdout "mgrmap_epoch": 7,
2023-12-08T20:21:02.990 INFO:teuthology.orchestra.run.smithi043.stdout:/usr/bin/ceph: stdout "initialized": true
2023-12-08T20:21:02.990 INFO:teuthology.orchestra.run.smithi043.stdout:/usr/bin/ceph: stdout }
2023-12-08T20:21:02.990 INFO:teuthology.orchestra.run.smithi043.stdout:/usr/bin/ceph: stderr
2023-12-08T20:20:58.317+0000 7fd25d8e5700 1 Processor -- start
2023-12-08T20:21:02.990 INFO:teuthology.orchestra.run.smithi043.stdout:/usr/bin/ceph: stderr
2023-12-08T20:20:58.317+0000 7fd25d8e5700 1 -- start start
2023-12-08T20:21:02.990 INFO:teuthology.orchestra.run.smithi043.stdout:/usr/bin/ceph: stderr
2023-12-08T20:20:58.317+0000 7fd25d8e5700 1 --2- >> [v2:172.21.15.43:3300/0,v1:172.21.15.43:6789/0] conn(0x7fd258076bc0 0x7fd258107340 unknown :-1 s=NONE pgs=0 cs=0 l=0 rev1=0 crypto rx=0 tx=0 comp rx=0 tx=0).connect
2023-12-08T20:21:02.990 INFO:teuthology.orchestra.run.smithi043.stdout:/usr/bin/ceph: stderr
2023-12-08T20:20:58.317+0000 7fd25d8e5700 1 -- --> [v2:172.21.15.43:3300/0,v1:172.21.15.43:6789/0] -- mon_getmap magic: 0 v1 -- 0x7fd258102d30 con 0x7fd258076bc0
2023-12-08T20:21:02.990 INFO:teuthology.orchestra.run.smithi043.stdout:/usr/bin/ceph: stderr
2023-12-08T20:20:58.317+0000 7fd256ffd700 1 --2- >> [v2:172.21.15.43:3300/0,v1:172.21.15.43:6789/0] conn(0x7fd258076bc0 0x7fd258107340 unknown :-1 s=BANNER_CONNECTING pgs=0 cs=0 l=0 rev1=0 crypto rx=0 tx=0 comp rx=0 tx=0)._handle_peer_banner_payload supported=3 required=0
2023-12-08T20:21:02.990 INFO:teuthology.orchestra.run.smithi043.stdout:/usr/bin/ceph: stderr
2023-12-08T20:20:58.317+0000 7fd256ffd700 1 --2- >> [v2:172.21.15.43:3300/0,v1:172.21.15.43:6789/0] conn(0x7fd258076bc0 0x7fd258107340 unknown :-1 s=HELLO_CONNECTING pgs=0 cs=0 l=0 rev1=1 crypto rx=0 tx=0 comp rx=0 tx=0).handle_hello peer v2:172.21.15.43:3300/0 says I am v2:172.21.15.43:55260/0 (socket says 172.21.15.43:55260)
2023-12-08T20:21:02.991 INFO:teuthology.orchestra.run.smithi043.stdout:/usr/bin/ceph: stderr
2023-12-08T20:20:58.317+0000 7fd256ffd700 1 -- 172.21.15.43:0/3005634909 learned_addr learned my addr 172.21.15.43:0/3005634909 (peer_addr_for_me v2:172.21.15.43:0/0)
2023-12-08T20:21:02.991 INFO:teuthology.orchestra.run.smithi043.stdout:/usr/bin/ceph: stderr
2023-12-08T20:20:58.318+0000 7fd256ffd700 1 -- 172.21.15.43:0/3005634909 --> [v2:172.21.15.43:3300/0,v1:172.21.15.43:6789/0] -- mon_subscribe({config=0+,monmap=0+}) v3 -- 0x7fd258107880 con 0x7fd258076bc0
2023-12-08T20:21:02.991 INFO:teuthology.orchestra.run.smithi043.stdout:/usr/bin/ceph: stderr
2023-12-08T20:20:58.318+0000 7fd256ffd700 1 --2- 172.21.15.43:0/3005634909 >> [v2:172.21.15.43:3300/0,v1:172.21.15.43:6789/0] conn(0x7fd258076bc0 0x7fd258107340 secure :-1 s=READY pgs=28 cs=0 l=1 rev1=1 crypto rx=0x7fd2480098e0 tx=0x7fd248009250 comp rx=0 tx=0).ready entity=mon.0 client_cookie=dedf08d08dfef484 server_cookie=0 in_seq=0 out_seq=0
2023-12-08T20:21:02.991 INFO:teuthology.orchestra.run.smithi043.stdout:/usr/bin/ceph: stderr
2023-12-08T20:20:58.318+0000 7fd255ffb700 1 -- 172.21.15.43:0/3005634909 <== mon.0 v2:172.21.15.43:3300/0 1 ==== mon_map magic: 0 v1 ==== 229+0+0 (secure 0 0 0) 0x7fd24800b860 con 0x7fd258076bc0
2023-12-08T20:21:02.991 INFO:teuthology.orchestra.run.smithi043.stdout:/usr/bin/ceph: stderr
2023-12-08T20:20:58.318+0000 7fd255ffb700 1 -- 172.21.15.43:0/3005634909 <== mon.0 v2:172.21.15.43:3300/0 2 ==== config(26 keys) v1 ==== 1009+0+0 (secure 0 0 0) 0x7fd24800be30 con 0x7fd258076bc0
2023-12-08T20:21:02.991 INFO:teuthology.orchestra.run.smithi043.stdout:/usr/bin/ceph: stderr
2023-12-08T20:20:58.318+0000 7fd255ffb700 1 -- 172.21.15.43:0/3005634909 <== mon.0 v2:172.21.15.43:3300/0 3 ==== mon_map magic: 0 v1 ==== 229+0+0 (secure 0 0 0) 0x7fd248010380 con 0x7fd258076bc0
2023-12-08T20:21:02.991 INFO:teuthology.orchestra.run.smithi043.stdout:/usr/bin/ceph: stderr
2023-12-08T20:20:58.319+0000 7fd25d8e5700 1 -- 172.21.15.43:0/3005634909 >> [v2:172.21.15.43:3300/0,v1:172.21.15.43:6789/0] conn(0x7fd258076bc0 msgr2=0x7fd258107340 secure :-1 s=STATE_CONNECTION_ESTABLISHED l=1).mark_down
2023-12-08T20:21:02.991 INFO:teuthology.orchestra.run.smithi043.stdout:/usr/bin/ceph: stderr
2023-12-08T20:20:58.319+0000 7fd25d8e5700 1 --2- 172.21.15.43:0/3005634909 >> [v2:172.21.15.43:3300/0,v1:172.21.15.43:6789/0] conn(0x7fd258076bc0 0x7fd258107340 secure :-1 s=READY pgs=28 cs=0 l=1 rev1=1 crypto rx=0x7fd2480098e0 tx=0x7fd248009250 comp rx=0 tx=0).stop
2023-12-08T20:21:02.991 INFO:teuthology.orchestra.run.smithi043.stdout:/usr/bin/ceph: stderr
2023-12-08T20:20:58.319+0000 7fd25d8e5700 1 -- 172.21.15.43:0/3005634909 shutdown_connections
2023-12-08T20:21:02.991 INFO:teuthology.orchestra.run.smithi043.stdout:/usr/bin/ceph: stderr
2023-12-08T20:20:58.319+0000 7fd25d8e5700 1 --2- 172.21.15.43:0/3005634909 >> [v2:172.21.15.43:3300/0,v1:172.21.15.43:6789/0] conn(0x7fd258076bc0 0x7fd258107340 unknown :-1 s=CLOSED pgs=28 cs=0 l=1 rev1=1 crypto rx=0 tx=0 comp rx=0 tx=0).stop
2023-12-08T20:21:02.991 INFO:teuthology.orchestra.run.smithi043.stdout:/usr/bin/ceph: stderr
2023-12-08T20:20:58.319+0000 7fd25d8e5700 1 -- 172.21.15.43:0/3005634909 >> 172.21.15.43:0/3005634909 conn(0x7fd2580fc950 msgr2=0x7fd2580fed60 unknown :-1 s=STATE_NONE l=0).mark_down
2023-12-08T20:21:02.991 INFO:teuthology.orchestra.run.smithi043.stdout:/usr/bin/ceph: stderr
2023-12-08T20:20:58.319+0000 7fd25d8e5700 1 -- 172.21.15.43:0/3005634909 shutdown_connections
2023-12-08T20:21:02.992 INFO:teuthology.orchestra.run.smithi043.stdout:/usr/bin/ceph: stderr
2023-12-08T20:20:58.319+0000 7fd25d8e5700 1 -- 172.21.15.43:0/3005634909 wait complete.
2023-12-08T20:21:02.992 INFO:teuthology.orchestra.run.smithi043.stdout:/usr/bin/ceph: stderr
2023-12-08T20:20:58.320+0000 7fd25d8e5700 1 Processor -- start
2023-12-08T20:21:02.992 INFO:teuthology.orchestra.run.smithi043.stdout:/usr/bin/ceph: stderr
2023-12-08T20:20:58.320+0000 7fd25d8e5700 1 -- start start
2023-12-08T20:21:02.992 INFO:teuthology.orchestra.run.smithi043.stdout:/usr/bin/ceph: stderr
2023-12-08T20:20:58.320+0000 7fd25d8e5700 1 --2- >> [v2:172.21.15.43:3300/0,v1:172.21.15.43:6789/0] conn(0x7fd258076bc0 0x7fd258113360 unknown :-1 s=NONE pgs=0 cs=0 l=1 rev1=0 crypto rx=0 tx=0 comp rx=0 tx=0).connect
2023-12-08T20:21:02.992 INFO:teuthology.orchestra.run.smithi043.stdout:/usr/bin/ceph: stderr
2023-12-08T20:20:58.320+0000 7fd25d8e5700 1 -- --> [v2:172.21.15.43:3300/0,v1:172.21.15.43:6789/0] -- mon_getmap magic: 0 v1 -- 0x7fd2581138a0 con 0x7fd258076bc0
2023-12-08T20:21:02.992 INFO:teuthology.orchestra.run.smithi043.stdout:/usr/bin/ceph: stderr
2023-12-08T20:20:58.320+0000 7fd256ffd700 1 --2- >> [v2:172.21.15.43:3300/0,v1:172.21.15.43:6789/0] conn(0x7fd258076bc0 0x7fd258113360 unknown :-1 s=BANNER_CONNECTING pgs=0 cs=0 l=1 rev1=0 crypto rx=0 tx=0 comp rx=0 tx=0)._handle_peer_banner_payload supported=3 required=0
2023-12-08T20:21:02.992 INFO:teuthology.orchestra.run.smithi043.stdout:/usr/bin/ceph: stderr
2023-12-08T20:20:58.320+0000 7fd256ffd700 1 --2- >> [v2:172.21.15.43:3300/0,v1:172.21.15.43:6789/0] conn(0x7fd258076bc0 0x7fd258113360 unknown :-1 s=HELLO_CONNECTING pgs=0 cs=0 l=1 rev1=1 crypto rx=0 tx=0 comp rx=0 tx=0).handle_hello peer v2:172.21.15.43:3300/0 says I am v2:172.21.15.43:55276/0 (socket says 172.21.15.43:55276)
2023-12-08T20:21:02.992 INFO:teuthology.orchestra.run.smithi043.stdout:/usr/bin/ceph: stderr
2023-12-08T20:20:58.320+0000 7fd256ffd700 1 -- 172.21.15.43:0/1082172484 learned_addr learned my addr 172.21.15.43:0/1082172484 (peer_addr_for_me v2:172.21.15.43:0/0)
2023-12-08T20:21:02.992 INFO:teuthology.orchestra.run.smithi043.stdout:/usr/bin/ceph: stderr
2023-12-08T20:20:58.320+0000 7fd256ffd700 1 -- 172.21.15.43:0/1082172484 --> [v2:172.21.15.43:3300/0,v1:172.21.15.43:6789/0] -- mon_subscribe({config=0+,monmap=0+}) v3 -- 0x7fd2480094f0 con 0x7fd258076bc0
2023-12-08T20:21:02.992 INFO:teuthology.orchestra.run.smithi043.stdout:/usr/bin/ceph: stderr
2023-12-08T20:20:58.321+0000 7fd256ffd700 1 --2- 172.21.15.43:0/1082172484 >> [v2:172.21.15.43:3300/0,v1:172.21.15.43:6789/0] conn(0x7fd258076bc0 0x7fd258113360 secure :-1 s=READY pgs=29 cs=0 l=1 rev1=1 crypto rx=0x7fd248006d40 tx=0x7fd248009250 comp rx=0 tx=0).ready entity=mon.0 client_cookie=0 server_cookie=0 in_seq=0 out_seq=0
2023-12-08T20:21:02.992 INFO:teuthology.orchestra.run.smithi043.stdout:/usr/bin/ceph: stderr
2023-12-08T20:20:58.321+0000 7fd23f7fe700 1 -- 172.21.15.43:0/1082172484 <== mon.0 v2:172.21.15.43:3300/0 1 ==== mon_map magic: 0 v1 ==== 229+0+0 (secure 0 0 0) 0x7fd2480109b0 con 0x7fd258076bc0
2023-12-08T20:21:02.993 INFO:teuthology.orchestra.run.smithi043.stdout:/usr/bin/ceph: stderr
2023-12-08T20:20:58.321+0000 7fd23f7fe700 1 -- 172.21.15.43:0/1082172484 <== mon.0 v2:172.21.15.43:3300/0 2 ==== config(26 keys) v1 ==== 1009+0+0 (secure 0 0 0) 0x7fd248024440 con 0x7fd258076bc0
2023-12-08T20:21:02.993 INFO:teuthology.orchestra.run.smithi043.stdout:/usr/bin/ceph: stderr
2023-12-08T20:20:58.321+0000 7fd25d8e5700 1 -- 172.21.15.43:0/1082172484 --> [v2:172.21.15.43:3300/0,v1:172.21.15.43:6789/0] -- mon_subscribe({mgrmap=0+}) v3 -- 0x7fd258113aa0 con 0x7fd258076bc0
2023-12-08T20:21:02.993 INFO:teuthology.orchestra.run.smithi043.stdout:/usr/bin/ceph: stderr
2023-12-08T20:20:58.321+0000 7fd23f7fe700 1 -- 172.21.15.43:0/1082172484 <== mon.0 v2:172.21.15.43:3300/0 3 ==== mon_map magic: 0 v1 ==== 229+0+0 (secure 0 0 0) 0x7fd24801a5f0 con 0x7fd258076bc0
2023-12-08T20:21:02.993 INFO:teuthology.orchestra.run.smithi043.stdout:/usr/bin/ceph: stderr
2023-12-08T20:20:58.321+0000 7fd25d8e5700 1 -- 172.21.15.43:0/1082172484 --> [v2:172.21.15.43:3300/0,v1:172.21.15.43:6789/0] -- mon_subscribe({osdmap=0}) v3 -- 0x7fd258113eb0 con 0x7fd258076bc0
2023-12-08T20:21:02.993 INFO:teuthology.orchestra.run.smithi043.stdout:/usr/bin/ceph: stderr
