2023-12-08T20:21:19.604+0000 7f4aa5962700 1 --2- >> [v2:172.21.15.43:3300/0,v1:172.21.15.43:6789/0] conn(0x7f4aa0070f40 0x7f4aa01029e0 unknown :-1 s=HELLO_CONNECTING pgs=0 cs=0 l=1 rev1=1 crypto rx=0 tx=0 comp rx=0 tx=0).handle_hello peer v2:172.21.15.43:3300/0 says I am v2:172.21.15.43:39706/0 (socket says 172.21.15.43:39706)
2023-12-08T20:21:20.321 INFO:teuthology.orchestra.run.smithi043.stdout:/usr/bin/ceph: stderr
2023-12-08T20:21:19.604+0000 7f4aa5962700 1 -- 172.21.15.43:0/3276640226 learned_addr learned my addr 172.21.15.43:0/3276640226 (peer_addr_for_me v2:172.21.15.43:0/0)
2023-12-08T20:21:20.321 INFO:teuthology.orchestra.run.smithi043.stdout:/usr/bin/ceph: stderr
2023-12-08T20:21:19.604+0000 7f4aa5962700 1 -- 172.21.15.43:0/3276640226 --> [v2:172.21.15.43:3300/0,v1:172.21.15.43:6789/0] -- mon_subscribe({config=0+,monmap=0+}) v3 -- 0x7f4a9c0094f0 con 0x7f4aa0070f40
2023-12-08T20:21:20.321 INFO:teuthology.orchestra.run.smithi043.stdout:/usr/bin/ceph: stderr
2023-12-08T20:21:19.604+0000 7f4aa5962700 1 --2- 172.21.15.43:0/3276640226 >> [v2:172.21.15.43:3300/0,v1:172.21.15.43:6789/0] conn(0x7f4aa0070f40 0x7f4aa01029e0 secure :-1 s=READY pgs=66 cs=0 l=1 rev1=1 crypto rx=0x7f4a9c003080 tx=0x7f4a9c009250 comp rx=0 tx=0).ready entity=mon.0 client_cookie=0 server_cookie=0 in_seq=0 out_seq=0
2023-12-08T20:21:20.321 INFO:teuthology.orchestra.run.smithi043.stdout:/usr/bin/ceph: stderr
2023-12-08T20:21:19.604+0000 7f4a967fc700 1 -- 172.21.15.43:0/3276640226 <== mon.0 v2:172.21.15.43:3300/0 1 ==== mon_map magic: 0 v1 ==== 229+0+0 (secure 0 0 0) 0x7f4a9c00beb0 con 0x7f4aa0070f40
2023-12-08T20:21:20.321 INFO:teuthology.orchestra.run.smithi043.stdout:/usr/bin/ceph: stderr
2023-12-08T20:21:19.604+0000 7f4aa7bc6700 1 -- 172.21.15.43:0/3276640226 --> [v2:172.21.15.43:3300/0,v1:172.21.15.43:6789/0] -- mon_subscribe({mgrmap=0+}) v3 -- 0x7f4aa0101060 con 0x7f4aa0070f40
2023-12-08T20:21:20.321 INFO:teuthology.orchestra.run.smithi043.stdout:/usr/bin/ceph: stderr
2023-12-08T20:21:19.604+0000 7f4a967fc700 1 -- 172.21.15.43:0/3276640226 <== mon.0 v2:172.21.15.43:3300/0 2 ==== config(26 keys) v1 ==== 1074+0+0 (secure 0 0 0) 0x7f4a9c010cb0 con 0x7f4aa0070f40
2023-12-08T20:21:20.322 INFO:teuthology.orchestra.run.smithi043.stdout:/usr/bin/ceph: stderr
2023-12-08T20:21:19.604+0000 7f4a967fc700 1 -- 172.21.15.43:0/3276640226 <== mon.0 v2:172.21.15.43:3300/0 3 ==== mon_map magic: 0 v1 ==== 229+0+0 (secure 0 0 0) 0x7f4a9c01ae20 con 0x7f4aa0070f40
2023-12-08T20:21:20.322 INFO:teuthology.orchestra.run.smithi043.stdout:/usr/bin/ceph: stderr
2023-12-08T20:21:19.604+0000 7f4aa7bc6700 1 -- 172.21.15.43:0/3276640226 --> [v2:172.21.15.43:3300/0,v1:172.21.15.43:6789/0] -- mon_subscribe({osdmap=0}) v3 -- 0x7f4aa0101470 con 0x7f4aa0070f40
2023-12-08T20:21:20.322 INFO:teuthology.orchestra.run.smithi043.stdout:/usr/bin/ceph: stderr
2023-12-08T20:21:19.605+0000 7f4a967fc700 1 -- 172.21.15.43:0/3276640226 <== mon.0 v2:172.21.15.43:3300/0 4 ==== mgrmap(e 8) v1 ==== 43281+0+0 (secure 0 0 0) 0x7f4a9c010800 con 0x7f4aa0070f40
2023-12-08T20:21:20.322 INFO:teuthology.orchestra.run.smithi043.stdout:/usr/bin/ceph: stderr
2023-12-08T20:21:19.605+0000 7f4aa7bc6700 1 -- 172.21.15.43:0/3276640226 --> [v2:172.21.15.43:3300/0,v1:172.21.15.43:6789/0] -- mon_command({"prefix": "get_command_descriptions"} v 0) v1 -- 0x7f4aa004bb80 con 0x7f4aa0070f40
2023-12-08T20:21:20.323 INFO:teuthology.orchestra.run.smithi043.stdout:/usr/bin/ceph: stderr
2023-12-08T20:21:19.605+0000 7f4a967fc700 1 --2- 172.21.15.43:0/3276640226 >> [v2:172.21.15.43:6800/1561199606,v1:172.21.15.43:6801/1561199606] conn(0x7f4a8c0365f0 0x7f4a8c038aa0 unknown :-1 s=NONE pgs=0 cs=0 l=1 rev1=0 crypto rx=0 tx=0 comp rx=0 tx=0).connect
2023-12-08T20:21:20.323 INFO:teuthology.orchestra.run.smithi043.stdout:/usr/bin/ceph: stderr
2023-12-08T20:21:19.606+0000 7f4a967fc700 1 -- 172.21.15.43:0/3276640226 <== mon.0 v2:172.21.15.43:3300/0 5 ==== osd_map(2..2 src has 1..2) v4 ==== 936+0+0 (secure 0 0 0) 0x7f4a9c04a2b0 con 0x7f4aa0070f40
2023-12-08T20:21:20.323 INFO:teuthology.orchestra.run.smithi043.stdout:/usr/bin/ceph: stderr
2023-12-08T20:21:19.606+0000 7f4aa5161700 1 --2- 172.21.15.43:0/3276640226 >> [v2:172.21.15.43:6800/1561199606,v1:172.21.15.43:6801/1561199606] conn(0x7f4a8c0365f0 0x7f4a8c038aa0 unknown :-1 s=BANNER_CONNECTING pgs=0 cs=0 l=1 rev1=0 crypto rx=0 tx=0 comp rx=0 tx=0)._handle_peer_banner_payload supported=3 required=0
2023-12-08T20:21:20.323 INFO:teuthology.orchestra.run.smithi043.stdout:/usr/bin/ceph: stderr
2023-12-08T20:21:19.606+0000 7f4aa5161700 1 --2- 172.21.15.43:0/3276640226 >> [v2:172.21.15.43:6800/1561199606,v1:172.21.15.43:6801/1561199606] conn(0x7f4a8c0365f0 0x7f4a8c038aa0 secure :-1 s=READY pgs=21 cs=0 l=1 rev1=1 crypto rx=0x7f4a90009990 tx=0x7f4a90006e40 comp rx=0 tx=0).ready entity=mgr.14120 client_cookie=0 server_cookie=0 in_seq=0 out_seq=0
2023-12-08T20:21:20.323 INFO:teuthology.orchestra.run.smithi043.stdout:/usr/bin/ceph: stderr
2023-12-08T20:21:19.610+0000 7f4a967fc700 1 -- 172.21.15.43:0/3276640226 <== mon.0 v2:172.21.15.43:3300/0 6 ==== mon_command_ack([{"prefix": "get_command_descriptions"}]=0 v0) v1 ==== 72+0+174570 (secure 0 0 0) 0x7f4a9c02e440 con 0x7f4aa0070f40
2023-12-08T20:21:20.323 INFO:teuthology.orchestra.run.smithi043.stdout:/usr/bin/ceph: stderr
2023-12-08T20:21:19.865+0000 7f4aa7bc6700 1 -- 172.21.15.43:0/3276640226 --> [v2:172.21.15.43:3300/0,v1:172.21.15.43:6789/0] -- mon_command({"prefix": "mgr module enable", "module": "dashboard"} v 0) v1 -- 0x7f4aa0106300 con 0x7f4aa0070f40
2023-12-08T20:21:20.323 INFO:teuthology.orchestra.run.smithi043.stdout:/usr/bin/ceph: stderr
2023-12-08T20:21:19.872+0000 7f4a967fc700 1 -- 172.21.15.43:0/3276640226 <== mon.0 v2:172.21.15.43:3300/0 7 ==== mgrmap(e 9) v1 ==== 43294+0+0 (secure 0 0 0) 0x7f4a9c006d50 con 0x7f4aa0070f40
2023-12-08T20:21:20.323 INFO:teuthology.orchestra.run.smithi043.stdout:/usr/bin/ceph: stderr
2023-12-08T20:21:19.873+0000 7f4a967fc700 1 -- 172.21.15.43:0/3276640226 <== mon.0 v2:172.21.15.43:3300/0 8 ==== mon_command_ack([{"prefix": "mgr module enable", "module": "dashboard"}]=0 v9) v1 ==== 88+0+0 (secure 0 0 0) 0x7f4a9c02b2f0 con 0x7f4aa0070f40
2023-12-08T20:21:20.323 INFO:teuthology.orchestra.run.smithi043.stdout:/usr/bin/ceph: stderr
2023-12-08T20:21:19.875+0000 7f4aa7bc6700 1 -- 172.21.15.43:0/3276640226 >> [v2:172.21.15.43:6800/1561199606,v1:172.21.15.43:6801/1561199606] conn(0x7f4a8c0365f0 msgr2=0x7f4a8c038aa0 secure :-1 s=STATE_CONNECTION_ESTABLISHED l=1).mark_down
2023-12-08T20:21:20.323 INFO:teuthology.orchestra.run.smithi043.stdout:/usr/bin/ceph: stderr
2023-12-08T20:21:19.875+0000 7f4aa7bc6700 1 --2- 172.21.15.43:0/3276640226 >> [v2:172.21.15.43:6800/1561199606,v1:172.21.15.43:6801/1561199606] conn(0x7f4a8c0365f0 0x7f4a8c038aa0 secure :-1 s=READY pgs=21 cs=0 l=1 rev1=1 crypto rx=0x7f4a90009990 tx=0x7f4a90006e40 comp rx=0 tx=0).stop
2023-12-08T20:21:20.323 INFO:teuthology.orchestra.run.smithi043.stdout:/usr/bin/ceph: stderr
2023-12-08T20:21:19.875+0000 7f4aa7bc6700 1 -- 172.21.15.43:0/3276640226 >> [v2:172.21.15.43:3300/0,v1:172.21.15.43:6789/0] conn(0x7f4aa0070f40 msgr2=0x7f4aa01029e0 secure :-1 s=STATE_CONNECTION_ESTABLISHED l=1).mark_down
2023-12-08T20:21:20.323 INFO:teuthology.orchestra.run.smithi043.stdout:/usr/bin/ceph: stderr
2023-12-08T20:21:19.875+0000 7f4aa7bc6700 1 --2- 172.21.15.43:0/3276640226 >> [v2:172.21.15.43:3300/0,v1:172.21.15.43:6789/0] conn(0x7f4aa0070f40 0x7f4aa01029e0 secure :-1 s=READY pgs=66 cs=0 l=1 rev1=1 crypto rx=0x7f4a9c003080 tx=0x7f4a9c009250 comp rx=0 tx=0).stop
2023-12-08T20:21:20.323 INFO:teuthology.orchestra.run.smithi043.stdout:/usr/bin/ceph: stderr
2023-12-08T20:21:19.875+0000 7f4aa7bc6700 1 -- 172.21.15.43:0/3276640226 shutdown_connections
2023-12-08T20:21:20.323 INFO:teuthology.orchestra.run.smithi043.stdout:/usr/bin/ceph: stderr
2023-12-08T20:21:19.875+0000 7f4aa7bc6700 1 --2- 172.21.15.43:0/3276640226 >> [v2:172.21.15.43:6800/1561199606,v1:172.21.15.43:6801/1561199606] conn(0x7f4a8c0365f0 0x7f4a8c038aa0 unknown :-1 s=CLOSED pgs=21 cs=0 l=1 rev1=1 crypto rx=0 tx=0 comp rx=0 tx=0).stop
2023-12-08T20:21:20.323 INFO:teuthology.orchestra.run.smithi043.stdout:/usr/bin/ceph: stderr
2023-12-08T20:21:19.876+0000 7f4aa7bc6700 1 --2- 172.21.15.43:0/3276640226 >> [v2:172.21.15.43:3300/0,v1:172.21.15.43:6789/0] conn(0x7f4aa0070f40 0x7f4aa01029e0 unknown :-1 s=CLOSED pgs=66 cs=0 l=1 rev1=1 crypto rx=0 tx=0 comp rx=0 tx=0).stop
2023-12-08T20:21:20.324 INFO:teuthology.orchestra.run.smithi043.stdout:/usr/bin/ceph: stderr
2023-12-08T20:21:19.876+0000 7f4aa7bc6700 1 -- 172.21.15.43:0/3276640226 >> 172.21.15.43:0/3276640226 conn(0x7f4aa00fc970 msgr2=0x7f4aa00fe1c0 unknown :-1 s=STATE_NONE l=0).mark_down
2023-12-08T20:21:20.324 INFO:teuthology.orchestra.run.smithi043.stdout:/usr/bin/ceph: stderr
2023-12-08T20:21:19.876+0000 7f4aa7bc6700 1 -- 172.21.15.43:0/3276640226 shutdown_connections
2023-12-08T20:21:20.324 INFO:teuthology.orchestra.run.smithi043.stdout:/usr/bin/ceph: stderr
2023-12-08T20:21:19.876+0000 7f4aa7bc6700 1 -- 172.21.15.43:0/3276640226 wait complete.
2023-12-08T20:21:21.167 INFO:journalctl@ceph.mon.smithi043.smithi043.stdout:Dec 08 20:21:20 smithi043 ceph-mon[111966]: from='client.? 172.21.15.43:0/3276640226' entity='client.admin' cmd='[{"prefix": "mgr module enable", "module": "dashboard"}]': finished
2023-12-08T20:21:21.168 INFO:journalctl@ceph.mon.smithi043.smithi043.stdout:Dec 08 20:21:20 smithi043 ceph-mon[111966]: mgrmap e9: smithi043.hqcdcm(active, since 18s)
2023-12-08T20:21:21.336 INFO:teuthology.orchestra.run.smithi043.stdout:/usr/bin/ceph: stdout {
2023-12-08T20:21:21.342 INFO:teuthology.orchestra.run.smithi043.stdout:/usr/bin/ceph: stdout "epoch": 9,
2023-12-08T20:21:21.342 INFO:teuthology.orchestra.run.smithi043.stdout:/usr/bin/ceph: stdout "available": true,
2023-12-08T20:21:21.342 INFO:teuthology.orchestra.run.smithi043.stdout:/usr/bin/ceph: stdout "active_name": "smithi043.hqcdcm",
2023-12-08T20:21:21.342 INFO:teuthology.orchestra.run.smithi043.stdout:/usr/bin/ceph: stdout "num_standby": 0
2023-12-08T20:21:21.342 INFO:teuthology.orchestra.run.smithi043.stdout:/usr/bin/ceph: stdout }
2023-12-08T20:21:21.342 INFO:teuthology.orchestra.run.smithi043.stdout:/usr/bin/ceph: stderr
2023-12-08T20:21:20.698+0000 7f9e52bc9700 1 Processor -- start
2023-12-08T20:21:21.342 INFO:teuthology.orchestra.run.smithi043.stdout:/usr/bin/ceph: stderr
2023-12-08T20:21:20.699+0000 7f9e52bc9700 1 -- start start
2023-12-08T20:21:21.343 INFO:teuthology.orchestra.run.smithi043.stdout:/usr/bin/ceph: stderr
2023-12-08T20:21:20.699+0000 7f9e52bc9700 1 --2- >> [v2:172.21.15.43:3300/0,v1:172.21.15.43:6789/0] conn(0x7f9e4c1011c0 0x7f9e4c1015d0 unknown :-1 s=NONE pgs=0 cs=0 l=0 rev1=0 crypto rx=0 tx=0 comp rx=0 tx=0).connect
2023-12-08T20:21:21.343 INFO:teuthology.orchestra.run.smithi043.stdout:/usr/bin/ceph: stderr
2023-12-08T20:21:20.699+0000 7f9e52bc9700 1 -- --> [v2:172.21.15.43:3300/0,v1:172.21.15.43:6789/0] -- mon_getmap magic: 0 v1 -- 0x7f9e4c101b10 con 0x7f9e4c1011c0
2023-12-08T20:21:21.343 INFO:teuthology.orchestra.run.smithi043.stdout:/usr/bin/ceph: stderr
2023-12-08T20:21:20.699+0000 7f9e50965700 1 --2- >> [v2:172.21.15.43:3300/0,v1:172.21.15.43:6789/0] conn(0x7f9e4c1011c0 0x7f9e4c1015d0 unknown :-1 s=BANNER_CONNECTING pgs=0 cs=0 l=0 rev1=0 crypto rx=0 tx=0 comp rx=0 tx=0)._handle_peer_banner_payload supported=3 required=0
2023-12-08T20:21:21.343 INFO:teuthology.orchestra.run.smithi043.stdout:/usr/bin/ceph: stderr
2023-12-08T20:21:20.699+0000 7f9e50965700 1 --2- >> [v2:172.21.15.43:3300/0,v1:172.21.15.43:6789/0] conn(0x7f9e4c1011c0 0x7f9e4c1015d0 unknown :-1 s=HELLO_CONNECTING pgs=0 cs=0 l=0 rev1=1 crypto rx=0 tx=0 comp rx=0 tx=0).handle_hello peer v2:172.21.15.43:3300/0 says I am v2:172.21.15.43:48196/0 (socket says 172.21.15.43:48196)
2023-12-08T20:21:21.343 INFO:teuthology.orchestra.run.smithi043.stdout:/usr/bin/ceph: stderr
2023-12-08T20:21:20.699+0000 7f9e50965700 1 -- 172.21.15.43:0/1942852989 learned_addr learned my addr 172.21.15.43:0/1942852989 (peer_addr_for_me v2:172.21.15.43:0/0)
2023-12-08T20:21:21.343 INFO:teuthology.orchestra.run.smithi043.stdout:/usr/bin/ceph: stderr
2023-12-08T20:21:20.699+0000 7f9e50965700 1 -- 172.21.15.43:0/1942852989 --> [v2:172.21.15.43:3300/0,v1:172.21.15.43:6789/0] -- mon_subscribe({config=0+,monmap=0+}) v3 -- 0x7f9e4c101c50 con 0x7f9e4c1011c0
2023-12-08T20:21:21.343 INFO:teuthology.orchestra.run.smithi043.stdout:/usr/bin/ceph: stderr
2023-12-08T20:21:20.699+0000 7f9e50965700 1 --2- 172.21.15.43:0/1942852989 >> [v2:172.21.15.43:3300/0,v1:172.21.15.43:6789/0] conn(0x7f9e4c1011c0 0x7f9e4c1015d0 secure :-1 s=READY pgs=69 cs=0 l=1 rev1=1 crypto rx=0x7f9e400098e0 tx=0x7f9e40009250 comp rx=0 tx=0).ready entity=mon.0 client_cookie=502f5993e887f9a1 server_cookie=0 in_seq=0 out_seq=0
2023-12-08T20:21:21.343 INFO:teuthology.orchestra.run.smithi043.stdout:/usr/bin/ceph: stderr
2023-12-08T20:21:20.700+0000 7f9e4b7fe700 1 -- 172.21.15.43:0/1942852989 <== mon.0 v2:172.21.15.43:3300/0 1 ==== mon_map magic: 0 v1 ==== 229+0+0 (secure 0 0 0) 0x7f9e4000b860 con 0x7f9e4c1011c0
2023-12-08T20:21:21.343 INFO:teuthology.orchestra.run.smithi043.stdout:/usr/bin/ceph: stderr
2023-12-08T20:21:20.700+0000 7f9e4b7fe700 1 -- 172.21.15.43:0/1942852989 <== mon.0 v2:172.21.15.43:3300/0 2 ==== config(26 keys) v1 ==== 1074+0+0 (secure 0 0 0) 0x7f9e4000be70 con 0x7f9e4c1011c0
2023-12-08T20:21:21.343 INFO:teuthology.orchestra.run.smithi043.stdout:/usr/bin/ceph: stderr
2023-12-08T20:21:20.700+0000 7f9e4b7fe700 1 -- 172.21.15.43:0/1942852989 <== mon.0 v2:172.21.15.43:3300/0 3 ==== mon_map magic: 0 v1 ==== 229+0+0 (secure 0 0 0) 0x7f9e40010380 con 0x7f9e4c1011c0
2023-12-08T20:21:21.343 INFO:teuthology.orchestra.run.smithi043.stdout:/usr/bin/ceph: stderr
2023-12-08T20:21:20.700+0000 7f9e52bc9700 1 -- 172.21.15.43:0/1942852989 >> [v2:172.21.15.43:3300/0,v1:172.21.15.43:6789/0] conn(0x7f9e4c1011c0 msgr2=0x7f9e4c1015d0 secure :-1 s=STATE_CONNECTION_ESTABLISHED l=1).mark_down
2023-12-08T20:21:21.343 INFO:teuthology.orchestra.run.smithi043.stdout:/usr/bin/ceph: stderr
2023-12-08T20:21:20.700+0000 7f9e52bc9700 1 --2- 172.21.15.43:0/1942852989 >> [v2:172.21.15.43:3300/0,v1:172.21.15.43:6789/0] conn(0x7f9e4c1011c0 0x7f9e4c1015d0 secure :-1 s=READY pgs=69 cs=0 l=1 rev1=1 crypto rx=0x7f9e400098e0 tx=0x7f9e40009250 comp rx=0 tx=0).stop
2023-12-08T20:21:21.343 INFO:teuthology.orchestra.run.smithi043.stdout:/usr/bin/ceph: stderr
2023-12-08T20:21:20.701+0000 7f9e52bc9700 1 -- 172.21.15.43:0/1942852989 shutdown_connections
2023-12-08T20:21:21.343 INFO:teuthology.orchestra.run.smithi043.stdout:/usr/bin/ceph: stderr
2023-12-08T20:21:20.701+0000 7f9e52bc9700 1 --2- 172.21.15.43:0/1942852989 >> [v2:172.21.15.43:3300/0,v1:172.21.15.43:6789/0] conn(0x7f9e4c1011c0 0x7f9e4c1015d0 unknown :-1 s=CLOSED pgs=69 cs=0 l=1 rev1=1 crypto rx=0 tx=0 comp rx=0 tx=0).stop
2023-12-08T20:21:21.343 INFO:teuthology.orchestra.run.smithi043.stdout:/usr/bin/ceph: stderr
2023-12-08T20:21:20.701+0000 7f9e52bc9700 1 -- 172.21.15.43:0/1942852989 >> 172.21.15.43:0/1942852989 conn(0x7f9e4c0fc980 msgr2=0x7f9e4c0fed90 unknown :-1 s=STATE_NONE l=0).mark_down
2023-12-08T20:21:21.344 INFO:teuthology.orchestra.run.smithi043.stdout:/usr/bin/ceph: stderr
2023-12-08T20:21:20.701+0000 7f9e52bc9700 1 -- 172.21.15.43:0/1942852989 shutdown_connections
2023-12-08T20:21:21.344 INFO:teuthology.orchestra.run.smithi043.stdout:/usr/bin/ceph: stderr
2023-12-08T20:21:20.701+0000 7f9e52bc9700 1 -- 172.21.15.43:0/1942852989 wait complete.
2023-12-08T20:21:21.344 INFO:teuthology.orchestra.run.smithi043.stdout:/usr/bin/ceph: stderr
2023-12-08T20:21:20.701+0000 7f9e52bc9700 1 Processor -- start
2023-12-08T20:21:21.344 INFO:teuthology.orchestra.run.smithi043.stdout:/usr/bin/ceph: stderr
2023-12-08T20:21:20.701+0000 7f9e52bc9700 1 -- start start
2023-12-08T20:21:21.344 INFO:teuthology.orchestra.run.smithi043.stdout:/usr/bin/ceph: stderr
2023-12-08T20:21:20.702+0000 7f9e52bc9700 1 --2- >> [v2:172.21.15.43:3300/0,v1:172.21.15.43:6789/0] conn(0x7f9e4c1011c0 0x7f9e4c113ea0 unknown :-1 s=NONE pgs=0 cs=0 l=1 rev1=0 crypto rx=0 tx=0 comp rx=0 tx=0).connect
2023-12-08T20:21:21.344 INFO:teuthology.orchestra.run.smithi043.stdout:/usr/bin/ceph: stderr
2023-12-08T20:21:20.702+0000 7f9e52bc9700 1 -- --> [v2:172.21.15.43:3300/0,v1:172.21.15.43:6789/0] -- mon_getmap magic: 0 v1 -- 0x7f9e4c076bf0 con 0x7f9e4c1011c0
2023-12-08T20:21:21.344 INFO:teuthology.orchestra.run.smithi043.stdout:/usr/bin/ceph: stderr
2023-12-08T20:21:20.702+0000 7f9e50965700 1 --2- >> [v2:172.21.15.43:3300/0,v1:172.21.15.43:6789/0] conn(0x7f9e4c1011c0 0x7f9e4c113ea0 unknown :-1 s=BANNER_CONNECTING pgs=0 cs=0 l=1 rev1=0 crypto rx=0 tx=0 comp rx=0 tx=0)._handle_peer_banner_payload supported=3 required=0
2023-12-08T20:21:21.344 INFO:teuthology.orchestra.run.smithi043.stdout:/usr/bin/ceph: stderr
2023-12-08T20:21:20.702+0000 7f9e50965700 1 --2- >> [v2:172.21.15.43:3300/0,v1:172.21.15.43:6789/0] conn(0x7f9e4c1011c0 0x7f9e4c113ea0 unknown :-1 s=HELLO_CONNECTING pgs=0 cs=0 l=1 rev1=1 crypto rx=0 tx=0 comp rx=0 tx=0).handle_hello peer v2:172.21.15.43:3300/0 says I am v2:172.21.15.43:48208/0 (socket says 172.21.15.43:48208)
2023-12-08T20:21:21.344 INFO:teuthology.orchestra.run.smithi043.stdout:/usr/bin/ceph: stderr
2023-12-08T20:21:20.702+0000 7f9e50965700 1 -- 172.21.15.43:0/1690211344 learned_addr learned my addr 172.21.15.43:0/1690211344 (peer_addr_for_me v2:172.21.15.43:0/0)
2023-12-08T20:21:21.344 INFO:teuthology.orchestra.run.smithi043.stdout:/usr/bin/ceph: stderr
2023-12-08T20:21:20.702+0000 7f9e50965700 1 -- 172.21.15.43:0/1690211344 --> [v2:172.21.15.43:3300/0,v1:172.21.15.43:6789/0] -- mon_subscribe({config=0+,monmap=0+}) v3 -- 0x7f9e400094f0 con 0x7f9e4c1011c0
2023-12-08T20:21:21.344 INFO:teuthology.orchestra.run.smithi043.stdout:/usr/bin/ceph: stderr
2023-12-08T20:21:20.703+0000 7f9e50965700 1 --2- 172.21.15.43:0/1690211344 >> [v2:172.21.15.43:3300/0,v1:172.21.15.43:6789/0] conn(0x7f9e4c1011c0 0x7f9e4c113ea0 secure :-1 s=READY pgs=70 cs=0 l=1 rev1=1 crypto rx=0x7f9e40011b60 tx=0x7f9e40009250 comp rx=0 tx=0).ready entity=mon.0 client_cookie=0 server_cookie=0 in_seq=0 out_seq=0
2023-12-08T20:21:21.344 INFO:teuthology.orchestra.run.smithi043.stdout:/usr/bin/ceph: stderr
2023-12-08T20:21:20.703+0000 7f9e497fa700 1 -- 172.21.15.43:0/1690211344 <== mon.0 v2:172.21.15.43:3300/0 1 ==== mon_map magic: 0 v1 ==== 229+0+0 (secure 0 0 0) 0x7f9e40010850 con 0x7f9e4c1011c0
2023-12-08T20:21:21.344 INFO:teuthology.orchestra.run.smithi043.stdout:/usr/bin/ceph: stderr
2023-12-08T20:21:20.703+0000 7f9e497fa700 1 -- 172.21.15.43:0/1690211344 <== mon.0 v2:172.21.15.43:3300/0 2 ==== config(26 keys) v1 ==== 1074+0+0 (secure 0 0 0) 0x7f9e40010e60 con 0x7f9e4c1011c0
2023-12-08T20:21:21.344 INFO:teuthology.orchestra.run.smithi043.stdout:/usr/bin/ceph: stderr
2023-12-08T20:21:20.703+0000 7f9e52bc9700 1 -- 172.21.15.43:0/1690211344 --> [v2:172.21.15.43:3300/0,v1:172.21.15.43:6789/0] -- mon_subscribe({mgrmap=0+}) v3 -- 0x7f9e4c076df0 con 0x7f9e4c1011c0
2023-12-08T20:21:21.344 INFO:teuthology.orchestra.run.smithi043.stdout:/usr/bin/ceph: stderr
2023-12-08T20:21:20.703+0000 7f9e497fa700 1 -- 172.21.15.43:0/1690211344 <== mon.0 v2:172.21.15.43:3300/0 3 ==== mon_map magic: 0 v1 ==== 229+0+0 (secure 0 0 0) 0x7f9e4001ae20 con 0x7f9e4c1011c0
2023-12-08T20:21:21.344 INFO:teuthology.orchestra.run.smithi043.stdout:/usr/bin/ceph: stderr
2023-12-08T20:21:20.703+0000 7f9e52bc9700 1 -- 172.21.15.43:0/1690211344 --> [v2:172.21.15.43:3300/0,v1:172.21.15.43:6789/0] -- mon_subscribe({osdmap=0}) v3 -- 0x7f9e4c1145a0 con 0x7f9e4c1011c0
2023-12-08T20:21:21.345 INFO:teuthology.orchestra.run.smithi043.stdout:/usr/bin/ceph: stderr
2023-12-08T20:21:20.704+0000 7f9e497fa700 1 -- 172.21.15.43:0/1690211344 <== mon.0 v2:172.21.15.43:3300/0 4 ==== mgrmap(e 9) v1 ==== 43294+0+0 (secure 0 0 0) 0x7f9e4002d3f0 con 0x7f9e4c1011c0
2023-12-08T20:21:21.345 INFO:teuthology.orchestra.run.smithi043.stdout:/usr/bin/ceph: stderr
2023-12-08T20:21:20.704+0000 7f9e497fa700 1 --2- 172.21.15.43:0/1690211344 >> [v2:172.21.15.43:6800/1561199606,v1:172.21.15.43:6801/1561199606] conn(0x7f9e3c036690 0x7f9e3c038b40 unknown :-1 s=NONE pgs=0 cs=0 l=1 rev1=0 crypto rx=0 tx=0 comp rx=0 tx=0).connect
2023-12-08T20:21:21.345 INFO:teuthology.orchestra.run.smithi043.stdout:/usr/bin/ceph: stderr
2023-12-08T20:21:20.704+0000 7f9e497fa700 1 -- 172.21.15.43:0/1690211344 <== mon.0 v2:172.21.15.43:3300/0 5 ==== osd_map(2..2 src has 1..2) v4 ==== 936+0+0 (secure 0 0 0) 0x7f9e4004a210 con 0x7f9e4c1011c0
2023-12-08T20:21:21.345 INFO:teuthology.orchestra.run.smithi043.stdout:/usr/bin/ceph: stderr
2023-12-08T20:21:20.704+0000 7f9e4bfff700 1 -- 172.21.15.43:0/1690211344 >> [v2:172.21.15.43:6800/1561199606,v1:172.21.15.43:6801/1561199606] conn(0x7f9e3c036690 msgr2=0x7f9e3c038b40 unknown :-1 s=STATE_CONNECTING_RE l=1).process reconnect failed to v2:172.21.15.43:6800/1561199606
2023-12-08T20:21:21.345 INFO:teuthology.orchestra.run.smithi043.stdout:/usr/bin/ceph: stderr
2023-12-08T20:21:20.704+0000 7f9e4bfff700 1 --2- 172.21.15.43:0/1690211344 >> [v2:172.21.15.43:6800/1561199606,v1:172.21.15.43:6801/1561199606] conn(0x7f9e3c036690 0x7f9e3c038b40 unknown :-1 s=START_CONNECT pgs=0 cs=0 l=1 rev1=0 crypto rx=0 tx=0 comp rx=0 tx=0)._fault waiting 0.200000
2023-12-08T20:21:21.345 INFO:teuthology.orchestra.run.smithi043.stdout:/usr/bin/ceph: stderr
2023-12-08T20:21:20.704+0000 7f9e52bc9700 1 -- 172.21.15.43:0/1690211344 --> [v2:172.21.15.43:3300/0,v1:172.21.15.43:6789/0] -- mon_command({"prefix": "get_command_descriptions"} v 0) v1 -- 0x7f9e4c10a080 con 0x7f9e4c1011c0
2023-12-08T20:21:21.345 INFO:teuthology.orchestra.run.smithi043.stdout:/usr/bin/ceph: stderr
2023-12-08T20:21:20.709+0000 7f9e497fa700 1 -- 172.21.15.43:0/1690211344 <== mon.0 v2:172.21.15.43:3300/0 6 ==== mon_command_ack([{"prefix": "get_command_descriptions"}]=0 v0) v1 ==== 72+0+174570 (secure 0 0 0) 0x7f9e4002b8e0 con 0x7f9e4c1011c0
2023-12-08T20:21:21.345 INFO:teuthology.orchestra.run.smithi043.stdout:/usr/bin/ceph: stderr
2023-12-08T20:21:20.905+0000 7f9e4bfff700 1 -- 172.21.15.43:0/1690211344 >> [v2:172.21.15.43:6800/1561199606,v1:172.21.15.43:6801/1561199606] conn(0x7f9e3c036690 msgr2=0x7f9e3c038b40 unknown :-1 s=STATE_CONNECTING_RE l=1).process reconnect failed to v2:172.21.15.43:6800/1561199606
2023-12-08T20:21:21.345 INFO:teuthology.orchestra.run.smithi043.stdout:/usr/bin/ceph: stderr
2023-12-08T20:21:20.905+0000 7f9e4bfff700 1 --2- 172.21.15.43:0/1690211344 >> [v2:172.21.15.43:6800/1561199606,v1:172.21.15.43:6801/1561199606] conn(0x7f9e3c036690 0x7f9e3c038b40 unknown :-1 s=START_CONNECT pgs=0 cs=0 l=1 rev1=0 crypto rx=0 tx=0 comp rx=0 tx=0)._fault waiting 0.400000
2023-12-08T20:21:21.345 INFO:teuthology.orchestra.run.smithi043.stdout:/usr/bin/ceph: stderr
2023-12-08T20:21:20.984+0000 7f9e52bc9700 1 -- 172.21.15.43:0/1690211344 --> [v2:172.21.15.43:3300/0,v1:172.21.15.43:6789/0] -- mon_command({"prefix": "mgr stat"} v 0) v1 -- 0x7f9e4c109aa0 con 0x7f9e4c1011c0
2023-12-08T20:21:21.345 INFO:teuthology.orchestra.run.smithi043.stdout:/usr/bin/ceph: stderr
2023-12-08T20:21:20.984+0000 7f9e497fa700 1 -- 172.21.15.43:0/1690211344 <== mon.0 v2:172.21.15.43:3300/0 7 ==== mon_command_ack([{"prefix": "mgr stat"}]=0 v9) v1 ==== 56+0+103 (secure 0 0 0) 0x7f9e4002b2f0 con 0x7f9e4c1011c0
2023-12-08T20:21:21.345 INFO:teuthology.orchestra.run.smithi043.stdout:/usr/bin/ceph: stderr
2023-12-08T20:21:20.987+0000 7f9e52bc9700 1 -- 172.21.15.43:0/1690211344 >> [v2:172.21.15.43:6800/1561199606,v1:172.21.15.43:6801/1561199606] conn(0x7f9e3c036690 msgr2=0x7f9e3c038b40 unknown :-1 s=STATE_CONNECTING l=1).mark_down
2023-12-08T20:21:21.345 INFO:teuthology.orchestra.run.smithi043.stdout:/usr/bin/ceph: stderr
2023-12-08T20:21:20.987+0000 7f9e52bc9700 1 --2- 172.21.15.43:0/1690211344 >> [v2:172.21.15.43:6800/1561199606,v1:172.21.15.43:6801/1561199606] conn(0x7f9e3c036690 0x7f9e3c038b40 unknown :-1 s=START_CONNECT pgs=0 cs=0 l=1 rev1=0 crypto rx=0 tx=0 comp rx=0 tx=0).stop
2023-12-08T20:21:21.345 INFO:teuthology.orchestra.run.smithi043.stdout:/usr/bin/ceph: stderr
2023-12-08T20:21:20.987+0000 7f9e52bc9700 1 -- 172.21.15.43:0/1690211344 >> [v2:172.21.15.43:3300/0,v1:172.21.15.43:6789/0] conn(0x7f9e4c1011c0 msgr2=0x7f9e4c113ea0 secure :-1 s=STATE_CONNECTION_ESTABLISHED l=1).mark_down
2023-12-08T20:21:21.345 INFO:teuthology.orchestra.run.smithi043.stdout:/usr/bin/ceph: stderr
2023-12-08T20:21:20.987+0000 7f9e52bc9700 1 --2- 172.21.15.43:0/1690211344 >> [v2:172.21.15.43:3300/0,v1:172.21.15.43:6789/0] conn(0x7f9e4c1011c0 0x7f9e4c113ea0 secure :-1 s=READY pgs=70 cs=0 l=1 rev1=1 crypto rx=0x7f9e40011b60 tx=0x7f9e40009250 comp rx=0 tx=0).stop
2023-12-08T20:21:21.346 INFO:teuthology.orchestra.run.smithi043.stdout:/usr/bin/ceph: stderr
2023-12-08T20:21:20.987+0000 7f9e52bc9700 1 -- 172.21.15.43:0/1690211344 shutdown_connections
2023-12-08T20:21:21.346 INFO:teuthology.orchestra.run.smithi043.stdout:/usr/bin/ceph: stderr
2023-12-08T20:21:20.987+0000 7f9e52bc9700 1 --2- 172.21.15.43:0/1690211344 >> [v2:172.21.15.43:6800/1561199606,v1:172.21.15.43:6801/1561199606] conn(0x7f9e3c036690 0x7f9e3c038b40 unknown :-1 s=CLOSED pgs=0 cs=0 l=1 rev1=0 crypto rx=0 tx=0 comp rx=0 tx=0).stop
2023-12-08T20:21:21.346 INFO:teuthology.orchestra.run.smithi043.stdout:/usr/bin/ceph: stderr
2023-12-08T20:21:20.987+0000 7f9e52bc9700 1 --2- 172.21.15.43:0/1690211344 >> [v2:172.21.15.43:3300/0,v1:172.21.15.43:6789/0] conn(0x7f9e4c1011c0 0x7f9e4c113ea0 unknown :-1 s=CLOSED pgs=70 cs=0 l=1 rev1=1 crypto rx=0 tx=0 comp rx=0 tx=0).stop
2023-12-08T20:21:21.346 INFO:teuthology.orchestra.run.smithi043.stdout:/usr/bin/ceph: stderr
2023-12-08T20:21:20.987+0000 7f9e52bc9700 1 -- 172.21.15.43:0/1690211344 >> 172.21.15.43:0/1690211344 conn(0x7f9e4c0fc980 msgr2=0x7f9e4c0fe1a0 unknown :-1 s=STATE_NONE l=0).mark_down
2023-12-08T20:21:21.346 INFO:teuthology.orchestra.run.smithi043.stdout:/usr/bin/ceph: stderr
2023-12-08T20:21:20.987+0000 7f9e52bc9700 1 -- 172.21.15.43:0/1690211344 shutdown_connections
2023-12-08T20:21:21.346 INFO:teuthology.orchestra.run.smithi043.stdout:/usr/bin/ceph: stderr
2023-12-08T20:21:20.987+0000 7f9e52bc9700 1 -- 172.21.15.43:0/1690211344 wait complete.
2023-12-08T20:21:21.346 INFO:teuthology.orchestra.run.smithi043.stdout:Waiting for the mgr to restart...
2023-12-08T20:21:21.346 INFO:teuthology.orchestra.run.smithi043.stdout:Waiting for mgr epoch 9...
2023-12-08T20:21:22.262 INFO:journalctl@ceph.mon.smithi043.smithi043.stdout:Dec 08 20:21:21 smithi043 ceph-mon[111966]: from='client.? 172.21.15.43:0/1690211344' entity='client.admin' cmd=[{"prefix": "mgr stat"}]: dispatch
2023-12-08T20:21:27.456 INFO:journalctl@ceph.mon.smithi043.smithi043.stdout:Dec 08 20:21:27 smithi043 ceph-mon[111966]: Active manager daemon smithi043.hqcdcm restarted
2023-12-08T20:21:27.456 INFO:journalctl@ceph.mon.smithi043.smithi043.stdout:Dec 08 20:21:27 smithi043 ceph-mon[111966]: Activating manager daemon smithi043.hqcdcm
2023-12-08T20:21:27.456 INFO:journalctl@ceph.mon.smithi043.smithi043.stdout:Dec 08 20:21:27 smithi043 ceph-mon[111966]: osdmap e3: 0 total, 0 up, 0 in
2023-12-08T20:21:27.456 INFO:journalctl@ceph.mon.smithi043.smithi043.stdout:Dec 08 20:21:27 smithi043 ceph-mon[111966]: mgrmap e10: smithi043.hqcdcm(active, starting, since 0.00350662s)
2023-12-08T20:21:27.456 INFO:journalctl@ceph.mon.smithi043.smithi043.stdout:Dec 08 20:21:27 smithi043 ceph-mon[111966]: from='mgr.14162 172.21.15.43:0/1405481132' entity='mgr.smithi043.hqcdcm' cmd=[{"prefix": "mon metadata", "id": "smithi043"}]: dispatch
2023-12-08T20:21:27.457 INFO:journalctl@ceph.mon.smithi043.smithi043.stdout:Dec 08 20:21:27 smithi043 ceph-mon[111966]: from='mgr.14162 172.21.15.43:0/1405481132' entity='mgr.smithi043.hqcdcm' cmd=[{"prefix": "mgr metadata", "who": "smithi043.hqcdcm", "id": "smithi043.hqcdcm"}]: dispatch
2023-12-08T20:21:27.457 INFO:journalctl@ceph.mon.smithi043.smithi043.stdout:Dec 08 20:21:27 smithi043 ceph-mon[111966]: from='mgr.14162 172.21.15.43:0/1405481132' entity='mgr.smithi043.hqcdcm' cmd=[{"prefix": "mds metadata"}]: dispatch
2023-12-08T20:21:27.457 INFO:journalctl@ceph.mon.smithi043.smithi043.stdout:Dec 08 20:21:27 smithi043 ceph-mon[111966]: from='mgr.14162 172.21.15.43:0/1405481132' entity='mgr.smithi043.hqcdcm' cmd=[{"prefix": "osd metadata"}]: dispatch
2023-12-08T20:21:27.457 INFO:journalctl@ceph.mon.smithi043.smithi043.stdout:Dec 08 20:21:27 smithi043 ceph-mon[111966]: from='mgr.14162 172.21.15.43:0/1405481132' entity='mgr.smithi043.hqcdcm' cmd=[{"prefix": "mon metadata"}]: dispatch
2023-12-08T20:21:27.457 INFO:journalctl@ceph.mon.smithi043.smithi043.stdout:Dec 08 20:21:27 smithi043 ceph-mon[111966]: Manager daemon smithi043.hqcdcm is now available
2023-12-08T20:21:27.457 INFO:journalctl@ceph.mon.smithi043.smithi043.stdout:Dec 08 20:21:27 smithi043 ceph-mon[111966]: from='mgr.14162 172.21.15.43:0/1405481132' entity='mgr.smithi043.hqcdcm' cmd=[{"prefix": "config dump", "format": "json"}]: dispatch
2023-12-08T20:21:28.512 INFO:journalctl@ceph.mon.smithi043.smithi043.stdout:Dec 08 20:21:28 smithi043 ceph-mon[111966]: from='mgr.14162 172.21.15.43:0/1405481132' entity='mgr.smithi043.hqcdcm' cmd=[{"prefix": "config dump", "format": "json"}]: dispatch
2023-12-08T20:21:28.512 INFO:journalctl@ceph.mon.smithi043.smithi043.stdout:Dec 08 20:21:28 smithi043 ceph-mon[111966]: from='mgr.14162 172.21.15.43:0/1405481132' entity='mgr.smithi043.hqcdcm' cmd=[{"prefix":"config rm","who":"mgr","name":"mgr/rbd_support/smithi043.hqcdcm/mirror_snapshot_schedule"}]: dispatch
2023-12-08T20:21:28.512 INFO:journalctl@ceph.mon.smithi043.smithi043.stdout:Dec 08 20:21:28 smithi043 ceph-mon[111966]: from='mgr.14162 172.21.15.43:0/1405481132' entity='mgr.smithi043.hqcdcm' cmd=[{"prefix":"config rm","who":"mgr","name":"mgr/rbd_support/smithi043.hqcdcm/trash_purge_schedule"}]: dispatch
2023-12-08T20:21:28.512 INFO:journalctl@ceph.mon.smithi043.smithi043.stdout:Dec 08 20:21:28 smithi043 ceph-mon[111966]: from='mgr.14162 172.21.15.43:0/1405481132' entity='mgr.smithi043.hqcdcm'
2023-12-08T20:21:28.512 INFO:journalctl@ceph.mon.smithi043.smithi043.stdout:Dec 08 20:21:28 smithi043 ceph-mon[111966]: mgrmap e11: smithi043.hqcdcm(active, since 1.00645s)
2023-12-08T20:21:29.510 INFO:teuthology.orchestra.run.smithi043.stdout:/usr/bin/ceph: stdout {
2023-12-08T20:21:29.511 INFO:teuthology.orchestra.run.smithi043.stdout:/usr/bin/ceph: stdout "mgrmap_epoch": 11,
2023-12-08T20:21:29.511 INFO:teuthology.orchestra.run.smithi043.stdout:/usr/bin/ceph: stdout "initialized": true
2023-12-08T20:21:29.511 INFO:teuthology.orchestra.run.smithi043.stdout:/usr/bin/ceph: stdout }
2023-12-08T20:21:29.511 INFO:teuthology.orchestra.run.smithi043.stdout:/usr/bin/ceph: stderr
2023-12-08T20:21:21.780+0000 7f7224fe3700 1 Processor -- start
2023-12-08T20:21:29.511 INFO:teuthology.orchestra.run.smithi043.stdout:/usr/bin/ceph: stderr
2023-12-08T20:21:21.780+0000 7f7224fe3700 1 -- start start
2023-12-08T20:21:29.511 INFO:teuthology.orchestra.run.smithi043.stdout:/usr/bin/ceph: stderr
2023-12-08T20:21:21.780+0000 7f7224fe3700 1 --2- >> [v2:172.21.15.43:3300/0,v1:172.21.15.43:6789/0] conn(0x7f7220102900 0x7f7220102d10 unknown :-1 s=NONE pgs=0 cs=0 l=0 rev1=0 crypto rx=0 tx=0 comp rx=0 tx=0).connect
2023-12-08T20:21:29.511 INFO:teuthology.orchestra.run.smithi043.stdout:/usr/bin/ceph: stderr
2023-12-08T20:21:21.781+0000 7f7224fe3700 1 -- --> [v2:172.21.15.43:3300/0,v1:172.21.15.43:6789/0] -- mon_getmap magic: 0 v1 -- 0x7f7220103250 con 0x7f7220102900
2023-12-08T20:21:29.511 INFO:teuthology.orchestra.run.smithi043.stdout:/usr/bin/ceph: stderr
2023-12-08T20:21:21.781+0000 7f721e59c700 1 --2- >> [v2:172.21.15.43:3300/0,v1:172.21.15.43:6789/0] conn(0x7f7220102900 0x7f7220102d10 unknown :-1 s=BANNER_CONNECTING pgs=0 cs=0 l=0 rev1=0 crypto rx=0 tx=0 comp rx=0 tx=0)._handle_peer_banner_payload supported=3 required=0
2023-12-08T20:21:29.511 INFO:teuthology.orchestra.run.smithi043.stdout:/usr/bin/ceph: stderr
2023-12-08T20:21:21.781+0000 7f721e59c700 1 --2- >> [v2:172.21.15.43:3300/0,v1:172.21.15.43:6789/0] conn(0x7f7220102900 0x7f7220102d10 unknown :-1 s=HELLO_CONNECTING pgs=0 cs=0 l=0 rev1=1 crypto rx=0 tx=0 comp rx=0 tx=0).handle_hello peer v2:172.21.15.43:3300/0 says I am v2:172.21.15.43:48224/0 (socket says 172.21.15.43:48224)
2023-12-08T20:21:29.511 INFO:teuthology.orchestra.run.smithi043.stdout:/usr/bin/ceph: stderr
2023-12-08T20:21:21.781+0000 7f721e59c700 1 -- 172.21.15.43:0/2530921758 learned_addr learned my addr 172.21.15.43:0/2530921758 (peer_addr_for_me v2:172.21.15.43:0/0)
2023-12-08T20:21:29.511 INFO:teuthology.orchestra.run.smithi043.stdout:/usr/bin/ceph: stderr
2023-12-08T20:21:21.781+0000 7f721e59c700 1 -- 172.21.15.43:0/2530921758 --> [v2:172.21.15.43:3300/0,v1:172.21.15.43:6789/0] -- mon_subscribe({config=0+,monmap=0+}) v3 -- 0x7f7220103390 con 0x7f7220102900
2023-12-08T20:21:29.517 INFO:teuthology.orchestra.run.smithi043.stdout:/usr/bin/ceph: stderr
2023-12-08T20:21:21.781+0000 7f721e59c700 1 --2- 172.21.15.43:0/2530921758 >> [v2:172.21.15.43:3300/0,v1:172.21.15.43:6789/0] conn(0x7f7220102900 0x7f7220102d10 secure :-1 s=READY pgs=71 cs=0 l=1 rev1=1 crypto rx=0x7f72100098e0 tx=0x7f7210009250 comp rx=0 tx=0).ready entity=mon.0 client_cookie=520fd57052cd9ecb server_cookie=0 in_seq=0 out_seq=0
2023-12-08T20:21:29.518 INFO:teuthology.orchestra.run.smithi043.stdout:/usr/bin/ceph: stderr
2023-12-08T20:21:21.781+0000 7f721d59a700 1 -- 172.21.15.43:0/2530921758 <== mon.0 v2:172.21.15.43:3300/0 1 ==== mon_map magic: 0 v1 ==== 229+0+0 (secure 0 0 0) 0x7f721000b860 con 0x7f7220102900
2023-12-08T20:21:29.518 INFO:teuthology.orchestra.run.smithi043.stdout:/usr/bin/ceph: stderr
2023-12-08T20:21:21.781+0000 7f721d59a700 1 -- 172.21.15.43:0/2530921758 <== mon.0 v2:172.21.15.43:3300/0 2 ==== config(26 keys) v1 ==== 1074+0+0 (secure 0 0 0) 0x7f721000be70 con 0x7f7220102900
2023-12-08T20:21:29.518 INFO:teuthology.orchestra.run.smithi043.stdout:/usr/bin/ceph: stderr
2023-12-08T20:21:21.781+0000 7f721d59a700 1 -- 172.21.15.43:0/2530921758 <== mon.0 v2:172.21.15.43:3300/0 3 ==== mon_map magic: 0 v1 ==== 229+0+0 (secure 0 0 0) 0x7f7210010380 con 0x7f7220102900
2023-12-08T20:21:29.518 INFO:teuthology.orchestra.run.smithi043.stdout:/usr/bin/ceph: stderr
2023-12-08T20:21:21.782+0000 7f7224fe3700 1 -- 172.21.15.43:0/2530921758 >> [v2:172.21.15.43:3300/0,v1:172.21.15.43:6789/0] conn(0x7f7220102900 msgr2=0x7f7220102d10 secure :-1 s=STATE_CONNECTION_ESTABLISHED l=1).mark_down
2023-12-08T20:21:29.518 INFO:teuthology.orchestra.run.smithi043.stdout:/usr/bin/ceph: stderr
2023-12-08T20:21:21.782+0000 7f7224fe3700 1 --2- 172.21.15.43:0/2530921758 >> [v2:172.21.15.43:3300/0,v1:172.21.15.43:6789/0] conn(0x7f7220102900 0x7f7220102d10 secure :-1 s=READY pgs=71 cs=0 l=1 rev1=1 crypto rx=0x7f72100098e0 tx=0x7f7210009250 comp rx=0 tx=0).stop
2023-12-08T20:21:29.518 INFO:teuthology.orchestra.run.smithi043.stdout:/usr/bin/ceph: stderr
2023-12-08T20:21:21.782+0000 7f7224fe3700 1 -- 172.21.15.43:0/2530921758 shutdown_connections
2023-12-08T20:21:29.518 INFO:teuthology.orchestra.run.smithi043.stdout:/usr/bin/ceph: stderr
2023-12-08T20:21:21.782+0000 7f7224fe3700 1 --2- 172.21.15.43:0/2530921758 >> [v2:172.21.15.43:3300/0,v1:172.21.15.43:6789/0] conn(0x7f7220102900 0x7f7220102d10 unknown :-1 s=CLOSED pgs=71 cs=0 l=1 rev1=1 crypto rx=0 tx=0 comp rx=0 tx=0).stop
2023-12-08T20:21:29.518 INFO:teuthology.orchestra.run.smithi043.stdout:/usr/bin/ceph: stderr
2023-12-08T20:21:21.782+0000 7f7224fe3700 1 -- 172.21.15.43:0/2530921758 >> 172.21.15.43:0/2530921758 conn(0x7f72200fc0b0 msgr2=0x7f72200fe4e0 unknown :-1 s=STATE_NONE l=0).mark_down
2023-12-08T20:21:29.518 INFO:teuthology.orchestra.run.smithi043.stdout:/usr/bin/ceph: stderr
2023-12-08T20:21:21.782+0000 7f7224fe3700 1 -- 172.21.15.43:0/2530921758 shutdown_connections
2023-12-08T20:21:29.518 INFO:teuthology.orchestra.run.smithi043.stdout:/usr/bin/ceph: stderr
2023-12-08T20:21:21.782+0000 7f7224fe3700 1 -- 172.21.15.43:0/2530921758 wait complete.
2023-12-08T20:21:29.518 INFO:teuthology.orchestra.run.smithi043.stdout:/usr/bin/ceph: stderr
2023-12-08T20:21:21.783+0000 7f7224fe3700 1 Processor -- start
2023-12-08T20:21:29.518 INFO:teuthology.orchestra.run.smithi043.stdout:/usr/bin/ceph: stderr
2023-12-08T20:21:21.783+0000 7f7224fe3700 1 -- start start
2023-12-08T20:21:29.518 INFO:teuthology.orchestra.run.smithi043.stdout:/usr/bin/ceph: stderr
2023-12-08T20:21:21.783+0000 7f7224fe3700 1 --2- >> [v2:172.21.15.43:3300/0,v1:172.21.15.43:6789/0] conn(0x7f7220102900 0x7f72201133b0 unknown :-1 s=NONE pgs=0 cs=0 l=1 rev1=0 crypto rx=0 tx=0 comp rx=0 tx=0).connect
2023-12-08T20:21:29.518 INFO:teuthology.orchestra.run.smithi043.stdout:/usr/bin/ceph: stderr
2023-12-08T20:21:21.783+0000 7f7224fe3700 1 -- --> [v2:172.21.15.43:3300/0,v1:172.21.15.43:6789/0] -- mon_getmap magic: 0 v1 -- 0x7f72201138f0 con 0x7f7220102900
2023-12-08T20:21:29.518 INFO:teuthology.orchestra.run.smithi043.stdout:/usr/bin/ceph: stderr
2023-12-08T20:21:21.783+0000 7f721e59c700 1 --2- >> [v2:172.21.15.43:3300/0,v1:172.21.15.43:6789/0] conn(0x7f7220102900 0x7f72201133b0 unknown :-1 s=BANNER_CONNECTING pgs=0 cs=0 l=1 rev1=0 crypto rx=0 tx=0 comp rx=0 tx=0)._handle_peer_banner_payload supported=3 required=0
2023-12-08T20:21:29.519 INFO:teuthology.orchestra.run.smithi043.stdout:/usr/bin/ceph: stderr
2023-12-08T20:21:21.783+0000 7f721e59c700 1 --2- >> [v2:172.21.15.43:3300/0,v1:172.21.15.43:6789/0] conn(0x7f7220102900 0x7f72201133b0 unknown :-1 s=HELLO_CONNECTING pgs=0 cs=0 l=1 rev1=1 crypto rx=0 tx=0 comp rx=0 tx=0).handle_hello peer v2:172.21.15.43:3300/0 says I am v2:172.21.15.43:48236/0 (socket says 172.21.15.43:48236)
2023-12-08T20:21:29.519 INFO:teuthology.orchestra.run.smithi043.stdout:/usr/bin/ceph: stderr
2023-12-08T20:21:21.783+0000 7f721e59c700 1 -- 172.21.15.43:0/150173720 learned_addr learned my addr 172.21.15.43:0/150173720 (peer_addr_for_me v2:172.21.15.43:0/0)
2023-12-08T20:21:29.519 INFO:teuthology.orchestra.run.smithi043.stdout:/usr/bin/ceph: stderr
2023-12-08T20:21:21.784+0000 7f721e59c700 1 -- 172.21.15.43:0/150173720 --> [v2:172.21.15.43:3300/0,v1:172.21.15.43:6789/0] -- mon_subscribe({config=0+,monmap=0+}) v3 -- 0x7f72100094f0 con 0x7f7220102900
2023-12-08T20:21:29.519 INFO:teuthology.orchestra.run.smithi043.stdout:/usr/bin/ceph: stderr
2023-12-08T20:21:21.784+0000 7f721e59c700 1 --2- 172.21.15.43:0/150173720 >> [v2:172.21.15.43:3300/0,v1:172.21.15.43:6789/0] conn(0x7f7220102900 0x7f72201133b0 secure :-1 s=READY pgs=72 cs=0 l=1 rev1=1 crypto rx=0x7f7210011b60 tx=0x7f7210009250 comp rx=0 tx=0).ready entity=mon.0 client_cookie=0 server_cookie=0 in_seq=0 out_seq=0
2023-12-08T20:21:29.519 INFO:teuthology.orchestra.run.smithi043.stdout:/usr/bin/ceph: stderr
2023-12-08T20:21:21.784+0000 7f720effd700 1 -- 172.21.15.43:0/150173720 <== mon.0 v2:172.21.15.43:3300/0 1 ==== mon_map magic: 0 v1 ==== 229+0+0 (secure 0 0 0) 0x7f7210010850 con 0x7f7220102900
2023-12-08T20:21:29.519 INFO:teuthology.orchestra.run.smithi043.stdout:/usr/bin/ceph: stderr
2023-12-08T20:21:21.784+0000 7f720effd700 1 -- 172.21.15.43:0/150173720 <== mon.0 v2:172.21.15.43:3300/0 2 ==== config(26 keys) v1 ==== 1074+0+0 (secure 0 0 0) 0x7f7210010e60 con 0x7f7220102900
2023-12-08T20:21:29.519 INFO:teuthology.orchestra.run.smithi043.stdout:/usr/bin/ceph: stderr
2023-12-08T20:21:21.784+0000 7f7224fe3700 1 -- 172.21.15.43:0/150173720 --> [v2:172.21.15.43:3300/0,v1:172.21.15.43:6789/0] -- mon_subscribe({mgrmap=0+}) v3 -- 0x7f7220113af0 con 0x7f7220102900
2023-12-08T20:21:29.519 INFO:teuthology.orchestra.run.smithi043.stdout:/usr/bin/ceph: stderr
2023-12-08T20:21:21.784+0000 7f720effd700 1 -- 172.21.15.43:0/150173720 <== mon.0 v2:172.21.15.43:3300/0 3 ==== mon_map magic: 0 v1 ==== 229+0+0 (secure 0 0 0) 0x7f721001ae20 con 0x7f7220102900
2023-12-08T20:21:29.519 INFO:teuthology.orchestra.run.smithi043.stdout:/usr/bin/ceph: stderr
2023-12-08T20:21:21.784+0000 7f7224fe3700 1 -- 172.21.15.43:0/150173720 --> [v2:172.21.15.43:3300/0,v1:172.21.15.43:6789/0] -- mon_subscribe({osdmap=0}) v3 -- 0x7f7220113f00 con 0x7f7220102900
2023-12-08T20:21:29.519 INFO:teuthology.orchestra.run.smithi043.stdout:/usr/bin/ceph: stderr
2023-12-08T20:21:21.785+0000 7f720effd700 1 -- 172.21.15.43:0/150173720 <== mon.0 v2:172.21.15.43:3300/0 4 ==== mgrmap(e 9) v1 ==== 43294+0+0 (secure 0 0 0) 0x7f721002d3f0 con 0x7f7220102900
2023-12-08T20:21:29.519 INFO:teuthology.orchestra.run.smithi043.stdout:/usr/bin/ceph: stderr
2023-12-08T20:21:21.785+0000 7f720effd700 1 --2- 172.21.15.43:0/150173720 >> [v2:172.21.15.43:6800/1561199606,v1:172.21.15.43:6801/1561199606] conn(0x7f7208036690 0x7f7208038b40 unknown :-1 s=NONE pgs=0 cs=0 l=1 rev1=0 crypto rx=0 tx=0 comp rx=0 tx=0).connect
2023-12-08T20:21:29.519 INFO:teuthology.orchestra.run.smithi043.stdout:/usr/bin/ceph: stderr
2023-12-08T20:21:21.785+0000 7f720effd700 1 -- 172.21.15.43:0/150173720 --> [v2:172.21.15.43:6800/1561199606,v1:172.21.15.43:6801/1561199606] -- command(tid 0: {"prefix": "get_command_descriptions"}) v1 -- 0x7f7208039250 con 0x7f7208036690
2023-12-08T20:21:29.519 INFO:teuthology.orchestra.run.smithi043.stdout:/usr/bin/ceph: stderr
2023-12-08T20:21:21.785+0000 7f720effd700 1 -- 172.21.15.43:0/150173720 <== mon.0 v2:172.21.15.43:3300/0 5 ==== osd_map(2..2 src has 1..2) v4 ==== 936+0+0 (secure 0 0 0) 0x7f721004a250 con 0x7f7220102900
2023-12-08T20:21:29.519 INFO:teuthology.orchestra.run.smithi043.stdout:/usr/bin/ceph: stderr
2023-12-08T20:21:21.785+0000 7f721dd9b700 1 -- 172.21.15.43:0/150173720 >> [v2:172.21.15.43:6800/1561199606,v1:172.21.15.43:6801/1561199606] conn(0x7f7208036690 msgr2=0x7f7208038b40 unknown :-1 s=STATE_CONNECTING_RE l=1).process reconnect failed to v2:172.21.15.43:6800/1561199606
2023-12-08T20:21:29.519 INFO:teuthology.orchestra.run.smithi043.stdout:/usr/bin/ceph: stderr
2023-12-08T20:21:21.785+0000 7f721dd9b700 1 --2- 172.21.15.43:0/150173720 >> [v2:172.21.15.43:6800/1561199606,v1:172.21.15.43:6801/1561199606] conn(0x7f7208036690 0x7f7208038b40 unknown :-1 s=START_CONNECT pgs=0 cs=0 l=1 rev1=0 crypto rx=0 tx=0 comp rx=0 tx=0)._fault waiting 0.200000
2023-12-08T20:21:29.520 INFO:teuthology.orchestra.run.smithi043.stdout:/usr/bin/ceph: stderr
2023-12-08T20:21:21.986+0000 7f721dd9b700 1 -- 172.21.15.43:0/150173720 >> [v2:172.21.15.43:6800/1561199606,v1:172.21.15.43:6801/1561199606] conn(0x7f7208036690 msgr2=0x7f7208038b40 unknown :-1 s=STATE_CONNECTING_RE l=1).process reconnect failed to v2:172.21.15.43:6800/1561199606
2023-12-08T20:21:29.520 INFO:teuthology.orchestra.run.smithi043.stdout:/usr/bin/ceph: stderr
2023-12-08T20:21:21.986+0000 7f721dd9b700 1 --2- 172.21.15.43:0/150173720 >> [v2:172.21.15.43:6800/1561199606,v1:172.21.15.43:6801/1561199606] conn(0x7f7208036690 0x7f7208038b40 unknown :-1 s=START_CONNECT pgs=0 cs=0 l=1 rev1=0 crypto rx=0 tx=0 comp rx=0 tx=0)._fault waiting 0.400000
2023-12-08T20:21:29.520 INFO:teuthology.orchestra.run.smithi043.stdout:/usr/bin/ceph: stderr
2023-12-08T20:21:22.387+0000 7f721dd9b700 1 -- 172.21.15.43:0/150173720 >> [v2:172.21.15.43:6800/1561199606,v1:172.21.15.43:6801/1561199606] conn(0x7f7208036690 msgr2=0x7f7208038b40 unknown :-1 s=STATE_CONNECTING_RE l=1).process reconnect failed to v2:172.21.15.43:6800/1561199606
2023-12-08T20:21:29.520 INFO:teuthology.orchestra.run.smithi043.stdout:/usr/bin/ceph: stderr
2023-12-08T20:21:22.387+0000 7f721dd9b700 1 --2- 172.21.15.43:0/150173720 >> [v2:172.21.15.43:6800/1561199606,v1:172.21.15.43:6801/1561199606] conn(0x7f7208036690 0x7f7208038b40 unknown :-1 s=START_CONNECT pgs=0 cs=0 l=1 rev1=0 crypto rx=0 tx=0 comp rx=0 tx=0)._fault waiting 0.800000
2023-12-08T20:21:29.520 INFO:teuthology.orchestra.run.smithi043.stdout:/usr/bin/ceph: stderr
2023-12-08T20:21:23.188+0000 7f721dd9b700 1 -- 172.21.15.43:0/150173720 >> [v2:172.21.15.43:6800/1561199606,v1:172.21.15.43:6801/1561199606] conn(0x7f7208036690 msgr2=0x7f7208038b40 unknown :-1 s=STATE_CONNECTING_RE l=1).process reconnect failed to v2:172.21.15.43:6800/1561199606
2023-12-08T20:21:29.520 INFO:teuthology.orchestra.run.smithi043.stdout:/usr/bin/ceph: stderr
2023-12-08T20:21:23.188+0000 7f721dd9b700 1 --2- 172.21.15.43:0/150173720 >> [v2:172.21.15.43:6800/1561199606,v1:172.21.15.43:6801/1561199606] conn(0x7f7208036690 0x7f7208038b40 unknown :-1 s=START_CONNECT pgs=0 cs=0 l=1 rev1=0 crypto rx=0 tx=0 comp rx=0 tx=0)._fault waiting 1.600000
2023-12-08T20:21:29.520 INFO:teuthology.orchestra.run.smithi043.stdout:/usr/bin/ceph: stderr
2023-12-08T20:21:24.789+0000 7f721dd9b700 1 -- 172.21.15.43:0/150173720 >> [v2:172.21.15.43:6800/1561199606,v1:172.21.15.43:6801/1561199606] conn(0x7f7208036690 msgr2=0x7f7208038b40 unknown :-1 s=STATE_CONNECTING_RE l=1).process reconnect failed to v2:172.21.15.43:6800/1561199606
2023-12-08T20:21:29.520 INFO:teuthology.orchestra.run.smithi043.stdout:/usr/bin/ceph: stderr
2023-12-08T20:21:24.789+0000 7f721dd9b700 1 --2- 172.21.15.43:0/150173720 >> [v2:172.21.15.43:6800/1561199606,v1:172.21.15.43:6801/1561199606] conn(0x7f7208036690 0x7f7208038b40 unknown :-1 s=START_CONNECT pgs=0 cs=0 l=1 rev1=0 crypto rx=0 tx=0 comp rx=0 tx=0)._fault waiting 3.200000
2023-12-08T20:21:29.520 INFO:teuthology.orchestra.run.smithi043.stdout:/usr/bin/ceph: stderr
2023-12-08T20:21:27.335+0000 7f720effd700 1 -- 172.21.15.43:0/150173720 <== mon.0 v2:172.21.15.43:3300/0 6 ==== mgrmap(e 10) v1 ==== 43061+0+0 (secure 0 0 0) 0x7f721002d740 con 0x7f7220102900
2023-12-08T20:21:29.520 INFO:teuthology.orchestra.run.smithi043.stdout:/usr/bin/ceph: stderr
2023-12-08T20:21:27.335+0000 7f720effd700 1 -- 172.21.15.43:0/150173720 >> [v2:172.21.15.43:6800/1561199606,v1:172.21.15.43:6801/1561199606] conn(0x7f7208036690 msgr2=0x7f7208038b40 unknown :-1 s=STATE_CONNECTING l=1).mark_down
2023-12-08T20:21:29.520 INFO:teuthology.orchestra.run.smithi043.stdout:/usr/bin/ceph: stderr
2023-12-08T20:21:27.335+0000 7f720effd700 1 --2- 172.21.15.43:0/150173720 >> [v2:172.21.15.43:6800/1561199606,v1:172.21.15.43:6801/1561199606] conn(0x7f7208036690 0x7f7208038b40 unknown :-1 s=START_CONNECT pgs=0 cs=0 l=1 rev1=0 crypto rx=0 tx=0 comp rx=0 tx=0).stop
2023-12-08T20:21:29.520 INFO:teuthology.orchestra.run.smithi043.stdout:/usr/bin/ceph: stderr
2023-12-08T20:21:28.337+0000 7f720effd700 1 -- 172.21.15.43:0/150173720 <== mon.0 v2:172.21.15.43:3300/0 7 ==== mgrmap(e 11) v1 ==== 43188+0+0 (secure 0 0 0) 0x7f721004b910 con 0x7f7220102900
2023-12-08T20:21:29.520 INFO:teuthology.orchestra.run.smithi043.stdout:/usr/bin/ceph: stderr
2023-12-08T20:21:28.337+0000 7f720effd700 1 --2- 172.21.15.43:0/150173720 >> [v2:172.21.15.43:6800/2315465125,v1:172.21.15.43:6801/2315465125] conn(0x7f7208039fb0 0x7f720803c390 unknown :-1 s=NONE pgs=0 cs=0 l=1 rev1=0 crypto rx=0 tx=0 comp rx=0 tx=0).connect
2023-12-08T20:21:29.520 INFO:teuthology.orchestra.run.smithi043.stdout:/usr/bin/ceph: stderr
2023-12-08T20:21:28.337+0000 7f720effd700 1 -- 172.21.15.43:0/150173720 --> [v2:172.21.15.43:6800/2315465125,v1:172.21.15.43:6801/2315465125] -- command(tid 0: {"prefix": "get_command_descriptions"}) v1 -- 0x7f7208039250 con 0x7f7208039fb0
2023-12-08T20:21:29.520 INFO:teuthology.orchestra.run.smithi043.stdout:/usr/bin/ceph: stderr
2023-12-08T20:21:28.337+0000 7f721dd9b700 1 --2- 172.21.15.43:0/150173720 >> [v2:172.21.15.43:6800/2315465125,v1:172.21.15.43:6801/2315465125] conn(0x7f7208039fb0 0x7f720803c390 unknown :-1 s=BANNER_CONNECTING pgs=0 cs=0 l=1 rev1=0 crypto rx=0 tx=0 comp rx=0 tx=0)._handle_peer_banner_payload supported=3 required=0
2023-12-08T20:21:29.521 INFO:teuthology.orchestra.run.smithi043.stdout:/usr/bin/ceph: stderr
2023-12-08T20:21:28.338+0000 7f721dd9b700 1 --2- 172.21.15.43:0/150173720 >> [v2:172.21.15.43:6800/2315465125,v1:172.21.15.43:6801/2315465125] conn(0x7f7208039fb0 0x7f720803c390 secure :-1 s=READY pgs=1 cs=0 l=1 rev1=1 crypto rx=0x7f72140039d0 tx=0x7f7214009350 comp rx=0 tx=0).ready entity=mgr.14162 client_cookie=0 server_cookie=0 in_seq=0 out_seq=0
2023-12-08T20:21:29.521 INFO:teuthology.orchestra.run.smithi043.stdout:/usr/bin/ceph: stderr
2023-12-08T20:21:28.339+0000 7f720effd700 1 -- 172.21.15.43:0/150173720 <== mgr.14162 v2:172.21.15.43:6800/2315465125 1 ==== command_reply(tid 0: 0 ) v1 ==== 8+0+6549 (secure 0 0 0) 0x7f7208039250 con 0x7f7208039fb0
2023-12-08T20:21:29.521 INFO:teuthology.orchestra.run.smithi043.stdout:/usr/bin/ceph: stderr
2023-12-08T20:21:28.345+0000 7f7224fe3700 1 -- 172.21.15.43:0/150173720 --> [v2:172.21.15.43:6800/2315465125,v1:172.21.15.43:6801/2315465125] -- command(tid 1: {"prefix": "mgr_status"}) v1 -- 0x7f722004bb80 con 0x7f7208039fb0
2023-12-08T20:21:29.521 INFO:teuthology.orchestra.run.smithi043.stdout:/usr/bin/ceph: stderr
2023-12-08T20:21:28.346+0000 7f720effd700 1 -- 172.21.15.43:0/150173720 <== mgr.14162 v2:172.21.15.43:6800/2315465125 2 ==== command_reply(tid 1: 0 ) v1 ==== 8+0+52 (secure 0 0 0) 0x7f722004bb80 con 0x7f7208039fb0
2023-12-08T20:21:29.521 INFO:teuthology.orchestra.run.smithi043.stdout:/usr/bin/ceph: stderr
2023-12-08T20:21:28.346+0000 7f7224fe3700 1 -- 172.21.15.43:0/150173720 >> [v2:172.21.15.43:6800/2315465125,v1:172.21.15.43:6801/2315465125] conn(0x7f7208039fb0 msgr2=0x7f720803c390 secure :-1 s=STATE_CONNECTION_ESTABLISHED l=1).mark_down
2023-12-08T20:21:29.521 INFO:teuthology.orchestra.run.smithi043.stdout:/usr/bin/ceph: stderr
2023-12-08T20:21:28.346+0000 7f7224fe3700 1 --2- 172.21.15.43:0/150173720 >> [v2:172.21.15.43:6800/2315465125,v1:172.21.15.43:6801/2315465125] conn(0x7f7208039fb0 0x7f720803c390 secure :-1 s=READY pgs=1 cs=0 l=1 rev1=1 crypto rx=0x7f72140039d0 tx=0x7f7214009350 comp rx=0 tx=0).stop
2023-12-08T20:21:29.521 INFO:teuthology.orchestra.run.smithi043.stdout:/usr/bin/ceph: stderr
2023-12-08T20:21:28.346+0000 7f7224fe3700 1 -- 172.21.15.43:0/150173720 >> [v2:172.21.15.43:3300/0,v1:172.21.15.43:6789/0] conn(0x7f7220102900 msgr2=0x7f72201133b0 secure :-1 s=STATE_CONNECTION_ESTABLISHED l=1).mark_down
2023-12-08T20:21:29.521 INFO:teuthology.orchestra.run.smithi043.stdout:/usr/bin/ceph: stderr
