2023-12-08T20:46:11.112+0000 7fabaee73700 1 --2- 172.21.15.37:0/1192114655 >> [v2:172.21.15.37:6800/3091297783,v1:172.21.15.37:6801/3091297783] conn(0x7fab98036640 0x7fab98038af0 unknown :-1 s=CLOSED pgs=12 cs=0 l=1 rev1=1 crypto rx=0 tx=0 comp rx=0 tx=0).stop
2023-12-08T20:46:11.532 INFO:teuthology.orchestra.run.smithi037.stdout:/usr/bin/ceph: stderr
2023-12-08T20:46:11.112+0000 7fabaee73700 1 --2- 172.21.15.37:0/1192114655 >> [v2:172.21.15.37:3300/0,v1:172.21.15.37:6789/0] conn(0x7faba81006f0 0x7faba8103250 unknown :-1 s=CLOSED pgs=48 cs=0 l=1 rev1=1 crypto rx=0 tx=0 comp rx=0 tx=0).stop
2023-12-08T20:46:11.532 INFO:teuthology.orchestra.run.smithi037.stdout:/usr/bin/ceph: stderr
2023-12-08T20:46:11.112+0000 7fabaee73700 1 -- 172.21.15.37:0/1192114655 >> 172.21.15.37:0/1192114655 conn(0x7faba80fc0b0 msgr2=0x7faba80fe490 unknown :-1 s=STATE_NONE l=0).mark_down
2023-12-08T20:46:11.532 INFO:teuthology.orchestra.run.smithi037.stdout:/usr/bin/ceph: stderr
2023-12-08T20:46:11.112+0000 7fabaee73700 1 -- 172.21.15.37:0/1192114655 shutdown_connections
2023-12-08T20:46:11.532 INFO:teuthology.orchestra.run.smithi037.stdout:/usr/bin/ceph: stderr
2023-12-08T20:46:11.112+0000 7fabaee73700 1 -- 172.21.15.37:0/1192114655 wait complete.
2023-12-08T20:46:11.532 INFO:teuthology.orchestra.run.smithi037.stdout:Deploying mgr service with default placement...
2023-12-08T20:46:12.367 INFO:journalctl@ceph.mon.smithi037.smithi037.stdout:Dec 08 20:46:12 smithi037 ceph-mon[111933]: from='client.14142 -' entity='client.admin' cmd=[{"prefix": "orch apply", "service_type": "mon", "target": ["mon-mgr", ""]}]: dispatch
2023-12-08T20:46:12.368 INFO:journalctl@ceph.mon.smithi037.smithi037.stdout:Dec 08 20:46:12 smithi037 ceph-mon[111933]: Saving service mon spec with placement count:5
2023-12-08T20:46:12.368 INFO:journalctl@ceph.mon.smithi037.smithi037.stdout:Dec 08 20:46:12 smithi037 ceph-mon[111933]: from='mgr.14120 172.21.15.37:0/1046860393' entity='mgr.smithi037.egfijl'
2023-12-08T20:46:12.520 INFO:teuthology.orchestra.run.smithi037.stdout:/usr/bin/ceph: stdout Scheduled mgr update...
2023-12-08T20:46:12.520 INFO:teuthology.orchestra.run.smithi037.stdout:/usr/bin/ceph: stderr
2023-12-08T20:46:11.924+0000 7f14fb4b8700 1 Processor -- start
2023-12-08T20:46:12.520 INFO:teuthology.orchestra.run.smithi037.stdout:/usr/bin/ceph: stderr
2023-12-08T20:46:11.925+0000 7f14fb4b8700 1 -- start start
2023-12-08T20:46:12.520 INFO:teuthology.orchestra.run.smithi037.stdout:/usr/bin/ceph: stderr
2023-12-08T20:46:11.925+0000 7f14fb4b8700 1 --2- >> [v2:172.21.15.37:3300/0,v1:172.21.15.37:6789/0] conn(0x7f14f4076be0 0x7f14f4107310 unknown :-1 s=NONE pgs=0 cs=0 l=0 rev1=0 crypto rx=0 tx=0 comp rx=0 tx=0).connect
2023-12-08T20:46:12.520 INFO:teuthology.orchestra.run.smithi037.stdout:/usr/bin/ceph: stderr
2023-12-08T20:46:11.925+0000 7f14fb4b8700 1 -- --> [v2:172.21.15.37:3300/0,v1:172.21.15.37:6789/0] -- mon_getmap magic: 0 v1 -- 0x7f14f4102d00 con 0x7f14f4076be0
2023-12-08T20:46:12.521 INFO:teuthology.orchestra.run.smithi037.stdout:/usr/bin/ceph: stderr
2023-12-08T20:46:11.925+0000 7f14f9254700 1 --2- >> [v2:172.21.15.37:3300/0,v1:172.21.15.37:6789/0] conn(0x7f14f4076be0 0x7f14f4107310 unknown :-1 s=BANNER_CONNECTING pgs=0 cs=0 l=0 rev1=0 crypto rx=0 tx=0 comp rx=0 tx=0)._handle_peer_banner_payload supported=3 required=0
2023-12-08T20:46:12.521 INFO:teuthology.orchestra.run.smithi037.stdout:/usr/bin/ceph: stderr
2023-12-08T20:46:11.925+0000 7f14f9254700 1 --2- >> [v2:172.21.15.37:3300/0,v1:172.21.15.37:6789/0] conn(0x7f14f4076be0 0x7f14f4107310 unknown :-1 s=HELLO_CONNECTING pgs=0 cs=0 l=0 rev1=1 crypto rx=0 tx=0 comp rx=0 tx=0).handle_hello peer v2:172.21.15.37:3300/0 says I am v2:172.21.15.37:54996/0 (socket says 172.21.15.37:54996)
2023-12-08T20:46:12.521 INFO:teuthology.orchestra.run.smithi037.stdout:/usr/bin/ceph: stderr
2023-12-08T20:46:11.925+0000 7f14f9254700 1 -- 172.21.15.37:0/619113983 learned_addr learned my addr 172.21.15.37:0/619113983 (peer_addr_for_me v2:172.21.15.37:0/0)
2023-12-08T20:46:12.521 INFO:teuthology.orchestra.run.smithi037.stdout:/usr/bin/ceph: stderr
2023-12-08T20:46:11.925+0000 7f14f9254700 1 -- 172.21.15.37:0/619113983 --> [v2:172.21.15.37:3300/0,v1:172.21.15.37:6789/0] -- mon_subscribe({config=0+,monmap=0+}) v3 -- 0x7f14f4107850 con 0x7f14f4076be0
2023-12-08T20:46:12.521 INFO:teuthology.orchestra.run.smithi037.stdout:/usr/bin/ceph: stderr
2023-12-08T20:46:11.926+0000 7f14f9254700 1 --2- 172.21.15.37:0/619113983 >> [v2:172.21.15.37:3300/0,v1:172.21.15.37:6789/0] conn(0x7f14f4076be0 0x7f14f4107310 secure :-1 s=READY pgs=49 cs=0 l=1 rev1=1 crypto rx=0x7f14e4009e50 tx=0x7f14e4009840 comp rx=0 tx=0).ready entity=mon.0 client_cookie=7a82ca15d7397245 server_cookie=0 in_seq=0 out_seq=0
2023-12-08T20:46:12.521 INFO:teuthology.orchestra.run.smithi037.stdout:/usr/bin/ceph: stderr
2023-12-08T20:46:11.926+0000 7f14f3fff700 1 -- 172.21.15.37:0/619113983 <== mon.0 v2:172.21.15.37:3300/0 1 ==== mon_map magic: 0 v1 ==== 229+0+0 (secure 0 0 0) 0x7f14e40092e0 con 0x7f14f4076be0
2023-12-08T20:46:12.521 INFO:teuthology.orchestra.run.smithi037.stdout:/usr/bin/ceph: stderr
2023-12-08T20:46:11.926+0000 7f14f3fff700 1 -- 172.21.15.37:0/619113983 <== mon.0 v2:172.21.15.37:3300/0 2 ==== config(26 keys) v1 ==== 1009+0+0 (secure 0 0 0) 0x7f14e400be90 con 0x7f14f4076be0
2023-12-08T20:46:12.521 INFO:teuthology.orchestra.run.smithi037.stdout:/usr/bin/ceph: stderr
2023-12-08T20:46:11.926+0000 7f14f3fff700 1 -- 172.21.15.37:0/619113983 <== mon.0 v2:172.21.15.37:3300/0 3 ==== mon_map magic: 0 v1 ==== 229+0+0 (secure 0 0 0) 0x7f14e4007400 con 0x7f14f4076be0
2023-12-08T20:46:12.521 INFO:teuthology.orchestra.run.smithi037.stdout:/usr/bin/ceph: stderr
2023-12-08T20:46:11.927+0000 7f14fb4b8700 1 -- 172.21.15.37:0/619113983 >> [v2:172.21.15.37:3300/0,v1:172.21.15.37:6789/0] conn(0x7f14f4076be0 msgr2=0x7f14f4107310 secure :-1 s=STATE_CONNECTION_ESTABLISHED l=1).mark_down
2023-12-08T20:46:12.521 INFO:teuthology.orchestra.run.smithi037.stdout:/usr/bin/ceph: stderr
2023-12-08T20:46:11.927+0000 7f14fb4b8700 1 --2- 172.21.15.37:0/619113983 >> [v2:172.21.15.37:3300/0,v1:172.21.15.37:6789/0] conn(0x7f14f4076be0 0x7f14f4107310 secure :-1 s=READY pgs=49 cs=0 l=1 rev1=1 crypto rx=0x7f14e4009e50 tx=0x7f14e4009840 comp rx=0 tx=0).stop
2023-12-08T20:46:12.521 INFO:teuthology.orchestra.run.smithi037.stdout:/usr/bin/ceph: stderr
2023-12-08T20:46:11.927+0000 7f14fb4b8700 1 -- 172.21.15.37:0/619113983 shutdown_connections
2023-12-08T20:46:12.521 INFO:teuthology.orchestra.run.smithi037.stdout:/usr/bin/ceph: stderr
2023-12-08T20:46:11.927+0000 7f14fb4b8700 1 --2- 172.21.15.37:0/619113983 >> [v2:172.21.15.37:3300/0,v1:172.21.15.37:6789/0] conn(0x7f14f4076be0 0x7f14f4107310 unknown :-1 s=CLOSED pgs=49 cs=0 l=1 rev1=1 crypto rx=0 tx=0 comp rx=0 tx=0).stop
2023-12-08T20:46:12.521 INFO:teuthology.orchestra.run.smithi037.stdout:/usr/bin/ceph: stderr
2023-12-08T20:46:11.927+0000 7f14fb4b8700 1 -- 172.21.15.37:0/619113983 >> 172.21.15.37:0/619113983 conn(0x7f14f40fc980 msgr2=0x7f14f40fed90 unknown :-1 s=STATE_NONE l=0).mark_down
2023-12-08T20:46:12.521 INFO:teuthology.orchestra.run.smithi037.stdout:/usr/bin/ceph: stderr
2023-12-08T20:46:11.927+0000 7f14fb4b8700 1 -- 172.21.15.37:0/619113983 shutdown_connections
2023-12-08T20:46:12.522 INFO:teuthology.orchestra.run.smithi037.stdout:/usr/bin/ceph: stderr
2023-12-08T20:46:11.927+0000 7f14fb4b8700 1 -- 172.21.15.37:0/619113983 wait complete.
2023-12-08T20:46:12.522 INFO:teuthology.orchestra.run.smithi037.stdout:/usr/bin/ceph: stderr
2023-12-08T20:46:11.927+0000 7f14fb4b8700 1 Processor -- start
2023-12-08T20:46:12.522 INFO:teuthology.orchestra.run.smithi037.stdout:/usr/bin/ceph: stderr
2023-12-08T20:46:11.927+0000 7f14fb4b8700 1 -- start start
2023-12-08T20:46:12.522 INFO:teuthology.orchestra.run.smithi037.stdout:/usr/bin/ceph: stderr
2023-12-08T20:46:11.928+0000 7f14fb4b8700 1 --2- >> [v2:172.21.15.37:3300/0,v1:172.21.15.37:6789/0] conn(0x7f14f4076be0 0x7f14f41133a0 unknown :-1 s=NONE pgs=0 cs=0 l=1 rev1=0 crypto rx=0 tx=0 comp rx=0 tx=0).connect
2023-12-08T20:46:12.522 INFO:teuthology.orchestra.run.smithi037.stdout:/usr/bin/ceph: stderr
2023-12-08T20:46:11.928+0000 7f14fb4b8700 1 -- --> [v2:172.21.15.37:3300/0,v1:172.21.15.37:6789/0] -- mon_getmap magic: 0 v1 -- 0x7f14f41138e0 con 0x7f14f4076be0
2023-12-08T20:46:12.522 INFO:teuthology.orchestra.run.smithi037.stdout:/usr/bin/ceph: stderr
2023-12-08T20:46:11.928+0000 7f14f9254700 1 --2- >> [v2:172.21.15.37:3300/0,v1:172.21.15.37:6789/0] conn(0x7f14f4076be0 0x7f14f41133a0 unknown :-1 s=BANNER_CONNECTING pgs=0 cs=0 l=1 rev1=0 crypto rx=0 tx=0 comp rx=0 tx=0)._handle_peer_banner_payload supported=3 required=0
2023-12-08T20:46:12.522 INFO:teuthology.orchestra.run.smithi037.stdout:/usr/bin/ceph: stderr
2023-12-08T20:46:11.928+0000 7f14f9254700 1 --2- >> [v2:172.21.15.37:3300/0,v1:172.21.15.37:6789/0] conn(0x7f14f4076be0 0x7f14f41133a0 unknown :-1 s=HELLO_CONNECTING pgs=0 cs=0 l=1 rev1=1 crypto rx=0 tx=0 comp rx=0 tx=0).handle_hello peer v2:172.21.15.37:3300/0 says I am v2:172.21.15.37:55000/0 (socket says 172.21.15.37:55000)
2023-12-08T20:46:12.522 INFO:teuthology.orchestra.run.smithi037.stdout:/usr/bin/ceph: stderr
2023-12-08T20:46:11.928+0000 7f14f9254700 1 -- 172.21.15.37:0/645577026 learned_addr learned my addr 172.21.15.37:0/645577026 (peer_addr_for_me v2:172.21.15.37:0/0)
2023-12-08T20:46:12.522 INFO:teuthology.orchestra.run.smithi037.stdout:/usr/bin/ceph: stderr
2023-12-08T20:46:11.928+0000 7f14f9254700 1 -- 172.21.15.37:0/645577026 --> [v2:172.21.15.37:3300/0,v1:172.21.15.37:6789/0] -- mon_subscribe({config=0+,monmap=0+}) v3 -- 0x7f14e4009ae0 con 0x7f14f4076be0
2023-12-08T20:46:12.522 INFO:teuthology.orchestra.run.smithi037.stdout:/usr/bin/ceph: stderr
2023-12-08T20:46:11.928+0000 7f14f9254700 1 --2- 172.21.15.37:0/645577026 >> [v2:172.21.15.37:3300/0,v1:172.21.15.37:6789/0] conn(0x7f14f4076be0 0x7f14f41133a0 secure :-1 s=READY pgs=50 cs=0 l=1 rev1=1 crypto rx=0x7f14e4009fd0 tx=0x7f14e4009840 comp rx=0 tx=0).ready entity=mon.0 client_cookie=0 server_cookie=0 in_seq=0 out_seq=0
2023-12-08T20:46:12.522 INFO:teuthology.orchestra.run.smithi037.stdout:/usr/bin/ceph: stderr
2023-12-08T20:46:11.928+0000 7f14f1ffb700 1 -- 172.21.15.37:0/645577026 <== mon.0 v2:172.21.15.37:3300/0 1 ==== mon_map magic: 0 v1 ==== 229+0+0 (secure 0 0 0) 0x7f14e4007670 con 0x7f14f4076be0
2023-12-08T20:46:12.522 INFO:teuthology.orchestra.run.smithi037.stdout:/usr/bin/ceph: stderr
2023-12-08T20:46:11.929+0000 7f14f1ffb700 1 -- 172.21.15.37:0/645577026 <== mon.0 v2:172.21.15.37:3300/0 2 ==== config(26 keys) v1 ==== 1009+0+0 (secure 0 0 0) 0x7f14e4007c40 con 0x7f14f4076be0
2023-12-08T20:46:12.522 INFO:teuthology.orchestra.run.smithi037.stdout:/usr/bin/ceph: stderr
2023-12-08T20:46:11.929+0000 7f14fb4b8700 1 -- 172.21.15.37:0/645577026 --> [v2:172.21.15.37:3300/0,v1:172.21.15.37:6789/0] -- mon_subscribe({mgrmap=0+}) v3 -- 0x7f14f4113ae0 con 0x7f14f4076be0
2023-12-08T20:46:12.522 INFO:teuthology.orchestra.run.smithi037.stdout:/usr/bin/ceph: stderr
2023-12-08T20:46:11.929+0000 7f14f1ffb700 1 -- 172.21.15.37:0/645577026 <== mon.0 v2:172.21.15.37:3300/0 3 ==== mon_map magic: 0 v1 ==== 229+0+0 (secure 0 0 0) 0x7f14e401cb60 con 0x7f14f4076be0
2023-12-08T20:46:12.522 INFO:teuthology.orchestra.run.smithi037.stdout:/usr/bin/ceph: stderr
2023-12-08T20:46:11.929+0000 7f14fb4b8700 1 -- 172.21.15.37:0/645577026 --> [v2:172.21.15.37:3300/0,v1:172.21.15.37:6789/0] -- mon_subscribe({osdmap=0}) v3 -- 0x7f14f4114780 con 0x7f14f4076be0
2023-12-08T20:46:12.523 INFO:teuthology.orchestra.run.smithi037.stdout:/usr/bin/ceph: stderr
2023-12-08T20:46:11.930+0000 7f14f1ffb700 1 -- 172.21.15.37:0/645577026 <== mon.0 v2:172.21.15.37:3300/0 4 ==== mgrmap(e 8) v1 ==== 43281+0+0 (secure 0 0 0) 0x7f14e4019070 con 0x7f14f4076be0
2023-12-08T20:46:12.523 INFO:teuthology.orchestra.run.smithi037.stdout:/usr/bin/ceph: stderr
2023-12-08T20:46:11.930+0000 7f14fb4b8700 1 -- 172.21.15.37:0/645577026 --> [v2:172.21.15.37:3300/0,v1:172.21.15.37:6789/0] -- mon_command({"prefix": "get_command_descriptions"} v 0) v1 -- 0x7f14f405f270 con 0x7f14f4076be0
2023-12-08T20:46:12.523 INFO:teuthology.orchestra.run.smithi037.stdout:/usr/bin/ceph: stderr
2023-12-08T20:46:11.930+0000 7f14f1ffb700 1 --2- 172.21.15.37:0/645577026 >> [v2:172.21.15.37:6800/3091297783,v1:172.21.15.37:6801/3091297783] conn(0x7f14dc0365f0 0x7f14dc038aa0 unknown :-1 s=NONE pgs=0 cs=0 l=1 rev1=0 crypto rx=0 tx=0 comp rx=0 tx=0).connect
2023-12-08T20:46:12.523 INFO:teuthology.orchestra.run.smithi037.stdout:/usr/bin/ceph: stderr
2023-12-08T20:46:11.930+0000 7f14f1ffb700 1 -- 172.21.15.37:0/645577026 <== mon.0 v2:172.21.15.37:3300/0 5 ==== osd_map(2..2 src has 1..2) v4 ==== 936+0+0 (secure 0 0 0) 0x7f14e4049f00 con 0x7f14f4076be0
2023-12-08T20:46:12.523 INFO:teuthology.orchestra.run.smithi037.stdout:/usr/bin/ceph: stderr
2023-12-08T20:46:11.930+0000 7f14f8a53700 1 --2- 172.21.15.37:0/645577026 >> [v2:172.21.15.37:6800/3091297783,v1:172.21.15.37:6801/3091297783] conn(0x7f14dc0365f0 0x7f14dc038aa0 unknown :-1 s=BANNER_CONNECTING pgs=0 cs=0 l=1 rev1=0 crypto rx=0 tx=0 comp rx=0 tx=0)._handle_peer_banner_payload supported=3 required=0
2023-12-08T20:46:12.523 INFO:teuthology.orchestra.run.smithi037.stdout:/usr/bin/ceph: stderr
2023-12-08T20:46:11.931+0000 7f14f8a53700 1 --2- 172.21.15.37:0/645577026 >> [v2:172.21.15.37:6800/3091297783,v1:172.21.15.37:6801/3091297783] conn(0x7f14dc0365f0 0x7f14dc038aa0 secure :-1 s=READY pgs=13 cs=0 l=1 rev1=1 crypto rx=0x7f14e8009990 tx=0x7f14e8006e40 comp rx=0 tx=0).ready entity=mgr.14120 client_cookie=0 server_cookie=0 in_seq=0 out_seq=0
2023-12-08T20:46:12.523 INFO:teuthology.orchestra.run.smithi037.stdout:/usr/bin/ceph: stderr
2023-12-08T20:46:11.935+0000 7f14f1ffb700 1 -- 172.21.15.37:0/645577026 <== mon.0 v2:172.21.15.37:3300/0 6 ==== mon_command_ack([{"prefix": "get_command_descriptions"}]=0 v0) v1 ==== 72+0+174570 (secure 0 0 0) 0x7f14e4019910 con 0x7f14f4076be0
2023-12-08T20:46:12.523 INFO:teuthology.orchestra.run.smithi037.stdout:/usr/bin/ceph: stderr
2023-12-08T20:46:12.152+0000 7f14fb4b8700 1 -- 172.21.15.37:0/645577026 --> [v2:172.21.15.37:6800/3091297783,v1:172.21.15.37:6801/3091297783] -- mgr_command(tid 0: {"prefix": "orch apply", "service_type": "mgr", "target": ["mon-mgr", ""]}) v1 -- 0x7f14f41152a0 con 0x7f14dc0365f0
2023-12-08T20:46:12.523 INFO:teuthology.orchestra.run.smithi037.stdout:/usr/bin/ceph: stderr
2023-12-08T20:46:12.156+0000 7f14f1ffb700 1 -- 172.21.15.37:0/645577026 <== mgr.14120 v2:172.21.15.37:6800/3091297783 1 ==== mgr_command_reply(tid 0: 0 ) v1 ==== 8+0+24 (secure 0 0 0) 0x7f14f41152a0 con 0x7f14dc0365f0
2023-12-08T20:46:12.523 INFO:teuthology.orchestra.run.smithi037.stdout:/usr/bin/ceph: stderr
2023-12-08T20:46:12.159+0000 7f14fb4b8700 1 -- 172.21.15.37:0/645577026 >> [v2:172.21.15.37:6800/3091297783,v1:172.21.15.37:6801/3091297783] conn(0x7f14dc0365f0 msgr2=0x7f14dc038aa0 secure :-1 s=STATE_CONNECTION_ESTABLISHED l=1).mark_down
2023-12-08T20:46:12.523 INFO:teuthology.orchestra.run.smithi037.stdout:/usr/bin/ceph: stderr
2023-12-08T20:46:12.159+0000 7f14fb4b8700 1 --2- 172.21.15.37:0/645577026 >> [v2:172.21.15.37:6800/3091297783,v1:172.21.15.37:6801/3091297783] conn(0x7f14dc0365f0 0x7f14dc038aa0 secure :-1 s=READY pgs=13 cs=0 l=1 rev1=1 crypto rx=0x7f14e8009990 tx=0x7f14e8006e40 comp rx=0 tx=0).stop
2023-12-08T20:46:12.523 INFO:teuthology.orchestra.run.smithi037.stdout:/usr/bin/ceph: stderr
2023-12-08T20:46:12.159+0000 7f14fb4b8700 1 -- 172.21.15.37:0/645577026 >> [v2:172.21.15.37:3300/0,v1:172.21.15.37:6789/0] conn(0x7f14f4076be0 msgr2=0x7f14f41133a0 secure :-1 s=STATE_CONNECTION_ESTABLISHED l=1).mark_down
2023-12-08T20:46:12.523 INFO:teuthology.orchestra.run.smithi037.stdout:/usr/bin/ceph: stderr
2023-12-08T20:46:12.159+0000 7f14fb4b8700 1 --2- 172.21.15.37:0/645577026 >> [v2:172.21.15.37:3300/0,v1:172.21.15.37:6789/0] conn(0x7f14f4076be0 0x7f14f41133a0 secure :-1 s=READY pgs=50 cs=0 l=1 rev1=1 crypto rx=0x7f14e4009fd0 tx=0x7f14e4009840 comp rx=0 tx=0).stop
2023-12-08T20:46:12.523 INFO:teuthology.orchestra.run.smithi037.stdout:/usr/bin/ceph: stderr
2023-12-08T20:46:12.159+0000 7f14fb4b8700 1 -- 172.21.15.37:0/645577026 shutdown_connections
2023-12-08T20:46:12.524 INFO:teuthology.orchestra.run.smithi037.stdout:/usr/bin/ceph: stderr
2023-12-08T20:46:12.159+0000 7f14fb4b8700 1 --2- 172.21.15.37:0/645577026 >> [v2:172.21.15.37:6800/3091297783,v1:172.21.15.37:6801/3091297783] conn(0x7f14dc0365f0 0x7f14dc038aa0 unknown :-1 s=CLOSED pgs=13 cs=0 l=1 rev1=1 crypto rx=0 tx=0 comp rx=0 tx=0).stop
2023-12-08T20:46:12.524 INFO:teuthology.orchestra.run.smithi037.stdout:/usr/bin/ceph: stderr
2023-12-08T20:46:12.159+0000 7f14fb4b8700 1 --2- 172.21.15.37:0/645577026 >> [v2:172.21.15.37:3300/0,v1:172.21.15.37:6789/0] conn(0x7f14f4076be0 0x7f14f41133a0 unknown :-1 s=CLOSED pgs=50 cs=0 l=1 rev1=1 crypto rx=0 tx=0 comp rx=0 tx=0).stop
2023-12-08T20:46:12.524 INFO:teuthology.orchestra.run.smithi037.stdout:/usr/bin/ceph: stderr
2023-12-08T20:46:12.159+0000 7f14fb4b8700 1 -- 172.21.15.37:0/645577026 >> 172.21.15.37:0/645577026 conn(0x7f14f40fc980 msgr2=0x7f14f40fe1a0 unknown :-1 s=STATE_NONE l=0).mark_down
2023-12-08T20:46:12.524 INFO:teuthology.orchestra.run.smithi037.stdout:/usr/bin/ceph: stderr
2023-12-08T20:46:12.159+0000 7f14fb4b8700 1 -- 172.21.15.37:0/645577026 shutdown_connections
2023-12-08T20:46:12.524 INFO:teuthology.orchestra.run.smithi037.stdout:/usr/bin/ceph: stderr
2023-12-08T20:46:12.159+0000 7f14fb4b8700 1 -- 172.21.15.37:0/645577026 wait complete.
2023-12-08T20:46:12.524 INFO:teuthology.orchestra.run.smithi037.stdout:Deploying crash service with default placement...
2023-12-08T20:46:13.424 INFO:journalctl@ceph.mon.smithi037.smithi037.stdout:Dec 08 20:46:13 smithi037 ceph-mon[111933]: from='client.14144 -' entity='client.admin' cmd=[{"prefix": "orch apply", "service_type": "mgr", "target": ["mon-mgr", ""]}]: dispatch
2023-12-08T20:46:13.424 INFO:journalctl@ceph.mon.smithi037.smithi037.stdout:Dec 08 20:46:13 smithi037 ceph-mon[111933]: Saving service mgr spec with placement count:2
2023-12-08T20:46:13.424 INFO:journalctl@ceph.mon.smithi037.smithi037.stdout:Dec 08 20:46:13 smithi037 ceph-mon[111933]: from='mgr.14120 172.21.15.37:0/1046860393' entity='mgr.smithi037.egfijl'
2023-12-08T20:46:13.424 INFO:journalctl@ceph.mon.smithi037.smithi037.stdout:Dec 08 20:46:13 smithi037 ceph-mon[111933]: from='mgr.14120 172.21.15.37:0/1046860393' entity='mgr.smithi037.egfijl'
2023-12-08T20:46:13.424 INFO:journalctl@ceph.mon.smithi037.smithi037.stdout:Dec 08 20:46:13 smithi037 ceph-mon[111933]: from='mgr.14120 172.21.15.37:0/1046860393' entity='mgr.smithi037.egfijl'
2023-12-08T20:46:13.520 INFO:teuthology.orchestra.run.smithi037.stdout:/usr/bin/ceph: stdout Scheduled crash update...
2023-12-08T20:46:13.520 INFO:teuthology.orchestra.run.smithi037.stdout:/usr/bin/ceph: stderr
2023-12-08T20:46:12.879+0000 7ff194d2b700 1 Processor -- start
2023-12-08T20:46:13.520 INFO:teuthology.orchestra.run.smithi037.stdout:/usr/bin/ceph: stderr
2023-12-08T20:46:12.879+0000 7ff194d2b700 1 -- start start
2023-12-08T20:46:13.520 INFO:teuthology.orchestra.run.smithi037.stdout:/usr/bin/ceph: stderr
2023-12-08T20:46:12.880+0000 7ff194d2b700 1 --2- >> [v2:172.21.15.37:3300/0,v1:172.21.15.37:6789/0] conn(0x7ff1901027b0 0x7ff190102bc0 unknown :-1 s=NONE pgs=0 cs=0 l=0 rev1=0 crypto rx=0 tx=0 comp rx=0 tx=0).connect
2023-12-08T20:46:13.520 INFO:teuthology.orchestra.run.smithi037.stdout:/usr/bin/ceph: stderr
2023-12-08T20:46:12.880+0000 7ff194d2b700 1 -- --> [v2:172.21.15.37:3300/0,v1:172.21.15.37:6789/0] -- mon_getmap magic: 0 v1 -- 0x7ff190103100 con 0x7ff1901027b0
2023-12-08T20:46:13.520 INFO:teuthology.orchestra.run.smithi037.stdout:/usr/bin/ceph: stderr
2023-12-08T20:46:12.880+0000 7ff18e59c700 1 --2- >> [v2:172.21.15.37:3300/0,v1:172.21.15.37:6789/0] conn(0x7ff1901027b0 0x7ff190102bc0 unknown :-1 s=BANNER_CONNECTING pgs=0 cs=0 l=0 rev1=0 crypto rx=0 tx=0 comp rx=0 tx=0)._handle_peer_banner_payload supported=3 required=0
2023-12-08T20:46:13.520 INFO:teuthology.orchestra.run.smithi037.stdout:/usr/bin/ceph: stderr
2023-12-08T20:46:12.880+0000 7ff18e59c700 1 --2- >> [v2:172.21.15.37:3300/0,v1:172.21.15.37:6789/0] conn(0x7ff1901027b0 0x7ff190102bc0 unknown :-1 s=HELLO_CONNECTING pgs=0 cs=0 l=0 rev1=1 crypto rx=0 tx=0 comp rx=0 tx=0).handle_hello peer v2:172.21.15.37:3300/0 says I am v2:172.21.15.37:55002/0 (socket says 172.21.15.37:55002)
2023-12-08T20:46:13.520 INFO:teuthology.orchestra.run.smithi037.stdout:/usr/bin/ceph: stderr
2023-12-08T20:46:12.880+0000 7ff18e59c700 1 -- 172.21.15.37:0/3984665935 learned_addr learned my addr 172.21.15.37:0/3984665935 (peer_addr_for_me v2:172.21.15.37:0/0)
2023-12-08T20:46:13.520 INFO:teuthology.orchestra.run.smithi037.stdout:/usr/bin/ceph: stderr
2023-12-08T20:46:12.880+0000 7ff18e59c700 1 -- 172.21.15.37:0/3984665935 --> [v2:172.21.15.37:3300/0,v1:172.21.15.37:6789/0] -- mon_subscribe({config=0+,monmap=0+}) v3 -- 0x7ff190103240 con 0x7ff1901027b0
2023-12-08T20:46:13.520 INFO:teuthology.orchestra.run.smithi037.stdout:/usr/bin/ceph: stderr
2023-12-08T20:46:12.880+0000 7ff18e59c700 1 --2- 172.21.15.37:0/3984665935 >> [v2:172.21.15.37:3300/0,v1:172.21.15.37:6789/0] conn(0x7ff1901027b0 0x7ff190102bc0 secure :-1 s=READY pgs=51 cs=0 l=1 rev1=1 crypto rx=0x7ff18000bb80 tx=0x7ff18000b4f0 comp rx=0 tx=0).ready entity=mon.0 client_cookie=9a52abd4e9d5d2d server_cookie=0 in_seq=0 out_seq=0
2023-12-08T20:46:13.521 INFO:teuthology.orchestra.run.smithi037.stdout:/usr/bin/ceph: stderr
2023-12-08T20:46:12.881+0000 7ff18d59a700 1 -- 172.21.15.37:0/3984665935 <== mon.0 v2:172.21.15.37:3300/0 1 ==== mon_map magic: 0 v1 ==== 229+0+0 (secure 0 0 0) 0x7ff18000dd00 con 0x7ff1901027b0
2023-12-08T20:46:13.521 INFO:teuthology.orchestra.run.smithi037.stdout:/usr/bin/ceph: stderr
2023-12-08T20:46:12.881+0000 7ff18d59a700 1 -- 172.21.15.37:0/3984665935 <== mon.0 v2:172.21.15.37:3300/0 2 ==== config(26 keys) v1 ==== 1074+0+0 (secure 0 0 0) 0x7ff18000de60 con 0x7ff1901027b0
2023-12-08T20:46:13.521 INFO:teuthology.orchestra.run.smithi037.stdout:/usr/bin/ceph: stderr
2023-12-08T20:46:12.881+0000 7ff18d59a700 1 -- 172.21.15.37:0/3984665935 <== mon.0 v2:172.21.15.37:3300/0 3 ==== mon_map magic: 0 v1 ==== 229+0+0 (secure 0 0 0) 0x7ff1800188d0 con 0x7ff1901027b0
2023-12-08T20:46:13.521 INFO:teuthology.orchestra.run.smithi037.stdout:/usr/bin/ceph: stderr
2023-12-08T20:46:12.881+0000 7ff194d2b700 1 -- 172.21.15.37:0/3984665935 >> [v2:172.21.15.37:3300/0,v1:172.21.15.37:6789/0] conn(0x7ff1901027b0 msgr2=0x7ff190102bc0 secure :-1 s=STATE_CONNECTION_ESTABLISHED l=1).mark_down
2023-12-08T20:46:13.521 INFO:teuthology.orchestra.run.smithi037.stdout:/usr/bin/ceph: stderr
2023-12-08T20:46:12.881+0000 7ff194d2b700 1 --2- 172.21.15.37:0/3984665935 >> [v2:172.21.15.37:3300/0,v1:172.21.15.37:6789/0] conn(0x7ff1901027b0 0x7ff190102bc0 secure :-1 s=READY pgs=51 cs=0 l=1 rev1=1 crypto rx=0x7ff18000bb80 tx=0x7ff18000b4f0 comp rx=0 tx=0).stop
2023-12-08T20:46:13.521 INFO:teuthology.orchestra.run.smithi037.stdout:/usr/bin/ceph: stderr
2023-12-08T20:46:12.881+0000 7ff194d2b700 1 -- 172.21.15.37:0/3984665935 shutdown_connections
2023-12-08T20:46:13.521 INFO:teuthology.orchestra.run.smithi037.stdout:/usr/bin/ceph: stderr
2023-12-08T20:46:12.881+0000 7ff194d2b700 1 --2- 172.21.15.37:0/3984665935 >> [v2:172.21.15.37:3300/0,v1:172.21.15.37:6789/0] conn(0x7ff1901027b0 0x7ff190102bc0 unknown :-1 s=CLOSED pgs=51 cs=0 l=1 rev1=1 crypto rx=0 tx=0 comp rx=0 tx=0).stop
2023-12-08T20:46:13.521 INFO:teuthology.orchestra.run.smithi037.stdout:/usr/bin/ceph: stderr
2023-12-08T20:46:12.881+0000 7ff194d2b700 1 -- 172.21.15.37:0/3984665935 >> 172.21.15.37:0/3984665935 conn(0x7ff1900fc0b0 msgr2=0x7ff1900fe4e0 unknown :-1 s=STATE_NONE l=0).mark_down
2023-12-08T20:46:13.521 INFO:teuthology.orchestra.run.smithi037.stdout:/usr/bin/ceph: stderr
2023-12-08T20:46:12.881+0000 7ff194d2b700 1 -- 172.21.15.37:0/3984665935 shutdown_connections
2023-12-08T20:46:13.521 INFO:teuthology.orchestra.run.smithi037.stdout:/usr/bin/ceph: stderr
2023-12-08T20:46:12.881+0000 7ff194d2b700 1 -- 172.21.15.37:0/3984665935 wait complete.
2023-12-08T20:46:13.521 INFO:teuthology.orchestra.run.smithi037.stdout:/usr/bin/ceph: stderr
2023-12-08T20:46:12.882+0000 7ff194d2b700 1 Processor -- start
2023-12-08T20:46:13.521 INFO:teuthology.orchestra.run.smithi037.stdout:/usr/bin/ceph: stderr
2023-12-08T20:46:12.882+0000 7ff194d2b700 1 -- start start
2023-12-08T20:46:13.521 INFO:teuthology.orchestra.run.smithi037.stdout:/usr/bin/ceph: stderr
2023-12-08T20:46:12.882+0000 7ff194d2b700 1 --2- >> [v2:172.21.15.37:3300/0,v1:172.21.15.37:6789/0] conn(0x7ff1901027b0 0x7ff19010ef40 unknown :-1 s=NONE pgs=0 cs=0 l=1 rev1=0 crypto rx=0 tx=0 comp rx=0 tx=0).connect
2023-12-08T20:46:13.521 INFO:teuthology.orchestra.run.smithi037.stdout:/usr/bin/ceph: stderr
2023-12-08T20:46:12.882+0000 7ff194d2b700 1 -- --> [v2:172.21.15.37:3300/0,v1:172.21.15.37:6789/0] -- mon_getmap magic: 0 v1 -- 0x7ff19010f480 con 0x7ff1901027b0
2023-12-08T20:46:13.522 INFO:teuthology.orchestra.run.smithi037.stdout:/usr/bin/ceph: stderr
2023-12-08T20:46:12.882+0000 7ff18e59c700 1 --2- >> [v2:172.21.15.37:3300/0,v1:172.21.15.37:6789/0] conn(0x7ff1901027b0 0x7ff19010ef40 unknown :-1 s=BANNER_CONNECTING pgs=0 cs=0 l=1 rev1=0 crypto rx=0 tx=0 comp rx=0 tx=0)._handle_peer_banner_payload supported=3 required=0
2023-12-08T20:46:13.522 INFO:teuthology.orchestra.run.smithi037.stdout:/usr/bin/ceph: stderr
2023-12-08T20:46:12.882+0000 7ff18e59c700 1 --2- >> [v2:172.21.15.37:3300/0,v1:172.21.15.37:6789/0] conn(0x7ff1901027b0 0x7ff19010ef40 unknown :-1 s=HELLO_CONNECTING pgs=0 cs=0 l=1 rev1=1 crypto rx=0 tx=0 comp rx=0 tx=0).handle_hello peer v2:172.21.15.37:3300/0 says I am v2:172.21.15.37:55016/0 (socket says 172.21.15.37:55016)
2023-12-08T20:46:13.522 INFO:teuthology.orchestra.run.smithi037.stdout:/usr/bin/ceph: stderr
2023-12-08T20:46:12.882+0000 7ff18e59c700 1 -- 172.21.15.37:0/834152155 learned_addr learned my addr 172.21.15.37:0/834152155 (peer_addr_for_me v2:172.21.15.37:0/0)
2023-12-08T20:46:13.522 INFO:teuthology.orchestra.run.smithi037.stdout:/usr/bin/ceph: stderr
2023-12-08T20:46:12.883+0000 7ff18e59c700 1 -- 172.21.15.37:0/834152155 --> [v2:172.21.15.37:3300/0,v1:172.21.15.37:6789/0] -- mon_subscribe({config=0+,monmap=0+}) v3 -- 0x7ff18000b790 con 0x7ff1901027b0
2023-12-08T20:46:13.522 INFO:teuthology.orchestra.run.smithi037.stdout:/usr/bin/ceph: stderr
2023-12-08T20:46:12.883+0000 7ff18e59c700 1 --2- 172.21.15.37:0/834152155 >> [v2:172.21.15.37:3300/0,v1:172.21.15.37:6789/0] conn(0x7ff1901027b0 0x7ff19010ef40 secure :-1 s=READY pgs=52 cs=0 l=1 rev1=1 crypto rx=0x7ff1800184f0 tx=0x7ff18000b4f0 comp rx=0 tx=0).ready entity=mon.0 client_cookie=0 server_cookie=0 in_seq=0 out_seq=0
2023-12-08T20:46:13.522 INFO:teuthology.orchestra.run.smithi037.stdout:/usr/bin/ceph: stderr
2023-12-08T20:46:12.883+0000 7ff17effd700 1 -- 172.21.15.37:0/834152155 <== mon.0 v2:172.21.15.37:3300/0 1 ==== mon_map magic: 0 v1 ==== 229+0+0 (secure 0 0 0) 0x7ff180010bd0 con 0x7ff1901027b0
2023-12-08T20:46:13.522 INFO:teuthology.orchestra.run.smithi037.stdout:/usr/bin/ceph: stderr
2023-12-08T20:46:12.883+0000 7ff17effd700 1 -- 172.21.15.37:0/834152155 <== mon.0 v2:172.21.15.37:3300/0 2 ==== config(26 keys) v1 ==== 1074+0+0 (secure 0 0 0) 0x7ff18001d050 con 0x7ff1901027b0
2023-12-08T20:46:13.522 INFO:teuthology.orchestra.run.smithi037.stdout:/usr/bin/ceph: stderr
2023-12-08T20:46:12.883+0000 7ff194d2b700 1 -- 172.21.15.37:0/834152155 --> [v2:172.21.15.37:3300/0,v1:172.21.15.37:6789/0] -- mon_subscribe({mgrmap=0+}) v3 -- 0x7ff19010f680 con 0x7ff1901027b0
2023-12-08T20:46:13.522 INFO:teuthology.orchestra.run.smithi037.stdout:/usr/bin/ceph: stderr
2023-12-08T20:46:12.883+0000 7ff17effd700 1 -- 172.21.15.37:0/834152155 <== mon.0 v2:172.21.15.37:3300/0 3 ==== mon_map magic: 0 v1 ==== 229+0+0 (secure 0 0 0) 0x7ff180022590 con 0x7ff1901027b0
2023-12-08T20:46:13.522 INFO:teuthology.orchestra.run.smithi037.stdout:/usr/bin/ceph: stderr
2023-12-08T20:46:12.883+0000 7ff194d2b700 1 -- 172.21.15.37:0/834152155 --> [v2:172.21.15.37:3300/0,v1:172.21.15.37:6789/0] -- mon_subscribe({osdmap=0}) v3 -- 0x7ff19010fa90 con 0x7ff1901027b0
2023-12-08T20:46:13.522 INFO:teuthology.orchestra.run.smithi037.stdout:/usr/bin/ceph: stderr
2023-12-08T20:46:12.884+0000 7ff17effd700 1 -- 172.21.15.37:0/834152155 <== mon.0 v2:172.21.15.37:3300/0 4 ==== mgrmap(e 8) v1 ==== 43281+0+0 (secure 0 0 0) 0x7ff180023470 con 0x7ff1901027b0
2023-12-08T20:46:13.522 INFO:teuthology.orchestra.run.smithi037.stdout:/usr/bin/ceph: stderr
2023-12-08T20:46:12.884+0000 7ff194d2b700 1 -- 172.21.15.37:0/834152155 --> [v2:172.21.15.37:3300/0,v1:172.21.15.37:6789/0] -- mon_command({"prefix": "get_command_descriptions"} v 0) v1 -- 0x7ff19004bb80 con 0x7ff1901027b0
2023-12-08T20:46:13.522 INFO:teuthology.orchestra.run.smithi037.stdout:/usr/bin/ceph: stderr
2023-12-08T20:46:12.884+0000 7ff17effd700 1 --2- 172.21.15.37:0/834152155 >> [v2:172.21.15.37:6800/3091297783,v1:172.21.15.37:6801/3091297783] conn(0x7ff178036640 0x7ff178038af0 unknown :-1 s=NONE pgs=0 cs=0 l=1 rev1=0 crypto rx=0 tx=0 comp rx=0 tx=0).connect
2023-12-08T20:46:13.523 INFO:teuthology.orchestra.run.smithi037.stdout:/usr/bin/ceph: stderr
2023-12-08T20:46:12.884+0000 7ff17effd700 1 -- 172.21.15.37:0/834152155 <== mon.0 v2:172.21.15.37:3300/0 5 ==== osd_map(2..2 src has 1..2) v4 ==== 936+0+0 (secure 0 0 0) 0x7ff180014070 con 0x7ff1901027b0
2023-12-08T20:46:13.523 INFO:teuthology.orchestra.run.smithi037.stdout:/usr/bin/ceph: stderr
2023-12-08T20:46:12.884+0000 7ff18dd9b700 1 --2- 172.21.15.37:0/834152155 >> [v2:172.21.15.37:6800/3091297783,v1:172.21.15.37:6801/3091297783] conn(0x7ff178036640 0x7ff178038af0 unknown :-1 s=BANNER_CONNECTING pgs=0 cs=0 l=1 rev1=0 crypto rx=0 tx=0 comp rx=0 tx=0)._handle_peer_banner_payload supported=3 required=0
2023-12-08T20:46:13.523 INFO:teuthology.orchestra.run.smithi037.stdout:/usr/bin/ceph: stderr
2023-12-08T20:46:12.885+0000 7ff18dd9b700 1 --2- 172.21.15.37:0/834152155 >> [v2:172.21.15.37:6800/3091297783,v1:172.21.15.37:6801/3091297783] conn(0x7ff178036640 0x7ff178038af0 secure :-1 s=READY pgs=14 cs=0 l=1 rev1=1 crypto rx=0x7ff184009990 tx=0x7ff184006e40 comp rx=0 tx=0).ready entity=mgr.14120 client_cookie=0 server_cookie=0 in_seq=0 out_seq=0
2023-12-08T20:46:13.523 INFO:teuthology.orchestra.run.smithi037.stdout:/usr/bin/ceph: stderr
2023-12-08T20:46:12.889+0000 7ff17effd700 1 -- 172.21.15.37:0/834152155 <== mon.0 v2:172.21.15.37:3300/0 6 ==== mon_command_ack([{"prefix": "get_command_descriptions"}]=0 v0) v1 ==== 72+0+174570 (secure 0 0 0) 0x7ff18000e360 con 0x7ff1901027b0
2023-12-08T20:46:13.523 INFO:teuthology.orchestra.run.smithi037.stdout:/usr/bin/ceph: stderr
2023-12-08T20:46:13.104+0000 7ff194d2b700 1 -- 172.21.15.37:0/834152155 --> [v2:172.21.15.37:6800/3091297783,v1:172.21.15.37:6801/3091297783] -- mgr_command(tid 0: {"prefix": "orch apply", "service_type": "crash", "target": ["mon-mgr", ""]}) v1 -- 0x7ff190108cd0 con 0x7ff178036640
2023-12-08T20:46:13.523 INFO:teuthology.orchestra.run.smithi037.stdout:/usr/bin/ceph: stderr
2023-12-08T20:46:13.110+0000 7ff17effd700 1 -- 172.21.15.37:0/834152155 <== mgr.14120 v2:172.21.15.37:6800/3091297783 1 ==== mgr_command_reply(tid 0: 0 ) v1 ==== 8+0+26 (secure 0 0 0) 0x7ff190108cd0 con 0x7ff178036640
2023-12-08T20:46:13.523 INFO:teuthology.orchestra.run.smithi037.stdout:/usr/bin/ceph: stderr
2023-12-08T20:46:13.112+0000 7ff194d2b700 1 -- 172.21.15.37:0/834152155 >> [v2:172.21.15.37:6800/3091297783,v1:172.21.15.37:6801/3091297783] conn(0x7ff178036640 msgr2=0x7ff178038af0 secure :-1 s=STATE_CONNECTION_ESTABLISHED l=1).mark_down
2023-12-08T20:46:13.523 INFO:teuthology.orchestra.run.smithi037.stdout:/usr/bin/ceph: stderr
2023-12-08T20:46:13.112+0000 7ff194d2b700 1 --2- 172.21.15.37:0/834152155 >> [v2:172.21.15.37:6800/3091297783,v1:172.21.15.37:6801/3091297783] conn(0x7ff178036640 0x7ff178038af0 secure :-1 s=READY pgs=14 cs=0 l=1 rev1=1 crypto rx=0x7ff184009990 tx=0x7ff184006e40 comp rx=0 tx=0).stop
2023-12-08T20:46:13.523 INFO:teuthology.orchestra.run.smithi037.stdout:/usr/bin/ceph: stderr
2023-12-08T20:46:13.112+0000 7ff194d2b700 1 -- 172.21.15.37:0/834152155 >> [v2:172.21.15.37:3300/0,v1:172.21.15.37:6789/0] conn(0x7ff1901027b0 msgr2=0x7ff19010ef40 secure :-1 s=STATE_CONNECTION_ESTABLISHED l=1).mark_down
2023-12-08T20:46:13.523 INFO:teuthology.orchestra.run.smithi037.stdout:/usr/bin/ceph: stderr
2023-12-08T20:46:13.112+0000 7ff194d2b700 1 --2- 172.21.15.37:0/834152155 >> [v2:172.21.15.37:3300/0,v1:172.21.15.37:6789/0] conn(0x7ff1901027b0 0x7ff19010ef40 secure :-1 s=READY pgs=52 cs=0 l=1 rev1=1 crypto rx=0x7ff1800184f0 tx=0x7ff18000b4f0 comp rx=0 tx=0).stop
2023-12-08T20:46:13.523 INFO:teuthology.orchestra.run.smithi037.stdout:/usr/bin/ceph: stderr
2023-12-08T20:46:13.112+0000 7ff194d2b700 1 -- 172.21.15.37:0/834152155 shutdown_connections
2023-12-08T20:46:13.523 INFO:teuthology.orchestra.run.smithi037.stdout:/usr/bin/ceph: stderr
2023-12-08T20:46:13.112+0000 7ff194d2b700 1 --2- 172.21.15.37:0/834152155 >> [v2:172.21.15.37:6800/3091297783,v1:172.21.15.37:6801/3091297783] conn(0x7ff178036640 0x7ff178038af0 unknown :-1 s=CLOSED pgs=14 cs=0 l=1 rev1=1 crypto rx=0 tx=0 comp rx=0 tx=0).stop
2023-12-08T20:46:13.523 INFO:teuthology.orchestra.run.smithi037.stdout:/usr/bin/ceph: stderr
2023-12-08T20:46:13.112+0000 7ff194d2b700 1 --2- 172.21.15.37:0/834152155 >> [v2:172.21.15.37:3300/0,v1:172.21.15.37:6789/0] conn(0x7ff1901027b0 0x7ff19010ef40 unknown :-1 s=CLOSED pgs=52 cs=0 l=1 rev1=1 crypto rx=0 tx=0 comp rx=0 tx=0).stop
2023-12-08T20:46:13.523 INFO:teuthology.orchestra.run.smithi037.stdout:/usr/bin/ceph: stderr
2023-12-08T20:46:13.112+0000 7ff194d2b700 1 -- 172.21.15.37:0/834152155 >> 172.21.15.37:0/834152155 conn(0x7ff1900fc0b0 msgr2=0x7ff190105fe0 unknown :-1 s=STATE_NONE l=0).mark_down
2023-12-08T20:46:13.524 INFO:teuthology.orchestra.run.smithi037.stdout:/usr/bin/ceph: stderr
2023-12-08T20:46:13.112+0000 7ff194d2b700 1 -- 172.21.15.37:0/834152155 shutdown_connections
2023-12-08T20:46:13.524 INFO:teuthology.orchestra.run.smithi037.stdout:/usr/bin/ceph: stderr
2023-12-08T20:46:13.112+0000 7ff194d2b700 1 -- 172.21.15.37:0/834152155 wait complete.
2023-12-08T20:46:13.524 INFO:teuthology.orchestra.run.smithi037.stdout:Deploying prometheus service with default placement...
2023-12-08T20:46:14.633 INFO:journalctl@ceph.mon.smithi037.smithi037.stdout:Dec 08 20:46:14 smithi037 ceph-mon[111933]: from='client.14146 -' entity='client.admin' cmd=[{"prefix": "orch apply", "service_type": "crash", "target": ["mon-mgr", ""]}]: dispatch
2023-12-08T20:46:14.633 INFO:journalctl@ceph.mon.smithi037.smithi037.stdout:Dec 08 20:46:14 smithi037 ceph-mon[111933]: Saving service crash spec with placement *
2023-12-08T20:46:14.633 INFO:journalctl@ceph.mon.smithi037.smithi037.stdout:Dec 08 20:46:14 smithi037 ceph-mon[111933]: from='mgr.14120 172.21.15.37:0/1046860393' entity='mgr.smithi037.egfijl'
2023-12-08T20:46:14.735 INFO:teuthology.orchestra.run.smithi037.stdout:/usr/bin/ceph: stdout Scheduled prometheus update...
2023-12-08T20:46:14.736 INFO:teuthology.orchestra.run.smithi037.stdout:/usr/bin/ceph: stderr
2023-12-08T20:46:14.061+0000 7f0622d59700 1 Processor -- start
2023-12-08T20:46:14.736 INFO:teuthology.orchestra.run.smithi037.stdout:/usr/bin/ceph: stderr
2023-12-08T20:46:14.061+0000 7f0622d59700 1 -- start start
2023-12-08T20:46:14.736 INFO:teuthology.orchestra.run.smithi037.stdout:/usr/bin/ceph: stderr
2023-12-08T20:46:14.061+0000 7f0622d59700 1 --2- >> [v2:172.21.15.37:3300/0,v1:172.21.15.37:6789/0] conn(0x7f061c102780 0x7f061c102b90 unknown :-1 s=NONE pgs=0 cs=0 l=0 rev1=0 crypto rx=0 tx=0 comp rx=0 tx=0).connect
2023-12-08T20:46:14.736 INFO:teuthology.orchestra.run.smithi037.stdout:/usr/bin/ceph: stderr
2023-12-08T20:46:14.061+0000 7f0622d59700 1 -- --> [v2:172.21.15.37:3300/0,v1:172.21.15.37:6789/0] -- mon_getmap magic: 0 v1 -- 0x7f061c1030d0 con 0x7f061c102780
2023-12-08T20:46:14.736 INFO:teuthology.orchestra.run.smithi037.stdout:/usr/bin/ceph: stderr
2023-12-08T20:46:14.061+0000 7f0620af5700 1 --2- >> [v2:172.21.15.37:3300/0,v1:172.21.15.37:6789/0] conn(0x7f061c102780 0x7f061c102b90 unknown :-1 s=BANNER_CONNECTING pgs=0 cs=0 l=0 rev1=0 crypto rx=0 tx=0 comp rx=0 tx=0)._handle_peer_banner_payload supported=3 required=0
2023-12-08T20:46:14.736 INFO:teuthology.orchestra.run.smithi037.stdout:/usr/bin/ceph: stderr
2023-12-08T20:46:14.061+0000 7f0620af5700 1 --2- >> [v2:172.21.15.37:3300/0,v1:172.21.15.37:6789/0] conn(0x7f061c102780 0x7f061c102b90 unknown :-1 s=HELLO_CONNECTING pgs=0 cs=0 l=0 rev1=1 crypto rx=0 tx=0 comp rx=0 tx=0).handle_hello peer v2:172.21.15.37:3300/0 says I am v2:172.21.15.37:55028/0 (socket says 172.21.15.37:55028)
2023-12-08T20:46:14.736 INFO:teuthology.orchestra.run.smithi037.stdout:/usr/bin/ceph: stderr
2023-12-08T20:46:14.061+0000 7f0620af5700 1 -- 172.21.15.37:0/2653978898 learned_addr learned my addr 172.21.15.37:0/2653978898 (peer_addr_for_me v2:172.21.15.37:0/0)
2023-12-08T20:46:14.736 INFO:teuthology.orchestra.run.smithi037.stdout:/usr/bin/ceph: stderr
2023-12-08T20:46:14.062+0000 7f0620af5700 1 -- 172.21.15.37:0/2653978898 --> [v2:172.21.15.37:3300/0,v1:172.21.15.37:6789/0] -- mon_subscribe({config=0+,monmap=0+}) v3 -- 0x7f061c103210 con 0x7f061c102780
2023-12-08T20:46:14.736 INFO:teuthology.orchestra.run.smithi037.stdout:/usr/bin/ceph: stderr
2023-12-08T20:46:14.062+0000 7f0620af5700 1 --2- 172.21.15.37:0/2653978898 >> [v2:172.21.15.37:3300/0,v1:172.21.15.37:6789/0] conn(0x7f061c102780 0x7f061c102b90 secure :-1 s=READY pgs=53 cs=0 l=1 rev1=1 crypto rx=0x7f061000bb80 tx=0x7f061000b4f0 comp rx=0 tx=0).ready entity=mon.0 client_cookie=37163031c7144042 server_cookie=0 in_seq=0 out_seq=0
2023-12-08T20:46:14.736 INFO:teuthology.orchestra.run.smithi037.stdout:/usr/bin/ceph: stderr
2023-12-08T20:46:14.062+0000 7f061b7fe700 1 -- 172.21.15.37:0/2653978898 <== mon.0 v2:172.21.15.37:3300/0 1 ==== mon_map magic: 0 v1 ==== 229+0+0 (secure 0 0 0) 0x7f061000dd00 con 0x7f061c102780
2023-12-08T20:46:14.736 INFO:teuthology.orchestra.run.smithi037.stdout:/usr/bin/ceph: stderr
2023-12-08T20:46:14.062+0000 7f061b7fe700 1 -- 172.21.15.37:0/2653978898 <== mon.0 v2:172.21.15.37:3300/0 2 ==== config(26 keys) v1 ==== 1074+0+0 (secure 0 0 0) 0x7f061000de60 con 0x7f061c102780
2023-12-08T20:46:14.736 INFO:teuthology.orchestra.run.smithi037.stdout:/usr/bin/ceph: stderr
2023-12-08T20:46:14.062+0000 7f061b7fe700 1 -- 172.21.15.37:0/2653978898 <== mon.0 v2:172.21.15.37:3300/0 3 ==== mon_map magic: 0 v1 ==== 229+0+0 (secure 0 0 0) 0x7f06100188d0 con 0x7f061c102780
2023-12-08T20:46:14.737 INFO:teuthology.orchestra.run.smithi037.stdout:/usr/bin/ceph: stderr
2023-12-08T20:46:14.063+0000 7f0622d59700 1 -- 172.21.15.37:0/2653978898 >> [v2:172.21.15.37:3300/0,v1:172.21.15.37:6789/0] conn(0x7f061c102780 msgr2=0x7f061c102b90 secure :-1 s=STATE_CONNECTION_ESTABLISHED l=1).mark_down
2023-12-08T20:46:14.737 INFO:teuthology.orchestra.run.smithi037.stdout:/usr/bin/ceph: stderr
2023-12-08T20:46:14.063+0000 7f0622d59700 1 --2- 172.21.15.37:0/2653978898 >> [v2:172.21.15.37:3300/0,v1:172.21.15.37:6789/0] conn(0x7f061c102780 0x7f061c102b90 secure :-1 s=READY pgs=53 cs=0 l=1 rev1=1 crypto rx=0x7f061000bb80 tx=0x7f061000b4f0 comp rx=0 tx=0).stop
2023-12-08T20:46:14.737 INFO:teuthology.orchestra.run.smithi037.stdout:/usr/bin/ceph: stderr
2023-12-08T20:46:14.063+0000 7f0622d59700 1 -- 172.21.15.37:0/2653978898 shutdown_connections
2023-12-08T20:46:14.737 INFO:teuthology.orchestra.run.smithi037.stdout:/usr/bin/ceph: stderr
2023-12-08T20:46:14.063+0000 7f0622d59700 1 --2- 172.21.15.37:0/2653978898 >> [v2:172.21.15.37:3300/0,v1:172.21.15.37:6789/0] conn(0x7f061c102780 0x7f061c102b90 unknown :-1 s=CLOSED pgs=53 cs=0 l=1 rev1=1 crypto rx=0 tx=0 comp rx=0 tx=0).stop
2023-12-08T20:46:14.737 INFO:teuthology.orchestra.run.smithi037.stdout:/usr/bin/ceph: stderr
2023-12-08T20:46:14.063+0000 7f0622d59700 1 -- 172.21.15.37:0/2653978898 >> 172.21.15.37:0/2653978898 conn(0x7f061c0fc0b0 msgr2=0x7f061c0fe4e0 unknown :-1 s=STATE_NONE l=0).mark_down
2023-12-08T20:46:14.737 INFO:teuthology.orchestra.run.smithi037.stdout:/usr/bin/ceph: stderr
2023-12-08T20:46:14.063+0000 7f0622d59700 1 -- 172.21.15.37:0/2653978898 shutdown_connections
2023-12-08T20:46:14.737 INFO:teuthology.orchestra.run.smithi037.stdout:/usr/bin/ceph: stderr
2023-12-08T20:46:14.063+0000 7f0622d59700 1 -- 172.21.15.37:0/2653978898 wait complete.
2023-12-08T20:46:14.737 INFO:teuthology.orchestra.run.smithi037.stdout:/usr/bin/ceph: stderr
2023-12-08T20:46:14.063+0000 7f0622d59700 1 Processor -- start
2023-12-08T20:46:14.737 INFO:teuthology.orchestra.run.smithi037.stdout:/usr/bin/ceph: stderr
2023-12-08T20:46:14.063+0000 7f0622d59700 1 -- start start
2023-12-08T20:46:14.737 INFO:teuthology.orchestra.run.smithi037.stdout:/usr/bin/ceph: stderr
2023-12-08T20:46:14.064+0000 7f0622d59700 1 --2- >> [v2:172.21.15.37:3300/0,v1:172.21.15.37:6789/0] conn(0x7f061c102780 0x7f061c10ef50 unknown :-1 s=NONE pgs=0 cs=0 l=1 rev1=0 crypto rx=0 tx=0 comp rx=0 tx=0).connect
2023-12-08T20:46:14.737 INFO:teuthology.orchestra.run.smithi037.stdout:/usr/bin/ceph: stderr
2023-12-08T20:46:14.064+0000 7f0622d59700 1 -- --> [v2:172.21.15.37:3300/0,v1:172.21.15.37:6789/0] -- mon_getmap magic: 0 v1 -- 0x7f061c10f490 con 0x7f061c102780
2023-12-08T20:46:14.737 INFO:teuthology.orchestra.run.smithi037.stdout:/usr/bin/ceph: stderr
2023-12-08T20:46:14.064+0000 7f0620af5700 1 --2- >> [v2:172.21.15.37:3300/0,v1:172.21.15.37:6789/0] conn(0x7f061c102780 0x7f061c10ef50 unknown :-1 s=BANNER_CONNECTING pgs=0 cs=0 l=1 rev1=0 crypto rx=0 tx=0 comp rx=0 tx=0)._handle_peer_banner_payload supported=3 required=0
2023-12-08T20:46:14.737 INFO:teuthology.orchestra.run.smithi037.stdout:/usr/bin/ceph: stderr
2023-12-08T20:46:14.064+0000 7f0620af5700 1 --2- >> [v2:172.21.15.37:3300/0,v1:172.21.15.37:6789/0] conn(0x7f061c102780 0x7f061c10ef50 unknown :-1 s=HELLO_CONNECTING pgs=0 cs=0 l=1 rev1=1 crypto rx=0 tx=0 comp rx=0 tx=0).handle_hello peer v2:172.21.15.37:3300/0 says I am v2:172.21.15.37:55030/0 (socket says 172.21.15.37:55030)
2023-12-08T20:46:14.737 INFO:teuthology.orchestra.run.smithi037.stdout:/usr/bin/ceph: stderr
2023-12-08T20:46:14.064+0000 7f0620af5700 1 -- 172.21.15.37:0/70592024 learned_addr learned my addr 172.21.15.37:0/70592024 (peer_addr_for_me v2:172.21.15.37:0/0)
2023-12-08T20:46:14.738 INFO:teuthology.orchestra.run.smithi037.stdout:/usr/bin/ceph: stderr
2023-12-08T20:46:14.064+0000 7f0620af5700 1 -- 172.21.15.37:0/70592024 --> [v2:172.21.15.37:3300/0,v1:172.21.15.37:6789/0] -- mon_subscribe({config=0+,monmap=0+}) v3 -- 0x7f061000b790 con 0x7f061c102780
2023-12-08T20:46:14.738 INFO:teuthology.orchestra.run.smithi037.stdout:/usr/bin/ceph: stderr
2023-12-08T20:46:14.064+0000 7f0620af5700 1 --2- 172.21.15.37:0/70592024 >> [v2:172.21.15.37:3300/0,v1:172.21.15.37:6789/0] conn(0x7f061c102780 0x7f061c10ef50 secure :-1 s=READY pgs=54 cs=0 l=1 rev1=1 crypto rx=0x7f0610007010 tx=0x7f061000b4f0 comp rx=0 tx=0).ready entity=mon.0 client_cookie=0 server_cookie=0 in_seq=0 out_seq=0
2023-12-08T20:46:14.738 INFO:teuthology.orchestra.run.smithi037.stdout:/usr/bin/ceph: stderr
2023-12-08T20:46:14.065+0000 7f06197fa700 1 -- 172.21.15.37:0/70592024 <== mon.0 v2:172.21.15.37:3300/0 1 ==== mon_map magic: 0 v1 ==== 229+0+0 (secure 0 0 0) 0x7f0610010b30 con 0x7f061c102780
2023-12-08T20:46:14.738 INFO:teuthology.orchestra.run.smithi037.stdout:/usr/bin/ceph: stderr
2023-12-08T20:46:14.065+0000 7f06197fa700 1 -- 172.21.15.37:0/70592024 <== mon.0 v2:172.21.15.37:3300/0 2 ==== config(26 keys) v1 ==== 1074+0+0 (secure 0 0 0) 0x7f061001d050 con 0x7f061c102780
2023-12-08T20:46:14.738 INFO:teuthology.orchestra.run.smithi037.stdout:/usr/bin/ceph: stderr
2023-12-08T20:46:14.065+0000 7f0622d59700 1 -- 172.21.15.37:0/70592024 --> [v2:172.21.15.37:3300/0,v1:172.21.15.37:6789/0] -- mon_subscribe({mgrmap=0+}) v3 -- 0x7f061c10f690 con 0x7f061c102780
2023-12-08T20:46:14.738 INFO:teuthology.orchestra.run.smithi037.stdout:/usr/bin/ceph: stderr
2023-12-08T20:46:14.065+0000 7f06197fa700 1 -- 172.21.15.37:0/70592024 <== mon.0 v2:172.21.15.37:3300/0 3 ==== mon_map magic: 0 v1 ==== 229+0+0 (secure 0 0 0) 0x7f0610022590 con 0x7f061c102780
2023-12-08T20:46:14.738 INFO:teuthology.orchestra.run.smithi037.stdout:/usr/bin/ceph: stderr
2023-12-08T20:46:14.065+0000 7f0622d59700 1 -- 172.21.15.37:0/70592024 --> [v2:172.21.15.37:3300/0,v1:172.21.15.37:6789/0] -- mon_subscribe({osdmap=0}) v3 -- 0x7f061c10faa0 con 0x7f061c102780
2023-12-08T20:46:14.738 INFO:teuthology.orchestra.run.smithi037.stdout:/usr/bin/ceph: stderr
2023-12-08T20:46:14.066+0000 7f06197fa700 1 -- 172.21.15.37:0/70592024 <== mon.0 v2:172.21.15.37:3300/0 4 ==== mgrmap(e 8) v1 ==== 43281+0+0 (secure 0 0 0) 0x7f0610022790 con 0x7f061c102780
2023-12-08T20:46:14.738 INFO:teuthology.orchestra.run.smithi037.stdout:/usr/bin/ceph: stderr
2023-12-08T20:46:14.066+0000 7f06197fa700 1 --2- 172.21.15.37:0/70592024 >> [v2:172.21.15.37:6800/3091297783,v1:172.21.15.37:6801/3091297783] conn(0x7f060c0365f0 0x7f060c038aa0 unknown :-1 s=NONE pgs=0 cs=0 l=1 rev1=0 crypto rx=0 tx=0 comp rx=0 tx=0).connect
2023-12-08T20:46:14.738 INFO:teuthology.orchestra.run.smithi037.stdout:/usr/bin/ceph: stderr
2023-12-08T20:46:14.066+0000 7f06197fa700 1 -- 172.21.15.37:0/70592024 <== mon.0 v2:172.21.15.37:3300/0 5 ==== osd_map(2..2 src has 1..2) v4 ==== 936+0+0 (secure 0 0 0) 0x7f0610014070 con 0x7f061c102780
2023-12-08T20:46:14.738 INFO:teuthology.orchestra.run.smithi037.stdout:/usr/bin/ceph: stderr
2023-12-08T20:46:14.066+0000 7f061bfff700 1 --2- 172.21.15.37:0/70592024 >> [v2:172.21.15.37:6800/3091297783,v1:172.21.15.37:6801/3091297783] conn(0x7f060c0365f0 0x7f060c038aa0 unknown :-1 s=BANNER_CONNECTING pgs=0 cs=0 l=1 rev1=0 crypto rx=0 tx=0 comp rx=0 tx=0)._handle_peer_banner_payload supported=3 required=0
2023-12-08T20:46:14.738 INFO:teuthology.orchestra.run.smithi037.stdout:/usr/bin/ceph: stderr
2023-12-08T20:46:14.066+0000 7f0622d59700 1 -- 172.21.15.37:0/70592024 --> [v2:172.21.15.37:3300/0,v1:172.21.15.37:6789/0] -- mon_command({"prefix": "get_command_descriptions"} v 0) v1 -- 0x7f061c04bb80 con 0x7f061c102780
2023-12-08T20:46:14.738 INFO:teuthology.orchestra.run.smithi037.stdout:/usr/bin/ceph: stderr
2023-12-08T20:46:14.066+0000 7f061bfff700 1 --2- 172.21.15.37:0/70592024 >> [v2:172.21.15.37:6800/3091297783,v1:172.21.15.37:6801/3091297783] conn(0x7f060c0365f0 0x7f060c038aa0 secure :-1 s=READY pgs=15 cs=0 l=1 rev1=1 crypto rx=0x7f0608009990 tx=0x7f0608006e40 comp rx=0 tx=0).ready entity=mgr.14120 client_cookie=0 server_cookie=0 in_seq=0 out_seq=0
2023-12-08T20:46:14.738 INFO:teuthology.orchestra.run.smithi037.stdout:/usr/bin/ceph: stderr
2023-12-08T20:46:14.073+0000 7f06197fa700 1 -- 172.21.15.37:0/70592024 <== mon.0 v2:172.21.15.37:3300/0 6 ==== mon_command_ack([{"prefix": "get_command_descriptions"}]=0 v0) v1 ==== 72+0+174570 (secure 0 0 0) 0x7f061000e360 con 0x7f061c102780
2023-12-08T20:46:14.739 INFO:teuthology.orchestra.run.smithi037.stdout:/usr/bin/ceph: stderr
2023-12-08T20:46:14.297+0000 7f0622d59700 1 -- 172.21.15.37:0/70592024 --> [v2:172.21.15.37:6800/3091297783,v1:172.21.15.37:6801/3091297783] -- mgr_command(tid 0: {"prefix": "orch apply", "service_type": "prometheus", "target": ["mon-mgr", ""]}) v1 -- 0x7f061c108b40 con 0x7f060c0365f0
2023-12-08T20:46:14.739 INFO:teuthology.orchestra.run.smithi037.stdout:/usr/bin/ceph: stderr
2023-12-08T20:46:14.305+0000 7f06197fa700 1 -- 172.21.15.37:0/70592024 <== mgr.14120 v2:172.21.15.37:6800/3091297783 1 ==== mgr_command_reply(tid 0: 0 ) v1 ==== 8+0+31 (secure 0 0 0) 0x7f061c108b40 con 0x7f060c0365f0
2023-12-08T20:46:14.739 INFO:teuthology.orchestra.run.smithi037.stdout:/usr/bin/ceph: stderr
2023-12-08T20:46:14.307+0000 7f0622d59700 1 -- 172.21.15.37:0/70592024 >> [v2:172.21.15.37:6800/3091297783,v1:172.21.15.37:6801/3091297783] conn(0x7f060c0365f0 msgr2=0x7f060c038aa0 secure :-1 s=STATE_CONNECTION_ESTABLISHED l=1).mark_down
2023-12-08T20:46:14.739 INFO:teuthology.orchestra.run.smithi037.stdout:/usr/bin/ceph: stderr
2023-12-08T20:46:14.307+0000 7f0622d59700 1 --2- 172.21.15.37:0/70592024 >> [v2:172.21.15.37:6800/3091297783,v1:172.21.15.37:6801/3091297783] conn(0x7f060c0365f0 0x7f060c038aa0 secure :-1 s=READY pgs=15 cs=0 l=1 rev1=1 crypto rx=0x7f0608009990 tx=0x7f0608006e40 comp rx=0 tx=0).stop
2023-12-08T20:46:14.739 INFO:teuthology.orchestra.run.smithi037.stdout:/usr/bin/ceph: stderr
2023-12-08T20:46:14.307+0000 7f0622d59700 1 -- 172.21.15.37:0/70592024 >> [v2:172.21.15.37:3300/0,v1:172.21.15.37:6789/0] conn(0x7f061c102780 msgr2=0x7f061c10ef50 secure :-1 s=STATE_CONNECTION_ESTABLISHED l=1).mark_down
2023-12-08T20:46:14.739 INFO:teuthology.orchestra.run.smithi037.stdout:/usr/bin/ceph: stderr
2023-12-08T20:46:14.307+0000 7f0622d59700 1 --2- 172.21.15.37:0/70592024 >> [v2:172.21.15.37:3300/0,v1:172.21.15.37:6789/0] conn(0x7f061c102780 0x7f061c10ef50 secure :-1 s=READY pgs=54 cs=0 l=1 rev1=1 crypto rx=0x7f0610007010 tx=0x7f061000b4f0 comp rx=0 tx=0).stop
2023-12-08T20:46:14.739 INFO:teuthology.orchestra.run.smithi037.stdout:/usr/bin/ceph: stderr
2023-12-08T20:46:14.307+0000 7f0622d59700 1 -- 172.21.15.37:0/70592024 shutdown_connections
2023-12-08T20:46:14.739 INFO:teuthology.orchestra.run.smithi037.stdout:/usr/bin/ceph: stderr
2023-12-08T20:46:14.307+0000 7f0622d59700 1 --2- 172.21.15.37:0/70592024 >> [v2:172.21.15.37:6800/3091297783,v1:172.21.15.37:6801/3091297783] conn(0x7f060c0365f0 0x7f060c038aa0 unknown :-1 s=CLOSED pgs=15 cs=0 l=1 rev1=1 crypto rx=0 tx=0 comp rx=0 tx=0).stop
2023-12-08T20:46:14.739 INFO:teuthology.orchestra.run.smithi037.stdout:/usr/bin/ceph: stderr
2023-12-08T20:46:14.307+0000 7f0622d59700 1 --2- 172.21.15.37:0/70592024 >> [v2:172.21.15.37:3300/0,v1:172.21.15.37:6789/0] conn(0x7f061c102780 0x7f061c10ef50 unknown :-1 s=CLOSED pgs=54 cs=0 l=1 rev1=1 crypto rx=0 tx=0 comp rx=0 tx=0).stop
2023-12-08T20:46:14.739 INFO:teuthology.orchestra.run.smithi037.stdout:/usr/bin/ceph: stderr
