2023-12-08T20:45:50.174 INFO:journalctl@ceph.mon.smithi037.smithi037.stdout:Dec 08 20:45:49 smithi037 ceph-mon[111933]: mgrmap e2: smithi037.egfijl(active, starting, since 0.00345179s)
2023-12-08T20:45:50.175 INFO:journalctl@ceph.mon.smithi037.smithi037.stdout:Dec 08 20:45:49 smithi037 ceph-mon[111933]: from='mgr.14100 172.21.15.37:0/3819819178' entity='mgr.smithi037.egfijl' cmd=[{"prefix": "mds metadata"}]: dispatch
2023-12-08T20:45:50.175 INFO:journalctl@ceph.mon.smithi037.smithi037.stdout:Dec 08 20:45:49 smithi037 ceph-mon[111933]: from='mgr.14100 172.21.15.37:0/3819819178' entity='mgr.smithi037.egfijl' cmd=[{"prefix": "osd metadata"}]: dispatch
2023-12-08T20:45:50.175 INFO:journalctl@ceph.mon.smithi037.smithi037.stdout:Dec 08 20:45:49 smithi037 ceph-mon[111933]: from='mgr.14100 172.21.15.37:0/3819819178' entity='mgr.smithi037.egfijl' cmd=[{"prefix": "mon metadata"}]: dispatch
2023-12-08T20:45:50.175 INFO:journalctl@ceph.mon.smithi037.smithi037.stdout:Dec 08 20:45:49 smithi037 ceph-mon[111933]: from='mgr.14100 172.21.15.37:0/3819819178' entity='mgr.smithi037.egfijl' cmd=[{"prefix": "mon metadata", "id": "smithi037"}]: dispatch
2023-12-08T20:45:50.175 INFO:journalctl@ceph.mon.smithi037.smithi037.stdout:Dec 08 20:45:49 smithi037 ceph-mon[111933]: from='mgr.14100 172.21.15.37:0/3819819178' entity='mgr.smithi037.egfijl' cmd=[{"prefix": "mgr metadata", "who": "smithi037.egfijl", "id": "smithi037.egfijl"}]: dispatch
2023-12-08T20:45:50.175 INFO:journalctl@ceph.mon.smithi037.smithi037.stdout:Dec 08 20:45:49 smithi037 ceph-mon[111933]: Manager daemon smithi037.egfijl is now available
2023-12-08T20:45:50.175 INFO:journalctl@ceph.mon.smithi037.smithi037.stdout:Dec 08 20:45:49 smithi037 ceph-mon[111933]: from='mgr.14100 172.21.15.37:0/3819819178' entity='mgr.smithi037.egfijl' cmd=[{"prefix":"config rm","who":"mgr","name":"mgr/rbd_support/smithi037.egfijl/mirror_snapshot_schedule"}]: dispatch
2023-12-08T20:45:50.175 INFO:journalctl@ceph.mon.smithi037.smithi037.stdout:Dec 08 20:45:49 smithi037 ceph-mon[111933]: from='mgr.14100 172.21.15.37:0/3819819178' entity='mgr.smithi037.egfijl' cmd=[{"prefix":"config rm","who":"mgr","name":"mgr/rbd_support/smithi037.egfijl/trash_purge_schedule"}]: dispatch
2023-12-08T20:45:50.175 INFO:journalctl@ceph.mon.smithi037.smithi037.stdout:Dec 08 20:45:49 smithi037 ceph-mon[111933]: from='mgr.14100 172.21.15.37:0/3819819178' entity='mgr.smithi037.egfijl'
2023-12-08T20:45:50.175 INFO:journalctl@ceph.mon.smithi037.smithi037.stdout:Dec 08 20:45:49 smithi037 ceph-mon[111933]: from='mgr.14100 172.21.15.37:0/3819819178' entity='mgr.smithi037.egfijl'
2023-12-08T20:45:50.175 INFO:journalctl@ceph.mon.smithi037.smithi037.stdout:Dec 08 20:45:49 smithi037 ceph-mon[111933]: from='mgr.14100 172.21.15.37:0/3819819178' entity='mgr.smithi037.egfijl'
2023-12-08T20:45:51.370 INFO:teuthology.orchestra.run.smithi037.stdout:/usr/bin/ceph: stdout
2023-12-08T20:45:51.370 INFO:teuthology.orchestra.run.smithi037.stdout:/usr/bin/ceph: stdout {
2023-12-08T20:45:51.370 INFO:teuthology.orchestra.run.smithi037.stdout:/usr/bin/ceph: stdout "fsid": "a55f3efe-960a-11ee-95a3-87774f69a715",
2023-12-08T20:45:51.370 INFO:teuthology.orchestra.run.smithi037.stdout:/usr/bin/ceph: stdout "health": {
2023-12-08T20:45:51.370 INFO:teuthology.orchestra.run.smithi037.stdout:/usr/bin/ceph: stdout "status": "HEALTH_OK",
2023-12-08T20:45:51.370 INFO:teuthology.orchestra.run.smithi037.stdout:/usr/bin/ceph: stdout "checks": {},
2023-12-08T20:45:51.371 INFO:teuthology.orchestra.run.smithi037.stdout:/usr/bin/ceph: stdout "mutes": []
2023-12-08T20:45:51.371 INFO:teuthology.orchestra.run.smithi037.stdout:/usr/bin/ceph: stdout },
2023-12-08T20:45:51.371 INFO:teuthology.orchestra.run.smithi037.stdout:/usr/bin/ceph: stdout "election_epoch": 5,
2023-12-08T20:45:51.371 INFO:teuthology.orchestra.run.smithi037.stdout:/usr/bin/ceph: stdout "quorum": [
2023-12-08T20:45:51.371 INFO:teuthology.orchestra.run.smithi037.stdout:/usr/bin/ceph: stdout 0
2023-12-08T20:45:51.371 INFO:teuthology.orchestra.run.smithi037.stdout:/usr/bin/ceph: stdout ],
2023-12-08T20:45:51.371 INFO:teuthology.orchestra.run.smithi037.stdout:/usr/bin/ceph: stdout "quorum_names": [
2023-12-08T20:45:51.371 INFO:teuthology.orchestra.run.smithi037.stdout:/usr/bin/ceph: stdout "smithi037"
2023-12-08T20:45:51.371 INFO:teuthology.orchestra.run.smithi037.stdout:/usr/bin/ceph: stdout ],
2023-12-08T20:45:51.371 INFO:teuthology.orchestra.run.smithi037.stdout:/usr/bin/ceph: stdout "quorum_age": 12,
2023-12-08T20:45:51.371 INFO:teuthology.orchestra.run.smithi037.stdout:/usr/bin/ceph: stdout "monmap": {
2023-12-08T20:45:51.371 INFO:teuthology.orchestra.run.smithi037.stdout:/usr/bin/ceph: stdout "epoch": 1,
2023-12-08T20:45:51.371 INFO:teuthology.orchestra.run.smithi037.stdout:/usr/bin/ceph: stdout "min_mon_release_name": "quincy",
2023-12-08T20:45:51.371 INFO:teuthology.orchestra.run.smithi037.stdout:/usr/bin/ceph: stdout "num_mons": 1
2023-12-08T20:45:51.372 INFO:teuthology.orchestra.run.smithi037.stdout:/usr/bin/ceph: stdout },
2023-12-08T20:45:51.372 INFO:teuthology.orchestra.run.smithi037.stdout:/usr/bin/ceph: stdout "osdmap": {
2023-12-08T20:45:51.372 INFO:teuthology.orchestra.run.smithi037.stdout:/usr/bin/ceph: stdout "epoch": 1,
2023-12-08T20:45:51.372 INFO:teuthology.orchestra.run.smithi037.stdout:/usr/bin/ceph: stdout "num_osds": 0,
2023-12-08T20:45:51.372 INFO:teuthology.orchestra.run.smithi037.stdout:/usr/bin/ceph: stdout "num_up_osds": 0,
2023-12-08T20:45:51.372 INFO:teuthology.orchestra.run.smithi037.stdout:/usr/bin/ceph: stdout "osd_up_since": 0,
2023-12-08T20:45:51.372 INFO:teuthology.orchestra.run.smithi037.stdout:/usr/bin/ceph: stdout "num_in_osds": 0,
2023-12-08T20:45:51.372 INFO:teuthology.orchestra.run.smithi037.stdout:/usr/bin/ceph: stdout "osd_in_since": 0,
2023-12-08T20:45:51.380 INFO:teuthology.orchestra.run.smithi037.stdout:/usr/bin/ceph: stdout "num_remapped_pgs": 0
2023-12-08T20:45:51.380 INFO:teuthology.orchestra.run.smithi037.stdout:/usr/bin/ceph: stdout },
2023-12-08T20:45:51.380 INFO:teuthology.orchestra.run.smithi037.stdout:/usr/bin/ceph: stdout "pgmap": {
2023-12-08T20:45:51.380 INFO:teuthology.orchestra.run.smithi037.stdout:/usr/bin/ceph: stdout "pgs_by_state": [],
2023-12-08T20:45:51.380 INFO:teuthology.orchestra.run.smithi037.stdout:/usr/bin/ceph: stdout "num_pgs": 0,
2023-12-08T20:45:51.381 INFO:teuthology.orchestra.run.smithi037.stdout:/usr/bin/ceph: stdout "num_pools": 0,
2023-12-08T20:45:51.381 INFO:teuthology.orchestra.run.smithi037.stdout:/usr/bin/ceph: stdout "num_objects": 0,
2023-12-08T20:45:51.381 INFO:teuthology.orchestra.run.smithi037.stdout:/usr/bin/ceph: stdout "data_bytes": 0,
2023-12-08T20:45:51.381 INFO:teuthology.orchestra.run.smithi037.stdout:/usr/bin/ceph: stdout "bytes_used": 0,
2023-12-08T20:45:51.381 INFO:teuthology.orchestra.run.smithi037.stdout:/usr/bin/ceph: stdout "bytes_avail": 0,
2023-12-08T20:45:51.381 INFO:teuthology.orchestra.run.smithi037.stdout:/usr/bin/ceph: stdout "bytes_total": 0
2023-12-08T20:45:51.381 INFO:teuthology.orchestra.run.smithi037.stdout:/usr/bin/ceph: stdout },
2023-12-08T20:45:51.381 INFO:teuthology.orchestra.run.smithi037.stdout:/usr/bin/ceph: stdout "fsmap": {
2023-12-08T20:45:51.381 INFO:teuthology.orchestra.run.smithi037.stdout:/usr/bin/ceph: stdout "epoch": 1,
2023-12-08T20:45:51.381 INFO:teuthology.orchestra.run.smithi037.stdout:/usr/bin/ceph: stdout "by_rank": [],
2023-12-08T20:45:51.381 INFO:teuthology.orchestra.run.smithi037.stdout:/usr/bin/ceph: stdout "up:standby": 0
2023-12-08T20:45:51.381 INFO:teuthology.orchestra.run.smithi037.stdout:/usr/bin/ceph: stdout },
2023-12-08T20:45:51.381 INFO:teuthology.orchestra.run.smithi037.stdout:/usr/bin/ceph: stdout "mgrmap": {
2023-12-08T20:45:51.381 INFO:teuthology.orchestra.run.smithi037.stdout:/usr/bin/ceph: stdout "available": true,
2023-12-08T20:45:51.382 INFO:teuthology.orchestra.run.smithi037.stdout:/usr/bin/ceph: stdout "num_standbys": 0,
2023-12-08T20:45:51.382 INFO:teuthology.orchestra.run.smithi037.stdout:/usr/bin/ceph: stdout "modules": [
2023-12-08T20:45:51.382 INFO:teuthology.orchestra.run.smithi037.stdout:/usr/bin/ceph: stdout "iostat",
2023-12-08T20:45:51.382 INFO:teuthology.orchestra.run.smithi037.stdout:/usr/bin/ceph: stdout "nfs",
2023-12-08T20:45:51.382 INFO:teuthology.orchestra.run.smithi037.stdout:/usr/bin/ceph: stdout "restful"
2023-12-08T20:45:51.382 INFO:teuthology.orchestra.run.smithi037.stdout:/usr/bin/ceph: stdout ],
2023-12-08T20:45:51.382 INFO:teuthology.orchestra.run.smithi037.stdout:/usr/bin/ceph: stdout "services": {}
2023-12-08T20:45:51.382 INFO:teuthology.orchestra.run.smithi037.stdout:/usr/bin/ceph: stdout },
2023-12-08T20:45:51.382 INFO:teuthology.orchestra.run.smithi037.stdout:/usr/bin/ceph: stdout "servicemap": {
2023-12-08T20:45:51.382 INFO:teuthology.orchestra.run.smithi037.stdout:/usr/bin/ceph: stdout "epoch": 1,
2023-12-08T20:45:51.382 INFO:teuthology.orchestra.run.smithi037.stdout:/usr/bin/ceph: stdout "modified": "2023-12-08T20:45:35.065056+0000",
2023-12-08T20:45:51.382 INFO:teuthology.orchestra.run.smithi037.stdout:/usr/bin/ceph: stdout "services": {}
2023-12-08T20:45:51.382 INFO:teuthology.orchestra.run.smithi037.stdout:/usr/bin/ceph: stdout },
2023-12-08T20:45:51.382 INFO:teuthology.orchestra.run.smithi037.stdout:/usr/bin/ceph: stdout "progress_events": {}
2023-12-08T20:45:51.383 INFO:teuthology.orchestra.run.smithi037.stdout:/usr/bin/ceph: stdout }
2023-12-08T20:45:51.383 INFO:teuthology.orchestra.run.smithi037.stdout:/usr/bin/ceph: stderr
2023-12-08T20:45:50.730+0000 7f68c8a33700 1 Processor -- start
2023-12-08T20:45:51.383 INFO:teuthology.orchestra.run.smithi037.stdout:/usr/bin/ceph: stderr
2023-12-08T20:45:50.730+0000 7f68c8a33700 1 -- start start
2023-12-08T20:45:51.383 INFO:teuthology.orchestra.run.smithi037.stdout:/usr/bin/ceph: stderr
2023-12-08T20:45:50.731+0000 7f68c8a33700 1 --2- >> [v2:172.21.15.37:3300/0,v1:172.21.15.37:6789/0] conn(0x7f68c41039b0 0x7f68c4103dc0 unknown :-1 s=NONE pgs=0 cs=0 l=0 rev1=0 crypto rx=0 tx=0 comp rx=0 tx=0).connect
2023-12-08T20:45:51.383 INFO:teuthology.orchestra.run.smithi037.stdout:/usr/bin/ceph: stderr
2023-12-08T20:45:50.731+0000 7f68c8a33700 1 -- --> [v2:172.21.15.37:3300/0,v1:172.21.15.37:6789/0] -- mon_getmap magic: 0 v1 -- 0x7f68c4104300 con 0x7f68c41039b0
2023-12-08T20:45:51.383 INFO:teuthology.orchestra.run.smithi037.stdout:/usr/bin/ceph: stderr
2023-12-08T20:45:50.731+0000 7f68c259c700 1 --2- >> [v2:172.21.15.37:3300/0,v1:172.21.15.37:6789/0] conn(0x7f68c41039b0 0x7f68c4103dc0 unknown :-1 s=BANNER_CONNECTING pgs=0 cs=0 l=0 rev1=0 crypto rx=0 tx=0 comp rx=0 tx=0)._handle_peer_banner_payload supported=3 required=0
2023-12-08T20:45:51.383 INFO:teuthology.orchestra.run.smithi037.stdout:/usr/bin/ceph: stderr
2023-12-08T20:45:50.731+0000 7f68c259c700 1 --2- >> [v2:172.21.15.37:3300/0,v1:172.21.15.37:6789/0] conn(0x7f68c41039b0 0x7f68c4103dc0 unknown :-1 s=HELLO_CONNECTING pgs=0 cs=0 l=0 rev1=1 crypto rx=0 tx=0 comp rx=0 tx=0).handle_hello peer v2:172.21.15.37:3300/0 says I am v2:172.21.15.37:58068/0 (socket says 172.21.15.37:58068)
2023-12-08T20:45:51.383 INFO:teuthology.orchestra.run.smithi037.stdout:/usr/bin/ceph: stderr
2023-12-08T20:45:50.731+0000 7f68c259c700 1 -- 172.21.15.37:0/1317767039 learned_addr learned my addr 172.21.15.37:0/1317767039 (peer_addr_for_me v2:172.21.15.37:0/0)
2023-12-08T20:45:51.383 INFO:teuthology.orchestra.run.smithi037.stdout:/usr/bin/ceph: stderr
2023-12-08T20:45:50.731+0000 7f68c259c700 1 -- 172.21.15.37:0/1317767039 --> [v2:172.21.15.37:3300/0,v1:172.21.15.37:6789/0] -- mon_subscribe({config=0+,monmap=0+}) v3 -- 0x7f68c4104440 con 0x7f68c41039b0
2023-12-08T20:45:51.383 INFO:teuthology.orchestra.run.smithi037.stdout:/usr/bin/ceph: stderr
2023-12-08T20:45:50.731+0000 7f68c259c700 1 --2- 172.21.15.37:0/1317767039 >> [v2:172.21.15.37:3300/0,v1:172.21.15.37:6789/0] conn(0x7f68c41039b0 0x7f68c4103dc0 secure :-1 s=READY pgs=18 cs=0 l=1 rev1=1 crypto rx=0x7f68b40098e0 tx=0x7f68b4009250 comp rx=0 tx=0).ready entity=mon.0 client_cookie=d82f0c0f10c89793 server_cookie=0 in_seq=0 out_seq=0
2023-12-08T20:45:51.383 INFO:teuthology.orchestra.run.smithi037.stdout:/usr/bin/ceph: stderr
2023-12-08T20:45:50.732+0000 7f68c159a700 1 -- 172.21.15.37:0/1317767039 <== mon.0 v2:172.21.15.37:3300/0 1 ==== mon_map magic: 0 v1 ==== 229+0+0 (secure 0 0 0) 0x7f68b400b860 con 0x7f68c41039b0
2023-12-08T20:45:51.383 INFO:teuthology.orchestra.run.smithi037.stdout:/usr/bin/ceph: stderr
2023-12-08T20:45:50.732+0000 7f68c159a700 1 -- 172.21.15.37:0/1317767039 <== mon.0 v2:172.21.15.37:3300/0 2 ==== config(26 keys) v1 ==== 1009+0+0 (secure 0 0 0) 0x7f68b400be30 con 0x7f68c41039b0
2023-12-08T20:45:51.383 INFO:teuthology.orchestra.run.smithi037.stdout:/usr/bin/ceph: stderr
2023-12-08T20:45:50.732+0000 7f68c159a700 1 -- 172.21.15.37:0/1317767039 <== mon.0 v2:172.21.15.37:3300/0 3 ==== mon_map magic: 0 v1 ==== 229+0+0 (secure 0 0 0) 0x7f68b4010380 con 0x7f68c41039b0
2023-12-08T20:45:51.383 INFO:teuthology.orchestra.run.smithi037.stdout:/usr/bin/ceph: stderr
2023-12-08T20:45:50.732+0000 7f68c8a33700 1 -- 172.21.15.37:0/1317767039 >> [v2:172.21.15.37:3300/0,v1:172.21.15.37:6789/0] conn(0x7f68c41039b0 msgr2=0x7f68c4103dc0 secure :-1 s=STATE_CONNECTION_ESTABLISHED l=1).mark_down
2023-12-08T20:45:51.384 INFO:teuthology.orchestra.run.smithi037.stdout:/usr/bin/ceph: stderr
2023-12-08T20:45:50.732+0000 7f68c8a33700 1 --2- 172.21.15.37:0/1317767039 >> [v2:172.21.15.37:3300/0,v1:172.21.15.37:6789/0] conn(0x7f68c41039b0 0x7f68c4103dc0 secure :-1 s=READY pgs=18 cs=0 l=1 rev1=1 crypto rx=0x7f68b40098e0 tx=0x7f68b4009250 comp rx=0 tx=0).stop
2023-12-08T20:45:51.384 INFO:teuthology.orchestra.run.smithi037.stdout:/usr/bin/ceph: stderr
2023-12-08T20:45:50.732+0000 7f68c8a33700 1 -- 172.21.15.37:0/1317767039 shutdown_connections
2023-12-08T20:45:51.384 INFO:teuthology.orchestra.run.smithi037.stdout:/usr/bin/ceph: stderr
2023-12-08T20:45:50.732+0000 7f68c8a33700 1 --2- 172.21.15.37:0/1317767039 >> [v2:172.21.15.37:3300/0,v1:172.21.15.37:6789/0] conn(0x7f68c41039b0 0x7f68c4103dc0 unknown :-1 s=CLOSED pgs=18 cs=0 l=1 rev1=1 crypto rx=0 tx=0 comp rx=0 tx=0).stop
2023-12-08T20:45:51.384 INFO:teuthology.orchestra.run.smithi037.stdout:/usr/bin/ceph: stderr
2023-12-08T20:45:50.732+0000 7f68c8a33700 1 -- 172.21.15.37:0/1317767039 >> 172.21.15.37:0/1317767039 conn(0x7f68c40fc0b0 msgr2=0x7f68c40fe4e0 unknown :-1 s=STATE_NONE l=0).mark_down
2023-12-08T20:45:51.384 INFO:teuthology.orchestra.run.smithi037.stdout:/usr/bin/ceph: stderr
2023-12-08T20:45:50.732+0000 7f68c8a33700 1 -- 172.21.15.37:0/1317767039 shutdown_connections
2023-12-08T20:45:51.384 INFO:teuthology.orchestra.run.smithi037.stdout:/usr/bin/ceph: stderr
2023-12-08T20:45:50.732+0000 7f68c8a33700 1 -- 172.21.15.37:0/1317767039 wait complete.
2023-12-08T20:45:51.384 INFO:teuthology.orchestra.run.smithi037.stdout:/usr/bin/ceph: stderr
2023-12-08T20:45:50.733+0000 7f68c8a33700 1 Processor -- start
2023-12-08T20:45:51.384 INFO:teuthology.orchestra.run.smithi037.stdout:/usr/bin/ceph: stderr
2023-12-08T20:45:50.733+0000 7f68c8a33700 1 -- start start
2023-12-08T20:45:51.384 INFO:teuthology.orchestra.run.smithi037.stdout:/usr/bin/ceph: stderr
2023-12-08T20:45:50.733+0000 7f68c8a33700 1 --2- >> [v2:172.21.15.37:3300/0,v1:172.21.15.37:6789/0] conn(0x7f68c41039b0 0x7f68c41031f0 unknown :-1 s=NONE pgs=0 cs=0 l=1 rev1=0 crypto rx=0 tx=0 comp rx=0 tx=0).connect
2023-12-08T20:45:51.384 INFO:teuthology.orchestra.run.smithi037.stdout:/usr/bin/ceph: stderr
2023-12-08T20:45:50.733+0000 7f68c8a33700 1 -- --> [v2:172.21.15.37:3300/0,v1:172.21.15.37:6789/0] -- mon_getmap magic: 0 v1 -- 0x7f68c4101670 con 0x7f68c41039b0
2023-12-08T20:45:51.384 INFO:teuthology.orchestra.run.smithi037.stdout:/usr/bin/ceph: stderr
2023-12-08T20:45:50.733+0000 7f68c259c700 1 --2- >> [v2:172.21.15.37:3300/0,v1:172.21.15.37:6789/0] conn(0x7f68c41039b0 0x7f68c41031f0 unknown :-1 s=BANNER_CONNECTING pgs=0 cs=0 l=1 rev1=0 crypto rx=0 tx=0 comp rx=0 tx=0)._handle_peer_banner_payload supported=3 required=0
2023-12-08T20:45:51.384 INFO:teuthology.orchestra.run.smithi037.stdout:/usr/bin/ceph: stderr
2023-12-08T20:45:50.733+0000 7f68c259c700 1 --2- >> [v2:172.21.15.37:3300/0,v1:172.21.15.37:6789/0] conn(0x7f68c41039b0 0x7f68c41031f0 unknown :-1 s=HELLO_CONNECTING pgs=0 cs=0 l=1 rev1=1 crypto rx=0 tx=0 comp rx=0 tx=0).handle_hello peer v2:172.21.15.37:3300/0 says I am v2:172.21.15.37:58074/0 (socket says 172.21.15.37:58074)
2023-12-08T20:45:51.384 INFO:teuthology.orchestra.run.smithi037.stdout:/usr/bin/ceph: stderr
2023-12-08T20:45:50.733+0000 7f68c259c700 1 -- 172.21.15.37:0/3702779006 learned_addr learned my addr 172.21.15.37:0/3702779006 (peer_addr_for_me v2:172.21.15.37:0/0)
2023-12-08T20:45:51.384 INFO:teuthology.orchestra.run.smithi037.stdout:/usr/bin/ceph: stderr
2023-12-08T20:45:50.734+0000 7f68c259c700 1 -- 172.21.15.37:0/3702779006 --> [v2:172.21.15.37:3300/0,v1:172.21.15.37:6789/0] -- mon_subscribe({config=0+,monmap=0+}) v3 -- 0x7f68b40094f0 con 0x7f68c41039b0
2023-12-08T20:45:51.385 INFO:teuthology.orchestra.run.smithi037.stdout:/usr/bin/ceph: stderr
2023-12-08T20:45:50.734+0000 7f68c259c700 1 --2- 172.21.15.37:0/3702779006 >> [v2:172.21.15.37:3300/0,v1:172.21.15.37:6789/0] conn(0x7f68c41039b0 0x7f68c41031f0 secure :-1 s=READY pgs=19 cs=0 l=1 rev1=1 crypto rx=0x7f68b4006b00 tx=0x7f68b4009250 comp rx=0 tx=0).ready entity=mon.0 client_cookie=0 server_cookie=0 in_seq=0 out_seq=0
2023-12-08T20:45:51.385 INFO:teuthology.orchestra.run.smithi037.stdout:/usr/bin/ceph: stderr
2023-12-08T20:45:50.734+0000 7f68b2ffd700 1 -- 172.21.15.37:0/3702779006 <== mon.0 v2:172.21.15.37:3300/0 1 ==== mon_map magic: 0 v1 ==== 229+0+0 (secure 0 0 0) 0x7f68b40109b0 con 0x7f68c41039b0
2023-12-08T20:45:51.385 INFO:teuthology.orchestra.run.smithi037.stdout:/usr/bin/ceph: stderr
2023-12-08T20:45:50.734+0000 7f68b2ffd700 1 -- 172.21.15.37:0/3702779006 <== mon.0 v2:172.21.15.37:3300/0 2 ==== config(26 keys) v1 ==== 1009+0+0 (secure 0 0 0) 0x7f68b4024440 con 0x7f68c41039b0
2023-12-08T20:45:51.385 INFO:teuthology.orchestra.run.smithi037.stdout:/usr/bin/ceph: stderr
2023-12-08T20:45:50.734+0000 7f68c8a33700 1 -- 172.21.15.37:0/3702779006 --> [v2:172.21.15.37:3300/0,v1:172.21.15.37:6789/0] -- mon_subscribe({mgrmap=0+}) v3 -- 0x7f68c4101870 con 0x7f68c41039b0
2023-12-08T20:45:51.385 INFO:teuthology.orchestra.run.smithi037.stdout:/usr/bin/ceph: stderr
2023-12-08T20:45:50.734+0000 7f68b2ffd700 1 -- 172.21.15.37:0/3702779006 <== mon.0 v2:172.21.15.37:3300/0 3 ==== mon_map magic: 0 v1 ==== 229+0+0 (secure 0 0 0) 0x7f68b401a5f0 con 0x7f68c41039b0
2023-12-08T20:45:51.385 INFO:teuthology.orchestra.run.smithi037.stdout:/usr/bin/ceph: stderr
2023-12-08T20:45:50.734+0000 7f68c8a33700 1 -- 172.21.15.37:0/3702779006 --> [v2:172.21.15.37:3300/0,v1:172.21.15.37:6789/0] -- mon_subscribe({osdmap=0}) v3 -- 0x7f68c4101c80 con 0x7f68c41039b0
2023-12-08T20:45:51.385 INFO:teuthology.orchestra.run.smithi037.stdout:/usr/bin/ceph: stderr
2023-12-08T20:45:50.735+0000 7f68b2ffd700 1 -- 172.21.15.37:0/3702779006 <== mon.0 v2:172.21.15.37:3300/0 4 ==== mgrmap(e 3) v1 ==== 43164+0+0 (secure 0 0 0) 0x7f68b401a860 con 0x7f68c41039b0
2023-12-08T20:45:51.385 INFO:teuthology.orchestra.run.smithi037.stdout:/usr/bin/ceph: stderr
2023-12-08T20:45:50.735+0000 7f68b2ffd700 1 --2- 172.21.15.37:0/3702779006 >> [v2:172.21.15.37:6800/1121071989,v1:172.21.15.37:6801/1121071989] conn(0x7f68ac0364c0 0x7f68ac038970 unknown :-1 s=NONE pgs=0 cs=0 l=1 rev1=0 crypto rx=0 tx=0 comp rx=0 tx=0).connect
2023-12-08T20:45:51.385 INFO:teuthology.orchestra.run.smithi037.stdout:/usr/bin/ceph: stderr
2023-12-08T20:45:50.735+0000 7f68b2ffd700 1 -- 172.21.15.37:0/3702779006 <== mon.0 v2:172.21.15.37:3300/0 5 ==== osd_map(1..1 src has 1..1) v4 ==== 721+0+0 (secure 0 0 0) 0x7f68b404b210 con 0x7f68c41039b0
2023-12-08T20:45:51.385 INFO:teuthology.orchestra.run.smithi037.stdout:/usr/bin/ceph: stderr
2023-12-08T20:45:50.735+0000 7f68c1d9b700 1 --2- 172.21.15.37:0/3702779006 >> [v2:172.21.15.37:6800/1121071989,v1:172.21.15.37:6801/1121071989] conn(0x7f68ac0364c0 0x7f68ac038970 unknown :-1 s=BANNER_CONNECTING pgs=0 cs=0 l=1 rev1=0 crypto rx=0 tx=0 comp rx=0 tx=0)._handle_peer_banner_payload supported=3 required=0
2023-12-08T20:45:51.385 INFO:teuthology.orchestra.run.smithi037.stdout:/usr/bin/ceph: stderr
2023-12-08T20:45:50.735+0000 7f68c8a33700 1 -- 172.21.15.37:0/3702779006 --> [v2:172.21.15.37:3300/0,v1:172.21.15.37:6789/0] -- mon_command({"prefix": "get_command_descriptions"} v 0) v1 -- 0x7f68a40052e0 con 0x7f68c41039b0
2023-12-08T20:45:51.385 INFO:teuthology.orchestra.run.smithi037.stdout:/usr/bin/ceph: stderr
2023-12-08T20:45:50.736+0000 7f68c1d9b700 1 --2- 172.21.15.37:0/3702779006 >> [v2:172.21.15.37:6800/1121071989,v1:172.21.15.37:6801/1121071989] conn(0x7f68ac0364c0 0x7f68ac038970 secure :-1 s=READY pgs=6 cs=0 l=1 rev1=1 crypto rx=0x7f68b8009990 tx=0x7f68b8006e40 comp rx=0 tx=0).ready entity=mgr.14100 client_cookie=0 server_cookie=0 in_seq=0 out_seq=0
2023-12-08T20:45:51.385 INFO:teuthology.orchestra.run.smithi037.stdout:/usr/bin/ceph: stderr
2023-12-08T20:45:50.741+0000 7f68b2ffd700 1 -- 172.21.15.37:0/3702779006 <== mon.0 v2:172.21.15.37:3300/0 6 ==== mon_command_ack([{"prefix": "get_command_descriptions"}]=0 v0) v1 ==== 72+0+174570 (secure 0 0 0) 0x7f68b401ab10 con 0x7f68c41039b0
2023-12-08T20:45:51.385 INFO:teuthology.orchestra.run.smithi037.stdout:/usr/bin/ceph: stderr
2023-12-08T20:45:51.024+0000 7f68c8a33700 1 -- 172.21.15.37:0/3702779006 --> [v2:172.21.15.37:3300/0,v1:172.21.15.37:6789/0] -- mon_command({"prefix": "status", "format": "json-pretty"} v 0) v1 -- 0x7f68a4005590 con 0x7f68c41039b0
2023-12-08T20:45:51.385 INFO:teuthology.orchestra.run.smithi037.stdout:/usr/bin/ceph: stderr
2023-12-08T20:45:51.024+0000 7f68b2ffd700 1 -- 172.21.15.37:0/3702779006 <== mon.0 v2:172.21.15.37:3300/0 7 ==== mon_command_ack([{"prefix": "status", "format": "json-pretty"}]=0 v0) v1 ==== 79+0+1248 (secure 0 0 0) 0x7f68b4049020 con 0x7f68c41039b0
2023-12-08T20:45:51.386 INFO:teuthology.orchestra.run.smithi037.stdout:/usr/bin/ceph: stderr
2023-12-08T20:45:51.026+0000 7f68c8a33700 1 -- 172.21.15.37:0/3702779006 >> [v2:172.21.15.37:6800/1121071989,v1:172.21.15.37:6801/1121071989] conn(0x7f68ac0364c0 msgr2=0x7f68ac038970 secure :-1 s=STATE_CONNECTION_ESTABLISHED l=1).mark_down
2023-12-08T20:45:51.386 INFO:teuthology.orchestra.run.smithi037.stdout:/usr/bin/ceph: stderr
2023-12-08T20:45:51.026+0000 7f68c8a33700 1 --2- 172.21.15.37:0/3702779006 >> [v2:172.21.15.37:6800/1121071989,v1:172.21.15.37:6801/1121071989] conn(0x7f68ac0364c0 0x7f68ac038970 secure :-1 s=READY pgs=6 cs=0 l=1 rev1=1 crypto rx=0x7f68b8009990 tx=0x7f68b8006e40 comp rx=0 tx=0).stop
2023-12-08T20:45:51.386 INFO:teuthology.orchestra.run.smithi037.stdout:/usr/bin/ceph: stderr
2023-12-08T20:45:51.026+0000 7f68c8a33700 1 -- 172.21.15.37:0/3702779006 >> [v2:172.21.15.37:3300/0,v1:172.21.15.37:6789/0] conn(0x7f68c41039b0 msgr2=0x7f68c41031f0 secure :-1 s=STATE_CONNECTION_ESTABLISHED l=1).mark_down
2023-12-08T20:45:51.386 INFO:teuthology.orchestra.run.smithi037.stdout:/usr/bin/ceph: stderr
2023-12-08T20:45:51.026+0000 7f68c8a33700 1 --2- 172.21.15.37:0/3702779006 >> [v2:172.21.15.37:3300/0,v1:172.21.15.37:6789/0] conn(0x7f68c41039b0 0x7f68c41031f0 secure :-1 s=READY pgs=19 cs=0 l=1 rev1=1 crypto rx=0x7f68b4006b00 tx=0x7f68b4009250 comp rx=0 tx=0).stop
2023-12-08T20:45:51.386 INFO:teuthology.orchestra.run.smithi037.stdout:/usr/bin/ceph: stderr
2023-12-08T20:45:51.026+0000 7f68c8a33700 1 -- 172.21.15.37:0/3702779006 shutdown_connections
2023-12-08T20:45:51.386 INFO:teuthology.orchestra.run.smithi037.stdout:/usr/bin/ceph: stderr
2023-12-08T20:45:51.026+0000 7f68c8a33700 1 --2- 172.21.15.37:0/3702779006 >> [v2:172.21.15.37:6800/1121071989,v1:172.21.15.37:6801/1121071989] conn(0x7f68ac0364c0 0x7f68ac038970 unknown :-1 s=CLOSED pgs=6 cs=0 l=1 rev1=1 crypto rx=0 tx=0 comp rx=0 tx=0).stop
2023-12-08T20:45:51.386 INFO:teuthology.orchestra.run.smithi037.stdout:/usr/bin/ceph: stderr
2023-12-08T20:45:51.026+0000 7f68c8a33700 1 --2- 172.21.15.37:0/3702779006 >> [v2:172.21.15.37:3300/0,v1:172.21.15.37:6789/0] conn(0x7f68c41039b0 0x7f68c41031f0 unknown :-1 s=CLOSED pgs=19 cs=0 l=1 rev1=1 crypto rx=0 tx=0 comp rx=0 tx=0).stop
2023-12-08T20:45:51.386 INFO:teuthology.orchestra.run.smithi037.stdout:/usr/bin/ceph: stderr
2023-12-08T20:45:51.026+0000 7f68c8a33700 1 -- 172.21.15.37:0/3702779006 >> 172.21.15.37:0/3702779006 conn(0x7f68c40fc0b0 msgr2=0x7f68c40fd830 unknown :-1 s=STATE_NONE l=0).mark_down
2023-12-08T20:45:51.386 INFO:teuthology.orchestra.run.smithi037.stdout:/usr/bin/ceph: stderr
2023-12-08T20:45:51.027+0000 7f68c8a33700 1 -- 172.21.15.37:0/3702779006 shutdown_connections
2023-12-08T20:45:51.386 INFO:teuthology.orchestra.run.smithi037.stdout:/usr/bin/ceph: stderr
2023-12-08T20:45:51.027+0000 7f68c8a33700 1 -- 172.21.15.37:0/3702779006 wait complete.
2023-12-08T20:45:51.386 INFO:teuthology.orchestra.run.smithi037.stdout:mgr is available
2023-12-08T20:45:51.424 INFO:journalctl@ceph.mon.smithi037.smithi037.stdout:Dec 08 20:45:51 smithi037 ceph-mon[111933]: mgrmap e3: smithi037.egfijl(active, since 1.00906s)
2023-12-08T20:45:51.424 INFO:journalctl@ceph.mon.smithi037.smithi037.stdout:Dec 08 20:45:51 smithi037 ceph-mon[111933]: from='client.? 172.21.15.37:0/3702779006' entity='client.admin' cmd=[{"prefix": "status", "format": "json-pretty"}]: dispatch
2023-12-08T20:45:52.424 INFO:journalctl@ceph.mon.smithi037.smithi037.stdout:Dec 08 20:45:52 smithi037 ceph-mon[111933]: from='client.? 172.21.15.37:0/1969897009' entity='client.admin' cmd=[{"prefix": "config assimilate-conf"}]: dispatch
2023-12-08T20:45:53.424 INFO:journalctl@ceph.mon.smithi037.smithi037.stdout:Dec 08 20:45:53 smithi037 ceph-mon[111933]: mgrmap e4: smithi037.egfijl(active, since 3s)
2023-12-08T20:45:53.756 INFO:teuthology.orchestra.run.smithi037.stdout:/usr/bin/ceph: stdout
2023-12-08T20:45:53.756 INFO:teuthology.orchestra.run.smithi037.stdout:/usr/bin/ceph: stdout [global]
2023-12-08T20:45:53.756 INFO:teuthology.orchestra.run.smithi037.stdout:/usr/bin/ceph: stdout fsid = a55f3efe-960a-11ee-95a3-87774f69a715
2023-12-08T20:45:53.756 INFO:teuthology.orchestra.run.smithi037.stdout:/usr/bin/ceph: stdout mon_osd_allow_pg_remap = true
2023-12-08T20:45:53.757 INFO:teuthology.orchestra.run.smithi037.stdout:/usr/bin/ceph: stdout mon_osd_allow_primary_affinity = true
2023-12-08T20:45:53.757 INFO:teuthology.orchestra.run.smithi037.stdout:/usr/bin/ceph: stdout mon_warn_on_no_sortbitwise = false
2023-12-08T20:45:53.757 INFO:teuthology.orchestra.run.smithi037.stdout:/usr/bin/ceph: stdout osd_crush_chooseleaf_type = 0
2023-12-08T20:45:53.757 INFO:teuthology.orchestra.run.smithi037.stdout:/usr/bin/ceph: stdout
2023-12-08T20:45:53.757 INFO:teuthology.orchestra.run.smithi037.stdout:/usr/bin/ceph: stdout [mgr]
2023-12-08T20:45:53.757 INFO:teuthology.orchestra.run.smithi037.stdout:/usr/bin/ceph: stdout mgr/telemetry/nag = false
2023-12-08T20:45:53.757 INFO:teuthology.orchestra.run.smithi037.stdout:/usr/bin/ceph: stdout
2023-12-08T20:45:53.757 INFO:teuthology.orchestra.run.smithi037.stdout:/usr/bin/ceph: stdout [osd]
2023-12-08T20:45:53.757 INFO:teuthology.orchestra.run.smithi037.stdout:/usr/bin/ceph: stdout mon_osd_backfillfull_ratio = 0.85
2023-12-08T20:45:53.757 INFO:teuthology.orchestra.run.smithi037.stdout:/usr/bin/ceph: stdout mon_osd_full_ratio = 0.9
2023-12-08T20:45:53.757 INFO:teuthology.orchestra.run.smithi037.stdout:/usr/bin/ceph: stdout mon_osd_nearfull_ratio = 0.8
2023-12-08T20:45:53.757 INFO:teuthology.orchestra.run.smithi037.stdout:/usr/bin/ceph: stdout osd_map_max_advance = 10
2023-12-08T20:45:53.757 INFO:teuthology.orchestra.run.smithi037.stdout:/usr/bin/ceph: stdout osd_sloppy_crc = true
2023-12-08T20:45:53.757 INFO:teuthology.orchestra.run.smithi037.stdout:/usr/bin/ceph: stderr
2023-12-08T20:45:51.767+0000 7fc12f516700 1 Processor -- start
2023-12-08T20:45:53.757 INFO:teuthology.orchestra.run.smithi037.stdout:/usr/bin/ceph: stderr
2023-12-08T20:45:51.767+0000 7fc12f516700 1 -- start start
2023-12-08T20:45:53.758 INFO:teuthology.orchestra.run.smithi037.stdout:/usr/bin/ceph: stderr
2023-12-08T20:45:51.767+0000 7fc12f516700 1 --2- >> [v2:172.21.15.37:3300/0,v1:172.21.15.37:6789/0] conn(0x7fc1281011d0 0x7fc1281015e0 unknown :-1 s=NONE pgs=0 cs=0 l=0 rev1=0 crypto rx=0 tx=0 comp rx=0 tx=0).connect
2023-12-08T20:45:53.758 INFO:teuthology.orchestra.run.smithi037.stdout:/usr/bin/ceph: stderr
2023-12-08T20:45:51.767+0000 7fc12f516700 1 -- --> [v2:172.21.15.37:3300/0,v1:172.21.15.37:6789/0] -- mon_getmap magic: 0 v1 -- 0x7fc128101b20 con 0x7fc1281011d0
2023-12-08T20:45:53.758 INFO:teuthology.orchestra.run.smithi037.stdout:/usr/bin/ceph: stderr
2023-12-08T20:45:51.767+0000 7fc12d2b2700 1 --2- >> [v2:172.21.15.37:3300/0,v1:172.21.15.37:6789/0] conn(0x7fc1281011d0 0x7fc1281015e0 unknown :-1 s=BANNER_CONNECTING pgs=0 cs=0 l=0 rev1=0 crypto rx=0 tx=0 comp rx=0 tx=0)._handle_peer_banner_payload supported=3 required=0
2023-12-08T20:45:53.758 INFO:teuthology.orchestra.run.smithi037.stdout:/usr/bin/ceph: stderr
2023-12-08T20:45:51.767+0000 7fc12d2b2700 1 --2- >> [v2:172.21.15.37:3300/0,v1:172.21.15.37:6789/0] conn(0x7fc1281011d0 0x7fc1281015e0 unknown :-1 s=HELLO_CONNECTING pgs=0 cs=0 l=0 rev1=1 crypto rx=0 tx=0 comp rx=0 tx=0).handle_hello peer v2:172.21.15.37:3300/0 says I am v2:172.21.15.37:58084/0 (socket says 172.21.15.37:58084)
2023-12-08T20:45:53.758 INFO:teuthology.orchestra.run.smithi037.stdout:/usr/bin/ceph: stderr
2023-12-08T20:45:51.767+0000 7fc12d2b2700 1 -- 172.21.15.37:0/1911138487 learned_addr learned my addr 172.21.15.37:0/1911138487 (peer_addr_for_me v2:172.21.15.37:0/0)
2023-12-08T20:45:53.758 INFO:teuthology.orchestra.run.smithi037.stdout:/usr/bin/ceph: stderr
2023-12-08T20:45:51.768+0000 7fc12d2b2700 1 -- 172.21.15.37:0/1911138487 --> [v2:172.21.15.37:3300/0,v1:172.21.15.37:6789/0] -- mon_subscribe({config=0+,monmap=0+}) v3 -- 0x7fc128101c60 con 0x7fc1281011d0
2023-12-08T20:45:53.758 INFO:teuthology.orchestra.run.smithi037.stdout:/usr/bin/ceph: stderr
2023-12-08T20:45:51.768+0000 7fc12d2b2700 1 --2- 172.21.15.37:0/1911138487 >> [v2:172.21.15.37:3300/0,v1:172.21.15.37:6789/0] conn(0x7fc1281011d0 0x7fc1281015e0 secure :-1 s=READY pgs=20 cs=0 l=1 rev1=1 crypto rx=0x7fc1240098e0 tx=0x7fc124009250 comp rx=0 tx=0).ready entity=mon.0 client_cookie=b1334896f6fb039a server_cookie=0 in_seq=0 out_seq=0
2023-12-08T20:45:53.758 INFO:teuthology.orchestra.run.smithi037.stdout:/usr/bin/ceph: stderr
2023-12-08T20:45:51.768+0000 7fc11ffff700 1 -- 172.21.15.37:0/1911138487 <== mon.0 v2:172.21.15.37:3300/0 1 ==== mon_map magic: 0 v1 ==== 229+0+0 (secure 0 0 0) 0x7fc12400b860 con 0x7fc1281011d0
2023-12-08T20:45:53.758 INFO:teuthology.orchestra.run.smithi037.stdout:/usr/bin/ceph: stderr
2023-12-08T20:45:51.768+0000 7fc11ffff700 1 -- 172.21.15.37:0/1911138487 <== mon.0 v2:172.21.15.37:3300/0 2 ==== config(26 keys) v1 ==== 1009+0+0 (secure 0 0 0) 0x7fc12400be30 con 0x7fc1281011d0
2023-12-08T20:45:53.758 INFO:teuthology.orchestra.run.smithi037.stdout:/usr/bin/ceph: stderr
2023-12-08T20:45:51.768+0000 7fc11ffff700 1 -- 172.21.15.37:0/1911138487 <== mon.0 v2:172.21.15.37:3300/0 3 ==== mon_map magic: 0 v1 ==== 229+0+0 (secure 0 0 0) 0x7fc124010380 con 0x7fc1281011d0
2023-12-08T20:45:53.758 INFO:teuthology.orchestra.run.smithi037.stdout:/usr/bin/ceph: stderr
2023-12-08T20:45:51.768+0000 7fc12f516700 1 -- 172.21.15.37:0/1911138487 >> [v2:172.21.15.37:3300/0,v1:172.21.15.37:6789/0] conn(0x7fc1281011d0 msgr2=0x7fc1281015e0 secure :-1 s=STATE_CONNECTION_ESTABLISHED l=1).mark_down
2023-12-08T20:45:53.758 INFO:teuthology.orchestra.run.smithi037.stdout:/usr/bin/ceph: stderr
2023-12-08T20:45:51.768+0000 7fc12f516700 1 --2- 172.21.15.37:0/1911138487 >> [v2:172.21.15.37:3300/0,v1:172.21.15.37:6789/0] conn(0x7fc1281011d0 0x7fc1281015e0 secure :-1 s=READY pgs=20 cs=0 l=1 rev1=1 crypto rx=0x7fc1240098e0 tx=0x7fc124009250 comp rx=0 tx=0).stop
2023-12-08T20:45:53.758 INFO:teuthology.orchestra.run.smithi037.stdout:/usr/bin/ceph: stderr
2023-12-08T20:45:51.768+0000 7fc12f516700 1 -- 172.21.15.37:0/1911138487 shutdown_connections
2023-12-08T20:45:53.758 INFO:teuthology.orchestra.run.smithi037.stdout:/usr/bin/ceph: stderr
2023-12-08T20:45:51.768+0000 7fc12f516700 1 --2- 172.21.15.37:0/1911138487 >> [v2:172.21.15.37:3300/0,v1:172.21.15.37:6789/0] conn(0x7fc1281011d0 0x7fc1281015e0 unknown :-1 s=CLOSED pgs=20 cs=0 l=1 rev1=1 crypto rx=0 tx=0 comp rx=0 tx=0).stop
2023-12-08T20:45:53.759 INFO:teuthology.orchestra.run.smithi037.stdout:/usr/bin/ceph: stderr
2023-12-08T20:45:51.768+0000 7fc12f516700 1 -- 172.21.15.37:0/1911138487 >> 172.21.15.37:0/1911138487 conn(0x7fc1280fc970 msgr2=0x7fc1280fed80 unknown :-1 s=STATE_NONE l=0).mark_down
2023-12-08T20:45:53.759 INFO:teuthology.orchestra.run.smithi037.stdout:/usr/bin/ceph: stderr
2023-12-08T20:45:51.769+0000 7fc12f516700 1 -- 172.21.15.37:0/1911138487 shutdown_connections
2023-12-08T20:45:53.759 INFO:teuthology.orchestra.run.smithi037.stdout:/usr/bin/ceph: stderr
2023-12-08T20:45:51.769+0000 7fc12f516700 1 -- 172.21.15.37:0/1911138487 wait complete.
2023-12-08T20:45:53.759 INFO:teuthology.orchestra.run.smithi037.stdout:/usr/bin/ceph: stderr
2023-12-08T20:45:51.769+0000 7fc12f516700 1 Processor -- start
2023-12-08T20:45:53.759 INFO:teuthology.orchestra.run.smithi037.stdout:/usr/bin/ceph: stderr
2023-12-08T20:45:51.769+0000 7fc12f516700 1 -- start start
2023-12-08T20:45:53.759 INFO:teuthology.orchestra.run.smithi037.stdout:/usr/bin/ceph: stderr
2023-12-08T20:45:51.769+0000 7fc12f516700 1 --2- >> [v2:172.21.15.37:3300/0,v1:172.21.15.37:6789/0] conn(0x7fc1281011d0 0x7fc128107570 unknown :-1 s=NONE pgs=0 cs=0 l=1 rev1=0 crypto rx=0 tx=0 comp rx=0 tx=0).connect
2023-12-08T20:45:53.759 INFO:teuthology.orchestra.run.smithi037.stdout:/usr/bin/ceph: stderr
2023-12-08T20:45:51.769+0000 7fc12f516700 1 -- --> [v2:172.21.15.37:3300/0,v1:172.21.15.37:6789/0] -- mon_getmap magic: 0 v1 -- 0x7fc1281059f0 con 0x7fc1281011d0
2023-12-08T20:45:53.759 INFO:teuthology.orchestra.run.smithi037.stdout:/usr/bin/ceph: stderr
2023-12-08T20:45:51.769+0000 7fc12d2b2700 1 --2- >> [v2:172.21.15.37:3300/0,v1:172.21.15.37:6789/0] conn(0x7fc1281011d0 0x7fc128107570 unknown :-1 s=BANNER_CONNECTING pgs=0 cs=0 l=1 rev1=0 crypto rx=0 tx=0 comp rx=0 tx=0)._handle_peer_banner_payload supported=3 required=0
2023-12-08T20:45:53.759 INFO:teuthology.orchestra.run.smithi037.stdout:/usr/bin/ceph: stderr
2023-12-08T20:45:51.769+0000 7fc12d2b2700 1 --2- >> [v2:172.21.15.37:3300/0,v1:172.21.15.37:6789/0] conn(0x7fc1281011d0 0x7fc128107570 unknown :-1 s=HELLO_CONNECTING pgs=0 cs=0 l=1 rev1=1 crypto rx=0 tx=0 comp rx=0 tx=0).handle_hello peer v2:172.21.15.37:3300/0 says I am v2:172.21.15.37:58094/0 (socket says 172.21.15.37:58094)
2023-12-08T20:45:53.759 INFO:teuthology.orchestra.run.smithi037.stdout:/usr/bin/ceph: stderr
2023-12-08T20:45:51.770+0000 7fc12d2b2700 1 -- 172.21.15.37:0/1969897009 learned_addr learned my addr 172.21.15.37:0/1969897009 (peer_addr_for_me v2:172.21.15.37:0/0)
2023-12-08T20:45:53.759 INFO:teuthology.orchestra.run.smithi037.stdout:/usr/bin/ceph: stderr
2023-12-08T20:45:51.770+0000 7fc12d2b2700 1 -- 172.21.15.37:0/1969897009 --> [v2:172.21.15.37:3300/0,v1:172.21.15.37:6789/0] -- mon_subscribe({config=0+,monmap=0+}) v3 -- 0x7fc1240094f0 con 0x7fc1281011d0
2023-12-08T20:45:53.759 INFO:teuthology.orchestra.run.smithi037.stdout:/usr/bin/ceph: stderr
2023-12-08T20:45:51.770+0000 7fc12d2b2700 1 --2- 172.21.15.37:0/1969897009 >> [v2:172.21.15.37:3300/0,v1:172.21.15.37:6789/0] conn(0x7fc1281011d0 0x7fc128107570 secure :-1 s=READY pgs=21 cs=0 l=1 rev1=1 crypto rx=0x7fc124006b00 tx=0x7fc124009250 comp rx=0 tx=0).ready entity=mon.0 client_cookie=0 server_cookie=0 in_seq=0 out_seq=0
2023-12-08T20:45:53.759 INFO:teuthology.orchestra.run.smithi037.stdout:/usr/bin/ceph: stderr
2023-12-08T20:45:51.770+0000 7fc11dffb700 1 -- 172.21.15.37:0/1969897009 <== mon.0 v2:172.21.15.37:3300/0 1 ==== mon_map magic: 0 v1 ==== 229+0+0 (secure 0 0 0) 0x7fc1240109b0 con 0x7fc1281011d0
2023-12-08T20:45:53.759 INFO:teuthology.orchestra.run.smithi037.stdout:/usr/bin/ceph: stderr
2023-12-08T20:45:51.770+0000 7fc11dffb700 1 -- 172.21.15.37:0/1969897009 <== mon.0 v2:172.21.15.37:3300/0 2 ==== config(26 keys) v1 ==== 1009+0+0 (secure 0 0 0) 0x7fc124024440 con 0x7fc1281011d0
2023-12-08T20:45:53.759 INFO:teuthology.orchestra.run.smithi037.stdout:/usr/bin/ceph: stderr
2023-12-08T20:45:51.770+0000 7fc12f516700 1 -- 172.21.15.37:0/1969897009 --> [v2:172.21.15.37:3300/0,v1:172.21.15.37:6789/0] -- mon_subscribe({mgrmap=0+}) v3 -- 0x7fc128105bf0 con 0x7fc1281011d0
2023-12-08T20:45:53.760 INFO:teuthology.orchestra.run.smithi037.stdout:/usr/bin/ceph: stderr
2023-12-08T20:45:51.770+0000 7fc11dffb700 1 -- 172.21.15.37:0/1969897009 <== mon.0 v2:172.21.15.37:3300/0 3 ==== mon_map magic: 0 v1 ==== 229+0+0 (secure 0 0 0) 0x7fc12401a5f0 con 0x7fc1281011d0
2023-12-08T20:45:53.760 INFO:teuthology.orchestra.run.smithi037.stdout:/usr/bin/ceph: stderr
2023-12-08T20:45:51.770+0000 7fc12f516700 1 -- 172.21.15.37:0/1969897009 --> [v2:172.21.15.37:3300/0,v1:172.21.15.37:6789/0] -- mon_subscribe({osdmap=0}) v3 -- 0x7fc128106000 con 0x7fc1281011d0
2023-12-08T20:45:53.760 INFO:teuthology.orchestra.run.smithi037.stdout:/usr/bin/ceph: stderr
2023-12-08T20:45:51.771+0000 7fc11dffb700 1 -- 172.21.15.37:0/1969897009 <== mon.0 v2:172.21.15.37:3300/0 4 ==== mgrmap(e 3) v1 ==== 43164+0+0 (secure 0 0 0) 0x7fc124024990 con 0x7fc1281011d0
2023-12-08T20:45:53.760 INFO:teuthology.orchestra.run.smithi037.stdout:/usr/bin/ceph: stderr
2023-12-08T20:45:51.771+0000 7fc11dffb700 1 --2- 172.21.15.37:0/1969897009 >> [v2:172.21.15.37:6800/1121071989,v1:172.21.15.37:6801/1121071989] conn(0x7fc114036470 0x7fc114038920 unknown :-1 s=NONE pgs=0 cs=0 l=1 rev1=0 crypto rx=0 tx=0 comp rx=0 tx=0).connect
2023-12-08T20:45:53.760 INFO:teuthology.orchestra.run.smithi037.stdout:/usr/bin/ceph: stderr
2023-12-08T20:45:51.772+0000 7fc11dffb700 1 -- 172.21.15.37:0/1969897009 <== mon.0 v2:172.21.15.37:3300/0 5 ==== osd_map(1..1 src has 1..1) v4 ==== 721+0+0 (secure 0 0 0) 0x7fc12404a300 con 0x7fc1281011d0
2023-12-08T20:45:53.760 INFO:teuthology.orchestra.run.smithi037.stdout:/usr/bin/ceph: stderr
2023-12-08T20:45:51.771+0000 7fc12f516700 1 -- 172.21.15.37:0/1969897009 --> [v2:172.21.15.37:3300/0,v1:172.21.15.37:6789/0] -- mon_command({"prefix": "get_command_descriptions"} v 0) v1 -- 0x7fc12804bb80 con 0x7fc1281011d0
2023-12-08T20:45:53.760 INFO:teuthology.orchestra.run.smithi037.stdout:/usr/bin/ceph: stderr
2023-12-08T20:45:51.772+0000 7fc12cab1700 1 --2- 172.21.15.37:0/1969897009 >> [v2:172.21.15.37:6800/1121071989,v1:172.21.15.37:6801/1121071989] conn(0x7fc114036470 0x7fc114038920 unknown :-1 s=BANNER_CONNECTING pgs=0 cs=0 l=1 rev1=0 crypto rx=0 tx=0 comp rx=0 tx=0)._handle_peer_banner_payload supported=3 required=0
2023-12-08T20:45:53.760 INFO:teuthology.orchestra.run.smithi037.stdout:/usr/bin/ceph: stderr
2023-12-08T20:45:51.772+0000 7fc12cab1700 1 --2- 172.21.15.37:0/1969897009 >> [v2:172.21.15.37:6800/1121071989,v1:172.21.15.37:6801/1121071989] conn(0x7fc114036470 0x7fc114038920 secure :-1 s=READY pgs=7 cs=0 l=1 rev1=1 crypto rx=0x7fc118009990 tx=0x7fc118006e40 comp rx=0 tx=0).ready entity=mgr.14100 client_cookie=0 server_cookie=0 in_seq=0 out_seq=0
2023-12-08T20:45:53.760 INFO:teuthology.orchestra.run.smithi037.stdout:/usr/bin/ceph: stderr
2023-12-08T20:45:51.777+0000 7fc11dffb700 1 -- 172.21.15.37:0/1969897009 <== mon.0 v2:172.21.15.37:3300/0 6 ==== mon_command_ack([{"prefix": "get_command_descriptions"}]=0 v0) v1 ==== 72+0+174570 (secure 0 0 0) 0x7fc124006d70 con 0x7fc1281011d0
2023-12-08T20:45:53.760 INFO:teuthology.orchestra.run.smithi037.stdout:/usr/bin/ceph: stderr
2023-12-08T20:45:51.981+0000 7fc12f516700 1 -- 172.21.15.37:0/1969897009 --> [v2:172.21.15.37:3300/0,v1:172.21.15.37:6789/0] -- mon_command({"prefix": "config assimilate-conf"} v 0) v1 -- 0x7fc128102fe0 con 0x7fc1281011d0
2023-12-08T20:45:53.760 INFO:teuthology.orchestra.run.smithi037.stdout:/usr/bin/ceph: stderr
2023-12-08T20:45:51.982+0000 7fc11dffb700 1 -- 172.21.15.37:0/1969897009 <== mon.0 v2:172.21.15.37:3300/0 7 ==== mon_command_ack([{"prefix": "config assimilate-conf"}]=0 v3) v1 ==== 70+0+373 (secure 0 0 0) 0x7fc1240233a0 con 0x7fc1281011d0
2023-12-08T20:45:53.760 INFO:teuthology.orchestra.run.smithi037.stdout:/usr/bin/ceph: stderr
2023-12-08T20:45:51.984+0000 7fc12f516700 1 -- 172.21.15.37:0/1969897009 >> [v2:172.21.15.37:6800/1121071989,v1:172.21.15.37:6801/1121071989] conn(0x7fc114036470 msgr2=0x7fc114038920 secure :-1 s=STATE_CONNECTION_ESTABLISHED l=1).mark_down
2023-12-08T20:45:53.761 INFO:teuthology.orchestra.run.smithi037.stdout:/usr/bin/ceph: stderr
2023-12-08T20:45:51.984+0000 7fc12f516700 1 --2- 172.21.15.37:0/1969897009 >> [v2:172.21.15.37:6800/1121071989,v1:172.21.15.37:6801/1121071989] conn(0x7fc114036470 0x7fc114038920 secure :-1 s=READY pgs=7 cs=0 l=1 rev1=1 crypto rx=0x7fc118009990 tx=0x7fc118006e40 comp rx=0 tx=0).stop
2023-12-08T20:45:53.761 INFO:teuthology.orchestra.run.smithi037.stdout:/usr/bin/ceph: stderr
2023-12-08T20:45:51.984+0000 7fc12f516700 1 -- 172.21.15.37:0/1969897009 >> [v2:172.21.15.37:3300/0,v1:172.21.15.37:6789/0] conn(0x7fc1281011d0 msgr2=0x7fc128107570 secure :-1 s=STATE_CONNECTION_ESTABLISHED l=1).mark_down
2023-12-08T20:45:53.761 INFO:teuthology.orchestra.run.smithi037.stdout:/usr/bin/ceph: stderr
2023-12-08T20:45:51.984+0000 7fc12f516700 1 --2- 172.21.15.37:0/1969897009 >> [v2:172.21.15.37:3300/0,v1:172.21.15.37:6789/0] conn(0x7fc1281011d0 0x7fc128107570 secure :-1 s=READY pgs=21 cs=0 l=1 rev1=1 crypto rx=0x7fc124006b00 tx=0x7fc124009250 comp rx=0 tx=0).stop
2023-12-08T20:45:53.761 INFO:teuthology.orchestra.run.smithi037.stdout:/usr/bin/ceph: stderr
2023-12-08T20:45:51.985+0000 7fc12f516700 1 -- 172.21.15.37:0/1969897009 shutdown_connections
2023-12-08T20:45:53.761 INFO:teuthology.orchestra.run.smithi037.stdout:/usr/bin/ceph: stderr
2023-12-08T20:45:51.985+0000 7fc12f516700 1 --2- 172.21.15.37:0/1969897009 >> [v2:172.21.15.37:6800/1121071989,v1:172.21.15.37:6801/1121071989] conn(0x7fc114036470 0x7fc114038920 unknown :-1 s=CLOSED pgs=7 cs=0 l=1 rev1=1 crypto rx=0 tx=0 comp rx=0 tx=0).stop
2023-12-08T20:45:53.761 INFO:teuthology.orchestra.run.smithi037.stdout:/usr/bin/ceph: stderr
2023-12-08T20:45:51.985+0000 7fc12f516700 1 --2- 172.21.15.37:0/1969897009 >> [v2:172.21.15.37:3300/0,v1:172.21.15.37:6789/0] conn(0x7fc1281011d0 0x7fc128107570 unknown :-1 s=CLOSED pgs=21 cs=0 l=1 rev1=1 crypto rx=0 tx=0 comp rx=0 tx=0).stop
2023-12-08T20:45:53.761 INFO:teuthology.orchestra.run.smithi037.stdout:/usr/bin/ceph: stderr
2023-12-08T20:45:51.985+0000 7fc12f516700 1 -- 172.21.15.37:0/1969897009 >> 172.21.15.37:0/1969897009 conn(0x7fc1280fc970 msgr2=0x7fc128070bb0 unknown :-1 s=STATE_NONE l=0).mark_down
2023-12-08T20:45:53.761 INFO:teuthology.orchestra.run.smithi037.stdout:/usr/bin/ceph: stderr
2023-12-08T20:45:51.985+0000 7fc12f516700 1 -- 172.21.15.37:0/1969897009 shutdown_connections
2023-12-08T20:45:53.761 INFO:teuthology.orchestra.run.smithi037.stdout:/usr/bin/ceph: stderr
2023-12-08T20:45:51.985+0000 7fc12f516700 1 -- 172.21.15.37:0/1969897009 wait complete.
2023-12-08T20:45:53.761 INFO:teuthology.orchestra.run.smithi037.stdout:Enabling cephadm module...
2023-12-08T20:45:55.572 INFO:journalctl@ceph.mon.smithi037.smithi037.stdout:Dec 08 20:45:55 smithi037 ceph-mon[111933]: from='client.? 172.21.15.37:0/3570811211' entity='client.admin' cmd=[{"prefix": "mgr module enable", "module": "cephadm"}]: dispatch
2023-12-08T20:45:56.485 INFO:journalctl@ceph.mon.smithi037.smithi037.stdout:Dec 08 20:45:56 smithi037 ceph-mon[111933]: from='client.? 172.21.15.37:0/3570811211' entity='client.admin' cmd='[{"prefix": "mgr module enable", "module": "cephadm"}]': finished
2023-12-08T20:45:56.485 INFO:journalctl@ceph.mon.smithi037.smithi037.stdout:Dec 08 20:45:56 smithi037 ceph-mon[111933]: mgrmap e5: smithi037.egfijl(active, since 6s)
2023-12-08T20:45:57.572 INFO:teuthology.orchestra.run.smithi037.stdout:/usr/bin/ceph: stderr
2023-12-08T20:45:54.887+0000 7fd0a20ad700 1 Processor -- start
2023-12-08T20:45:57.605 INFO:teuthology.orchestra.run.smithi037.stdout:/usr/bin/ceph: stderr
2023-12-08T20:45:54.887+0000 7fd0a20ad700 1 -- start start
2023-12-08T20:45:57.605 INFO:teuthology.orchestra.run.smithi037.stdout:/usr/bin/ceph: stderr
2023-12-08T20:45:54.887+0000 7fd0a20ad700 1 --2- >> [v2:172.21.15.37:3300/0,v1:172.21.15.37:6789/0] conn(0x7fd09c076c20 0x7fd09c104ed0 unknown :-1 s=NONE pgs=0 cs=0 l=0 rev1=0 crypto rx=0 tx=0 comp rx=0 tx=0).connect
2023-12-08T20:45:57.605 INFO:teuthology.orchestra.run.smithi037.stdout:/usr/bin/ceph: stderr
2023-12-08T20:45:54.887+0000 7fd0a20ad700 1 -- --> [v2:172.21.15.37:3300/0,v1:172.21.15.37:6789/0] -- mon_getmap magic: 0 v1 -- 0x7fd09c105410 con 0x7fd09c076c20
2023-12-08T20:45:57.605 INFO:teuthology.orchestra.run.smithi037.stdout:/usr/bin/ceph: stderr
2023-12-08T20:45:54.887+0000 7fd09b7fe700 1 --2- >> [v2:172.21.15.37:3300/0,v1:172.21.15.37:6789/0] conn(0x7fd09c076c20 0x7fd09c104ed0 unknown :-1 s=BANNER_CONNECTING pgs=0 cs=0 l=0 rev1=0 crypto rx=0 tx=0 comp rx=0 tx=0)._handle_peer_banner_payload supported=3 required=0
2023-12-08T20:45:57.605 INFO:teuthology.orchestra.run.smithi037.stdout:/usr/bin/ceph: stderr
2023-12-08T20:45:54.888+0000 7fd09b7fe700 1 --2- >> [v2:172.21.15.37:3300/0,v1:172.21.15.37:6789/0] conn(0x7fd09c076c20 0x7fd09c104ed0 unknown :-1 s=HELLO_CONNECTING pgs=0 cs=0 l=0 rev1=1 crypto rx=0 tx=0 comp rx=0 tx=0).handle_hello peer v2:172.21.15.37:3300/0 says I am v2:172.21.15.37:58104/0 (socket says 172.21.15.37:58104)
2023-12-08T20:45:57.605 INFO:teuthology.orchestra.run.smithi037.stdout:/usr/bin/ceph: stderr
2023-12-08T20:45:54.888+0000 7fd09b7fe700 1 -- 172.21.15.37:0/981764251 learned_addr learned my addr 172.21.15.37:0/981764251 (peer_addr_for_me v2:172.21.15.37:0/0)
2023-12-08T20:45:57.605 INFO:teuthology.orchestra.run.smithi037.stdout:/usr/bin/ceph: stderr
2023-12-08T20:45:54.888+0000 7fd09b7fe700 1 -- 172.21.15.37:0/981764251 --> [v2:172.21.15.37:3300/0,v1:172.21.15.37:6789/0] -- mon_subscribe({config=0+,monmap=0+}) v3 -- 0x7fd09c105550 con 0x7fd09c076c20
2023-12-08T20:45:57.605 INFO:teuthology.orchestra.run.smithi037.stdout:/usr/bin/ceph: stderr
2023-12-08T20:45:54.888+0000 7fd09b7fe700 1 --2- 172.21.15.37:0/981764251 >> [v2:172.21.15.37:3300/0,v1:172.21.15.37:6789/0] conn(0x7fd09c076c20 0x7fd09c104ed0 secure :-1 s=READY pgs=22 cs=0 l=1 rev1=1 crypto rx=0x7fd08c0098e0 tx=0x7fd08c009250 comp rx=0 tx=0).ready entity=mon.0 client_cookie=161650bccdc465f1 server_cookie=0 in_seq=0 out_seq=0
2023-12-08T20:45:57.606 INFO:teuthology.orchestra.run.smithi037.stdout:/usr/bin/ceph: stderr
2023-12-08T20:45:54.888+0000 7fd09a7fc700 1 -- 172.21.15.37:0/981764251 <== mon.0 v2:172.21.15.37:3300/0 1 ==== mon_map magic: 0 v1 ==== 229+0+0 (secure 0 0 0) 0x7fd08c00b860 con 0x7fd09c076c20
2023-12-08T20:45:57.606 INFO:teuthology.orchestra.run.smithi037.stdout:/usr/bin/ceph: stderr
2023-12-08T20:45:54.888+0000 7fd09a7fc700 1 -- 172.21.15.37:0/981764251 <== mon.0 v2:172.21.15.37:3300/0 2 ==== config(26 keys) v1 ==== 1009+0+0 (secure 0 0 0) 0x7fd08c00be30 con 0x7fd09c076c20
2023-12-08T20:45:57.606 INFO:teuthology.orchestra.run.smithi037.stdout:/usr/bin/ceph: stderr
2023-12-08T20:45:54.888+0000 7fd09a7fc700 1 -- 172.21.15.37:0/981764251 <== mon.0 v2:172.21.15.37:3300/0 3 ==== mon_map magic: 0 v1 ==== 229+0+0 (secure 0 0 0) 0x7fd08c010380 con 0x7fd09c076c20
2023-12-08T20:45:57.606 INFO:teuthology.orchestra.run.smithi037.stdout:/usr/bin/ceph: stderr
2023-12-08T20:45:54.889+0000 7fd0a20ad700 1 -- 172.21.15.37:0/981764251 >> [v2:172.21.15.37:3300/0,v1:172.21.15.37:6789/0] conn(0x7fd09c076c20 msgr2=0x7fd09c104ed0 secure :-1 s=STATE_CONNECTION_ESTABLISHED l=1).mark_down
2023-12-08T20:45:57.606 INFO:teuthology.orchestra.run.smithi037.stdout:/usr/bin/ceph: stderr
2023-12-08T20:45:54.889+0000 7fd0a20ad700 1 --2- 172.21.15.37:0/981764251 >> [v2:172.21.15.37:3300/0,v1:172.21.15.37:6789/0] conn(0x7fd09c076c20 0x7fd09c104ed0 secure :-1 s=READY pgs=22 cs=0 l=1 rev1=1 crypto rx=0x7fd08c0098e0 tx=0x7fd08c009250 comp rx=0 tx=0).stop
2023-12-08T20:45:57.606 INFO:teuthology.orchestra.run.smithi037.stdout:/usr/bin/ceph: stderr
2023-12-08T20:45:54.889+0000 7fd0a20ad700 1 -- 172.21.15.37:0/981764251 shutdown_connections
2023-12-08T20:45:57.606 INFO:teuthology.orchestra.run.smithi037.stdout:/usr/bin/ceph: stderr
2023-12-08T20:45:54.889+0000 7fd0a20ad700 1 --2- 172.21.15.37:0/981764251 >> [v2:172.21.15.37:3300/0,v1:172.21.15.37:6789/0] conn(0x7fd09c076c20 0x7fd09c104ed0 unknown :-1 s=CLOSED pgs=22 cs=0 l=1 rev1=1 crypto rx=0 tx=0 comp rx=0 tx=0).stop
2023-12-08T20:45:57.606 INFO:teuthology.orchestra.run.smithi037.stdout:/usr/bin/ceph: stderr
2023-12-08T20:45:54.889+0000 7fd0a20ad700 1 -- 172.21.15.37:0/981764251 >> 172.21.15.37:0/981764251 conn(0x7fd09c0fc980 msgr2=0x7fd09c0fed90 unknown :-1 s=STATE_NONE l=0).mark_down
2023-12-08T20:45:57.606 INFO:teuthology.orchestra.run.smithi037.stdout:/usr/bin/ceph: stderr
2023-12-08T20:45:54.889+0000 7fd0a20ad700 1 -- 172.21.15.37:0/981764251 shutdown_connections
2023-12-08T20:45:57.606 INFO:teuthology.orchestra.run.smithi037.stdout:/usr/bin/ceph: stderr
2023-12-08T20:45:54.889+0000 7fd0a20ad700 1 -- 172.21.15.37:0/981764251 wait complete.
2023-12-08T20:45:57.606 INFO:teuthology.orchestra.run.smithi037.stdout:/usr/bin/ceph: stderr
2023-12-08T20:45:54.889+0000 7fd0a20ad700 1 Processor -- start
2023-12-08T20:45:57.606 INFO:teuthology.orchestra.run.smithi037.stdout:/usr/bin/ceph: stderr
2023-12-08T20:45:54.890+0000 7fd0a20ad700 1 -- start start
2023-12-08T20:45:57.606 INFO:teuthology.orchestra.run.smithi037.stdout:/usr/bin/ceph: stderr
2023-12-08T20:45:54.890+0000 7fd0a20ad700 1 --2- >> [v2:172.21.15.37:3300/0,v1:172.21.15.37:6789/0] conn(0x7fd09c076c20 0x7fd09c102950 unknown :-1 s=NONE pgs=0 cs=0 l=1 rev1=0 crypto rx=0 tx=0 comp rx=0 tx=0).connect
