2023-12-09T02:28:12.637+0000 7f666eccf700 1 --2- 172.21.15.88:0/2901630353 >> [v2:172.21.15.88:3300/0,v1:172.21.15.88:6789/0] conn(0x7f6668070fc0 0x7f6668104ee0 unknown :-1 s=CLOSED pgs=22 cs=0 l=1 rev1=1 crypto rx=0 tx=0 comp rx=0 tx=0).stop
2023-12-09T02:28:13.295 INFO:teuthology.orchestra.run.smithi088.stdout:/usr/bin/ceph: stderr
2023-12-09T02:28:12.637+0000 7f666eccf700 1 -- 172.21.15.88:0/2901630353 >> 172.21.15.88:0/2901630353 conn(0x7f66680fc970 msgr2=0x7f66680fed80 unknown :-1 s=STATE_NONE l=0).mark_down
2023-12-09T02:28:13.295 INFO:teuthology.orchestra.run.smithi088.stdout:/usr/bin/ceph: stderr
2023-12-09T02:28:12.638+0000 7f666eccf700 1 -- 172.21.15.88:0/2901630353 shutdown_connections
2023-12-09T02:28:13.295 INFO:teuthology.orchestra.run.smithi088.stdout:/usr/bin/ceph: stderr
2023-12-09T02:28:12.638+0000 7f666eccf700 1 -- 172.21.15.88:0/2901630353 wait complete.
2023-12-09T02:28:13.295 INFO:teuthology.orchestra.run.smithi088.stdout:/usr/bin/ceph: stderr
2023-12-09T02:28:12.638+0000 7f666eccf700 1 Processor -- start
2023-12-09T02:28:13.295 INFO:teuthology.orchestra.run.smithi088.stdout:/usr/bin/ceph: stderr
2023-12-09T02:28:12.638+0000 7f666eccf700 1 -- start start
2023-12-09T02:28:13.295 INFO:teuthology.orchestra.run.smithi088.stdout:/usr/bin/ceph: stderr
2023-12-09T02:28:12.638+0000 7f666eccf700 1 --2- >> [v2:172.21.15.88:3300/0,v1:172.21.15.88:6789/0] conn(0x7f6668070fc0 0x7f6668111180 unknown :-1 s=NONE pgs=0 cs=0 l=1 rev1=0 crypto rx=0 tx=0 comp rx=0 tx=0).connect
2023-12-09T02:28:13.295 INFO:teuthology.orchestra.run.smithi088.stdout:/usr/bin/ceph: stderr
2023-12-09T02:28:12.638+0000 7f666eccf700 1 -- --> [v2:172.21.15.88:3300/0,v1:172.21.15.88:6789/0] -- mon_getmap magic: 0 v1 -- 0x7f66681116c0 con 0x7f6668070fc0
2023-12-09T02:28:13.295 INFO:teuthology.orchestra.run.smithi088.stdout:/usr/bin/ceph: stderr
2023-12-09T02:28:12.639+0000 7f666ca6b700 1 --2- >> [v2:172.21.15.88:3300/0,v1:172.21.15.88:6789/0] conn(0x7f6668070fc0 0x7f6668111180 unknown :-1 s=BANNER_CONNECTING pgs=0 cs=0 l=1 rev1=0 crypto rx=0 tx=0 comp rx=0 tx=0)._handle_peer_banner_payload supported=3 required=0
2023-12-09T02:28:13.295 INFO:teuthology.orchestra.run.smithi088.stdout:/usr/bin/ceph: stderr
2023-12-09T02:28:12.639+0000 7f666ca6b700 1 --2- >> [v2:172.21.15.88:3300/0,v1:172.21.15.88:6789/0] conn(0x7f6668070fc0 0x7f6668111180 unknown :-1 s=HELLO_CONNECTING pgs=0 cs=0 l=1 rev1=1 crypto rx=0 tx=0 comp rx=0 tx=0).handle_hello peer v2:172.21.15.88:3300/0 says I am v2:172.21.15.88:43954/0 (socket says 172.21.15.88:43954)
2023-12-09T02:28:13.295 INFO:teuthology.orchestra.run.smithi088.stdout:/usr/bin/ceph: stderr
2023-12-09T02:28:12.639+0000 7f666ca6b700 1 -- 172.21.15.88:0/3130589766 learned_addr learned my addr 172.21.15.88:0/3130589766 (peer_addr_for_me v2:172.21.15.88:0/0)
2023-12-09T02:28:13.295 INFO:teuthology.orchestra.run.smithi088.stdout:/usr/bin/ceph: stderr
2023-12-09T02:28:12.639+0000 7f666ca6b700 1 -- 172.21.15.88:0/3130589766 --> [v2:172.21.15.88:3300/0,v1:172.21.15.88:6789/0] -- mon_subscribe({config=0+,monmap=0+}) v3 -- 0x7f665c0094f0 con 0x7f6668070fc0
2023-12-09T02:28:13.295 INFO:teuthology.orchestra.run.smithi088.stdout:/usr/bin/ceph: stderr
2023-12-09T02:28:12.639+0000 7f666ca6b700 1 --2- 172.21.15.88:0/3130589766 >> [v2:172.21.15.88:3300/0,v1:172.21.15.88:6789/0] conn(0x7f6668070fc0 0x7f6668111180 secure :-1 s=READY pgs=23 cs=0 l=1 rev1=1 crypto rx=0x7f665c006d40 tx=0x7f665c009250 comp rx=0 tx=0).ready entity=mon.0 client_cookie=0 server_cookie=0 in_seq=0 out_seq=0
2023-12-09T02:28:13.295 INFO:teuthology.orchestra.run.smithi088.stdout:/usr/bin/ceph: stderr
2023-12-09T02:28:12.639+0000 7f66657fa700 1 -- 172.21.15.88:0/3130589766 <== mon.0 v2:172.21.15.88:3300/0 1 ==== mon_map magic: 0 v1 ==== 229+0+0 (secure 0 0 0) 0x7f665c0109b0 con 0x7f6668070fc0
2023-12-09T02:28:13.296 INFO:teuthology.orchestra.run.smithi088.stdout:/usr/bin/ceph: stderr
2023-12-09T02:28:12.639+0000 7f66657fa700 1 -- 172.21.15.88:0/3130589766 <== mon.0 v2:172.21.15.88:3300/0 2 ==== config(26 keys) v1 ==== 1009+0+0 (secure 0 0 0) 0x7f665c024440 con 0x7f6668070fc0
2023-12-09T02:28:13.296 INFO:teuthology.orchestra.run.smithi088.stdout:/usr/bin/ceph: stderr
2023-12-09T02:28:12.639+0000 7f666eccf700 1 -- 172.21.15.88:0/3130589766 --> [v2:172.21.15.88:3300/0,v1:172.21.15.88:6789/0] -- mon_subscribe({mgrmap=0+}) v3 -- 0x7f66681118c0 con 0x7f6668070fc0
2023-12-09T02:28:13.296 INFO:teuthology.orchestra.run.smithi088.stdout:/usr/bin/ceph: stderr
2023-12-09T02:28:12.639+0000 7f66657fa700 1 -- 172.21.15.88:0/3130589766 <== mon.0 v2:172.21.15.88:3300/0 3 ==== mon_map magic: 0 v1 ==== 229+0+0 (secure 0 0 0) 0x7f665c01a5f0 con 0x7f6668070fc0
2023-12-09T02:28:13.296 INFO:teuthology.orchestra.run.smithi088.stdout:/usr/bin/ceph: stderr
2023-12-09T02:28:12.639+0000 7f666eccf700 1 -- 172.21.15.88:0/3130589766 --> [v2:172.21.15.88:3300/0,v1:172.21.15.88:6789/0] -- mon_subscribe({osdmap=0}) v3 -- 0x7f6668111cd0 con 0x7f6668070fc0
2023-12-09T02:28:13.296 INFO:teuthology.orchestra.run.smithi088.stdout:/usr/bin/ceph: stderr
2023-12-09T02:28:12.640+0000 7f66657fa700 1 -- 172.21.15.88:0/3130589766 <== mon.0 v2:172.21.15.88:3300/0 4 ==== mgrmap(e 4) v1 ==== 43270+0+0 (secure 0 0 0) 0x7f665c01a870 con 0x7f6668070fc0
2023-12-09T02:28:13.296 INFO:teuthology.orchestra.run.smithi088.stdout:/usr/bin/ceph: stderr
2023-12-09T02:28:12.640+0000 7f66657fa700 1 --2- 172.21.15.88:0/3130589766 >> [v2:172.21.15.88:6800/3992950126,v1:172.21.15.88:6801/3992950126] conn(0x7f66580365a0 0x7f6658038a50 unknown :-1 s=NONE pgs=0 cs=0 l=1 rev1=0 crypto rx=0 tx=0 comp rx=0 tx=0).connect
2023-12-09T02:28:13.296 INFO:teuthology.orchestra.run.smithi088.stdout:/usr/bin/ceph: stderr
2023-12-09T02:28:12.640+0000 7f66657fa700 1 -- 172.21.15.88:0/3130589766 <== mon.0 v2:172.21.15.88:3300/0 5 ==== osd_map(1..1 src has 1..1) v4 ==== 721+0+0 (secure 0 0 0) 0x7f665c04a510 con 0x7f6668070fc0
2023-12-09T02:28:13.296 INFO:teuthology.orchestra.run.smithi088.stdout:/usr/bin/ceph: stderr
2023-12-09T02:28:12.640+0000 7f666eccf700 1 -- 172.21.15.88:0/3130589766 --> [v2:172.21.15.88:3300/0,v1:172.21.15.88:6789/0] -- mon_command({"prefix": "get_command_descriptions"} v 0) v1 -- 0x7f666804bb80 con 0x7f6668070fc0
2023-12-09T02:28:13.296 INFO:teuthology.orchestra.run.smithi088.stdout:/usr/bin/ceph: stderr
2023-12-09T02:28:12.640+0000 7f6667fff700 1 --2- 172.21.15.88:0/3130589766 >> [v2:172.21.15.88:6800/3992950126,v1:172.21.15.88:6801/3992950126] conn(0x7f66580365a0 0x7f6658038a50 unknown :-1 s=BANNER_CONNECTING pgs=0 cs=0 l=1 rev1=0 crypto rx=0 tx=0 comp rx=0 tx=0)._handle_peer_banner_payload supported=3 required=0
2023-12-09T02:28:13.296 INFO:teuthology.orchestra.run.smithi088.stdout:/usr/bin/ceph: stderr
2023-12-09T02:28:12.640+0000 7f6667fff700 1 --2- 172.21.15.88:0/3130589766 >> [v2:172.21.15.88:6800/3992950126,v1:172.21.15.88:6801/3992950126] conn(0x7f66580365a0 0x7f6658038a50 secure :-1 s=READY pgs=8 cs=0 l=1 rev1=1 crypto rx=0x7f6654009990 tx=0x7f6654006e40 comp rx=0 tx=0).ready entity=mgr.14100 client_cookie=0 server_cookie=0 in_seq=0 out_seq=0
2023-12-09T02:28:13.297 INFO:teuthology.orchestra.run.smithi088.stdout:/usr/bin/ceph: stderr
2023-12-09T02:28:12.645+0000 7f66657fa700 1 -- 172.21.15.88:0/3130589766 <== mon.0 v2:172.21.15.88:3300/0 6 ==== mon_command_ack([{"prefix": "get_command_descriptions"}]=0 v0) v1 ==== 72+0+174570 (secure 0 0 0) 0x7f665c018db0 con 0x7f6668070fc0
2023-12-09T02:28:13.297 INFO:teuthology.orchestra.run.smithi088.stdout:/usr/bin/ceph: stderr
2023-12-09T02:28:12.878+0000 7f666eccf700 1 -- 172.21.15.88:0/3130589766 --> [v2:172.21.15.88:3300/0,v1:172.21.15.88:6789/0] -- mon_command({"prefix": "mgr module enable", "module": "cephadm"} v 0) v1 -- 0x7f666810afa0 con 0x7f6668070fc0
2023-12-09T02:28:13.297 INFO:teuthology.orchestra.run.smithi088.stdout:/usr/bin/ceph: stderr
2023-12-09T02:28:12.930+0000 7f66657fa700 1 -- 172.21.15.88:0/3130589766 <== mon.0 v2:172.21.15.88:3300/0 7 ==== mgrmap(e 5) v1 ==== 43281+0+0 (secure 0 0 0) 0x7f665c024970 con 0x7f6668070fc0
2023-12-09T02:28:13.297 INFO:teuthology.orchestra.run.smithi088.stdout:/usr/bin/ceph: stderr
2023-12-09T02:28:12.932+0000 7f66657fa700 1 -- 172.21.15.88:0/3130589766 <== mon.0 v2:172.21.15.88:3300/0 8 ==== mon_command_ack([{"prefix": "mgr module enable", "module": "cephadm"}]=0 v5) v1 ==== 86+0+0 (secure 0 0 0) 0x7f665c023810 con 0x7f6668070fc0
2023-12-09T02:28:13.297 INFO:teuthology.orchestra.run.smithi088.stdout:/usr/bin/ceph: stderr
2023-12-09T02:28:12.934+0000 7f666eccf700 1 -- 172.21.15.88:0/3130589766 >> [v2:172.21.15.88:6800/3992950126,v1:172.21.15.88:6801/3992950126] conn(0x7f66580365a0 msgr2=0x7f6658038a50 secure :-1 s=STATE_CONNECTION_ESTABLISHED l=1).mark_down
2023-12-09T02:28:13.297 INFO:teuthology.orchestra.run.smithi088.stdout:/usr/bin/ceph: stderr
2023-12-09T02:28:12.934+0000 7f666eccf700 1 --2- 172.21.15.88:0/3130589766 >> [v2:172.21.15.88:6800/3992950126,v1:172.21.15.88:6801/3992950126] conn(0x7f66580365a0 0x7f6658038a50 secure :-1 s=READY pgs=8 cs=0 l=1 rev1=1 crypto rx=0x7f6654009990 tx=0x7f6654006e40 comp rx=0 tx=0).stop
2023-12-09T02:28:13.297 INFO:teuthology.orchestra.run.smithi088.stdout:/usr/bin/ceph: stderr
2023-12-09T02:28:12.934+0000 7f666eccf700 1 -- 172.21.15.88:0/3130589766 >> [v2:172.21.15.88:3300/0,v1:172.21.15.88:6789/0] conn(0x7f6668070fc0 msgr2=0x7f6668111180 secure :-1 s=STATE_CONNECTION_ESTABLISHED l=1).mark_down
2023-12-09T02:28:13.297 INFO:teuthology.orchestra.run.smithi088.stdout:/usr/bin/ceph: stderr
2023-12-09T02:28:12.934+0000 7f666eccf700 1 --2- 172.21.15.88:0/3130589766 >> [v2:172.21.15.88:3300/0,v1:172.21.15.88:6789/0] conn(0x7f6668070fc0 0x7f6668111180 secure :-1 s=READY pgs=23 cs=0 l=1 rev1=1 crypto rx=0x7f665c006d40 tx=0x7f665c009250 comp rx=0 tx=0).stop
2023-12-09T02:28:13.298 INFO:teuthology.orchestra.run.smithi088.stdout:/usr/bin/ceph: stderr
2023-12-09T02:28:12.934+0000 7f666eccf700 1 -- 172.21.15.88:0/3130589766 shutdown_connections
2023-12-09T02:28:13.298 INFO:teuthology.orchestra.run.smithi088.stdout:/usr/bin/ceph: stderr
2023-12-09T02:28:12.934+0000 7f666eccf700 1 --2- 172.21.15.88:0/3130589766 >> [v2:172.21.15.88:6800/3992950126,v1:172.21.15.88:6801/3992950126] conn(0x7f66580365a0 0x7f6658038a50 unknown :-1 s=CLOSED pgs=8 cs=0 l=1 rev1=1 crypto rx=0 tx=0 comp rx=0 tx=0).stop
2023-12-09T02:28:13.298 INFO:teuthology.orchestra.run.smithi088.stdout:/usr/bin/ceph: stderr
2023-12-09T02:28:12.934+0000 7f666eccf700 1 --2- 172.21.15.88:0/3130589766 >> [v2:172.21.15.88:3300/0,v1:172.21.15.88:6789/0] conn(0x7f6668070fc0 0x7f6668111180 unknown :-1 s=CLOSED pgs=23 cs=0 l=1 rev1=1 crypto rx=0 tx=0 comp rx=0 tx=0).stop
2023-12-09T02:28:13.298 INFO:teuthology.orchestra.run.smithi088.stdout:/usr/bin/ceph: stderr
2023-12-09T02:28:12.934+0000 7f666eccf700 1 -- 172.21.15.88:0/3130589766 >> 172.21.15.88:0/3130589766 conn(0x7f66680fc970 msgr2=0x7f66680fed70 unknown :-1 s=STATE_NONE l=0).mark_down
2023-12-09T02:28:13.298 INFO:teuthology.orchestra.run.smithi088.stdout:/usr/bin/ceph: stderr
2023-12-09T02:28:12.934+0000 7f666eccf700 1 -- 172.21.15.88:0/3130589766 shutdown_connections
2023-12-09T02:28:13.298 INFO:teuthology.orchestra.run.smithi088.stdout:/usr/bin/ceph: stderr
2023-12-09T02:28:12.934+0000 7f666eccf700 1 -- 172.21.15.88:0/3130589766 wait complete.
2023-12-09T02:28:14.214 INFO:journalctl@ceph.mon.smithi088.smithi088.stdout:Dec 09 02:28:13 smithi088 ceph-mon[112028]: from='client.? 172.21.15.88:0/3130589766' entity='client.admin' cmd='[{"prefix": "mgr module enable", "module": "cephadm"}]': finished
2023-12-09T02:28:14.215 INFO:journalctl@ceph.mon.smithi088.smithi088.stdout:Dec 09 02:28:13 smithi088 ceph-mon[112028]: mgrmap e5: smithi088.jwlofb(active, since 11s)
2023-12-09T02:28:14.215 INFO:journalctl@ceph.mon.smithi088.smithi088.stdout:Dec 09 02:28:13 smithi088 ceph-mon[112028]: from='client.? 172.21.15.88:0/3503110719' entity='client.admin' cmd=[{"prefix": "mgr stat"}]: dispatch
2023-12-09T02:28:14.268 INFO:teuthology.orchestra.run.smithi088.stdout:/usr/bin/ceph: stdout {
2023-12-09T02:28:14.268 INFO:teuthology.orchestra.run.smithi088.stdout:/usr/bin/ceph: stdout "epoch": 5,
2023-12-09T02:28:14.268 INFO:teuthology.orchestra.run.smithi088.stdout:/usr/bin/ceph: stdout "available": true,
2023-12-09T02:28:14.268 INFO:teuthology.orchestra.run.smithi088.stdout:/usr/bin/ceph: stdout "active_name": "smithi088.jwlofb",
2023-12-09T02:28:14.268 INFO:teuthology.orchestra.run.smithi088.stdout:/usr/bin/ceph: stdout "num_standby": 0
2023-12-09T02:28:14.268 INFO:teuthology.orchestra.run.smithi088.stdout:/usr/bin/ceph: stdout }
2023-12-09T02:28:14.268 INFO:teuthology.orchestra.run.smithi088.stdout:/usr/bin/ceph: stderr
2023-12-09T02:28:13.645+0000 7fcd9aad6700 1 Processor -- start
2023-12-09T02:28:14.268 INFO:teuthology.orchestra.run.smithi088.stdout:/usr/bin/ceph: stderr
2023-12-09T02:28:13.645+0000 7fcd9aad6700 1 -- start start
2023-12-09T02:28:14.268 INFO:teuthology.orchestra.run.smithi088.stdout:/usr/bin/ceph: stderr
2023-12-09T02:28:13.645+0000 7fcd9aad6700 1 --2- >> [v2:172.21.15.88:3300/0,v1:172.21.15.88:6789/0] conn(0x7fcd94070f20 0x7fcd94104f80 unknown :-1 s=NONE pgs=0 cs=0 l=0 rev1=0 crypto rx=0 tx=0 comp rx=0 tx=0).connect
2023-12-09T02:28:14.268 INFO:teuthology.orchestra.run.smithi088.stdout:/usr/bin/ceph: stderr
2023-12-09T02:28:13.645+0000 7fcd9aad6700 1 -- --> [v2:172.21.15.88:3300/0,v1:172.21.15.88:6789/0] -- mon_getmap magic: 0 v1 -- 0x7fcd941054c0 con 0x7fcd94070f20
2023-12-09T02:28:14.268 INFO:teuthology.orchestra.run.smithi088.stdout:/usr/bin/ceph: stderr
2023-12-09T02:28:13.645+0000 7fcd98872700 1 --2- >> [v2:172.21.15.88:3300/0,v1:172.21.15.88:6789/0] conn(0x7fcd94070f20 0x7fcd94104f80 unknown :-1 s=BANNER_CONNECTING pgs=0 cs=0 l=0 rev1=0 crypto rx=0 tx=0 comp rx=0 tx=0)._handle_peer_banner_payload supported=3 required=0
2023-12-09T02:28:14.268 INFO:teuthology.orchestra.run.smithi088.stdout:/usr/bin/ceph: stderr
2023-12-09T02:28:13.645+0000 7fcd98872700 1 --2- >> [v2:172.21.15.88:3300/0,v1:172.21.15.88:6789/0] conn(0x7fcd94070f20 0x7fcd94104f80 unknown :-1 s=HELLO_CONNECTING pgs=0 cs=0 l=0 rev1=1 crypto rx=0 tx=0 comp rx=0 tx=0).handle_hello peer v2:172.21.15.88:3300/0 says I am v2:172.21.15.88:43990/0 (socket says 172.21.15.88:43990)
2023-12-09T02:28:14.268 INFO:teuthology.orchestra.run.smithi088.stdout:/usr/bin/ceph: stderr
2023-12-09T02:28:13.645+0000 7fcd98872700 1 -- 172.21.15.88:0/397340436 learned_addr learned my addr 172.21.15.88:0/397340436 (peer_addr_for_me v2:172.21.15.88:0/0)
2023-12-09T02:28:14.269 INFO:teuthology.orchestra.run.smithi088.stdout:/usr/bin/ceph: stderr
2023-12-09T02:28:13.645+0000 7fcd98872700 1 -- 172.21.15.88:0/397340436 --> [v2:172.21.15.88:3300/0,v1:172.21.15.88:6789/0] -- mon_subscribe({config=0+,monmap=0+}) v3 -- 0x7fcd94105600 con 0x7fcd94070f20
2023-12-09T02:28:14.269 INFO:teuthology.orchestra.run.smithi088.stdout:/usr/bin/ceph: stderr
2023-12-09T02:28:13.645+0000 7fcd98872700 1 --2- 172.21.15.88:0/397340436 >> [v2:172.21.15.88:3300/0,v1:172.21.15.88:6789/0] conn(0x7fcd94070f20 0x7fcd94104f80 secure :-1 s=READY pgs=26 cs=0 l=1 rev1=1 crypto rx=0x7fcd880098e0 tx=0x7fcd88009250 comp rx=0 tx=0).ready entity=mon.0 client_cookie=89b7dbd2e4a4dccd server_cookie=0 in_seq=0 out_seq=0
2023-12-09T02:28:14.269 INFO:teuthology.orchestra.run.smithi088.stdout:/usr/bin/ceph: stderr
2023-12-09T02:28:13.646+0000 7fcd937fe700 1 -- 172.21.15.88:0/397340436 <== mon.0 v2:172.21.15.88:3300/0 1 ==== mon_map magic: 0 v1 ==== 229+0+0 (secure 0 0 0) 0x7fcd8800b860 con 0x7fcd94070f20
2023-12-09T02:28:14.269 INFO:teuthology.orchestra.run.smithi088.stdout:/usr/bin/ceph: stderr
2023-12-09T02:28:13.646+0000 7fcd937fe700 1 -- 172.21.15.88:0/397340436 <== mon.0 v2:172.21.15.88:3300/0 2 ==== config(26 keys) v1 ==== 1009+0+0 (secure 0 0 0) 0x7fcd8800be30 con 0x7fcd94070f20
2023-12-09T02:28:14.269 INFO:teuthology.orchestra.run.smithi088.stdout:/usr/bin/ceph: stderr
2023-12-09T02:28:13.646+0000 7fcd937fe700 1 -- 172.21.15.88:0/397340436 <== mon.0 v2:172.21.15.88:3300/0 3 ==== mon_map magic: 0 v1 ==== 229+0+0 (secure 0 0 0) 0x7fcd88010380 con 0x7fcd94070f20
2023-12-09T02:28:14.269 INFO:teuthology.orchestra.run.smithi088.stdout:/usr/bin/ceph: stderr
2023-12-09T02:28:13.646+0000 7fcd9aad6700 1 -- 172.21.15.88:0/397340436 >> [v2:172.21.15.88:3300/0,v1:172.21.15.88:6789/0] conn(0x7fcd94070f20 msgr2=0x7fcd94104f80 secure :-1 s=STATE_CONNECTION_ESTABLISHED l=1).mark_down
2023-12-09T02:28:14.269 INFO:teuthology.orchestra.run.smithi088.stdout:/usr/bin/ceph: stderr
2023-12-09T02:28:13.646+0000 7fcd9aad6700 1 --2- 172.21.15.88:0/397340436 >> [v2:172.21.15.88:3300/0,v1:172.21.15.88:6789/0] conn(0x7fcd94070f20 0x7fcd94104f80 secure :-1 s=READY pgs=26 cs=0 l=1 rev1=1 crypto rx=0x7fcd880098e0 tx=0x7fcd88009250 comp rx=0 tx=0).stop
2023-12-09T02:28:14.269 INFO:teuthology.orchestra.run.smithi088.stdout:/usr/bin/ceph: stderr
2023-12-09T02:28:13.646+0000 7fcd9aad6700 1 -- 172.21.15.88:0/397340436 shutdown_connections
2023-12-09T02:28:14.269 INFO:teuthology.orchestra.run.smithi088.stdout:/usr/bin/ceph: stderr
2023-12-09T02:28:13.646+0000 7fcd9aad6700 1 --2- 172.21.15.88:0/397340436 >> [v2:172.21.15.88:3300/0,v1:172.21.15.88:6789/0] conn(0x7fcd94070f20 0x7fcd94104f80 unknown :-1 s=CLOSED pgs=26 cs=0 l=1 rev1=1 crypto rx=0 tx=0 comp rx=0 tx=0).stop
2023-12-09T02:28:14.269 INFO:teuthology.orchestra.run.smithi088.stdout:/usr/bin/ceph: stderr
2023-12-09T02:28:13.646+0000 7fcd9aad6700 1 -- 172.21.15.88:0/397340436 >> 172.21.15.88:0/397340436 conn(0x7fcd940fc970 msgr2=0x7fcd940fed80 unknown :-1 s=STATE_NONE l=0).mark_down
2023-12-09T02:28:14.269 INFO:teuthology.orchestra.run.smithi088.stdout:/usr/bin/ceph: stderr
2023-12-09T02:28:13.646+0000 7fcd9aad6700 1 -- 172.21.15.88:0/397340436 shutdown_connections
2023-12-09T02:28:14.269 INFO:teuthology.orchestra.run.smithi088.stdout:/usr/bin/ceph: stderr
2023-12-09T02:28:13.646+0000 7fcd9aad6700 1 -- 172.21.15.88:0/397340436 wait complete.
2023-12-09T02:28:14.269 INFO:teuthology.orchestra.run.smithi088.stdout:/usr/bin/ceph: stderr
2023-12-09T02:28:13.647+0000 7fcd9aad6700 1 Processor -- start
2023-12-09T02:28:14.269 INFO:teuthology.orchestra.run.smithi088.stdout:/usr/bin/ceph: stderr
2023-12-09T02:28:13.647+0000 7fcd9aad6700 1 -- start start
2023-12-09T02:28:14.269 INFO:teuthology.orchestra.run.smithi088.stdout:/usr/bin/ceph: stderr
2023-12-09T02:28:13.647+0000 7fcd9aad6700 1 --2- >> [v2:172.21.15.88:3300/0,v1:172.21.15.88:6789/0] conn(0x7fcd94070f20 0x7fcd94111160 unknown :-1 s=NONE pgs=0 cs=0 l=1 rev1=0 crypto rx=0 tx=0 comp rx=0 tx=0).connect
2023-12-09T02:28:14.269 INFO:teuthology.orchestra.run.smithi088.stdout:/usr/bin/ceph: stderr
2023-12-09T02:28:13.647+0000 7fcd9aad6700 1 -- --> [v2:172.21.15.88:3300/0,v1:172.21.15.88:6789/0] -- mon_getmap magic: 0 v1 -- 0x7fcd941116a0 con 0x7fcd94070f20
2023-12-09T02:28:14.270 INFO:teuthology.orchestra.run.smithi088.stdout:/usr/bin/ceph: stderr
2023-12-09T02:28:13.647+0000 7fcd98872700 1 --2- >> [v2:172.21.15.88:3300/0,v1:172.21.15.88:6789/0] conn(0x7fcd94070f20 0x7fcd94111160 unknown :-1 s=BANNER_CONNECTING pgs=0 cs=0 l=1 rev1=0 crypto rx=0 tx=0 comp rx=0 tx=0)._handle_peer_banner_payload supported=3 required=0
2023-12-09T02:28:14.270 INFO:teuthology.orchestra.run.smithi088.stdout:/usr/bin/ceph: stderr
2023-12-09T02:28:13.647+0000 7fcd98872700 1 --2- >> [v2:172.21.15.88:3300/0,v1:172.21.15.88:6789/0] conn(0x7fcd94070f20 0x7fcd94111160 unknown :-1 s=HELLO_CONNECTING pgs=0 cs=0 l=1 rev1=1 crypto rx=0 tx=0 comp rx=0 tx=0).handle_hello peer v2:172.21.15.88:3300/0 says I am v2:172.21.15.88:43998/0 (socket says 172.21.15.88:43998)
2023-12-09T02:28:14.270 INFO:teuthology.orchestra.run.smithi088.stdout:/usr/bin/ceph: stderr
2023-12-09T02:28:13.647+0000 7fcd98872700 1 -- 172.21.15.88:0/3503110719 learned_addr learned my addr 172.21.15.88:0/3503110719 (peer_addr_for_me v2:172.21.15.88:0/0)
2023-12-09T02:28:14.270 INFO:teuthology.orchestra.run.smithi088.stdout:/usr/bin/ceph: stderr
2023-12-09T02:28:13.648+0000 7fcd98872700 1 -- 172.21.15.88:0/3503110719 --> [v2:172.21.15.88:3300/0,v1:172.21.15.88:6789/0] -- mon_subscribe({config=0+,monmap=0+}) v3 -- 0x7fcd880094f0 con 0x7fcd94070f20
2023-12-09T02:28:14.270 INFO:teuthology.orchestra.run.smithi088.stdout:/usr/bin/ceph: stderr
2023-12-09T02:28:13.648+0000 7fcd98872700 1 --2- 172.21.15.88:0/3503110719 >> [v2:172.21.15.88:3300/0,v1:172.21.15.88:6789/0] conn(0x7fcd94070f20 0x7fcd94111160 secure :-1 s=READY pgs=27 cs=0 l=1 rev1=1 crypto rx=0x7fcd88006d40 tx=0x7fcd88009250 comp rx=0 tx=0).ready entity=mon.0 client_cookie=0 server_cookie=0 in_seq=0 out_seq=0
2023-12-09T02:28:14.270 INFO:teuthology.orchestra.run.smithi088.stdout:/usr/bin/ceph: stderr
2023-12-09T02:28:13.648+0000 7fcd917fa700 1 -- 172.21.15.88:0/3503110719 <== mon.0 v2:172.21.15.88:3300/0 1 ==== mon_map magic: 0 v1 ==== 229+0+0 (secure 0 0 0) 0x7fcd880109b0 con 0x7fcd94070f20
2023-12-09T02:28:14.270 INFO:teuthology.orchestra.run.smithi088.stdout:/usr/bin/ceph: stderr
2023-12-09T02:28:13.648+0000 7fcd917fa700 1 -- 172.21.15.88:0/3503110719 <== mon.0 v2:172.21.15.88:3300/0 2 ==== config(26 keys) v1 ==== 1009+0+0 (secure 0 0 0) 0x7fcd88024440 con 0x7fcd94070f20
2023-12-09T02:28:14.270 INFO:teuthology.orchestra.run.smithi088.stdout:/usr/bin/ceph: stderr
2023-12-09T02:28:13.648+0000 7fcd9aad6700 1 -- 172.21.15.88:0/3503110719 --> [v2:172.21.15.88:3300/0,v1:172.21.15.88:6789/0] -- mon_subscribe({mgrmap=0+}) v3 -- 0x7fcd941118a0 con 0x7fcd94070f20
2023-12-09T02:28:14.270 INFO:teuthology.orchestra.run.smithi088.stdout:/usr/bin/ceph: stderr
2023-12-09T02:28:13.648+0000 7fcd9aad6700 1 -- 172.21.15.88:0/3503110719 --> [v2:172.21.15.88:3300/0,v1:172.21.15.88:6789/0] -- mon_subscribe({osdmap=0}) v3 -- 0x7fcd94111cb0 con 0x7fcd94070f20
2023-12-09T02:28:14.270 INFO:teuthology.orchestra.run.smithi088.stdout:/usr/bin/ceph: stderr
2023-12-09T02:28:13.648+0000 7fcd917fa700 1 -- 172.21.15.88:0/3503110719 <== mon.0 v2:172.21.15.88:3300/0 3 ==== mon_map magic: 0 v1 ==== 229+0+0 (secure 0 0 0) 0x7fcd8801a5f0 con 0x7fcd94070f20
2023-12-09T02:28:14.270 INFO:teuthology.orchestra.run.smithi088.stdout:/usr/bin/ceph: stderr
2023-12-09T02:28:13.649+0000 7fcd917fa700 1 -- 172.21.15.88:0/3503110719 <== mon.0 v2:172.21.15.88:3300/0 4 ==== mgrmap(e 5) v1 ==== 43281+0+0 (secure 0 0 0) 0x7fcd8801a870 con 0x7fcd94070f20
2023-12-09T02:28:14.270 INFO:teuthology.orchestra.run.smithi088.stdout:/usr/bin/ceph: stderr
2023-12-09T02:28:13.649+0000 7fcd917fa700 1 --2- 172.21.15.88:0/3503110719 >> [v2:172.21.15.88:6800/3992950126,v1:172.21.15.88:6801/3992950126] conn(0x7fcd840365f0 0x7fcd84038aa0 unknown :-1 s=NONE pgs=0 cs=0 l=1 rev1=0 crypto rx=0 tx=0 comp rx=0 tx=0).connect
2023-12-09T02:28:14.270 INFO:teuthology.orchestra.run.smithi088.stdout:/usr/bin/ceph: stderr
2023-12-09T02:28:13.649+0000 7fcd7effd700 1 -- 172.21.15.88:0/3503110719 --> [v2:172.21.15.88:3300/0,v1:172.21.15.88:6789/0] -- mon_command({"prefix": "get_command_descriptions"} v 0) v1 -- 0x7fcd740052b0 con 0x7fcd94070f20
2023-12-09T02:28:14.270 INFO:teuthology.orchestra.run.smithi088.stdout:/usr/bin/ceph: stderr
2023-12-09T02:28:13.649+0000 7fcd93fff700 1 -- 172.21.15.88:0/3503110719 >> [v2:172.21.15.88:6800/3992950126,v1:172.21.15.88:6801/3992950126] conn(0x7fcd840365f0 msgr2=0x7fcd84038aa0 unknown :-1 s=STATE_CONNECTING_RE l=1).process reconnect failed to v2:172.21.15.88:6800/3992950126
2023-12-09T02:28:14.271 INFO:teuthology.orchestra.run.smithi088.stdout:/usr/bin/ceph: stderr
2023-12-09T02:28:13.649+0000 7fcd917fa700 1 -- 172.21.15.88:0/3503110719 <== mon.0 v2:172.21.15.88:3300/0 5 ==== osd_map(1..1 src has 1..1) v4 ==== 721+0+0 (secure 0 0 0) 0x7fcd8804b5d0 con 0x7fcd94070f20
2023-12-09T02:28:14.271 INFO:teuthology.orchestra.run.smithi088.stdout:/usr/bin/ceph: stderr
2023-12-09T02:28:13.649+0000 7fcd93fff700 1 --2- 172.21.15.88:0/3503110719 >> [v2:172.21.15.88:6800/3992950126,v1:172.21.15.88:6801/3992950126] conn(0x7fcd840365f0 0x7fcd84038aa0 unknown :-1 s=START_CONNECT pgs=0 cs=0 l=1 rev1=0 crypto rx=0 tx=0 comp rx=0 tx=0)._fault waiting 0.200000
2023-12-09T02:28:14.271 INFO:teuthology.orchestra.run.smithi088.stdout:/usr/bin/ceph: stderr
2023-12-09T02:28:13.654+0000 7fcd917fa700 1 -- 172.21.15.88:0/3503110719 <== mon.0 v2:172.21.15.88:3300/0 6 ==== mon_command_ack([{"prefix": "get_command_descriptions"}]=0 v0) v1 ==== 72+0+174570 (secure 0 0 0) 0x7fcd88018d90 con 0x7fcd94070f20
2023-12-09T02:28:14.271 INFO:teuthology.orchestra.run.smithi088.stdout:/usr/bin/ceph: stderr
2023-12-09T02:28:13.850+0000 7fcd93fff700 1 -- 172.21.15.88:0/3503110719 >> [v2:172.21.15.88:6800/3992950126,v1:172.21.15.88:6801/3992950126] conn(0x7fcd840365f0 msgr2=0x7fcd84038aa0 unknown :-1 s=STATE_CONNECTING_RE l=1).process reconnect failed to v2:172.21.15.88:6800/3992950126
2023-12-09T02:28:14.271 INFO:teuthology.orchestra.run.smithi088.stdout:/usr/bin/ceph: stderr
2023-12-09T02:28:13.850+0000 7fcd93fff700 1 --2- 172.21.15.88:0/3503110719 >> [v2:172.21.15.88:6800/3992950126,v1:172.21.15.88:6801/3992950126] conn(0x7fcd840365f0 0x7fcd84038aa0 unknown :-1 s=START_CONNECT pgs=0 cs=0 l=1 rev1=0 crypto rx=0 tx=0 comp rx=0 tx=0)._fault waiting 0.400000
2023-12-09T02:28:14.271 INFO:teuthology.orchestra.run.smithi088.stdout:/usr/bin/ceph: stderr
2023-12-09T02:28:13.891+0000 7fcd7effd700 1 -- 172.21.15.88:0/3503110719 --> [v2:172.21.15.88:3300/0,v1:172.21.15.88:6789/0] -- mon_command({"prefix": "mgr stat"} v 0) v1 -- 0x7fcd74005d70 con 0x7fcd94070f20
2023-12-09T02:28:14.271 INFO:teuthology.orchestra.run.smithi088.stdout:/usr/bin/ceph: stderr
2023-12-09T02:28:13.891+0000 7fcd917fa700 1 -- 172.21.15.88:0/3503110719 <== mon.0 v2:172.21.15.88:3300/0 7 ==== mon_command_ack([{"prefix": "mgr stat"}]=0 v5) v1 ==== 56+0+103 (secure 0 0 0) 0x7fcd88018350 con 0x7fcd94070f20
2023-12-09T02:28:14.271 INFO:teuthology.orchestra.run.smithi088.stdout:/usr/bin/ceph: stderr
2023-12-09T02:28:13.894+0000 7fcd7effd700 1 -- 172.21.15.88:0/3503110719 >> [v2:172.21.15.88:6800/3992950126,v1:172.21.15.88:6801/3992950126] conn(0x7fcd840365f0 msgr2=0x7fcd84038aa0 unknown :-1 s=STATE_CONNECTING l=1).mark_down
2023-12-09T02:28:14.271 INFO:teuthology.orchestra.run.smithi088.stdout:/usr/bin/ceph: stderr
2023-12-09T02:28:13.894+0000 7fcd7effd700 1 --2- 172.21.15.88:0/3503110719 >> [v2:172.21.15.88:6800/3992950126,v1:172.21.15.88:6801/3992950126] conn(0x7fcd840365f0 0x7fcd84038aa0 unknown :-1 s=START_CONNECT pgs=0 cs=0 l=1 rev1=0 crypto rx=0 tx=0 comp rx=0 tx=0).stop
2023-12-09T02:28:14.271 INFO:teuthology.orchestra.run.smithi088.stdout:/usr/bin/ceph: stderr
2023-12-09T02:28:13.894+0000 7fcd7effd700 1 -- 172.21.15.88:0/3503110719 >> [v2:172.21.15.88:3300/0,v1:172.21.15.88:6789/0] conn(0x7fcd94070f20 msgr2=0x7fcd94111160 secure :-1 s=STATE_CONNECTION_ESTABLISHED l=1).mark_down
2023-12-09T02:28:14.271 INFO:teuthology.orchestra.run.smithi088.stdout:/usr/bin/ceph: stderr
2023-12-09T02:28:13.894+0000 7fcd7effd700 1 --2- 172.21.15.88:0/3503110719 >> [v2:172.21.15.88:3300/0,v1:172.21.15.88:6789/0] conn(0x7fcd94070f20 0x7fcd94111160 secure :-1 s=READY pgs=27 cs=0 l=1 rev1=1 crypto rx=0x7fcd88006d40 tx=0x7fcd88009250 comp rx=0 tx=0).stop
2023-12-09T02:28:14.271 INFO:teuthology.orchestra.run.smithi088.stdout:/usr/bin/ceph: stderr
2023-12-09T02:28:13.894+0000 7fcd7effd700 1 -- 172.21.15.88:0/3503110719 shutdown_connections
2023-12-09T02:28:14.271 INFO:teuthology.orchestra.run.smithi088.stdout:/usr/bin/ceph: stderr
2023-12-09T02:28:13.894+0000 7fcd7effd700 1 --2- 172.21.15.88:0/3503110719 >> [v2:172.21.15.88:6800/3992950126,v1:172.21.15.88:6801/3992950126] conn(0x7fcd840365f0 0x7fcd84038aa0 unknown :-1 s=CLOSED pgs=0 cs=0 l=1 rev1=0 crypto rx=0 tx=0 comp rx=0 tx=0).stop
2023-12-09T02:28:14.271 INFO:teuthology.orchestra.run.smithi088.stdout:/usr/bin/ceph: stderr
2023-12-09T02:28:13.894+0000 7fcd7effd700 1 --2- 172.21.15.88:0/3503110719 >> [v2:172.21.15.88:3300/0,v1:172.21.15.88:6789/0] conn(0x7fcd94070f20 0x7fcd94111160 unknown :-1 s=CLOSED pgs=27 cs=0 l=1 rev1=1 crypto rx=0 tx=0 comp rx=0 tx=0).stop
2023-12-09T02:28:14.271 INFO:teuthology.orchestra.run.smithi088.stdout:/usr/bin/ceph: stderr
2023-12-09T02:28:13.894+0000 7fcd7effd700 1 -- 172.21.15.88:0/3503110719 >> 172.21.15.88:0/3503110719 conn(0x7fcd940fc970 msgr2=0x7fcd940fe170 unknown :-1 s=STATE_NONE l=0).mark_down
2023-12-09T02:28:14.272 INFO:teuthology.orchestra.run.smithi088.stdout:/usr/bin/ceph: stderr
2023-12-09T02:28:13.894+0000 7fcd7effd700 1 -- 172.21.15.88:0/3503110719 shutdown_connections
2023-12-09T02:28:14.272 INFO:teuthology.orchestra.run.smithi088.stdout:/usr/bin/ceph: stderr
2023-12-09T02:28:13.894+0000 7fcd7effd700 1 -- 172.21.15.88:0/3503110719 wait complete.
2023-12-09T02:28:14.272 INFO:teuthology.orchestra.run.smithi088.stdout:Waiting for the mgr to restart...
2023-12-09T02:28:14.272 INFO:teuthology.orchestra.run.smithi088.stdout:Waiting for mgr epoch 5...
2023-12-09T02:28:19.976 INFO:journalctl@ceph.mon.smithi088.smithi088.stdout:Dec 09 02:28:19 smithi088 ceph-mon[112028]: Active manager daemon smithi088.jwlofb restarted
2023-12-09T02:28:19.976 INFO:journalctl@ceph.mon.smithi088.smithi088.stdout:Dec 09 02:28:19 smithi088 ceph-mon[112028]: Activating manager daemon smithi088.jwlofb
2023-12-09T02:28:19.977 INFO:journalctl@ceph.mon.smithi088.smithi088.stdout:Dec 09 02:28:19 smithi088 ceph-mon[112028]: osdmap e2: 0 total, 0 up, 0 in
2023-12-09T02:28:19.977 INFO:journalctl@ceph.mon.smithi088.smithi088.stdout:Dec 09 02:28:19 smithi088 ceph-mon[112028]: mgrmap e6: smithi088.jwlofb(active, starting, since 0.00306356s)
2023-12-09T02:28:19.977 INFO:journalctl@ceph.mon.smithi088.smithi088.stdout:Dec 09 02:28:19 smithi088 ceph-mon[112028]: from='mgr.14120 172.21.15.88:0/3853826017' entity='mgr.smithi088.jwlofb' cmd=[{"prefix": "mon metadata", "id": "smithi088"}]: dispatch
2023-12-09T02:28:19.977 INFO:journalctl@ceph.mon.smithi088.smithi088.stdout:Dec 09 02:28:19 smithi088 ceph-mon[112028]: from='mgr.14120 172.21.15.88:0/3853826017' entity='mgr.smithi088.jwlofb' cmd=[{"prefix": "mgr metadata", "who": "smithi088.jwlofb", "id": "smithi088.jwlofb"}]: dispatch
2023-12-09T02:28:19.977 INFO:journalctl@ceph.mon.smithi088.smithi088.stdout:Dec 09 02:28:19 smithi088 ceph-mon[112028]: from='mgr.14120 172.21.15.88:0/3853826017' entity='mgr.smithi088.jwlofb' cmd=[{"prefix": "mds metadata"}]: dispatch
2023-12-09T02:28:19.977 INFO:journalctl@ceph.mon.smithi088.smithi088.stdout:Dec 09 02:28:19 smithi088 ceph-mon[112028]: from='mgr.14120 172.21.15.88:0/3853826017' entity='mgr.smithi088.jwlofb' cmd=[{"prefix": "osd metadata"}]: dispatch
2023-12-09T02:28:19.977 INFO:journalctl@ceph.mon.smithi088.smithi088.stdout:Dec 09 02:28:19 smithi088 ceph-mon[112028]: from='mgr.14120 172.21.15.88:0/3853826017' entity='mgr.smithi088.jwlofb' cmd=[{"prefix": "mon metadata"}]: dispatch
2023-12-09T02:28:19.977 INFO:journalctl@ceph.mon.smithi088.smithi088.stdout:Dec 09 02:28:19 smithi088 ceph-mon[112028]: Manager daemon smithi088.jwlofb is now available
2023-12-09T02:28:19.977 INFO:journalctl@ceph.mon.smithi088.smithi088.stdout:Dec 09 02:28:19 smithi088 ceph-mon[112028]: from='mgr.14120 172.21.15.88:0/3853826017' entity='mgr.smithi088.jwlofb'
2023-12-09T02:28:19.977 INFO:journalctl@ceph.mon.smithi088.smithi088.stdout:Dec 09 02:28:19 smithi088 ceph-mon[112028]: from='mgr.14120 172.21.15.88:0/3853826017' entity='mgr.smithi088.jwlofb'
2023-12-09T02:28:19.977 INFO:journalctl@ceph.mon.smithi088.smithi088.stdout:Dec 09 02:28:19 smithi088 ceph-mon[112028]: from='mgr.14120 172.21.15.88:0/3853826017' entity='mgr.smithi088.jwlofb' cmd=[{"prefix": "config dump", "format": "json"}]: dispatch
2023-12-09T02:28:19.977 INFO:journalctl@ceph.mon.smithi088.smithi088.stdout:Dec 09 02:28:19 smithi088 ceph-mon[112028]: from='mgr.14120 172.21.15.88:0/3853826017' entity='mgr.smithi088.jwlofb' cmd=[{"prefix": "config dump", "format": "json"}]: dispatch
2023-12-09T02:28:19.977 INFO:journalctl@ceph.mon.smithi088.smithi088.stdout:Dec 09 02:28:19 smithi088 ceph-mon[112028]: from='mgr.14120 172.21.15.88:0/3853826017' entity='mgr.smithi088.jwlofb' cmd=[{"prefix": "config dump", "format": "json"}]: dispatch
2023-12-09T02:28:19.977 INFO:journalctl@ceph.mon.smithi088.smithi088.stdout:Dec 09 02:28:19 smithi088 ceph-mon[112028]: from='mgr.14120 172.21.15.88:0/3853826017' entity='mgr.smithi088.jwlofb' cmd=[{"prefix":"config rm","who":"mgr","name":"mgr/rbd_support/smithi088.jwlofb/mirror_snapshot_schedule"}]: dispatch
2023-12-09T02:28:19.977 INFO:journalctl@ceph.mon.smithi088.smithi088.stdout:Dec 09 02:28:19 smithi088 ceph-mon[112028]: from='mgr.14120 172.21.15.88:0/3853826017' entity='mgr.smithi088.jwlofb' cmd=[{"prefix":"config rm","who":"mgr","name":"mgr/rbd_support/smithi088.jwlofb/trash_purge_schedule"}]: dispatch
2023-12-09T02:28:20.640 INFO:teuthology.orchestra.run.smithi088.stdout:/usr/bin/ceph: stdout {
2023-12-09T02:28:20.640 INFO:teuthology.orchestra.run.smithi088.stdout:/usr/bin/ceph: stdout "mgrmap_epoch": 7,
2023-12-09T02:28:20.640 INFO:teuthology.orchestra.run.smithi088.stdout:/usr/bin/ceph: stdout "initialized": true
2023-12-09T02:28:20.640 INFO:teuthology.orchestra.run.smithi088.stdout:/usr/bin/ceph: stdout }
2023-12-09T02:28:20.640 INFO:teuthology.orchestra.run.smithi088.stdout:/usr/bin/ceph: stderr
2023-12-09T02:28:14.663+0000 7fd9face8700 1 Processor -- start
2023-12-09T02:28:20.640 INFO:teuthology.orchestra.run.smithi088.stdout:/usr/bin/ceph: stderr
2023-12-09T02:28:14.663+0000 7fd9face8700 1 -- start start
2023-12-09T02:28:20.640 INFO:teuthology.orchestra.run.smithi088.stdout:/usr/bin/ceph: stderr
2023-12-09T02:28:14.663+0000 7fd9face8700 1 --2- >> [v2:172.21.15.88:3300/0,v1:172.21.15.88:6789/0] conn(0x7fd9f4071000 0x7fd9f4104ea0 unknown :-1 s=NONE pgs=0 cs=0 l=0 rev1=0 crypto rx=0 tx=0 comp rx=0 tx=0).connect
2023-12-09T02:28:20.640 INFO:teuthology.orchestra.run.smithi088.stdout:/usr/bin/ceph: stderr
2023-12-09T02:28:14.663+0000 7fd9face8700 1 -- --> [v2:172.21.15.88:3300/0,v1:172.21.15.88:6789/0] -- mon_getmap magic: 0 v1 -- 0x7fd9f41053e0 con 0x7fd9f4071000
2023-12-09T02:28:20.640 INFO:teuthology.orchestra.run.smithi088.stdout:/usr/bin/ceph: stderr
2023-12-09T02:28:14.663+0000 7fd9f8a84700 1 --2- >> [v2:172.21.15.88:3300/0,v1:172.21.15.88:6789/0] conn(0x7fd9f4071000 0x7fd9f4104ea0 unknown :-1 s=BANNER_CONNECTING pgs=0 cs=0 l=0 rev1=0 crypto rx=0 tx=0 comp rx=0 tx=0)._handle_peer_banner_payload supported=3 required=0
2023-12-09T02:28:20.640 INFO:teuthology.orchestra.run.smithi088.stdout:/usr/bin/ceph: stderr
2023-12-09T02:28:14.663+0000 7fd9f8a84700 1 --2- >> [v2:172.21.15.88:3300/0,v1:172.21.15.88:6789/0] conn(0x7fd9f4071000 0x7fd9f4104ea0 unknown :-1 s=HELLO_CONNECTING pgs=0 cs=0 l=0 rev1=1 crypto rx=0 tx=0 comp rx=0 tx=0).handle_hello peer v2:172.21.15.88:3300/0 says I am v2:172.21.15.88:44014/0 (socket says 172.21.15.88:44014)
2023-12-09T02:28:20.640 INFO:teuthology.orchestra.run.smithi088.stdout:/usr/bin/ceph: stderr
2023-12-09T02:28:14.663+0000 7fd9f8a84700 1 -- 172.21.15.88:0/2723790865 learned_addr learned my addr 172.21.15.88:0/2723790865 (peer_addr_for_me v2:172.21.15.88:0/0)
2023-12-09T02:28:20.640 INFO:teuthology.orchestra.run.smithi088.stdout:/usr/bin/ceph: stderr
2023-12-09T02:28:14.663+0000 7fd9f8a84700 1 -- 172.21.15.88:0/2723790865 --> [v2:172.21.15.88:3300/0,v1:172.21.15.88:6789/0] -- mon_subscribe({config=0+,monmap=0+}) v3 -- 0x7fd9f4105520 con 0x7fd9f4071000
2023-12-09T02:28:20.640 INFO:teuthology.orchestra.run.smithi088.stdout:/usr/bin/ceph: stderr
2023-12-09T02:28:14.663+0000 7fd9f8a84700 1 --2- 172.21.15.88:0/2723790865 >> [v2:172.21.15.88:3300/0,v1:172.21.15.88:6789/0] conn(0x7fd9f4071000 0x7fd9f4104ea0 secure :-1 s=READY pgs=28 cs=0 l=1 rev1=1 crypto rx=0x7fd9e80098e0 tx=0x7fd9e8009250 comp rx=0 tx=0).ready entity=mon.0 client_cookie=84d878eaac754718 server_cookie=0 in_seq=0 out_seq=0
2023-12-09T02:28:20.641 INFO:teuthology.orchestra.run.smithi088.stdout:/usr/bin/ceph: stderr
2023-12-09T02:28:14.664+0000 7fd9f37fe700 1 -- 172.21.15.88:0/2723790865 <== mon.0 v2:172.21.15.88:3300/0 1 ==== mon_map magic: 0 v1 ==== 229+0+0 (secure 0 0 0) 0x7fd9e800b860 con 0x7fd9f4071000
2023-12-09T02:28:20.641 INFO:teuthology.orchestra.run.smithi088.stdout:/usr/bin/ceph: stderr
2023-12-09T02:28:14.664+0000 7fd9f37fe700 1 -- 172.21.15.88:0/2723790865 <== mon.0 v2:172.21.15.88:3300/0 2 ==== config(26 keys) v1 ==== 1009+0+0 (secure 0 0 0) 0x7fd9e800be30 con 0x7fd9f4071000
2023-12-09T02:28:20.641 INFO:teuthology.orchestra.run.smithi088.stdout:/usr/bin/ceph: stderr
2023-12-09T02:28:14.664+0000 7fd9f37fe700 1 -- 172.21.15.88:0/2723790865 <== mon.0 v2:172.21.15.88:3300/0 3 ==== mon_map magic: 0 v1 ==== 229+0+0 (secure 0 0 0) 0x7fd9e8010380 con 0x7fd9f4071000
2023-12-09T02:28:20.641 INFO:teuthology.orchestra.run.smithi088.stdout:/usr/bin/ceph: stderr
2023-12-09T02:28:14.664+0000 7fd9face8700 1 -- 172.21.15.88:0/2723790865 >> [v2:172.21.15.88:3300/0,v1:172.21.15.88:6789/0] conn(0x7fd9f4071000 msgr2=0x7fd9f4104ea0 secure :-1 s=STATE_CONNECTION_ESTABLISHED l=1).mark_down
2023-12-09T02:28:20.641 INFO:teuthology.orchestra.run.smithi088.stdout:/usr/bin/ceph: stderr
2023-12-09T02:28:14.664+0000 7fd9face8700 1 --2- 172.21.15.88:0/2723790865 >> [v2:172.21.15.88:3300/0,v1:172.21.15.88:6789/0] conn(0x7fd9f4071000 0x7fd9f4104ea0 secure :-1 s=READY pgs=28 cs=0 l=1 rev1=1 crypto rx=0x7fd9e80098e0 tx=0x7fd9e8009250 comp rx=0 tx=0).stop
2023-12-09T02:28:20.641 INFO:teuthology.orchestra.run.smithi088.stdout:/usr/bin/ceph: stderr
2023-12-09T02:28:14.664+0000 7fd9face8700 1 -- 172.21.15.88:0/2723790865 shutdown_connections
2023-12-09T02:28:20.641 INFO:teuthology.orchestra.run.smithi088.stdout:/usr/bin/ceph: stderr
2023-12-09T02:28:14.664+0000 7fd9face8700 1 --2- 172.21.15.88:0/2723790865 >> [v2:172.21.15.88:3300/0,v1:172.21.15.88:6789/0] conn(0x7fd9f4071000 0x7fd9f4104ea0 unknown :-1 s=CLOSED pgs=28 cs=0 l=1 rev1=1 crypto rx=0 tx=0 comp rx=0 tx=0).stop
2023-12-09T02:28:20.641 INFO:teuthology.orchestra.run.smithi088.stdout:/usr/bin/ceph: stderr
2023-12-09T02:28:14.664+0000 7fd9face8700 1 -- 172.21.15.88:0/2723790865 >> 172.21.15.88:0/2723790865 conn(0x7fd9f40fc970 msgr2=0x7fd9f40fed80 unknown :-1 s=STATE_NONE l=0).mark_down
2023-12-09T02:28:20.641 INFO:teuthology.orchestra.run.smithi088.stdout:/usr/bin/ceph: stderr
2023-12-09T02:28:14.664+0000 7fd9face8700 1 -- 172.21.15.88:0/2723790865 shutdown_connections
2023-12-09T02:28:20.641 INFO:teuthology.orchestra.run.smithi088.stdout:/usr/bin/ceph: stderr
2023-12-09T02:28:14.664+0000 7fd9face8700 1 -- 172.21.15.88:0/2723790865 wait complete.
2023-12-09T02:28:20.641 INFO:teuthology.orchestra.run.smithi088.stdout:/usr/bin/ceph: stderr
2023-12-09T02:28:14.665+0000 7fd9face8700 1 Processor -- start
2023-12-09T02:28:20.641 INFO:teuthology.orchestra.run.smithi088.stdout:/usr/bin/ceph: stderr
2023-12-09T02:28:14.665+0000 7fd9face8700 1 -- start start
2023-12-09T02:28:20.641 INFO:teuthology.orchestra.run.smithi088.stdout:/usr/bin/ceph: stderr
2023-12-09T02:28:14.665+0000 7fd9face8700 1 --2- >> [v2:172.21.15.88:3300/0,v1:172.21.15.88:6789/0] conn(0x7fd9f4071000 0x7fd9f4111160 unknown :-1 s=NONE pgs=0 cs=0 l=1 rev1=0 crypto rx=0 tx=0 comp rx=0 tx=0).connect
2023-12-09T02:28:20.641 INFO:teuthology.orchestra.run.smithi088.stdout:/usr/bin/ceph: stderr
2023-12-09T02:28:14.665+0000 7fd9face8700 1 -- --> [v2:172.21.15.88:3300/0,v1:172.21.15.88:6789/0] -- mon_getmap magic: 0 v1 -- 0x7fd9f41116a0 con 0x7fd9f4071000
2023-12-09T02:28:20.642 INFO:teuthology.orchestra.run.smithi088.stdout:/usr/bin/ceph: stderr
2023-12-09T02:28:14.665+0000 7fd9f8a84700 1 --2- >> [v2:172.21.15.88:3300/0,v1:172.21.15.88:6789/0] conn(0x7fd9f4071000 0x7fd9f4111160 unknown :-1 s=BANNER_CONNECTING pgs=0 cs=0 l=1 rev1=0 crypto rx=0 tx=0 comp rx=0 tx=0)._handle_peer_banner_payload supported=3 required=0
2023-12-09T02:28:20.642 INFO:teuthology.orchestra.run.smithi088.stdout:/usr/bin/ceph: stderr
2023-12-09T02:28:14.665+0000 7fd9f8a84700 1 --2- >> [v2:172.21.15.88:3300/0,v1:172.21.15.88:6789/0] conn(0x7fd9f4071000 0x7fd9f4111160 unknown :-1 s=HELLO_CONNECTING pgs=0 cs=0 l=1 rev1=1 crypto rx=0 tx=0 comp rx=0 tx=0).handle_hello peer v2:172.21.15.88:3300/0 says I am v2:172.21.15.88:44016/0 (socket says 172.21.15.88:44016)
2023-12-09T02:28:20.642 INFO:teuthology.orchestra.run.smithi088.stdout:/usr/bin/ceph: stderr
2023-12-09T02:28:14.665+0000 7fd9f8a84700 1 -- 172.21.15.88:0/1827457049 learned_addr learned my addr 172.21.15.88:0/1827457049 (peer_addr_for_me v2:172.21.15.88:0/0)
2023-12-09T02:28:20.642 INFO:teuthology.orchestra.run.smithi088.stdout:/usr/bin/ceph: stderr
2023-12-09T02:28:14.666+0000 7fd9f8a84700 1 -- 172.21.15.88:0/1827457049 --> [v2:172.21.15.88:3300/0,v1:172.21.15.88:6789/0] -- mon_subscribe({config=0+,monmap=0+}) v3 -- 0x7fd9e80094f0 con 0x7fd9f4071000
2023-12-09T02:28:20.642 INFO:teuthology.orchestra.run.smithi088.stdout:/usr/bin/ceph: stderr
2023-12-09T02:28:14.666+0000 7fd9f8a84700 1 --2- 172.21.15.88:0/1827457049 >> [v2:172.21.15.88:3300/0,v1:172.21.15.88:6789/0] conn(0x7fd9f4071000 0x7fd9f4111160 secure :-1 s=READY pgs=29 cs=0 l=1 rev1=1 crypto rx=0x7fd9e8006b00 tx=0x7fd9e8009250 comp rx=0 tx=0).ready entity=mon.0 client_cookie=0 server_cookie=0 in_seq=0 out_seq=0
2023-12-09T02:28:20.642 INFO:teuthology.orchestra.run.smithi088.stdout:/usr/bin/ceph: stderr
2023-12-09T02:28:14.666+0000 7fd9f17fa700 1 -- 172.21.15.88:0/1827457049 <== mon.0 v2:172.21.15.88:3300/0 1 ==== mon_map magic: 0 v1 ==== 229+0+0 (secure 0 0 0) 0x7fd9e8010a80 con 0x7fd9f4071000
2023-12-09T02:28:20.642 INFO:teuthology.orchestra.run.smithi088.stdout:/usr/bin/ceph: stderr
2023-12-09T02:28:14.666+0000 7fd9f17fa700 1 -- 172.21.15.88:0/1827457049 <== mon.0 v2:172.21.15.88:3300/0 2 ==== config(26 keys) v1 ==== 1009+0+0 (secure 0 0 0) 0x7fd9e801a430 con 0x7fd9f4071000
2023-12-09T02:28:20.642 INFO:teuthology.orchestra.run.smithi088.stdout:/usr/bin/ceph: stderr
2023-12-09T02:28:14.666+0000 7fd9face8700 1 -- 172.21.15.88:0/1827457049 --> [v2:172.21.15.88:3300/0,v1:172.21.15.88:6789/0] -- mon_subscribe({mgrmap=0+}) v3 -- 0x7fd9f41118a0 con 0x7fd9f4071000
2023-12-09T02:28:20.642 INFO:teuthology.orchestra.run.smithi088.stdout:/usr/bin/ceph: stderr
2023-12-09T02:28:14.666+0000 7fd9f17fa700 1 -- 172.21.15.88:0/1827457049 <== mon.0 v2:172.21.15.88:3300/0 3 ==== mon_map magic: 0 v1 ==== 229+0+0 (secure 0 0 0) 0x7fd9e80245b0 con 0x7fd9f4071000
2023-12-09T02:28:20.642 INFO:teuthology.orchestra.run.smithi088.stdout:/usr/bin/ceph: stderr
2023-12-09T02:28:14.666+0000 7fd9face8700 1 -- 172.21.15.88:0/1827457049 --> [v2:172.21.15.88:3300/0,v1:172.21.15.88:6789/0] -- mon_subscribe({osdmap=0}) v3 -- 0x7fd9f4111cb0 con 0x7fd9f4071000
2023-12-09T02:28:20.642 INFO:teuthology.orchestra.run.smithi088.stdout:/usr/bin/ceph: stderr
2023-12-09T02:28:14.667+0000 7fd9f17fa700 1 -- 172.21.15.88:0/1827457049 <== mon.0 v2:172.21.15.88:3300/0 4 ==== mgrmap(e 5) v1 ==== 43281+0+0 (secure 0 0 0) 0x7fd9e801a9a0 con 0x7fd9f4071000
2023-12-09T02:28:20.642 INFO:teuthology.orchestra.run.smithi088.stdout:/usr/bin/ceph: stderr
2023-12-09T02:28:14.667+0000 7fd9f17fa700 1 --2- 172.21.15.88:0/1827457049 >> [v2:172.21.15.88:6800/3992950126,v1:172.21.15.88:6801/3992950126] conn(0x7fd9e40365f0 0x7fd9e4038aa0 unknown :-1 s=NONE pgs=0 cs=0 l=1 rev1=0 crypto rx=0 tx=0 comp rx=0 tx=0).connect
2023-12-09T02:28:20.642 INFO:teuthology.orchestra.run.smithi088.stdout:/usr/bin/ceph: stderr
2023-12-09T02:28:14.667+0000 7fd9f17fa700 1 -- 172.21.15.88:0/1827457049 --> [v2:172.21.15.88:6800/3992950126,v1:172.21.15.88:6801/3992950126] -- command(tid 0: {"prefix": "get_command_descriptions"}) v1 -- 0x7fd9e40391b0 con 0x7fd9e40365f0
2023-12-09T02:28:20.642 INFO:teuthology.orchestra.run.smithi088.stdout:/usr/bin/ceph: stderr
2023-12-09T02:28:14.667+0000 7fd9f17fa700 1 -- 172.21.15.88:0/1827457049 <== mon.0 v2:172.21.15.88:3300/0 5 ==== osd_map(1..1 src has 1..1) v4 ==== 721+0+0 (secure 0 0 0) 0x7fd9e804aa40 con 0x7fd9f4071000
2023-12-09T02:28:20.643 INFO:teuthology.orchestra.run.smithi088.stdout:/usr/bin/ceph: stderr
2023-12-09T02:28:14.667+0000 7fd9f3fff700 1 -- 172.21.15.88:0/1827457049 >> [v2:172.21.15.88:6800/3992950126,v1:172.21.15.88:6801/3992950126] conn(0x7fd9e40365f0 msgr2=0x7fd9e4038aa0 unknown :-1 s=STATE_CONNECTING_RE l=1).process reconnect failed to v2:172.21.15.88:6800/3992950126
2023-12-09T02:28:20.643 INFO:teuthology.orchestra.run.smithi088.stdout:/usr/bin/ceph: stderr
2023-12-09T02:28:14.667+0000 7fd9f3fff700 1 --2- 172.21.15.88:0/1827457049 >> [v2:172.21.15.88:6800/3992950126,v1:172.21.15.88:6801/3992950126] conn(0x7fd9e40365f0 0x7fd9e4038aa0 unknown :-1 s=START_CONNECT pgs=0 cs=0 l=1 rev1=0 crypto rx=0 tx=0 comp rx=0 tx=0)._fault waiting 0.200000
2023-12-09T02:28:20.643 INFO:teuthology.orchestra.run.smithi088.stdout:/usr/bin/ceph: stderr
2023-12-09T02:28:14.868+0000 7fd9f3fff700 1 -- 172.21.15.88:0/1827457049 >> [v2:172.21.15.88:6800/3992950126,v1:172.21.15.88:6801/3992950126] conn(0x7fd9e40365f0 msgr2=0x7fd9e4038aa0 unknown :-1 s=STATE_CONNECTING_RE l=1).process reconnect failed to v2:172.21.15.88:6800/3992950126
2023-12-09T02:28:20.643 INFO:teuthology.orchestra.run.smithi088.stdout:/usr/bin/ceph: stderr
2023-12-09T02:28:14.868+0000 7fd9f3fff700 1 --2- 172.21.15.88:0/1827457049 >> [v2:172.21.15.88:6800/3992950126,v1:172.21.15.88:6801/3992950126] conn(0x7fd9e40365f0 0x7fd9e4038aa0 unknown :-1 s=START_CONNECT pgs=0 cs=0 l=1 rev1=0 crypto rx=0 tx=0 comp rx=0 tx=0)._fault waiting 0.400000
2023-12-09T02:28:20.643 INFO:teuthology.orchestra.run.smithi088.stdout:/usr/bin/ceph: stderr
2023-12-09T02:28:15.269+0000 7fd9f3fff700 1 -- 172.21.15.88:0/1827457049 >> [v2:172.21.15.88:6800/3992950126,v1:172.21.15.88:6801/3992950126] conn(0x7fd9e40365f0 msgr2=0x7fd9e4038aa0 unknown :-1 s=STATE_CONNECTING_RE l=1).process reconnect failed to v2:172.21.15.88:6800/3992950126
2023-12-09T02:28:20.643 INFO:teuthology.orchestra.run.smithi088.stdout:/usr/bin/ceph: stderr
2023-12-09T02:28:15.269+0000 7fd9f3fff700 1 --2- 172.21.15.88:0/1827457049 >> [v2:172.21.15.88:6800/3992950126,v1:172.21.15.88:6801/3992950126] conn(0x7fd9e40365f0 0x7fd9e4038aa0 unknown :-1 s=START_CONNECT pgs=0 cs=0 l=1 rev1=0 crypto rx=0 tx=0 comp rx=0 tx=0)._fault waiting 0.800000
2023-12-09T02:28:20.643 INFO:teuthology.orchestra.run.smithi088.stdout:/usr/bin/ceph: stderr
2023-12-09T02:28:16.070+0000 7fd9f3fff700 1 -- 172.21.15.88:0/1827457049 >> [v2:172.21.15.88:6800/3992950126,v1:172.21.15.88:6801/3992950126] conn(0x7fd9e40365f0 msgr2=0x7fd9e4038aa0 unknown :-1 s=STATE_CONNECTING_RE l=1).process reconnect failed to v2:172.21.15.88:6800/3992950126
2023-12-09T02:28:20.643 INFO:teuthology.orchestra.run.smithi088.stdout:/usr/bin/ceph: stderr
2023-12-09T02:28:16.070+0000 7fd9f3fff700 1 --2- 172.21.15.88:0/1827457049 >> [v2:172.21.15.88:6800/3992950126,v1:172.21.15.88:6801/3992950126] conn(0x7fd9e40365f0 0x7fd9e4038aa0 unknown :-1 s=START_CONNECT pgs=0 cs=0 l=1 rev1=0 crypto rx=0 tx=0 comp rx=0 tx=0)._fault waiting 1.600000
2023-12-09T02:28:20.643 INFO:teuthology.orchestra.run.smithi088.stdout:/usr/bin/ceph: stderr
2023-12-09T02:28:17.671+0000 7fd9f3fff700 1 -- 172.21.15.88:0/1827457049 >> [v2:172.21.15.88:6800/3992950126,v1:172.21.15.88:6801/3992950126] conn(0x7fd9e40365f0 msgr2=0x7fd9e4038aa0 unknown :-1 s=STATE_CONNECTING_RE l=1).process reconnect failed to v2:172.21.15.88:6800/3992950126
2023-12-09T02:28:20.643 INFO:teuthology.orchestra.run.smithi088.stdout:/usr/bin/ceph: stderr
2023-12-09T02:28:17.671+0000 7fd9f3fff700 1 --2- 172.21.15.88:0/1827457049 >> [v2:172.21.15.88:6800/3992950126,v1:172.21.15.88:6801/3992950126] conn(0x7fd9e40365f0 0x7fd9e4038aa0 unknown :-1 s=START_CONNECT pgs=0 cs=0 l=1 rev1=0 crypto rx=0 tx=0 comp rx=0 tx=0)._fault waiting 3.200000
2023-12-09T02:28:20.643 INFO:teuthology.orchestra.run.smithi088.stdout:/usr/bin/ceph: stderr
2023-12-09T02:28:19.327+0000 7fd9f17fa700 1 -- 172.21.15.88:0/1827457049 <== mon.0 v2:172.21.15.88:3300/0 6 ==== mgrmap(e 6) v1 ==== 43048+0+0 (secure 0 0 0) 0x7fd9e8010be0 con 0x7fd9f4071000
2023-12-09T02:28:20.643 INFO:teuthology.orchestra.run.smithi088.stdout:/usr/bin/ceph: stderr
2023-12-09T02:28:19.328+0000 7fd9f17fa700 1 -- 172.21.15.88:0/1827457049 >> [v2:172.21.15.88:6800/3992950126,v1:172.21.15.88:6801/3992950126] conn(0x7fd9e40365f0 msgr2=0x7fd9e4038aa0 unknown :-1 s=STATE_CONNECTING l=1).mark_down
2023-12-09T02:28:20.643 INFO:teuthology.orchestra.run.smithi088.stdout:/usr/bin/ceph: stderr
2023-12-09T02:28:19.328+0000 7fd9f17fa700 1 --2- 172.21.15.88:0/1827457049 >> [v2:172.21.15.88:6800/3992950126,v1:172.21.15.88:6801/3992950126] conn(0x7fd9e40365f0 0x7fd9e4038aa0 unknown :-1 s=START_CONNECT pgs=0 cs=0 l=1 rev1=0 crypto rx=0 tx=0 comp rx=0 tx=0).stop
2023-12-09T02:28:20.643 INFO:teuthology.orchestra.run.smithi088.stdout:/usr/bin/ceph: stderr
2023-12-09T02:28:20.327+0000 7fd9f17fa700 1 -- 172.21.15.88:0/1827457049 <== mon.0 v2:172.21.15.88:3300/0 7 ==== mgrmap(e 7) v1 ==== 43175+0+0 (secure 0 0 0) 0x7fd9e804c340 con 0x7fd9f4071000
2023-12-09T02:28:20.643 INFO:teuthology.orchestra.run.smithi088.stdout:/usr/bin/ceph: stderr
2023-12-09T02:28:20.328+0000 7fd9f17fa700 1 --2- 172.21.15.88:0/1827457049 >> [v2:172.21.15.88:6800/2611357961,v1:172.21.15.88:6801/2611357961] conn(0x7fd9e4039f60 0x7fd9e403c340 unknown :-1 s=NONE pgs=0 cs=0 l=1 rev1=0 crypto rx=0 tx=0 comp rx=0 tx=0).connect
2023-12-09T02:28:20.643 INFO:teuthology.orchestra.run.smithi088.stdout:/usr/bin/ceph: stderr
2023-12-09T02:28:20.328+0000 7fd9f17fa700 1 -- 172.21.15.88:0/1827457049 --> [v2:172.21.15.88:6800/2611357961,v1:172.21.15.88:6801/2611357961] -- command(tid 0: {"prefix": "get_command_descriptions"}) v1 -- 0x7fd9e40391b0 con 0x7fd9e4039f60
2023-12-09T02:28:20.644 INFO:teuthology.orchestra.run.smithi088.stdout:/usr/bin/ceph: stderr
2023-12-09T02:28:20.328+0000 7fd9f3fff700 1 --2- 172.21.15.88:0/1827457049 >> [v2:172.21.15.88:6800/2611357961,v1:172.21.15.88:6801/2611357961] conn(0x7fd9e4039f60 0x7fd9e403c340 unknown :-1 s=BANNER_CONNECTING pgs=0 cs=0 l=1 rev1=0 crypto rx=0 tx=0 comp rx=0 tx=0)._handle_peer_banner_payload supported=3 required=0
