2023-12-09T02:28:44.966+0000 7ffb1bfff700 1 -- 172.21.15.88:0/2110885558 <== mon.0 v2:172.21.15.88:3300/0 2 ==== config(26 keys) v1 ==== 1074+0+0 (secure 0 0 0) 0x7ffb2000be70 con 0x7ffb24070f80
2023-12-09T02:28:45.605 INFO:teuthology.orchestra.run.smithi088.stdout:/usr/bin/ceph: stderr
2023-12-09T02:28:44.966+0000 7ffb1bfff700 1 -- 172.21.15.88:0/2110885558 <== mon.0 v2:172.21.15.88:3300/0 3 ==== mon_map magic: 0 v1 ==== 229+0+0 (secure 0 0 0) 0x7ffb20010380 con 0x7ffb24070f80
2023-12-09T02:28:45.605 INFO:teuthology.orchestra.run.smithi088.stdout:/usr/bin/ceph: stderr
2023-12-09T02:28:44.966+0000 7ffb2b900700 1 -- 172.21.15.88:0/2110885558 >> [v2:172.21.15.88:3300/0,v1:172.21.15.88:6789/0] conn(0x7ffb24070f80 msgr2=0x7ffb24107320 secure :-1 s=STATE_CONNECTION_ESTABLISHED l=1).mark_down
2023-12-09T02:28:45.605 INFO:teuthology.orchestra.run.smithi088.stdout:/usr/bin/ceph: stderr
2023-12-09T02:28:44.966+0000 7ffb2b900700 1 --2- 172.21.15.88:0/2110885558 >> [v2:172.21.15.88:3300/0,v1:172.21.15.88:6789/0] conn(0x7ffb24070f80 0x7ffb24107320 secure :-1 s=READY pgs=80 cs=0 l=1 rev1=1 crypto rx=0x7ffb200098e0 tx=0x7ffb20009250 comp rx=0 tx=0).stop
2023-12-09T02:28:45.605 INFO:teuthology.orchestra.run.smithi088.stdout:/usr/bin/ceph: stderr
2023-12-09T02:28:44.966+0000 7ffb2b900700 1 -- 172.21.15.88:0/2110885558 shutdown_connections
2023-12-09T02:28:45.605 INFO:teuthology.orchestra.run.smithi088.stdout:/usr/bin/ceph: stderr
2023-12-09T02:28:44.966+0000 7ffb2b900700 1 --2- 172.21.15.88:0/2110885558 >> [v2:172.21.15.88:3300/0,v1:172.21.15.88:6789/0] conn(0x7ffb24070f80 0x7ffb24107320 unknown :-1 s=CLOSED pgs=80 cs=0 l=1 rev1=1 crypto rx=0 tx=0 comp rx=0 tx=0).stop
2023-12-09T02:28:45.605 INFO:teuthology.orchestra.run.smithi088.stdout:/usr/bin/ceph: stderr
2023-12-09T02:28:44.966+0000 7ffb2b900700 1 -- 172.21.15.88:0/2110885558 >> 172.21.15.88:0/2110885558 conn(0x7ffb240fc970 msgr2=0x7ffb240fed80 unknown :-1 s=STATE_NONE l=0).mark_down
2023-12-09T02:28:45.605 INFO:teuthology.orchestra.run.smithi088.stdout:/usr/bin/ceph: stderr
2023-12-09T02:28:44.966+0000 7ffb2b900700 1 -- 172.21.15.88:0/2110885558 shutdown_connections
2023-12-09T02:28:45.605 INFO:teuthology.orchestra.run.smithi088.stdout:/usr/bin/ceph: stderr
2023-12-09T02:28:44.966+0000 7ffb2b900700 1 -- 172.21.15.88:0/2110885558 wait complete.
2023-12-09T02:28:45.605 INFO:teuthology.orchestra.run.smithi088.stdout:/usr/bin/ceph: stderr
2023-12-09T02:28:44.967+0000 7ffb2b900700 1 Processor -- start
2023-12-09T02:28:45.605 INFO:teuthology.orchestra.run.smithi088.stdout:/usr/bin/ceph: stderr
2023-12-09T02:28:44.967+0000 7ffb2b900700 1 -- start start
2023-12-09T02:28:45.605 INFO:teuthology.orchestra.run.smithi088.stdout:/usr/bin/ceph: stderr
2023-12-09T02:28:44.967+0000 7ffb2b900700 1 --2- >> [v2:172.21.15.88:3300/0,v1:172.21.15.88:6789/0] conn(0x7ffb24070f80 0x7ffb241133c0 unknown :-1 s=NONE pgs=0 cs=0 l=1 rev1=0 crypto rx=0 tx=0 comp rx=0 tx=0).connect
2023-12-09T02:28:45.605 INFO:teuthology.orchestra.run.smithi088.stdout:/usr/bin/ceph: stderr
2023-12-09T02:28:44.967+0000 7ffb2b900700 1 -- --> [v2:172.21.15.88:3300/0,v1:172.21.15.88:6789/0] -- mon_getmap magic: 0 v1 -- 0x7ffb24113900 con 0x7ffb24070f80
2023-12-09T02:28:45.605 INFO:teuthology.orchestra.run.smithi088.stdout:/usr/bin/ceph: stderr
2023-12-09T02:28:44.967+0000 7ffb2969c700 1 --2- >> [v2:172.21.15.88:3300/0,v1:172.21.15.88:6789/0] conn(0x7ffb24070f80 0x7ffb241133c0 unknown :-1 s=BANNER_CONNECTING pgs=0 cs=0 l=1 rev1=0 crypto rx=0 tx=0 comp rx=0 tx=0)._handle_peer_banner_payload supported=3 required=0
2023-12-09T02:28:45.606 INFO:teuthology.orchestra.run.smithi088.stdout:/usr/bin/ceph: stderr
2023-12-09T02:28:44.967+0000 7ffb2969c700 1 --2- >> [v2:172.21.15.88:3300/0,v1:172.21.15.88:6789/0] conn(0x7ffb24070f80 0x7ffb241133c0 unknown :-1 s=HELLO_CONNECTING pgs=0 cs=0 l=1 rev1=1 crypto rx=0 tx=0 comp rx=0 tx=0).handle_hello peer v2:172.21.15.88:3300/0 says I am v2:172.21.15.88:50770/0 (socket says 172.21.15.88:50770)
2023-12-09T02:28:45.606 INFO:teuthology.orchestra.run.smithi088.stdout:/usr/bin/ceph: stderr
2023-12-09T02:28:44.967+0000 7ffb2969c700 1 -- 172.21.15.88:0/1890204901 learned_addr learned my addr 172.21.15.88:0/1890204901 (peer_addr_for_me v2:172.21.15.88:0/0)
2023-12-09T02:28:45.606 INFO:teuthology.orchestra.run.smithi088.stdout:/usr/bin/ceph: stderr
2023-12-09T02:28:44.967+0000 7ffb2969c700 1 -- 172.21.15.88:0/1890204901 --> [v2:172.21.15.88:3300/0,v1:172.21.15.88:6789/0] -- mon_subscribe({config=0+,monmap=0+}) v3 -- 0x7ffb200094f0 con 0x7ffb24070f80
2023-12-09T02:28:45.606 INFO:teuthology.orchestra.run.smithi088.stdout:/usr/bin/ceph: stderr
2023-12-09T02:28:44.968+0000 7ffb2969c700 1 --2- 172.21.15.88:0/1890204901 >> [v2:172.21.15.88:3300/0,v1:172.21.15.88:6789/0] conn(0x7ffb24070f80 0x7ffb241133c0 secure :-1 s=READY pgs=81 cs=0 l=1 rev1=1 crypto rx=0x7ffb200094c0 tx=0x7ffb20009250 comp rx=0 tx=0).ready entity=mon.0 client_cookie=0 server_cookie=0 in_seq=0 out_seq=0
2023-12-09T02:28:45.606 INFO:teuthology.orchestra.run.smithi088.stdout:/usr/bin/ceph: stderr
2023-12-09T02:28:44.968+0000 7ffb19ffb700 1 -- 172.21.15.88:0/1890204901 <== mon.0 v2:172.21.15.88:3300/0 1 ==== mon_map magic: 0 v1 ==== 229+0+0 (secure 0 0 0) 0x7ffb20010850 con 0x7ffb24070f80
2023-12-09T02:28:45.606 INFO:teuthology.orchestra.run.smithi088.stdout:/usr/bin/ceph: stderr
2023-12-09T02:28:44.968+0000 7ffb19ffb700 1 -- 172.21.15.88:0/1890204901 <== mon.0 v2:172.21.15.88:3300/0 2 ==== config(26 keys) v1 ==== 1074+0+0 (secure 0 0 0) 0x7ffb20010e60 con 0x7ffb24070f80
2023-12-09T02:28:45.606 INFO:teuthology.orchestra.run.smithi088.stdout:/usr/bin/ceph: stderr
2023-12-09T02:28:44.968+0000 7ffb2b900700 1 -- 172.21.15.88:0/1890204901 --> [v2:172.21.15.88:3300/0,v1:172.21.15.88:6789/0] -- mon_subscribe({mgrmap=0+}) v3 -- 0x7ffb24113b00 con 0x7ffb24070f80
2023-12-09T02:28:45.606 INFO:teuthology.orchestra.run.smithi088.stdout:/usr/bin/ceph: stderr
2023-12-09T02:28:44.968+0000 7ffb19ffb700 1 -- 172.21.15.88:0/1890204901 <== mon.0 v2:172.21.15.88:3300/0 3 ==== mon_map magic: 0 v1 ==== 229+0+0 (secure 0 0 0) 0x7ffb2001a430 con 0x7ffb24070f80
2023-12-09T02:28:45.606 INFO:teuthology.orchestra.run.smithi088.stdout:/usr/bin/ceph: stderr
2023-12-09T02:28:44.968+0000 7ffb2b900700 1 -- 172.21.15.88:0/1890204901 --> [v2:172.21.15.88:3300/0,v1:172.21.15.88:6789/0] -- mon_subscribe({osdmap=0}) v3 -- 0x7ffb24113f10 con 0x7ffb24070f80
2023-12-09T02:28:45.606 INFO:teuthology.orchestra.run.smithi088.stdout:/usr/bin/ceph: stderr
2023-12-09T02:28:44.969+0000 7ffb19ffb700 1 -- 172.21.15.88:0/1890204901 <== mon.0 v2:172.21.15.88:3300/0 4 ==== mgrmap(e 11) v1 ==== 43188+0+0 (secure 0 0 0) 0x7ffb2001a6b0 con 0x7ffb24070f80
2023-12-09T02:28:45.606 INFO:teuthology.orchestra.run.smithi088.stdout:/usr/bin/ceph: stderr
2023-12-09T02:28:44.969+0000 7ffb19ffb700 1 --2- 172.21.15.88:0/1890204901 >> [v2:172.21.15.88:6800/2389651586,v1:172.21.15.88:6801/2389651586] conn(0x7ffb10036510 0x7ffb100389c0 unknown :-1 s=NONE pgs=0 cs=0 l=1 rev1=0 crypto rx=0 tx=0 comp rx=0 tx=0).connect
2023-12-09T02:28:45.606 INFO:teuthology.orchestra.run.smithi088.stdout:/usr/bin/ceph: stderr
2023-12-09T02:28:44.969+0000 7ffb19ffb700 1 -- 172.21.15.88:0/1890204901 <== mon.0 v2:172.21.15.88:3300/0 5 ==== osd_map(3..3 src has 1..3) v4 ==== 1151+0+0 (secure 0 0 0) 0x7ffb2004a610 con 0x7ffb24070f80
2023-12-09T02:28:45.607 INFO:teuthology.orchestra.run.smithi088.stdout:/usr/bin/ceph: stderr
2023-12-09T02:28:44.969+0000 7ffb2b900700 1 -- 172.21.15.88:0/1890204901 --> [v2:172.21.15.88:3300/0,v1:172.21.15.88:6789/0] -- mon_command({"prefix": "get_command_descriptions"} v 0) v1 -- 0x7ffb2404bb80 con 0x7ffb24070f80
2023-12-09T02:28:45.607 INFO:teuthology.orchestra.run.smithi088.stdout:/usr/bin/ceph: stderr
2023-12-09T02:28:44.969+0000 7ffb28e9b700 1 --2- 172.21.15.88:0/1890204901 >> [v2:172.21.15.88:6800/2389651586,v1:172.21.15.88:6801/2389651586] conn(0x7ffb10036510 0x7ffb100389c0 unknown :-1 s=BANNER_CONNECTING pgs=0 cs=0 l=1 rev1=0 crypto rx=0 tx=0 comp rx=0 tx=0)._handle_peer_banner_payload supported=3 required=0
2023-12-09T02:28:45.607 INFO:teuthology.orchestra.run.smithi088.stdout:/usr/bin/ceph: stderr
2023-12-09T02:28:44.969+0000 7ffb28e9b700 1 --2- 172.21.15.88:0/1890204901 >> [v2:172.21.15.88:6800/2389651586,v1:172.21.15.88:6801/2389651586] conn(0x7ffb10036510 0x7ffb100389c0 secure :-1 s=READY pgs=7 cs=0 l=1 rev1=1 crypto rx=0x7ffb14009990 tx=0x7ffb14006e40 comp rx=0 tx=0).ready entity=mgr.14162 client_cookie=0 server_cookie=0 in_seq=0 out_seq=0
2023-12-09T02:28:45.607 INFO:teuthology.orchestra.run.smithi088.stdout:/usr/bin/ceph: stderr
2023-12-09T02:28:44.974+0000 7ffb19ffb700 1 -- 172.21.15.88:0/1890204901 <== mon.0 v2:172.21.15.88:3300/0 6 ==== mon_command_ack([{"prefix": "get_command_descriptions"}]=0 v0) v1 ==== 72+0+174570 (secure 0 0 0) 0x7ffb20018d90 con 0x7ffb24070f80
2023-12-09T02:28:45.607 INFO:teuthology.orchestra.run.smithi088.stdout:/usr/bin/ceph: stderr
2023-12-09T02:28:45.181+0000 7ffb2b900700 1 -- 172.21.15.88:0/1890204901 --> [v2:172.21.15.88:6800/2389651586,v1:172.21.15.88:6801/2389651586] -- mgr_command(tid 0: {"prefix": "dashboard create-self-signed-cert", "target": ["mon-mgr", ""]}) v1 -- 0x7ffb2410d1f0 con 0x7ffb10036510
2023-12-09T02:28:45.607 INFO:teuthology.orchestra.run.smithi088.stdout:/usr/bin/ceph: stderr
2023-12-09T02:28:45.253+0000 7ffb19ffb700 1 -- 172.21.15.88:0/1890204901 <== mgr.14162 v2:172.21.15.88:6800/2389651586 1 ==== mgr_command_reply(tid 0: 0 ) v1 ==== 8+0+32 (secure 0 0 0) 0x7ffb2410d1f0 con 0x7ffb10036510
2023-12-09T02:28:45.607 INFO:teuthology.orchestra.run.smithi088.stdout:/usr/bin/ceph: stderr
2023-12-09T02:28:45.255+0000 7ffb2b900700 1 -- 172.21.15.88:0/1890204901 >> [v2:172.21.15.88:6800/2389651586,v1:172.21.15.88:6801/2389651586] conn(0x7ffb10036510 msgr2=0x7ffb100389c0 secure :-1 s=STATE_CONNECTION_ESTABLISHED l=1).mark_down
2023-12-09T02:28:45.607 INFO:teuthology.orchestra.run.smithi088.stdout:/usr/bin/ceph: stderr
2023-12-09T02:28:45.255+0000 7ffb2b900700 1 --2- 172.21.15.88:0/1890204901 >> [v2:172.21.15.88:6800/2389651586,v1:172.21.15.88:6801/2389651586] conn(0x7ffb10036510 0x7ffb100389c0 secure :-1 s=READY pgs=7 cs=0 l=1 rev1=1 crypto rx=0x7ffb14009990 tx=0x7ffb14006e40 comp rx=0 tx=0).stop
2023-12-09T02:28:45.607 INFO:teuthology.orchestra.run.smithi088.stdout:/usr/bin/ceph: stderr
2023-12-09T02:28:45.255+0000 7ffb2b900700 1 -- 172.21.15.88:0/1890204901 >> [v2:172.21.15.88:3300/0,v1:172.21.15.88:6789/0] conn(0x7ffb24070f80 msgr2=0x7ffb241133c0 secure :-1 s=STATE_CONNECTION_ESTABLISHED l=1).mark_down
2023-12-09T02:28:45.607 INFO:teuthology.orchestra.run.smithi088.stdout:/usr/bin/ceph: stderr
2023-12-09T02:28:45.255+0000 7ffb2b900700 1 --2- 172.21.15.88:0/1890204901 >> [v2:172.21.15.88:3300/0,v1:172.21.15.88:6789/0] conn(0x7ffb24070f80 0x7ffb241133c0 secure :-1 s=READY pgs=81 cs=0 l=1 rev1=1 crypto rx=0x7ffb200094c0 tx=0x7ffb20009250 comp rx=0 tx=0).stop
2023-12-09T02:28:45.607 INFO:teuthology.orchestra.run.smithi088.stdout:/usr/bin/ceph: stderr
2023-12-09T02:28:45.255+0000 7ffb2b900700 1 -- 172.21.15.88:0/1890204901 shutdown_connections
2023-12-09T02:28:45.607 INFO:teuthology.orchestra.run.smithi088.stdout:/usr/bin/ceph: stderr
2023-12-09T02:28:45.255+0000 7ffb2b900700 1 --2- 172.21.15.88:0/1890204901 >> [v2:172.21.15.88:6800/2389651586,v1:172.21.15.88:6801/2389651586] conn(0x7ffb10036510 0x7ffb100389c0 unknown :-1 s=CLOSED pgs=7 cs=0 l=1 rev1=1 crypto rx=0 tx=0 comp rx=0 tx=0).stop
2023-12-09T02:28:45.607 INFO:teuthology.orchestra.run.smithi088.stdout:/usr/bin/ceph: stderr
2023-12-09T02:28:45.255+0000 7ffb2b900700 1 --2- 172.21.15.88:0/1890204901 >> [v2:172.21.15.88:3300/0,v1:172.21.15.88:6789/0] conn(0x7ffb24070f80 0x7ffb241133c0 unknown :-1 s=CLOSED pgs=81 cs=0 l=1 rev1=1 crypto rx=0 tx=0 comp rx=0 tx=0).stop
2023-12-09T02:28:45.607 INFO:teuthology.orchestra.run.smithi088.stdout:/usr/bin/ceph: stderr
2023-12-09T02:28:45.255+0000 7ffb2b900700 1 -- 172.21.15.88:0/1890204901 >> 172.21.15.88:0/1890204901 conn(0x7ffb240fc970 msgr2=0x7ffb240fe1d0 unknown :-1 s=STATE_NONE l=0).mark_down
2023-12-09T02:28:45.608 INFO:teuthology.orchestra.run.smithi088.stdout:/usr/bin/ceph: stderr
2023-12-09T02:28:45.255+0000 7ffb2b900700 1 -- 172.21.15.88:0/1890204901 shutdown_connections
2023-12-09T02:28:45.608 INFO:teuthology.orchestra.run.smithi088.stdout:/usr/bin/ceph: stderr
2023-12-09T02:28:45.255+0000 7ffb2b900700 1 -- 172.21.15.88:0/1890204901 wait complete.
2023-12-09T02:28:45.608 INFO:teuthology.orchestra.run.smithi088.stdout:Creating initial admin user...
2023-12-09T02:28:46.702 INFO:journalctl@ceph.mon.smithi088.smithi088.stdout:Dec 09 02:28:46 smithi088 ceph-mon[112028]: from='client.14174 -' entity='client.admin' cmd=[{"prefix": "dashboard create-self-signed-cert", "target": ["mon-mgr", ""]}]: dispatch
2023-12-09T02:28:46.702 INFO:journalctl@ceph.mon.smithi088.smithi088.stdout:Dec 09 02:28:46 smithi088 ceph-mon[112028]: mgrmap e12: smithi088.jwlofb(active, since 2s)
2023-12-09T02:28:46.785 INFO:teuthology.orchestra.run.smithi088.stdout:/usr/bin/ceph: stdout {"username": "admin", "password": "$2b$12$YuZSEgNVZCIodu7vpivOXu.xDJd8QBTydNEJJjEHwHWZz2yyzeOSq", "roles": ["administrator"], "name": null, "email": null, "lastUpdate": 1702088926, "enabled": true, "pwdExpirationDate": null, "pwdUpdateRequired": true}
2023-12-09T02:28:46.785 INFO:teuthology.orchestra.run.smithi088.stdout:/usr/bin/ceph: stderr
2023-12-09T02:28:45.989+0000 7f197a018700 1 Processor -- start
2023-12-09T02:28:46.785 INFO:teuthology.orchestra.run.smithi088.stdout:/usr/bin/ceph: stderr
2023-12-09T02:28:45.989+0000 7f197a018700 1 -- start start
2023-12-09T02:28:46.785 INFO:teuthology.orchestra.run.smithi088.stdout:/usr/bin/ceph: stderr
2023-12-09T02:28:45.990+0000 7f197a018700 1 --2- >> [v2:172.21.15.88:3300/0,v1:172.21.15.88:6789/0] conn(0x7f1974070fc0 0x7f1974104ee0 unknown :-1 s=NONE pgs=0 cs=0 l=0 rev1=0 crypto rx=0 tx=0 comp rx=0 tx=0).connect
2023-12-09T02:28:46.785 INFO:teuthology.orchestra.run.smithi088.stdout:/usr/bin/ceph: stderr
2023-12-09T02:28:45.990+0000 7f197a018700 1 -- --> [v2:172.21.15.88:3300/0,v1:172.21.15.88:6789/0] -- mon_getmap magic: 0 v1 -- 0x7f1974105420 con 0x7f1974070fc0
2023-12-09T02:28:46.785 INFO:teuthology.orchestra.run.smithi088.stdout:/usr/bin/ceph: stderr
2023-12-09T02:28:45.990+0000 7f19737fe700 1 --2- >> [v2:172.21.15.88:3300/0,v1:172.21.15.88:6789/0] conn(0x7f1974070fc0 0x7f1974104ee0 unknown :-1 s=BANNER_CONNECTING pgs=0 cs=0 l=0 rev1=0 crypto rx=0 tx=0 comp rx=0 tx=0)._handle_peer_banner_payload supported=3 required=0
2023-12-09T02:28:46.785 INFO:teuthology.orchestra.run.smithi088.stdout:/usr/bin/ceph: stderr
2023-12-09T02:28:45.990+0000 7f19737fe700 1 --2- >> [v2:172.21.15.88:3300/0,v1:172.21.15.88:6789/0] conn(0x7f1974070fc0 0x7f1974104ee0 unknown :-1 s=HELLO_CONNECTING pgs=0 cs=0 l=0 rev1=1 crypto rx=0 tx=0 comp rx=0 tx=0).handle_hello peer v2:172.21.15.88:3300/0 says I am v2:172.21.15.88:50774/0 (socket says 172.21.15.88:50774)
2023-12-09T02:28:46.785 INFO:teuthology.orchestra.run.smithi088.stdout:/usr/bin/ceph: stderr
2023-12-09T02:28:45.990+0000 7f19737fe700 1 -- 172.21.15.88:0/1487003817 learned_addr learned my addr 172.21.15.88:0/1487003817 (peer_addr_for_me v2:172.21.15.88:0/0)
2023-12-09T02:28:46.785 INFO:teuthology.orchestra.run.smithi088.stdout:/usr/bin/ceph: stderr
2023-12-09T02:28:45.990+0000 7f19737fe700 1 -- 172.21.15.88:0/1487003817 --> [v2:172.21.15.88:3300/0,v1:172.21.15.88:6789/0] -- mon_subscribe({config=0+,monmap=0+}) v3 -- 0x7f1974105560 con 0x7f1974070fc0
2023-12-09T02:28:46.785 INFO:teuthology.orchestra.run.smithi088.stdout:/usr/bin/ceph: stderr
2023-12-09T02:28:45.990+0000 7f19737fe700 1 --2- 172.21.15.88:0/1487003817 >> [v2:172.21.15.88:3300/0,v1:172.21.15.88:6789/0] conn(0x7f1974070fc0 0x7f1974104ee0 secure :-1 s=READY pgs=82 cs=0 l=1 rev1=1 crypto rx=0x7f19680098e0 tx=0x7f1968009250 comp rx=0 tx=0).ready entity=mon.0 client_cookie=18c49bb1448130de server_cookie=0 in_seq=0 out_seq=0
2023-12-09T02:28:46.785 INFO:teuthology.orchestra.run.smithi088.stdout:/usr/bin/ceph: stderr
2023-12-09T02:28:45.990+0000 7f19727fc700 1 -- 172.21.15.88:0/1487003817 <== mon.0 v2:172.21.15.88:3300/0 1 ==== mon_map magic: 0 v1 ==== 229+0+0 (secure 0 0 0) 0x7f196800b860 con 0x7f1974070fc0
2023-12-09T02:28:46.786 INFO:teuthology.orchestra.run.smithi088.stdout:/usr/bin/ceph: stderr
2023-12-09T02:28:45.990+0000 7f19727fc700 1 -- 172.21.15.88:0/1487003817 <== mon.0 v2:172.21.15.88:3300/0 2 ==== config(26 keys) v1 ==== 1074+0+0 (secure 0 0 0) 0x7f196800be70 con 0x7f1974070fc0
2023-12-09T02:28:46.786 INFO:teuthology.orchestra.run.smithi088.stdout:/usr/bin/ceph: stderr
2023-12-09T02:28:45.990+0000 7f19727fc700 1 -- 172.21.15.88:0/1487003817 <== mon.0 v2:172.21.15.88:3300/0 3 ==== mon_map magic: 0 v1 ==== 229+0+0 (secure 0 0 0) 0x7f1968010380 con 0x7f1974070fc0
2023-12-09T02:28:46.786 INFO:teuthology.orchestra.run.smithi088.stdout:/usr/bin/ceph: stderr
2023-12-09T02:28:45.991+0000 7f197a018700 1 -- 172.21.15.88:0/1487003817 >> [v2:172.21.15.88:3300/0,v1:172.21.15.88:6789/0] conn(0x7f1974070fc0 msgr2=0x7f1974104ee0 secure :-1 s=STATE_CONNECTION_ESTABLISHED l=1).mark_down
2023-12-09T02:28:46.786 INFO:teuthology.orchestra.run.smithi088.stdout:/usr/bin/ceph: stderr
2023-12-09T02:28:45.991+0000 7f197a018700 1 --2- 172.21.15.88:0/1487003817 >> [v2:172.21.15.88:3300/0,v1:172.21.15.88:6789/0] conn(0x7f1974070fc0 0x7f1974104ee0 secure :-1 s=READY pgs=82 cs=0 l=1 rev1=1 crypto rx=0x7f19680098e0 tx=0x7f1968009250 comp rx=0 tx=0).stop
2023-12-09T02:28:46.786 INFO:teuthology.orchestra.run.smithi088.stdout:/usr/bin/ceph: stderr
2023-12-09T02:28:45.991+0000 7f197a018700 1 -- 172.21.15.88:0/1487003817 shutdown_connections
2023-12-09T02:28:46.786 INFO:teuthology.orchestra.run.smithi088.stdout:/usr/bin/ceph: stderr
2023-12-09T02:28:45.991+0000 7f197a018700 1 --2- 172.21.15.88:0/1487003817 >> [v2:172.21.15.88:3300/0,v1:172.21.15.88:6789/0] conn(0x7f1974070fc0 0x7f1974104ee0 unknown :-1 s=CLOSED pgs=82 cs=0 l=1 rev1=1 crypto rx=0 tx=0 comp rx=0 tx=0).stop
2023-12-09T02:28:46.786 INFO:teuthology.orchestra.run.smithi088.stdout:/usr/bin/ceph: stderr
2023-12-09T02:28:45.991+0000 7f197a018700 1 -- 172.21.15.88:0/1487003817 >> 172.21.15.88:0/1487003817 conn(0x7f19740fc970 msgr2=0x7f19740fed80 unknown :-1 s=STATE_NONE l=0).mark_down
2023-12-09T02:28:46.786 INFO:teuthology.orchestra.run.smithi088.stdout:/usr/bin/ceph: stderr
2023-12-09T02:28:45.991+0000 7f197a018700 1 -- 172.21.15.88:0/1487003817 shutdown_connections
2023-12-09T02:28:46.786 INFO:teuthology.orchestra.run.smithi088.stdout:/usr/bin/ceph: stderr
2023-12-09T02:28:45.991+0000 7f197a018700 1 -- 172.21.15.88:0/1487003817 wait complete.
2023-12-09T02:28:46.786 INFO:teuthology.orchestra.run.smithi088.stdout:/usr/bin/ceph: stderr
2023-12-09T02:28:45.992+0000 7f197a018700 1 Processor -- start
2023-12-09T02:28:46.786 INFO:teuthology.orchestra.run.smithi088.stdout:/usr/bin/ceph: stderr
2023-12-09T02:28:45.992+0000 7f197a018700 1 -- start start
2023-12-09T02:28:46.786 INFO:teuthology.orchestra.run.smithi088.stdout:/usr/bin/ceph: stderr
2023-12-09T02:28:45.992+0000 7f197a018700 1 --2- >> [v2:172.21.15.88:3300/0,v1:172.21.15.88:6789/0] conn(0x7f1974070fc0 0x7f19741111a0 unknown :-1 s=NONE pgs=0 cs=0 l=1 rev1=0 crypto rx=0 tx=0 comp rx=0 tx=0).connect
2023-12-09T02:28:46.786 INFO:teuthology.orchestra.run.smithi088.stdout:/usr/bin/ceph: stderr
2023-12-09T02:28:45.992+0000 7f197a018700 1 -- --> [v2:172.21.15.88:3300/0,v1:172.21.15.88:6789/0] -- mon_getmap magic: 0 v1 -- 0x7f19741116e0 con 0x7f1974070fc0
2023-12-09T02:28:46.786 INFO:teuthology.orchestra.run.smithi088.stdout:/usr/bin/ceph: stderr
2023-12-09T02:28:45.992+0000 7f19737fe700 1 --2- >> [v2:172.21.15.88:3300/0,v1:172.21.15.88:6789/0] conn(0x7f1974070fc0 0x7f19741111a0 unknown :-1 s=BANNER_CONNECTING pgs=0 cs=0 l=1 rev1=0 crypto rx=0 tx=0 comp rx=0 tx=0)._handle_peer_banner_payload supported=3 required=0
2023-12-09T02:28:46.787 INFO:teuthology.orchestra.run.smithi088.stdout:/usr/bin/ceph: stderr
2023-12-09T02:28:45.992+0000 7f19737fe700 1 --2- >> [v2:172.21.15.88:3300/0,v1:172.21.15.88:6789/0] conn(0x7f1974070fc0 0x7f19741111a0 unknown :-1 s=HELLO_CONNECTING pgs=0 cs=0 l=1 rev1=1 crypto rx=0 tx=0 comp rx=0 tx=0).handle_hello peer v2:172.21.15.88:3300/0 says I am v2:172.21.15.88:50776/0 (socket says 172.21.15.88:50776)
2023-12-09T02:28:46.787 INFO:teuthology.orchestra.run.smithi088.stdout:/usr/bin/ceph: stderr
2023-12-09T02:28:45.992+0000 7f19737fe700 1 -- 172.21.15.88:0/3733010742 learned_addr learned my addr 172.21.15.88:0/3733010742 (peer_addr_for_me v2:172.21.15.88:0/0)
2023-12-09T02:28:46.787 INFO:teuthology.orchestra.run.smithi088.stdout:/usr/bin/ceph: stderr
2023-12-09T02:28:45.992+0000 7f19737fe700 1 -- 172.21.15.88:0/3733010742 --> [v2:172.21.15.88:3300/0,v1:172.21.15.88:6789/0] -- mon_subscribe({config=0+,monmap=0+}) v3 -- 0x7f19680094f0 con 0x7f1974070fc0
2023-12-09T02:28:46.787 INFO:teuthology.orchestra.run.smithi088.stdout:/usr/bin/ceph: stderr
2023-12-09T02:28:45.992+0000 7f19737fe700 1 --2- 172.21.15.88:0/3733010742 >> [v2:172.21.15.88:3300/0,v1:172.21.15.88:6789/0] conn(0x7f1974070fc0 0x7f19741111a0 secure :-1 s=READY pgs=83 cs=0 l=1 rev1=1 crypto rx=0x7f19680094c0 tx=0x7f1968009250 comp rx=0 tx=0).ready entity=mon.0 client_cookie=0 server_cookie=0 in_seq=0 out_seq=0
2023-12-09T02:28:46.787 INFO:teuthology.orchestra.run.smithi088.stdout:/usr/bin/ceph: stderr
2023-12-09T02:28:45.993+0000 7f195bfff700 1 -- 172.21.15.88:0/3733010742 <== mon.0 v2:172.21.15.88:3300/0 1 ==== mon_map magic: 0 v1 ==== 229+0+0 (secure 0 0 0) 0x7f1968010850 con 0x7f1974070fc0
2023-12-09T02:28:46.787 INFO:teuthology.orchestra.run.smithi088.stdout:/usr/bin/ceph: stderr
2023-12-09T02:28:45.993+0000 7f195bfff700 1 -- 172.21.15.88:0/3733010742 <== mon.0 v2:172.21.15.88:3300/0 2 ==== config(26 keys) v1 ==== 1074+0+0 (secure 0 0 0) 0x7f1968010e60 con 0x7f1974070fc0
2023-12-09T02:28:46.787 INFO:teuthology.orchestra.run.smithi088.stdout:/usr/bin/ceph: stderr
2023-12-09T02:28:45.993+0000 7f197a018700 1 -- 172.21.15.88:0/3733010742 --> [v2:172.21.15.88:3300/0,v1:172.21.15.88:6789/0] -- mon_subscribe({mgrmap=0+}) v3 -- 0x7f19741118e0 con 0x7f1974070fc0
2023-12-09T02:28:46.787 INFO:teuthology.orchestra.run.smithi088.stdout:/usr/bin/ceph: stderr
2023-12-09T02:28:45.993+0000 7f195bfff700 1 -- 172.21.15.88:0/3733010742 <== mon.0 v2:172.21.15.88:3300/0 3 ==== mon_map magic: 0 v1 ==== 229+0+0 (secure 0 0 0) 0x7f196801a430 con 0x7f1974070fc0
2023-12-09T02:28:46.787 INFO:teuthology.orchestra.run.smithi088.stdout:/usr/bin/ceph: stderr
2023-12-09T02:28:45.993+0000 7f197a018700 1 -- 172.21.15.88:0/3733010742 --> [v2:172.21.15.88:3300/0,v1:172.21.15.88:6789/0] -- mon_subscribe({osdmap=0}) v3 -- 0x7f1974111cf0 con 0x7f1974070fc0
2023-12-09T02:28:46.787 INFO:teuthology.orchestra.run.smithi088.stdout:/usr/bin/ceph: stderr
2023-12-09T02:28:45.993+0000 7f195bfff700 1 -- 172.21.15.88:0/3733010742 <== mon.0 v2:172.21.15.88:3300/0 4 ==== mgrmap(e 12) v1 ==== 43294+0+0 (secure 0 0 0) 0x7f196801a6b0 con 0x7f1974070fc0
2023-12-09T02:28:46.787 INFO:teuthology.orchestra.run.smithi088.stdout:/usr/bin/ceph: stderr
2023-12-09T02:28:45.994+0000 7f195bfff700 1 --2- 172.21.15.88:0/3733010742 >> [v2:172.21.15.88:6800/2389651586,v1:172.21.15.88:6801/2389651586] conn(0x7f195c036640 0x7f195c038af0 unknown :-1 s=NONE pgs=0 cs=0 l=1 rev1=0 crypto rx=0 tx=0 comp rx=0 tx=0).connect
2023-12-09T02:28:46.787 INFO:teuthology.orchestra.run.smithi088.stdout:/usr/bin/ceph: stderr
2023-12-09T02:28:45.994+0000 7f195bfff700 1 -- 172.21.15.88:0/3733010742 <== mon.0 v2:172.21.15.88:3300/0 5 ==== osd_map(3..3 src has 1..3) v4 ==== 1151+0+0 (secure 0 0 0) 0x7f196804a500 con 0x7f1974070fc0
2023-12-09T02:28:46.787 INFO:teuthology.orchestra.run.smithi088.stdout:/usr/bin/ceph: stderr
2023-12-09T02:28:45.994+0000 7f1972ffd700 1 --2- 172.21.15.88:0/3733010742 >> [v2:172.21.15.88:6800/2389651586,v1:172.21.15.88:6801/2389651586] conn(0x7f195c036640 0x7f195c038af0 unknown :-1 s=BANNER_CONNECTING pgs=0 cs=0 l=1 rev1=0 crypto rx=0 tx=0 comp rx=0 tx=0)._handle_peer_banner_payload supported=3 required=0
2023-12-09T02:28:46.788 INFO:teuthology.orchestra.run.smithi088.stdout:/usr/bin/ceph: stderr
2023-12-09T02:28:45.994+0000 7f197a018700 1 -- 172.21.15.88:0/3733010742 --> [v2:172.21.15.88:3300/0,v1:172.21.15.88:6789/0] -- mon_command({"prefix": "get_command_descriptions"} v 0) v1 -- 0x7f197404bb80 con 0x7f1974070fc0
2023-12-09T02:28:46.788 INFO:teuthology.orchestra.run.smithi088.stdout:/usr/bin/ceph: stderr
2023-12-09T02:28:45.994+0000 7f1972ffd700 1 --2- 172.21.15.88:0/3733010742 >> [v2:172.21.15.88:6800/2389651586,v1:172.21.15.88:6801/2389651586] conn(0x7f195c036640 0x7f195c038af0 secure :-1 s=READY pgs=8 cs=0 l=1 rev1=1 crypto rx=0x7f1964009990 tx=0x7f1964006e40 comp rx=0 tx=0).ready entity=mgr.14162 client_cookie=0 server_cookie=0 in_seq=0 out_seq=0
2023-12-09T02:28:46.788 INFO:teuthology.orchestra.run.smithi088.stdout:/usr/bin/ceph: stderr
2023-12-09T02:28:45.999+0000 7f195bfff700 1 -- 172.21.15.88:0/3733010742 <== mon.0 v2:172.21.15.88:3300/0 6 ==== mon_command_ack([{"prefix": "get_command_descriptions"}]=0 v0) v1 ==== 72+0+174570 (secure 0 0 0) 0x7f19680189a0 con 0x7f1974070fc0
2023-12-09T02:28:46.788 INFO:teuthology.orchestra.run.smithi088.stdout:/usr/bin/ceph: stderr
2023-12-09T02:28:46.203+0000 7f197a018700 1 -- 172.21.15.88:0/3733010742 --> [v2:172.21.15.88:6800/2389651586,v1:172.21.15.88:6801/2389651586] -- mgr_command(tid 0: {"prefix": "dashboard ac-user-create", "username": "admin", "rolename": "administrator", "force_password": true, "pwd_update_required": true, "target": ["mon-mgr", ""]}) v1 -- 0x7f19741062e0 con 0x7f195c036640
2023-12-09T02:28:46.788 INFO:teuthology.orchestra.run.smithi088.stdout:/usr/bin/ceph: stderr
2023-12-09T02:28:46.428+0000 7f195bfff700 1 -- 172.21.15.88:0/3733010742 <== mgr.14162 v2:172.21.15.88:6800/2389651586 1 ==== mgr_command_reply(tid 0: 0 ) v1 ==== 8+0+252 (secure 0 0 0) 0x7f19741062e0 con 0x7f195c036640
2023-12-09T02:28:46.788 INFO:teuthology.orchestra.run.smithi088.stdout:/usr/bin/ceph: stderr
2023-12-09T02:28:46.430+0000 7f197a018700 1 -- 172.21.15.88:0/3733010742 >> [v2:172.21.15.88:6800/2389651586,v1:172.21.15.88:6801/2389651586] conn(0x7f195c036640 msgr2=0x7f195c038af0 secure :-1 s=STATE_CONNECTION_ESTABLISHED l=1).mark_down
2023-12-09T02:28:46.788 INFO:teuthology.orchestra.run.smithi088.stdout:/usr/bin/ceph: stderr
2023-12-09T02:28:46.430+0000 7f197a018700 1 --2- 172.21.15.88:0/3733010742 >> [v2:172.21.15.88:6800/2389651586,v1:172.21.15.88:6801/2389651586] conn(0x7f195c036640 0x7f195c038af0 secure :-1 s=READY pgs=8 cs=0 l=1 rev1=1 crypto rx=0x7f1964009990 tx=0x7f1964006e40 comp rx=0 tx=0).stop
2023-12-09T02:28:46.788 INFO:teuthology.orchestra.run.smithi088.stdout:/usr/bin/ceph: stderr
2023-12-09T02:28:46.430+0000 7f197a018700 1 -- 172.21.15.88:0/3733010742 >> [v2:172.21.15.88:3300/0,v1:172.21.15.88:6789/0] conn(0x7f1974070fc0 msgr2=0x7f19741111a0 secure :-1 s=STATE_CONNECTION_ESTABLISHED l=1).mark_down
2023-12-09T02:28:46.788 INFO:teuthology.orchestra.run.smithi088.stdout:/usr/bin/ceph: stderr
2023-12-09T02:28:46.430+0000 7f197a018700 1 --2- 172.21.15.88:0/3733010742 >> [v2:172.21.15.88:3300/0,v1:172.21.15.88:6789/0] conn(0x7f1974070fc0 0x7f19741111a0 secure :-1 s=READY pgs=83 cs=0 l=1 rev1=1 crypto rx=0x7f19680094c0 tx=0x7f1968009250 comp rx=0 tx=0).stop
2023-12-09T02:28:46.788 INFO:teuthology.orchestra.run.smithi088.stdout:/usr/bin/ceph: stderr
2023-12-09T02:28:46.430+0000 7f197a018700 1 -- 172.21.15.88:0/3733010742 shutdown_connections
2023-12-09T02:28:46.788 INFO:teuthology.orchestra.run.smithi088.stdout:/usr/bin/ceph: stderr
2023-12-09T02:28:46.430+0000 7f197a018700 1 --2- 172.21.15.88:0/3733010742 >> [v2:172.21.15.88:6800/2389651586,v1:172.21.15.88:6801/2389651586] conn(0x7f195c036640 0x7f195c038af0 unknown :-1 s=CLOSED pgs=8 cs=0 l=1 rev1=1 crypto rx=0 tx=0 comp rx=0 tx=0).stop
2023-12-09T02:28:46.789 INFO:teuthology.orchestra.run.smithi088.stdout:/usr/bin/ceph: stderr
2023-12-09T02:28:46.430+0000 7f197a018700 1 --2- 172.21.15.88:0/3733010742 >> [v2:172.21.15.88:3300/0,v1:172.21.15.88:6789/0] conn(0x7f1974070fc0 0x7f19741111a0 unknown :-1 s=CLOSED pgs=83 cs=0 l=1 rev1=1 crypto rx=0 tx=0 comp rx=0 tx=0).stop
2023-12-09T02:28:46.789 INFO:teuthology.orchestra.run.smithi088.stdout:/usr/bin/ceph: stderr
2023-12-09T02:28:46.430+0000 7f197a018700 1 -- 172.21.15.88:0/3733010742 >> 172.21.15.88:0/3733010742 conn(0x7f19740fc970 msgr2=0x7f19740fe170 unknown :-1 s=STATE_NONE l=0).mark_down
2023-12-09T02:28:46.789 INFO:teuthology.orchestra.run.smithi088.stdout:/usr/bin/ceph: stderr
2023-12-09T02:28:46.430+0000 7f197a018700 1 -- 172.21.15.88:0/3733010742 shutdown_connections
2023-12-09T02:28:46.789 INFO:teuthology.orchestra.run.smithi088.stdout:/usr/bin/ceph: stderr
2023-12-09T02:28:46.430+0000 7f197a018700 1 -- 172.21.15.88:0/3733010742 wait complete.
2023-12-09T02:28:46.789 INFO:teuthology.orchestra.run.smithi088.stdout:Fetching dashboard port number...
2023-12-09T02:28:47.657 INFO:journalctl@ceph.mon.smithi088.smithi088.stdout:Dec 09 02:28:47 smithi088 ceph-mon[112028]: from='client.14176 -' entity='client.admin' cmd=[{"prefix": "dashboard ac-user-create", "username": "admin", "rolename": "administrator", "force_password": true, "pwd_update_required": true, "target": ["mon-mgr", ""]}]: dispatch
2023-12-09T02:28:47.657 INFO:journalctl@ceph.mon.smithi088.smithi088.stdout:Dec 09 02:28:47 smithi088 ceph-mon[112028]: from='mgr.14162 172.21.15.88:0/2154360130' entity='mgr.smithi088.jwlofb'
2023-12-09T02:28:47.657 INFO:journalctl@ceph.mon.smithi088.smithi088.stdout:Dec 09 02:28:47 smithi088 ceph-mon[112028]: from='client.? 172.21.15.88:0/1354892983' entity='client.admin' cmd=[{"prefix": "config get", "who": "mgr", "key": "mgr/dashboard/ssl_server_port"}]: dispatch
2023-12-09T02:28:47.718 INFO:teuthology.orchestra.run.smithi088.stdout:/usr/bin/ceph: stdout 8443
2023-12-09T02:28:47.718 INFO:teuthology.orchestra.run.smithi088.stdout:/usr/bin/ceph: stderr
2023-12-09T02:28:47.124+0000 7f0421788700 1 Processor -- start
2023-12-09T02:28:47.718 INFO:teuthology.orchestra.run.smithi088.stdout:/usr/bin/ceph: stderr
2023-12-09T02:28:47.124+0000 7f0421788700 1 -- start start
2023-12-09T02:28:47.718 INFO:teuthology.orchestra.run.smithi088.stdout:/usr/bin/ceph: stderr
2023-12-09T02:28:47.124+0000 7f0421788700 1 --2- >> [v2:172.21.15.88:3300/0,v1:172.21.15.88:6789/0] conn(0x7f041c1022d0 0x7f041c1026e0 unknown :-1 s=NONE pgs=0 cs=0 l=0 rev1=0 crypto rx=0 tx=0 comp rx=0 tx=0).connect
2023-12-09T02:28:47.718 INFO:teuthology.orchestra.run.smithi088.stdout:/usr/bin/ceph: stderr
2023-12-09T02:28:47.124+0000 7f0421788700 1 -- --> [v2:172.21.15.88:3300/0,v1:172.21.15.88:6789/0] -- mon_getmap magic: 0 v1 -- 0x7f041c102c20 con 0x7f041c1022d0
2023-12-09T02:28:47.718 INFO:teuthology.orchestra.run.smithi088.stdout:/usr/bin/ceph: stderr
2023-12-09T02:28:47.125+0000 7f041affd700 1 --2- >> [v2:172.21.15.88:3300/0,v1:172.21.15.88:6789/0] conn(0x7f041c1022d0 0x7f041c1026e0 unknown :-1 s=BANNER_CONNECTING pgs=0 cs=0 l=0 rev1=0 crypto rx=0 tx=0 comp rx=0 tx=0)._handle_peer_banner_payload supported=3 required=0
2023-12-09T02:28:47.719 INFO:teuthology.orchestra.run.smithi088.stdout:/usr/bin/ceph: stderr
2023-12-09T02:28:47.125+0000 7f041affd700 1 --2- >> [v2:172.21.15.88:3300/0,v1:172.21.15.88:6789/0] conn(0x7f041c1022d0 0x7f041c1026e0 unknown :-1 s=HELLO_CONNECTING pgs=0 cs=0 l=0 rev1=1 crypto rx=0 tx=0 comp rx=0 tx=0).handle_hello peer v2:172.21.15.88:3300/0 says I am v2:172.21.15.88:36928/0 (socket says 172.21.15.88:36928)
2023-12-09T02:28:47.719 INFO:teuthology.orchestra.run.smithi088.stdout:/usr/bin/ceph: stderr
2023-12-09T02:28:47.125+0000 7f041affd700 1 -- 172.21.15.88:0/3302405205 learned_addr learned my addr 172.21.15.88:0/3302405205 (peer_addr_for_me v2:172.21.15.88:0/0)
2023-12-09T02:28:47.719 INFO:teuthology.orchestra.run.smithi088.stdout:/usr/bin/ceph: stderr
2023-12-09T02:28:47.125+0000 7f041affd700 1 -- 172.21.15.88:0/3302405205 --> [v2:172.21.15.88:3300/0,v1:172.21.15.88:6789/0] -- mon_subscribe({config=0+,monmap=0+}) v3 -- 0x7f041c102d60 con 0x7f041c1022d0
2023-12-09T02:28:47.719 INFO:teuthology.orchestra.run.smithi088.stdout:/usr/bin/ceph: stderr
2023-12-09T02:28:47.125+0000 7f041affd700 1 --2- 172.21.15.88:0/3302405205 >> [v2:172.21.15.88:3300/0,v1:172.21.15.88:6789/0] conn(0x7f041c1022d0 0x7f041c1026e0 secure :-1 s=READY pgs=84 cs=0 l=1 rev1=1 crypto rx=0x7f04100098e0 tx=0x7f0410009250 comp rx=0 tx=0).ready entity=mon.0 client_cookie=e7508e7e9637ab79 server_cookie=0 in_seq=0 out_seq=0
2023-12-09T02:28:47.719 INFO:teuthology.orchestra.run.smithi088.stdout:/usr/bin/ceph: stderr
2023-12-09T02:28:47.125+0000 7f0419ffb700 1 -- 172.21.15.88:0/3302405205 <== mon.0 v2:172.21.15.88:3300/0 1 ==== mon_map magic: 0 v1 ==== 229+0+0 (secure 0 0 0) 0x7f041000b860 con 0x7f041c1022d0
2023-12-09T02:28:47.719 INFO:teuthology.orchestra.run.smithi088.stdout:/usr/bin/ceph: stderr
2023-12-09T02:28:47.125+0000 7f0419ffb700 1 -- 172.21.15.88:0/3302405205 <== mon.0 v2:172.21.15.88:3300/0 2 ==== config(26 keys) v1 ==== 1074+0+0 (secure 0 0 0) 0x7f041000be70 con 0x7f041c1022d0
2023-12-09T02:28:47.719 INFO:teuthology.orchestra.run.smithi088.stdout:/usr/bin/ceph: stderr
2023-12-09T02:28:47.125+0000 7f0419ffb700 1 -- 172.21.15.88:0/3302405205 <== mon.0 v2:172.21.15.88:3300/0 3 ==== mon_map magic: 0 v1 ==== 229+0+0 (secure 0 0 0) 0x7f0410010380 con 0x7f041c1022d0
2023-12-09T02:28:47.719 INFO:teuthology.orchestra.run.smithi088.stdout:/usr/bin/ceph: stderr
2023-12-09T02:28:47.126+0000 7f0421788700 1 -- 172.21.15.88:0/3302405205 >> [v2:172.21.15.88:3300/0,v1:172.21.15.88:6789/0] conn(0x7f041c1022d0 msgr2=0x7f041c1026e0 secure :-1 s=STATE_CONNECTION_ESTABLISHED l=1).mark_down
2023-12-09T02:28:47.719 INFO:teuthology.orchestra.run.smithi088.stdout:/usr/bin/ceph: stderr
2023-12-09T02:28:47.126+0000 7f0421788700 1 --2- 172.21.15.88:0/3302405205 >> [v2:172.21.15.88:3300/0,v1:172.21.15.88:6789/0] conn(0x7f041c1022d0 0x7f041c1026e0 secure :-1 s=READY pgs=84 cs=0 l=1 rev1=1 crypto rx=0x7f04100098e0 tx=0x7f0410009250 comp rx=0 tx=0).stop
2023-12-09T02:28:47.719 INFO:teuthology.orchestra.run.smithi088.stdout:/usr/bin/ceph: stderr
2023-12-09T02:28:47.126+0000 7f0421788700 1 -- 172.21.15.88:0/3302405205 shutdown_connections
2023-12-09T02:28:47.720 INFO:teuthology.orchestra.run.smithi088.stdout:/usr/bin/ceph: stderr
2023-12-09T02:28:47.126+0000 7f0421788700 1 --2- 172.21.15.88:0/3302405205 >> [v2:172.21.15.88:3300/0,v1:172.21.15.88:6789/0] conn(0x7f041c1022d0 0x7f041c1026e0 unknown :-1 s=CLOSED pgs=84 cs=0 l=1 rev1=1 crypto rx=0 tx=0 comp rx=0 tx=0).stop
2023-12-09T02:28:47.720 INFO:teuthology.orchestra.run.smithi088.stdout:/usr/bin/ceph: stderr
2023-12-09T02:28:47.126+0000 7f0421788700 1 -- 172.21.15.88:0/3302405205 >> 172.21.15.88:0/3302405205 conn(0x7f041c0fda50 msgr2=0x7f041c0ffe60 unknown :-1 s=STATE_NONE l=0).mark_down
2023-12-09T02:28:47.720 INFO:teuthology.orchestra.run.smithi088.stdout:/usr/bin/ceph: stderr
2023-12-09T02:28:47.126+0000 7f0421788700 1 -- 172.21.15.88:0/3302405205 shutdown_connections
2023-12-09T02:28:47.720 INFO:teuthology.orchestra.run.smithi088.stdout:/usr/bin/ceph: stderr
2023-12-09T02:28:47.126+0000 7f0421788700 1 -- 172.21.15.88:0/3302405205 wait complete.
2023-12-09T02:28:47.720 INFO:teuthology.orchestra.run.smithi088.stdout:/usr/bin/ceph: stderr
2023-12-09T02:28:47.126+0000 7f0421788700 1 Processor -- start
2023-12-09T02:28:47.720 INFO:teuthology.orchestra.run.smithi088.stdout:/usr/bin/ceph: stderr
2023-12-09T02:28:47.126+0000 7f0421788700 1 -- start start
2023-12-09T02:28:47.720 INFO:teuthology.orchestra.run.smithi088.stdout:/usr/bin/ceph: stderr
2023-12-09T02:28:47.127+0000 7f0421788700 1 --2- >> [v2:172.21.15.88:3300/0,v1:172.21.15.88:6789/0] conn(0x7f041c1022d0 0x7f041c077c00 unknown :-1 s=NONE pgs=0 cs=0 l=1 rev1=0 crypto rx=0 tx=0 comp rx=0 tx=0).connect
2023-12-09T02:28:47.720 INFO:teuthology.orchestra.run.smithi088.stdout:/usr/bin/ceph: stderr
2023-12-09T02:28:47.127+0000 7f0421788700 1 -- --> [v2:172.21.15.88:3300/0,v1:172.21.15.88:6789/0] -- mon_getmap magic: 0 v1 -- 0x7f041c076080 con 0x7f041c1022d0
2023-12-09T02:28:47.720 INFO:teuthology.orchestra.run.smithi088.stdout:/usr/bin/ceph: stderr
2023-12-09T02:28:47.127+0000 7f041affd700 1 --2- >> [v2:172.21.15.88:3300/0,v1:172.21.15.88:6789/0] conn(0x7f041c1022d0 0x7f041c077c00 unknown :-1 s=BANNER_CONNECTING pgs=0 cs=0 l=1 rev1=0 crypto rx=0 tx=0 comp rx=0 tx=0)._handle_peer_banner_payload supported=3 required=0
2023-12-09T02:28:47.720 INFO:teuthology.orchestra.run.smithi088.stdout:/usr/bin/ceph: stderr
2023-12-09T02:28:47.127+0000 7f041affd700 1 --2- >> [v2:172.21.15.88:3300/0,v1:172.21.15.88:6789/0] conn(0x7f041c1022d0 0x7f041c077c00 unknown :-1 s=HELLO_CONNECTING pgs=0 cs=0 l=1 rev1=1 crypto rx=0 tx=0 comp rx=0 tx=0).handle_hello peer v2:172.21.15.88:3300/0 says I am v2:172.21.15.88:36934/0 (socket says 172.21.15.88:36934)
2023-12-09T02:28:47.720 INFO:teuthology.orchestra.run.smithi088.stdout:/usr/bin/ceph: stderr
2023-12-09T02:28:47.127+0000 7f041affd700 1 -- 172.21.15.88:0/1354892983 learned_addr learned my addr 172.21.15.88:0/1354892983 (peer_addr_for_me v2:172.21.15.88:0/0)
2023-12-09T02:28:47.720 INFO:teuthology.orchestra.run.smithi088.stdout:/usr/bin/ceph: stderr
2023-12-09T02:28:47.127+0000 7f041affd700 1 -- 172.21.15.88:0/1354892983 --> [v2:172.21.15.88:3300/0,v1:172.21.15.88:6789/0] -- mon_subscribe({config=0+,monmap=0+}) v3 -- 0x7f04100094f0 con 0x7f041c1022d0
2023-12-09T02:28:47.720 INFO:teuthology.orchestra.run.smithi088.stdout:/usr/bin/ceph: stderr
2023-12-09T02:28:47.127+0000 7f041affd700 1 --2- 172.21.15.88:0/1354892983 >> [v2:172.21.15.88:3300/0,v1:172.21.15.88:6789/0] conn(0x7f041c1022d0 0x7f041c077c00 secure :-1 s=READY pgs=85 cs=0 l=1 rev1=1 crypto rx=0x7f041000c010 tx=0x7f0410009250 comp rx=0 tx=0).ready entity=mon.0 client_cookie=0 server_cookie=0 in_seq=0 out_seq=0
2023-12-09T02:28:47.720 INFO:teuthology.orchestra.run.smithi088.stdout:/usr/bin/ceph: stderr
2023-12-09T02:28:47.127+0000 7f04037fe700 1 -- 172.21.15.88:0/1354892983 <== mon.0 v2:172.21.15.88:3300/0 1 ==== mon_map magic: 0 v1 ==== 229+0+0 (secure 0 0 0) 0x7f0410010960 con 0x7f041c1022d0
2023-12-09T02:28:47.720 INFO:teuthology.orchestra.run.smithi088.stdout:/usr/bin/ceph: stderr
2023-12-09T02:28:47.127+0000 7f04037fe700 1 -- 172.21.15.88:0/1354892983 <== mon.0 v2:172.21.15.88:3300/0 2 ==== config(26 keys) v1 ==== 1074+0+0 (secure 0 0 0) 0x7f041001a430 con 0x7f041c1022d0
2023-12-09T02:28:47.721 INFO:teuthology.orchestra.run.smithi088.stdout:/usr/bin/ceph: stderr
2023-12-09T02:28:47.127+0000 7f0421788700 1 -- 172.21.15.88:0/1354892983 --> [v2:172.21.15.88:3300/0,v1:172.21.15.88:6789/0] -- mon_subscribe({mgrmap=0+}) v3 -- 0x7f041c076280 con 0x7f041c1022d0
2023-12-09T02:28:47.721 INFO:teuthology.orchestra.run.smithi088.stdout:/usr/bin/ceph: stderr
2023-12-09T02:28:47.127+0000 7f04037fe700 1 -- 172.21.15.88:0/1354892983 <== mon.0 v2:172.21.15.88:3300/0 3 ==== mon_map magic: 0 v1 ==== 229+0+0 (secure 0 0 0) 0x7f0410019580 con 0x7f041c1022d0
2023-12-09T02:28:47.721 INFO:teuthology.orchestra.run.smithi088.stdout:/usr/bin/ceph: stderr
2023-12-09T02:28:47.127+0000 7f0421788700 1 -- 172.21.15.88:0/1354892983 --> [v2:172.21.15.88:3300/0,v1:172.21.15.88:6789/0] -- mon_subscribe({osdmap=0}) v3 -- 0x7f041c076690 con 0x7f041c1022d0
2023-12-09T02:28:47.721 INFO:teuthology.orchestra.run.smithi088.stdout:/usr/bin/ceph: stderr
2023-12-09T02:28:47.128+0000 7f0421788700 1 -- 172.21.15.88:0/1354892983 --> [v2:172.21.15.88:3300/0,v1:172.21.15.88:6789/0] -- mon_command({"prefix": "get_command_descriptions"} v 0) v1 -- 0x7f041c04bb80 con 0x7f041c1022d0
2023-12-09T02:28:47.721 INFO:teuthology.orchestra.run.smithi088.stdout:/usr/bin/ceph: stderr
2023-12-09T02:28:47.128+0000 7f04037fe700 1 -- 172.21.15.88:0/1354892983 <== mon.0 v2:172.21.15.88:3300/0 4 ==== mgrmap(e 12) v1 ==== 43294+0+0 (secure 0 0 0) 0x7f041001a980 con 0x7f041c1022d0
2023-12-09T02:28:47.721 INFO:teuthology.orchestra.run.smithi088.stdout:/usr/bin/ceph: stderr
2023-12-09T02:28:47.129+0000 7f04037fe700 1 --2- 172.21.15.88:0/1354892983 >> [v2:172.21.15.88:6800/2389651586,v1:172.21.15.88:6801/2389651586] conn(0x7f0404036640 0x7f0404038af0 unknown :-1 s=NONE pgs=0 cs=0 l=1 rev1=0 crypto rx=0 tx=0 comp rx=0 tx=0).connect
2023-12-09T02:28:47.721 INFO:teuthology.orchestra.run.smithi088.stdout:/usr/bin/ceph: stderr
2023-12-09T02:28:47.129+0000 7f04037fe700 1 -- 172.21.15.88:0/1354892983 <== mon.0 v2:172.21.15.88:3300/0 5 ==== osd_map(3..3 src has 1..3) v4 ==== 1151+0+0 (secure 0 0 0) 0x7f041004a570 con 0x7f041c1022d0
2023-12-09T02:28:47.721 INFO:teuthology.orchestra.run.smithi088.stdout:/usr/bin/ceph: stderr
2023-12-09T02:28:47.129+0000 7f041a7fc700 1 --2- 172.21.15.88:0/1354892983 >> [v2:172.21.15.88:6800/2389651586,v1:172.21.15.88:6801/2389651586] conn(0x7f0404036640 0x7f0404038af0 unknown :-1 s=BANNER_CONNECTING pgs=0 cs=0 l=1 rev1=0 crypto rx=0 tx=0 comp rx=0 tx=0)._handle_peer_banner_payload supported=3 required=0
2023-12-09T02:28:47.721 INFO:teuthology.orchestra.run.smithi088.stdout:/usr/bin/ceph: stderr
2023-12-09T02:28:47.129+0000 7f041a7fc700 1 --2- 172.21.15.88:0/1354892983 >> [v2:172.21.15.88:6800/2389651586,v1:172.21.15.88:6801/2389651586] conn(0x7f0404036640 0x7f0404038af0 secure :-1 s=READY pgs=9 cs=0 l=1 rev1=1 crypto rx=0x7f040c009990 tx=0x7f040c006e40 comp rx=0 tx=0).ready entity=mgr.14162 client_cookie=0 server_cookie=0 in_seq=0 out_seq=0
2023-12-09T02:28:47.721 INFO:teuthology.orchestra.run.smithi088.stdout:/usr/bin/ceph: stderr
2023-12-09T02:28:47.133+0000 7f04037fe700 1 -- 172.21.15.88:0/1354892983 <== mon.0 v2:172.21.15.88:3300/0 6 ==== mon_command_ack([{"prefix": "get_command_descriptions"}]=0 v0) v1 ==== 72+0+174570 (secure 0 0 0) 0x7f041002bb30 con 0x7f041c1022d0
2023-12-09T02:28:47.721 INFO:teuthology.orchestra.run.smithi088.stdout:/usr/bin/ceph: stderr
2023-12-09T02:28:47.317+0000 7f0421788700 1 -- 172.21.15.88:0/1354892983 --> [v2:172.21.15.88:3300/0,v1:172.21.15.88:6789/0] -- mon_command({"prefix": "config get", "who": "mgr", "key": "mgr/dashboard/ssl_server_port"} v 0) v1 -- 0x7f041c1040b0 con 0x7f041c1022d0
2023-12-09T02:28:47.721 INFO:teuthology.orchestra.run.smithi088.stdout:/usr/bin/ceph: stderr
2023-12-09T02:28:47.318+0000 7f04037fe700 1 -- 172.21.15.88:0/1354892983 <== mon.0 v2:172.21.15.88:3300/0 7 ==== mon_command_ack([{"prefix": "config get", "who": "mgr", "key": "mgr/dashboard/ssl_server_port"}]=0 v8) v1 ==== 112+0+5 (secure 0 0 0) 0x7f041002b300 con 0x7f041c1022d0
2023-12-09T02:28:47.721 INFO:teuthology.orchestra.run.smithi088.stdout:/usr/bin/ceph: stderr
2023-12-09T02:28:47.320+0000 7f0421788700 1 -- 172.21.15.88:0/1354892983 >> [v2:172.21.15.88:6800/2389651586,v1:172.21.15.88:6801/2389651586] conn(0x7f0404036640 msgr2=0x7f0404038af0 secure :-1 s=STATE_CONNECTION_ESTABLISHED l=1).mark_down
2023-12-09T02:28:47.721 INFO:teuthology.orchestra.run.smithi088.stdout:/usr/bin/ceph: stderr
2023-12-09T02:28:47.320+0000 7f0421788700 1 --2- 172.21.15.88:0/1354892983 >> [v2:172.21.15.88:6800/2389651586,v1:172.21.15.88:6801/2389651586] conn(0x7f0404036640 0x7f0404038af0 secure :-1 s=READY pgs=9 cs=0 l=1 rev1=1 crypto rx=0x7f040c009990 tx=0x7f040c006e40 comp rx=0 tx=0).stop
2023-12-09T02:28:47.722 INFO:teuthology.orchestra.run.smithi088.stdout:/usr/bin/ceph: stderr
2023-12-09T02:28:47.320+0000 7f0421788700 1 -- 172.21.15.88:0/1354892983 >> [v2:172.21.15.88:3300/0,v1:172.21.15.88:6789/0] conn(0x7f041c1022d0 msgr2=0x7f041c077c00 secure :-1 s=STATE_CONNECTION_ESTABLISHED l=1).mark_down
2023-12-09T02:28:47.722 INFO:teuthology.orchestra.run.smithi088.stdout:/usr/bin/ceph: stderr
2023-12-09T02:28:47.320+0000 7f0421788700 1 --2- 172.21.15.88:0/1354892983 >> [v2:172.21.15.88:3300/0,v1:172.21.15.88:6789/0] conn(0x7f041c1022d0 0x7f041c077c00 secure :-1 s=READY pgs=85 cs=0 l=1 rev1=1 crypto rx=0x7f041000c010 tx=0x7f0410009250 comp rx=0 tx=0).stop
2023-12-09T02:28:47.722 INFO:teuthology.orchestra.run.smithi088.stdout:/usr/bin/ceph: stderr
2023-12-09T02:28:47.320+0000 7f0421788700 1 -- 172.21.15.88:0/1354892983 shutdown_connections
2023-12-09T02:28:47.722 INFO:teuthology.orchestra.run.smithi088.stdout:/usr/bin/ceph: stderr
2023-12-09T02:28:47.320+0000 7f0421788700 1 --2- 172.21.15.88:0/1354892983 >> [v2:172.21.15.88:6800/2389651586,v1:172.21.15.88:6801/2389651586] conn(0x7f0404036640 0x7f0404038af0 unknown :-1 s=CLOSED pgs=9 cs=0 l=1 rev1=1 crypto rx=0 tx=0 comp rx=0 tx=0).stop
2023-12-09T02:28:47.722 INFO:teuthology.orchestra.run.smithi088.stdout:/usr/bin/ceph: stderr
2023-12-09T02:28:47.320+0000 7f0421788700 1 --2- 172.21.15.88:0/1354892983 >> [v2:172.21.15.88:3300/0,v1:172.21.15.88:6789/0] conn(0x7f041c1022d0 0x7f041c077c00 unknown :-1 s=CLOSED pgs=85 cs=0 l=1 rev1=1 crypto rx=0 tx=0 comp rx=0 tx=0).stop
2023-12-09T02:28:47.722 INFO:teuthology.orchestra.run.smithi088.stdout:/usr/bin/ceph: stderr
2023-12-09T02:28:47.320+0000 7f0421788700 1 -- 172.21.15.88:0/1354892983 >> 172.21.15.88:0/1354892983 conn(0x7f041c0fda50 msgr2=0x7f041c0ff250 unknown :-1 s=STATE_NONE l=0).mark_down
2023-12-09T02:28:47.722 INFO:teuthology.orchestra.run.smithi088.stdout:/usr/bin/ceph: stderr
2023-12-09T02:28:47.320+0000 7f0421788700 1 -- 172.21.15.88:0/1354892983 shutdown_connections
2023-12-09T02:28:47.722 INFO:teuthology.orchestra.run.smithi088.stdout:/usr/bin/ceph: stderr
2023-12-09T02:28:47.320+0000 7f0421788700 1 -- 172.21.15.88:0/1354892983 wait complete.
2023-12-09T02:28:47.725 INFO:teuthology.orchestra.run.smithi088.stdout:Non-zero exit code 1 from systemctl is-enabled firewalld.service
2023-12-09T02:28:47.725 INFO:teuthology.orchestra.run.smithi088.stdout:systemctl: stdout disabled
2023-12-09T02:28:47.732 INFO:teuthology.orchestra.run.smithi088.stdout:Non-zero exit code 3 from systemctl is-active firewalld.service
2023-12-09T02:28:47.733 INFO:teuthology.orchestra.run.smithi088.stdout:systemctl: stdout inactive
2023-12-09T02:28:47.733 INFO:teuthology.orchestra.run.smithi088.stdout:firewalld.service is not enabled
2023-12-09T02:28:47.733 INFO:teuthology.orchestra.run.smithi088.stdout:Not possible to open ports <[8443]>. firewalld.service is not available
2023-12-09T02:28:47.735 INFO:teuthology.orchestra.run.smithi088.stdout:Ceph Dashboard is now available at:
2023-12-09T02:28:47.735 INFO:teuthology.orchestra.run.smithi088.stdout:
2023-12-09T02:28:47.735 INFO:teuthology.orchestra.run.smithi088.stdout: URL: https://smithi088.front.sepia.ceph.com:8443/
2023-12-09T02:28:47.735 INFO:teuthology.orchestra.run.smithi088.stdout: User: admin
2023-12-09T02:28:47.735 INFO:teuthology.orchestra.run.smithi088.stdout: Password: z9f86m1pjf
2023-12-09T02:28:47.735 INFO:teuthology.orchestra.run.smithi088.stdout:
2023-12-09T02:28:47.735 INFO:teuthology.orchestra.run.smithi088.stdout:Saving cluster configuration to /var/lib/ceph/70b26980-963a-11ee-95a3-87774f69a715/config directory
2023-12-09T02:28:47.736 INFO:teuthology.orchestra.run.smithi088.stdout:Enabling autotune for osd_memory_target
2023-12-09T02:28:48.626 INFO:teuthology.orchestra.run.smithi088.stdout:/usr/bin/ceph: stderr
2023-12-09T02:28:48.073+0000 7f1a51984700 1 Processor -- start
2023-12-09T02:28:48.627 INFO:teuthology.orchestra.run.smithi088.stdout:/usr/bin/ceph: stderr
2023-12-09T02:28:48.073+0000 7f1a51984700 1 -- start start
2023-12-09T02:28:48.627 INFO:teuthology.orchestra.run.smithi088.stdout:/usr/bin/ceph: stderr
2023-12-09T02:28:48.073+0000 7f1a51984700 1 --2- >> [v2:172.21.15.88:3300/0,v1:172.21.15.88:6789/0] conn(0x7f1a4c071000 0x7f1a4c104ea0 unknown :-1 s=NONE pgs=0 cs=0 l=0 rev1=0 crypto rx=0 tx=0 comp rx=0 tx=0).connect
2023-12-09T02:28:48.627 INFO:teuthology.orchestra.run.smithi088.stdout:/usr/bin/ceph: stderr
2023-12-09T02:28:48.073+0000 7f1a51984700 1 -- --> [v2:172.21.15.88:3300/0,v1:172.21.15.88:6789/0] -- mon_getmap magic: 0 v1 -- 0x7f1a4c1053e0 con 0x7f1a4c071000
2023-12-09T02:28:48.627 INFO:teuthology.orchestra.run.smithi088.stdout:/usr/bin/ceph: stderr
2023-12-09T02:28:48.073+0000 7f1a4affd700 1 --2- >> [v2:172.21.15.88:3300/0,v1:172.21.15.88:6789/0] conn(0x7f1a4c071000 0x7f1a4c104ea0 unknown :-1 s=BANNER_CONNECTING pgs=0 cs=0 l=0 rev1=0 crypto rx=0 tx=0 comp rx=0 tx=0)._handle_peer_banner_payload supported=3 required=0
2023-12-09T02:28:48.627 INFO:teuthology.orchestra.run.smithi088.stdout:/usr/bin/ceph: stderr
2023-12-09T02:28:48.073+0000 7f1a4affd700 1 --2- >> [v2:172.21.15.88:3300/0,v1:172.21.15.88:6789/0] conn(0x7f1a4c071000 0x7f1a4c104ea0 unknown :-1 s=HELLO_CONNECTING pgs=0 cs=0 l=0 rev1=1 crypto rx=0 tx=0 comp rx=0 tx=0).handle_hello peer v2:172.21.15.88:3300/0 says I am v2:172.21.15.88:36942/0 (socket says 172.21.15.88:36942)
2023-12-09T02:28:48.627 INFO:teuthology.orchestra.run.smithi088.stdout:/usr/bin/ceph: stderr
2023-12-09T02:28:48.073+0000 7f1a4affd700 1 -- 172.21.15.88:0/396042885 learned_addr learned my addr 172.21.15.88:0/396042885 (peer_addr_for_me v2:172.21.15.88:0/0)
2023-12-09T02:28:48.627 INFO:teuthology.orchestra.run.smithi088.stdout:/usr/bin/ceph: stderr
2023-12-09T02:28:48.074+0000 7f1a4affd700 1 -- 172.21.15.88:0/396042885 --> [v2:172.21.15.88:3300/0,v1:172.21.15.88:6789/0] -- mon_subscribe({config=0+,monmap=0+}) v3 -- 0x7f1a4c105520 con 0x7f1a4c071000
2023-12-09T02:28:48.627 INFO:teuthology.orchestra.run.smithi088.stdout:/usr/bin/ceph: stderr
2023-12-09T02:28:48.074+0000 7f1a4affd700 1 --2- 172.21.15.88:0/396042885 >> [v2:172.21.15.88:3300/0,v1:172.21.15.88:6789/0] conn(0x7f1a4c071000 0x7f1a4c104ea0 secure :-1 s=READY pgs=86 cs=0 l=1 rev1=1 crypto rx=0x7f1a3c0098e0 tx=0x7f1a3c009250 comp rx=0 tx=0).ready entity=mon.0 client_cookie=cd7fb1e33ef3f7e5 server_cookie=0 in_seq=0 out_seq=0
2023-12-09T02:28:48.627 INFO:teuthology.orchestra.run.smithi088.stdout:/usr/bin/ceph: stderr
2023-12-09T02:28:48.074+0000 7f1a49ffb700 1 -- 172.21.15.88:0/396042885 <== mon.0 v2:172.21.15.88:3300/0 1 ==== mon_map magic: 0 v1 ==== 229+0+0 (secure 0 0 0) 0x7f1a3c00b860 con 0x7f1a4c071000
