2023-12-09T02:28:31.134 INFO:teuthology.orchestra.run.smithi088.stdout:/usr/bin/ceph: stderr
2023-12-09T02:28:30.560+0000 7f6e19b96700 1 --2- 172.21.15.88:0/4273276392 >> [v2:172.21.15.88:6800/2611357961,v1:172.21.15.88:6801/2611357961] conn(0x7f6dfc036640 0x7f6dfc038af0 secure :-1 s=READY pgs=15 cs=0 l=1 rev1=1 crypto rx=0x7f6e08009990 tx=0x7f6e08006e40 comp rx=0 tx=0).ready entity=mgr.14120 client_cookie=0 server_cookie=0 in_seq=0 out_seq=0
2023-12-09T02:28:31.134 INFO:teuthology.orchestra.run.smithi088.stdout:/usr/bin/ceph: stderr
2023-12-09T02:28:30.564+0000 7f6e12ffd700 1 -- 172.21.15.88:0/4273276392 <== mon.0 v2:172.21.15.88:3300/0 6 ==== mon_command_ack([{"prefix": "get_command_descriptions"}]=0 v0) v1 ==== 72+0+174570 (secure 0 0 0) 0x7f6e0c0223f0 con 0x7f6e141011d0
2023-12-09T02:28:31.134 INFO:teuthology.orchestra.run.smithi088.stdout:/usr/bin/ceph: stderr
2023-12-09T02:28:30.771+0000 7f6e1c5fb700 1 -- 172.21.15.88:0/4273276392 --> [v2:172.21.15.88:6800/2611357961,v1:172.21.15.88:6801/2611357961] -- mgr_command(tid 0: {"prefix": "orch apply", "service_type": "prometheus", "target": ["mon-mgr", ""]}) v1 -- 0x7f6e14108c30 con 0x7f6dfc036640
2023-12-09T02:28:31.134 INFO:teuthology.orchestra.run.smithi088.stdout:/usr/bin/ceph: stderr
2023-12-09T02:28:30.779+0000 7f6e12ffd700 1 -- 172.21.15.88:0/4273276392 <== mgr.14120 v2:172.21.15.88:6800/2611357961 1 ==== mgr_command_reply(tid 0: 0 ) v1 ==== 8+0+31 (secure 0 0 0) 0x7f6e14108c30 con 0x7f6dfc036640
2023-12-09T02:28:31.134 INFO:teuthology.orchestra.run.smithi088.stdout:/usr/bin/ceph: stderr
2023-12-09T02:28:30.782+0000 7f6e1c5fb700 1 -- 172.21.15.88:0/4273276392 >> [v2:172.21.15.88:6800/2611357961,v1:172.21.15.88:6801/2611357961] conn(0x7f6dfc036640 msgr2=0x7f6dfc038af0 secure :-1 s=STATE_CONNECTION_ESTABLISHED l=1).mark_down
2023-12-09T02:28:31.135 INFO:teuthology.orchestra.run.smithi088.stdout:/usr/bin/ceph: stderr
2023-12-09T02:28:30.782+0000 7f6e1c5fb700 1 --2- 172.21.15.88:0/4273276392 >> [v2:172.21.15.88:6800/2611357961,v1:172.21.15.88:6801/2611357961] conn(0x7f6dfc036640 0x7f6dfc038af0 secure :-1 s=READY pgs=15 cs=0 l=1 rev1=1 crypto rx=0x7f6e08009990 tx=0x7f6e08006e40 comp rx=0 tx=0).stop
2023-12-09T02:28:31.135 INFO:teuthology.orchestra.run.smithi088.stdout:/usr/bin/ceph: stderr
2023-12-09T02:28:30.782+0000 7f6e1c5fb700 1 -- 172.21.15.88:0/4273276392 >> [v2:172.21.15.88:3300/0,v1:172.21.15.88:6789/0] conn(0x7f6e141011d0 msgr2=0x7f6e14113370 secure :-1 s=STATE_CONNECTION_ESTABLISHED l=1).mark_down
2023-12-09T02:28:31.135 INFO:teuthology.orchestra.run.smithi088.stdout:/usr/bin/ceph: stderr
2023-12-09T02:28:30.782+0000 7f6e1c5fb700 1 --2- 172.21.15.88:0/4273276392 >> [v2:172.21.15.88:3300/0,v1:172.21.15.88:6789/0] conn(0x7f6e141011d0 0x7f6e14113370 secure :-1 s=READY pgs=54 cs=0 l=1 rev1=1 crypto rx=0x7f6e0c006b00 tx=0x7f6e0c00b4f0 comp rx=0 tx=0).stop
2023-12-09T02:28:31.135 INFO:teuthology.orchestra.run.smithi088.stdout:/usr/bin/ceph: stderr
2023-12-09T02:28:30.782+0000 7f6e1c5fb700 1 -- 172.21.15.88:0/4273276392 shutdown_connections
2023-12-09T02:28:31.135 INFO:teuthology.orchestra.run.smithi088.stdout:/usr/bin/ceph: stderr
2023-12-09T02:28:30.782+0000 7f6e1c5fb700 1 --2- 172.21.15.88:0/4273276392 >> [v2:172.21.15.88:6800/2611357961,v1:172.21.15.88:6801/2611357961] conn(0x7f6dfc036640 0x7f6dfc038af0 unknown :-1 s=CLOSED pgs=15 cs=0 l=1 rev1=1 crypto rx=0 tx=0 comp rx=0 tx=0).stop
2023-12-09T02:28:31.135 INFO:teuthology.orchestra.run.smithi088.stdout:/usr/bin/ceph: stderr
2023-12-09T02:28:30.782+0000 7f6e1c5fb700 1 --2- 172.21.15.88:0/4273276392 >> [v2:172.21.15.88:3300/0,v1:172.21.15.88:6789/0] conn(0x7f6e141011d0 0x7f6e14113370 unknown :-1 s=CLOSED pgs=54 cs=0 l=1 rev1=1 crypto rx=0 tx=0 comp rx=0 tx=0).stop
2023-12-09T02:28:31.135 INFO:teuthology.orchestra.run.smithi088.stdout:/usr/bin/ceph: stderr
2023-12-09T02:28:30.782+0000 7f6e1c5fb700 1 -- 172.21.15.88:0/4273276392 >> 172.21.15.88:0/4273276392 conn(0x7f6e140fc970 msgr2=0x7f6e14105f40 unknown :-1 s=STATE_NONE l=0).mark_down
2023-12-09T02:28:31.135 INFO:teuthology.orchestra.run.smithi088.stdout:/usr/bin/ceph: stderr
2023-12-09T02:28:30.782+0000 7f6e1c5fb700 1 -- 172.21.15.88:0/4273276392 shutdown_connections
2023-12-09T02:28:31.135 INFO:teuthology.orchestra.run.smithi088.stdout:/usr/bin/ceph: stderr
2023-12-09T02:28:30.782+0000 7f6e1c5fb700 1 -- 172.21.15.88:0/4273276392 wait complete.
2023-12-09T02:28:31.135 INFO:teuthology.orchestra.run.smithi088.stdout:Deploying grafana service with default placement...
2023-12-09T02:28:32.085 INFO:journalctl@ceph.mon.smithi088.smithi088.stdout:Dec 09 02:28:31 smithi088 ceph-mon[112028]: from='mgr.14120 172.21.15.88:0/3853826017' entity='mgr.smithi088.jwlofb'
2023-12-09T02:28:32.086 INFO:journalctl@ceph.mon.smithi088.smithi088.stdout:Dec 09 02:28:31 smithi088 ceph-mon[112028]: from='client.14148 -' entity='client.admin' cmd=[{"prefix": "orch apply", "service_type": "prometheus", "target": ["mon-mgr", ""]}]: dispatch
2023-12-09T02:28:32.086 INFO:journalctl@ceph.mon.smithi088.smithi088.stdout:Dec 09 02:28:31 smithi088 ceph-mon[112028]: Saving service prometheus spec with placement count:1
2023-12-09T02:28:32.086 INFO:journalctl@ceph.mon.smithi088.smithi088.stdout:Dec 09 02:28:31 smithi088 ceph-mon[112028]: from='mgr.14120 172.21.15.88:0/3853826017' entity='mgr.smithi088.jwlofb'
2023-12-09T02:28:32.086 INFO:journalctl@ceph.mon.smithi088.smithi088.stdout:Dec 09 02:28:31 smithi088 ceph-mon[112028]: from='mgr.14120 172.21.15.88:0/3853826017' entity='mgr.smithi088.jwlofb'
2023-12-09T02:28:32.155 INFO:teuthology.orchestra.run.smithi088.stdout:/usr/bin/ceph: stdout Scheduled grafana update...
2023-12-09T02:28:32.155 INFO:teuthology.orchestra.run.smithi088.stdout:/usr/bin/ceph: stderr
2023-12-09T02:28:31.486+0000 7fc8839f2700 1 Processor -- start
2023-12-09T02:28:32.155 INFO:teuthology.orchestra.run.smithi088.stdout:/usr/bin/ceph: stderr
2023-12-09T02:28:31.486+0000 7fc8839f2700 1 -- start start
2023-12-09T02:28:32.155 INFO:teuthology.orchestra.run.smithi088.stdout:/usr/bin/ceph: stderr
2023-12-09T02:28:31.487+0000 7fc8839f2700 1 --2- >> [v2:172.21.15.88:3300/0,v1:172.21.15.88:6789/0] conn(0x7fc87c070fe0 0x7fc87c104ec0 unknown :-1 s=NONE pgs=0 cs=0 l=0 rev1=0 crypto rx=0 tx=0 comp rx=0 tx=0).connect
2023-12-09T02:28:32.155 INFO:teuthology.orchestra.run.smithi088.stdout:/usr/bin/ceph: stderr
2023-12-09T02:28:31.487+0000 7fc8839f2700 1 -- --> [v2:172.21.15.88:3300/0,v1:172.21.15.88:6789/0] -- mon_getmap magic: 0 v1 -- 0x7fc87c105400 con 0x7fc87c070fe0
2023-12-09T02:28:32.155 INFO:teuthology.orchestra.run.smithi088.stdout:/usr/bin/ceph: stderr
2023-12-09T02:28:31.487+0000 7fc88178e700 1 --2- >> [v2:172.21.15.88:3300/0,v1:172.21.15.88:6789/0] conn(0x7fc87c070fe0 0x7fc87c104ec0 unknown :-1 s=BANNER_CONNECTING pgs=0 cs=0 l=0 rev1=0 crypto rx=0 tx=0 comp rx=0 tx=0)._handle_peer_banner_payload supported=3 required=0
2023-12-09T02:28:32.155 INFO:teuthology.orchestra.run.smithi088.stdout:/usr/bin/ceph: stderr
2023-12-09T02:28:31.487+0000 7fc88178e700 1 --2- >> [v2:172.21.15.88:3300/0,v1:172.21.15.88:6789/0] conn(0x7fc87c070fe0 0x7fc87c104ec0 unknown :-1 s=HELLO_CONNECTING pgs=0 cs=0 l=0 rev1=1 crypto rx=0 tx=0 comp rx=0 tx=0).handle_hello peer v2:172.21.15.88:3300/0 says I am v2:172.21.15.88:58356/0 (socket says 172.21.15.88:58356)
2023-12-09T02:28:32.155 INFO:teuthology.orchestra.run.smithi088.stdout:/usr/bin/ceph: stderr
2023-12-09T02:28:31.487+0000 7fc88178e700 1 -- 172.21.15.88:0/1451637927 learned_addr learned my addr 172.21.15.88:0/1451637927 (peer_addr_for_me v2:172.21.15.88:0/0)
2023-12-09T02:28:32.155 INFO:teuthology.orchestra.run.smithi088.stdout:/usr/bin/ceph: stderr
2023-12-09T02:28:31.487+0000 7fc88178e700 1 -- 172.21.15.88:0/1451637927 --> [v2:172.21.15.88:3300/0,v1:172.21.15.88:6789/0] -- mon_subscribe({config=0+,monmap=0+}) v3 -- 0x7fc87c105540 con 0x7fc87c070fe0
2023-12-09T02:28:32.155 INFO:teuthology.orchestra.run.smithi088.stdout:/usr/bin/ceph: stderr
2023-12-09T02:28:31.487+0000 7fc88178e700 1 --2- 172.21.15.88:0/1451637927 >> [v2:172.21.15.88:3300/0,v1:172.21.15.88:6789/0] conn(0x7fc87c070fe0 0x7fc87c104ec0 secure :-1 s=READY pgs=55 cs=0 l=1 rev1=1 crypto rx=0x7fc8780098e0 tx=0x7fc878009250 comp rx=0 tx=0).ready entity=mon.0 client_cookie=100833a5d4cd3215 server_cookie=0 in_seq=0 out_seq=0
2023-12-09T02:28:32.156 INFO:teuthology.orchestra.run.smithi088.stdout:/usr/bin/ceph: stderr
2023-12-09T02:28:31.488+0000 7fc873fff700 1 -- 172.21.15.88:0/1451637927 <== mon.0 v2:172.21.15.88:3300/0 1 ==== mon_map magic: 0 v1 ==== 229+0+0 (secure 0 0 0) 0x7fc87800b860 con 0x7fc87c070fe0
2023-12-09T02:28:32.156 INFO:teuthology.orchestra.run.smithi088.stdout:/usr/bin/ceph: stderr
2023-12-09T02:28:31.488+0000 7fc873fff700 1 -- 172.21.15.88:0/1451637927 <== mon.0 v2:172.21.15.88:3300/0 2 ==== config(26 keys) v1 ==== 1074+0+0 (secure 0 0 0) 0x7fc87800be70 con 0x7fc87c070fe0
2023-12-09T02:28:32.156 INFO:teuthology.orchestra.run.smithi088.stdout:/usr/bin/ceph: stderr
2023-12-09T02:28:31.488+0000 7fc873fff700 1 -- 172.21.15.88:0/1451637927 <== mon.0 v2:172.21.15.88:3300/0 3 ==== mon_map magic: 0 v1 ==== 229+0+0 (secure 0 0 0) 0x7fc878010380 con 0x7fc87c070fe0
2023-12-09T02:28:32.156 INFO:teuthology.orchestra.run.smithi088.stdout:/usr/bin/ceph: stderr
2023-12-09T02:28:31.488+0000 7fc8839f2700 1 -- 172.21.15.88:0/1451637927 >> [v2:172.21.15.88:3300/0,v1:172.21.15.88:6789/0] conn(0x7fc87c070fe0 msgr2=0x7fc87c104ec0 secure :-1 s=STATE_CONNECTION_ESTABLISHED l=1).mark_down
2023-12-09T02:28:32.156 INFO:teuthology.orchestra.run.smithi088.stdout:/usr/bin/ceph: stderr
2023-12-09T02:28:31.488+0000 7fc8839f2700 1 --2- 172.21.15.88:0/1451637927 >> [v2:172.21.15.88:3300/0,v1:172.21.15.88:6789/0] conn(0x7fc87c070fe0 0x7fc87c104ec0 secure :-1 s=READY pgs=55 cs=0 l=1 rev1=1 crypto rx=0x7fc8780098e0 tx=0x7fc878009250 comp rx=0 tx=0).stop
2023-12-09T02:28:32.156 INFO:teuthology.orchestra.run.smithi088.stdout:/usr/bin/ceph: stderr
2023-12-09T02:28:31.488+0000 7fc8839f2700 1 -- 172.21.15.88:0/1451637927 shutdown_connections
2023-12-09T02:28:32.156 INFO:teuthology.orchestra.run.smithi088.stdout:/usr/bin/ceph: stderr
2023-12-09T02:28:31.488+0000 7fc8839f2700 1 --2- 172.21.15.88:0/1451637927 >> [v2:172.21.15.88:3300/0,v1:172.21.15.88:6789/0] conn(0x7fc87c070fe0 0x7fc87c104ec0 unknown :-1 s=CLOSED pgs=55 cs=0 l=1 rev1=1 crypto rx=0 tx=0 comp rx=0 tx=0).stop
2023-12-09T02:28:32.156 INFO:teuthology.orchestra.run.smithi088.stdout:/usr/bin/ceph: stderr
2023-12-09T02:28:31.488+0000 7fc8839f2700 1 -- 172.21.15.88:0/1451637927 >> 172.21.15.88:0/1451637927 conn(0x7fc87c0fc970 msgr2=0x7fc87c0fed80 unknown :-1 s=STATE_NONE l=0).mark_down
2023-12-09T02:28:32.156 INFO:teuthology.orchestra.run.smithi088.stdout:/usr/bin/ceph: stderr
2023-12-09T02:28:31.488+0000 7fc8839f2700 1 -- 172.21.15.88:0/1451637927 shutdown_connections
2023-12-09T02:28:32.156 INFO:teuthology.orchestra.run.smithi088.stdout:/usr/bin/ceph: stderr
2023-12-09T02:28:31.488+0000 7fc8839f2700 1 -- 172.21.15.88:0/1451637927 wait complete.
2023-12-09T02:28:32.156 INFO:teuthology.orchestra.run.smithi088.stdout:/usr/bin/ceph: stderr
2023-12-09T02:28:31.489+0000 7fc8839f2700 1 Processor -- start
2023-12-09T02:28:32.156 INFO:teuthology.orchestra.run.smithi088.stdout:/usr/bin/ceph: stderr
2023-12-09T02:28:31.489+0000 7fc8839f2700 1 -- start start
2023-12-09T02:28:32.156 INFO:teuthology.orchestra.run.smithi088.stdout:/usr/bin/ceph: stderr
2023-12-09T02:28:31.489+0000 7fc8839f2700 1 --2- >> [v2:172.21.15.88:3300/0,v1:172.21.15.88:6789/0] conn(0x7fc87c070fe0 0x7fc87c1111a0 unknown :-1 s=NONE pgs=0 cs=0 l=1 rev1=0 crypto rx=0 tx=0 comp rx=0 tx=0).connect
2023-12-09T02:28:32.156 INFO:teuthology.orchestra.run.smithi088.stdout:/usr/bin/ceph: stderr
2023-12-09T02:28:31.489+0000 7fc8839f2700 1 -- --> [v2:172.21.15.88:3300/0,v1:172.21.15.88:6789/0] -- mon_getmap magic: 0 v1 -- 0x7fc87c1116e0 con 0x7fc87c070fe0
2023-12-09T02:28:32.156 INFO:teuthology.orchestra.run.smithi088.stdout:/usr/bin/ceph: stderr
2023-12-09T02:28:31.489+0000 7fc88178e700 1 --2- >> [v2:172.21.15.88:3300/0,v1:172.21.15.88:6789/0] conn(0x7fc87c070fe0 0x7fc87c1111a0 unknown :-1 s=BANNER_CONNECTING pgs=0 cs=0 l=1 rev1=0 crypto rx=0 tx=0 comp rx=0 tx=0)._handle_peer_banner_payload supported=3 required=0
2023-12-09T02:28:32.157 INFO:teuthology.orchestra.run.smithi088.stdout:/usr/bin/ceph: stderr
2023-12-09T02:28:31.489+0000 7fc88178e700 1 --2- >> [v2:172.21.15.88:3300/0,v1:172.21.15.88:6789/0] conn(0x7fc87c070fe0 0x7fc87c1111a0 unknown :-1 s=HELLO_CONNECTING pgs=0 cs=0 l=1 rev1=1 crypto rx=0 tx=0 comp rx=0 tx=0).handle_hello peer v2:172.21.15.88:3300/0 says I am v2:172.21.15.88:58358/0 (socket says 172.21.15.88:58358)
2023-12-09T02:28:32.157 INFO:teuthology.orchestra.run.smithi088.stdout:/usr/bin/ceph: stderr
2023-12-09T02:28:31.489+0000 7fc88178e700 1 -- 172.21.15.88:0/2067791855 learned_addr learned my addr 172.21.15.88:0/2067791855 (peer_addr_for_me v2:172.21.15.88:0/0)
2023-12-09T02:28:32.157 INFO:teuthology.orchestra.run.smithi088.stdout:/usr/bin/ceph: stderr
2023-12-09T02:28:31.489+0000 7fc88178e700 1 -- 172.21.15.88:0/2067791855 --> [v2:172.21.15.88:3300/0,v1:172.21.15.88:6789/0] -- mon_subscribe({config=0+,monmap=0+}) v3 -- 0x7fc8780094f0 con 0x7fc87c070fe0
2023-12-09T02:28:32.157 INFO:teuthology.orchestra.run.smithi088.stdout:/usr/bin/ceph: stderr
2023-12-09T02:28:31.489+0000 7fc88178e700 1 --2- 172.21.15.88:0/2067791855 >> [v2:172.21.15.88:3300/0,v1:172.21.15.88:6789/0] conn(0x7fc87c070fe0 0x7fc87c1111a0 secure :-1 s=READY pgs=56 cs=0 l=1 rev1=1 crypto rx=0x7fc8780094c0 tx=0x7fc878009250 comp rx=0 tx=0).ready entity=mon.0 client_cookie=0 server_cookie=0 in_seq=0 out_seq=0
2023-12-09T02:28:32.157 INFO:teuthology.orchestra.run.smithi088.stdout:/usr/bin/ceph: stderr
2023-12-09T02:28:31.489+0000 7fc871ffb700 1 -- 172.21.15.88:0/2067791855 <== mon.0 v2:172.21.15.88:3300/0 1 ==== mon_map magic: 0 v1 ==== 229+0+0 (secure 0 0 0) 0x7fc878010850 con 0x7fc87c070fe0
2023-12-09T02:28:32.157 INFO:teuthology.orchestra.run.smithi088.stdout:/usr/bin/ceph: stderr
2023-12-09T02:28:31.490+0000 7fc871ffb700 1 -- 172.21.15.88:0/2067791855 <== mon.0 v2:172.21.15.88:3300/0 2 ==== config(26 keys) v1 ==== 1074+0+0 (secure 0 0 0) 0x7fc878010e60 con 0x7fc87c070fe0
2023-12-09T02:28:32.157 INFO:teuthology.orchestra.run.smithi088.stdout:/usr/bin/ceph: stderr
2023-12-09T02:28:31.490+0000 7fc871ffb700 1 -- 172.21.15.88:0/2067791855 <== mon.0 v2:172.21.15.88:3300/0 3 ==== mon_map magic: 0 v1 ==== 229+0+0 (secure 0 0 0) 0x7fc87801a430 con 0x7fc87c070fe0
2023-12-09T02:28:32.157 INFO:teuthology.orchestra.run.smithi088.stdout:/usr/bin/ceph: stderr
2023-12-09T02:28:31.490+0000 7fc8839f2700 1 -- 172.21.15.88:0/2067791855 --> [v2:172.21.15.88:3300/0,v1:172.21.15.88:6789/0] -- mon_subscribe({mgrmap=0+}) v3 -- 0x7fc87c1118e0 con 0x7fc87c070fe0
2023-12-09T02:28:32.157 INFO:teuthology.orchestra.run.smithi088.stdout:/usr/bin/ceph: stderr
2023-12-09T02:28:31.490+0000 7fc8839f2700 1 -- 172.21.15.88:0/2067791855 --> [v2:172.21.15.88:3300/0,v1:172.21.15.88:6789/0] -- mon_subscribe({osdmap=0}) v3 -- 0x7fc87c111cf0 con 0x7fc87c070fe0
2023-12-09T02:28:32.157 INFO:teuthology.orchestra.run.smithi088.stdout:/usr/bin/ceph: stderr
2023-12-09T02:28:31.490+0000 7fc871ffb700 1 -- 172.21.15.88:0/2067791855 <== mon.0 v2:172.21.15.88:3300/0 4 ==== mgrmap(e 8) v1 ==== 43281+0+0 (secure 0 0 0) 0x7fc8780247b0 con 0x7fc87c070fe0
2023-12-09T02:28:32.157 INFO:teuthology.orchestra.run.smithi088.stdout:/usr/bin/ceph: stderr
2023-12-09T02:28:31.491+0000 7fc871ffb700 1 --2- 172.21.15.88:0/2067791855 >> [v2:172.21.15.88:6800/2611357961,v1:172.21.15.88:6801/2611357961] conn(0x7fc868036640 0x7fc868038af0 unknown :-1 s=NONE pgs=0 cs=0 l=1 rev1=0 crypto rx=0 tx=0 comp rx=0 tx=0).connect
2023-12-09T02:28:32.157 INFO:teuthology.orchestra.run.smithi088.stdout:/usr/bin/ceph: stderr
2023-12-09T02:28:31.491+0000 7fc871ffb700 1 -- 172.21.15.88:0/2067791855 <== mon.0 v2:172.21.15.88:3300/0 5 ==== osd_map(2..2 src has 1..2) v4 ==== 936+0+0 (secure 0 0 0) 0x7fc87804a4b0 con 0x7fc87c070fe0
2023-12-09T02:28:32.157 INFO:teuthology.orchestra.run.smithi088.stdout:/usr/bin/ceph: stderr
2023-12-09T02:28:31.491+0000 7fc880f8d700 1 --2- 172.21.15.88:0/2067791855 >> [v2:172.21.15.88:6800/2611357961,v1:172.21.15.88:6801/2611357961] conn(0x7fc868036640 0x7fc868038af0 unknown :-1 s=BANNER_CONNECTING pgs=0 cs=0 l=1 rev1=0 crypto rx=0 tx=0 comp rx=0 tx=0)._handle_peer_banner_payload supported=3 required=0
2023-12-09T02:28:32.157 INFO:teuthology.orchestra.run.smithi088.stdout:/usr/bin/ceph: stderr
2023-12-09T02:28:31.491+0000 7fc8839f2700 1 -- 172.21.15.88:0/2067791855 --> [v2:172.21.15.88:3300/0,v1:172.21.15.88:6789/0] -- mon_command({"prefix": "get_command_descriptions"} v 0) v1 -- 0x7fc87c04bb80 con 0x7fc87c070fe0
2023-12-09T02:28:32.157 INFO:teuthology.orchestra.run.smithi088.stdout:/usr/bin/ceph: stderr
2023-12-09T02:28:31.491+0000 7fc880f8d700 1 --2- 172.21.15.88:0/2067791855 >> [v2:172.21.15.88:6800/2611357961,v1:172.21.15.88:6801/2611357961] conn(0x7fc868036640 0x7fc868038af0 secure :-1 s=READY pgs=16 cs=0 l=1 rev1=1 crypto rx=0x7fc86c009990 tx=0x7fc86c006e40 comp rx=0 tx=0).ready entity=mgr.14120 client_cookie=0 server_cookie=0 in_seq=0 out_seq=0
2023-12-09T02:28:32.158 INFO:teuthology.orchestra.run.smithi088.stdout:/usr/bin/ceph: stderr
2023-12-09T02:28:31.496+0000 7fc871ffb700 1 -- 172.21.15.88:0/2067791855 <== mon.0 v2:172.21.15.88:3300/0 6 ==== mon_command_ack([{"prefix": "get_command_descriptions"}]=0 v0) v1 ==== 72+0+174570 (secure 0 0 0) 0x7fc878022520 con 0x7fc87c070fe0
2023-12-09T02:28:32.158 INFO:teuthology.orchestra.run.smithi088.stdout:/usr/bin/ceph: stderr
2023-12-09T02:28:31.694+0000 7fc8839f2700 1 -- 172.21.15.88:0/2067791855 --> [v2:172.21.15.88:6800/2611357961,v1:172.21.15.88:6801/2611357961] -- mgr_command(tid 0: {"prefix": "orch apply", "service_type": "grafana", "target": ["mon-mgr", ""]}) v1 -- 0x7fc87c10ad10 con 0x7fc868036640
2023-12-09T02:28:32.158 INFO:teuthology.orchestra.run.smithi088.stdout:/usr/bin/ceph: stderr
2023-12-09T02:28:31.698+0000 7fc871ffb700 1 -- 172.21.15.88:0/2067791855 <== mgr.14120 v2:172.21.15.88:6800/2611357961 1 ==== mgr_command_reply(tid 0: 0 ) v1 ==== 8+0+28 (secure 0 0 0) 0x7fc87c10ad10 con 0x7fc868036640
2023-12-09T02:28:32.158 INFO:teuthology.orchestra.run.smithi088.stdout:/usr/bin/ceph: stderr
2023-12-09T02:28:31.700+0000 7fc8839f2700 1 -- 172.21.15.88:0/2067791855 >> [v2:172.21.15.88:6800/2611357961,v1:172.21.15.88:6801/2611357961] conn(0x7fc868036640 msgr2=0x7fc868038af0 secure :-1 s=STATE_CONNECTION_ESTABLISHED l=1).mark_down
2023-12-09T02:28:32.158 INFO:teuthology.orchestra.run.smithi088.stdout:/usr/bin/ceph: stderr
2023-12-09T02:28:31.700+0000 7fc8839f2700 1 --2- 172.21.15.88:0/2067791855 >> [v2:172.21.15.88:6800/2611357961,v1:172.21.15.88:6801/2611357961] conn(0x7fc868036640 0x7fc868038af0 secure :-1 s=READY pgs=16 cs=0 l=1 rev1=1 crypto rx=0x7fc86c009990 tx=0x7fc86c006e40 comp rx=0 tx=0).stop
2023-12-09T02:28:32.158 INFO:teuthology.orchestra.run.smithi088.stdout:/usr/bin/ceph: stderr
2023-12-09T02:28:31.700+0000 7fc8839f2700 1 -- 172.21.15.88:0/2067791855 >> [v2:172.21.15.88:3300/0,v1:172.21.15.88:6789/0] conn(0x7fc87c070fe0 msgr2=0x7fc87c1111a0 secure :-1 s=STATE_CONNECTION_ESTABLISHED l=1).mark_down
2023-12-09T02:28:32.158 INFO:teuthology.orchestra.run.smithi088.stdout:/usr/bin/ceph: stderr
2023-12-09T02:28:31.700+0000 7fc8839f2700 1 --2- 172.21.15.88:0/2067791855 >> [v2:172.21.15.88:3300/0,v1:172.21.15.88:6789/0] conn(0x7fc87c070fe0 0x7fc87c1111a0 secure :-1 s=READY pgs=56 cs=0 l=1 rev1=1 crypto rx=0x7fc8780094c0 tx=0x7fc878009250 comp rx=0 tx=0).stop
2023-12-09T02:28:32.158 INFO:teuthology.orchestra.run.smithi088.stdout:/usr/bin/ceph: stderr
2023-12-09T02:28:31.701+0000 7fc8839f2700 1 -- 172.21.15.88:0/2067791855 shutdown_connections
2023-12-09T02:28:32.158 INFO:teuthology.orchestra.run.smithi088.stdout:/usr/bin/ceph: stderr
2023-12-09T02:28:31.701+0000 7fc8839f2700 1 --2- 172.21.15.88:0/2067791855 >> [v2:172.21.15.88:6800/2611357961,v1:172.21.15.88:6801/2611357961] conn(0x7fc868036640 0x7fc868038af0 unknown :-1 s=CLOSED pgs=16 cs=0 l=1 rev1=1 crypto rx=0 tx=0 comp rx=0 tx=0).stop
2023-12-09T02:28:32.158 INFO:teuthology.orchestra.run.smithi088.stdout:/usr/bin/ceph: stderr
2023-12-09T02:28:31.701+0000 7fc8839f2700 1 --2- 172.21.15.88:0/2067791855 >> [v2:172.21.15.88:3300/0,v1:172.21.15.88:6789/0] conn(0x7fc87c070fe0 0x7fc87c1111a0 unknown :-1 s=CLOSED pgs=56 cs=0 l=1 rev1=1 crypto rx=0 tx=0 comp rx=0 tx=0).stop
2023-12-09T02:28:32.158 INFO:teuthology.orchestra.run.smithi088.stdout:/usr/bin/ceph: stderr
2023-12-09T02:28:31.701+0000 7fc8839f2700 1 -- 172.21.15.88:0/2067791855 >> 172.21.15.88:0/2067791855 conn(0x7fc87c0fc970 msgr2=0x7fc87c0fed70 unknown :-1 s=STATE_NONE l=0).mark_down
2023-12-09T02:28:32.158 INFO:teuthology.orchestra.run.smithi088.stdout:/usr/bin/ceph: stderr
2023-12-09T02:28:31.701+0000 7fc8839f2700 1 -- 172.21.15.88:0/2067791855 shutdown_connections
2023-12-09T02:28:32.158 INFO:teuthology.orchestra.run.smithi088.stdout:/usr/bin/ceph: stderr
2023-12-09T02:28:31.701+0000 7fc8839f2700 1 -- 172.21.15.88:0/2067791855 wait complete.
2023-12-09T02:28:32.159 INFO:teuthology.orchestra.run.smithi088.stdout:Deploying node-exporter service with default placement...
2023-12-09T02:28:32.968 INFO:journalctl@ceph.mon.smithi088.smithi088.stdout:Dec 09 02:28:32 smithi088 ceph-mon[112028]: from='client.14150 -' entity='client.admin' cmd=[{"prefix": "orch apply", "service_type": "grafana", "target": ["mon-mgr", ""]}]: dispatch
2023-12-09T02:28:32.969 INFO:journalctl@ceph.mon.smithi088.smithi088.stdout:Dec 09 02:28:32 smithi088 ceph-mon[112028]: Saving service grafana spec with placement count:1
2023-12-09T02:28:32.969 INFO:journalctl@ceph.mon.smithi088.smithi088.stdout:Dec 09 02:28:32 smithi088 ceph-mon[112028]: from='mgr.14120 172.21.15.88:0/3853826017' entity='mgr.smithi088.jwlofb'
2023-12-09T02:28:33.054 INFO:teuthology.orchestra.run.smithi088.stdout:/usr/bin/ceph: stdout Scheduled node-exporter update...
2023-12-09T02:28:33.055 INFO:teuthology.orchestra.run.smithi088.stdout:/usr/bin/ceph: stderr
2023-12-09T02:28:32.484+0000 7f3d94203700 1 Processor -- start
2023-12-09T02:28:33.055 INFO:teuthology.orchestra.run.smithi088.stdout:/usr/bin/ceph: stderr
2023-12-09T02:28:32.484+0000 7f3d94203700 1 -- start start
2023-12-09T02:28:33.055 INFO:teuthology.orchestra.run.smithi088.stdout:/usr/bin/ceph: stderr
2023-12-09T02:28:32.484+0000 7f3d94203700 1 --2- >> [v2:172.21.15.88:3300/0,v1:172.21.15.88:6789/0] conn(0x7f3d8c078dc0 0x7f3d8c0771d0 unknown :-1 s=NONE pgs=0 cs=0 l=0 rev1=0 crypto rx=0 tx=0 comp rx=0 tx=0).connect
2023-12-09T02:28:33.055 INFO:teuthology.orchestra.run.smithi088.stdout:/usr/bin/ceph: stderr
2023-12-09T02:28:32.484+0000 7f3d94203700 1 -- --> [v2:172.21.15.88:3300/0,v1:172.21.15.88:6789/0] -- mon_getmap magic: 0 v1 -- 0x7f3d8c077710 con 0x7f3d8c078dc0
2023-12-09T02:28:33.055 INFO:teuthology.orchestra.run.smithi088.stdout:/usr/bin/ceph: stderr
2023-12-09T02:28:32.485+0000 7f3d91f9f700 1 --2- >> [v2:172.21.15.88:3300/0,v1:172.21.15.88:6789/0] conn(0x7f3d8c078dc0 0x7f3d8c0771d0 unknown :-1 s=BANNER_CONNECTING pgs=0 cs=0 l=0 rev1=0 crypto rx=0 tx=0 comp rx=0 tx=0)._handle_peer_banner_payload supported=3 required=0
2023-12-09T02:28:33.055 INFO:teuthology.orchestra.run.smithi088.stdout:/usr/bin/ceph: stderr
2023-12-09T02:28:32.485+0000 7f3d91f9f700 1 --2- >> [v2:172.21.15.88:3300/0,v1:172.21.15.88:6789/0] conn(0x7f3d8c078dc0 0x7f3d8c0771d0 unknown :-1 s=HELLO_CONNECTING pgs=0 cs=0 l=0 rev1=1 crypto rx=0 tx=0 comp rx=0 tx=0).handle_hello peer v2:172.21.15.88:3300/0 says I am v2:172.21.15.88:58370/0 (socket says 172.21.15.88:58370)
2023-12-09T02:28:33.055 INFO:teuthology.orchestra.run.smithi088.stdout:/usr/bin/ceph: stderr
2023-12-09T02:28:32.485+0000 7f3d91f9f700 1 -- 172.21.15.88:0/3741861079 learned_addr learned my addr 172.21.15.88:0/3741861079 (peer_addr_for_me v2:172.21.15.88:0/0)
2023-12-09T02:28:33.055 INFO:teuthology.orchestra.run.smithi088.stdout:/usr/bin/ceph: stderr
2023-12-09T02:28:32.485+0000 7f3d91f9f700 1 -- 172.21.15.88:0/3741861079 --> [v2:172.21.15.88:3300/0,v1:172.21.15.88:6789/0] -- mon_subscribe({config=0+,monmap=0+}) v3 -- 0x7f3d8c077850 con 0x7f3d8c078dc0
2023-12-09T02:28:33.055 INFO:teuthology.orchestra.run.smithi088.stdout:/usr/bin/ceph: stderr
2023-12-09T02:28:32.485+0000 7f3d91f9f700 1 --2- 172.21.15.88:0/3741861079 >> [v2:172.21.15.88:3300/0,v1:172.21.15.88:6789/0] conn(0x7f3d8c078dc0 0x7f3d8c0771d0 secure :-1 s=READY pgs=57 cs=0 l=1 rev1=1 crypto rx=0x7f3d7c0098e0 tx=0x7f3d7c009250 comp rx=0 tx=0).ready entity=mon.0 client_cookie=a27e4011934a2d6d server_cookie=0 in_seq=0 out_seq=0
2023-12-09T02:28:33.055 INFO:teuthology.orchestra.run.smithi088.stdout:/usr/bin/ceph: stderr
2023-12-09T02:28:32.485+0000 7f3d90f9d700 1 -- 172.21.15.88:0/3741861079 <== mon.0 v2:172.21.15.88:3300/0 1 ==== mon_map magic: 0 v1 ==== 229+0+0 (secure 0 0 0) 0x7f3d7c00b860 con 0x7f3d8c078dc0
2023-12-09T02:28:33.055 INFO:teuthology.orchestra.run.smithi088.stdout:/usr/bin/ceph: stderr
2023-12-09T02:28:32.485+0000 7f3d90f9d700 1 -- 172.21.15.88:0/3741861079 <== mon.0 v2:172.21.15.88:3300/0 2 ==== config(26 keys) v1 ==== 1074+0+0 (secure 0 0 0) 0x7f3d7c00be70 con 0x7f3d8c078dc0
2023-12-09T02:28:33.055 INFO:teuthology.orchestra.run.smithi088.stdout:/usr/bin/ceph: stderr
2023-12-09T02:28:32.485+0000 7f3d90f9d700 1 -- 172.21.15.88:0/3741861079 <== mon.0 v2:172.21.15.88:3300/0 3 ==== mon_map magic: 0 v1 ==== 229+0+0 (secure 0 0 0) 0x7f3d7c010380 con 0x7f3d8c078dc0
2023-12-09T02:28:33.055 INFO:teuthology.orchestra.run.smithi088.stdout:/usr/bin/ceph: stderr
2023-12-09T02:28:32.486+0000 7f3d94203700 1 -- 172.21.15.88:0/3741861079 >> [v2:172.21.15.88:3300/0,v1:172.21.15.88:6789/0] conn(0x7f3d8c078dc0 msgr2=0x7f3d8c0771d0 secure :-1 s=STATE_CONNECTION_ESTABLISHED l=1).mark_down
2023-12-09T02:28:33.055 INFO:teuthology.orchestra.run.smithi088.stdout:/usr/bin/ceph: stderr
2023-12-09T02:28:32.486+0000 7f3d94203700 1 --2- 172.21.15.88:0/3741861079 >> [v2:172.21.15.88:3300/0,v1:172.21.15.88:6789/0] conn(0x7f3d8c078dc0 0x7f3d8c0771d0 secure :-1 s=READY pgs=57 cs=0 l=1 rev1=1 crypto rx=0x7f3d7c0098e0 tx=0x7f3d7c009250 comp rx=0 tx=0).stop
2023-12-09T02:28:33.056 INFO:teuthology.orchestra.run.smithi088.stdout:/usr/bin/ceph: stderr
2023-12-09T02:28:32.486+0000 7f3d94203700 1 -- 172.21.15.88:0/3741861079 shutdown_connections
2023-12-09T02:28:33.056 INFO:teuthology.orchestra.run.smithi088.stdout:/usr/bin/ceph: stderr
2023-12-09T02:28:32.486+0000 7f3d94203700 1 --2- 172.21.15.88:0/3741861079 >> [v2:172.21.15.88:3300/0,v1:172.21.15.88:6789/0] conn(0x7f3d8c078dc0 0x7f3d8c0771d0 unknown :-1 s=CLOSED pgs=57 cs=0 l=1 rev1=1 crypto rx=0 tx=0 comp rx=0 tx=0).stop
2023-12-09T02:28:33.056 INFO:teuthology.orchestra.run.smithi088.stdout:/usr/bin/ceph: stderr
2023-12-09T02:28:32.486+0000 7f3d94203700 1 -- 172.21.15.88:0/3741861079 >> 172.21.15.88:0/3741861079 conn(0x7f3d8c0fda40 msgr2=0x7f3d8c0ffe70 unknown :-1 s=STATE_NONE l=0).mark_down
2023-12-09T02:28:33.056 INFO:teuthology.orchestra.run.smithi088.stdout:/usr/bin/ceph: stderr
2023-12-09T02:28:32.486+0000 7f3d94203700 1 -- 172.21.15.88:0/3741861079 shutdown_connections
2023-12-09T02:28:33.056 INFO:teuthology.orchestra.run.smithi088.stdout:/usr/bin/ceph: stderr
2023-12-09T02:28:32.486+0000 7f3d94203700 1 -- 172.21.15.88:0/3741861079 wait complete.
2023-12-09T02:28:33.056 INFO:teuthology.orchestra.run.smithi088.stdout:/usr/bin/ceph: stderr
2023-12-09T02:28:32.486+0000 7f3d94203700 1 Processor -- start
2023-12-09T02:28:33.056 INFO:teuthology.orchestra.run.smithi088.stdout:/usr/bin/ceph: stderr
2023-12-09T02:28:32.486+0000 7f3d94203700 1 -- start start
2023-12-09T02:28:33.056 INFO:teuthology.orchestra.run.smithi088.stdout:/usr/bin/ceph: stderr
2023-12-09T02:28:32.487+0000 7f3d94203700 1 --2- >> [v2:172.21.15.88:3300/0,v1:172.21.15.88:6789/0] conn(0x7f3d8c078dc0 0x7f3d8c113370 unknown :-1 s=NONE pgs=0 cs=0 l=1 rev1=0 crypto rx=0 tx=0 comp rx=0 tx=0).connect
2023-12-09T02:28:33.056 INFO:teuthology.orchestra.run.smithi088.stdout:/usr/bin/ceph: stderr
2023-12-09T02:28:32.487+0000 7f3d94203700 1 -- --> [v2:172.21.15.88:3300/0,v1:172.21.15.88:6789/0] -- mon_getmap magic: 0 v1 -- 0x7f3d8c1138b0 con 0x7f3d8c078dc0
2023-12-09T02:28:33.056 INFO:teuthology.orchestra.run.smithi088.stdout:/usr/bin/ceph: stderr
2023-12-09T02:28:32.487+0000 7f3d91f9f700 1 --2- >> [v2:172.21.15.88:3300/0,v1:172.21.15.88:6789/0] conn(0x7f3d8c078dc0 0x7f3d8c113370 unknown :-1 s=BANNER_CONNECTING pgs=0 cs=0 l=1 rev1=0 crypto rx=0 tx=0 comp rx=0 tx=0)._handle_peer_banner_payload supported=3 required=0
2023-12-09T02:28:33.056 INFO:teuthology.orchestra.run.smithi088.stdout:/usr/bin/ceph: stderr
2023-12-09T02:28:32.487+0000 7f3d91f9f700 1 --2- >> [v2:172.21.15.88:3300/0,v1:172.21.15.88:6789/0] conn(0x7f3d8c078dc0 0x7f3d8c113370 unknown :-1 s=HELLO_CONNECTING pgs=0 cs=0 l=1 rev1=1 crypto rx=0 tx=0 comp rx=0 tx=0).handle_hello peer v2:172.21.15.88:3300/0 says I am v2:172.21.15.88:58376/0 (socket says 172.21.15.88:58376)
2023-12-09T02:28:33.056 INFO:teuthology.orchestra.run.smithi088.stdout:/usr/bin/ceph: stderr
2023-12-09T02:28:32.487+0000 7f3d91f9f700 1 -- 172.21.15.88:0/1349425414 learned_addr learned my addr 172.21.15.88:0/1349425414 (peer_addr_for_me v2:172.21.15.88:0/0)
2023-12-09T02:28:33.056 INFO:teuthology.orchestra.run.smithi088.stdout:/usr/bin/ceph: stderr
2023-12-09T02:28:32.487+0000 7f3d91f9f700 1 -- 172.21.15.88:0/1349425414 --> [v2:172.21.15.88:3300/0,v1:172.21.15.88:6789/0] -- mon_subscribe({config=0+,monmap=0+}) v3 -- 0x7f3d7c0094f0 con 0x7f3d8c078dc0
2023-12-09T02:28:33.056 INFO:teuthology.orchestra.run.smithi088.stdout:/usr/bin/ceph: stderr
2023-12-09T02:28:32.487+0000 7f3d91f9f700 1 --2- 172.21.15.88:0/1349425414 >> [v2:172.21.15.88:3300/0,v1:172.21.15.88:6789/0] conn(0x7f3d8c078dc0 0x7f3d8c113370 secure :-1 s=READY pgs=58 cs=0 l=1 rev1=1 crypto rx=0x7f3d7c00ba70 tx=0x7f3d7c009250 comp rx=0 tx=0).ready entity=mon.0 client_cookie=0 server_cookie=0 in_seq=0 out_seq=0
2023-12-09T02:28:33.056 INFO:teuthology.orchestra.run.smithi088.stdout:/usr/bin/ceph: stderr
2023-12-09T02:28:32.487+0000 7f3d827fc700 1 -- 172.21.15.88:0/1349425414 <== mon.0 v2:172.21.15.88:3300/0 1 ==== mon_map magic: 0 v1 ==== 229+0+0 (secure 0 0 0) 0x7f3d7c010960 con 0x7f3d8c078dc0
2023-12-09T02:28:33.057 INFO:teuthology.orchestra.run.smithi088.stdout:/usr/bin/ceph: stderr
2023-12-09T02:28:32.487+0000 7f3d827fc700 1 -- 172.21.15.88:0/1349425414 <== mon.0 v2:172.21.15.88:3300/0 2 ==== config(26 keys) v1 ==== 1074+0+0 (secure 0 0 0) 0x7f3d7c024430 con 0x7f3d8c078dc0
2023-12-09T02:28:33.057 INFO:teuthology.orchestra.run.smithi088.stdout:/usr/bin/ceph: stderr
2023-12-09T02:28:32.487+0000 7f3d827fc700 1 -- 172.21.15.88:0/1349425414 <== mon.0 v2:172.21.15.88:3300/0 3 ==== mon_map magic: 0 v1 ==== 229+0+0 (secure 0 0 0) 0x7f3d7c01a5f0 con 0x7f3d8c078dc0
2023-12-09T02:28:33.057 INFO:teuthology.orchestra.run.smithi088.stdout:/usr/bin/ceph: stderr
2023-12-09T02:28:32.487+0000 7f3d94203700 1 -- 172.21.15.88:0/1349425414 --> [v2:172.21.15.88:3300/0,v1:172.21.15.88:6789/0] -- mon_subscribe({mgrmap=0+}) v3 -- 0x7f3d8c113ab0 con 0x7f3d8c078dc0
2023-12-09T02:28:33.057 INFO:teuthology.orchestra.run.smithi088.stdout:/usr/bin/ceph: stderr
2023-12-09T02:28:32.487+0000 7f3d94203700 1 -- 172.21.15.88:0/1349425414 --> [v2:172.21.15.88:3300/0,v1:172.21.15.88:6789/0] -- mon_subscribe({osdmap=0}) v3 -- 0x7f3d8c113ec0 con 0x7f3d8c078dc0
2023-12-09T02:28:33.057 INFO:teuthology.orchestra.run.smithi088.stdout:/usr/bin/ceph: stderr
2023-12-09T02:28:32.488+0000 7f3d827fc700 1 -- 172.21.15.88:0/1349425414 <== mon.0 v2:172.21.15.88:3300/0 4 ==== mgrmap(e 8) v1 ==== 43281+0+0 (secure 0 0 0) 0x7f3d7c01a860 con 0x7f3d8c078dc0
2023-12-09T02:28:33.057 INFO:teuthology.orchestra.run.smithi088.stdout:/usr/bin/ceph: stderr
2023-12-09T02:28:32.488+0000 7f3d827fc700 1 --2- 172.21.15.88:0/1349425414 >> [v2:172.21.15.88:6800/2611357961,v1:172.21.15.88:6801/2611357961] conn(0x7f3d78036640 0x7f3d78038af0 unknown :-1 s=NONE pgs=0 cs=0 l=1 rev1=0 crypto rx=0 tx=0 comp rx=0 tx=0).connect
2023-12-09T02:28:33.057 INFO:teuthology.orchestra.run.smithi088.stdout:/usr/bin/ceph: stderr
2023-12-09T02:28:32.488+0000 7f3d827fc700 1 -- 172.21.15.88:0/1349425414 <== mon.0 v2:172.21.15.88:3300/0 5 ==== osd_map(2..2 src has 1..2) v4 ==== 936+0+0 (secure 0 0 0) 0x7f3d7c04a260 con 0x7f3d8c078dc0
2023-12-09T02:28:33.057 INFO:teuthology.orchestra.run.smithi088.stdout:/usr/bin/ceph: stderr
2023-12-09T02:28:32.488+0000 7f3d9179e700 1 --2- 172.21.15.88:0/1349425414 >> [v2:172.21.15.88:6800/2611357961,v1:172.21.15.88:6801/2611357961] conn(0x7f3d78036640 0x7f3d78038af0 unknown :-1 s=BANNER_CONNECTING pgs=0 cs=0 l=1 rev1=0 crypto rx=0 tx=0 comp rx=0 tx=0)._handle_peer_banner_payload supported=3 required=0
2023-12-09T02:28:33.057 INFO:teuthology.orchestra.run.smithi088.stdout:/usr/bin/ceph: stderr
2023-12-09T02:28:32.488+0000 7f3d94203700 1 -- 172.21.15.88:0/1349425414 --> [v2:172.21.15.88:3300/0,v1:172.21.15.88:6789/0] -- mon_command({"prefix": "get_command_descriptions"} v 0) v1 -- 0x7f3d8c108620 con 0x7f3d8c078dc0
2023-12-09T02:28:33.057 INFO:teuthology.orchestra.run.smithi088.stdout:/usr/bin/ceph: stderr
2023-12-09T02:28:32.489+0000 7f3d9179e700 1 --2- 172.21.15.88:0/1349425414 >> [v2:172.21.15.88:6800/2611357961,v1:172.21.15.88:6801/2611357961] conn(0x7f3d78036640 0x7f3d78038af0 secure :-1 s=READY pgs=17 cs=0 l=1 rev1=1 crypto rx=0x7f3d88009990 tx=0x7f3d88006e40 comp rx=0 tx=0).ready entity=mgr.14120 client_cookie=0 server_cookie=0 in_seq=0 out_seq=0
2023-12-09T02:28:33.057 INFO:teuthology.orchestra.run.smithi088.stdout:/usr/bin/ceph: stderr
2023-12-09T02:28:32.493+0000 7f3d827fc700 1 -- 172.21.15.88:0/1349425414 <== mon.0 v2:172.21.15.88:3300/0 6 ==== mon_command_ack([{"prefix": "get_command_descriptions"}]=0 v0) v1 ==== 72+0+174570 (secure 0 0 0) 0x7f3d7c018b40 con 0x7f3d8c078dc0
2023-12-09T02:28:33.057 INFO:teuthology.orchestra.run.smithi088.stdout:/usr/bin/ceph: stderr
2023-12-09T02:28:32.684+0000 7f3d94203700 1 -- 172.21.15.88:0/1349425414 --> [v2:172.21.15.88:6800/2611357961,v1:172.21.15.88:6801/2611357961] -- mgr_command(tid 0: {"prefix": "orch apply", "service_type": "node-exporter", "target": ["mon-mgr", ""]}) v1 -- 0x7f3d8c10cf90 con 0x7f3d78036640
2023-12-09T02:28:33.057 INFO:teuthology.orchestra.run.smithi088.stdout:/usr/bin/ceph: stderr
2023-12-09T02:28:32.688+0000 7f3d827fc700 1 -- 172.21.15.88:0/1349425414 <== mgr.14120 v2:172.21.15.88:6800/2611357961 1 ==== mgr_command_reply(tid 0: 0 ) v1 ==== 8+0+34 (secure 0 0 0) 0x7f3d8c10cf90 con 0x7f3d78036640
2023-12-09T02:28:33.057 INFO:teuthology.orchestra.run.smithi088.stdout:/usr/bin/ceph: stderr
2023-12-09T02:28:32.690+0000 7f3d94203700 1 -- 172.21.15.88:0/1349425414 >> [v2:172.21.15.88:6800/2611357961,v1:172.21.15.88:6801/2611357961] conn(0x7f3d78036640 msgr2=0x7f3d78038af0 secure :-1 s=STATE_CONNECTION_ESTABLISHED l=1).mark_down
2023-12-09T02:28:33.058 INFO:teuthology.orchestra.run.smithi088.stdout:/usr/bin/ceph: stderr
2023-12-09T02:28:32.690+0000 7f3d94203700 1 --2- 172.21.15.88:0/1349425414 >> [v2:172.21.15.88:6800/2611357961,v1:172.21.15.88:6801/2611357961] conn(0x7f3d78036640 0x7f3d78038af0 secure :-1 s=READY pgs=17 cs=0 l=1 rev1=1 crypto rx=0x7f3d88009990 tx=0x7f3d88006e40 comp rx=0 tx=0).stop
2023-12-09T02:28:33.058 INFO:teuthology.orchestra.run.smithi088.stdout:/usr/bin/ceph: stderr
2023-12-09T02:28:32.690+0000 7f3d94203700 1 -- 172.21.15.88:0/1349425414 >> [v2:172.21.15.88:3300/0,v1:172.21.15.88:6789/0] conn(0x7f3d8c078dc0 msgr2=0x7f3d8c113370 secure :-1 s=STATE_CONNECTION_ESTABLISHED l=1).mark_down
2023-12-09T02:28:33.058 INFO:teuthology.orchestra.run.smithi088.stdout:/usr/bin/ceph: stderr
2023-12-09T02:28:32.690+0000 7f3d94203700 1 --2- 172.21.15.88:0/1349425414 >> [v2:172.21.15.88:3300/0,v1:172.21.15.88:6789/0] conn(0x7f3d8c078dc0 0x7f3d8c113370 secure :-1 s=READY pgs=58 cs=0 l=1 rev1=1 crypto rx=0x7f3d7c00ba70 tx=0x7f3d7c009250 comp rx=0 tx=0).stop
2023-12-09T02:28:33.058 INFO:teuthology.orchestra.run.smithi088.stdout:/usr/bin/ceph: stderr
2023-12-09T02:28:32.690+0000 7f3d94203700 1 -- 172.21.15.88:0/1349425414 shutdown_connections
2023-12-09T02:28:33.058 INFO:teuthology.orchestra.run.smithi088.stdout:/usr/bin/ceph: stderr
2023-12-09T02:28:32.690+0000 7f3d94203700 1 --2- 172.21.15.88:0/1349425414 >> [v2:172.21.15.88:6800/2611357961,v1:172.21.15.88:6801/2611357961] conn(0x7f3d78036640 0x7f3d78038af0 unknown :-1 s=CLOSED pgs=17 cs=0 l=1 rev1=1 crypto rx=0 tx=0 comp rx=0 tx=0).stop
2023-12-09T02:28:33.058 INFO:teuthology.orchestra.run.smithi088.stdout:/usr/bin/ceph: stderr
2023-12-09T02:28:32.690+0000 7f3d94203700 1 --2- 172.21.15.88:0/1349425414 >> [v2:172.21.15.88:3300/0,v1:172.21.15.88:6789/0] conn(0x7f3d8c078dc0 0x7f3d8c113370 unknown :-1 s=CLOSED pgs=58 cs=0 l=1 rev1=1 crypto rx=0 tx=0 comp rx=0 tx=0).stop
2023-12-09T02:28:33.058 INFO:teuthology.orchestra.run.smithi088.stdout:/usr/bin/ceph: stderr
2023-12-09T02:28:32.690+0000 7f3d94203700 1 -- 172.21.15.88:0/1349425414 >> 172.21.15.88:0/1349425414 conn(0x7f3d8c0fda40 msgr2=0x7f3d8c0ffe20 unknown :-1 s=STATE_NONE l=0).mark_down
2023-12-09T02:28:33.058 INFO:teuthology.orchestra.run.smithi088.stdout:/usr/bin/ceph: stderr
2023-12-09T02:28:32.690+0000 7f3d94203700 1 -- 172.21.15.88:0/1349425414 shutdown_connections
2023-12-09T02:28:33.058 INFO:teuthology.orchestra.run.smithi088.stdout:/usr/bin/ceph: stderr
2023-12-09T02:28:32.690+0000 7f3d94203700 1 -- 172.21.15.88:0/1349425414 wait complete.
2023-12-09T02:28:33.058 INFO:teuthology.orchestra.run.smithi088.stdout:Deploying alertmanager service with default placement...
2023-12-09T02:28:33.919 INFO:journalctl@ceph.mon.smithi088.smithi088.stdout:Dec 09 02:28:33 smithi088 ceph-mon[112028]: from='client.14152 -' entity='client.admin' cmd=[{"prefix": "orch apply", "service_type": "node-exporter", "target": ["mon-mgr", ""]}]: dispatch
2023-12-09T02:28:33.919 INFO:journalctl@ceph.mon.smithi088.smithi088.stdout:Dec 09 02:28:33 smithi088 ceph-mon[112028]: Saving service node-exporter spec with placement *
2023-12-09T02:28:33.919 INFO:journalctl@ceph.mon.smithi088.smithi088.stdout:Dec 09 02:28:33 smithi088 ceph-mon[112028]: from='mgr.14120 172.21.15.88:0/3853826017' entity='mgr.smithi088.jwlofb'
2023-12-09T02:28:33.974 INFO:teuthology.orchestra.run.smithi088.stdout:/usr/bin/ceph: stdout Scheduled alertmanager update...
2023-12-09T02:28:33.974 INFO:teuthology.orchestra.run.smithi088.stdout:/usr/bin/ceph: stderr
2023-12-09T02:28:33.405+0000 7f0197811700 1 Processor -- start
2023-12-09T02:28:33.974 INFO:teuthology.orchestra.run.smithi088.stdout:/usr/bin/ceph: stderr
2023-12-09T02:28:33.405+0000 7f0197811700 1 -- start start
2023-12-09T02:28:33.974 INFO:teuthology.orchestra.run.smithi088.stdout:/usr/bin/ceph: stderr
2023-12-09T02:28:33.405+0000 7f0197811700 1 --2- >> [v2:172.21.15.88:3300/0,v1:172.21.15.88:6789/0] conn(0x7f0190071000 0x7f0190104ea0 unknown :-1 s=NONE pgs=0 cs=0 l=0 rev1=0 crypto rx=0 tx=0 comp rx=0 tx=0).connect
2023-12-09T02:28:33.974 INFO:teuthology.orchestra.run.smithi088.stdout:/usr/bin/ceph: stderr
2023-12-09T02:28:33.405+0000 7f0197811700 1 -- --> [v2:172.21.15.88:3300/0,v1:172.21.15.88:6789/0] -- mon_getmap magic: 0 v1 -- 0x7f01901053e0 con 0x7f0190071000
2023-12-09T02:28:33.974 INFO:teuthology.orchestra.run.smithi088.stdout:/usr/bin/ceph: stderr
2023-12-09T02:28:33.406+0000 7f01955ad700 1 --2- >> [v2:172.21.15.88:3300/0,v1:172.21.15.88:6789/0] conn(0x7f0190071000 0x7f0190104ea0 unknown :-1 s=BANNER_CONNECTING pgs=0 cs=0 l=0 rev1=0 crypto rx=0 tx=0 comp rx=0 tx=0)._handle_peer_banner_payload supported=3 required=0
2023-12-09T02:28:33.975 INFO:teuthology.orchestra.run.smithi088.stdout:/usr/bin/ceph: stderr
2023-12-09T02:28:33.406+0000 7f01955ad700 1 --2- >> [v2:172.21.15.88:3300/0,v1:172.21.15.88:6789/0] conn(0x7f0190071000 0x7f0190104ea0 unknown :-1 s=HELLO_CONNECTING pgs=0 cs=0 l=0 rev1=1 crypto rx=0 tx=0 comp rx=0 tx=0).handle_hello peer v2:172.21.15.88:3300/0 says I am v2:172.21.15.88:58378/0 (socket says 172.21.15.88:58378)
2023-12-09T02:28:33.975 INFO:teuthology.orchestra.run.smithi088.stdout:/usr/bin/ceph: stderr
2023-12-09T02:28:33.406+0000 7f01955ad700 1 -- 172.21.15.88:0/3519257363 learned_addr learned my addr 172.21.15.88:0/3519257363 (peer_addr_for_me v2:172.21.15.88:0/0)
2023-12-09T02:28:33.975 INFO:teuthology.orchestra.run.smithi088.stdout:/usr/bin/ceph: stderr
2023-12-09T02:28:33.406+0000 7f01955ad700 1 -- 172.21.15.88:0/3519257363 --> [v2:172.21.15.88:3300/0,v1:172.21.15.88:6789/0] -- mon_subscribe({config=0+,monmap=0+}) v3 -- 0x7f0190105520 con 0x7f0190071000
2023-12-09T02:28:33.975 INFO:teuthology.orchestra.run.smithi088.stdout:/usr/bin/ceph: stderr
2023-12-09T02:28:33.406+0000 7f01955ad700 1 --2- 172.21.15.88:0/3519257363 >> [v2:172.21.15.88:3300/0,v1:172.21.15.88:6789/0] conn(0x7f0190071000 0x7f0190104ea0 secure :-1 s=READY pgs=59 cs=0 l=1 rev1=1 crypto rx=0x7f01800098e0 tx=0x7f0180009250 comp rx=0 tx=0).ready entity=mon.0 client_cookie=89978c0b527a74db server_cookie=0 in_seq=0 out_seq=0
2023-12-09T02:28:33.975 INFO:teuthology.orchestra.run.smithi088.stdout:/usr/bin/ceph: stderr
2023-12-09T02:28:33.406+0000 7f0187fff700 1 -- 172.21.15.88:0/3519257363 <== mon.0 v2:172.21.15.88:3300/0 1 ==== mon_map magic: 0 v1 ==== 229+0+0 (secure 0 0 0) 0x7f018000b860 con 0x7f0190071000
2023-12-09T02:28:33.975 INFO:teuthology.orchestra.run.smithi088.stdout:/usr/bin/ceph: stderr
2023-12-09T02:28:33.406+0000 7f0187fff700 1 -- 172.21.15.88:0/3519257363 <== mon.0 v2:172.21.15.88:3300/0 2 ==== config(26 keys) v1 ==== 1074+0+0 (secure 0 0 0) 0x7f018000be70 con 0x7f0190071000
2023-12-09T02:28:33.975 INFO:teuthology.orchestra.run.smithi088.stdout:/usr/bin/ceph: stderr
2023-12-09T02:28:33.406+0000 7f0187fff700 1 -- 172.21.15.88:0/3519257363 <== mon.0 v2:172.21.15.88:3300/0 3 ==== mon_map magic: 0 v1 ==== 229+0+0 (secure 0 0 0) 0x7f0180010380 con 0x7f0190071000
2023-12-09T02:28:33.975 INFO:teuthology.orchestra.run.smithi088.stdout:/usr/bin/ceph: stderr
2023-12-09T02:28:33.407+0000 7f0197811700 1 -- 172.21.15.88:0/3519257363 >> [v2:172.21.15.88:3300/0,v1:172.21.15.88:6789/0] conn(0x7f0190071000 msgr2=0x7f0190104ea0 secure :-1 s=STATE_CONNECTION_ESTABLISHED l=1).mark_down
2023-12-09T02:28:33.975 INFO:teuthology.orchestra.run.smithi088.stdout:/usr/bin/ceph: stderr
2023-12-09T02:28:33.407+0000 7f0197811700 1 --2- 172.21.15.88:0/3519257363 >> [v2:172.21.15.88:3300/0,v1:172.21.15.88:6789/0] conn(0x7f0190071000 0x7f0190104ea0 secure :-1 s=READY pgs=59 cs=0 l=1 rev1=1 crypto rx=0x7f01800098e0 tx=0x7f0180009250 comp rx=0 tx=0).stop
2023-12-09T02:28:33.975 INFO:teuthology.orchestra.run.smithi088.stdout:/usr/bin/ceph: stderr
2023-12-09T02:28:33.407+0000 7f0197811700 1 -- 172.21.15.88:0/3519257363 shutdown_connections
2023-12-09T02:28:33.976 INFO:teuthology.orchestra.run.smithi088.stdout:/usr/bin/ceph: stderr
2023-12-09T02:28:33.407+0000 7f0197811700 1 --2- 172.21.15.88:0/3519257363 >> [v2:172.21.15.88:3300/0,v1:172.21.15.88:6789/0] conn(0x7f0190071000 0x7f0190104ea0 unknown :-1 s=CLOSED pgs=59 cs=0 l=1 rev1=1 crypto rx=0 tx=0 comp rx=0 tx=0).stop
2023-12-09T02:28:33.976 INFO:teuthology.orchestra.run.smithi088.stdout:/usr/bin/ceph: stderr
2023-12-09T02:28:33.407+0000 7f0197811700 1 -- 172.21.15.88:0/3519257363 >> 172.21.15.88:0/3519257363 conn(0x7f01900fc970 msgr2=0x7f01900fed80 unknown :-1 s=STATE_NONE l=0).mark_down
2023-12-09T02:28:33.976 INFO:teuthology.orchestra.run.smithi088.stdout:/usr/bin/ceph: stderr
2023-12-09T02:28:33.407+0000 7f0197811700 1 -- 172.21.15.88:0/3519257363 shutdown_connections
2023-12-09T02:28:33.976 INFO:teuthology.orchestra.run.smithi088.stdout:/usr/bin/ceph: stderr
2023-12-09T02:28:33.407+0000 7f0197811700 1 -- 172.21.15.88:0/3519257363 wait complete.
2023-12-09T02:28:33.976 INFO:teuthology.orchestra.run.smithi088.stdout:/usr/bin/ceph: stderr
2023-12-09T02:28:33.407+0000 7f0197811700 1 Processor -- start
2023-12-09T02:28:33.976 INFO:teuthology.orchestra.run.smithi088.stdout:/usr/bin/ceph: stderr
2023-12-09T02:28:33.407+0000 7f0197811700 1 -- start start
2023-12-09T02:28:33.976 INFO:teuthology.orchestra.run.smithi088.stdout:/usr/bin/ceph: stderr
2023-12-09T02:28:33.407+0000 7f0197811700 1 --2- >> [v2:172.21.15.88:3300/0,v1:172.21.15.88:6789/0] conn(0x7f0190071000 0x7f01901111a0 unknown :-1 s=NONE pgs=0 cs=0 l=1 rev1=0 crypto rx=0 tx=0 comp rx=0 tx=0).connect
2023-12-09T02:28:33.976 INFO:teuthology.orchestra.run.smithi088.stdout:/usr/bin/ceph: stderr
2023-12-09T02:28:33.407+0000 7f0197811700 1 -- --> [v2:172.21.15.88:3300/0,v1:172.21.15.88:6789/0] -- mon_getmap magic: 0 v1 -- 0x7f01901116e0 con 0x7f0190071000
2023-12-09T02:28:33.977 INFO:teuthology.orchestra.run.smithi088.stdout:/usr/bin/ceph: stderr
2023-12-09T02:28:33.408+0000 7f01955ad700 1 --2- >> [v2:172.21.15.88:3300/0,v1:172.21.15.88:6789/0] conn(0x7f0190071000 0x7f01901111a0 unknown :-1 s=BANNER_CONNECTING pgs=0 cs=0 l=1 rev1=0 crypto rx=0 tx=0 comp rx=0 tx=0)._handle_peer_banner_payload supported=3 required=0
2023-12-09T02:28:33.977 INFO:teuthology.orchestra.run.smithi088.stdout:/usr/bin/ceph: stderr
2023-12-09T02:28:33.408+0000 7f01955ad700 1 --2- >> [v2:172.21.15.88:3300/0,v1:172.21.15.88:6789/0] conn(0x7f0190071000 0x7f01901111a0 unknown :-1 s=HELLO_CONNECTING pgs=0 cs=0 l=1 rev1=1 crypto rx=0 tx=0 comp rx=0 tx=0).handle_hello peer v2:172.21.15.88:3300/0 says I am v2:172.21.15.88:58382/0 (socket says 172.21.15.88:58382)
2023-12-09T02:28:33.977 INFO:teuthology.orchestra.run.smithi088.stdout:/usr/bin/ceph: stderr
2023-12-09T02:28:33.408+0000 7f01955ad700 1 -- 172.21.15.88:0/3509926126 learned_addr learned my addr 172.21.15.88:0/3509926126 (peer_addr_for_me v2:172.21.15.88:0/0)
2023-12-09T02:28:33.977 INFO:teuthology.orchestra.run.smithi088.stdout:/usr/bin/ceph: stderr
2023-12-09T02:28:33.408+0000 7f01955ad700 1 -- 172.21.15.88:0/3509926126 --> [v2:172.21.15.88:3300/0,v1:172.21.15.88:6789/0] -- mon_subscribe({config=0+,monmap=0+}) v3 -- 0x7f01800094f0 con 0x7f0190071000
2023-12-09T02:28:33.977 INFO:teuthology.orchestra.run.smithi088.stdout:/usr/bin/ceph: stderr
2023-12-09T02:28:33.408+0000 7f01955ad700 1 --2- 172.21.15.88:0/3509926126 >> [v2:172.21.15.88:3300/0,v1:172.21.15.88:6789/0] conn(0x7f0190071000 0x7f01901111a0 secure :-1 s=READY pgs=60 cs=0 l=1 rev1=1 crypto rx=0x7f0180006d40 tx=0x7f0180009250 comp rx=0 tx=0).ready entity=mon.0 client_cookie=0 server_cookie=0 in_seq=0 out_seq=0
2023-12-09T02:28:33.977 INFO:teuthology.orchestra.run.smithi088.stdout:/usr/bin/ceph: stderr
2023-12-09T02:28:33.408+0000 7f0185ffb700 1 -- 172.21.15.88:0/3509926126 <== mon.0 v2:172.21.15.88:3300/0 1 ==== mon_map magic: 0 v1 ==== 229+0+0 (secure 0 0 0) 0x7f0180010960 con 0x7f0190071000
2023-12-09T02:28:33.977 INFO:teuthology.orchestra.run.smithi088.stdout:/usr/bin/ceph: stderr
2023-12-09T02:28:33.408+0000 7f0185ffb700 1 -- 172.21.15.88:0/3509926126 <== mon.0 v2:172.21.15.88:3300/0 2 ==== config(26 keys) v1 ==== 1074+0+0 (secure 0 0 0) 0x7f018001a430 con 0x7f0190071000
2023-12-09T02:28:33.977 INFO:teuthology.orchestra.run.smithi088.stdout:/usr/bin/ceph: stderr
2023-12-09T02:28:33.408+0000 7f0197811700 1 -- 172.21.15.88:0/3509926126 --> [v2:172.21.15.88:3300/0,v1:172.21.15.88:6789/0] -- mon_subscribe({mgrmap=0+}) v3 -- 0x7f01901118e0 con 0x7f0190071000
2023-12-09T02:28:33.977 INFO:teuthology.orchestra.run.smithi088.stdout:/usr/bin/ceph: stderr
2023-12-09T02:28:33.408+0000 7f0185ffb700 1 -- 172.21.15.88:0/3509926126 <== mon.0 v2:172.21.15.88:3300/0 3 ==== mon_map magic: 0 v1 ==== 229+0+0 (secure 0 0 0) 0x7f01800245b0 con 0x7f0190071000
2023-12-09T02:28:33.977 INFO:teuthology.orchestra.run.smithi088.stdout:/usr/bin/ceph: stderr
2023-12-09T02:28:33.408+0000 7f0197811700 1 -- 172.21.15.88:0/3509926126 --> [v2:172.21.15.88:3300/0,v1:172.21.15.88:6789/0] -- mon_subscribe({osdmap=0}) v3 -- 0x7f0190111cf0 con 0x7f0190071000
2023-12-09T02:28:33.978 INFO:teuthology.orchestra.run.smithi088.stdout:/usr/bin/ceph: stderr
2023-12-09T02:28:33.409+0000 7f0185ffb700 1 -- 172.21.15.88:0/3509926126 <== mon.0 v2:172.21.15.88:3300/0 4 ==== mgrmap(e 8) v1 ==== 43281+0+0 (secure 0 0 0) 0x7f018002d3f0 con 0x7f0190071000
2023-12-09T02:28:33.978 INFO:teuthology.orchestra.run.smithi088.stdout:/usr/bin/ceph: stderr
2023-12-09T02:28:33.409+0000 7f0185ffb700 1 --2- 172.21.15.88:0/3509926126 >> [v2:172.21.15.88:6800/2611357961,v1:172.21.15.88:6801/2611357961] conn(0x7f017c036640 0x7f017c038af0 unknown :-1 s=NONE pgs=0 cs=0 l=1 rev1=0 crypto rx=0 tx=0 comp rx=0 tx=0).connect
2023-12-09T02:28:33.978 INFO:teuthology.orchestra.run.smithi088.stdout:/usr/bin/ceph: stderr
2023-12-09T02:28:33.409+0000 7f0185ffb700 1 -- 172.21.15.88:0/3509926126 <== mon.0 v2:172.21.15.88:3300/0 5 ==== osd_map(2..2 src has 1..2) v4 ==== 936+0+0 (secure 0 0 0) 0x7f018004a240 con 0x7f0190071000
2023-12-09T02:28:33.978 INFO:teuthology.orchestra.run.smithi088.stdout:/usr/bin/ceph: stderr
2023-12-09T02:28:33.409+0000 7f0197811700 1 -- 172.21.15.88:0/3509926126 --> [v2:172.21.15.88:3300/0,v1:172.21.15.88:6789/0] -- mon_command({"prefix": "get_command_descriptions"} v 0) v1 -- 0x7f019004bb80 con 0x7f0190071000
2023-12-09T02:28:33.978 INFO:teuthology.orchestra.run.smithi088.stdout:/usr/bin/ceph: stderr
2023-12-09T02:28:33.409+0000 7f0194dac700 1 --2- 172.21.15.88:0/3509926126 >> [v2:172.21.15.88:6800/2611357961,v1:172.21.15.88:6801/2611357961] conn(0x7f017c036640 0x7f017c038af0 unknown :-1 s=BANNER_CONNECTING pgs=0 cs=0 l=1 rev1=0 crypto rx=0 tx=0 comp rx=0 tx=0)._handle_peer_banner_payload supported=3 required=0
2023-12-09T02:28:33.978 INFO:teuthology.orchestra.run.smithi088.stdout:/usr/bin/ceph: stderr
2023-12-09T02:28:33.410+0000 7f0194dac700 1 --2- 172.21.15.88:0/3509926126 >> [v2:172.21.15.88:6800/2611357961,v1:172.21.15.88:6801/2611357961] conn(0x7f017c036640 0x7f017c038af0 secure :-1 s=READY pgs=18 cs=0 l=1 rev1=1 crypto rx=0x7f018c009990 tx=0x7f018c006e40 comp rx=0 tx=0).ready entity=mgr.14120 client_cookie=0 server_cookie=0 in_seq=0 out_seq=0
