2023-12-09T02:28:20.644 INFO:teuthology.orchestra.run.smithi088.stdout:/usr/bin/ceph: stderr
2023-12-09T02:28:20.329+0000 7fd9f3fff700 1 --2- 172.21.15.88:0/1827457049 >> [v2:172.21.15.88:6800/2611357961,v1:172.21.15.88:6801/2611357961] conn(0x7fd9e4039f60 0x7fd9e403c340 secure :-1 s=READY pgs=4 cs=0 l=1 rev1=1 crypto rx=0x7fd9e00039d0 tx=0x7fd9e0009350 comp rx=0 tx=0).ready entity=mgr.14120 client_cookie=0 server_cookie=0 in_seq=0 out_seq=0
2023-12-09T02:28:20.644 INFO:teuthology.orchestra.run.smithi088.stdout:/usr/bin/ceph: stderr
2023-12-09T02:28:20.329+0000 7fd9f17fa700 1 -- 172.21.15.88:0/1827457049 <== mgr.14120 v2:172.21.15.88:6800/2611357961 1 ==== command_reply(tid 0: 0 ) v1 ==== 8+0+6549 (secure 0 0 0) 0x7fd9e40391b0 con 0x7fd9e4039f60
2023-12-09T02:28:20.644 INFO:teuthology.orchestra.run.smithi088.stdout:/usr/bin/ceph: stderr
2023-12-09T02:28:20.335+0000 7fd9face8700 1 -- 172.21.15.88:0/1827457049 --> [v2:172.21.15.88:6800/2611357961,v1:172.21.15.88:6801/2611357961] -- command(tid 1: {"prefix": "mgr_status"}) v1 -- 0x7fd9f404bb80 con 0x7fd9e4039f60
2023-12-09T02:28:20.644 INFO:teuthology.orchestra.run.smithi088.stdout:/usr/bin/ceph: stderr
2023-12-09T02:28:20.335+0000 7fd9f17fa700 1 -- 172.21.15.88:0/1827457049 <== mgr.14120 v2:172.21.15.88:6800/2611357961 2 ==== command_reply(tid 1: 0 ) v1 ==== 8+0+51 (secure 0 0 0) 0x7fd9f404bb80 con 0x7fd9e4039f60
2023-12-09T02:28:20.644 INFO:teuthology.orchestra.run.smithi088.stdout:/usr/bin/ceph: stderr
2023-12-09T02:28:20.336+0000 7fd9face8700 1 -- 172.21.15.88:0/1827457049 >> [v2:172.21.15.88:6800/2611357961,v1:172.21.15.88:6801/2611357961] conn(0x7fd9e4039f60 msgr2=0x7fd9e403c340 secure :-1 s=STATE_CONNECTION_ESTABLISHED l=1).mark_down
2023-12-09T02:28:20.644 INFO:teuthology.orchestra.run.smithi088.stdout:/usr/bin/ceph: stderr
2023-12-09T02:28:20.336+0000 7fd9face8700 1 --2- 172.21.15.88:0/1827457049 >> [v2:172.21.15.88:6800/2611357961,v1:172.21.15.88:6801/2611357961] conn(0x7fd9e4039f60 0x7fd9e403c340 secure :-1 s=READY pgs=4 cs=0 l=1 rev1=1 crypto rx=0x7fd9e00039d0 tx=0x7fd9e0009350 comp rx=0 tx=0).stop
2023-12-09T02:28:20.644 INFO:teuthology.orchestra.run.smithi088.stdout:/usr/bin/ceph: stderr
2023-12-09T02:28:20.336+0000 7fd9face8700 1 -- 172.21.15.88:0/1827457049 >> [v2:172.21.15.88:3300/0,v1:172.21.15.88:6789/0] conn(0x7fd9f4071000 msgr2=0x7fd9f4111160 secure :-1 s=STATE_CONNECTION_ESTABLISHED l=1).mark_down
2023-12-09T02:28:20.644 INFO:teuthology.orchestra.run.smithi088.stdout:/usr/bin/ceph: stderr
2023-12-09T02:28:20.336+0000 7fd9face8700 1 --2- 172.21.15.88:0/1827457049 >> [v2:172.21.15.88:3300/0,v1:172.21.15.88:6789/0] conn(0x7fd9f4071000 0x7fd9f4111160 secure :-1 s=READY pgs=29 cs=0 l=1 rev1=1 crypto rx=0x7fd9e8006b00 tx=0x7fd9e8009250 comp rx=0 tx=0).stop
2023-12-09T02:28:20.644 INFO:teuthology.orchestra.run.smithi088.stdout:/usr/bin/ceph: stderr
2023-12-09T02:28:20.336+0000 7fd9face8700 1 -- 172.21.15.88:0/1827457049 shutdown_connections
2023-12-09T02:28:20.644 INFO:teuthology.orchestra.run.smithi088.stdout:/usr/bin/ceph: stderr
2023-12-09T02:28:20.336+0000 7fd9face8700 1 --2- 172.21.15.88:0/1827457049 >> [v2:172.21.15.88:6800/2611357961,v1:172.21.15.88:6801/2611357961] conn(0x7fd9e4039f60 0x7fd9e403c340 unknown :-1 s=CLOSED pgs=4 cs=0 l=1 rev1=1 crypto rx=0 tx=0 comp rx=0 tx=0).stop
2023-12-09T02:28:20.644 INFO:teuthology.orchestra.run.smithi088.stdout:/usr/bin/ceph: stderr
2023-12-09T02:28:20.336+0000 7fd9face8700 1 --2- 172.21.15.88:0/1827457049 >> [v2:172.21.15.88:3300/0,v1:172.21.15.88:6789/0] conn(0x7fd9f4071000 0x7fd9f4111160 unknown :-1 s=CLOSED pgs=29 cs=0 l=1 rev1=1 crypto rx=0 tx=0 comp rx=0 tx=0).stop
2023-12-09T02:28:20.644 INFO:teuthology.orchestra.run.smithi088.stdout:/usr/bin/ceph: stderr
2023-12-09T02:28:20.336+0000 7fd9face8700 1 --2- 172.21.15.88:0/1827457049 >> [v2:172.21.15.88:6800/3992950126,v1:172.21.15.88:6801/3992950126] conn(0x7fd9e40365f0 0x7fd9e4038aa0 unknown :-1 s=CLOSED pgs=0 cs=0 l=1 rev1=0 crypto rx=0 tx=0 comp rx=0 tx=0).stop
2023-12-09T02:28:20.644 INFO:teuthology.orchestra.run.smithi088.stdout:/usr/bin/ceph: stderr
2023-12-09T02:28:20.336+0000 7fd9face8700 1 -- 172.21.15.88:0/1827457049 >> 172.21.15.88:0/1827457049 conn(0x7fd9f40fc970 msgr2=0x7fd9f40fed70 unknown :-1 s=STATE_NONE l=0).mark_down
2023-12-09T02:28:20.644 INFO:teuthology.orchestra.run.smithi088.stdout:/usr/bin/ceph: stderr
2023-12-09T02:28:20.336+0000 7fd9face8700 1 -- 172.21.15.88:0/1827457049 shutdown_connections
2023-12-09T02:28:20.645 INFO:teuthology.orchestra.run.smithi088.stdout:/usr/bin/ceph: stderr
2023-12-09T02:28:20.336+0000 7fd9face8700 1 -- 172.21.15.88:0/1827457049 wait complete.
2023-12-09T02:28:20.645 INFO:teuthology.orchestra.run.smithi088.stdout:mgr epoch 5 is available
2023-12-09T02:28:20.645 INFO:teuthology.orchestra.run.smithi088.stdout:Setting orchestrator backend to cephadm...
2023-12-09T02:28:20.976 INFO:journalctl@ceph.mon.smithi088.smithi088.stdout:Dec 09 02:28:20 smithi088 ceph-mon[112028]: Found migration_current of "None". Setting to last migration.
2023-12-09T02:28:20.976 INFO:journalctl@ceph.mon.smithi088.smithi088.stdout:Dec 09 02:28:20 smithi088 ceph-mon[112028]: mgrmap e7: smithi088.jwlofb(active, since 1.005s)
2023-12-09T02:28:21.575 INFO:teuthology.orchestra.run.smithi088.stdout:/usr/bin/ceph: stderr
2023-12-09T02:28:21.002+0000 7fa07d519700 1 Processor -- start
2023-12-09T02:28:21.575 INFO:teuthology.orchestra.run.smithi088.stdout:/usr/bin/ceph: stderr
2023-12-09T02:28:21.003+0000 7fa07d519700 1 -- start start
2023-12-09T02:28:21.575 INFO:teuthology.orchestra.run.smithi088.stdout:/usr/bin/ceph: stderr
2023-12-09T02:28:21.003+0000 7fa07d519700 1 --2- >> [v2:172.21.15.88:3300/0,v1:172.21.15.88:6789/0] conn(0x7fa0781022b0 0x7fa0781026c0 unknown :-1 s=NONE pgs=0 cs=0 l=0 rev1=0 crypto rx=0 tx=0 comp rx=0 tx=0).connect
2023-12-09T02:28:21.576 INFO:teuthology.orchestra.run.smithi088.stdout:/usr/bin/ceph: stderr
2023-12-09T02:28:21.003+0000 7fa07d519700 1 -- --> [v2:172.21.15.88:3300/0,v1:172.21.15.88:6789/0] -- mon_getmap magic: 0 v1 -- 0x7fa078102c00 con 0x7fa0781022b0
2023-12-09T02:28:21.576 INFO:teuthology.orchestra.run.smithi088.stdout:/usr/bin/ceph: stderr
2023-12-09T02:28:21.003+0000 7fa076ffd700 1 --2- >> [v2:172.21.15.88:3300/0,v1:172.21.15.88:6789/0] conn(0x7fa0781022b0 0x7fa0781026c0 unknown :-1 s=BANNER_CONNECTING pgs=0 cs=0 l=0 rev1=0 crypto rx=0 tx=0 comp rx=0 tx=0)._handle_peer_banner_payload supported=3 required=0
2023-12-09T02:28:21.576 INFO:teuthology.orchestra.run.smithi088.stdout:/usr/bin/ceph: stderr
2023-12-09T02:28:21.003+0000 7fa076ffd700 1 --2- >> [v2:172.21.15.88:3300/0,v1:172.21.15.88:6789/0] conn(0x7fa0781022b0 0x7fa0781026c0 unknown :-1 s=HELLO_CONNECTING pgs=0 cs=0 l=0 rev1=1 crypto rx=0 tx=0 comp rx=0 tx=0).handle_hello peer v2:172.21.15.88:3300/0 says I am v2:172.21.15.88:40236/0 (socket says 172.21.15.88:40236)
2023-12-09T02:28:21.576 INFO:teuthology.orchestra.run.smithi088.stdout:/usr/bin/ceph: stderr
2023-12-09T02:28:21.003+0000 7fa076ffd700 1 -- 172.21.15.88:0/1414313349 learned_addr learned my addr 172.21.15.88:0/1414313349 (peer_addr_for_me v2:172.21.15.88:0/0)
2023-12-09T02:28:21.576 INFO:teuthology.orchestra.run.smithi088.stdout:/usr/bin/ceph: stderr
2023-12-09T02:28:21.003+0000 7fa076ffd700 1 -- 172.21.15.88:0/1414313349 --> [v2:172.21.15.88:3300/0,v1:172.21.15.88:6789/0] -- mon_subscribe({config=0+,monmap=0+}) v3 -- 0x7fa078102d40 con 0x7fa0781022b0
2023-12-09T02:28:21.576 INFO:teuthology.orchestra.run.smithi088.stdout:/usr/bin/ceph: stderr
2023-12-09T02:28:21.003+0000 7fa076ffd700 1 --2- 172.21.15.88:0/1414313349 >> [v2:172.21.15.88:3300/0,v1:172.21.15.88:6789/0] conn(0x7fa0781022b0 0x7fa0781026c0 secure :-1 s=READY pgs=37 cs=0 l=1 rev1=1 crypto rx=0x7fa0680098e0 tx=0x7fa068009250 comp rx=0 tx=0).ready entity=mon.0 client_cookie=96b5106bb7c0695a server_cookie=0 in_seq=0 out_seq=0
2023-12-09T02:28:21.576 INFO:teuthology.orchestra.run.smithi088.stdout:/usr/bin/ceph: stderr
2023-12-09T02:28:21.004+0000 7fa075ffb700 1 -- 172.21.15.88:0/1414313349 <== mon.0 v2:172.21.15.88:3300/0 1 ==== mon_map magic: 0 v1 ==== 229+0+0 (secure 0 0 0) 0x7fa06800b860 con 0x7fa0781022b0
2023-12-09T02:28:21.576 INFO:teuthology.orchestra.run.smithi088.stdout:/usr/bin/ceph: stderr
2023-12-09T02:28:21.004+0000 7fa075ffb700 1 -- 172.21.15.88:0/1414313349 <== mon.0 v2:172.21.15.88:3300/0 2 ==== config(26 keys) v1 ==== 1009+0+0 (secure 0 0 0) 0x7fa06800be30 con 0x7fa0781022b0
2023-12-09T02:28:21.576 INFO:teuthology.orchestra.run.smithi088.stdout:/usr/bin/ceph: stderr
2023-12-09T02:28:21.004+0000 7fa075ffb700 1 -- 172.21.15.88:0/1414313349 <== mon.0 v2:172.21.15.88:3300/0 3 ==== mon_map magic: 0 v1 ==== 229+0+0 (secure 0 0 0) 0x7fa068010380 con 0x7fa0781022b0
2023-12-09T02:28:21.576 INFO:teuthology.orchestra.run.smithi088.stdout:/usr/bin/ceph: stderr
2023-12-09T02:28:21.004+0000 7fa07d519700 1 -- 172.21.15.88:0/1414313349 >> [v2:172.21.15.88:3300/0,v1:172.21.15.88:6789/0] conn(0x7fa0781022b0 msgr2=0x7fa0781026c0 secure :-1 s=STATE_CONNECTION_ESTABLISHED l=1).mark_down
2023-12-09T02:28:21.576 INFO:teuthology.orchestra.run.smithi088.stdout:/usr/bin/ceph: stderr
2023-12-09T02:28:21.004+0000 7fa07d519700 1 --2- 172.21.15.88:0/1414313349 >> [v2:172.21.15.88:3300/0,v1:172.21.15.88:6789/0] conn(0x7fa0781022b0 0x7fa0781026c0 secure :-1 s=READY pgs=37 cs=0 l=1 rev1=1 crypto rx=0x7fa0680098e0 tx=0x7fa068009250 comp rx=0 tx=0).stop
2023-12-09T02:28:21.577 INFO:teuthology.orchestra.run.smithi088.stdout:/usr/bin/ceph: stderr
2023-12-09T02:28:21.004+0000 7fa07d519700 1 -- 172.21.15.88:0/1414313349 shutdown_connections
2023-12-09T02:28:21.577 INFO:teuthology.orchestra.run.smithi088.stdout:/usr/bin/ceph: stderr
2023-12-09T02:28:21.004+0000 7fa07d519700 1 --2- 172.21.15.88:0/1414313349 >> [v2:172.21.15.88:3300/0,v1:172.21.15.88:6789/0] conn(0x7fa0781022b0 0x7fa0781026c0 unknown :-1 s=CLOSED pgs=37 cs=0 l=1 rev1=1 crypto rx=0 tx=0 comp rx=0 tx=0).stop
2023-12-09T02:28:21.577 INFO:teuthology.orchestra.run.smithi088.stdout:/usr/bin/ceph: stderr
2023-12-09T02:28:21.004+0000 7fa07d519700 1 -- 172.21.15.88:0/1414313349 >> 172.21.15.88:0/1414313349 conn(0x7fa0780fda10 msgr2=0x7fa0780ffe40 unknown :-1 s=STATE_NONE l=0).mark_down
2023-12-09T02:28:21.577 INFO:teuthology.orchestra.run.smithi088.stdout:/usr/bin/ceph: stderr
2023-12-09T02:28:21.004+0000 7fa07d519700 1 -- 172.21.15.88:0/1414313349 shutdown_connections
2023-12-09T02:28:21.577 INFO:teuthology.orchestra.run.smithi088.stdout:/usr/bin/ceph: stderr
2023-12-09T02:28:21.004+0000 7fa07d519700 1 -- 172.21.15.88:0/1414313349 wait complete.
2023-12-09T02:28:21.577 INFO:teuthology.orchestra.run.smithi088.stdout:/usr/bin/ceph: stderr
2023-12-09T02:28:21.005+0000 7fa07d519700 1 Processor -- start
2023-12-09T02:28:21.577 INFO:teuthology.orchestra.run.smithi088.stdout:/usr/bin/ceph: stderr
2023-12-09T02:28:21.005+0000 7fa07d519700 1 -- start start
2023-12-09T02:28:21.577 INFO:teuthology.orchestra.run.smithi088.stdout:/usr/bin/ceph: stderr
2023-12-09T02:28:21.005+0000 7fa07d519700 1 --2- >> [v2:172.21.15.88:3300/0,v1:172.21.15.88:6789/0] conn(0x7fa0781022b0 0x7fa078078d10 unknown :-1 s=NONE pgs=0 cs=0 l=1 rev1=0 crypto rx=0 tx=0 comp rx=0 tx=0).connect
2023-12-09T02:28:21.577 INFO:teuthology.orchestra.run.smithi088.stdout:/usr/bin/ceph: stderr
2023-12-09T02:28:21.005+0000 7fa07d519700 1 -- --> [v2:172.21.15.88:3300/0,v1:172.21.15.88:6789/0] -- mon_getmap magic: 0 v1 -- 0x7fa078077190 con 0x7fa0781022b0
2023-12-09T02:28:21.577 INFO:teuthology.orchestra.run.smithi088.stdout:/usr/bin/ceph: stderr
2023-12-09T02:28:21.005+0000 7fa076ffd700 1 --2- >> [v2:172.21.15.88:3300/0,v1:172.21.15.88:6789/0] conn(0x7fa0781022b0 0x7fa078078d10 unknown :-1 s=BANNER_CONNECTING pgs=0 cs=0 l=1 rev1=0 crypto rx=0 tx=0 comp rx=0 tx=0)._handle_peer_banner_payload supported=3 required=0
2023-12-09T02:28:21.577 INFO:teuthology.orchestra.run.smithi088.stdout:/usr/bin/ceph: stderr
2023-12-09T02:28:21.005+0000 7fa076ffd700 1 --2- >> [v2:172.21.15.88:3300/0,v1:172.21.15.88:6789/0] conn(0x7fa0781022b0 0x7fa078078d10 unknown :-1 s=HELLO_CONNECTING pgs=0 cs=0 l=1 rev1=1 crypto rx=0 tx=0 comp rx=0 tx=0).handle_hello peer v2:172.21.15.88:3300/0 says I am v2:172.21.15.88:40242/0 (socket says 172.21.15.88:40242)
2023-12-09T02:28:21.577 INFO:teuthology.orchestra.run.smithi088.stdout:/usr/bin/ceph: stderr
2023-12-09T02:28:21.005+0000 7fa076ffd700 1 -- 172.21.15.88:0/2260253350 learned_addr learned my addr 172.21.15.88:0/2260253350 (peer_addr_for_me v2:172.21.15.88:0/0)
2023-12-09T02:28:21.578 INFO:teuthology.orchestra.run.smithi088.stdout:/usr/bin/ceph: stderr
2023-12-09T02:28:21.006+0000 7fa076ffd700 1 -- 172.21.15.88:0/2260253350 --> [v2:172.21.15.88:3300/0,v1:172.21.15.88:6789/0] -- mon_subscribe({config=0+,monmap=0+}) v3 -- 0x7fa0680094f0 con 0x7fa0781022b0
2023-12-09T02:28:21.578 INFO:teuthology.orchestra.run.smithi088.stdout:/usr/bin/ceph: stderr
2023-12-09T02:28:21.006+0000 7fa076ffd700 1 --2- 172.21.15.88:0/2260253350 >> [v2:172.21.15.88:3300/0,v1:172.21.15.88:6789/0] conn(0x7fa0781022b0 0x7fa078078d10 secure :-1 s=READY pgs=38 cs=0 l=1 rev1=1 crypto rx=0x7fa068000c00 tx=0x7fa068009250 comp rx=0 tx=0).ready entity=mon.0 client_cookie=0 server_cookie=0 in_seq=0 out_seq=0
2023-12-09T02:28:21.578 INFO:teuthology.orchestra.run.smithi088.stdout:/usr/bin/ceph: stderr
2023-12-09T02:28:21.006+0000 7fa05f7fe700 1 -- 172.21.15.88:0/2260253350 <== mon.0 v2:172.21.15.88:3300/0 1 ==== mon_map magic: 0 v1 ==== 229+0+0 (secure 0 0 0) 0x7fa068010a80 con 0x7fa0781022b0
2023-12-09T02:28:21.578 INFO:teuthology.orchestra.run.smithi088.stdout:/usr/bin/ceph: stderr
2023-12-09T02:28:21.006+0000 7fa05f7fe700 1 -- 172.21.15.88:0/2260253350 <== mon.0 v2:172.21.15.88:3300/0 2 ==== config(26 keys) v1 ==== 1009+0+0 (secure 0 0 0) 0x7fa06801a430 con 0x7fa0781022b0
2023-12-09T02:28:21.578 INFO:teuthology.orchestra.run.smithi088.stdout:/usr/bin/ceph: stderr
2023-12-09T02:28:21.006+0000 7fa07d519700 1 -- 172.21.15.88:0/2260253350 --> [v2:172.21.15.88:3300/0,v1:172.21.15.88:6789/0] -- mon_subscribe({mgrmap=0+}) v3 -- 0x7fa078077390 con 0x7fa0781022b0
2023-12-09T02:28:21.578 INFO:teuthology.orchestra.run.smithi088.stdout:/usr/bin/ceph: stderr
2023-12-09T02:28:21.006+0000 7fa05f7fe700 1 -- 172.21.15.88:0/2260253350 <== mon.0 v2:172.21.15.88:3300/0 3 ==== mon_map magic: 0 v1 ==== 229+0+0 (secure 0 0 0) 0x7fa0680245b0 con 0x7fa0781022b0
2023-12-09T02:28:21.578 INFO:teuthology.orchestra.run.smithi088.stdout:/usr/bin/ceph: stderr
2023-12-09T02:28:21.006+0000 7fa07d519700 1 -- 172.21.15.88:0/2260253350 --> [v2:172.21.15.88:3300/0,v1:172.21.15.88:6789/0] -- mon_subscribe({osdmap=0}) v3 -- 0x7fa0780777a0 con 0x7fa0781022b0
2023-12-09T02:28:21.578 INFO:teuthology.orchestra.run.smithi088.stdout:/usr/bin/ceph: stderr
2023-12-09T02:28:21.007+0000 7fa05f7fe700 1 -- 172.21.15.88:0/2260253350 <== mon.0 v2:172.21.15.88:3300/0 4 ==== mgrmap(e 7) v1 ==== 43175+0+0 (secure 0 0 0) 0x7fa0680247f0 con 0x7fa0781022b0
2023-12-09T02:28:21.578 INFO:teuthology.orchestra.run.smithi088.stdout:/usr/bin/ceph: stderr
2023-12-09T02:28:21.007+0000 7fa05f7fe700 1 --2- 172.21.15.88:0/2260253350 >> [v2:172.21.15.88:6800/2611357961,v1:172.21.15.88:6801/2611357961] conn(0x7fa0600364c0 0x7fa060038970 unknown :-1 s=NONE pgs=0 cs=0 l=1 rev1=0 crypto rx=0 tx=0 comp rx=0 tx=0).connect
2023-12-09T02:28:21.578 INFO:teuthology.orchestra.run.smithi088.stdout:/usr/bin/ceph: stderr
2023-12-09T02:28:21.007+0000 7fa05f7fe700 1 -- 172.21.15.88:0/2260253350 <== mon.0 v2:172.21.15.88:3300/0 5 ==== osd_map(2..2 src has 1..2) v4 ==== 936+0+0 (secure 0 0 0) 0x7fa06804b9c0 con 0x7fa0781022b0
2023-12-09T02:28:21.579 INFO:teuthology.orchestra.run.smithi088.stdout:/usr/bin/ceph: stderr
2023-12-09T02:28:21.007+0000 7fa0767fc700 1 --2- 172.21.15.88:0/2260253350 >> [v2:172.21.15.88:6800/2611357961,v1:172.21.15.88:6801/2611357961] conn(0x7fa0600364c0 0x7fa060038970 unknown :-1 s=BANNER_CONNECTING pgs=0 cs=0 l=1 rev1=0 crypto rx=0 tx=0 comp rx=0 tx=0)._handle_peer_banner_payload supported=3 required=0
2023-12-09T02:28:21.579 INFO:teuthology.orchestra.run.smithi088.stdout:/usr/bin/ceph: stderr
2023-12-09T02:28:21.007+0000 7fa07d519700 1 -- 172.21.15.88:0/2260253350 --> [v2:172.21.15.88:3300/0,v1:172.21.15.88:6789/0] -- mon_command({"prefix": "get_command_descriptions"} v 0) v1 -- 0x7fa07804bb80 con 0x7fa0781022b0
2023-12-09T02:28:21.579 INFO:teuthology.orchestra.run.smithi088.stdout:/usr/bin/ceph: stderr
2023-12-09T02:28:21.007+0000 7fa0767fc700 1 --2- 172.21.15.88:0/2260253350 >> [v2:172.21.15.88:6800/2611357961,v1:172.21.15.88:6801/2611357961] conn(0x7fa0600364c0 0x7fa060038970 secure :-1 s=READY pgs=7 cs=0 l=1 rev1=1 crypto rx=0x7fa06c009990 tx=0x7fa06c006e40 comp rx=0 tx=0).ready entity=mgr.14120 client_cookie=0 server_cookie=0 in_seq=0 out_seq=0
2023-12-09T02:28:21.579 INFO:teuthology.orchestra.run.smithi088.stdout:/usr/bin/ceph: stderr
2023-12-09T02:28:21.012+0000 7fa05f7fe700 1 -- 172.21.15.88:0/2260253350 <== mon.0 v2:172.21.15.88:3300/0 6 ==== mon_command_ack([{"prefix": "get_command_descriptions"}]=0 v0) v1 ==== 72+0+174570 (secure 0 0 0) 0x7fa068018350 con 0x7fa0781022b0
2023-12-09T02:28:21.579 INFO:teuthology.orchestra.run.smithi088.stdout:/usr/bin/ceph: stderr
2023-12-09T02:28:21.207+0000 7fa07d519700 1 -- 172.21.15.88:0/2260253350 --> [v2:172.21.15.88:6800/2611357961,v1:172.21.15.88:6801/2611357961] -- mgr_command(tid 0: {"prefix": "orch set backend", "module_name": "cephadm", "target": ["mon-mgr", ""]}) v1 -- 0x7fa07810ac90 con 0x7fa0600364c0
2023-12-09T02:28:21.579 INFO:teuthology.orchestra.run.smithi088.stdout:/usr/bin/ceph: stderr
2023-12-09T02:28:21.212+0000 7fa05f7fe700 1 -- 172.21.15.88:0/2260253350 <== mgr.14120 v2:172.21.15.88:6800/2611357961 1 ==== mgr_command_reply(tid 0: 0 ) v1 ==== 8+0+0 (secure 0 0 0) 0x7fa07810ac90 con 0x7fa0600364c0
2023-12-09T02:28:21.579 INFO:teuthology.orchestra.run.smithi088.stdout:/usr/bin/ceph: stderr
2023-12-09T02:28:21.214+0000 7fa07d519700 1 -- 172.21.15.88:0/2260253350 >> [v2:172.21.15.88:6800/2611357961,v1:172.21.15.88:6801/2611357961] conn(0x7fa0600364c0 msgr2=0x7fa060038970 secure :-1 s=STATE_CONNECTION_ESTABLISHED l=1).mark_down
2023-12-09T02:28:21.579 INFO:teuthology.orchestra.run.smithi088.stdout:/usr/bin/ceph: stderr
2023-12-09T02:28:21.214+0000 7fa07d519700 1 --2- 172.21.15.88:0/2260253350 >> [v2:172.21.15.88:6800/2611357961,v1:172.21.15.88:6801/2611357961] conn(0x7fa0600364c0 0x7fa060038970 secure :-1 s=READY pgs=7 cs=0 l=1 rev1=1 crypto rx=0x7fa06c009990 tx=0x7fa06c006e40 comp rx=0 tx=0).stop
2023-12-09T02:28:21.579 INFO:teuthology.orchestra.run.smithi088.stdout:/usr/bin/ceph: stderr
2023-12-09T02:28:21.214+0000 7fa07d519700 1 -- 172.21.15.88:0/2260253350 >> [v2:172.21.15.88:3300/0,v1:172.21.15.88:6789/0] conn(0x7fa0781022b0 msgr2=0x7fa078078d10 secure :-1 s=STATE_CONNECTION_ESTABLISHED l=1).mark_down
2023-12-09T02:28:21.580 INFO:teuthology.orchestra.run.smithi088.stdout:/usr/bin/ceph: stderr
2023-12-09T02:28:21.214+0000 7fa07d519700 1 --2- 172.21.15.88:0/2260253350 >> [v2:172.21.15.88:3300/0,v1:172.21.15.88:6789/0] conn(0x7fa0781022b0 0x7fa078078d10 secure :-1 s=READY pgs=38 cs=0 l=1 rev1=1 crypto rx=0x7fa068000c00 tx=0x7fa068009250 comp rx=0 tx=0).stop
2023-12-09T02:28:21.580 INFO:teuthology.orchestra.run.smithi088.stdout:/usr/bin/ceph: stderr
2023-12-09T02:28:21.214+0000 7fa07d519700 1 -- 172.21.15.88:0/2260253350 shutdown_connections
2023-12-09T02:28:21.580 INFO:teuthology.orchestra.run.smithi088.stdout:/usr/bin/ceph: stderr
2023-12-09T02:28:21.214+0000 7fa07d519700 1 --2- 172.21.15.88:0/2260253350 >> [v2:172.21.15.88:6800/2611357961,v1:172.21.15.88:6801/2611357961] conn(0x7fa0600364c0 0x7fa060038970 unknown :-1 s=CLOSED pgs=7 cs=0 l=1 rev1=1 crypto rx=0 tx=0 comp rx=0 tx=0).stop
2023-12-09T02:28:21.580 INFO:teuthology.orchestra.run.smithi088.stdout:/usr/bin/ceph: stderr
2023-12-09T02:28:21.214+0000 7fa07d519700 1 --2- 172.21.15.88:0/2260253350 >> [v2:172.21.15.88:3300/0,v1:172.21.15.88:6789/0] conn(0x7fa0781022b0 0x7fa078078d10 unknown :-1 s=CLOSED pgs=38 cs=0 l=1 rev1=1 crypto rx=0 tx=0 comp rx=0 tx=0).stop
2023-12-09T02:28:21.580 INFO:teuthology.orchestra.run.smithi088.stdout:/usr/bin/ceph: stderr
2023-12-09T02:28:21.214+0000 7fa07d519700 1 -- 172.21.15.88:0/2260253350 >> 172.21.15.88:0/2260253350 conn(0x7fa0780fda10 msgr2=0x7fa0780ff1e0 unknown :-1 s=STATE_NONE l=0).mark_down
2023-12-09T02:28:21.580 INFO:teuthology.orchestra.run.smithi088.stdout:/usr/bin/ceph: stderr
2023-12-09T02:28:21.214+0000 7fa07d519700 1 -- 172.21.15.88:0/2260253350 shutdown_connections
2023-12-09T02:28:21.580 INFO:teuthology.orchestra.run.smithi088.stdout:/usr/bin/ceph: stderr
2023-12-09T02:28:21.215+0000 7fa07d519700 1 -- 172.21.15.88:0/2260253350 wait complete.
2023-12-09T02:28:21.976 INFO:journalctl@ceph.mon.smithi088.smithi088.stdout:Dec 09 02:28:21 smithi088 ceph-mon[112028]: from='client.14124 -' entity='client.admin' cmd=[{"prefix": "get_command_descriptions"}]: dispatch
2023-12-09T02:28:21.977 INFO:journalctl@ceph.mon.smithi088.smithi088.stdout:Dec 09 02:28:21 smithi088 ceph-mon[112028]: from='client.14124 -' entity='client.admin' cmd=[{"prefix": "mgr_status"}]: dispatch
2023-12-09T02:28:21.977 INFO:journalctl@ceph.mon.smithi088.smithi088.stdout:Dec 09 02:28:21 smithi088 ceph-mon[112028]: from='mgr.14120 172.21.15.88:0/3853826017' entity='mgr.smithi088.jwlofb'
2023-12-09T02:28:21.977 INFO:journalctl@ceph.mon.smithi088.smithi088.stdout:Dec 09 02:28:21 smithi088 ceph-mon[112028]: from='mgr.14120 172.21.15.88:0/3853826017' entity='mgr.smithi088.jwlofb' cmd=[{"prefix": "config dump", "format": "json"}]: dispatch
2023-12-09T02:28:21.977 INFO:journalctl@ceph.mon.smithi088.smithi088.stdout:Dec 09 02:28:21 smithi088 ceph-mon[112028]: from='mgr.14120 172.21.15.88:0/3853826017' entity='mgr.smithi088.jwlofb'
2023-12-09T02:28:21.977 INFO:journalctl@ceph.mon.smithi088.smithi088.stdout:Dec 09 02:28:21 smithi088 ceph-mon[112028]: from='mgr.14120 172.21.15.88:0/3853826017' entity='mgr.smithi088.jwlofb' cmd=[{"prefix": "config dump", "format": "json"}]: dispatch
2023-12-09T02:28:22.491 INFO:teuthology.orchestra.run.smithi088.stdout:/usr/bin/ceph: stdout value unchanged
2023-12-09T02:28:22.491 INFO:teuthology.orchestra.run.smithi088.stdout:/usr/bin/ceph: stderr
2023-12-09T02:28:21.939+0000 7f6decd6b700 1 Processor -- start
2023-12-09T02:28:22.491 INFO:teuthology.orchestra.run.smithi088.stdout:/usr/bin/ceph: stderr
2023-12-09T02:28:21.939+0000 7f6decd6b700 1 -- start start
2023-12-09T02:28:22.491 INFO:teuthology.orchestra.run.smithi088.stdout:/usr/bin/ceph: stderr
2023-12-09T02:28:21.939+0000 7f6decd6b700 1 --2- >> [v2:172.21.15.88:3300/0,v1:172.21.15.88:6789/0] conn(0x7f6de81011c0 0x7f6de81015d0 unknown :-1 s=NONE pgs=0 cs=0 l=0 rev1=0 crypto rx=0 tx=0 comp rx=0 tx=0).connect
2023-12-09T02:28:22.492 INFO:teuthology.orchestra.run.smithi088.stdout:/usr/bin/ceph: stderr
2023-12-09T02:28:21.939+0000 7f6decd6b700 1 -- --> [v2:172.21.15.88:3300/0,v1:172.21.15.88:6789/0] -- mon_getmap magic: 0 v1 -- 0x7f6de8101b10 con 0x7f6de81011c0
2023-12-09T02:28:22.492 INFO:teuthology.orchestra.run.smithi088.stdout:/usr/bin/ceph: stderr
2023-12-09T02:28:21.939+0000 7f6de659c700 1 --2- >> [v2:172.21.15.88:3300/0,v1:172.21.15.88:6789/0] conn(0x7f6de81011c0 0x7f6de81015d0 unknown :-1 s=BANNER_CONNECTING pgs=0 cs=0 l=0 rev1=0 crypto rx=0 tx=0 comp rx=0 tx=0)._handle_peer_banner_payload supported=3 required=0
2023-12-09T02:28:22.492 INFO:teuthology.orchestra.run.smithi088.stdout:/usr/bin/ceph: stderr
2023-12-09T02:28:21.939+0000 7f6de659c700 1 --2- >> [v2:172.21.15.88:3300/0,v1:172.21.15.88:6789/0] conn(0x7f6de81011c0 0x7f6de81015d0 unknown :-1 s=HELLO_CONNECTING pgs=0 cs=0 l=0 rev1=1 crypto rx=0 tx=0 comp rx=0 tx=0).handle_hello peer v2:172.21.15.88:3300/0 says I am v2:172.21.15.88:40248/0 (socket says 172.21.15.88:40248)
2023-12-09T02:28:22.492 INFO:teuthology.orchestra.run.smithi088.stdout:/usr/bin/ceph: stderr
2023-12-09T02:28:21.939+0000 7f6de659c700 1 -- 172.21.15.88:0/1324600701 learned_addr learned my addr 172.21.15.88:0/1324600701 (peer_addr_for_me v2:172.21.15.88:0/0)
2023-12-09T02:28:22.492 INFO:teuthology.orchestra.run.smithi088.stdout:/usr/bin/ceph: stderr
2023-12-09T02:28:21.939+0000 7f6de659c700 1 -- 172.21.15.88:0/1324600701 --> [v2:172.21.15.88:3300/0,v1:172.21.15.88:6789/0] -- mon_subscribe({config=0+,monmap=0+}) v3 -- 0x7f6de8101c50 con 0x7f6de81011c0
2023-12-09T02:28:22.492 INFO:teuthology.orchestra.run.smithi088.stdout:/usr/bin/ceph: stderr
2023-12-09T02:28:21.940+0000 7f6de659c700 1 --2- 172.21.15.88:0/1324600701 >> [v2:172.21.15.88:3300/0,v1:172.21.15.88:6789/0] conn(0x7f6de81011c0 0x7f6de81015d0 secure :-1 s=READY pgs=39 cs=0 l=1 rev1=1 crypto rx=0x7f6ddc00bb80 tx=0x7f6ddc00b4f0 comp rx=0 tx=0).ready entity=mon.0 client_cookie=b5abb6d06232514f server_cookie=0 in_seq=0 out_seq=0
2023-12-09T02:28:22.492 INFO:teuthology.orchestra.run.smithi088.stdout:/usr/bin/ceph: stderr
2023-12-09T02:28:21.940+0000 7f6de559a700 1 -- 172.21.15.88:0/1324600701 <== mon.0 v2:172.21.15.88:3300/0 1 ==== mon_map magic: 0 v1 ==== 229+0+0 (secure 0 0 0) 0x7f6ddc00dd00 con 0x7f6de81011c0
2023-12-09T02:28:22.492 INFO:teuthology.orchestra.run.smithi088.stdout:/usr/bin/ceph: stderr
2023-12-09T02:28:21.940+0000 7f6de559a700 1 -- 172.21.15.88:0/1324600701 <== mon.0 v2:172.21.15.88:3300/0 2 ==== config(26 keys) v1 ==== 1009+0+0 (secure 0 0 0) 0x7f6ddc00de60 con 0x7f6de81011c0
2023-12-09T02:28:22.492 INFO:teuthology.orchestra.run.smithi088.stdout:/usr/bin/ceph: stderr
2023-12-09T02:28:21.940+0000 7f6de559a700 1 -- 172.21.15.88:0/1324600701 <== mon.0 v2:172.21.15.88:3300/0 3 ==== mon_map magic: 0 v1 ==== 229+0+0 (secure 0 0 0) 0x7f6ddc018840 con 0x7f6de81011c0
2023-12-09T02:28:22.492 INFO:teuthology.orchestra.run.smithi088.stdout:/usr/bin/ceph: stderr
2023-12-09T02:28:21.940+0000 7f6decd6b700 1 -- 172.21.15.88:0/1324600701 >> [v2:172.21.15.88:3300/0,v1:172.21.15.88:6789/0] conn(0x7f6de81011c0 msgr2=0x7f6de81015d0 secure :-1 s=STATE_CONNECTION_ESTABLISHED l=1).mark_down
2023-12-09T02:28:22.492 INFO:teuthology.orchestra.run.smithi088.stdout:/usr/bin/ceph: stderr
2023-12-09T02:28:21.940+0000 7f6decd6b700 1 --2- 172.21.15.88:0/1324600701 >> [v2:172.21.15.88:3300/0,v1:172.21.15.88:6789/0] conn(0x7f6de81011c0 0x7f6de81015d0 secure :-1 s=READY pgs=39 cs=0 l=1 rev1=1 crypto rx=0x7f6ddc00bb80 tx=0x7f6ddc00b4f0 comp rx=0 tx=0).stop
2023-12-09T02:28:22.492 INFO:teuthology.orchestra.run.smithi088.stdout:/usr/bin/ceph: stderr
2023-12-09T02:28:21.940+0000 7f6decd6b700 1 -- 172.21.15.88:0/1324600701 shutdown_connections
2023-12-09T02:28:22.492 INFO:teuthology.orchestra.run.smithi088.stdout:/usr/bin/ceph: stderr
2023-12-09T02:28:21.940+0000 7f6decd6b700 1 --2- 172.21.15.88:0/1324600701 >> [v2:172.21.15.88:3300/0,v1:172.21.15.88:6789/0] conn(0x7f6de81011c0 0x7f6de81015d0 unknown :-1 s=CLOSED pgs=39 cs=0 l=1 rev1=1 crypto rx=0 tx=0 comp rx=0 tx=0).stop
2023-12-09T02:28:22.493 INFO:teuthology.orchestra.run.smithi088.stdout:/usr/bin/ceph: stderr
2023-12-09T02:28:21.940+0000 7f6decd6b700 1 -- 172.21.15.88:0/1324600701 >> 172.21.15.88:0/1324600701 conn(0x7f6de80fc980 msgr2=0x7f6de80fed90 unknown :-1 s=STATE_NONE l=0).mark_down
2023-12-09T02:28:22.493 INFO:teuthology.orchestra.run.smithi088.stdout:/usr/bin/ceph: stderr
2023-12-09T02:28:21.940+0000 7f6decd6b700 1 -- 172.21.15.88:0/1324600701 shutdown_connections
2023-12-09T02:28:22.493 INFO:teuthology.orchestra.run.smithi088.stdout:/usr/bin/ceph: stderr
2023-12-09T02:28:21.940+0000 7f6decd6b700 1 -- 172.21.15.88:0/1324600701 wait complete.
2023-12-09T02:28:22.493 INFO:teuthology.orchestra.run.smithi088.stdout:/usr/bin/ceph: stderr
2023-12-09T02:28:21.941+0000 7f6decd6b700 1 Processor -- start
2023-12-09T02:28:22.493 INFO:teuthology.orchestra.run.smithi088.stdout:/usr/bin/ceph: stderr
2023-12-09T02:28:21.941+0000 7f6decd6b700 1 -- start start
2023-12-09T02:28:22.493 INFO:teuthology.orchestra.run.smithi088.stdout:/usr/bin/ceph: stderr
2023-12-09T02:28:21.941+0000 7f6decd6b700 1 --2- >> [v2:172.21.15.88:3300/0,v1:172.21.15.88:6789/0] conn(0x7f6de81011c0 0x7f6de81132c0 unknown :-1 s=NONE pgs=0 cs=0 l=1 rev1=0 crypto rx=0 tx=0 comp rx=0 tx=0).connect
2023-12-09T02:28:22.493 INFO:teuthology.orchestra.run.smithi088.stdout:/usr/bin/ceph: stderr
2023-12-09T02:28:21.941+0000 7f6decd6b700 1 -- --> [v2:172.21.15.88:3300/0,v1:172.21.15.88:6789/0] -- mon_getmap magic: 0 v1 -- 0x7f6de8113800 con 0x7f6de81011c0
2023-12-09T02:28:22.493 INFO:teuthology.orchestra.run.smithi088.stdout:/usr/bin/ceph: stderr
2023-12-09T02:28:21.941+0000 7f6de659c700 1 --2- >> [v2:172.21.15.88:3300/0,v1:172.21.15.88:6789/0] conn(0x7f6de81011c0 0x7f6de81132c0 unknown :-1 s=BANNER_CONNECTING pgs=0 cs=0 l=1 rev1=0 crypto rx=0 tx=0 comp rx=0 tx=0)._handle_peer_banner_payload supported=3 required=0
2023-12-09T02:28:22.493 INFO:teuthology.orchestra.run.smithi088.stdout:/usr/bin/ceph: stderr
2023-12-09T02:28:21.941+0000 7f6de659c700 1 --2- >> [v2:172.21.15.88:3300/0,v1:172.21.15.88:6789/0] conn(0x7f6de81011c0 0x7f6de81132c0 unknown :-1 s=HELLO_CONNECTING pgs=0 cs=0 l=1 rev1=1 crypto rx=0 tx=0 comp rx=0 tx=0).handle_hello peer v2:172.21.15.88:3300/0 says I am v2:172.21.15.88:40250/0 (socket says 172.21.15.88:40250)
2023-12-09T02:28:22.493 INFO:teuthology.orchestra.run.smithi088.stdout:/usr/bin/ceph: stderr
2023-12-09T02:28:21.941+0000 7f6de659c700 1 -- 172.21.15.88:0/3561438362 learned_addr learned my addr 172.21.15.88:0/3561438362 (peer_addr_for_me v2:172.21.15.88:0/0)
2023-12-09T02:28:22.493 INFO:teuthology.orchestra.run.smithi088.stdout:/usr/bin/ceph: stderr
2023-12-09T02:28:21.941+0000 7f6de659c700 1 -- 172.21.15.88:0/3561438362 --> [v2:172.21.15.88:3300/0,v1:172.21.15.88:6789/0] -- mon_subscribe({config=0+,monmap=0+}) v3 -- 0x7f6ddc00b790 con 0x7f6de81011c0
2023-12-09T02:28:22.493 INFO:teuthology.orchestra.run.smithi088.stdout:/usr/bin/ceph: stderr
2023-12-09T02:28:21.941+0000 7f6de659c700 1 --2- 172.21.15.88:0/3561438362 >> [v2:172.21.15.88:3300/0,v1:172.21.15.88:6789/0] conn(0x7f6de81011c0 0x7f6de81132c0 secure :-1 s=READY pgs=40 cs=0 l=1 rev1=1 crypto rx=0x7f6ddc006d20 tx=0x7f6ddc00b4f0 comp rx=0 tx=0).ready entity=mon.0 client_cookie=0 server_cookie=0 in_seq=0 out_seq=0
2023-12-09T02:28:22.493 INFO:teuthology.orchestra.run.smithi088.stdout:/usr/bin/ceph: stderr
2023-12-09T02:28:21.942+0000 7f6dd6ffd700 1 -- 172.21.15.88:0/3561438362 <== mon.0 v2:172.21.15.88:3300/0 1 ==== mon_map magic: 0 v1 ==== 229+0+0 (secure 0 0 0) 0x7f6ddc010920 con 0x7f6de81011c0
2023-12-09T02:28:22.493 INFO:teuthology.orchestra.run.smithi088.stdout:/usr/bin/ceph: stderr
2023-12-09T02:28:21.942+0000 7f6dd6ffd700 1 -- 172.21.15.88:0/3561438362 <== mon.0 v2:172.21.15.88:3300/0 2 ==== config(26 keys) v1 ==== 1009+0+0 (secure 0 0 0) 0x7f6ddc010a80 con 0x7f6de81011c0
2023-12-09T02:28:22.493 INFO:teuthology.orchestra.run.smithi088.stdout:/usr/bin/ceph: stderr
2023-12-09T02:28:21.942+0000 7f6dd6ffd700 1 -- 172.21.15.88:0/3561438362 <== mon.0 v2:172.21.15.88:3300/0 3 ==== mon_map magic: 0 v1 ==== 229+0+0 (secure 0 0 0) 0x7f6ddc021550 con 0x7f6de81011c0
2023-12-09T02:28:22.494 INFO:teuthology.orchestra.run.smithi088.stdout:/usr/bin/ceph: stderr
2023-12-09T02:28:21.942+0000 7f6decd6b700 1 -- 172.21.15.88:0/3561438362 --> [v2:172.21.15.88:3300/0,v1:172.21.15.88:6789/0] -- mon_subscribe({mgrmap=0+}) v3 -- 0x7f6de8113a00 con 0x7f6de81011c0
2023-12-09T02:28:22.494 INFO:teuthology.orchestra.run.smithi088.stdout:/usr/bin/ceph: stderr
2023-12-09T02:28:21.942+0000 7f6decd6b700 1 -- 172.21.15.88:0/3561438362 --> [v2:172.21.15.88:3300/0,v1:172.21.15.88:6789/0] -- mon_subscribe({osdmap=0}) v3 -- 0x7f6de8113e10 con 0x7f6de81011c0
2023-12-09T02:28:22.494 INFO:teuthology.orchestra.run.smithi088.stdout:/usr/bin/ceph: stderr
2023-12-09T02:28:21.942+0000 7f6dd6ffd700 1 -- 172.21.15.88:0/3561438362 <== mon.0 v2:172.21.15.88:3300/0 4 ==== mgrmap(e 7) v1 ==== 43175+0+0 (secure 0 0 0) 0x7f6ddc0223f0 con 0x7f6de81011c0
2023-12-09T02:28:22.494 INFO:teuthology.orchestra.run.smithi088.stdout:/usr/bin/ceph: stderr
2023-12-09T02:28:21.943+0000 7f6decd6b700 1 -- 172.21.15.88:0/3561438362 --> [v2:172.21.15.88:3300/0,v1:172.21.15.88:6789/0] -- mon_command({"prefix": "get_command_descriptions"} v 0) v1 -- 0x7f6de804bb80 con 0x7f6de81011c0
2023-12-09T02:28:22.494 INFO:teuthology.orchestra.run.smithi088.stdout:/usr/bin/ceph: stderr
2023-12-09T02:28:21.943+0000 7f6dd6ffd700 1 --2- 172.21.15.88:0/3561438362 >> [v2:172.21.15.88:6800/2611357961,v1:172.21.15.88:6801/2611357961] conn(0x7f6dd0036510 0x7f6dd00389c0 unknown :-1 s=NONE pgs=0 cs=0 l=1 rev1=0 crypto rx=0 tx=0 comp rx=0 tx=0).connect
2023-12-09T02:28:22.494 INFO:teuthology.orchestra.run.smithi088.stdout:/usr/bin/ceph: stderr
2023-12-09T02:28:21.943+0000 7f6dd6ffd700 1 -- 172.21.15.88:0/3561438362 <== mon.0 v2:172.21.15.88:3300/0 5 ==== osd_map(2..2 src has 1..2) v4 ==== 936+0+0 (secure 0 0 0) 0x7f6ddc014070 con 0x7f6de81011c0
2023-12-09T02:28:22.494 INFO:teuthology.orchestra.run.smithi088.stdout:/usr/bin/ceph: stderr
2023-12-09T02:28:21.943+0000 7f6de5d9b700 1 --2- 172.21.15.88:0/3561438362 >> [v2:172.21.15.88:6800/2611357961,v1:172.21.15.88:6801/2611357961] conn(0x7f6dd0036510 0x7f6dd00389c0 unknown :-1 s=BANNER_CONNECTING pgs=0 cs=0 l=1 rev1=0 crypto rx=0 tx=0 comp rx=0 tx=0)._handle_peer_banner_payload supported=3 required=0
2023-12-09T02:28:22.494 INFO:teuthology.orchestra.run.smithi088.stdout:/usr/bin/ceph: stderr
2023-12-09T02:28:21.943+0000 7f6de5d9b700 1 --2- 172.21.15.88:0/3561438362 >> [v2:172.21.15.88:6800/2611357961,v1:172.21.15.88:6801/2611357961] conn(0x7f6dd0036510 0x7f6dd00389c0 secure :-1 s=READY pgs=8 cs=0 l=1 rev1=1 crypto rx=0x7f6dd8009990 tx=0x7f6dd8006e40 comp rx=0 tx=0).ready entity=mgr.14120 client_cookie=0 server_cookie=0 in_seq=0 out_seq=0
2023-12-09T02:28:22.494 INFO:teuthology.orchestra.run.smithi088.stdout:/usr/bin/ceph: stderr
2023-12-09T02:28:21.947+0000 7f6dd6ffd700 1 -- 172.21.15.88:0/3561438362 <== mon.0 v2:172.21.15.88:3300/0 6 ==== mon_command_ack([{"prefix": "get_command_descriptions"}]=0 v0) v1 ==== 72+0+174570 (secure 0 0 0) 0x7f6ddc00e540 con 0x7f6de81011c0
2023-12-09T02:28:22.494 INFO:teuthology.orchestra.run.smithi088.stdout:/usr/bin/ceph: stderr
2023-12-09T02:28:22.131+0000 7f6decd6b700 1 -- 172.21.15.88:0/3561438362 --> [v2:172.21.15.88:6800/2611357961,v1:172.21.15.88:6801/2611357961] -- mgr_command(tid 0: {"prefix": "cephadm set-user", "user": "root", "target": ["mon-mgr", ""]}) v1 -- 0x7f6de8108c20 con 0x7f6dd0036510
2023-12-09T02:28:22.494 INFO:teuthology.orchestra.run.smithi088.stdout:/usr/bin/ceph: stderr
2023-12-09T02:28:22.132+0000 7f6dd6ffd700 1 -- 172.21.15.88:0/3561438362 <== mgr.14120 v2:172.21.15.88:6800/2611357961 1 ==== mgr_command_reply(tid 0: 0 ) v1 ==== 8+0+16 (secure 0 0 0) 0x7f6de8108c20 con 0x7f6dd0036510
2023-12-09T02:28:22.494 INFO:teuthology.orchestra.run.smithi088.stdout:/usr/bin/ceph: stderr
2023-12-09T02:28:22.134+0000 7f6decd6b700 1 -- 172.21.15.88:0/3561438362 >> [v2:172.21.15.88:6800/2611357961,v1:172.21.15.88:6801/2611357961] conn(0x7f6dd0036510 msgr2=0x7f6dd00389c0 secure :-1 s=STATE_CONNECTION_ESTABLISHED l=1).mark_down
2023-12-09T02:28:22.494 INFO:teuthology.orchestra.run.smithi088.stdout:/usr/bin/ceph: stderr
2023-12-09T02:28:22.134+0000 7f6decd6b700 1 --2- 172.21.15.88:0/3561438362 >> [v2:172.21.15.88:6800/2611357961,v1:172.21.15.88:6801/2611357961] conn(0x7f6dd0036510 0x7f6dd00389c0 secure :-1 s=READY pgs=8 cs=0 l=1 rev1=1 crypto rx=0x7f6dd8009990 tx=0x7f6dd8006e40 comp rx=0 tx=0).stop
2023-12-09T02:28:22.494 INFO:teuthology.orchestra.run.smithi088.stdout:/usr/bin/ceph: stderr
2023-12-09T02:28:22.134+0000 7f6decd6b700 1 -- 172.21.15.88:0/3561438362 >> [v2:172.21.15.88:3300/0,v1:172.21.15.88:6789/0] conn(0x7f6de81011c0 msgr2=0x7f6de81132c0 secure :-1 s=STATE_CONNECTION_ESTABLISHED l=1).mark_down
2023-12-09T02:28:22.495 INFO:teuthology.orchestra.run.smithi088.stdout:/usr/bin/ceph: stderr
2023-12-09T02:28:22.134+0000 7f6decd6b700 1 --2- 172.21.15.88:0/3561438362 >> [v2:172.21.15.88:3300/0,v1:172.21.15.88:6789/0] conn(0x7f6de81011c0 0x7f6de81132c0 secure :-1 s=READY pgs=40 cs=0 l=1 rev1=1 crypto rx=0x7f6ddc006d20 tx=0x7f6ddc00b4f0 comp rx=0 tx=0).stop
2023-12-09T02:28:22.495 INFO:teuthology.orchestra.run.smithi088.stdout:/usr/bin/ceph: stderr
2023-12-09T02:28:22.134+0000 7f6decd6b700 1 -- 172.21.15.88:0/3561438362 shutdown_connections
2023-12-09T02:28:22.495 INFO:teuthology.orchestra.run.smithi088.stdout:/usr/bin/ceph: stderr
2023-12-09T02:28:22.134+0000 7f6decd6b700 1 --2- 172.21.15.88:0/3561438362 >> [v2:172.21.15.88:6800/2611357961,v1:172.21.15.88:6801/2611357961] conn(0x7f6dd0036510 0x7f6dd00389c0 unknown :-1 s=CLOSED pgs=8 cs=0 l=1 rev1=1 crypto rx=0 tx=0 comp rx=0 tx=0).stop
2023-12-09T02:28:22.495 INFO:teuthology.orchestra.run.smithi088.stdout:/usr/bin/ceph: stderr
2023-12-09T02:28:22.134+0000 7f6decd6b700 1 --2- 172.21.15.88:0/3561438362 >> [v2:172.21.15.88:3300/0,v1:172.21.15.88:6789/0] conn(0x7f6de81011c0 0x7f6de81132c0 unknown :-1 s=CLOSED pgs=40 cs=0 l=1 rev1=1 crypto rx=0 tx=0 comp rx=0 tx=0).stop
2023-12-09T02:28:22.495 INFO:teuthology.orchestra.run.smithi088.stdout:/usr/bin/ceph: stderr
2023-12-09T02:28:22.134+0000 7f6decd6b700 1 -- 172.21.15.88:0/3561438362 >> 172.21.15.88:0/3561438362 conn(0x7f6de80fc980 msgr2=0x7f6de8105f30 unknown :-1 s=STATE_NONE l=0).mark_down
2023-12-09T02:28:22.495 INFO:teuthology.orchestra.run.smithi088.stdout:/usr/bin/ceph: stderr
2023-12-09T02:28:22.134+0000 7f6decd6b700 1 -- 172.21.15.88:0/3561438362 shutdown_connections
2023-12-09T02:28:22.495 INFO:teuthology.orchestra.run.smithi088.stdout:/usr/bin/ceph: stderr
2023-12-09T02:28:22.134+0000 7f6decd6b700 1 -- 172.21.15.88:0/3561438362 wait complete.
2023-12-09T02:28:22.495 INFO:teuthology.orchestra.run.smithi088.stdout:Generating ssh key...
2023-12-09T02:28:22.726 INFO:journalctl@ceph.mon.smithi088.smithi088.stdout:Dec 09 02:28:22 smithi088 ceph-mon[112028]: [09/Dec/2023:02:28:21] ENGINE Bus STARTING
2023-12-09T02:28:22.726 INFO:journalctl@ceph.mon.smithi088.smithi088.stdout:Dec 09 02:28:22 smithi088 ceph-mon[112028]: from='client.14132 -' entity='client.admin' cmd=[{"prefix": "orch set backend", "module_name": "cephadm", "target": ["mon-mgr", ""]}]: dispatch
2023-12-09T02:28:22.726 INFO:journalctl@ceph.mon.smithi088.smithi088.stdout:Dec 09 02:28:22 smithi088 ceph-mon[112028]: [09/Dec/2023:02:28:21] ENGINE Serving on https://172.21.15.88:7150
2023-12-09T02:28:22.726 INFO:journalctl@ceph.mon.smithi088.smithi088.stdout:Dec 09 02:28:22 smithi088 ceph-mon[112028]: [09/Dec/2023:02:28:21] ENGINE Bus STARTED
2023-12-09T02:28:22.726 INFO:journalctl@ceph.mon.smithi088.smithi088.stdout:Dec 09 02:28:22 smithi088 ceph-mon[112028]: mgrmap e8: smithi088.jwlofb(active, since 2s)
2023-12-09T02:28:23.501 INFO:teuthology.orchestra.run.smithi088.stdout:/usr/bin/ceph: stderr
2023-12-09T02:28:22.851+0000 7f1569b13700 1 Processor -- start
2023-12-09T02:28:23.501 INFO:teuthology.orchestra.run.smithi088.stdout:/usr/bin/ceph: stderr
2023-12-09T02:28:22.851+0000 7f1569b13700 1 -- start start
2023-12-09T02:28:23.501 INFO:teuthology.orchestra.run.smithi088.stdout:/usr/bin/ceph: stderr
2023-12-09T02:28:22.851+0000 7f1569b13700 1 --2- >> [v2:172.21.15.88:3300/0,v1:172.21.15.88:6789/0] conn(0x7f15641038f0 0x7f1564103d00 unknown :-1 s=NONE pgs=0 cs=0 l=0 rev1=0 crypto rx=0 tx=0 comp rx=0 tx=0).connect
2023-12-09T02:28:23.501 INFO:teuthology.orchestra.run.smithi088.stdout:/usr/bin/ceph: stderr
2023-12-09T02:28:22.851+0000 7f1569b13700 1 -- --> [v2:172.21.15.88:3300/0,v1:172.21.15.88:6789/0] -- mon_getmap magic: 0 v1 -- 0x7f1564104240 con 0x7f15641038f0
2023-12-09T02:28:23.501 INFO:teuthology.orchestra.run.smithi088.stdout:/usr/bin/ceph: stderr
2023-12-09T02:28:22.852+0000 7f15637fe700 1 --2- >> [v2:172.21.15.88:3300/0,v1:172.21.15.88:6789/0] conn(0x7f15641038f0 0x7f1564103d00 unknown :-1 s=BANNER_CONNECTING pgs=0 cs=0 l=0 rev1=0 crypto rx=0 tx=0 comp rx=0 tx=0)._handle_peer_banner_payload supported=3 required=0
2023-12-09T02:28:23.501 INFO:teuthology.orchestra.run.smithi088.stdout:/usr/bin/ceph: stderr
2023-12-09T02:28:22.852+0000 7f15637fe700 1 --2- >> [v2:172.21.15.88:3300/0,v1:172.21.15.88:6789/0] conn(0x7f15641038f0 0x7f1564103d00 unknown :-1 s=HELLO_CONNECTING pgs=0 cs=0 l=0 rev1=1 crypto rx=0 tx=0 comp rx=0 tx=0).handle_hello peer v2:172.21.15.88:3300/0 says I am v2:172.21.15.88:40252/0 (socket says 172.21.15.88:40252)
2023-12-09T02:28:23.502 INFO:teuthology.orchestra.run.smithi088.stdout:/usr/bin/ceph: stderr
2023-12-09T02:28:22.852+0000 7f15637fe700 1 -- 172.21.15.88:0/1573311053 learned_addr learned my addr 172.21.15.88:0/1573311053 (peer_addr_for_me v2:172.21.15.88:0/0)
2023-12-09T02:28:23.502 INFO:teuthology.orchestra.run.smithi088.stdout:/usr/bin/ceph: stderr
2023-12-09T02:28:22.852+0000 7f15637fe700 1 -- 172.21.15.88:0/1573311053 --> [v2:172.21.15.88:3300/0,v1:172.21.15.88:6789/0] -- mon_subscribe({config=0+,monmap=0+}) v3 -- 0x7f1564104380 con 0x7f15641038f0
2023-12-09T02:28:23.502 INFO:teuthology.orchestra.run.smithi088.stdout:/usr/bin/ceph: stderr
2023-12-09T02:28:22.852+0000 7f15637fe700 1 --2- 172.21.15.88:0/1573311053 >> [v2:172.21.15.88:3300/0,v1:172.21.15.88:6789/0] conn(0x7f15641038f0 0x7f1564103d00 secure :-1 s=READY pgs=41 cs=0 l=1 rev1=1 crypto rx=0x7f15540098e0 tx=0x7f1554009250 comp rx=0 tx=0).ready entity=mon.0 client_cookie=a87dd60818e8b055 server_cookie=0 in_seq=0 out_seq=0
2023-12-09T02:28:23.502 INFO:teuthology.orchestra.run.smithi088.stdout:/usr/bin/ceph: stderr
2023-12-09T02:28:22.852+0000 7f15627fc700 1 -- 172.21.15.88:0/1573311053 <== mon.0 v2:172.21.15.88:3300/0 1 ==== mon_map magic: 0 v1 ==== 229+0+0 (secure 0 0 0) 0x7f155400b860 con 0x7f15641038f0
2023-12-09T02:28:23.502 INFO:teuthology.orchestra.run.smithi088.stdout:/usr/bin/ceph: stderr
2023-12-09T02:28:22.852+0000 7f15627fc700 1 -- 172.21.15.88:0/1573311053 <== mon.0 v2:172.21.15.88:3300/0 2 ==== config(26 keys) v1 ==== 1009+0+0 (secure 0 0 0) 0x7f155400be30 con 0x7f15641038f0
2023-12-09T02:28:23.502 INFO:teuthology.orchestra.run.smithi088.stdout:/usr/bin/ceph: stderr
2023-12-09T02:28:22.852+0000 7f15627fc700 1 -- 172.21.15.88:0/1573311053 <== mon.0 v2:172.21.15.88:3300/0 3 ==== mon_map magic: 0 v1 ==== 229+0+0 (secure 0 0 0) 0x7f1554010380 con 0x7f15641038f0
2023-12-09T02:28:23.503 INFO:teuthology.orchestra.run.smithi088.stdout:/usr/bin/ceph: stderr
2023-12-09T02:28:22.853+0000 7f1569b13700 1 -- 172.21.15.88:0/1573311053 >> [v2:172.21.15.88:3300/0,v1:172.21.15.88:6789/0] conn(0x7f15641038f0 msgr2=0x7f1564103d00 secure :-1 s=STATE_CONNECTION_ESTABLISHED l=1).mark_down
2023-12-09T02:28:23.503 INFO:teuthology.orchestra.run.smithi088.stdout:/usr/bin/ceph: stderr
2023-12-09T02:28:22.853+0000 7f1569b13700 1 --2- 172.21.15.88:0/1573311053 >> [v2:172.21.15.88:3300/0,v1:172.21.15.88:6789/0] conn(0x7f15641038f0 0x7f1564103d00 secure :-1 s=READY pgs=41 cs=0 l=1 rev1=1 crypto rx=0x7f15540098e0 tx=0x7f1554009250 comp rx=0 tx=0).stop
2023-12-09T02:28:23.503 INFO:teuthology.orchestra.run.smithi088.stdout:/usr/bin/ceph: stderr
2023-12-09T02:28:22.853+0000 7f1569b13700 1 -- 172.21.15.88:0/1573311053 shutdown_connections
2023-12-09T02:28:23.503 INFO:teuthology.orchestra.run.smithi088.stdout:/usr/bin/ceph: stderr
2023-12-09T02:28:22.853+0000 7f1569b13700 1 --2- 172.21.15.88:0/1573311053 >> [v2:172.21.15.88:3300/0,v1:172.21.15.88:6789/0] conn(0x7f15641038f0 0x7f1564103d00 unknown :-1 s=CLOSED pgs=41 cs=0 l=1 rev1=1 crypto rx=0 tx=0 comp rx=0 tx=0).stop
2023-12-09T02:28:23.503 INFO:teuthology.orchestra.run.smithi088.stdout:/usr/bin/ceph: stderr
2023-12-09T02:28:22.853+0000 7f1569b13700 1 -- 172.21.15.88:0/1573311053 >> 172.21.15.88:0/1573311053 conn(0x7f15640fc0b0 msgr2=0x7f15640fe4e0 unknown :-1 s=STATE_NONE l=0).mark_down
2023-12-09T02:28:23.503 INFO:teuthology.orchestra.run.smithi088.stdout:/usr/bin/ceph: stderr
2023-12-09T02:28:22.853+0000 7f1569b13700 1 -- 172.21.15.88:0/1573311053 shutdown_connections
2023-12-09T02:28:23.504 INFO:teuthology.orchestra.run.smithi088.stdout:/usr/bin/ceph: stderr
2023-12-09T02:28:22.853+0000 7f1569b13700 1 -- 172.21.15.88:0/1573311053 wait complete.
2023-12-09T02:28:23.504 INFO:teuthology.orchestra.run.smithi088.stdout:/usr/bin/ceph: stderr
2023-12-09T02:28:22.853+0000 7f1569b13700 1 Processor -- start
2023-12-09T02:28:23.504 INFO:teuthology.orchestra.run.smithi088.stdout:/usr/bin/ceph: stderr
2023-12-09T02:28:22.854+0000 7f1569b13700 1 -- start start
2023-12-09T02:28:23.504 INFO:teuthology.orchestra.run.smithi088.stdout:/usr/bin/ceph: stderr
2023-12-09T02:28:22.854+0000 7f1569b13700 1 --2- >> [v2:172.21.15.88:3300/0,v1:172.21.15.88:6789/0] conn(0x7f15641038f0 0x7f1564111110 unknown :-1 s=NONE pgs=0 cs=0 l=1 rev1=0 crypto rx=0 tx=0 comp rx=0 tx=0).connect
2023-12-09T02:28:23.504 INFO:teuthology.orchestra.run.smithi088.stdout:/usr/bin/ceph: stderr
2023-12-09T02:28:22.854+0000 7f1569b13700 1 -- --> [v2:172.21.15.88:3300/0,v1:172.21.15.88:6789/0] -- mon_getmap magic: 0 v1 -- 0x7f1564111650 con 0x7f15641038f0
2023-12-09T02:28:23.504 INFO:teuthology.orchestra.run.smithi088.stdout:/usr/bin/ceph: stderr
2023-12-09T02:28:22.854+0000 7f15637fe700 1 --2- >> [v2:172.21.15.88:3300/0,v1:172.21.15.88:6789/0] conn(0x7f15641038f0 0x7f1564111110 unknown :-1 s=BANNER_CONNECTING pgs=0 cs=0 l=1 rev1=0 crypto rx=0 tx=0 comp rx=0 tx=0)._handle_peer_banner_payload supported=3 required=0
2023-12-09T02:28:23.504 INFO:teuthology.orchestra.run.smithi088.stdout:/usr/bin/ceph: stderr
2023-12-09T02:28:22.854+0000 7f15637fe700 1 --2- >> [v2:172.21.15.88:3300/0,v1:172.21.15.88:6789/0] conn(0x7f15641038f0 0x7f1564111110 unknown :-1 s=HELLO_CONNECTING pgs=0 cs=0 l=1 rev1=1 crypto rx=0 tx=0 comp rx=0 tx=0).handle_hello peer v2:172.21.15.88:3300/0 says I am v2:172.21.15.88:40260/0 (socket says 172.21.15.88:40260)
2023-12-09T02:28:23.504 INFO:teuthology.orchestra.run.smithi088.stdout:/usr/bin/ceph: stderr
2023-12-09T02:28:22.854+0000 7f15637fe700 1 -- 172.21.15.88:0/1052561653 learned_addr learned my addr 172.21.15.88:0/1052561653 (peer_addr_for_me v2:172.21.15.88:0/0)
2023-12-09T02:28:23.505 INFO:teuthology.orchestra.run.smithi088.stdout:/usr/bin/ceph: stderr
2023-12-09T02:28:22.854+0000 7f15637fe700 1 -- 172.21.15.88:0/1052561653 --> [v2:172.21.15.88:3300/0,v1:172.21.15.88:6789/0] -- mon_subscribe({config=0+,monmap=0+}) v3 -- 0x7f15540094f0 con 0x7f15641038f0
2023-12-09T02:28:23.505 INFO:teuthology.orchestra.run.smithi088.stdout:/usr/bin/ceph: stderr
2023-12-09T02:28:22.854+0000 7f15637fe700 1 --2- 172.21.15.88:0/1052561653 >> [v2:172.21.15.88:3300/0,v1:172.21.15.88:6789/0] conn(0x7f15641038f0 0x7f1564111110 secure :-1 s=READY pgs=42 cs=0 l=1 rev1=1 crypto rx=0x7f1554000c00 tx=0x7f1554009250 comp rx=0 tx=0).ready entity=mon.0 client_cookie=0 server_cookie=0 in_seq=0 out_seq=0
2023-12-09T02:28:23.505 INFO:teuthology.orchestra.run.smithi088.stdout:/usr/bin/ceph: stderr
2023-12-09T02:28:22.854+0000 7f155bfff700 1 -- 172.21.15.88:0/1052561653 <== mon.0 v2:172.21.15.88:3300/0 1 ==== mon_map magic: 0 v1 ==== 229+0+0 (secure 0 0 0) 0x7f1554010a80 con 0x7f15641038f0
2023-12-09T02:28:23.505 INFO:teuthology.orchestra.run.smithi088.stdout:/usr/bin/ceph: stderr
2023-12-09T02:28:22.854+0000 7f155bfff700 1 -- 172.21.15.88:0/1052561653 <== mon.0 v2:172.21.15.88:3300/0 2 ==== config(26 keys) v1 ==== 1009+0+0 (secure 0 0 0) 0x7f155401a430 con 0x7f15641038f0
2023-12-09T02:28:23.505 INFO:teuthology.orchestra.run.smithi088.stdout:/usr/bin/ceph: stderr
2023-12-09T02:28:22.854+0000 7f1569b13700 1 -- 172.21.15.88:0/1052561653 --> [v2:172.21.15.88:3300/0,v1:172.21.15.88:6789/0] -- mon_subscribe({mgrmap=0+}) v3 -- 0x7f1564111850 con 0x7f15641038f0
2023-12-09T02:28:23.505 INFO:teuthology.orchestra.run.smithi088.stdout:/usr/bin/ceph: stderr
2023-12-09T02:28:22.854+0000 7f155bfff700 1 -- 172.21.15.88:0/1052561653 <== mon.0 v2:172.21.15.88:3300/0 3 ==== mon_map magic: 0 v1 ==== 229+0+0 (secure 0 0 0) 0x7f15540245b0 con 0x7f15641038f0
2023-12-09T02:28:23.505 INFO:teuthology.orchestra.run.smithi088.stdout:/usr/bin/ceph: stderr
2023-12-09T02:28:22.854+0000 7f1569b13700 1 -- 172.21.15.88:0/1052561653 --> [v2:172.21.15.88:3300/0,v1:172.21.15.88:6789/0] -- mon_subscribe({osdmap=0}) v3 -- 0x7f1564111c60 con 0x7f15641038f0
2023-12-09T02:28:23.505 INFO:teuthology.orchestra.run.smithi088.stdout:/usr/bin/ceph: stderr
2023-12-09T02:28:22.855+0000 7f155bfff700 1 -- 172.21.15.88:0/1052561653 <== mon.0 v2:172.21.15.88:3300/0 4 ==== mgrmap(e 8) v1 ==== 43281+0+0 (secure 0 0 0) 0x7f15540247a0 con 0x7f15641038f0
2023-12-09T02:28:23.506 INFO:teuthology.orchestra.run.smithi088.stdout:/usr/bin/ceph: stderr
2023-12-09T02:28:22.855+0000 7f155bfff700 1 --2- 172.21.15.88:0/1052561653 >> [v2:172.21.15.88:6800/2611357961,v1:172.21.15.88:6801/2611357961] conn(0x7f1550036640 0x7f1550038af0 unknown :-1 s=NONE pgs=0 cs=0 l=1 rev1=0 crypto rx=0 tx=0 comp rx=0 tx=0).connect
2023-12-09T02:28:23.506 INFO:teuthology.orchestra.run.smithi088.stdout:/usr/bin/ceph: stderr
2023-12-09T02:28:22.855+0000 7f155bfff700 1 -- 172.21.15.88:0/1052561653 <== mon.0 v2:172.21.15.88:3300/0 5 ==== osd_map(2..2 src has 1..2) v4 ==== 936+0+0 (secure 0 0 0) 0x7f155404ab90 con 0x7f15641038f0
2023-12-09T02:28:23.506 INFO:teuthology.orchestra.run.smithi088.stdout:/usr/bin/ceph: stderr
2023-12-09T02:28:22.855+0000 7f1569b13700 1 -- 172.21.15.88:0/1052561653 --> [v2:172.21.15.88:3300/0,v1:172.21.15.88:6789/0] -- mon_command({"prefix": "get_command_descriptions"} v 0) v1 -- 0x7f156404bb80 con 0x7f15641038f0
2023-12-09T02:28:23.506 INFO:teuthology.orchestra.run.smithi088.stdout:/usr/bin/ceph: stderr
2023-12-09T02:28:22.855+0000 7f1562ffd700 1 --2- 172.21.15.88:0/1052561653 >> [v2:172.21.15.88:6800/2611357961,v1:172.21.15.88:6801/2611357961] conn(0x7f1550036640 0x7f1550038af0 unknown :-1 s=BANNER_CONNECTING pgs=0 cs=0 l=1 rev1=0 crypto rx=0 tx=0 comp rx=0 tx=0)._handle_peer_banner_payload supported=3 required=0
2023-12-09T02:28:23.506 INFO:teuthology.orchestra.run.smithi088.stdout:/usr/bin/ceph: stderr
