2023-12-16T03:09:26.939+0000 7fc33cdf4700 1 -- 172.21.15.64:0/773925718 --> [v2:172.21.15.64:6800/2673193978,v1:172.21.15.64:6801/2673193978] -- mgr_command(tid 0: {"prefix": "orch apply", "service_type": "mon", "target": ["mon-mgr", ""]}) v1 -- 0x7fc33810d1b0 con 0x7fc3200365f0
2023-12-16T03:09:27.384 INFO:teuthology.orchestra.run.smithi064.stdout:/usr/bin/ceph: stderr
2023-12-16T03:09:26.944+0000 7fc326ffd700 1 -- 172.21.15.64:0/773925718 <== mgr.14120 v2:172.21.15.64:6800/2673193978 1 ==== mgr_command_reply(tid 0: 0 ) v1 ==== 8+0+24 (secure 0 0 0) 0x7fc33810d1b0 con 0x7fc3200365f0
2023-12-16T03:09:27.384 INFO:teuthology.orchestra.run.smithi064.stdout:/usr/bin/ceph: stderr
2023-12-16T03:09:26.947+0000 7fc33cdf4700 1 -- 172.21.15.64:0/773925718 >> [v2:172.21.15.64:6800/2673193978,v1:172.21.15.64:6801/2673193978] conn(0x7fc3200365f0 msgr2=0x7fc320038aa0 secure :-1 s=STATE_CONNECTION_ESTABLISHED l=1).mark_down
2023-12-16T03:09:27.384 INFO:teuthology.orchestra.run.smithi064.stdout:/usr/bin/ceph: stderr
2023-12-16T03:09:26.947+0000 7fc33cdf4700 1 --2- 172.21.15.64:0/773925718 >> [v2:172.21.15.64:6800/2673193978,v1:172.21.15.64:6801/2673193978] conn(0x7fc3200365f0 0x7fc320038aa0 secure :-1 s=READY pgs=12 cs=0 l=1 rev1=1 crypto rx=0x7fc32c009990 tx=0x7fc32c006e40 comp rx=0 tx=0).stop
2023-12-16T03:09:27.384 INFO:teuthology.orchestra.run.smithi064.stdout:/usr/bin/ceph: stderr
2023-12-16T03:09:26.947+0000 7fc33cdf4700 1 -- 172.21.15.64:0/773925718 >> [v2:172.21.15.64:3300/0,v1:172.21.15.64:6789/0] conn(0x7fc338070f80 msgr2=0x7fc338113380 secure :-1 s=STATE_CONNECTION_ESTABLISHED l=1).mark_down
2023-12-16T03:09:27.384 INFO:teuthology.orchestra.run.smithi064.stdout:/usr/bin/ceph: stderr
2023-12-16T03:09:26.947+0000 7fc33cdf4700 1 --2- 172.21.15.64:0/773925718 >> [v2:172.21.15.64:3300/0,v1:172.21.15.64:6789/0] conn(0x7fc338070f80 0x7fc338113380 secure :-1 s=READY pgs=48 cs=0 l=1 rev1=1 crypto rx=0x7fc328006d40 tx=0x7fc328009250 comp rx=0 tx=0).stop
2023-12-16T03:09:27.384 INFO:teuthology.orchestra.run.smithi064.stdout:/usr/bin/ceph: stderr
2023-12-16T03:09:26.947+0000 7fc33cdf4700 1 -- 172.21.15.64:0/773925718 shutdown_connections
2023-12-16T03:09:27.384 INFO:teuthology.orchestra.run.smithi064.stdout:/usr/bin/ceph: stderr
2023-12-16T03:09:26.947+0000 7fc33cdf4700 1 --2- 172.21.15.64:0/773925718 >> [v2:172.21.15.64:6800/2673193978,v1:172.21.15.64:6801/2673193978] conn(0x7fc3200365f0 0x7fc320038aa0 unknown :-1 s=CLOSED pgs=12 cs=0 l=1 rev1=1 crypto rx=0 tx=0 comp rx=0 tx=0).stop
2023-12-16T03:09:27.384 INFO:teuthology.orchestra.run.smithi064.stdout:/usr/bin/ceph: stderr
2023-12-16T03:09:26.947+0000 7fc33cdf4700 1 --2- 172.21.15.64:0/773925718 >> [v2:172.21.15.64:3300/0,v1:172.21.15.64:6789/0] conn(0x7fc338070f80 0x7fc338113380 unknown :-1 s=CLOSED pgs=48 cs=0 l=1 rev1=1 crypto rx=0 tx=0 comp rx=0 tx=0).stop
2023-12-16T03:09:27.384 INFO:teuthology.orchestra.run.smithi064.stdout:/usr/bin/ceph: stderr
2023-12-16T03:09:26.947+0000 7fc33cdf4700 1 -- 172.21.15.64:0/773925718 >> 172.21.15.64:0/773925718 conn(0x7fc3380fc970 msgr2=0x7fc3380fe1d0 unknown :-1 s=STATE_NONE l=0).mark_down
2023-12-16T03:09:27.384 INFO:teuthology.orchestra.run.smithi064.stdout:/usr/bin/ceph: stderr
2023-12-16T03:09:26.947+0000 7fc33cdf4700 1 -- 172.21.15.64:0/773925718 shutdown_connections
2023-12-16T03:09:27.385 INFO:teuthology.orchestra.run.smithi064.stdout:/usr/bin/ceph: stderr
2023-12-16T03:09:26.947+0000 7fc33cdf4700 1 -- 172.21.15.64:0/773925718 wait complete.
2023-12-16T03:09:27.385 INFO:teuthology.orchestra.run.smithi064.stdout:Deploying mgr service with default placement...
2023-12-16T03:09:27.531 INFO:journalctl@ceph.mon.smithi064.smithi064.stdout:Dec 16 03:09:27 smithi064 ceph-mon[111958]: Added host smithi064
2023-12-16T03:09:27.532 INFO:journalctl@ceph.mon.smithi064.smithi064.stdout:Dec 16 03:09:27 smithi064 ceph-mon[111958]: from='mgr.14120 172.21.15.64:0/2644361718' entity='mgr.smithi064.ueciyw'
2023-12-16T03:09:28.451 INFO:teuthology.orchestra.run.smithi064.stdout:/usr/bin/ceph: stdout Scheduled mgr update...
2023-12-16T03:09:28.451 INFO:teuthology.orchestra.run.smithi064.stdout:/usr/bin/ceph: stderr
2023-12-16T03:09:27.844+0000 7fcf65a3b700 1 Processor -- start
2023-12-16T03:09:28.451 INFO:teuthology.orchestra.run.smithi064.stdout:/usr/bin/ceph: stderr
2023-12-16T03:09:27.845+0000 7fcf65a3b700 1 -- start start
2023-12-16T03:09:28.451 INFO:teuthology.orchestra.run.smithi064.stdout:/usr/bin/ceph: stderr
2023-12-16T03:09:27.845+0000 7fcf65a3b700 1 --2- >> [v2:172.21.15.64:3300/0,v1:172.21.15.64:6789/0] conn(0x7fcf601039b0 0x7fcf60103dc0 unknown :-1 s=NONE pgs=0 cs=0 l=0 rev1=0 crypto rx=0 tx=0 comp rx=0 tx=0).connect
2023-12-16T03:09:28.451 INFO:teuthology.orchestra.run.smithi064.stdout:/usr/bin/ceph: stderr
2023-12-16T03:09:27.845+0000 7fcf65a3b700 1 -- --> [v2:172.21.15.64:3300/0,v1:172.21.15.64:6789/0] -- mon_getmap magic: 0 v1 -- 0x7fcf60104300 con 0x7fcf601039b0
2023-12-16T03:09:28.451 INFO:teuthology.orchestra.run.smithi064.stdout:/usr/bin/ceph: stderr
2023-12-16T03:09:27.845+0000 7fcf5effd700 1 --2- >> [v2:172.21.15.64:3300/0,v1:172.21.15.64:6789/0] conn(0x7fcf601039b0 0x7fcf60103dc0 unknown :-1 s=BANNER_CONNECTING pgs=0 cs=0 l=0 rev1=0 crypto rx=0 tx=0 comp rx=0 tx=0)._handle_peer_banner_payload supported=3 required=0
2023-12-16T03:09:28.451 INFO:teuthology.orchestra.run.smithi064.stdout:/usr/bin/ceph: stderr
2023-12-16T03:09:27.845+0000 7fcf5effd700 1 --2- >> [v2:172.21.15.64:3300/0,v1:172.21.15.64:6789/0] conn(0x7fcf601039b0 0x7fcf60103dc0 unknown :-1 s=HELLO_CONNECTING pgs=0 cs=0 l=0 rev1=1 crypto rx=0 tx=0 comp rx=0 tx=0).handle_hello peer v2:172.21.15.64:3300/0 says I am v2:172.21.15.64:60974/0 (socket says 172.21.15.64:60974)
2023-12-16T03:09:28.452 INFO:teuthology.orchestra.run.smithi064.stdout:/usr/bin/ceph: stderr
2023-12-16T03:09:27.845+0000 7fcf5effd700 1 -- 172.21.15.64:0/2854174216 learned_addr learned my addr 172.21.15.64:0/2854174216 (peer_addr_for_me v2:172.21.15.64:0/0)
2023-12-16T03:09:28.452 INFO:teuthology.orchestra.run.smithi064.stdout:/usr/bin/ceph: stderr
2023-12-16T03:09:27.845+0000 7fcf5effd700 1 -- 172.21.15.64:0/2854174216 --> [v2:172.21.15.64:3300/0,v1:172.21.15.64:6789/0] -- mon_subscribe({config=0+,monmap=0+}) v3 -- 0x7fcf60104440 con 0x7fcf601039b0
2023-12-16T03:09:28.452 INFO:teuthology.orchestra.run.smithi064.stdout:/usr/bin/ceph: stderr
2023-12-16T03:09:27.845+0000 7fcf5effd700 1 --2- 172.21.15.64:0/2854174216 >> [v2:172.21.15.64:3300/0,v1:172.21.15.64:6789/0] conn(0x7fcf601039b0 0x7fcf60103dc0 secure :-1 s=READY pgs=49 cs=0 l=1 rev1=1 crypto rx=0x7fcf500098e0 tx=0x7fcf50009250 comp rx=0 tx=0).ready entity=mon.0 client_cookie=c85ec1dee89c857b server_cookie=0 in_seq=0 out_seq=0
2023-12-16T03:09:28.452 INFO:teuthology.orchestra.run.smithi064.stdout:/usr/bin/ceph: stderr
2023-12-16T03:09:27.846+0000 7fcf5dffb700 1 -- 172.21.15.64:0/2854174216 <== mon.0 v2:172.21.15.64:3300/0 1 ==== mon_map magic: 0 v1 ==== 229+0+0 (secure 0 0 0) 0x7fcf5000b860 con 0x7fcf601039b0
2023-12-16T03:09:28.452 INFO:teuthology.orchestra.run.smithi064.stdout:/usr/bin/ceph: stderr
2023-12-16T03:09:27.846+0000 7fcf5dffb700 1 -- 172.21.15.64:0/2854174216 <== mon.0 v2:172.21.15.64:3300/0 2 ==== config(26 keys) v1 ==== 1074+0+0 (secure 0 0 0) 0x7fcf5000be70 con 0x7fcf601039b0
2023-12-16T03:09:28.452 INFO:teuthology.orchestra.run.smithi064.stdout:/usr/bin/ceph: stderr
2023-12-16T03:09:27.846+0000 7fcf5dffb700 1 -- 172.21.15.64:0/2854174216 <== mon.0 v2:172.21.15.64:3300/0 3 ==== mon_map magic: 0 v1 ==== 229+0+0 (secure 0 0 0) 0x7fcf50010380 con 0x7fcf601039b0
2023-12-16T03:09:28.452 INFO:teuthology.orchestra.run.smithi064.stdout:/usr/bin/ceph: stderr
2023-12-16T03:09:27.846+0000 7fcf65a3b700 1 -- 172.21.15.64:0/2854174216 >> [v2:172.21.15.64:3300/0,v1:172.21.15.64:6789/0] conn(0x7fcf601039b0 msgr2=0x7fcf60103dc0 secure :-1 s=STATE_CONNECTION_ESTABLISHED l=1).mark_down
2023-12-16T03:09:28.452 INFO:teuthology.orchestra.run.smithi064.stdout:/usr/bin/ceph: stderr
2023-12-16T03:09:27.846+0000 7fcf65a3b700 1 --2- 172.21.15.64:0/2854174216 >> [v2:172.21.15.64:3300/0,v1:172.21.15.64:6789/0] conn(0x7fcf601039b0 0x7fcf60103dc0 secure :-1 s=READY pgs=49 cs=0 l=1 rev1=1 crypto rx=0x7fcf500098e0 tx=0x7fcf50009250 comp rx=0 tx=0).stop
2023-12-16T03:09:28.452 INFO:teuthology.orchestra.run.smithi064.stdout:/usr/bin/ceph: stderr
2023-12-16T03:09:27.846+0000 7fcf65a3b700 1 -- 172.21.15.64:0/2854174216 shutdown_connections
2023-12-16T03:09:28.452 INFO:teuthology.orchestra.run.smithi064.stdout:/usr/bin/ceph: stderr
2023-12-16T03:09:27.846+0000 7fcf65a3b700 1 --2- 172.21.15.64:0/2854174216 >> [v2:172.21.15.64:3300/0,v1:172.21.15.64:6789/0] conn(0x7fcf601039b0 0x7fcf60103dc0 unknown :-1 s=CLOSED pgs=49 cs=0 l=1 rev1=1 crypto rx=0 tx=0 comp rx=0 tx=0).stop
2023-12-16T03:09:28.452 INFO:teuthology.orchestra.run.smithi064.stdout:/usr/bin/ceph: stderr
2023-12-16T03:09:27.846+0000 7fcf65a3b700 1 -- 172.21.15.64:0/2854174216 >> 172.21.15.64:0/2854174216 conn(0x7fcf600fc0b0 msgr2=0x7fcf600fe4e0 unknown :-1 s=STATE_NONE l=0).mark_down
2023-12-16T03:09:28.452 INFO:teuthology.orchestra.run.smithi064.stdout:/usr/bin/ceph: stderr
2023-12-16T03:09:27.847+0000 7fcf65a3b700 1 -- 172.21.15.64:0/2854174216 shutdown_connections
2023-12-16T03:09:28.452 INFO:teuthology.orchestra.run.smithi064.stdout:/usr/bin/ceph: stderr
2023-12-16T03:09:27.847+0000 7fcf65a3b700 1 -- 172.21.15.64:0/2854174216 wait complete.
2023-12-16T03:09:28.452 INFO:teuthology.orchestra.run.smithi064.stdout:/usr/bin/ceph: stderr
2023-12-16T03:09:27.848+0000 7fcf65a3b700 1 Processor -- start
2023-12-16T03:09:28.453 INFO:teuthology.orchestra.run.smithi064.stdout:/usr/bin/ceph: stderr
2023-12-16T03:09:27.848+0000 7fcf65a3b700 1 -- start start
2023-12-16T03:09:28.453 INFO:teuthology.orchestra.run.smithi064.stdout:/usr/bin/ceph: stderr
2023-12-16T03:09:27.848+0000 7fcf65a3b700 1 --2- >> [v2:172.21.15.64:3300/0,v1:172.21.15.64:6789/0] conn(0x7fcf601039b0 0x7fcf60111190 unknown :-1 s=NONE pgs=0 cs=0 l=1 rev1=0 crypto rx=0 tx=0 comp rx=0 tx=0).connect
2023-12-16T03:09:28.453 INFO:teuthology.orchestra.run.smithi064.stdout:/usr/bin/ceph: stderr
2023-12-16T03:09:27.848+0000 7fcf65a3b700 1 -- --> [v2:172.21.15.64:3300/0,v1:172.21.15.64:6789/0] -- mon_getmap magic: 0 v1 -- 0x7fcf601116d0 con 0x7fcf601039b0
2023-12-16T03:09:28.453 INFO:teuthology.orchestra.run.smithi064.stdout:/usr/bin/ceph: stderr
2023-12-16T03:09:27.848+0000 7fcf5effd700 1 --2- >> [v2:172.21.15.64:3300/0,v1:172.21.15.64:6789/0] conn(0x7fcf601039b0 0x7fcf60111190 unknown :-1 s=BANNER_CONNECTING pgs=0 cs=0 l=1 rev1=0 crypto rx=0 tx=0 comp rx=0 tx=0)._handle_peer_banner_payload supported=3 required=0
2023-12-16T03:09:28.453 INFO:teuthology.orchestra.run.smithi064.stdout:/usr/bin/ceph: stderr
2023-12-16T03:09:27.848+0000 7fcf5effd700 1 --2- >> [v2:172.21.15.64:3300/0,v1:172.21.15.64:6789/0] conn(0x7fcf601039b0 0x7fcf60111190 unknown :-1 s=HELLO_CONNECTING pgs=0 cs=0 l=1 rev1=1 crypto rx=0 tx=0 comp rx=0 tx=0).handle_hello peer v2:172.21.15.64:3300/0 says I am v2:172.21.15.64:60990/0 (socket says 172.21.15.64:60990)
2023-12-16T03:09:28.453 INFO:teuthology.orchestra.run.smithi064.stdout:/usr/bin/ceph: stderr
2023-12-16T03:09:27.848+0000 7fcf5effd700 1 -- 172.21.15.64:0/1176401051 learned_addr learned my addr 172.21.15.64:0/1176401051 (peer_addr_for_me v2:172.21.15.64:0/0)
2023-12-16T03:09:28.453 INFO:teuthology.orchestra.run.smithi064.stdout:/usr/bin/ceph: stderr
2023-12-16T03:09:27.848+0000 7fcf5effd700 1 -- 172.21.15.64:0/1176401051 --> [v2:172.21.15.64:3300/0,v1:172.21.15.64:6789/0] -- mon_subscribe({config=0+,monmap=0+}) v3 -- 0x7fcf500094f0 con 0x7fcf601039b0
2023-12-16T03:09:28.453 INFO:teuthology.orchestra.run.smithi064.stdout:/usr/bin/ceph: stderr
2023-12-16T03:09:27.848+0000 7fcf5effd700 1 --2- 172.21.15.64:0/1176401051 >> [v2:172.21.15.64:3300/0,v1:172.21.15.64:6789/0] conn(0x7fcf601039b0 0x7fcf60111190 secure :-1 s=READY pgs=50 cs=0 l=1 rev1=1 crypto rx=0x7fcf50011b60 tx=0x7fcf50009250 comp rx=0 tx=0).ready entity=mon.0 client_cookie=0 server_cookie=0 in_seq=0 out_seq=0
2023-12-16T03:09:28.453 INFO:teuthology.orchestra.run.smithi064.stdout:/usr/bin/ceph: stderr
2023-12-16T03:09:27.849+0000 7fcf477fe700 1 -- 172.21.15.64:0/1176401051 <== mon.0 v2:172.21.15.64:3300/0 1 ==== mon_map magic: 0 v1 ==== 229+0+0 (secure 0 0 0) 0x7fcf50010850 con 0x7fcf601039b0
2023-12-16T03:09:28.453 INFO:teuthology.orchestra.run.smithi064.stdout:/usr/bin/ceph: stderr
2023-12-16T03:09:27.849+0000 7fcf477fe700 1 -- 172.21.15.64:0/1176401051 <== mon.0 v2:172.21.15.64:3300/0 2 ==== config(26 keys) v1 ==== 1074+0+0 (secure 0 0 0) 0x7fcf50010e60 con 0x7fcf601039b0
2023-12-16T03:09:28.453 INFO:teuthology.orchestra.run.smithi064.stdout:/usr/bin/ceph: stderr
2023-12-16T03:09:27.849+0000 7fcf65a3b700 1 -- 172.21.15.64:0/1176401051 --> [v2:172.21.15.64:3300/0,v1:172.21.15.64:6789/0] -- mon_subscribe({mgrmap=0+}) v3 -- 0x7fcf601118d0 con 0x7fcf601039b0
2023-12-16T03:09:28.453 INFO:teuthology.orchestra.run.smithi064.stdout:/usr/bin/ceph: stderr
2023-12-16T03:09:27.849+0000 7fcf477fe700 1 -- 172.21.15.64:0/1176401051 <== mon.0 v2:172.21.15.64:3300/0 3 ==== mon_map magic: 0 v1 ==== 229+0+0 (secure 0 0 0) 0x7fcf5001ae20 con 0x7fcf601039b0
2023-12-16T03:09:28.453 INFO:teuthology.orchestra.run.smithi064.stdout:/usr/bin/ceph: stderr
2023-12-16T03:09:27.849+0000 7fcf65a3b700 1 -- 172.21.15.64:0/1176401051 --> [v2:172.21.15.64:3300/0,v1:172.21.15.64:6789/0] -- mon_subscribe({osdmap=0}) v3 -- 0x7fcf60111ce0 con 0x7fcf601039b0
2023-12-16T03:09:28.454 INFO:teuthology.orchestra.run.smithi064.stdout:/usr/bin/ceph: stderr
2023-12-16T03:09:27.849+0000 7fcf477fe700 1 -- 172.21.15.64:0/1176401051 <== mon.0 v2:172.21.15.64:3300/0 4 ==== mgrmap(e 8) v1 ==== 43281+0+0 (secure 0 0 0) 0x7fcf5002d3f0 con 0x7fcf601039b0
2023-12-16T03:09:28.454 INFO:teuthology.orchestra.run.smithi064.stdout:/usr/bin/ceph: stderr
2023-12-16T03:09:27.850+0000 7fcf477fe700 1 --2- 172.21.15.64:0/1176401051 >> [v2:172.21.15.64:6800/2673193978,v1:172.21.15.64:6801/2673193978] conn(0x7fcf48036640 0x7fcf48038af0 unknown :-1 s=NONE pgs=0 cs=0 l=1 rev1=0 crypto rx=0 tx=0 comp rx=0 tx=0).connect
2023-12-16T03:09:28.454 INFO:teuthology.orchestra.run.smithi064.stdout:/usr/bin/ceph: stderr
2023-12-16T03:09:27.850+0000 7fcf477fe700 1 -- 172.21.15.64:0/1176401051 <== mon.0 v2:172.21.15.64:3300/0 5 ==== osd_map(2..2 src has 1..2) v4 ==== 936+0+0 (secure 0 0 0) 0x7fcf5001a6a0 con 0x7fcf601039b0
2023-12-16T03:09:28.454 INFO:teuthology.orchestra.run.smithi064.stdout:/usr/bin/ceph: stderr
2023-12-16T03:09:27.850+0000 7fcf5e7fc700 1 --2- 172.21.15.64:0/1176401051 >> [v2:172.21.15.64:6800/2673193978,v1:172.21.15.64:6801/2673193978] conn(0x7fcf48036640 0x7fcf48038af0 unknown :-1 s=BANNER_CONNECTING pgs=0 cs=0 l=1 rev1=0 crypto rx=0 tx=0 comp rx=0 tx=0)._handle_peer_banner_payload supported=3 required=0
2023-12-16T03:09:28.454 INFO:teuthology.orchestra.run.smithi064.stdout:/usr/bin/ceph: stderr
2023-12-16T03:09:27.850+0000 7fcf65a3b700 1 -- 172.21.15.64:0/1176401051 --> [v2:172.21.15.64:3300/0,v1:172.21.15.64:6789/0] -- mon_command({"prefix": "get_command_descriptions"} v 0) v1 -- 0x7fcf6004bb80 con 0x7fcf601039b0
2023-12-16T03:09:28.454 INFO:teuthology.orchestra.run.smithi064.stdout:/usr/bin/ceph: stderr
2023-12-16T03:09:27.850+0000 7fcf5e7fc700 1 --2- 172.21.15.64:0/1176401051 >> [v2:172.21.15.64:6800/2673193978,v1:172.21.15.64:6801/2673193978] conn(0x7fcf48036640 0x7fcf48038af0 secure :-1 s=READY pgs=13 cs=0 l=1 rev1=1 crypto rx=0x7fcf54009990 tx=0x7fcf54006e40 comp rx=0 tx=0).ready entity=mgr.14120 client_cookie=0 server_cookie=0 in_seq=0 out_seq=0
2023-12-16T03:09:28.454 INFO:teuthology.orchestra.run.smithi064.stdout:/usr/bin/ceph: stderr
2023-12-16T03:09:27.855+0000 7fcf477fe700 1 -- 172.21.15.64:0/1176401051 <== mon.0 v2:172.21.15.64:3300/0 6 ==== mon_command_ack([{"prefix": "get_command_descriptions"}]=0 v0) v1 ==== 72+0+174570 (secure 0 0 0) 0x7fcf5002b8e0 con 0x7fcf601039b0
2023-12-16T03:09:28.454 INFO:teuthology.orchestra.run.smithi064.stdout:/usr/bin/ceph: stderr
2023-12-16T03:09:28.064+0000 7fcf65a3b700 1 -- 172.21.15.64:0/1176401051 --> [v2:172.21.15.64:6800/2673193978,v1:172.21.15.64:6801/2673193978] -- mgr_command(tid 0: {"prefix": "orch apply", "service_type": "mgr", "target": ["mon-mgr", ""]}) v1 -- 0x7fcf6010acc0 con 0x7fcf48036640
2023-12-16T03:09:28.454 INFO:teuthology.orchestra.run.smithi064.stdout:/usr/bin/ceph: stderr
2023-12-16T03:09:28.070+0000 7fcf477fe700 1 -- 172.21.15.64:0/1176401051 <== mgr.14120 v2:172.21.15.64:6800/2673193978 1 ==== mgr_command_reply(tid 0: 0 ) v1 ==== 8+0+24 (secure 0 0 0) 0x7fcf6010acc0 con 0x7fcf48036640
2023-12-16T03:09:28.454 INFO:teuthology.orchestra.run.smithi064.stdout:/usr/bin/ceph: stderr
2023-12-16T03:09:28.072+0000 7fcf65a3b700 1 -- 172.21.15.64:0/1176401051 >> [v2:172.21.15.64:6800/2673193978,v1:172.21.15.64:6801/2673193978] conn(0x7fcf48036640 msgr2=0x7fcf48038af0 secure :-1 s=STATE_CONNECTION_ESTABLISHED l=1).mark_down
2023-12-16T03:09:28.454 INFO:teuthology.orchestra.run.smithi064.stdout:/usr/bin/ceph: stderr
2023-12-16T03:09:28.072+0000 7fcf65a3b700 1 --2- 172.21.15.64:0/1176401051 >> [v2:172.21.15.64:6800/2673193978,v1:172.21.15.64:6801/2673193978] conn(0x7fcf48036640 0x7fcf48038af0 secure :-1 s=READY pgs=13 cs=0 l=1 rev1=1 crypto rx=0x7fcf54009990 tx=0x7fcf54006e40 comp rx=0 tx=0).stop
2023-12-16T03:09:28.454 INFO:teuthology.orchestra.run.smithi064.stdout:/usr/bin/ceph: stderr
2023-12-16T03:09:28.072+0000 7fcf65a3b700 1 -- 172.21.15.64:0/1176401051 >> [v2:172.21.15.64:3300/0,v1:172.21.15.64:6789/0] conn(0x7fcf601039b0 msgr2=0x7fcf60111190 secure :-1 s=STATE_CONNECTION_ESTABLISHED l=1).mark_down
2023-12-16T03:09:28.454 INFO:teuthology.orchestra.run.smithi064.stdout:/usr/bin/ceph: stderr
2023-12-16T03:09:28.072+0000 7fcf65a3b700 1 --2- 172.21.15.64:0/1176401051 >> [v2:172.21.15.64:3300/0,v1:172.21.15.64:6789/0] conn(0x7fcf601039b0 0x7fcf60111190 secure :-1 s=READY pgs=50 cs=0 l=1 rev1=1 crypto rx=0x7fcf50011b60 tx=0x7fcf50009250 comp rx=0 tx=0).stop
2023-12-16T03:09:28.455 INFO:teuthology.orchestra.run.smithi064.stdout:/usr/bin/ceph: stderr
2023-12-16T03:09:28.072+0000 7fcf65a3b700 1 -- 172.21.15.64:0/1176401051 shutdown_connections
2023-12-16T03:09:28.455 INFO:teuthology.orchestra.run.smithi064.stdout:/usr/bin/ceph: stderr
2023-12-16T03:09:28.072+0000 7fcf65a3b700 1 --2- 172.21.15.64:0/1176401051 >> [v2:172.21.15.64:6800/2673193978,v1:172.21.15.64:6801/2673193978] conn(0x7fcf48036640 0x7fcf48038af0 unknown :-1 s=CLOSED pgs=13 cs=0 l=1 rev1=1 crypto rx=0 tx=0 comp rx=0 tx=0).stop
2023-12-16T03:09:28.455 INFO:teuthology.orchestra.run.smithi064.stdout:/usr/bin/ceph: stderr
2023-12-16T03:09:28.072+0000 7fcf65a3b700 1 --2- 172.21.15.64:0/1176401051 >> [v2:172.21.15.64:3300/0,v1:172.21.15.64:6789/0] conn(0x7fcf601039b0 0x7fcf60111190 unknown :-1 s=CLOSED pgs=50 cs=0 l=1 rev1=1 crypto rx=0 tx=0 comp rx=0 tx=0).stop
2023-12-16T03:09:28.455 INFO:teuthology.orchestra.run.smithi064.stdout:/usr/bin/ceph: stderr
2023-12-16T03:09:28.072+0000 7fcf65a3b700 1 -- 172.21.15.64:0/1176401051 >> 172.21.15.64:0/1176401051 conn(0x7fcf600fc0b0 msgr2=0x7fcf600fe4b0 unknown :-1 s=STATE_NONE l=0).mark_down
2023-12-16T03:09:28.455 INFO:teuthology.orchestra.run.smithi064.stdout:/usr/bin/ceph: stderr
2023-12-16T03:09:28.072+0000 7fcf65a3b700 1 -- 172.21.15.64:0/1176401051 shutdown_connections
2023-12-16T03:09:28.455 INFO:teuthology.orchestra.run.smithi064.stdout:/usr/bin/ceph: stderr
2023-12-16T03:09:28.072+0000 7fcf65a3b700 1 -- 172.21.15.64:0/1176401051 wait complete.
2023-12-16T03:09:28.455 INFO:teuthology.orchestra.run.smithi064.stdout:Deploying crash service with default placement...
2023-12-16T03:09:28.691 INFO:journalctl@ceph.mon.smithi064.smithi064.stdout:Dec 16 03:09:28 smithi064 ceph-mon[111958]: from='client.14142 -' entity='client.admin' cmd=[{"prefix": "orch apply", "service_type": "mon", "target": ["mon-mgr", ""]}]: dispatch
2023-12-16T03:09:28.692 INFO:journalctl@ceph.mon.smithi064.smithi064.stdout:Dec 16 03:09:28 smithi064 ceph-mon[111958]: Saving service mon spec with placement count:5
2023-12-16T03:09:28.692 INFO:journalctl@ceph.mon.smithi064.smithi064.stdout:Dec 16 03:09:28 smithi064 ceph-mon[111958]: from='mgr.14120 172.21.15.64:0/2644361718' entity='mgr.smithi064.ueciyw'
2023-12-16T03:09:28.692 INFO:journalctl@ceph.mon.smithi064.smithi064.stdout:Dec 16 03:09:28 smithi064 ceph-mon[111958]: from='mgr.14120 172.21.15.64:0/2644361718' entity='mgr.smithi064.ueciyw'
2023-12-16T03:09:28.692 INFO:journalctl@ceph.mon.smithi064.smithi064.stdout:Dec 16 03:09:28 smithi064 ceph-mon[111958]: from='mgr.14120 172.21.15.64:0/2644361718' entity='mgr.smithi064.ueciyw'
2023-12-16T03:09:29.464 INFO:teuthology.orchestra.run.smithi064.stdout:/usr/bin/ceph: stdout Scheduled crash update...
2023-12-16T03:09:29.464 INFO:teuthology.orchestra.run.smithi064.stdout:/usr/bin/ceph: stderr
2023-12-16T03:09:28.862+0000 7feea7cbe700 1 Processor -- start
2023-12-16T03:09:29.464 INFO:teuthology.orchestra.run.smithi064.stdout:/usr/bin/ceph: stderr
2023-12-16T03:09:28.862+0000 7feea7cbe700 1 -- start start
2023-12-16T03:09:29.464 INFO:teuthology.orchestra.run.smithi064.stdout:/usr/bin/ceph: stderr
2023-12-16T03:09:28.863+0000 7feea7cbe700 1 --2- >> [v2:172.21.15.64:3300/0,v1:172.21.15.64:6789/0] conn(0x7feea01038f0 0x7feea0103d00 unknown :-1 s=NONE pgs=0 cs=0 l=0 rev1=0 crypto rx=0 tx=0 comp rx=0 tx=0).connect
2023-12-16T03:09:29.464 INFO:teuthology.orchestra.run.smithi064.stdout:/usr/bin/ceph: stderr
2023-12-16T03:09:28.863+0000 7feea7cbe700 1 -- --> [v2:172.21.15.64:3300/0,v1:172.21.15.64:6789/0] -- mon_getmap magic: 0 v1 -- 0x7feea0104240 con 0x7feea01038f0
2023-12-16T03:09:29.464 INFO:teuthology.orchestra.run.smithi064.stdout:/usr/bin/ceph: stderr
2023-12-16T03:09:28.863+0000 7feea5a5a700 1 --2- >> [v2:172.21.15.64:3300/0,v1:172.21.15.64:6789/0] conn(0x7feea01038f0 0x7feea0103d00 unknown :-1 s=BANNER_CONNECTING pgs=0 cs=0 l=0 rev1=0 crypto rx=0 tx=0 comp rx=0 tx=0)._handle_peer_banner_payload supported=3 required=0
2023-12-16T03:09:29.464 INFO:teuthology.orchestra.run.smithi064.stdout:/usr/bin/ceph: stderr
2023-12-16T03:09:28.863+0000 7feea5a5a700 1 --2- >> [v2:172.21.15.64:3300/0,v1:172.21.15.64:6789/0] conn(0x7feea01038f0 0x7feea0103d00 unknown :-1 s=HELLO_CONNECTING pgs=0 cs=0 l=0 rev1=1 crypto rx=0 tx=0 comp rx=0 tx=0).handle_hello peer v2:172.21.15.64:3300/0 says I am v2:172.21.15.64:60996/0 (socket says 172.21.15.64:60996)
2023-12-16T03:09:29.465 INFO:teuthology.orchestra.run.smithi064.stdout:/usr/bin/ceph: stderr
2023-12-16T03:09:28.863+0000 7feea5a5a700 1 -- 172.21.15.64:0/3080983288 learned_addr learned my addr 172.21.15.64:0/3080983288 (peer_addr_for_me v2:172.21.15.64:0/0)
2023-12-16T03:09:29.465 INFO:teuthology.orchestra.run.smithi064.stdout:/usr/bin/ceph: stderr
2023-12-16T03:09:28.863+0000 7feea5a5a700 1 -- 172.21.15.64:0/3080983288 --> [v2:172.21.15.64:3300/0,v1:172.21.15.64:6789/0] -- mon_subscribe({config=0+,monmap=0+}) v3 -- 0x7feea0104380 con 0x7feea01038f0
2023-12-16T03:09:29.465 INFO:teuthology.orchestra.run.smithi064.stdout:/usr/bin/ceph: stderr
2023-12-16T03:09:28.863+0000 7feea5a5a700 1 --2- 172.21.15.64:0/3080983288 >> [v2:172.21.15.64:3300/0,v1:172.21.15.64:6789/0] conn(0x7feea01038f0 0x7feea0103d00 secure :-1 s=READY pgs=51 cs=0 l=1 rev1=1 crypto rx=0x7fee9c0098e0 tx=0x7fee9c009250 comp rx=0 tx=0).ready entity=mon.0 client_cookie=7f954d7647cdd2de server_cookie=0 in_seq=0 out_seq=0
2023-12-16T03:09:29.465 INFO:teuthology.orchestra.run.smithi064.stdout:/usr/bin/ceph: stderr
2023-12-16T03:09:28.864+0000 7feea4a58700 1 -- 172.21.15.64:0/3080983288 <== mon.0 v2:172.21.15.64:3300/0 1 ==== mon_map magic: 0 v1 ==== 229+0+0 (secure 0 0 0) 0x7fee9c00b860 con 0x7feea01038f0
2023-12-16T03:09:29.465 INFO:teuthology.orchestra.run.smithi064.stdout:/usr/bin/ceph: stderr
2023-12-16T03:09:28.864+0000 7feea4a58700 1 -- 172.21.15.64:0/3080983288 <== mon.0 v2:172.21.15.64:3300/0 2 ==== config(26 keys) v1 ==== 1074+0+0 (secure 0 0 0) 0x7fee9c00be70 con 0x7feea01038f0
2023-12-16T03:09:29.465 INFO:teuthology.orchestra.run.smithi064.stdout:/usr/bin/ceph: stderr
2023-12-16T03:09:28.864+0000 7feea4a58700 1 -- 172.21.15.64:0/3080983288 <== mon.0 v2:172.21.15.64:3300/0 3 ==== mon_map magic: 0 v1 ==== 229+0+0 (secure 0 0 0) 0x7fee9c010380 con 0x7feea01038f0
2023-12-16T03:09:29.465 INFO:teuthology.orchestra.run.smithi064.stdout:/usr/bin/ceph: stderr
2023-12-16T03:09:28.864+0000 7feea7cbe700 1 -- 172.21.15.64:0/3080983288 >> [v2:172.21.15.64:3300/0,v1:172.21.15.64:6789/0] conn(0x7feea01038f0 msgr2=0x7feea0103d00 secure :-1 s=STATE_CONNECTION_ESTABLISHED l=1).mark_down
2023-12-16T03:09:29.465 INFO:teuthology.orchestra.run.smithi064.stdout:/usr/bin/ceph: stderr
2023-12-16T03:09:28.864+0000 7feea7cbe700 1 --2- 172.21.15.64:0/3080983288 >> [v2:172.21.15.64:3300/0,v1:172.21.15.64:6789/0] conn(0x7feea01038f0 0x7feea0103d00 secure :-1 s=READY pgs=51 cs=0 l=1 rev1=1 crypto rx=0x7fee9c0098e0 tx=0x7fee9c009250 comp rx=0 tx=0).stop
2023-12-16T03:09:29.465 INFO:teuthology.orchestra.run.smithi064.stdout:/usr/bin/ceph: stderr
2023-12-16T03:09:28.864+0000 7feea7cbe700 1 -- 172.21.15.64:0/3080983288 shutdown_connections
2023-12-16T03:09:29.465 INFO:teuthology.orchestra.run.smithi064.stdout:/usr/bin/ceph: stderr
2023-12-16T03:09:28.864+0000 7feea7cbe700 1 --2- 172.21.15.64:0/3080983288 >> [v2:172.21.15.64:3300/0,v1:172.21.15.64:6789/0] conn(0x7feea01038f0 0x7feea0103d00 unknown :-1 s=CLOSED pgs=51 cs=0 l=1 rev1=1 crypto rx=0 tx=0 comp rx=0 tx=0).stop
2023-12-16T03:09:29.465 INFO:teuthology.orchestra.run.smithi064.stdout:/usr/bin/ceph: stderr
2023-12-16T03:09:28.864+0000 7feea7cbe700 1 -- 172.21.15.64:0/3080983288 >> 172.21.15.64:0/3080983288 conn(0x7feea00fc0b0 msgr2=0x7feea00fe4e0 unknown :-1 s=STATE_NONE l=0).mark_down
2023-12-16T03:09:29.465 INFO:teuthology.orchestra.run.smithi064.stdout:/usr/bin/ceph: stderr
2023-12-16T03:09:28.865+0000 7feea7cbe700 1 -- 172.21.15.64:0/3080983288 shutdown_connections
2023-12-16T03:09:29.465 INFO:teuthology.orchestra.run.smithi064.stdout:/usr/bin/ceph: stderr
2023-12-16T03:09:28.865+0000 7feea7cbe700 1 -- 172.21.15.64:0/3080983288 wait complete.
2023-12-16T03:09:29.465 INFO:teuthology.orchestra.run.smithi064.stdout:/usr/bin/ceph: stderr
2023-12-16T03:09:28.865+0000 7feea7cbe700 1 Processor -- start
2023-12-16T03:09:29.466 INFO:teuthology.orchestra.run.smithi064.stdout:/usr/bin/ceph: stderr
2023-12-16T03:09:28.865+0000 7feea7cbe700 1 -- start start
2023-12-16T03:09:29.466 INFO:teuthology.orchestra.run.smithi064.stdout:/usr/bin/ceph: stderr
2023-12-16T03:09:28.865+0000 7feea7cbe700 1 --2- >> [v2:172.21.15.64:3300/0,v1:172.21.15.64:6789/0] conn(0x7feea01038f0 0x7feea0111140 unknown :-1 s=NONE pgs=0 cs=0 l=1 rev1=0 crypto rx=0 tx=0 comp rx=0 tx=0).connect
2023-12-16T03:09:29.466 INFO:teuthology.orchestra.run.smithi064.stdout:/usr/bin/ceph: stderr
2023-12-16T03:09:28.865+0000 7feea7cbe700 1 -- --> [v2:172.21.15.64:3300/0,v1:172.21.15.64:6789/0] -- mon_getmap magic: 0 v1 -- 0x7feea0111680 con 0x7feea01038f0
2023-12-16T03:09:29.466 INFO:teuthology.orchestra.run.smithi064.stdout:/usr/bin/ceph: stderr
2023-12-16T03:09:28.866+0000 7feea5a5a700 1 --2- >> [v2:172.21.15.64:3300/0,v1:172.21.15.64:6789/0] conn(0x7feea01038f0 0x7feea0111140 unknown :-1 s=BANNER_CONNECTING pgs=0 cs=0 l=1 rev1=0 crypto rx=0 tx=0 comp rx=0 tx=0)._handle_peer_banner_payload supported=3 required=0
2023-12-16T03:09:29.466 INFO:teuthology.orchestra.run.smithi064.stdout:/usr/bin/ceph: stderr
2023-12-16T03:09:28.866+0000 7feea5a5a700 1 --2- >> [v2:172.21.15.64:3300/0,v1:172.21.15.64:6789/0] conn(0x7feea01038f0 0x7feea0111140 unknown :-1 s=HELLO_CONNECTING pgs=0 cs=0 l=1 rev1=1 crypto rx=0 tx=0 comp rx=0 tx=0).handle_hello peer v2:172.21.15.64:3300/0 says I am v2:172.21.15.64:32770/0 (socket says 172.21.15.64:32770)
2023-12-16T03:09:29.466 INFO:teuthology.orchestra.run.smithi064.stdout:/usr/bin/ceph: stderr
2023-12-16T03:09:28.866+0000 7feea5a5a700 1 -- 172.21.15.64:0/3688336655 learned_addr learned my addr 172.21.15.64:0/3688336655 (peer_addr_for_me v2:172.21.15.64:0/0)
2023-12-16T03:09:29.466 INFO:teuthology.orchestra.run.smithi064.stdout:/usr/bin/ceph: stderr
2023-12-16T03:09:28.866+0000 7feea5a5a700 1 -- 172.21.15.64:0/3688336655 --> [v2:172.21.15.64:3300/0,v1:172.21.15.64:6789/0] -- mon_subscribe({config=0+,monmap=0+}) v3 -- 0x7fee9c0094f0 con 0x7feea01038f0
2023-12-16T03:09:29.466 INFO:teuthology.orchestra.run.smithi064.stdout:/usr/bin/ceph: stderr
2023-12-16T03:09:28.866+0000 7feea5a5a700 1 --2- 172.21.15.64:0/3688336655 >> [v2:172.21.15.64:3300/0,v1:172.21.15.64:6789/0] conn(0x7feea01038f0 0x7feea0111140 secure :-1 s=READY pgs=52 cs=0 l=1 rev1=1 crypto rx=0x7fee9c00c010 tx=0x7fee9c009250 comp rx=0 tx=0).ready entity=mon.0 client_cookie=0 server_cookie=0 in_seq=0 out_seq=0
2023-12-16T03:09:29.466 INFO:teuthology.orchestra.run.smithi064.stdout:/usr/bin/ceph: stderr
2023-12-16T03:09:28.866+0000 7fee967fc700 1 -- 172.21.15.64:0/3688336655 <== mon.0 v2:172.21.15.64:3300/0 1 ==== mon_map magic: 0 v1 ==== 229+0+0 (secure 0 0 0) 0x7fee9c010960 con 0x7feea01038f0
2023-12-16T03:09:29.466 INFO:teuthology.orchestra.run.smithi064.stdout:/usr/bin/ceph: stderr
2023-12-16T03:09:28.866+0000 7fee967fc700 1 -- 172.21.15.64:0/3688336655 <== mon.0 v2:172.21.15.64:3300/0 2 ==== config(26 keys) v1 ==== 1074+0+0 (secure 0 0 0) 0x7fee9c01a430 con 0x7feea01038f0
2023-12-16T03:09:29.466 INFO:teuthology.orchestra.run.smithi064.stdout:/usr/bin/ceph: stderr
2023-12-16T03:09:28.866+0000 7feea7cbe700 1 -- 172.21.15.64:0/3688336655 --> [v2:172.21.15.64:3300/0,v1:172.21.15.64:6789/0] -- mon_subscribe({mgrmap=0+}) v3 -- 0x7feea0111880 con 0x7feea01038f0
2023-12-16T03:09:29.466 INFO:teuthology.orchestra.run.smithi064.stdout:/usr/bin/ceph: stderr
2023-12-16T03:09:28.866+0000 7fee967fc700 1 -- 172.21.15.64:0/3688336655 <== mon.0 v2:172.21.15.64:3300/0 3 ==== mon_map magic: 0 v1 ==== 229+0+0 (secure 0 0 0) 0x7fee9c0245b0 con 0x7feea01038f0
2023-12-16T03:09:29.466 INFO:teuthology.orchestra.run.smithi064.stdout:/usr/bin/ceph: stderr
2023-12-16T03:09:28.866+0000 7feea7cbe700 1 -- 172.21.15.64:0/3688336655 --> [v2:172.21.15.64:3300/0,v1:172.21.15.64:6789/0] -- mon_subscribe({osdmap=0}) v3 -- 0x7feea0111c90 con 0x7feea01038f0
2023-12-16T03:09:29.466 INFO:teuthology.orchestra.run.smithi064.stdout:/usr/bin/ceph: stderr
2023-12-16T03:09:28.867+0000 7fee967fc700 1 -- 172.21.15.64:0/3688336655 <== mon.0 v2:172.21.15.64:3300/0 4 ==== mgrmap(e 8) v1 ==== 43281+0+0 (secure 0 0 0) 0x7fee9c0247f0 con 0x7feea01038f0
2023-12-16T03:09:29.466 INFO:teuthology.orchestra.run.smithi064.stdout:/usr/bin/ceph: stderr
2023-12-16T03:09:28.867+0000 7fee967fc700 1 --2- 172.21.15.64:0/3688336655 >> [v2:172.21.15.64:6800/2673193978,v1:172.21.15.64:6801/2673193978] conn(0x7fee8c0365f0 0x7fee8c038aa0 unknown :-1 s=NONE pgs=0 cs=0 l=1 rev1=0 crypto rx=0 tx=0 comp rx=0 tx=0).connect
2023-12-16T03:09:29.467 INFO:teuthology.orchestra.run.smithi064.stdout:/usr/bin/ceph: stderr
2023-12-16T03:09:28.867+0000 7feea7cbe700 1 -- 172.21.15.64:0/3688336655 --> [v2:172.21.15.64:3300/0,v1:172.21.15.64:6789/0] -- mon_command({"prefix": "get_command_descriptions"} v 0) v1 -- 0x7feea004bb80 con 0x7feea01038f0
2023-12-16T03:09:29.467 INFO:teuthology.orchestra.run.smithi064.stdout:/usr/bin/ceph: stderr
2023-12-16T03:09:28.867+0000 7fee967fc700 1 -- 172.21.15.64:0/3688336655 <== mon.0 v2:172.21.15.64:3300/0 5 ==== osd_map(2..2 src has 1..2) v4 ==== 936+0+0 (secure 0 0 0) 0x7fee9c04b530 con 0x7feea01038f0
2023-12-16T03:09:29.467 INFO:teuthology.orchestra.run.smithi064.stdout:/usr/bin/ceph: stderr
2023-12-16T03:09:28.867+0000 7feea5259700 1 --2- 172.21.15.64:0/3688336655 >> [v2:172.21.15.64:6800/2673193978,v1:172.21.15.64:6801/2673193978] conn(0x7fee8c0365f0 0x7fee8c038aa0 unknown :-1 s=BANNER_CONNECTING pgs=0 cs=0 l=1 rev1=0 crypto rx=0 tx=0 comp rx=0 tx=0)._handle_peer_banner_payload supported=3 required=0
2023-12-16T03:09:29.467 INFO:teuthology.orchestra.run.smithi064.stdout:/usr/bin/ceph: stderr
2023-12-16T03:09:28.868+0000 7feea5259700 1 --2- 172.21.15.64:0/3688336655 >> [v2:172.21.15.64:6800/2673193978,v1:172.21.15.64:6801/2673193978] conn(0x7fee8c0365f0 0x7fee8c038aa0 secure :-1 s=READY pgs=14 cs=0 l=1 rev1=1 crypto rx=0x7fee90009990 tx=0x7fee90006e40 comp rx=0 tx=0).ready entity=mgr.14120 client_cookie=0 server_cookie=0 in_seq=0 out_seq=0
2023-12-16T03:09:29.467 INFO:teuthology.orchestra.run.smithi064.stdout:/usr/bin/ceph: stderr
2023-12-16T03:09:28.874+0000 7fee967fc700 1 -- 172.21.15.64:0/3688336655 <== mon.0 v2:172.21.15.64:3300/0 6 ==== mon_command_ack([{"prefix": "get_command_descriptions"}]=0 v0) v1 ==== 72+0+174570 (secure 0 0 0) 0x7fee9c02c340 con 0x7feea01038f0
2023-12-16T03:09:29.467 INFO:teuthology.orchestra.run.smithi064.stdout:/usr/bin/ceph: stderr
2023-12-16T03:09:29.088+0000 7feea7cbe700 1 -- 172.21.15.64:0/3688336655 --> [v2:172.21.15.64:6800/2673193978,v1:172.21.15.64:6801/2673193978] -- mgr_command(tid 0: {"prefix": "orch apply", "service_type": "crash", "target": ["mon-mgr", ""]}) v1 -- 0x7feea010b010 con 0x7fee8c0365f0
2023-12-16T03:09:29.467 INFO:teuthology.orchestra.run.smithi064.stdout:/usr/bin/ceph: stderr
2023-12-16T03:09:29.093+0000 7fee967fc700 1 -- 172.21.15.64:0/3688336655 <== mgr.14120 v2:172.21.15.64:6800/2673193978 1 ==== mgr_command_reply(tid 0: 0 ) v1 ==== 8+0+26 (secure 0 0 0) 0x7feea010b010 con 0x7fee8c0365f0
2023-12-16T03:09:29.467 INFO:teuthology.orchestra.run.smithi064.stdout:/usr/bin/ceph: stderr
2023-12-16T03:09:29.095+0000 7feea7cbe700 1 -- 172.21.15.64:0/3688336655 >> [v2:172.21.15.64:6800/2673193978,v1:172.21.15.64:6801/2673193978] conn(0x7fee8c0365f0 msgr2=0x7fee8c038aa0 secure :-1 s=STATE_CONNECTION_ESTABLISHED l=1).mark_down
2023-12-16T03:09:29.467 INFO:teuthology.orchestra.run.smithi064.stdout:/usr/bin/ceph: stderr
2023-12-16T03:09:29.095+0000 7feea7cbe700 1 --2- 172.21.15.64:0/3688336655 >> [v2:172.21.15.64:6800/2673193978,v1:172.21.15.64:6801/2673193978] conn(0x7fee8c0365f0 0x7fee8c038aa0 secure :-1 s=READY pgs=14 cs=0 l=1 rev1=1 crypto rx=0x7fee90009990 tx=0x7fee90006e40 comp rx=0 tx=0).stop
2023-12-16T03:09:29.467 INFO:teuthology.orchestra.run.smithi064.stdout:/usr/bin/ceph: stderr
2023-12-16T03:09:29.095+0000 7feea7cbe700 1 -- 172.21.15.64:0/3688336655 >> [v2:172.21.15.64:3300/0,v1:172.21.15.64:6789/0] conn(0x7feea01038f0 msgr2=0x7feea0111140 secure :-1 s=STATE_CONNECTION_ESTABLISHED l=1).mark_down
2023-12-16T03:09:29.467 INFO:teuthology.orchestra.run.smithi064.stdout:/usr/bin/ceph: stderr
2023-12-16T03:09:29.095+0000 7feea7cbe700 1 --2- 172.21.15.64:0/3688336655 >> [v2:172.21.15.64:3300/0,v1:172.21.15.64:6789/0] conn(0x7feea01038f0 0x7feea0111140 secure :-1 s=READY pgs=52 cs=0 l=1 rev1=1 crypto rx=0x7fee9c00c010 tx=0x7fee9c009250 comp rx=0 tx=0).stop
2023-12-16T03:09:29.467 INFO:teuthology.orchestra.run.smithi064.stdout:/usr/bin/ceph: stderr
2023-12-16T03:09:29.095+0000 7feea7cbe700 1 -- 172.21.15.64:0/3688336655 shutdown_connections
2023-12-16T03:09:29.467 INFO:teuthology.orchestra.run.smithi064.stdout:/usr/bin/ceph: stderr
2023-12-16T03:09:29.095+0000 7feea7cbe700 1 --2- 172.21.15.64:0/3688336655 >> [v2:172.21.15.64:6800/2673193978,v1:172.21.15.64:6801/2673193978] conn(0x7fee8c0365f0 0x7fee8c038aa0 unknown :-1 s=CLOSED pgs=14 cs=0 l=1 rev1=1 crypto rx=0 tx=0 comp rx=0 tx=0).stop
2023-12-16T03:09:29.467 INFO:teuthology.orchestra.run.smithi064.stdout:/usr/bin/ceph: stderr
2023-12-16T03:09:29.095+0000 7feea7cbe700 1 --2- 172.21.15.64:0/3688336655 >> [v2:172.21.15.64:3300/0,v1:172.21.15.64:6789/0] conn(0x7feea01038f0 0x7feea0111140 unknown :-1 s=CLOSED pgs=52 cs=0 l=1 rev1=1 crypto rx=0 tx=0 comp rx=0 tx=0).stop
2023-12-16T03:09:29.468 INFO:teuthology.orchestra.run.smithi064.stdout:/usr/bin/ceph: stderr
2023-12-16T03:09:29.095+0000 7feea7cbe700 1 -- 172.21.15.64:0/3688336655 >> 172.21.15.64:0/3688336655 conn(0x7feea00fc0b0 msgr2=0x7feea00fd810 unknown :-1 s=STATE_NONE l=0).mark_down
2023-12-16T03:09:29.468 INFO:teuthology.orchestra.run.smithi064.stdout:/usr/bin/ceph: stderr
2023-12-16T03:09:29.095+0000 7feea7cbe700 1 -- 172.21.15.64:0/3688336655 shutdown_connections
2023-12-16T03:09:29.468 INFO:teuthology.orchestra.run.smithi064.stdout:/usr/bin/ceph: stderr
2023-12-16T03:09:29.095+0000 7feea7cbe700 1 -- 172.21.15.64:0/3688336655 wait complete.
2023-12-16T03:09:29.468 INFO:teuthology.orchestra.run.smithi064.stdout:Deploying prometheus service with default placement...
2023-12-16T03:09:29.691 INFO:journalctl@ceph.mon.smithi064.smithi064.stdout:Dec 16 03:09:29 smithi064 ceph-mon[111958]: from='client.14144 -' entity='client.admin' cmd=[{"prefix": "orch apply", "service_type": "mgr", "target": ["mon-mgr", ""]}]: dispatch
2023-12-16T03:09:29.692 INFO:journalctl@ceph.mon.smithi064.smithi064.stdout:Dec 16 03:09:29 smithi064 ceph-mon[111958]: Saving service mgr spec with placement count:2
2023-12-16T03:09:29.692 INFO:journalctl@ceph.mon.smithi064.smithi064.stdout:Dec 16 03:09:29 smithi064 ceph-mon[111958]: from='mgr.14120 172.21.15.64:0/2644361718' entity='mgr.smithi064.ueciyw'
2023-12-16T03:09:29.692 INFO:journalctl@ceph.mon.smithi064.smithi064.stdout:Dec 16 03:09:29 smithi064 ceph-mon[111958]: from='mgr.14120 172.21.15.64:0/2644361718' entity='mgr.smithi064.ueciyw'
2023-12-16T03:09:30.439 INFO:teuthology.orchestra.run.smithi064.stdout:/usr/bin/ceph: stdout Scheduled prometheus update...
2023-12-16T03:09:30.439 INFO:teuthology.orchestra.run.smithi064.stdout:/usr/bin/ceph: stderr
2023-12-16T03:09:29.819+0000 7f4b528db700 1 Processor -- start
2023-12-16T03:09:30.440 INFO:teuthology.orchestra.run.smithi064.stdout:/usr/bin/ceph: stderr
2023-12-16T03:09:29.819+0000 7f4b528db700 1 -- start start
2023-12-16T03:09:30.440 INFO:teuthology.orchestra.run.smithi064.stdout:/usr/bin/ceph: stderr
2023-12-16T03:09:29.819+0000 7f4b528db700 1 --2- >> [v2:172.21.15.64:3300/0,v1:172.21.15.64:6789/0] conn(0x7f4b4c1022d0 0x7f4b4c1026e0 unknown :-1 s=NONE pgs=0 cs=0 l=0 rev1=0 crypto rx=0 tx=0 comp rx=0 tx=0).connect
2023-12-16T03:09:30.440 INFO:teuthology.orchestra.run.smithi064.stdout:/usr/bin/ceph: stderr
2023-12-16T03:09:29.819+0000 7f4b528db700 1 -- --> [v2:172.21.15.64:3300/0,v1:172.21.15.64:6789/0] -- mon_getmap magic: 0 v1 -- 0x7f4b4c102c20 con 0x7f4b4c1022d0
2023-12-16T03:09:30.440 INFO:teuthology.orchestra.run.smithi064.stdout:/usr/bin/ceph: stderr
2023-12-16T03:09:29.819+0000 7f4b4bfff700 1 --2- >> [v2:172.21.15.64:3300/0,v1:172.21.15.64:6789/0] conn(0x7f4b4c1022d0 0x7f4b4c1026e0 unknown :-1 s=BANNER_CONNECTING pgs=0 cs=0 l=0 rev1=0 crypto rx=0 tx=0 comp rx=0 tx=0)._handle_peer_banner_payload supported=3 required=0
2023-12-16T03:09:30.440 INFO:teuthology.orchestra.run.smithi064.stdout:/usr/bin/ceph: stderr
2023-12-16T03:09:29.819+0000 7f4b4bfff700 1 --2- >> [v2:172.21.15.64:3300/0,v1:172.21.15.64:6789/0] conn(0x7f4b4c1022d0 0x7f4b4c1026e0 unknown :-1 s=HELLO_CONNECTING pgs=0 cs=0 l=0 rev1=1 crypto rx=0 tx=0 comp rx=0 tx=0).handle_hello peer v2:172.21.15.64:3300/0 says I am v2:172.21.15.64:32780/0 (socket says 172.21.15.64:32780)
2023-12-16T03:09:30.440 INFO:teuthology.orchestra.run.smithi064.stdout:/usr/bin/ceph: stderr
2023-12-16T03:09:29.819+0000 7f4b4bfff700 1 -- 172.21.15.64:0/2309248213 learned_addr learned my addr 172.21.15.64:0/2309248213 (peer_addr_for_me v2:172.21.15.64:0/0)
2023-12-16T03:09:30.440 INFO:teuthology.orchestra.run.smithi064.stdout:/usr/bin/ceph: stderr
2023-12-16T03:09:29.820+0000 7f4b4bfff700 1 -- 172.21.15.64:0/2309248213 --> [v2:172.21.15.64:3300/0,v1:172.21.15.64:6789/0] -- mon_subscribe({config=0+,monmap=0+}) v3 -- 0x7f4b4c102d60 con 0x7f4b4c1022d0
2023-12-16T03:09:30.441 INFO:teuthology.orchestra.run.smithi064.stdout:/usr/bin/ceph: stderr
2023-12-16T03:09:29.820+0000 7f4b4bfff700 1 --2- 172.21.15.64:0/2309248213 >> [v2:172.21.15.64:3300/0,v1:172.21.15.64:6789/0] conn(0x7f4b4c1022d0 0x7f4b4c1026e0 secure :-1 s=READY pgs=53 cs=0 l=1 rev1=1 crypto rx=0x7f4b3c0098e0 tx=0x7f4b3c009250 comp rx=0 tx=0).ready entity=mon.0 client_cookie=d65bcfe4f1efb390 server_cookie=0 in_seq=0 out_seq=0
2023-12-16T03:09:30.441 INFO:teuthology.orchestra.run.smithi064.stdout:/usr/bin/ceph: stderr
2023-12-16T03:09:29.820+0000 7f4b4affd700 1 -- 172.21.15.64:0/2309248213 <== mon.0 v2:172.21.15.64:3300/0 1 ==== mon_map magic: 0 v1 ==== 229+0+0 (secure 0 0 0) 0x7f4b3c00b860 con 0x7f4b4c1022d0
2023-12-16T03:09:30.441 INFO:teuthology.orchestra.run.smithi064.stdout:/usr/bin/ceph: stderr
2023-12-16T03:09:29.820+0000 7f4b4affd700 1 -- 172.21.15.64:0/2309248213 <== mon.0 v2:172.21.15.64:3300/0 2 ==== config(26 keys) v1 ==== 1074+0+0 (secure 0 0 0) 0x7f4b3c00be70 con 0x7f4b4c1022d0
2023-12-16T03:09:30.441 INFO:teuthology.orchestra.run.smithi064.stdout:/usr/bin/ceph: stderr
2023-12-16T03:09:29.820+0000 7f4b4affd700 1 -- 172.21.15.64:0/2309248213 <== mon.0 v2:172.21.15.64:3300/0 3 ==== mon_map magic: 0 v1 ==== 229+0+0 (secure 0 0 0) 0x7f4b3c010380 con 0x7f4b4c1022d0
2023-12-16T03:09:30.441 INFO:teuthology.orchestra.run.smithi064.stdout:/usr/bin/ceph: stderr
2023-12-16T03:09:29.821+0000 7f4b528db700 1 -- 172.21.15.64:0/2309248213 >> [v2:172.21.15.64:3300/0,v1:172.21.15.64:6789/0] conn(0x7f4b4c1022d0 msgr2=0x7f4b4c1026e0 secure :-1 s=STATE_CONNECTION_ESTABLISHED l=1).mark_down
2023-12-16T03:09:30.441 INFO:teuthology.orchestra.run.smithi064.stdout:/usr/bin/ceph: stderr
2023-12-16T03:09:29.821+0000 7f4b528db700 1 --2- 172.21.15.64:0/2309248213 >> [v2:172.21.15.64:3300/0,v1:172.21.15.64:6789/0] conn(0x7f4b4c1022d0 0x7f4b4c1026e0 secure :-1 s=READY pgs=53 cs=0 l=1 rev1=1 crypto rx=0x7f4b3c0098e0 tx=0x7f4b3c009250 comp rx=0 tx=0).stop
2023-12-16T03:09:30.441 INFO:teuthology.orchestra.run.smithi064.stdout:/usr/bin/ceph: stderr
2023-12-16T03:09:29.821+0000 7f4b528db700 1 -- 172.21.15.64:0/2309248213 shutdown_connections
2023-12-16T03:09:30.441 INFO:teuthology.orchestra.run.smithi064.stdout:/usr/bin/ceph: stderr
2023-12-16T03:09:29.821+0000 7f4b528db700 1 --2- 172.21.15.64:0/2309248213 >> [v2:172.21.15.64:3300/0,v1:172.21.15.64:6789/0] conn(0x7f4b4c1022d0 0x7f4b4c1026e0 unknown :-1 s=CLOSED pgs=53 cs=0 l=1 rev1=1 crypto rx=0 tx=0 comp rx=0 tx=0).stop
2023-12-16T03:09:30.441 INFO:teuthology.orchestra.run.smithi064.stdout:/usr/bin/ceph: stderr
2023-12-16T03:09:29.821+0000 7f4b528db700 1 -- 172.21.15.64:0/2309248213 >> 172.21.15.64:0/2309248213 conn(0x7f4b4c0fda50 msgr2=0x7f4b4c0ffe60 unknown :-1 s=STATE_NONE l=0).mark_down
2023-12-16T03:09:30.441 INFO:teuthology.orchestra.run.smithi064.stdout:/usr/bin/ceph: stderr
2023-12-16T03:09:29.821+0000 7f4b528db700 1 -- 172.21.15.64:0/2309248213 shutdown_connections
2023-12-16T03:09:30.441 INFO:teuthology.orchestra.run.smithi064.stdout:/usr/bin/ceph: stderr
2023-12-16T03:09:29.821+0000 7f4b528db700 1 -- 172.21.15.64:0/2309248213 wait complete.
2023-12-16T03:09:30.441 INFO:teuthology.orchestra.run.smithi064.stdout:/usr/bin/ceph: stderr
2023-12-16T03:09:29.822+0000 7f4b528db700 1 Processor -- start
2023-12-16T03:09:30.442 INFO:teuthology.orchestra.run.smithi064.stdout:/usr/bin/ceph: stderr
2023-12-16T03:09:29.822+0000 7f4b528db700 1 -- start start
2023-12-16T03:09:30.442 INFO:teuthology.orchestra.run.smithi064.stdout:/usr/bin/ceph: stderr
2023-12-16T03:09:29.822+0000 7f4b528db700 1 --2- >> [v2:172.21.15.64:3300/0,v1:172.21.15.64:6789/0] conn(0x7f4b4c1022d0 0x7f4b4c111180 unknown :-1 s=NONE pgs=0 cs=0 l=1 rev1=0 crypto rx=0 tx=0 comp rx=0 tx=0).connect
2023-12-16T03:09:30.442 INFO:teuthology.orchestra.run.smithi064.stdout:/usr/bin/ceph: stderr
2023-12-16T03:09:29.822+0000 7f4b528db700 1 -- --> [v2:172.21.15.64:3300/0,v1:172.21.15.64:6789/0] -- mon_getmap magic: 0 v1 -- 0x7f4b4c1116c0 con 0x7f4b4c1022d0
2023-12-16T03:09:30.442 INFO:teuthology.orchestra.run.smithi064.stdout:/usr/bin/ceph: stderr
2023-12-16T03:09:29.822+0000 7f4b4bfff700 1 --2- >> [v2:172.21.15.64:3300/0,v1:172.21.15.64:6789/0] conn(0x7f4b4c1022d0 0x7f4b4c111180 unknown :-1 s=BANNER_CONNECTING pgs=0 cs=0 l=1 rev1=0 crypto rx=0 tx=0 comp rx=0 tx=0)._handle_peer_banner_payload supported=3 required=0
2023-12-16T03:09:30.442 INFO:teuthology.orchestra.run.smithi064.stdout:/usr/bin/ceph: stderr
2023-12-16T03:09:29.822+0000 7f4b4bfff700 1 --2- >> [v2:172.21.15.64:3300/0,v1:172.21.15.64:6789/0] conn(0x7f4b4c1022d0 0x7f4b4c111180 unknown :-1 s=HELLO_CONNECTING pgs=0 cs=0 l=1 rev1=1 crypto rx=0 tx=0 comp rx=0 tx=0).handle_hello peer v2:172.21.15.64:3300/0 says I am v2:172.21.15.64:32790/0 (socket says 172.21.15.64:32790)
2023-12-16T03:09:30.442 INFO:teuthology.orchestra.run.smithi064.stdout:/usr/bin/ceph: stderr
2023-12-16T03:09:29.822+0000 7f4b4bfff700 1 -- 172.21.15.64:0/1594281322 learned_addr learned my addr 172.21.15.64:0/1594281322 (peer_addr_for_me v2:172.21.15.64:0/0)
2023-12-16T03:09:30.442 INFO:teuthology.orchestra.run.smithi064.stdout:/usr/bin/ceph: stderr
2023-12-16T03:09:29.823+0000 7f4b4bfff700 1 -- 172.21.15.64:0/1594281322 --> [v2:172.21.15.64:3300/0,v1:172.21.15.64:6789/0] -- mon_subscribe({config=0+,monmap=0+}) v3 -- 0x7f4b3c0094f0 con 0x7f4b4c1022d0
2023-12-16T03:09:30.442 INFO:teuthology.orchestra.run.smithi064.stdout:/usr/bin/ceph: stderr
2023-12-16T03:09:29.823+0000 7f4b4bfff700 1 --2- 172.21.15.64:0/1594281322 >> [v2:172.21.15.64:3300/0,v1:172.21.15.64:6789/0] conn(0x7f4b4c1022d0 0x7f4b4c111180 secure :-1 s=READY pgs=54 cs=0 l=1 rev1=1 crypto rx=0x7f4b3c011b60 tx=0x7f4b3c009250 comp rx=0 tx=0).ready entity=mon.0 client_cookie=0 server_cookie=0 in_seq=0 out_seq=0
2023-12-16T03:09:30.442 INFO:teuthology.orchestra.run.smithi064.stdout:/usr/bin/ceph: stderr
2023-12-16T03:09:29.823+0000 7f4b48ff9700 1 -- 172.21.15.64:0/1594281322 <== mon.0 v2:172.21.15.64:3300/0 1 ==== mon_map magic: 0 v1 ==== 229+0+0 (secure 0 0 0) 0x7f4b3c010850 con 0x7f4b4c1022d0
2023-12-16T03:09:30.442 INFO:teuthology.orchestra.run.smithi064.stdout:/usr/bin/ceph: stderr
2023-12-16T03:09:29.823+0000 7f4b48ff9700 1 -- 172.21.15.64:0/1594281322 <== mon.0 v2:172.21.15.64:3300/0 2 ==== config(26 keys) v1 ==== 1074+0+0 (secure 0 0 0) 0x7f4b3c010e60 con 0x7f4b4c1022d0
2023-12-16T03:09:30.442 INFO:teuthology.orchestra.run.smithi064.stdout:/usr/bin/ceph: stderr
2023-12-16T03:09:29.823+0000 7f4b528db700 1 -- 172.21.15.64:0/1594281322 --> [v2:172.21.15.64:3300/0,v1:172.21.15.64:6789/0] -- mon_subscribe({mgrmap=0+}) v3 -- 0x7f4b4c1118c0 con 0x7f4b4c1022d0
2023-12-16T03:09:30.442 INFO:teuthology.orchestra.run.smithi064.stdout:/usr/bin/ceph: stderr
2023-12-16T03:09:29.823+0000 7f4b48ff9700 1 -- 172.21.15.64:0/1594281322 <== mon.0 v2:172.21.15.64:3300/0 3 ==== mon_map magic: 0 v1 ==== 229+0+0 (secure 0 0 0) 0x7f4b3c01ae20 con 0x7f4b4c1022d0
2023-12-16T03:09:30.442 INFO:teuthology.orchestra.run.smithi064.stdout:/usr/bin/ceph: stderr
2023-12-16T03:09:29.823+0000 7f4b528db700 1 -- 172.21.15.64:0/1594281322 --> [v2:172.21.15.64:3300/0,v1:172.21.15.64:6789/0] -- mon_subscribe({osdmap=0}) v3 -- 0x7f4b4c111cd0 con 0x7f4b4c1022d0
2023-12-16T03:09:30.442 INFO:teuthology.orchestra.run.smithi064.stdout:/usr/bin/ceph: stderr
2023-12-16T03:09:29.824+0000 7f4b528db700 1 -- 172.21.15.64:0/1594281322 --> [v2:172.21.15.64:3300/0,v1:172.21.15.64:6789/0] -- mon_command({"prefix": "get_command_descriptions"} v 0) v1 -- 0x7f4b4c04bb80 con 0x7f4b4c1022d0
2023-12-16T03:09:30.442 INFO:teuthology.orchestra.run.smithi064.stdout:/usr/bin/ceph: stderr
2023-12-16T03:09:29.824+0000 7f4b48ff9700 1 -- 172.21.15.64:0/1594281322 <== mon.0 v2:172.21.15.64:3300/0 4 ==== mgrmap(e 8) v1 ==== 43281+0+0 (secure 0 0 0) 0x7f4b3c02d3f0 con 0x7f4b4c1022d0
2023-12-16T03:09:30.443 INFO:teuthology.orchestra.run.smithi064.stdout:/usr/bin/ceph: stderr
2023-12-16T03:09:29.824+0000 7f4b48ff9700 1 --2- 172.21.15.64:0/1594281322 >> [v2:172.21.15.64:6800/2673193978,v1:172.21.15.64:6801/2673193978] conn(0x7f4b340365f0 0x7f4b34038aa0 unknown :-1 s=NONE pgs=0 cs=0 l=1 rev1=0 crypto rx=0 tx=0 comp rx=0 tx=0).connect
2023-12-16T03:09:30.443 INFO:teuthology.orchestra.run.smithi064.stdout:/usr/bin/ceph: stderr
2023-12-16T03:09:29.824+0000 7f4b48ff9700 1 -- 172.21.15.64:0/1594281322 <== mon.0 v2:172.21.15.64:3300/0 5 ==== osd_map(2..2 src has 1..2) v4 ==== 936+0+0 (secure 0 0 0) 0x7f4b3c04a450 con 0x7f4b4c1022d0
2023-12-16T03:09:30.443 INFO:teuthology.orchestra.run.smithi064.stdout:/usr/bin/ceph: stderr
2023-12-16T03:09:29.824+0000 7f4b4b7fe700 1 --2- 172.21.15.64:0/1594281322 >> [v2:172.21.15.64:6800/2673193978,v1:172.21.15.64:6801/2673193978] conn(0x7f4b340365f0 0x7f4b34038aa0 unknown :-1 s=BANNER_CONNECTING pgs=0 cs=0 l=1 rev1=0 crypto rx=0 tx=0 comp rx=0 tx=0)._handle_peer_banner_payload supported=3 required=0
2023-12-16T03:09:30.443 INFO:teuthology.orchestra.run.smithi064.stdout:/usr/bin/ceph: stderr
2023-12-16T03:09:29.825+0000 7f4b4b7fe700 1 --2- 172.21.15.64:0/1594281322 >> [v2:172.21.15.64:6800/2673193978,v1:172.21.15.64:6801/2673193978] conn(0x7f4b340365f0 0x7f4b34038aa0 secure :-1 s=READY pgs=15 cs=0 l=1 rev1=1 crypto rx=0x7f4b40009990 tx=0x7f4b40006e40 comp rx=0 tx=0).ready entity=mgr.14120 client_cookie=0 server_cookie=0 in_seq=0 out_seq=0
2023-12-16T03:09:30.443 INFO:teuthology.orchestra.run.smithi064.stdout:/usr/bin/ceph: stderr
2023-12-16T03:09:29.833+0000 7f4b48ff9700 1 -- 172.21.15.64:0/1594281322 <== mon.0 v2:172.21.15.64:3300/0 6 ==== mon_command_ack([{"prefix": "get_command_descriptions"}]=0 v0) v1 ==== 72+0+174570 (secure 0 0 0) 0x7f4b3c02b8e0 con 0x7f4b4c1022d0
2023-12-16T03:09:30.443 INFO:teuthology.orchestra.run.smithi064.stdout:/usr/bin/ceph: stderr
2023-12-16T03:09:30.045+0000 7f4b528db700 1 -- 172.21.15.64:0/1594281322 --> [v2:172.21.15.64:6800/2673193978,v1:172.21.15.64:6801/2673193978] -- mgr_command(tid 0: {"prefix": "orch apply", "service_type": "prometheus", "target": ["mon-mgr", ""]}) v1 -- 0x7f4b4c10b000 con 0x7f4b340365f0
2023-12-16T03:09:30.443 INFO:teuthology.orchestra.run.smithi064.stdout:/usr/bin/ceph: stderr
2023-12-16T03:09:30.050+0000 7f4b48ff9700 1 -- 172.21.15.64:0/1594281322 <== mgr.14120 v2:172.21.15.64:6800/2673193978 1 ==== mgr_command_reply(tid 0: 0 ) v1 ==== 8+0+31 (secure 0 0 0) 0x7f4b4c10b000 con 0x7f4b340365f0
