2023-12-16T03:09:48.512 INFO:teuthology.orchestra.run.smithi064.stdout:/usr/bin/ceph: stderr
2023-12-16T03:09:47.946+0000 7efda857b700 1 -- 172.21.15.64:0/119811222 >> [v2:172.21.15.64:3300/0,v1:172.21.15.64:6789/0] conn(0x7efda01011c0 msgr2=0x7efda01015d0 secure :-1 s=STATE_CONNECTION_ESTABLISHED l=1).mark_down
2023-12-16T03:09:48.512 INFO:teuthology.orchestra.run.smithi064.stdout:/usr/bin/ceph: stderr
2023-12-16T03:09:47.946+0000 7efda857b700 1 --2- 172.21.15.64:0/119811222 >> [v2:172.21.15.64:3300/0,v1:172.21.15.64:6789/0] conn(0x7efda01011c0 0x7efda01015d0 secure :-1 s=READY pgs=86 cs=0 l=1 rev1=1 crypto rx=0x7efd9c00bb80 tx=0x7efd9c00b4f0 comp rx=0 tx=0).stop
2023-12-16T03:09:48.512 INFO:teuthology.orchestra.run.smithi064.stdout:/usr/bin/ceph: stderr
2023-12-16T03:09:47.946+0000 7efda857b700 1 -- 172.21.15.64:0/119811222 shutdown_connections
2023-12-16T03:09:48.512 INFO:teuthology.orchestra.run.smithi064.stdout:/usr/bin/ceph: stderr
2023-12-16T03:09:47.946+0000 7efda857b700 1 --2- 172.21.15.64:0/119811222 >> [v2:172.21.15.64:3300/0,v1:172.21.15.64:6789/0] conn(0x7efda01011c0 0x7efda01015d0 unknown :-1 s=CLOSED pgs=86 cs=0 l=1 rev1=1 crypto rx=0 tx=0 comp rx=0 tx=0).stop
2023-12-16T03:09:48.513 INFO:teuthology.orchestra.run.smithi064.stdout:/usr/bin/ceph: stderr
2023-12-16T03:09:47.946+0000 7efda857b700 1 -- 172.21.15.64:0/119811222 >> 172.21.15.64:0/119811222 conn(0x7efda00fc980 msgr2=0x7efda00fed90 unknown :-1 s=STATE_NONE l=0).mark_down
2023-12-16T03:09:48.513 INFO:teuthology.orchestra.run.smithi064.stdout:/usr/bin/ceph: stderr
2023-12-16T03:09:47.946+0000 7efda857b700 1 -- 172.21.15.64:0/119811222 shutdown_connections
2023-12-16T03:09:48.513 INFO:teuthology.orchestra.run.smithi064.stdout:/usr/bin/ceph: stderr
2023-12-16T03:09:47.947+0000 7efda857b700 1 -- 172.21.15.64:0/119811222 wait complete.
2023-12-16T03:09:48.513 INFO:teuthology.orchestra.run.smithi064.stdout:/usr/bin/ceph: stderr
2023-12-16T03:09:47.947+0000 7efda857b700 1 Processor -- start
2023-12-16T03:09:48.513 INFO:teuthology.orchestra.run.smithi064.stdout:/usr/bin/ceph: stderr
2023-12-16T03:09:47.947+0000 7efda857b700 1 -- start start
2023-12-16T03:09:48.513 INFO:teuthology.orchestra.run.smithi064.stdout:/usr/bin/ceph: stderr
2023-12-16T03:09:47.947+0000 7efda857b700 1 --2- >> [v2:172.21.15.64:3300/0,v1:172.21.15.64:6789/0] conn(0x7efda01011c0 0x7efda010ef00 unknown :-1 s=NONE pgs=0 cs=0 l=1 rev1=0 crypto rx=0 tx=0 comp rx=0 tx=0).connect
2023-12-16T03:09:48.513 INFO:teuthology.orchestra.run.smithi064.stdout:/usr/bin/ceph: stderr
2023-12-16T03:09:47.947+0000 7efda857b700 1 -- --> [v2:172.21.15.64:3300/0,v1:172.21.15.64:6789/0] -- mon_getmap magic: 0 v1 -- 0x7efda010f440 con 0x7efda01011c0
2023-12-16T03:09:48.513 INFO:teuthology.orchestra.run.smithi064.stdout:/usr/bin/ceph: stderr
2023-12-16T03:09:47.947+0000 7efda6317700 1 --2- >> [v2:172.21.15.64:3300/0,v1:172.21.15.64:6789/0] conn(0x7efda01011c0 0x7efda010ef00 unknown :-1 s=BANNER_CONNECTING pgs=0 cs=0 l=1 rev1=0 crypto rx=0 tx=0 comp rx=0 tx=0)._handle_peer_banner_payload supported=3 required=0
2023-12-16T03:09:48.513 INFO:teuthology.orchestra.run.smithi064.stdout:/usr/bin/ceph: stderr
2023-12-16T03:09:47.947+0000 7efda6317700 1 --2- >> [v2:172.21.15.64:3300/0,v1:172.21.15.64:6789/0] conn(0x7efda01011c0 0x7efda010ef00 unknown :-1 s=HELLO_CONNECTING pgs=0 cs=0 l=1 rev1=1 crypto rx=0 tx=0 comp rx=0 tx=0).handle_hello peer v2:172.21.15.64:3300/0 says I am v2:172.21.15.64:37470/0 (socket says 172.21.15.64:37470)
2023-12-16T03:09:48.513 INFO:teuthology.orchestra.run.smithi064.stdout:/usr/bin/ceph: stderr
2023-12-16T03:09:47.947+0000 7efda6317700 1 -- 172.21.15.64:0/2628228023 learned_addr learned my addr 172.21.15.64:0/2628228023 (peer_addr_for_me v2:172.21.15.64:0/0)
2023-12-16T03:09:48.513 INFO:teuthology.orchestra.run.smithi064.stdout:/usr/bin/ceph: stderr
2023-12-16T03:09:47.948+0000 7efda6317700 1 -- 172.21.15.64:0/2628228023 --> [v2:172.21.15.64:3300/0,v1:172.21.15.64:6789/0] -- mon_subscribe({config=0+,monmap=0+}) v3 -- 0x7efd9c00b790 con 0x7efda01011c0
2023-12-16T03:09:48.513 INFO:teuthology.orchestra.run.smithi064.stdout:/usr/bin/ceph: stderr
2023-12-16T03:09:47.948+0000 7efda6317700 1 --2- 172.21.15.64:0/2628228023 >> [v2:172.21.15.64:3300/0,v1:172.21.15.64:6789/0] conn(0x7efda01011c0 0x7efda010ef00 secure :-1 s=READY pgs=87 cs=0 l=1 rev1=1 crypto rx=0x7efd9c0184f0 tx=0x7efd9c00b4f0 comp rx=0 tx=0).ready entity=mon.0 client_cookie=0 server_cookie=0 in_seq=0 out_seq=0
2023-12-16T03:09:48.513 INFO:teuthology.orchestra.run.smithi064.stdout:/usr/bin/ceph: stderr
2023-12-16T03:09:47.948+0000 7efd96ffd700 1 -- 172.21.15.64:0/2628228023 <== mon.0 v2:172.21.15.64:3300/0 1 ==== mon_map magic: 0 v1 ==== 229+0+0 (secure 0 0 0) 0x7efd9c010bd0 con 0x7efda01011c0
2023-12-16T03:09:48.513 INFO:teuthology.orchestra.run.smithi064.stdout:/usr/bin/ceph: stderr
2023-12-16T03:09:47.948+0000 7efd96ffd700 1 -- 172.21.15.64:0/2628228023 <== mon.0 v2:172.21.15.64:3300/0 2 ==== config(26 keys) v1 ==== 1074+0+0 (secure 0 0 0) 0x7efd9c01d050 con 0x7efda01011c0
2023-12-16T03:09:48.514 INFO:teuthology.orchestra.run.smithi064.stdout:/usr/bin/ceph: stderr
2023-12-16T03:09:47.948+0000 7efda857b700 1 -- 172.21.15.64:0/2628228023 --> [v2:172.21.15.64:3300/0,v1:172.21.15.64:6789/0] -- mon_subscribe({mgrmap=0+}) v3 -- 0x7efda010f640 con 0x7efda01011c0
2023-12-16T03:09:48.514 INFO:teuthology.orchestra.run.smithi064.stdout:/usr/bin/ceph: stderr
2023-12-16T03:09:47.948+0000 7efd96ffd700 1 -- 172.21.15.64:0/2628228023 <== mon.0 v2:172.21.15.64:3300/0 3 ==== mon_map magic: 0 v1 ==== 229+0+0 (secure 0 0 0) 0x7efd9c022590 con 0x7efda01011c0
2023-12-16T03:09:48.514 INFO:teuthology.orchestra.run.smithi064.stdout:/usr/bin/ceph: stderr
2023-12-16T03:09:47.948+0000 7efda857b700 1 -- 172.21.15.64:0/2628228023 --> [v2:172.21.15.64:3300/0,v1:172.21.15.64:6789/0] -- mon_subscribe({osdmap=0}) v3 -- 0x7efda010fa50 con 0x7efda01011c0
2023-12-16T03:09:48.514 INFO:teuthology.orchestra.run.smithi064.stdout:/usr/bin/ceph: stderr
2023-12-16T03:09:47.949+0000 7efda857b700 1 -- 172.21.15.64:0/2628228023 --> [v2:172.21.15.64:3300/0,v1:172.21.15.64:6789/0] -- mon_command({"prefix": "get_command_descriptions"} v 0) v1 -- 0x7efda004bb80 con 0x7efda01011c0
2023-12-16T03:09:48.514 INFO:teuthology.orchestra.run.smithi064.stdout:/usr/bin/ceph: stderr
2023-12-16T03:09:47.949+0000 7efd96ffd700 1 -- 172.21.15.64:0/2628228023 <== mon.0 v2:172.21.15.64:3300/0 4 ==== mgrmap(e 12) v1 ==== 43294+0+0 (secure 0 0 0) 0x7efd9c023470 con 0x7efda01011c0
2023-12-16T03:09:48.514 INFO:teuthology.orchestra.run.smithi064.stdout:/usr/bin/ceph: stderr
2023-12-16T03:09:47.950+0000 7efd96ffd700 1 --2- 172.21.15.64:0/2628228023 >> [v2:172.21.15.64:6800/1165076471,v1:172.21.15.64:6801/1165076471] conn(0x7efd8c036690 0x7efd8c038b40 unknown :-1 s=NONE pgs=0 cs=0 l=1 rev1=0 crypto rx=0 tx=0 comp rx=0 tx=0).connect
2023-12-16T03:09:48.514 INFO:teuthology.orchestra.run.smithi064.stdout:/usr/bin/ceph: stderr
2023-12-16T03:09:47.950+0000 7efd96ffd700 1 -- 172.21.15.64:0/2628228023 <== mon.0 v2:172.21.15.64:3300/0 5 ==== osd_map(3..3 src has 1..3) v4 ==== 1151+0+0 (secure 0 0 0) 0x7efd9c014070 con 0x7efda01011c0
2023-12-16T03:09:48.514 INFO:teuthology.orchestra.run.smithi064.stdout:/usr/bin/ceph: stderr
2023-12-16T03:09:47.950+0000 7efda5b16700 1 --2- 172.21.15.64:0/2628228023 >> [v2:172.21.15.64:6800/1165076471,v1:172.21.15.64:6801/1165076471] conn(0x7efd8c036690 0x7efd8c038b40 unknown :-1 s=BANNER_CONNECTING pgs=0 cs=0 l=1 rev1=0 crypto rx=0 tx=0 comp rx=0 tx=0)._handle_peer_banner_payload supported=3 required=0
2023-12-16T03:09:48.514 INFO:teuthology.orchestra.run.smithi064.stdout:/usr/bin/ceph: stderr
2023-12-16T03:09:47.950+0000 7efda5b16700 1 --2- 172.21.15.64:0/2628228023 >> [v2:172.21.15.64:6800/1165076471,v1:172.21.15.64:6801/1165076471] conn(0x7efd8c036690 0x7efd8c038b40 secure :-1 s=READY pgs=10 cs=0 l=1 rev1=1 crypto rx=0x7efd90009990 tx=0x7efd90006e40 comp rx=0 tx=0).ready entity=mgr.14162 client_cookie=0 server_cookie=0 in_seq=0 out_seq=0
2023-12-16T03:09:48.514 INFO:teuthology.orchestra.run.smithi064.stdout:/usr/bin/ceph: stderr
2023-12-16T03:09:47.954+0000 7efd96ffd700 1 -- 172.21.15.64:0/2628228023 <== mon.0 v2:172.21.15.64:3300/0 6 ==== mon_command_ack([{"prefix": "get_command_descriptions"}]=0 v0) v1 ==== 72+0+174570 (secure 0 0 0) 0x7efd9c022d20 con 0x7efda01011c0
2023-12-16T03:09:48.514 INFO:teuthology.orchestra.run.smithi064.stdout:/usr/bin/ceph: stderr
2023-12-16T03:09:48.151+0000 7efda857b700 1 -- 172.21.15.64:0/2628228023 --> [v2:172.21.15.64:3300/0,v1:172.21.15.64:6789/0] -- mon_command([{prefix=config set, name=osd_memory_target_autotune}] v 0) v1 -- 0x7efda0102fa0 con 0x7efda01011c0
2023-12-16T03:09:48.514 INFO:teuthology.orchestra.run.smithi064.stdout:/usr/bin/ceph: stderr
2023-12-16T03:09:48.151+0000 7efd96ffd700 1 -- 172.21.15.64:0/2628228023 <== mon.0 v2:172.21.15.64:3300/0 7 ==== mon_command_ack([{prefix=config set, name=osd_memory_target_autotune}]=0 v8)=0 v8) v1 ==== 127+0+0 (secure 0 0 0) 0x7efd9c00e360 con 0x7efda01011c0
2023-12-16T03:09:48.514 INFO:teuthology.orchestra.run.smithi064.stdout:/usr/bin/ceph: stderr
2023-12-16T03:09:48.153+0000 7efda857b700 1 -- 172.21.15.64:0/2628228023 >> [v2:172.21.15.64:6800/1165076471,v1:172.21.15.64:6801/1165076471] conn(0x7efd8c036690 msgr2=0x7efd8c038b40 secure :-1 s=STATE_CONNECTION_ESTABLISHED l=1).mark_down
2023-12-16T03:09:48.514 INFO:teuthology.orchestra.run.smithi064.stdout:/usr/bin/ceph: stderr
2023-12-16T03:09:48.153+0000 7efda857b700 1 --2- 172.21.15.64:0/2628228023 >> [v2:172.21.15.64:6800/1165076471,v1:172.21.15.64:6801/1165076471] conn(0x7efd8c036690 0x7efd8c038b40 secure :-1 s=READY pgs=10 cs=0 l=1 rev1=1 crypto rx=0x7efd90009990 tx=0x7efd90006e40 comp rx=0 tx=0).stop
2023-12-16T03:09:48.515 INFO:teuthology.orchestra.run.smithi064.stdout:/usr/bin/ceph: stderr
2023-12-16T03:09:48.153+0000 7efda857b700 1 -- 172.21.15.64:0/2628228023 >> [v2:172.21.15.64:3300/0,v1:172.21.15.64:6789/0] conn(0x7efda01011c0 msgr2=0x7efda010ef00 secure :-1 s=STATE_CONNECTION_ESTABLISHED l=1).mark_down
2023-12-16T03:09:48.515 INFO:teuthology.orchestra.run.smithi064.stdout:/usr/bin/ceph: stderr
2023-12-16T03:09:48.153+0000 7efda857b700 1 --2- 172.21.15.64:0/2628228023 >> [v2:172.21.15.64:3300/0,v1:172.21.15.64:6789/0] conn(0x7efda01011c0 0x7efda010ef00 secure :-1 s=READY pgs=87 cs=0 l=1 rev1=1 crypto rx=0x7efd9c0184f0 tx=0x7efd9c00b4f0 comp rx=0 tx=0).stop
2023-12-16T03:09:48.515 INFO:teuthology.orchestra.run.smithi064.stdout:/usr/bin/ceph: stderr
2023-12-16T03:09:48.153+0000 7efda857b700 1 -- 172.21.15.64:0/2628228023 shutdown_connections
2023-12-16T03:09:48.515 INFO:teuthology.orchestra.run.smithi064.stdout:/usr/bin/ceph: stderr
2023-12-16T03:09:48.153+0000 7efda857b700 1 --2- 172.21.15.64:0/2628228023 >> [v2:172.21.15.64:6800/1165076471,v1:172.21.15.64:6801/1165076471] conn(0x7efd8c036690 0x7efd8c038b40 unknown :-1 s=CLOSED pgs=10 cs=0 l=1 rev1=1 crypto rx=0 tx=0 comp rx=0 tx=0).stop
2023-12-16T03:09:48.515 INFO:teuthology.orchestra.run.smithi064.stdout:/usr/bin/ceph: stderr
2023-12-16T03:09:48.153+0000 7efda857b700 1 --2- 172.21.15.64:0/2628228023 >> [v2:172.21.15.64:3300/0,v1:172.21.15.64:6789/0] conn(0x7efda01011c0 0x7efda010ef00 unknown :-1 s=CLOSED pgs=87 cs=0 l=1 rev1=1 crypto rx=0 tx=0 comp rx=0 tx=0).stop
2023-12-16T03:09:48.515 INFO:teuthology.orchestra.run.smithi064.stdout:/usr/bin/ceph: stderr
2023-12-16T03:09:48.153+0000 7efda857b700 1 -- 172.21.15.64:0/2628228023 >> 172.21.15.64:0/2628228023 conn(0x7efda00fc980 msgr2=0x7efda0105f30 unknown :-1 s=STATE_NONE l=0).mark_down
2023-12-16T03:09:48.515 INFO:teuthology.orchestra.run.smithi064.stdout:/usr/bin/ceph: stderr
2023-12-16T03:09:48.154+0000 7efda857b700 1 -- 172.21.15.64:0/2628228023 shutdown_connections
2023-12-16T03:09:48.515 INFO:teuthology.orchestra.run.smithi064.stdout:/usr/bin/ceph: stderr
2023-12-16T03:09:48.154+0000 7efda857b700 1 -- 172.21.15.64:0/2628228023 wait complete.
2023-12-16T03:09:49.538 INFO:teuthology.orchestra.run.smithi064.stdout:/usr/bin/ceph: stderr
2023-12-16T03:09:48.865+0000 7fc4b7903700 1 Processor -- start
2023-12-16T03:09:49.538 INFO:teuthology.orchestra.run.smithi064.stdout:/usr/bin/ceph: stderr
2023-12-16T03:09:48.865+0000 7fc4b7903700 1 -- start start
2023-12-16T03:09:49.538 INFO:teuthology.orchestra.run.smithi064.stdout:/usr/bin/ceph: stderr
2023-12-16T03:09:48.865+0000 7fc4b7903700 1 --2- >> [v2:172.21.15.64:3300/0,v1:172.21.15.64:6789/0] conn(0x7fc4b01022b0 0x7fc4b01026c0 unknown :-1 s=NONE pgs=0 cs=0 l=0 rev1=0 crypto rx=0 tx=0 comp rx=0 tx=0).connect
2023-12-16T03:09:49.538 INFO:teuthology.orchestra.run.smithi064.stdout:/usr/bin/ceph: stderr
2023-12-16T03:09:48.865+0000 7fc4b7903700 1 -- --> [v2:172.21.15.64:3300/0,v1:172.21.15.64:6789/0] -- mon_getmap magic: 0 v1 -- 0x7fc4b0102c00 con 0x7fc4b01022b0
2023-12-16T03:09:49.538 INFO:teuthology.orchestra.run.smithi064.stdout:/usr/bin/ceph: stderr
2023-12-16T03:09:48.865+0000 7fc4b569f700 1 --2- >> [v2:172.21.15.64:3300/0,v1:172.21.15.64:6789/0] conn(0x7fc4b01022b0 0x7fc4b01026c0 unknown :-1 s=BANNER_CONNECTING pgs=0 cs=0 l=0 rev1=0 crypto rx=0 tx=0 comp rx=0 tx=0)._handle_peer_banner_payload supported=3 required=0
2023-12-16T03:09:49.538 INFO:teuthology.orchestra.run.smithi064.stdout:/usr/bin/ceph: stderr
2023-12-16T03:09:48.865+0000 7fc4b569f700 1 --2- >> [v2:172.21.15.64:3300/0,v1:172.21.15.64:6789/0] conn(0x7fc4b01022b0 0x7fc4b01026c0 unknown :-1 s=HELLO_CONNECTING pgs=0 cs=0 l=0 rev1=1 crypto rx=0 tx=0 comp rx=0 tx=0).handle_hello peer v2:172.21.15.64:3300/0 says I am v2:172.21.15.64:37486/0 (socket says 172.21.15.64:37486)
2023-12-16T03:09:49.538 INFO:teuthology.orchestra.run.smithi064.stdout:/usr/bin/ceph: stderr
2023-12-16T03:09:48.865+0000 7fc4b569f700 1 -- 172.21.15.64:0/811035583 learned_addr learned my addr 172.21.15.64:0/811035583 (peer_addr_for_me v2:172.21.15.64:0/0)
2023-12-16T03:09:49.538 INFO:teuthology.orchestra.run.smithi064.stdout:/usr/bin/ceph: stderr
2023-12-16T03:09:48.866+0000 7fc4b569f700 1 -- 172.21.15.64:0/811035583 --> [v2:172.21.15.64:3300/0,v1:172.21.15.64:6789/0] -- mon_subscribe({config=0+,monmap=0+}) v3 -- 0x7fc4b0102d40 con 0x7fc4b01022b0
2023-12-16T03:09:49.538 INFO:teuthology.orchestra.run.smithi064.stdout:/usr/bin/ceph: stderr
2023-12-16T03:09:48.866+0000 7fc4b569f700 1 --2- 172.21.15.64:0/811035583 >> [v2:172.21.15.64:3300/0,v1:172.21.15.64:6789/0] conn(0x7fc4b01022b0 0x7fc4b01026c0 secure :-1 s=READY pgs=88 cs=0 l=1 rev1=1 crypto rx=0x7fc4ac0098e0 tx=0x7fc4ac009250 comp rx=0 tx=0).ready entity=mon.0 client_cookie=8135e601ee499103 server_cookie=0 in_seq=0 out_seq=0
2023-12-16T03:09:49.538 INFO:teuthology.orchestra.run.smithi064.stdout:/usr/bin/ceph: stderr
2023-12-16T03:09:48.866+0000 7fc4a7fff700 1 -- 172.21.15.64:0/811035583 <== mon.0 v2:172.21.15.64:3300/0 1 ==== mon_map magic: 0 v1 ==== 229+0+0 (secure 0 0 0) 0x7fc4ac00b860 con 0x7fc4b01022b0
2023-12-16T03:09:49.539 INFO:teuthology.orchestra.run.smithi064.stdout:/usr/bin/ceph: stderr
2023-12-16T03:09:48.866+0000 7fc4a7fff700 1 -- 172.21.15.64:0/811035583 <== mon.0 v2:172.21.15.64:3300/0 2 ==== config(26 keys) v1 ==== 1074+0+0 (secure 0 0 0) 0x7fc4ac00be70 con 0x7fc4b01022b0
2023-12-16T03:09:49.539 INFO:teuthology.orchestra.run.smithi064.stdout:/usr/bin/ceph: stderr
2023-12-16T03:09:48.866+0000 7fc4a7fff700 1 -- 172.21.15.64:0/811035583 <== mon.0 v2:172.21.15.64:3300/0 3 ==== mon_map magic: 0 v1 ==== 229+0+0 (secure 0 0 0) 0x7fc4ac010380 con 0x7fc4b01022b0
2023-12-16T03:09:49.539 INFO:teuthology.orchestra.run.smithi064.stdout:/usr/bin/ceph: stderr
2023-12-16T03:09:48.866+0000 7fc4b7903700 1 -- 172.21.15.64:0/811035583 >> [v2:172.21.15.64:3300/0,v1:172.21.15.64:6789/0] conn(0x7fc4b01022b0 msgr2=0x7fc4b01026c0 secure :-1 s=STATE_CONNECTION_ESTABLISHED l=1).mark_down
2023-12-16T03:09:49.539 INFO:teuthology.orchestra.run.smithi064.stdout:/usr/bin/ceph: stderr
2023-12-16T03:09:48.866+0000 7fc4b7903700 1 --2- 172.21.15.64:0/811035583 >> [v2:172.21.15.64:3300/0,v1:172.21.15.64:6789/0] conn(0x7fc4b01022b0 0x7fc4b01026c0 secure :-1 s=READY pgs=88 cs=0 l=1 rev1=1 crypto rx=0x7fc4ac0098e0 tx=0x7fc4ac009250 comp rx=0 tx=0).stop
2023-12-16T03:09:49.539 INFO:teuthology.orchestra.run.smithi064.stdout:/usr/bin/ceph: stderr
2023-12-16T03:09:48.866+0000 7fc4b7903700 1 -- 172.21.15.64:0/811035583 shutdown_connections
2023-12-16T03:09:49.539 INFO:teuthology.orchestra.run.smithi064.stdout:/usr/bin/ceph: stderr
2023-12-16T03:09:48.866+0000 7fc4b7903700 1 --2- 172.21.15.64:0/811035583 >> [v2:172.21.15.64:3300/0,v1:172.21.15.64:6789/0] conn(0x7fc4b01022b0 0x7fc4b01026c0 unknown :-1 s=CLOSED pgs=88 cs=0 l=1 rev1=1 crypto rx=0 tx=0 comp rx=0 tx=0).stop
2023-12-16T03:09:49.539 INFO:teuthology.orchestra.run.smithi064.stdout:/usr/bin/ceph: stderr
2023-12-16T03:09:48.866+0000 7fc4b7903700 1 -- 172.21.15.64:0/811035583 >> 172.21.15.64:0/811035583 conn(0x7fc4b00fda10 msgr2=0x7fc4b00ffe40 unknown :-1 s=STATE_NONE l=0).mark_down
2023-12-16T03:09:49.539 INFO:teuthology.orchestra.run.smithi064.stdout:/usr/bin/ceph: stderr
2023-12-16T03:09:48.867+0000 7fc4b7903700 1 -- 172.21.15.64:0/811035583 shutdown_connections
2023-12-16T03:09:49.539 INFO:teuthology.orchestra.run.smithi064.stdout:/usr/bin/ceph: stderr
2023-12-16T03:09:48.867+0000 7fc4b7903700 1 -- 172.21.15.64:0/811035583 wait complete.
2023-12-16T03:09:49.539 INFO:teuthology.orchestra.run.smithi064.stdout:/usr/bin/ceph: stderr
2023-12-16T03:09:48.867+0000 7fc4b7903700 1 Processor -- start
2023-12-16T03:09:49.539 INFO:teuthology.orchestra.run.smithi064.stdout:/usr/bin/ceph: stderr
2023-12-16T03:09:48.867+0000 7fc4b7903700 1 -- start start
2023-12-16T03:09:49.539 INFO:teuthology.orchestra.run.smithi064.stdout:/usr/bin/ceph: stderr
2023-12-16T03:09:48.867+0000 7fc4b7903700 1 --2- >> [v2:172.21.15.64:3300/0,v1:172.21.15.64:6789/0] conn(0x7fc4b01022b0 0x7fc4b0078d10 unknown :-1 s=NONE pgs=0 cs=0 l=1 rev1=0 crypto rx=0 tx=0 comp rx=0 tx=0).connect
2023-12-16T03:09:49.539 INFO:teuthology.orchestra.run.smithi064.stdout:/usr/bin/ceph: stderr
2023-12-16T03:09:48.867+0000 7fc4b7903700 1 -- --> [v2:172.21.15.64:3300/0,v1:172.21.15.64:6789/0] -- mon_getmap magic: 0 v1 -- 0x7fc4b0077190 con 0x7fc4b01022b0
2023-12-16T03:09:49.539 INFO:teuthology.orchestra.run.smithi064.stdout:/usr/bin/ceph: stderr
2023-12-16T03:09:48.867+0000 7fc4b569f700 1 --2- >> [v2:172.21.15.64:3300/0,v1:172.21.15.64:6789/0] conn(0x7fc4b01022b0 0x7fc4b0078d10 unknown :-1 s=BANNER_CONNECTING pgs=0 cs=0 l=1 rev1=0 crypto rx=0 tx=0 comp rx=0 tx=0)._handle_peer_banner_payload supported=3 required=0
2023-12-16T03:09:49.540 INFO:teuthology.orchestra.run.smithi064.stdout:/usr/bin/ceph: stderr
2023-12-16T03:09:48.867+0000 7fc4b569f700 1 --2- >> [v2:172.21.15.64:3300/0,v1:172.21.15.64:6789/0] conn(0x7fc4b01022b0 0x7fc4b0078d10 unknown :-1 s=HELLO_CONNECTING pgs=0 cs=0 l=1 rev1=1 crypto rx=0 tx=0 comp rx=0 tx=0).handle_hello peer v2:172.21.15.64:3300/0 says I am v2:172.21.15.64:37488/0 (socket says 172.21.15.64:37488)
2023-12-16T03:09:49.540 INFO:teuthology.orchestra.run.smithi064.stdout:/usr/bin/ceph: stderr
2023-12-16T03:09:48.867+0000 7fc4b569f700 1 -- 172.21.15.64:0/486029247 learned_addr learned my addr 172.21.15.64:0/486029247 (peer_addr_for_me v2:172.21.15.64:0/0)
2023-12-16T03:09:49.540 INFO:teuthology.orchestra.run.smithi064.stdout:/usr/bin/ceph: stderr
2023-12-16T03:09:48.868+0000 7fc4b569f700 1 -- 172.21.15.64:0/486029247 --> [v2:172.21.15.64:3300/0,v1:172.21.15.64:6789/0] -- mon_subscribe({config=0+,monmap=0+}) v3 -- 0x7fc4ac0094f0 con 0x7fc4b01022b0
2023-12-16T03:09:49.540 INFO:teuthology.orchestra.run.smithi064.stdout:/usr/bin/ceph: stderr
2023-12-16T03:09:48.868+0000 7fc4b569f700 1 --2- 172.21.15.64:0/486029247 >> [v2:172.21.15.64:3300/0,v1:172.21.15.64:6789/0] conn(0x7fc4b01022b0 0x7fc4b0078d10 secure :-1 s=READY pgs=89 cs=0 l=1 rev1=1 crypto rx=0x7fc4ac00c010 tx=0x7fc4ac009250 comp rx=0 tx=0).ready entity=mon.0 client_cookie=0 server_cookie=0 in_seq=0 out_seq=0
2023-12-16T03:09:49.540 INFO:teuthology.orchestra.run.smithi064.stdout:/usr/bin/ceph: stderr
2023-12-16T03:09:48.868+0000 7fc4a5ffb700 1 -- 172.21.15.64:0/486029247 <== mon.0 v2:172.21.15.64:3300/0 1 ==== mon_map magic: 0 v1 ==== 229+0+0 (secure 0 0 0) 0x7fc4ac010960 con 0x7fc4b01022b0
2023-12-16T03:09:49.540 INFO:teuthology.orchestra.run.smithi064.stdout:/usr/bin/ceph: stderr
2023-12-16T03:09:48.868+0000 7fc4a5ffb700 1 -- 172.21.15.64:0/486029247 <== mon.0 v2:172.21.15.64:3300/0 2 ==== config(26 keys) v1 ==== 1074+0+0 (secure 0 0 0) 0x7fc4ac01a430 con 0x7fc4b01022b0
2023-12-16T03:09:49.540 INFO:teuthology.orchestra.run.smithi064.stdout:/usr/bin/ceph: stderr
2023-12-16T03:09:48.868+0000 7fc4b7903700 1 -- 172.21.15.64:0/486029247 --> [v2:172.21.15.64:3300/0,v1:172.21.15.64:6789/0] -- mon_subscribe({mgrmap=0+}) v3 -- 0x7fc4b0077390 con 0x7fc4b01022b0
2023-12-16T03:09:49.540 INFO:teuthology.orchestra.run.smithi064.stdout:/usr/bin/ceph: stderr
2023-12-16T03:09:48.868+0000 7fc4a5ffb700 1 -- 172.21.15.64:0/486029247 <== mon.0 v2:172.21.15.64:3300/0 3 ==== mon_map magic: 0 v1 ==== 229+0+0 (secure 0 0 0) 0x7fc4ac019580 con 0x7fc4b01022b0
2023-12-16T03:09:49.540 INFO:teuthology.orchestra.run.smithi064.stdout:/usr/bin/ceph: stderr
2023-12-16T03:09:48.868+0000 7fc4b7903700 1 -- 172.21.15.64:0/486029247 --> [v2:172.21.15.64:3300/0,v1:172.21.15.64:6789/0] -- mon_subscribe({osdmap=0}) v3 -- 0x7fc4b00777a0 con 0x7fc4b01022b0
2023-12-16T03:09:49.540 INFO:teuthology.orchestra.run.smithi064.stdout:/usr/bin/ceph: stderr
2023-12-16T03:09:48.869+0000 7fc4a5ffb700 1 -- 172.21.15.64:0/486029247 <== mon.0 v2:172.21.15.64:3300/0 4 ==== mgrmap(e 13) v1 ==== 43337+0+0 (secure 0 0 0) 0x7fc4ac019800 con 0x7fc4b01022b0
2023-12-16T03:09:49.540 INFO:teuthology.orchestra.run.smithi064.stdout:/usr/bin/ceph: stderr
2023-12-16T03:09:48.869+0000 7fc4b7903700 1 -- 172.21.15.64:0/486029247 --> [v2:172.21.15.64:3300/0,v1:172.21.15.64:6789/0] -- mon_command({"prefix": "get_command_descriptions"} v 0) v1 -- 0x7fc4b004bb80 con 0x7fc4b01022b0
2023-12-16T03:09:49.540 INFO:teuthology.orchestra.run.smithi064.stdout:/usr/bin/ceph: stderr
2023-12-16T03:09:48.869+0000 7fc4a5ffb700 1 --2- 172.21.15.64:0/486029247 >> [v2:172.21.15.64:6800/1165076471,v1:172.21.15.64:6801/1165076471] conn(0x7fc49c036730 0x7fc49c038be0 unknown :-1 s=NONE pgs=0 cs=0 l=1 rev1=0 crypto rx=0 tx=0 comp rx=0 tx=0).connect
2023-12-16T03:09:49.540 INFO:teuthology.orchestra.run.smithi064.stdout:/usr/bin/ceph: stderr
2023-12-16T03:09:48.869+0000 7fc4a5ffb700 1 -- 172.21.15.64:0/486029247 <== mon.0 v2:172.21.15.64:3300/0 5 ==== osd_map(3..3 src has 1..3) v4 ==== 1151+0+0 (secure 0 0 0) 0x7fc4ac04a650 con 0x7fc4b01022b0
2023-12-16T03:09:49.541 INFO:teuthology.orchestra.run.smithi064.stdout:/usr/bin/ceph: stderr
2023-12-16T03:09:48.869+0000 7fc4b4e9e700 1 --2- 172.21.15.64:0/486029247 >> [v2:172.21.15.64:6800/1165076471,v1:172.21.15.64:6801/1165076471] conn(0x7fc49c036730 0x7fc49c038be0 unknown :-1 s=BANNER_CONNECTING pgs=0 cs=0 l=1 rev1=0 crypto rx=0 tx=0 comp rx=0 tx=0)._handle_peer_banner_payload supported=3 required=0
2023-12-16T03:09:49.541 INFO:teuthology.orchestra.run.smithi064.stdout:/usr/bin/ceph: stderr
2023-12-16T03:09:48.870+0000 7fc4b4e9e700 1 --2- 172.21.15.64:0/486029247 >> [v2:172.21.15.64:6800/1165076471,v1:172.21.15.64:6801/1165076471] conn(0x7fc49c036730 0x7fc49c038be0 secure :-1 s=READY pgs=11 cs=0 l=1 rev1=1 crypto rx=0x7fc4a0009990 tx=0x7fc4a0006e40 comp rx=0 tx=0).ready entity=mgr.14162 client_cookie=0 server_cookie=0 in_seq=0 out_seq=0
2023-12-16T03:09:49.541 INFO:teuthology.orchestra.run.smithi064.stdout:/usr/bin/ceph: stderr
2023-12-16T03:09:48.874+0000 7fc4a5ffb700 1 -- 172.21.15.64:0/486029247 <== mon.0 v2:172.21.15.64:3300/0 6 ==== mon_command_ack([{"prefix": "get_command_descriptions"}]=0 v0) v1 ==== 72+0+174570 (secure 0 0 0) 0x7fc4ac02bb30 con 0x7fc4b01022b0
2023-12-16T03:09:49.541 INFO:teuthology.orchestra.run.smithi064.stdout:/usr/bin/ceph: stderr
2023-12-16T03:09:49.180+0000 7fc4b7903700 1 -- 172.21.15.64:0/486029247 --> [v2:172.21.15.64:3300/0,v1:172.21.15.64:6789/0] -- mon_command([{prefix=config-key set, key=mgr/dashboard/cluster/status}] v 0) v1 -- 0x7fc4b0104090 con 0x7fc4b01022b0
2023-12-16T03:09:49.541 INFO:teuthology.orchestra.run.smithi064.stdout:/usr/bin/ceph: stderr
2023-12-16T03:09:49.183+0000 7fc4a5ffb700 1 -- 172.21.15.64:0/486029247 <== mon.0 v2:172.21.15.64:3300/0 7 ==== mon_command_ack([{prefix=config-key set, key=mgr/dashboard/cluster/status}]=0 set mgr/dashboard/cluster/status v33)=0 set mgr/dashboard/cluster/status v33) v1 ==== 153+0+0 (secure 0 0 0) 0x7fc4ac029e60 con 0x7fc4b01022b0
2023-12-16T03:09:49.541 INFO:teuthology.orchestra.run.smithi064.stdout:/usr/bin/ceph: stderr
2023-12-16T03:09:49.185+0000 7fc4b7903700 1 -- 172.21.15.64:0/486029247 >> [v2:172.21.15.64:6800/1165076471,v1:172.21.15.64:6801/1165076471] conn(0x7fc49c036730 msgr2=0x7fc49c038be0 secure :-1 s=STATE_CONNECTION_ESTABLISHED l=1).mark_down
2023-12-16T03:09:49.541 INFO:teuthology.orchestra.run.smithi064.stdout:/usr/bin/ceph: stderr
2023-12-16T03:09:49.185+0000 7fc4b7903700 1 --2- 172.21.15.64:0/486029247 >> [v2:172.21.15.64:6800/1165076471,v1:172.21.15.64:6801/1165076471] conn(0x7fc49c036730 0x7fc49c038be0 secure :-1 s=READY pgs=11 cs=0 l=1 rev1=1 crypto rx=0x7fc4a0009990 tx=0x7fc4a0006e40 comp rx=0 tx=0).stop
2023-12-16T03:09:49.541 INFO:teuthology.orchestra.run.smithi064.stdout:/usr/bin/ceph: stderr
2023-12-16T03:09:49.185+0000 7fc4b7903700 1 -- 172.21.15.64:0/486029247 >> [v2:172.21.15.64:3300/0,v1:172.21.15.64:6789/0] conn(0x7fc4b01022b0 msgr2=0x7fc4b0078d10 secure :-1 s=STATE_CONNECTION_ESTABLISHED l=1).mark_down
2023-12-16T03:09:49.541 INFO:teuthology.orchestra.run.smithi064.stdout:/usr/bin/ceph: stderr
2023-12-16T03:09:49.185+0000 7fc4b7903700 1 --2- 172.21.15.64:0/486029247 >> [v2:172.21.15.64:3300/0,v1:172.21.15.64:6789/0] conn(0x7fc4b01022b0 0x7fc4b0078d10 secure :-1 s=READY pgs=89 cs=0 l=1 rev1=1 crypto rx=0x7fc4ac00c010 tx=0x7fc4ac009250 comp rx=0 tx=0).stop
2023-12-16T03:09:49.541 INFO:teuthology.orchestra.run.smithi064.stdout:/usr/bin/ceph: stderr
2023-12-16T03:09:49.185+0000 7fc4b7903700 1 -- 172.21.15.64:0/486029247 shutdown_connections
2023-12-16T03:09:49.541 INFO:teuthology.orchestra.run.smithi064.stdout:/usr/bin/ceph: stderr
2023-12-16T03:09:49.185+0000 7fc4b7903700 1 --2- 172.21.15.64:0/486029247 >> [v2:172.21.15.64:6800/1165076471,v1:172.21.15.64:6801/1165076471] conn(0x7fc49c036730 0x7fc49c038be0 unknown :-1 s=CLOSED pgs=11 cs=0 l=1 rev1=1 crypto rx=0 tx=0 comp rx=0 tx=0).stop
2023-12-16T03:09:49.542 INFO:teuthology.orchestra.run.smithi064.stdout:/usr/bin/ceph: stderr
2023-12-16T03:09:49.185+0000 7fc4b7903700 1 --2- 172.21.15.64:0/486029247 >> [v2:172.21.15.64:3300/0,v1:172.21.15.64:6789/0] conn(0x7fc4b01022b0 0x7fc4b0078d10 unknown :-1 s=CLOSED pgs=89 cs=0 l=1 rev1=1 crypto rx=0 tx=0 comp rx=0 tx=0).stop
2023-12-16T03:09:49.542 INFO:teuthology.orchestra.run.smithi064.stdout:/usr/bin/ceph: stderr
2023-12-16T03:09:49.185+0000 7fc4b7903700 1 -- 172.21.15.64:0/486029247 >> 172.21.15.64:0/486029247 conn(0x7fc4b00fda10 msgr2=0x7fc4b00ff1e0 unknown :-1 s=STATE_NONE l=0).mark_down
2023-12-16T03:09:49.542 INFO:teuthology.orchestra.run.smithi064.stdout:/usr/bin/ceph: stderr
2023-12-16T03:09:49.185+0000 7fc4b7903700 1 -- 172.21.15.64:0/486029247 shutdown_connections
2023-12-16T03:09:49.542 INFO:teuthology.orchestra.run.smithi064.stdout:/usr/bin/ceph: stderr
2023-12-16T03:09:49.185+0000 7fc4b7903700 1 -- 172.21.15.64:0/486029247 wait complete.
2023-12-16T03:09:49.542 INFO:teuthology.orchestra.run.smithi064.stdout:/usr/bin/ceph: stderr set mgr/dashboard/cluster/status
2023-12-16T03:09:49.542 INFO:teuthology.orchestra.run.smithi064.stdout:You can access the Ceph CLI as following in case of multi-cluster or non-default config:
2023-12-16T03:09:49.542 INFO:teuthology.orchestra.run.smithi064.stdout:
2023-12-16T03:09:49.542 INFO:teuthology.orchestra.run.smithi064.stdout: sudo /home/ubuntu/cephtest/cephadm shell --fsid 5b4de048-9bc0-11ee-95a5-87774f69a715 -c /etc/ceph/ceph.conf -k /etc/ceph/ceph.client.admin.keyring
2023-12-16T03:09:49.542 INFO:teuthology.orchestra.run.smithi064.stdout:
2023-12-16T03:09:49.542 INFO:teuthology.orchestra.run.smithi064.stdout:Or, if you are only running a single cluster on this host:
2023-12-16T03:09:49.542 INFO:teuthology.orchestra.run.smithi064.stdout:
2023-12-16T03:09:49.542 INFO:teuthology.orchestra.run.smithi064.stdout: sudo /home/ubuntu/cephtest/cephadm shell
2023-12-16T03:09:49.542 INFO:teuthology.orchestra.run.smithi064.stdout:
2023-12-16T03:09:49.542 INFO:teuthology.orchestra.run.smithi064.stdout:Please consider enabling telemetry to help improve Ceph:
2023-12-16T03:09:49.543 INFO:teuthology.orchestra.run.smithi064.stdout:
2023-12-16T03:09:49.543 INFO:teuthology.orchestra.run.smithi064.stdout: ceph telemetry on
2023-12-16T03:09:49.543 INFO:teuthology.orchestra.run.smithi064.stdout:
2023-12-16T03:09:49.543 INFO:teuthology.orchestra.run.smithi064.stdout:For more information see:
2023-12-16T03:09:49.543 INFO:teuthology.orchestra.run.smithi064.stdout:
2023-12-16T03:09:49.543 INFO:teuthology.orchestra.run.smithi064.stdout: https://docs.ceph.com/docs/master/mgr/telemetry/
2023-12-16T03:09:49.543 INFO:teuthology.orchestra.run.smithi064.stdout:
2023-12-16T03:09:49.543 INFO:teuthology.orchestra.run.smithi064.stdout:Bootstrap complete.
2023-12-16T03:09:49.570 INFO:tasks.cephadm:Fetching config...
2023-12-16T03:09:49.570 DEBUG:teuthology.orchestra.run.smithi064:> set -ex
2023-12-16T03:09:49.570 DEBUG:teuthology.orchestra.run.smithi064:> dd if=/etc/ceph/ceph.conf of=/dev/stdout
2023-12-16T03:09:49.629 INFO:tasks.cephadm:Fetching client.admin keyring...
2023-12-16T03:09:49.629 DEBUG:teuthology.orchestra.run.smithi064:> set -ex
2023-12-16T03:09:49.629 DEBUG:teuthology.orchestra.run.smithi064:> dd if=/etc/ceph/ceph.client.admin.keyring of=/dev/stdout
2023-12-16T03:09:49.688 INFO:tasks.cephadm:Fetching mon keyring...
2023-12-16T03:09:49.688 DEBUG:teuthology.orchestra.run.smithi064:> set -ex
2023-12-16T03:09:49.688 DEBUG:teuthology.orchestra.run.smithi064:> sudo dd if=/var/lib/ceph/5b4de048-9bc0-11ee-95a5-87774f69a715/mon.smithi064/keyring of=/dev/stdout
2023-12-16T03:09:49.759 INFO:tasks.cephadm:Fetching pub ssh key...
2023-12-16T03:09:49.760 DEBUG:teuthology.orchestra.run.smithi064:> set -ex
2023-12-16T03:09:49.760 DEBUG:teuthology.orchestra.run.smithi064:> dd if=/home/ubuntu/cephtest/ceph.pub of=/dev/stdout
2023-12-16T03:09:49.818 INFO:tasks.cephadm:Installing pub ssh key for root users...
2023-12-16T03:09:49.818 DEBUG:teuthology.orchestra.run.smithi064:> sudo install -d -m 0700 /root/.ssh && echo 'ssh-rsa AAAAB3NzaC1yc2EAAAADAQABAAABgQDfFy/DQL+KEotU08s+QhtI32ueByDZqQfRjDpf01kokEXtdCx7/wuCnRXb214wAG6jDmSAoKeR9+CyGULx82wdTPtJvr0MNODLx5niYd1XBszf3HbOaUDcFp+drSukvBHRZx0CrBFL3M9cX84ozMug4O8ttXVsv78Y0ek4rfcif+8ZowsWJZH7Qp5oeSRiSK7VT3rQwYJqxWozGgm02r9g6zMcs6nnERtZBTyD2DhidfJPPGMm8Iwx+4zWQ5SvtvzXhiUEfMQDntmXFrTkvUWCCga7zB7BO+Tlb0av84Orkgve+aTaZqZ7VP+69FnlG/esIH0t++26+0o/A5qcEzRJ2m05Xnj1tM+VqTgZpfGPiRLsHTnc7rzl07zYKIF/N3HDOdS5+388gdu7HN/0D+AI70kVTNsZDgfnWp++KH1OvrTY3hqL5eeTUs3KTazcySCpfMkjopvi550NLcMiDr0y5kfciLZ/yf3POSDo2IwxTcKEehlW3mOcHbEBUADmPok= ceph-5b4de048-9bc0-11ee-95a5-87774f69a715' | sudo tee -a /root/.ssh/authorized_keys && sudo chmod 0600 /root/.ssh/authorized_keys
2023-12-16T03:09:49.896 INFO:teuthology.orchestra.run.smithi064.stdout:ssh-rsa AAAAB3NzaC1yc2EAAAADAQABAAABgQDfFy/DQL+KEotU08s+QhtI32ueByDZqQfRjDpf01kokEXtdCx7/wuCnRXb214wAG6jDmSAoKeR9+CyGULx82wdTPtJvr0MNODLx5niYd1XBszf3HbOaUDcFp+drSukvBHRZx0CrBFL3M9cX84ozMug4O8ttXVsv78Y0ek4rfcif+8ZowsWJZH7Qp5oeSRiSK7VT3rQwYJqxWozGgm02r9g6zMcs6nnERtZBTyD2DhidfJPPGMm8Iwx+4zWQ5SvtvzXhiUEfMQDntmXFrTkvUWCCga7zB7BO+Tlb0av84Orkgve+aTaZqZ7VP+69FnlG/esIH0t++26+0o/A5qcEzRJ2m05Xnj1tM+VqTgZpfGPiRLsHTnc7rzl07zYKIF/N3HDOdS5+388gdu7HN/0D+AI70kVTNsZDgfnWp++KH1OvrTY3hqL5eeTUs3KTazcySCpfMkjopvi550NLcMiDr0y5kfciLZ/yf3POSDo2IwxTcKEehlW3mOcHbEBUADmPok= ceph-5b4de048-9bc0-11ee-95a5-87774f69a715
2023-12-16T03:09:49.907 DEBUG:teuthology.orchestra.run.smithi184:> sudo install -d -m 0700 /root/.ssh && echo 'ssh-rsa AAAAB3NzaC1yc2EAAAADAQABAAABgQDfFy/DQL+KEotU08s+QhtI32ueByDZqQfRjDpf01kokEXtdCx7/wuCnRXb214wAG6jDmSAoKeR9+CyGULx82wdTPtJvr0MNODLx5niYd1XBszf3HbOaUDcFp+drSukvBHRZx0CrBFL3M9cX84ozMug4O8ttXVsv78Y0ek4rfcif+8ZowsWJZH7Qp5oeSRiSK7VT3rQwYJqxWozGgm02r9g6zMcs6nnERtZBTyD2DhidfJPPGMm8Iwx+4zWQ5SvtvzXhiUEfMQDntmXFrTkvUWCCga7zB7BO+Tlb0av84Orkgve+aTaZqZ7VP+69FnlG/esIH0t++26+0o/A5qcEzRJ2m05Xnj1tM+VqTgZpfGPiRLsHTnc7rzl07zYKIF/N3HDOdS5+388gdu7HN/0D+AI70kVTNsZDgfnWp++KH1OvrTY3hqL5eeTUs3KTazcySCpfMkjopvi550NLcMiDr0y5kfciLZ/yf3POSDo2IwxTcKEehlW3mOcHbEBUADmPok= ceph-5b4de048-9bc0-11ee-95a5-87774f69a715' | sudo tee -a /root/.ssh/authorized_keys && sudo chmod 0600 /root/.ssh/authorized_keys
2023-12-16T03:09:49.953 INFO:teuthology.orchestra.run.smithi184.stdout:ssh-rsa AAAAB3NzaC1yc2EAAAADAQABAAABgQDfFy/DQL+KEotU08s+QhtI32ueByDZqQfRjDpf01kokEXtdCx7/wuCnRXb214wAG6jDmSAoKeR9+CyGULx82wdTPtJvr0MNODLx5niYd1XBszf3HbOaUDcFp+drSukvBHRZx0CrBFL3M9cX84ozMug4O8ttXVsv78Y0ek4rfcif+8ZowsWJZH7Qp5oeSRiSK7VT3rQwYJqxWozGgm02r9g6zMcs6nnERtZBTyD2DhidfJPPGMm8Iwx+4zWQ5SvtvzXhiUEfMQDntmXFrTkvUWCCga7zB7BO+Tlb0av84Orkgve+aTaZqZ7VP+69FnlG/esIH0t++26+0o/A5qcEzRJ2m05Xnj1tM+VqTgZpfGPiRLsHTnc7rzl07zYKIF/N3HDOdS5+388gdu7HN/0D+AI70kVTNsZDgfnWp++KH1OvrTY3hqL5eeTUs3KTazcySCpfMkjopvi550NLcMiDr0y5kfciLZ/yf3POSDo2IwxTcKEehlW3mOcHbEBUADmPok= ceph-5b4de048-9bc0-11ee-95a5-87774f69a715
2023-12-16T03:09:49.965 DEBUG:teuthology.orchestra.run.smithi064:> sudo /home/ubuntu/cephtest/cephadm --image quay.ceph.io/ceph-ci/ceph:quincy shell -c /etc/ceph/ceph.conf -k /etc/ceph/ceph.client.admin.keyring --fsid 5b4de048-9bc0-11ee-95a5-87774f69a715 -- ceph config set mgr mgr/cephadm/allow_ptrace true
2023-12-16T03:09:50.192 INFO:journalctl@ceph.mon.smithi064.smithi064.stdout:Dec 16 03:09:49 smithi064 ceph-mon[111958]: mgrmap e13: smithi064.ueciyw(active, since 6s)
2023-12-16T03:09:50.192 INFO:journalctl@ceph.mon.smithi064.smithi064.stdout:Dec 16 03:09:49 smithi064 ceph-mon[111958]: from='client.? 172.21.15.64:0/486029247' entity='client.admin'
2023-12-16T03:09:50.243 INFO:teuthology.orchestra.run.smithi064.stderr:Inferring config /var/lib/ceph/5b4de048-9bc0-11ee-95a5-87774f69a715/mon.smithi064/config
2023-12-16T03:09:51.546 INFO:teuthology.orchestra.run.smithi064.stderr:2023-12-16T03:09:51.542+0000 7f58108c8700 1 -- 172.21.15.64:0/2382473226 >> [v2:172.21.15.64:3300/0,v1:172.21.15.64:6789/0] conn(0x7f580c0fb780 msgr2=0x7f580c0fbb90 secure :-1 s=STATE_CONNECTION_ESTABLISHED l=1).mark_down
2023-12-16T03:09:51.546 INFO:teuthology.orchestra.run.smithi064.stderr:2023-12-16T03:09:51.542+0000 7f58108c8700 1 --2- 172.21.15.64:0/2382473226 >> [v2:172.21.15.64:3300/0,v1:172.21.15.64:6789/0] conn(0x7f580c0fb780 0x7f580c0fbb90 secure :-1 s=READY pgs=90 cs=0 l=1 rev1=1 crypto rx=0x7f57fc0048c0 tx=0x7f57fc009e30 comp rx=0 tx=0).stop
2023-12-16T03:09:51.546 INFO:teuthology.orchestra.run.smithi064.stderr:2023-12-16T03:09:51.542+0000 7f58108c8700 1 -- 172.21.15.64:0/2382473226 shutdown_connections
2023-12-16T03:09:51.546 INFO:teuthology.orchestra.run.smithi064.stderr:2023-12-16T03:09:51.542+0000 7f58108c8700 1 --2- 172.21.15.64:0/2382473226 >> [v2:172.21.15.64:3300/0,v1:172.21.15.64:6789/0] conn(0x7f580c0fb780 0x7f580c0fbb90 unknown :-1 s=CLOSED pgs=90 cs=0 l=1 rev1=1 crypto rx=0 tx=0 comp rx=0 tx=0).stop
2023-12-16T03:09:51.546 INFO:teuthology.orchestra.run.smithi064.stderr:2023-12-16T03:09:51.542+0000 7f58108c8700 1 -- 172.21.15.64:0/2382473226 >> 172.21.15.64:0/2382473226 conn(0x7f580c0f6e40 msgr2=0x7f580c0f9270 unknown :-1 s=STATE_NONE l=0).mark_down
2023-12-16T03:09:51.546 INFO:teuthology.orchestra.run.smithi064.stderr:2023-12-16T03:09:51.542+0000 7f58108c8700 1 -- 172.21.15.64:0/2382473226 shutdown_connections
2023-12-16T03:09:51.546 INFO:teuthology.orchestra.run.smithi064.stderr:2023-12-16T03:09:51.542+0000 7f58108c8700 1 -- 172.21.15.64:0/2382473226 wait complete.
2023-12-16T03:09:51.546 INFO:teuthology.orchestra.run.smithi064.stderr:2023-12-16T03:09:51.543+0000 7f58108c8700 1 Processor -- start
2023-12-16T03:09:51.546 INFO:teuthology.orchestra.run.smithi064.stderr:2023-12-16T03:09:51.543+0000 7f58108c8700 1 -- start start
2023-12-16T03:09:51.546 INFO:teuthology.orchestra.run.smithi064.stderr:2023-12-16T03:09:51.543+0000 7f58108c8700 1 --2- >> [v2:172.21.15.64:3300/0,v1:172.21.15.64:6789/0] conn(0x7f580c0fb780 0x7f580c10b9a0 unknown :-1 s=NONE pgs=0 cs=0 l=1 rev1=0 crypto rx=0 tx=0 comp rx=0 tx=0).connect
2023-12-16T03:09:51.546 INFO:teuthology.orchestra.run.smithi064.stderr:2023-12-16T03:09:51.543+0000 7f58108c8700 1 -- --> [v2:172.21.15.64:3300/0,v1:172.21.15.64:6789/0] -- mon_getmap magic: 0 v1 -- 0x7f580c10bee0 con 0x7f580c0fb780
2023-12-16T03:09:51.546 INFO:teuthology.orchestra.run.smithi064.stderr:2023-12-16T03:09:51.543+0000 7f580a59c700 1 --2- >> [v2:172.21.15.64:3300/0,v1:172.21.15.64:6789/0] conn(0x7f580c0fb780 0x7f580c10b9a0 unknown :-1 s=BANNER_CONNECTING pgs=0 cs=0 l=1 rev1=0 crypto rx=0 tx=0 comp rx=0 tx=0)._handle_peer_banner_payload supported=3 required=0
2023-12-16T03:09:51.547 INFO:teuthology.orchestra.run.smithi064.stderr:2023-12-16T03:09:51.543+0000 7f580a59c700 1 --2- >> [v2:172.21.15.64:3300/0,v1:172.21.15.64:6789/0] conn(0x7f580c0fb780 0x7f580c10b9a0 unknown :-1 s=HELLO_CONNECTING pgs=0 cs=0 l=1 rev1=1 crypto rx=0 tx=0 comp rx=0 tx=0).handle_hello peer v2:172.21.15.64:3300/0 says I am v2:172.21.15.64:37506/0 (socket says 172.21.15.64:37506)
2023-12-16T03:09:51.547 INFO:teuthology.orchestra.run.smithi064.stderr:2023-12-16T03:09:51.543+0000 7f580a59c700 1 -- 172.21.15.64:0/2092284101 learned_addr learned my addr 172.21.15.64:0/2092284101 (peer_addr_for_me v2:172.21.15.64:0/0)
2023-12-16T03:09:51.547 INFO:teuthology.orchestra.run.smithi064.stderr:2023-12-16T03:09:51.544+0000 7f580a59c700 1 -- 172.21.15.64:0/2092284101 --> [v2:172.21.15.64:3300/0,v1:172.21.15.64:6789/0] -- mon_subscribe({config=0+,monmap=0+}) v3 -- 0x7f57fc005040 con 0x7f580c0fb780
2023-12-16T03:09:51.547 INFO:teuthology.orchestra.run.smithi064.stderr:2023-12-16T03:09:51.544+0000 7f580a59c700 1 --2- 172.21.15.64:0/2092284101 >> [v2:172.21.15.64:3300/0,v1:172.21.15.64:6789/0] conn(0x7f580c0fb780 0x7f580c10b9a0 secure :-1 s=READY pgs=91 cs=0 l=1 rev1=1 crypto rx=0x7f57fc00b690 tx=0x7f57fc009e30 comp rx=0 tx=0).ready entity=mon.0 client_cookie=0 server_cookie=0 in_seq=0 out_seq=0
2023-12-16T03:09:51.547 INFO:teuthology.orchestra.run.smithi064.stderr:2023-12-16T03:09:51.544+0000 7f5802ffd700 1 -- 172.21.15.64:0/2092284101 <== mon.0 v2:172.21.15.64:3300/0 1 ==== mon_map magic: 0 v1 ==== 229+0+0 (secure 0 0 0) 0x7f57fc009650 con 0x7f580c0fb780
2023-12-16T03:09:51.547 INFO:teuthology.orchestra.run.smithi064.stderr:2023-12-16T03:09:51.544+0000 7f5802ffd700 1 -- 172.21.15.64:0/2092284101 <== mon.0 v2:172.21.15.64:3300/0 2 ==== config(26 keys) v1 ==== 1074+0+0 (secure 0 0 0) 0x7f57fc0097b0 con 0x7f580c0fb780
2023-12-16T03:09:51.547 INFO:teuthology.orchestra.run.smithi064.stderr:2023-12-16T03:09:51.544+0000 7f58108c8700 1 -- 172.21.15.64:0/2092284101 --> [v2:172.21.15.64:3300/0,v1:172.21.15.64:6789/0] -- mon_subscribe({mgrmap=0+}) v3 -- 0x7f580c10c0e0 con 0x7f580c0fb780
2023-12-16T03:09:51.547 INFO:teuthology.orchestra.run.smithi064.stderr:2023-12-16T03:09:51.544+0000 7f5802ffd700 1 -- 172.21.15.64:0/2092284101 <== mon.0 v2:172.21.15.64:3300/0 3 ==== mon_map magic: 0 v1 ==== 229+0+0 (secure 0 0 0) 0x7f57fc01c5d0 con 0x7f580c0fb780
2023-12-16T03:09:51.547 INFO:teuthology.orchestra.run.smithi064.stderr:2023-12-16T03:09:51.544+0000 7f58108c8700 1 -- 172.21.15.64:0/2092284101 --> [v2:172.21.15.64:3300/0,v1:172.21.15.64:6789/0] -- mon_subscribe({osdmap=0}) v3 -- 0x7f580c10cd80 con 0x7f580c0fb780
2023-12-16T03:09:51.547 INFO:teuthology.orchestra.run.smithi064.stderr:2023-12-16T03:09:51.545+0000 7f5802ffd700 1 -- 172.21.15.64:0/2092284101 <== mon.0 v2:172.21.15.64:3300/0 4 ==== mgrmap(e 13) v1 ==== 43337+0+0 (secure 0 0 0) 0x7f57fc01c840 con 0x7f580c0fb780
2023-12-16T03:09:51.547 INFO:teuthology.orchestra.run.smithi064.stderr:2023-12-16T03:09:51.545+0000 7f5802ffd700 1 --2- 172.21.15.64:0/2092284101 >> [v2:172.21.15.64:6800/1165076471,v1:172.21.15.64:6801/1165076471] conn(0x7f57f80366d0 0x7f57f8038b80 unknown :-1 s=NONE pgs=0 cs=0 l=1 rev1=0 crypto rx=0 tx=0 comp rx=0 tx=0).connect
2023-12-16T03:09:51.547 INFO:teuthology.orchestra.run.smithi064.stderr:2023-12-16T03:09:51.545+0000 7f5802ffd700 1 -- 172.21.15.64:0/2092284101 <== mon.0 v2:172.21.15.64:3300/0 5 ==== osd_map(3..3 src has 1..3) v4 ==== 1151+0+0 (secure 0 0 0) 0x7f57fc049960 con 0x7f580c0fb780
2023-12-16T03:09:51.547 INFO:teuthology.orchestra.run.smithi064.stderr:2023-12-16T03:09:51.545+0000 7f5809d9b700 1 --2- 172.21.15.64:0/2092284101 >> [v2:172.21.15.64:6800/1165076471,v1:172.21.15.64:6801/1165076471] conn(0x7f57f80366d0 0x7f57f8038b80 unknown :-1 s=BANNER_CONNECTING pgs=0 cs=0 l=1 rev1=0 crypto rx=0 tx=0 comp rx=0 tx=0)._handle_peer_banner_payload supported=3 required=0
2023-12-16T03:09:51.547 INFO:teuthology.orchestra.run.smithi064.stderr:2023-12-16T03:09:51.545+0000 7f58108c8700 1 -- 172.21.15.64:0/2092284101 --> [v2:172.21.15.64:3300/0,v1:172.21.15.64:6789/0] -- mon_command({"prefix": "get_command_descriptions"} v 0) v1 -- 0x7f580c05f270 con 0x7f580c0fb780
2023-12-16T03:09:51.548 INFO:teuthology.orchestra.run.smithi064.stderr:2023-12-16T03:09:51.545+0000 7f5809d9b700 1 --2- 172.21.15.64:0/2092284101 >> [v2:172.21.15.64:6800/1165076471,v1:172.21.15.64:6801/1165076471] conn(0x7f57f80366d0 0x7f57f8038b80 secure :-1 s=READY pgs=12 cs=0 l=1 rev1=1 crypto rx=0x7f57f4009990 tx=0x7f57f4006e40 comp rx=0 tx=0).ready entity=mgr.14162 client_cookie=0 server_cookie=0 in_seq=0 out_seq=0
2023-12-16T03:09:51.550 INFO:teuthology.orchestra.run.smithi064.stderr:2023-12-16T03:09:51.550+0000 7f5802ffd700 1 -- 172.21.15.64:0/2092284101 <== mon.0 v2:172.21.15.64:3300/0 6 ==== mon_command_ack([{"prefix": "get_command_descriptions"}]=0 v0) v1 ==== 72+0+174570 (secure 0 0 0) 0x7f57fc023950 con 0x7f580c0fb780
2023-12-16T03:09:51.757 INFO:teuthology.orchestra.run.smithi064.stderr:2023-12-16T03:09:51.756+0000 7f58108c8700 1 -- 172.21.15.64:0/2092284101 --> [v2:172.21.15.64:3300/0,v1:172.21.15.64:6789/0] -- mon_command([{prefix=config set, name=mgr/cephadm/allow_ptrace}] v 0) v1 -- 0x7f580c10d800 con 0x7f580c0fb780
2023-12-16T03:09:51.760 INFO:teuthology.orchestra.run.smithi064.stderr:2023-12-16T03:09:51.759+0000 7f5802ffd700 1 -- 172.21.15.64:0/2092284101 <== mon.0 v2:172.21.15.64:3300/0 7 ==== mon_command_ack([{prefix=config set, name=mgr/cephadm/allow_ptrace}]=0 v9)=0 v9) v1 ==== 125+0+0 (secure 0 0 0) 0x7f57fc023300 con 0x7f580c0fb780
2023-12-16T03:09:51.763 INFO:teuthology.orchestra.run.smithi064.stderr:2023-12-16T03:09:51.762+0000 7f58108c8700 1 -- 172.21.15.64:0/2092284101 >> [v2:172.21.15.64:6800/1165076471,v1:172.21.15.64:6801/1165076471] conn(0x7f57f80366d0 msgr2=0x7f57f8038b80 secure :-1 s=STATE_CONNECTION_ESTABLISHED l=1).mark_down
2023-12-16T03:09:51.763 INFO:teuthology.orchestra.run.smithi064.stderr:2023-12-16T03:09:51.762+0000 7f58108c8700 1 --2- 172.21.15.64:0/2092284101 >> [v2:172.21.15.64:6800/1165076471,v1:172.21.15.64:6801/1165076471] conn(0x7f57f80366d0 0x7f57f8038b80 secure :-1 s=READY pgs=12 cs=0 l=1 rev1=1 crypto rx=0x7f57f4009990 tx=0x7f57f4006e40 comp rx=0 tx=0).stop
2023-12-16T03:09:51.763 INFO:teuthology.orchestra.run.smithi064.stderr:2023-12-16T03:09:51.762+0000 7f58108c8700 1 -- 172.21.15.64:0/2092284101 >> [v2:172.21.15.64:3300/0,v1:172.21.15.64:6789/0] conn(0x7f580c0fb780 msgr2=0x7f580c10b9a0 secure :-1 s=STATE_CONNECTION_ESTABLISHED l=1).mark_down
2023-12-16T03:09:51.763 INFO:teuthology.orchestra.run.smithi064.stderr:2023-12-16T03:09:51.762+0000 7f58108c8700 1 --2- 172.21.15.64:0/2092284101 >> [v2:172.21.15.64:3300/0,v1:172.21.15.64:6789/0] conn(0x7f580c0fb780 0x7f580c10b9a0 secure :-1 s=READY pgs=91 cs=0 l=1 rev1=1 crypto rx=0x7f57fc00b690 tx=0x7f57fc009e30 comp rx=0 tx=0).stop
2023-12-16T03:09:51.763 INFO:teuthology.orchestra.run.smithi064.stderr:2023-12-16T03:09:51.762+0000 7f58108c8700 1 -- 172.21.15.64:0/2092284101 shutdown_connections
2023-12-16T03:09:51.763 INFO:teuthology.orchestra.run.smithi064.stderr:2023-12-16T03:09:51.762+0000 7f58108c8700 1 --2- 172.21.15.64:0/2092284101 >> [v2:172.21.15.64:6800/1165076471,v1:172.21.15.64:6801/1165076471] conn(0x7f57f80366d0 0x7f57f8038b80 unknown :-1 s=CLOSED pgs=12 cs=0 l=1 rev1=1 crypto rx=0 tx=0 comp rx=0 tx=0).stop
2023-12-16T03:09:51.763 INFO:teuthology.orchestra.run.smithi064.stderr:2023-12-16T03:09:51.762+0000 7f58108c8700 1 --2- 172.21.15.64:0/2092284101 >> [v2:172.21.15.64:3300/0,v1:172.21.15.64:6789/0] conn(0x7f580c0fb780 0x7f580c10b9a0 unknown :-1 s=CLOSED pgs=91 cs=0 l=1 rev1=1 crypto rx=0 tx=0 comp rx=0 tx=0).stop
2023-12-16T03:09:51.763 INFO:teuthology.orchestra.run.smithi064.stderr:2023-12-16T03:09:51.762+0000 7f58108c8700 1 -- 172.21.15.64:0/2092284101 >> 172.21.15.64:0/2092284101 conn(0x7f580c0f6e40 msgr2=0x7f580c0f7c30 unknown :-1 s=STATE_NONE l=0).mark_down
2023-12-16T03:09:51.763 INFO:teuthology.orchestra.run.smithi064.stderr:2023-12-16T03:09:51.762+0000 7f58108c8700 1 -- 172.21.15.64:0/2092284101 shutdown_connections
2023-12-16T03:09:51.763 INFO:teuthology.orchestra.run.smithi064.stderr:2023-12-16T03:09:51.762+0000 7f58108c8700 1 -- 172.21.15.64:0/2092284101 wait complete.
2023-12-16T03:09:52.146 INFO:tasks.cephadm:Distributing conf and client.admin keyring to all hosts + 0755
2023-12-16T03:09:52.146 DEBUG:teuthology.orchestra.run.smithi064:> sudo /home/ubuntu/cephtest/cephadm --image quay.ceph.io/ceph-ci/ceph:quincy shell -c /etc/ceph/ceph.conf -k /etc/ceph/ceph.client.admin.keyring --fsid 5b4de048-9bc0-11ee-95a5-87774f69a715 -- ceph orch client-keyring set client.admin '*' --mode 0755
2023-12-16T03:09:52.427 INFO:teuthology.orchestra.run.smithi064.stderr:Inferring config /var/lib/ceph/5b4de048-9bc0-11ee-95a5-87774f69a715/mon.smithi064/config
2023-12-16T03:09:52.922 INFO:journalctl@ceph.mon.smithi064.smithi064.stdout:Dec 16 03:09:52 smithi064 ceph-mon[111958]: from='client.? 172.21.15.64:0/2092284101' entity='client.admin'
2023-12-16T03:09:53.722 INFO:teuthology.orchestra.run.smithi064.stderr:2023-12-16T03:09:53.720+0000 7fe6db5ec700 1 -- 172.21.15.64:0/956649195 >> [v2:172.21.15.64:3300/0,v1:172.21.15.64:6789/0] conn(0x7fe6d40fb780 msgr2=0x7fe6d40fbb90 secure :-1 s=STATE_CONNECTION_ESTABLISHED l=1).mark_down
2023-12-16T03:09:53.722 INFO:teuthology.orchestra.run.smithi064.stderr:2023-12-16T03:09:53.720+0000 7fe6db5ec700 1 --2- 172.21.15.64:0/956649195 >> [v2:172.21.15.64:3300/0,v1:172.21.15.64:6789/0] conn(0x7fe6d40fb780 0x7fe6d40fbb90 secure :-1 s=READY pgs=92 cs=0 l=1 rev1=1 crypto rx=0x7fe6d00048c0 tx=0x7fe6d0009e30 comp rx=0 tx=0).stop
2023-12-16T03:09:53.722 INFO:teuthology.orchestra.run.smithi064.stderr:2023-12-16T03:09:53.720+0000 7fe6db5ec700 1 -- 172.21.15.64:0/956649195 shutdown_connections
2023-12-16T03:09:53.723 INFO:teuthology.orchestra.run.smithi064.stderr:2023-12-16T03:09:53.720+0000 7fe6db5ec700 1 --2- 172.21.15.64:0/956649195 >> [v2:172.21.15.64:3300/0,v1:172.21.15.64:6789/0] conn(0x7fe6d40fb780 0x7fe6d40fbb90 unknown :-1 s=CLOSED pgs=92 cs=0 l=1 rev1=1 crypto rx=0 tx=0 comp rx=0 tx=0).stop
2023-12-16T03:09:53.723 INFO:teuthology.orchestra.run.smithi064.stderr:2023-12-16T03:09:53.720+0000 7fe6db5ec700 1 -- 172.21.15.64:0/956649195 >> 172.21.15.64:0/956649195 conn(0x7fe6d40f6e40 msgr2=0x7fe6d40f9270 unknown :-1 s=STATE_NONE l=0).mark_down
2023-12-16T03:09:53.723 INFO:teuthology.orchestra.run.smithi064.stderr:2023-12-16T03:09:53.720+0000 7fe6db5ec700 1 -- 172.21.15.64:0/956649195 shutdown_connections
2023-12-16T03:09:53.723 INFO:teuthology.orchestra.run.smithi064.stderr:2023-12-16T03:09:53.720+0000 7fe6db5ec700 1 -- 172.21.15.64:0/956649195 wait complete.
2023-12-16T03:09:53.723 INFO:teuthology.orchestra.run.smithi064.stderr:2023-12-16T03:09:53.721+0000 7fe6db5ec700 1 Processor -- start
2023-12-16T03:09:53.723 INFO:teuthology.orchestra.run.smithi064.stderr:2023-12-16T03:09:53.721+0000 7fe6db5ec700 1 -- start start
2023-12-16T03:09:53.723 INFO:teuthology.orchestra.run.smithi064.stderr:2023-12-16T03:09:53.721+0000 7fe6db5ec700 1 --2- >> [v2:172.21.15.64:3300/0,v1:172.21.15.64:6789/0] conn(0x7fe6d40fb780 0x7fe6d410ed70 unknown :-1 s=NONE pgs=0 cs=0 l=1 rev1=0 crypto rx=0 tx=0 comp rx=0 tx=0).connect
2023-12-16T03:09:53.723 INFO:teuthology.orchestra.run.smithi064.stderr:2023-12-16T03:09:53.721+0000 7fe6db5ec700 1 -- --> [v2:172.21.15.64:3300/0,v1:172.21.15.64:6789/0] -- mon_getmap magic: 0 v1 -- 0x7fe6d410f2b0 con 0x7fe6d40fb780
2023-12-16T03:09:53.723 INFO:teuthology.orchestra.run.smithi064.stderr:2023-12-16T03:09:53.721+0000 7fe6d9388700 1 --2- >> [v2:172.21.15.64:3300/0,v1:172.21.15.64:6789/0] conn(0x7fe6d40fb780 0x7fe6d410ed70 unknown :-1 s=BANNER_CONNECTING pgs=0 cs=0 l=1 rev1=0 crypto rx=0 tx=0 comp rx=0 tx=0)._handle_peer_banner_payload supported=3 required=0
2023-12-16T03:09:53.723 INFO:teuthology.orchestra.run.smithi064.stderr:2023-12-16T03:09:53.721+0000 7fe6d9388700 1 --2- >> [v2:172.21.15.64:3300/0,v1:172.21.15.64:6789/0] conn(0x7fe6d40fb780 0x7fe6d410ed70 unknown :-1 s=HELLO_CONNECTING pgs=0 cs=0 l=1 rev1=1 crypto rx=0 tx=0 comp rx=0 tx=0).handle_hello peer v2:172.21.15.64:3300/0 says I am v2:172.21.15.64:32774/0 (socket says 172.21.15.64:32774)
2023-12-16T03:09:53.723 INFO:teuthology.orchestra.run.smithi064.stderr:2023-12-16T03:09:53.721+0000 7fe6d9388700 1 -- 172.21.15.64:0/1512652105 learned_addr learned my addr 172.21.15.64:0/1512652105 (peer_addr_for_me v2:172.21.15.64:0/0)
2023-12-16T03:09:53.723 INFO:teuthology.orchestra.run.smithi064.stderr:2023-12-16T03:09:53.721+0000 7fe6d9388700 1 -- 172.21.15.64:0/1512652105 --> [v2:172.21.15.64:3300/0,v1:172.21.15.64:6789/0] -- mon_subscribe({config=0+,monmap=0+}) v3 -- 0x7fe6d0005040 con 0x7fe6d40fb780
