2023-12-16T05:50:28.086+0000 7f8fb77fe700 1 -- 172.21.15.155:0/2830555175 >> [v2:172.21.15.155:6800/1287353594,v1:172.21.15.155:6801/1287353594] conn(0x7f8fb8036640 msgr2=0x7f8fb8038af0 unknown :-1 s=STATE_CONNECTING l=1).mark_down
2023-12-16T05:50:29.450 INFO:teuthology.orchestra.run.smithi155.stdout:/usr/bin/ceph: stderr
2023-12-16T05:50:28.086+0000 7f8fb77fe700 1 --2- 172.21.15.155:0/2830555175 >> [v2:172.21.15.155:6800/1287353594,v1:172.21.15.155:6801/1287353594] conn(0x7f8fb8036640 0x7f8fb8038af0 unknown :-1 s=START_CONNECT pgs=0 cs=0 l=1 rev1=0 crypto rx=0 tx=0 comp rx=0 tx=0).stop
2023-12-16T05:50:29.450 INFO:teuthology.orchestra.run.smithi155.stdout:/usr/bin/ceph: stderr
2023-12-16T05:50:29.090+0000 7f8fb77fe700 1 -- 172.21.15.155:0/2830555175 <== mon.0 v2:172.21.15.155:3300/0 7 ==== mgrmap(e 11) v1 ==== 43188+0+0 (secure 0 0 0) 0x7f8fc002ad00 con 0x7f8fd0070fc0
2023-12-16T05:50:29.450 INFO:teuthology.orchestra.run.smithi155.stdout:/usr/bin/ceph: stderr
2023-12-16T05:50:29.090+0000 7f8fb77fe700 1 --2- 172.21.15.155:0/2830555175 >> [v2:172.21.15.155:6800/2821498015,v1:172.21.15.155:6801/2821498015] conn(0x7f8fb8039fb0 0x7f8fb803c390 unknown :-1 s=NONE pgs=0 cs=0 l=1 rev1=0 crypto rx=0 tx=0 comp rx=0 tx=0).connect
2023-12-16T05:50:29.450 INFO:teuthology.orchestra.run.smithi155.stdout:/usr/bin/ceph: stderr
2023-12-16T05:50:29.090+0000 7f8fb77fe700 1 -- 172.21.15.155:0/2830555175 --> [v2:172.21.15.155:6800/2821498015,v1:172.21.15.155:6801/2821498015] -- command(tid 0: {"prefix": "get_command_descriptions"}) v1 -- 0x7f8fb8039200 con 0x7f8fb8039fb0
2023-12-16T05:50:29.450 INFO:teuthology.orchestra.run.smithi155.stdout:/usr/bin/ceph: stderr
2023-12-16T05:50:29.091+0000 7f8fce7fc700 1 --2- 172.21.15.155:0/2830555175 >> [v2:172.21.15.155:6800/2821498015,v1:172.21.15.155:6801/2821498015] conn(0x7f8fb8039fb0 0x7f8fb803c390 unknown :-1 s=BANNER_CONNECTING pgs=0 cs=0 l=1 rev1=0 crypto rx=0 tx=0 comp rx=0 tx=0)._handle_peer_banner_payload supported=3 required=0
2023-12-16T05:50:29.450 INFO:teuthology.orchestra.run.smithi155.stdout:/usr/bin/ceph: stderr
2023-12-16T05:50:29.091+0000 7f8fce7fc700 1 --2- 172.21.15.155:0/2830555175 >> [v2:172.21.15.155:6800/2821498015,v1:172.21.15.155:6801/2821498015] conn(0x7f8fb8039fb0 0x7f8fb803c390 secure :-1 s=READY pgs=5 cs=0 l=1 rev1=1 crypto rx=0x7f8fc40039d0 tx=0x7f8fc40092f0 comp rx=0 tx=0).ready entity=mgr.14162 client_cookie=0 server_cookie=0 in_seq=0 out_seq=0
2023-12-16T05:50:29.450 INFO:teuthology.orchestra.run.smithi155.stdout:/usr/bin/ceph: stderr
2023-12-16T05:50:29.092+0000 7f8fb77fe700 1 -- 172.21.15.155:0/2830555175 <== mgr.14162 v2:172.21.15.155:6800/2821498015 1 ==== command_reply(tid 0: 0 ) v1 ==== 8+0+6549 (secure 0 0 0) 0x7f8fb8039200 con 0x7f8fb8039fb0
2023-12-16T05:50:29.450 INFO:teuthology.orchestra.run.smithi155.stdout:/usr/bin/ceph: stderr
2023-12-16T05:50:29.097+0000 7f8fd586a700 1 -- 172.21.15.155:0/2830555175 --> [v2:172.21.15.155:6800/2821498015,v1:172.21.15.155:6801/2821498015] -- command(tid 1: {"prefix": "mgr_status"}) v1 -- 0x7f8fd004bb80 con 0x7f8fb8039fb0
2023-12-16T05:50:29.450 INFO:teuthology.orchestra.run.smithi155.stdout:/usr/bin/ceph: stderr
2023-12-16T05:50:29.098+0000 7f8fb77fe700 1 -- 172.21.15.155:0/2830555175 <== mgr.14162 v2:172.21.15.155:6800/2821498015 2 ==== command_reply(tid 1: 0 ) v1 ==== 8+0+52 (secure 0 0 0) 0x7f8fd004bb80 con 0x7f8fb8039fb0
2023-12-16T05:50:29.450 INFO:teuthology.orchestra.run.smithi155.stdout:/usr/bin/ceph: stderr
2023-12-16T05:50:29.098+0000 7f8fd586a700 1 -- 172.21.15.155:0/2830555175 >> [v2:172.21.15.155:6800/2821498015,v1:172.21.15.155:6801/2821498015] conn(0x7f8fb8039fb0 msgr2=0x7f8fb803c390 secure :-1 s=STATE_CONNECTION_ESTABLISHED l=1).mark_down
2023-12-16T05:50:29.450 INFO:teuthology.orchestra.run.smithi155.stdout:/usr/bin/ceph: stderr
2023-12-16T05:50:29.098+0000 7f8fd586a700 1 --2- 172.21.15.155:0/2830555175 >> [v2:172.21.15.155:6800/2821498015,v1:172.21.15.155:6801/2821498015] conn(0x7f8fb8039fb0 0x7f8fb803c390 secure :-1 s=READY pgs=5 cs=0 l=1 rev1=1 crypto rx=0x7f8fc40039d0 tx=0x7f8fc40092f0 comp rx=0 tx=0).stop
2023-12-16T05:50:29.451 INFO:teuthology.orchestra.run.smithi155.stdout:/usr/bin/ceph: stderr
2023-12-16T05:50:29.098+0000 7f8fd586a700 1 -- 172.21.15.155:0/2830555175 >> [v2:172.21.15.155:3300/0,v1:172.21.15.155:6789/0] conn(0x7f8fd0070fc0 msgr2=0x7f8fd01111c0 secure :-1 s=STATE_CONNECTION_ESTABLISHED l=1).mark_down
2023-12-16T05:50:29.451 INFO:teuthology.orchestra.run.smithi155.stdout:/usr/bin/ceph: stderr
2023-12-16T05:50:29.098+0000 7f8fd586a700 1 --2- 172.21.15.155:0/2830555175 >> [v2:172.21.15.155:3300/0,v1:172.21.15.155:6789/0] conn(0x7f8fd0070fc0 0x7f8fd01111c0 secure :-1 s=READY pgs=72 cs=0 l=1 rev1=1 crypto rx=0x7f8fc00094c0 tx=0x7f8fc0009250 comp rx=0 tx=0).stop
2023-12-16T05:50:29.451 INFO:teuthology.orchestra.run.smithi155.stdout:/usr/bin/ceph: stderr
2023-12-16T05:50:29.098+0000 7f8fd586a700 1 -- 172.21.15.155:0/2830555175 shutdown_connections
2023-12-16T05:50:29.451 INFO:teuthology.orchestra.run.smithi155.stdout:/usr/bin/ceph: stderr
2023-12-16T05:50:29.098+0000 7f8fd586a700 1 --2- 172.21.15.155:0/2830555175 >> [v2:172.21.15.155:3300/0,v1:172.21.15.155:6789/0] conn(0x7f8fd0070fc0 0x7f8fd01111c0 unknown :-1 s=CLOSED pgs=72 cs=0 l=1 rev1=1 crypto rx=0 tx=0 comp rx=0 tx=0).stop
2023-12-16T05:50:29.451 INFO:teuthology.orchestra.run.smithi155.stdout:/usr/bin/ceph: stderr
2023-12-16T05:50:29.098+0000 7f8fd586a700 1 --2- 172.21.15.155:0/2830555175 >> [v2:172.21.15.155:6800/2821498015,v1:172.21.15.155:6801/2821498015] conn(0x7f8fb8039fb0 0x7f8fb803c390 unknown :-1 s=CLOSED pgs=5 cs=0 l=1 rev1=1 crypto rx=0 tx=0 comp rx=0 tx=0).stop
2023-12-16T05:50:29.451 INFO:teuthology.orchestra.run.smithi155.stdout:/usr/bin/ceph: stderr
2023-12-16T05:50:29.098+0000 7f8fd586a700 1 --2- 172.21.15.155:0/2830555175 >> [v2:172.21.15.155:6800/1287353594,v1:172.21.15.155:6801/1287353594] conn(0x7f8fb8036640 0x7f8fb8038af0 unknown :-1 s=CLOSED pgs=0 cs=0 l=1 rev1=0 crypto rx=0 tx=0 comp rx=0 tx=0).stop
2023-12-16T05:50:29.451 INFO:teuthology.orchestra.run.smithi155.stdout:/usr/bin/ceph: stderr
2023-12-16T05:50:29.098+0000 7f8fd586a700 1 -- 172.21.15.155:0/2830555175 >> 172.21.15.155:0/2830555175 conn(0x7f8fd00fc970 msgr2=0x7f8fd00fe190 unknown :-1 s=STATE_NONE l=0).mark_down
2023-12-16T05:50:29.451 INFO:teuthology.orchestra.run.smithi155.stdout:/usr/bin/ceph: stderr
2023-12-16T05:50:29.098+0000 7f8fd586a700 1 -- 172.21.15.155:0/2830555175 shutdown_connections
2023-12-16T05:50:29.451 INFO:teuthology.orchestra.run.smithi155.stdout:/usr/bin/ceph: stderr
2023-12-16T05:50:29.098+0000 7f8fd586a700 1 -- 172.21.15.155:0/2830555175 wait complete.
2023-12-16T05:50:29.451 INFO:teuthology.orchestra.run.smithi155.stdout:mgr epoch 9 is available
2023-12-16T05:50:29.451 INFO:teuthology.orchestra.run.smithi155.stdout:Generating a dashboard self-signed certificate...
2023-12-16T05:50:30.418 INFO:teuthology.orchestra.run.smithi155.stdout:/usr/bin/ceph: stdout Self-signed certificate created
2023-12-16T05:50:30.418 INFO:teuthology.orchestra.run.smithi155.stdout:/usr/bin/ceph: stderr
2023-12-16T05:50:29.849+0000 7fc4f9763700 1 Processor -- start
2023-12-16T05:50:30.418 INFO:teuthology.orchestra.run.smithi155.stdout:/usr/bin/ceph: stderr
2023-12-16T05:50:29.849+0000 7fc4f9763700 1 -- start start
2023-12-16T05:50:30.418 INFO:teuthology.orchestra.run.smithi155.stdout:/usr/bin/ceph: stderr
2023-12-16T05:50:29.849+0000 7fc4f9763700 1 --2- >> [v2:172.21.15.155:3300/0,v1:172.21.15.155:6789/0] conn(0x7fc4f41011d0 0x7fc4f41015e0 unknown :-1 s=NONE pgs=0 cs=0 l=0 rev1=0 crypto rx=0 tx=0 comp rx=0 tx=0).connect
2023-12-16T05:50:30.418 INFO:teuthology.orchestra.run.smithi155.stdout:/usr/bin/ceph: stderr
2023-12-16T05:50:29.849+0000 7fc4f9763700 1 -- --> [v2:172.21.15.155:3300/0,v1:172.21.15.155:6789/0] -- mon_getmap magic: 0 v1 -- 0x7fc4f4101b20 con 0x7fc4f41011d0
2023-12-16T05:50:30.418 INFO:teuthology.orchestra.run.smithi155.stdout:/usr/bin/ceph: stderr
2023-12-16T05:50:29.849+0000 7fc4f2ffd700 1 --2- >> [v2:172.21.15.155:3300/0,v1:172.21.15.155:6789/0] conn(0x7fc4f41011d0 0x7fc4f41015e0 unknown :-1 s=BANNER_CONNECTING pgs=0 cs=0 l=0 rev1=0 crypto rx=0 tx=0 comp rx=0 tx=0)._handle_peer_banner_payload supported=3 required=0
2023-12-16T05:50:30.418 INFO:teuthology.orchestra.run.smithi155.stdout:/usr/bin/ceph: stderr
2023-12-16T05:50:29.849+0000 7fc4f2ffd700 1 --2- >> [v2:172.21.15.155:3300/0,v1:172.21.15.155:6789/0] conn(0x7fc4f41011d0 0x7fc4f41015e0 unknown :-1 s=HELLO_CONNECTING pgs=0 cs=0 l=0 rev1=1 crypto rx=0 tx=0 comp rx=0 tx=0).handle_hello peer v2:172.21.15.155:3300/0 says I am v2:172.21.15.155:54288/0 (socket says 172.21.15.155:54288)
2023-12-16T05:50:30.418 INFO:teuthology.orchestra.run.smithi155.stdout:/usr/bin/ceph: stderr
2023-12-16T05:50:29.849+0000 7fc4f2ffd700 1 -- 172.21.15.155:0/1825314683 learned_addr learned my addr 172.21.15.155:0/1825314683 (peer_addr_for_me v2:172.21.15.155:0/0)
2023-12-16T05:50:30.418 INFO:teuthology.orchestra.run.smithi155.stdout:/usr/bin/ceph: stderr
2023-12-16T05:50:29.849+0000 7fc4f2ffd700 1 -- 172.21.15.155:0/1825314683 --> [v2:172.21.15.155:3300/0,v1:172.21.15.155:6789/0] -- mon_subscribe({config=0+,monmap=0+}) v3 -- 0x7fc4f4101c60 con 0x7fc4f41011d0
2023-12-16T05:50:30.418 INFO:teuthology.orchestra.run.smithi155.stdout:/usr/bin/ceph: stderr
2023-12-16T05:50:29.850+0000 7fc4f2ffd700 1 --2- 172.21.15.155:0/1825314683 >> [v2:172.21.15.155:3300/0,v1:172.21.15.155:6789/0] conn(0x7fc4f41011d0 0x7fc4f41015e0 secure :-1 s=READY pgs=80 cs=0 l=1 rev1=1 crypto rx=0x7fc4e400bb80 tx=0x7fc4e400b4f0 comp rx=0 tx=0).ready entity=mon.0 client_cookie=6d830569b3a64592 server_cookie=0 in_seq=0 out_seq=0
2023-12-16T05:50:30.418 INFO:teuthology.orchestra.run.smithi155.stdout:/usr/bin/ceph: stderr
2023-12-16T05:50:29.850+0000 7fc4f1ffb700 1 -- 172.21.15.155:0/1825314683 <== mon.0 v2:172.21.15.155:3300/0 1 ==== mon_map magic: 0 v1 ==== 229+0+0 (secure 0 0 0) 0x7fc4e400dd00 con 0x7fc4f41011d0
2023-12-16T05:50:30.419 INFO:teuthology.orchestra.run.smithi155.stdout:/usr/bin/ceph: stderr
2023-12-16T05:50:29.850+0000 7fc4f1ffb700 1 -- 172.21.15.155:0/1825314683 <== mon.0 v2:172.21.15.155:3300/0 2 ==== config(26 keys) v1 ==== 1074+0+0 (secure 0 0 0) 0x7fc4e400de60 con 0x7fc4f41011d0
2023-12-16T05:50:30.419 INFO:teuthology.orchestra.run.smithi155.stdout:/usr/bin/ceph: stderr
2023-12-16T05:50:29.850+0000 7fc4f1ffb700 1 -- 172.21.15.155:0/1825314683 <== mon.0 v2:172.21.15.155:3300/0 3 ==== mon_map magic: 0 v1 ==== 229+0+0 (secure 0 0 0) 0x7fc4e40188d0 con 0x7fc4f41011d0
2023-12-16T05:50:30.419 INFO:teuthology.orchestra.run.smithi155.stdout:/usr/bin/ceph: stderr
2023-12-16T05:50:29.850+0000 7fc4f9763700 1 -- 172.21.15.155:0/1825314683 >> [v2:172.21.15.155:3300/0,v1:172.21.15.155:6789/0] conn(0x7fc4f41011d0 msgr2=0x7fc4f41015e0 secure :-1 s=STATE_CONNECTION_ESTABLISHED l=1).mark_down
2023-12-16T05:50:30.419 INFO:teuthology.orchestra.run.smithi155.stdout:/usr/bin/ceph: stderr
2023-12-16T05:50:29.850+0000 7fc4f9763700 1 --2- 172.21.15.155:0/1825314683 >> [v2:172.21.15.155:3300/0,v1:172.21.15.155:6789/0] conn(0x7fc4f41011d0 0x7fc4f41015e0 secure :-1 s=READY pgs=80 cs=0 l=1 rev1=1 crypto rx=0x7fc4e400bb80 tx=0x7fc4e400b4f0 comp rx=0 tx=0).stop
2023-12-16T05:50:30.419 INFO:teuthology.orchestra.run.smithi155.stdout:/usr/bin/ceph: stderr
2023-12-16T05:50:29.850+0000 7fc4f9763700 1 -- 172.21.15.155:0/1825314683 shutdown_connections
2023-12-16T05:50:30.419 INFO:teuthology.orchestra.run.smithi155.stdout:/usr/bin/ceph: stderr
2023-12-16T05:50:29.850+0000 7fc4f9763700 1 --2- 172.21.15.155:0/1825314683 >> [v2:172.21.15.155:3300/0,v1:172.21.15.155:6789/0] conn(0x7fc4f41011d0 0x7fc4f41015e0 unknown :-1 s=CLOSED pgs=80 cs=0 l=1 rev1=1 crypto rx=0 tx=0 comp rx=0 tx=0).stop
2023-12-16T05:50:30.419 INFO:teuthology.orchestra.run.smithi155.stdout:/usr/bin/ceph: stderr
2023-12-16T05:50:29.850+0000 7fc4f9763700 1 -- 172.21.15.155:0/1825314683 >> 172.21.15.155:0/1825314683 conn(0x7fc4f40fc950 msgr2=0x7fc4f40fed60 unknown :-1 s=STATE_NONE l=0).mark_down
2023-12-16T05:50:30.419 INFO:teuthology.orchestra.run.smithi155.stdout:/usr/bin/ceph: stderr
2023-12-16T05:50:29.850+0000 7fc4f9763700 1 -- 172.21.15.155:0/1825314683 shutdown_connections
2023-12-16T05:50:30.419 INFO:teuthology.orchestra.run.smithi155.stdout:/usr/bin/ceph: stderr
2023-12-16T05:50:29.850+0000 7fc4f9763700 1 -- 172.21.15.155:0/1825314683 wait complete.
2023-12-16T05:50:30.419 INFO:teuthology.orchestra.run.smithi155.stdout:/usr/bin/ceph: stderr
2023-12-16T05:50:29.851+0000 7fc4f9763700 1 Processor -- start
2023-12-16T05:50:30.419 INFO:teuthology.orchestra.run.smithi155.stdout:/usr/bin/ceph: stderr
2023-12-16T05:50:29.851+0000 7fc4f9763700 1 -- start start
2023-12-16T05:50:30.419 INFO:teuthology.orchestra.run.smithi155.stdout:/usr/bin/ceph: stderr
2023-12-16T05:50:29.851+0000 7fc4f9763700 1 --2- >> [v2:172.21.15.155:3300/0,v1:172.21.15.155:6789/0] conn(0x7fc4f41011d0 0x7fc4f410ef00 unknown :-1 s=NONE pgs=0 cs=0 l=1 rev1=0 crypto rx=0 tx=0 comp rx=0 tx=0).connect
2023-12-16T05:50:30.419 INFO:teuthology.orchestra.run.smithi155.stdout:/usr/bin/ceph: stderr
2023-12-16T05:50:29.851+0000 7fc4f9763700 1 -- --> [v2:172.21.15.155:3300/0,v1:172.21.15.155:6789/0] -- mon_getmap magic: 0 v1 -- 0x7fc4f410f440 con 0x7fc4f41011d0
2023-12-16T05:50:30.419 INFO:teuthology.orchestra.run.smithi155.stdout:/usr/bin/ceph: stderr
2023-12-16T05:50:29.852+0000 7fc4f2ffd700 1 --2- >> [v2:172.21.15.155:3300/0,v1:172.21.15.155:6789/0] conn(0x7fc4f41011d0 0x7fc4f410ef00 unknown :-1 s=BANNER_CONNECTING pgs=0 cs=0 l=1 rev1=0 crypto rx=0 tx=0 comp rx=0 tx=0)._handle_peer_banner_payload supported=3 required=0
2023-12-16T05:50:30.419 INFO:teuthology.orchestra.run.smithi155.stdout:/usr/bin/ceph: stderr
2023-12-16T05:50:29.852+0000 7fc4f2ffd700 1 --2- >> [v2:172.21.15.155:3300/0,v1:172.21.15.155:6789/0] conn(0x7fc4f41011d0 0x7fc4f410ef00 unknown :-1 s=HELLO_CONNECTING pgs=0 cs=0 l=1 rev1=1 crypto rx=0 tx=0 comp rx=0 tx=0).handle_hello peer v2:172.21.15.155:3300/0 says I am v2:172.21.15.155:54294/0 (socket says 172.21.15.155:54294)
2023-12-16T05:50:30.420 INFO:teuthology.orchestra.run.smithi155.stdout:/usr/bin/ceph: stderr
2023-12-16T05:50:29.852+0000 7fc4f2ffd700 1 -- 172.21.15.155:0/1908520204 learned_addr learned my addr 172.21.15.155:0/1908520204 (peer_addr_for_me v2:172.21.15.155:0/0)
2023-12-16T05:50:30.420 INFO:teuthology.orchestra.run.smithi155.stdout:/usr/bin/ceph: stderr
2023-12-16T05:50:29.852+0000 7fc4f2ffd700 1 -- 172.21.15.155:0/1908520204 --> [v2:172.21.15.155:3300/0,v1:172.21.15.155:6789/0] -- mon_subscribe({config=0+,monmap=0+}) v3 -- 0x7fc4e400b790 con 0x7fc4f41011d0
2023-12-16T05:50:30.420 INFO:teuthology.orchestra.run.smithi155.stdout:/usr/bin/ceph: stderr
2023-12-16T05:50:29.852+0000 7fc4f2ffd700 1 --2- 172.21.15.155:0/1908520204 >> [v2:172.21.15.155:3300/0,v1:172.21.15.155:6789/0] conn(0x7fc4f41011d0 0x7fc4f410ef00 secure :-1 s=READY pgs=81 cs=0 l=1 rev1=1 crypto rx=0x7fc4e40184f0 tx=0x7fc4e400b4f0 comp rx=0 tx=0).ready entity=mon.0 client_cookie=0 server_cookie=0 in_seq=0 out_seq=0
2023-12-16T05:50:30.420 INFO:teuthology.orchestra.run.smithi155.stdout:/usr/bin/ceph: stderr
2023-12-16T05:50:29.852+0000 7fc4db7fe700 1 -- 172.21.15.155:0/1908520204 <== mon.0 v2:172.21.15.155:3300/0 1 ==== mon_map magic: 0 v1 ==== 229+0+0 (secure 0 0 0) 0x7fc4e4010b90 con 0x7fc4f41011d0
2023-12-16T05:50:30.420 INFO:teuthology.orchestra.run.smithi155.stdout:/usr/bin/ceph: stderr
2023-12-16T05:50:29.852+0000 7fc4db7fe700 1 -- 172.21.15.155:0/1908520204 <== mon.0 v2:172.21.15.155:3300/0 2 ==== config(26 keys) v1 ==== 1074+0+0 (secure 0 0 0) 0x7fc4e401d050 con 0x7fc4f41011d0
2023-12-16T05:50:30.420 INFO:teuthology.orchestra.run.smithi155.stdout:/usr/bin/ceph: stderr
2023-12-16T05:50:29.852+0000 7fc4db7fe700 1 -- 172.21.15.155:0/1908520204 <== mon.0 v2:172.21.15.155:3300/0 3 ==== mon_map magic: 0 v1 ==== 229+0+0 (secure 0 0 0) 0x7fc4e4022590 con 0x7fc4f41011d0
2023-12-16T05:50:30.420 INFO:teuthology.orchestra.run.smithi155.stdout:/usr/bin/ceph: stderr
2023-12-16T05:50:29.852+0000 7fc4f9763700 1 -- 172.21.15.155:0/1908520204 --> [v2:172.21.15.155:3300/0,v1:172.21.15.155:6789/0] -- mon_subscribe({mgrmap=0+}) v3 -- 0x7fc4f410f640 con 0x7fc4f41011d0
2023-12-16T05:50:30.420 INFO:teuthology.orchestra.run.smithi155.stdout:/usr/bin/ceph: stderr
2023-12-16T05:50:29.852+0000 7fc4f9763700 1 -- 172.21.15.155:0/1908520204 --> [v2:172.21.15.155:3300/0,v1:172.21.15.155:6789/0] -- mon_subscribe({osdmap=0}) v3 -- 0x7fc4f410fa50 con 0x7fc4f41011d0
2023-12-16T05:50:30.420 INFO:teuthology.orchestra.run.smithi155.stdout:/usr/bin/ceph: stderr
2023-12-16T05:50:29.853+0000 7fc4db7fe700 1 -- 172.21.15.155:0/1908520204 <== mon.0 v2:172.21.15.155:3300/0 4 ==== mgrmap(e 11) v1 ==== 43188+0+0 (secure 0 0 0) 0x7fc4e4022800 con 0x7fc4f41011d0
2023-12-16T05:50:30.420 INFO:teuthology.orchestra.run.smithi155.stdout:/usr/bin/ceph: stderr
2023-12-16T05:50:29.853+0000 7fc4db7fe700 1 --2- 172.21.15.155:0/1908520204 >> [v2:172.21.15.155:6800/2821498015,v1:172.21.15.155:6801/2821498015] conn(0x7fc4dc036570 0x7fc4dc038a20 unknown :-1 s=NONE pgs=0 cs=0 l=1 rev1=0 crypto rx=0 tx=0 comp rx=0 tx=0).connect
2023-12-16T05:50:30.420 INFO:teuthology.orchestra.run.smithi155.stdout:/usr/bin/ceph: stderr
2023-12-16T05:50:29.853+0000 7fc4db7fe700 1 -- 172.21.15.155:0/1908520204 <== mon.0 v2:172.21.15.155:3300/0 5 ==== osd_map(3..3 src has 1..3) v4 ==== 1151+0+0 (secure 0 0 0) 0x7fc4e4014070 con 0x7fc4f41011d0
2023-12-16T05:50:30.420 INFO:teuthology.orchestra.run.smithi155.stdout:/usr/bin/ceph: stderr
2023-12-16T05:50:29.853+0000 7fc4f27fc700 1 --2- 172.21.15.155:0/1908520204 >> [v2:172.21.15.155:6800/2821498015,v1:172.21.15.155:6801/2821498015] conn(0x7fc4dc036570 0x7fc4dc038a20 unknown :-1 s=BANNER_CONNECTING pgs=0 cs=0 l=1 rev1=0 crypto rx=0 tx=0 comp rx=0 tx=0)._handle_peer_banner_payload supported=3 required=0
2023-12-16T05:50:30.421 INFO:teuthology.orchestra.run.smithi155.stdout:/usr/bin/ceph: stderr
2023-12-16T05:50:29.853+0000 7fc4f9763700 1 -- 172.21.15.155:0/1908520204 --> [v2:172.21.15.155:3300/0,v1:172.21.15.155:6789/0] -- mon_command({"prefix": "get_command_descriptions"} v 0) v1 -- 0x7fc4e00052e0 con 0x7fc4f41011d0
2023-12-16T05:50:30.421 INFO:teuthology.orchestra.run.smithi155.stdout:/usr/bin/ceph: stderr
2023-12-16T05:50:29.854+0000 7fc4f27fc700 1 --2- 172.21.15.155:0/1908520204 >> [v2:172.21.15.155:6800/2821498015,v1:172.21.15.155:6801/2821498015] conn(0x7fc4dc036570 0x7fc4dc038a20 secure :-1 s=READY pgs=7 cs=0 l=1 rev1=1 crypto rx=0x7fc4e8009990 tx=0x7fc4e8006e40 comp rx=0 tx=0).ready entity=mgr.14162 client_cookie=0 server_cookie=0 in_seq=0 out_seq=0
2023-12-16T05:50:30.421 INFO:teuthology.orchestra.run.smithi155.stdout:/usr/bin/ceph: stderr
2023-12-16T05:50:29.858+0000 7fc4db7fe700 1 -- 172.21.15.155:0/1908520204 <== mon.0 v2:172.21.15.155:3300/0 6 ==== mon_command_ack([{"prefix": "get_command_descriptions"}]=0 v0) v1 ==== 72+0+174570 (secure 0 0 0) 0x7fc4e4022b50 con 0x7fc4f41011d0
2023-12-16T05:50:30.421 INFO:teuthology.orchestra.run.smithi155.stdout:/usr/bin/ceph: stderr
2023-12-16T05:50:30.058+0000 7fc4f9763700 1 -- 172.21.15.155:0/1908520204 --> [v2:172.21.15.155:6800/2821498015,v1:172.21.15.155:6801/2821498015] -- mgr_command(tid 0: {"prefix": "dashboard create-self-signed-cert", "target": ["mon-mgr", ""]}) v1 -- 0x7fc4e0000bf0 con 0x7fc4dc036570
2023-12-16T05:50:30.421 INFO:teuthology.orchestra.run.smithi155.stdout:/usr/bin/ceph: stderr
2023-12-16T05:50:30.098+0000 7fc4db7fe700 1 -- 172.21.15.155:0/1908520204 <== mgr.14162 v2:172.21.15.155:6800/2821498015 1 ==== mgr_command_reply(tid 0: 0 ) v1 ==== 8+0+32 (secure 0 0 0) 0x7fc4e0000bf0 con 0x7fc4dc036570
2023-12-16T05:50:30.421 INFO:teuthology.orchestra.run.smithi155.stdout:/usr/bin/ceph: stderr
2023-12-16T05:50:30.100+0000 7fc4f9763700 1 -- 172.21.15.155:0/1908520204 >> [v2:172.21.15.155:6800/2821498015,v1:172.21.15.155:6801/2821498015] conn(0x7fc4dc036570 msgr2=0x7fc4dc038a20 secure :-1 s=STATE_CONNECTION_ESTABLISHED l=1).mark_down
2023-12-16T05:50:30.421 INFO:teuthology.orchestra.run.smithi155.stdout:/usr/bin/ceph: stderr
2023-12-16T05:50:30.100+0000 7fc4f9763700 1 --2- 172.21.15.155:0/1908520204 >> [v2:172.21.15.155:6800/2821498015,v1:172.21.15.155:6801/2821498015] conn(0x7fc4dc036570 0x7fc4dc038a20 secure :-1 s=READY pgs=7 cs=0 l=1 rev1=1 crypto rx=0x7fc4e8009990 tx=0x7fc4e8006e40 comp rx=0 tx=0).stop
2023-12-16T05:50:30.421 INFO:teuthology.orchestra.run.smithi155.stdout:/usr/bin/ceph: stderr
2023-12-16T05:50:30.100+0000 7fc4f9763700 1 -- 172.21.15.155:0/1908520204 >> [v2:172.21.15.155:3300/0,v1:172.21.15.155:6789/0] conn(0x7fc4f41011d0 msgr2=0x7fc4f410ef00 secure :-1 s=STATE_CONNECTION_ESTABLISHED l=1).mark_down
2023-12-16T05:50:30.421 INFO:teuthology.orchestra.run.smithi155.stdout:/usr/bin/ceph: stderr
2023-12-16T05:50:30.100+0000 7fc4f9763700 1 --2- 172.21.15.155:0/1908520204 >> [v2:172.21.15.155:3300/0,v1:172.21.15.155:6789/0] conn(0x7fc4f41011d0 0x7fc4f410ef00 secure :-1 s=READY pgs=81 cs=0 l=1 rev1=1 crypto rx=0x7fc4e40184f0 tx=0x7fc4e400b4f0 comp rx=0 tx=0).stop
2023-12-16T05:50:30.421 INFO:teuthology.orchestra.run.smithi155.stdout:/usr/bin/ceph: stderr
2023-12-16T05:50:30.100+0000 7fc4f9763700 1 -- 172.21.15.155:0/1908520204 shutdown_connections
2023-12-16T05:50:30.421 INFO:teuthology.orchestra.run.smithi155.stdout:/usr/bin/ceph: stderr
2023-12-16T05:50:30.100+0000 7fc4f9763700 1 --2- 172.21.15.155:0/1908520204 >> [v2:172.21.15.155:6800/2821498015,v1:172.21.15.155:6801/2821498015] conn(0x7fc4dc036570 0x7fc4dc038a20 unknown :-1 s=CLOSED pgs=7 cs=0 l=1 rev1=1 crypto rx=0 tx=0 comp rx=0 tx=0).stop
2023-12-16T05:50:30.421 INFO:teuthology.orchestra.run.smithi155.stdout:/usr/bin/ceph: stderr
2023-12-16T05:50:30.100+0000 7fc4f9763700 1 --2- 172.21.15.155:0/1908520204 >> [v2:172.21.15.155:3300/0,v1:172.21.15.155:6789/0] conn(0x7fc4f41011d0 0x7fc4f410ef00 unknown :-1 s=CLOSED pgs=81 cs=0 l=1 rev1=1 crypto rx=0 tx=0 comp rx=0 tx=0).stop
2023-12-16T05:50:30.421 INFO:teuthology.orchestra.run.smithi155.stdout:/usr/bin/ceph: stderr
2023-12-16T05:50:30.100+0000 7fc4f9763700 1 -- 172.21.15.155:0/1908520204 >> 172.21.15.155:0/1908520204 conn(0x7fc4f40fc950 msgr2=0x7fc4f4105f40 unknown :-1 s=STATE_NONE l=0).mark_down
2023-12-16T05:50:30.421 INFO:teuthology.orchestra.run.smithi155.stdout:/usr/bin/ceph: stderr
2023-12-16T05:50:30.101+0000 7fc4f9763700 1 -- 172.21.15.155:0/1908520204 shutdown_connections
2023-12-16T05:50:30.422 INFO:teuthology.orchestra.run.smithi155.stdout:/usr/bin/ceph: stderr
2023-12-16T05:50:30.101+0000 7fc4f9763700 1 -- 172.21.15.155:0/1908520204 wait complete.
2023-12-16T05:50:30.422 INFO:teuthology.orchestra.run.smithi155.stdout:Creating initial admin user...
2023-12-16T05:50:30.422 INFO:journalctl@ceph.mon.smithi155.smithi155.stdout:Dec 16 05:50:30 smithi155 ceph-mon[112451]: [16/Dec/2023:05:50:28] ENGINE Bus STARTING
2023-12-16T05:50:30.422 INFO:journalctl@ceph.mon.smithi155.smithi155.stdout:Dec 16 05:50:30 smithi155 ceph-mon[112451]: [16/Dec/2023:05:50:28] ENGINE Serving on https://172.21.15.155:7150
2023-12-16T05:50:30.422 INFO:journalctl@ceph.mon.smithi155.smithi155.stdout:Dec 16 05:50:30 smithi155 ceph-mon[112451]: [16/Dec/2023:05:50:28] ENGINE Bus STARTED
2023-12-16T05:50:30.422 INFO:journalctl@ceph.mon.smithi155.smithi155.stdout:Dec 16 05:50:30 smithi155 ceph-mon[112451]: from='client.14166 -' entity='client.admin' cmd=[{"prefix": "get_command_descriptions"}]: dispatch
2023-12-16T05:50:30.422 INFO:journalctl@ceph.mon.smithi155.smithi155.stdout:Dec 16 05:50:30 smithi155 ceph-mon[112451]: from='client.14166 -' entity='client.admin' cmd=[{"prefix": "mgr_status"}]: dispatch
2023-12-16T05:50:30.422 INFO:journalctl@ceph.mon.smithi155.smithi155.stdout:Dec 16 05:50:30 smithi155 ceph-mon[112451]: from='mgr.14162 172.21.15.155:0/3854044644' entity='mgr.smithi155.maowdn'
2023-12-16T05:50:30.422 INFO:journalctl@ceph.mon.smithi155.smithi155.stdout:Dec 16 05:50:30 smithi155 ceph-mon[112451]: from='mgr.14162 172.21.15.155:0/3854044644' entity='mgr.smithi155.maowdn'
2023-12-16T05:50:30.422 INFO:journalctl@ceph.mon.smithi155.smithi155.stdout:Dec 16 05:50:30 smithi155 ceph-mon[112451]: from='mgr.14162 172.21.15.155:0/3854044644' entity='mgr.smithi155.maowdn'
2023-12-16T05:50:31.576 INFO:journalctl@ceph.mon.smithi155.smithi155.stdout:Dec 16 05:50:31 smithi155 ceph-mon[112451]: from='client.14174 -' entity='client.admin' cmd=[{"prefix": "dashboard create-self-signed-cert", "target": ["mon-mgr", ""]}]: dispatch
2023-12-16T05:50:31.577 INFO:journalctl@ceph.mon.smithi155.smithi155.stdout:Dec 16 05:50:31 smithi155 ceph-mon[112451]: mgrmap e12: smithi155.maowdn(active, since 3s)
2023-12-16T05:50:32.625 INFO:teuthology.orchestra.run.smithi155.stdout:/usr/bin/ceph: stdout {"username": "admin", "password": "$2b$12$q83uu4j2WZFNIRMDIou16eD0xf3DjRdwIQL9mVligA.qpadeeTEGG", "roles": ["administrator"], "name": null, "email": null, "lastUpdate": 1702705832, "enabled": true, "pwdExpirationDate": null, "pwdUpdateRequired": true}
2023-12-16T05:50:32.626 INFO:teuthology.orchestra.run.smithi155.stdout:/usr/bin/ceph: stderr
2023-12-16T05:50:31.833+0000 7fe90ae35700 1 Processor -- start
2023-12-16T05:50:32.626 INFO:teuthology.orchestra.run.smithi155.stdout:/usr/bin/ceph: stderr
2023-12-16T05:50:31.833+0000 7fe90ae35700 1 -- start start
2023-12-16T05:50:32.626 INFO:teuthology.orchestra.run.smithi155.stdout:/usr/bin/ceph: stderr
2023-12-16T05:50:31.833+0000 7fe90ae35700 1 --2- >> [v2:172.21.15.155:3300/0,v1:172.21.15.155:6789/0] conn(0x7fe904071000 0x7fe904104ea0 unknown :-1 s=NONE pgs=0 cs=0 l=0 rev1=0 crypto rx=0 tx=0 comp rx=0 tx=0).connect
2023-12-16T05:50:32.626 INFO:teuthology.orchestra.run.smithi155.stdout:/usr/bin/ceph: stderr
2023-12-16T05:50:31.833+0000 7fe90ae35700 1 -- --> [v2:172.21.15.155:3300/0,v1:172.21.15.155:6789/0] -- mon_getmap magic: 0 v1 -- 0x7fe9041053e0 con 0x7fe904071000
2023-12-16T05:50:32.626 INFO:teuthology.orchestra.run.smithi155.stdout:/usr/bin/ceph: stderr
2023-12-16T05:50:31.834+0000 7fe908bd1700 1 --2- >> [v2:172.21.15.155:3300/0,v1:172.21.15.155:6789/0] conn(0x7fe904071000 0x7fe904104ea0 unknown :-1 s=BANNER_CONNECTING pgs=0 cs=0 l=0 rev1=0 crypto rx=0 tx=0 comp rx=0 tx=0)._handle_peer_banner_payload supported=3 required=0
2023-12-16T05:50:32.626 INFO:teuthology.orchestra.run.smithi155.stdout:/usr/bin/ceph: stderr
2023-12-16T05:50:31.834+0000 7fe908bd1700 1 --2- >> [v2:172.21.15.155:3300/0,v1:172.21.15.155:6789/0] conn(0x7fe904071000 0x7fe904104ea0 unknown :-1 s=HELLO_CONNECTING pgs=0 cs=0 l=0 rev1=1 crypto rx=0 tx=0 comp rx=0 tx=0).handle_hello peer v2:172.21.15.155:3300/0 says I am v2:172.21.15.155:54302/0 (socket says 172.21.15.155:54302)
2023-12-16T05:50:32.626 INFO:teuthology.orchestra.run.smithi155.stdout:/usr/bin/ceph: stderr
2023-12-16T05:50:31.834+0000 7fe908bd1700 1 -- 172.21.15.155:0/679611196 learned_addr learned my addr 172.21.15.155:0/679611196 (peer_addr_for_me v2:172.21.15.155:0/0)
2023-12-16T05:50:32.626 INFO:teuthology.orchestra.run.smithi155.stdout:/usr/bin/ceph: stderr
2023-12-16T05:50:31.834+0000 7fe908bd1700 1 -- 172.21.15.155:0/679611196 --> [v2:172.21.15.155:3300/0,v1:172.21.15.155:6789/0] -- mon_subscribe({config=0+,monmap=0+}) v3 -- 0x7fe904105520 con 0x7fe904071000
2023-12-16T05:50:32.626 INFO:teuthology.orchestra.run.smithi155.stdout:/usr/bin/ceph: stderr
2023-12-16T05:50:31.834+0000 7fe908bd1700 1 --2- 172.21.15.155:0/679611196 >> [v2:172.21.15.155:3300/0,v1:172.21.15.155:6789/0] conn(0x7fe904071000 0x7fe904104ea0 secure :-1 s=READY pgs=82 cs=0 l=1 rev1=1 crypto rx=0x7fe8f80098e0 tx=0x7fe8f8009250 comp rx=0 tx=0).ready entity=mon.0 client_cookie=92c94c67f04bb02c server_cookie=0 in_seq=0 out_seq=0
2023-12-16T05:50:32.626 INFO:teuthology.orchestra.run.smithi155.stdout:/usr/bin/ceph: stderr
2023-12-16T05:50:31.834+0000 7fe9037fe700 1 -- 172.21.15.155:0/679611196 <== mon.0 v2:172.21.15.155:3300/0 1 ==== mon_map magic: 0 v1 ==== 229+0+0 (secure 0 0 0) 0x7fe8f800b860 con 0x7fe904071000
2023-12-16T05:50:32.626 INFO:teuthology.orchestra.run.smithi155.stdout:/usr/bin/ceph: stderr
2023-12-16T05:50:31.834+0000 7fe9037fe700 1 -- 172.21.15.155:0/679611196 <== mon.0 v2:172.21.15.155:3300/0 2 ==== config(26 keys) v1 ==== 1074+0+0 (secure 0 0 0) 0x7fe8f800be70 con 0x7fe904071000
2023-12-16T05:50:32.626 INFO:teuthology.orchestra.run.smithi155.stdout:/usr/bin/ceph: stderr
2023-12-16T05:50:31.834+0000 7fe9037fe700 1 -- 172.21.15.155:0/679611196 <== mon.0 v2:172.21.15.155:3300/0 3 ==== mon_map magic: 0 v1 ==== 229+0+0 (secure 0 0 0) 0x7fe8f8010380 con 0x7fe904071000
2023-12-16T05:50:32.626 INFO:teuthology.orchestra.run.smithi155.stdout:/usr/bin/ceph: stderr
2023-12-16T05:50:31.835+0000 7fe90ae35700 1 -- 172.21.15.155:0/679611196 >> [v2:172.21.15.155:3300/0,v1:172.21.15.155:6789/0] conn(0x7fe904071000 msgr2=0x7fe904104ea0 secure :-1 s=STATE_CONNECTION_ESTABLISHED l=1).mark_down
2023-12-16T05:50:32.626 INFO:teuthology.orchestra.run.smithi155.stdout:/usr/bin/ceph: stderr
2023-12-16T05:50:31.835+0000 7fe90ae35700 1 --2- 172.21.15.155:0/679611196 >> [v2:172.21.15.155:3300/0,v1:172.21.15.155:6789/0] conn(0x7fe904071000 0x7fe904104ea0 secure :-1 s=READY pgs=82 cs=0 l=1 rev1=1 crypto rx=0x7fe8f80098e0 tx=0x7fe8f8009250 comp rx=0 tx=0).stop
2023-12-16T05:50:32.627 INFO:teuthology.orchestra.run.smithi155.stdout:/usr/bin/ceph: stderr
2023-12-16T05:50:31.835+0000 7fe90ae35700 1 -- 172.21.15.155:0/679611196 shutdown_connections
2023-12-16T05:50:32.627 INFO:teuthology.orchestra.run.smithi155.stdout:/usr/bin/ceph: stderr
2023-12-16T05:50:31.835+0000 7fe90ae35700 1 --2- 172.21.15.155:0/679611196 >> [v2:172.21.15.155:3300/0,v1:172.21.15.155:6789/0] conn(0x7fe904071000 0x7fe904104ea0 unknown :-1 s=CLOSED pgs=82 cs=0 l=1 rev1=1 crypto rx=0 tx=0 comp rx=0 tx=0).stop
2023-12-16T05:50:32.627 INFO:teuthology.orchestra.run.smithi155.stdout:/usr/bin/ceph: stderr
2023-12-16T05:50:31.835+0000 7fe90ae35700 1 -- 172.21.15.155:0/679611196 >> 172.21.15.155:0/679611196 conn(0x7fe9040fc970 msgr2=0x7fe9040fed80 unknown :-1 s=STATE_NONE l=0).mark_down
2023-12-16T05:50:32.627 INFO:teuthology.orchestra.run.smithi155.stdout:/usr/bin/ceph: stderr
2023-12-16T05:50:31.835+0000 7fe90ae35700 1 -- 172.21.15.155:0/679611196 shutdown_connections
2023-12-16T05:50:32.627 INFO:teuthology.orchestra.run.smithi155.stdout:/usr/bin/ceph: stderr
2023-12-16T05:50:31.835+0000 7fe90ae35700 1 -- 172.21.15.155:0/679611196 wait complete.
2023-12-16T05:50:32.627 INFO:teuthology.orchestra.run.smithi155.stdout:/usr/bin/ceph: stderr
2023-12-16T05:50:31.835+0000 7fe90ae35700 1 Processor -- start
2023-12-16T05:50:32.627 INFO:teuthology.orchestra.run.smithi155.stdout:/usr/bin/ceph: stderr
2023-12-16T05:50:31.835+0000 7fe90ae35700 1 -- start start
2023-12-16T05:50:32.627 INFO:teuthology.orchestra.run.smithi155.stdout:/usr/bin/ceph: stderr
2023-12-16T05:50:31.836+0000 7fe90ae35700 1 --2- >> [v2:172.21.15.155:3300/0,v1:172.21.15.155:6789/0] conn(0x7fe904071000 0x7fe904102920 unknown :-1 s=NONE pgs=0 cs=0 l=1 rev1=0 crypto rx=0 tx=0 comp rx=0 tx=0).connect
2023-12-16T05:50:32.627 INFO:teuthology.orchestra.run.smithi155.stdout:/usr/bin/ceph: stderr
2023-12-16T05:50:31.836+0000 7fe90ae35700 1 -- --> [v2:172.21.15.155:3300/0,v1:172.21.15.155:6789/0] -- mon_getmap magic: 0 v1 -- 0x7fe904100da0 con 0x7fe904071000
2023-12-16T05:50:32.627 INFO:teuthology.orchestra.run.smithi155.stdout:/usr/bin/ceph: stderr
2023-12-16T05:50:31.836+0000 7fe908bd1700 1 --2- >> [v2:172.21.15.155:3300/0,v1:172.21.15.155:6789/0] conn(0x7fe904071000 0x7fe904102920 unknown :-1 s=BANNER_CONNECTING pgs=0 cs=0 l=1 rev1=0 crypto rx=0 tx=0 comp rx=0 tx=0)._handle_peer_banner_payload supported=3 required=0
2023-12-16T05:50:32.627 INFO:teuthology.orchestra.run.smithi155.stdout:/usr/bin/ceph: stderr
2023-12-16T05:50:31.836+0000 7fe908bd1700 1 --2- >> [v2:172.21.15.155:3300/0,v1:172.21.15.155:6789/0] conn(0x7fe904071000 0x7fe904102920 unknown :-1 s=HELLO_CONNECTING pgs=0 cs=0 l=1 rev1=1 crypto rx=0 tx=0 comp rx=0 tx=0).handle_hello peer v2:172.21.15.155:3300/0 says I am v2:172.21.15.155:54316/0 (socket says 172.21.15.155:54316)
2023-12-16T05:50:32.627 INFO:teuthology.orchestra.run.smithi155.stdout:/usr/bin/ceph: stderr
2023-12-16T05:50:31.836+0000 7fe908bd1700 1 -- 172.21.15.155:0/3744060609 learned_addr learned my addr 172.21.15.155:0/3744060609 (peer_addr_for_me v2:172.21.15.155:0/0)
2023-12-16T05:50:32.627 INFO:teuthology.orchestra.run.smithi155.stdout:/usr/bin/ceph: stderr
2023-12-16T05:50:31.836+0000 7fe908bd1700 1 -- 172.21.15.155:0/3744060609 --> [v2:172.21.15.155:3300/0,v1:172.21.15.155:6789/0] -- mon_subscribe({config=0+,monmap=0+}) v3 -- 0x7fe8f80094f0 con 0x7fe904071000
2023-12-16T05:50:32.627 INFO:teuthology.orchestra.run.smithi155.stdout:/usr/bin/ceph: stderr
2023-12-16T05:50:31.836+0000 7fe908bd1700 1 --2- 172.21.15.155:0/3744060609 >> [v2:172.21.15.155:3300/0,v1:172.21.15.155:6789/0] conn(0x7fe904071000 0x7fe904102920 secure :-1 s=READY pgs=83 cs=0 l=1 rev1=1 crypto rx=0x7fe8f8003080 tx=0x7fe8f8009250 comp rx=0 tx=0).ready entity=mon.0 client_cookie=0 server_cookie=0 in_seq=0 out_seq=0
2023-12-16T05:50:32.627 INFO:teuthology.orchestra.run.smithi155.stdout:/usr/bin/ceph: stderr
2023-12-16T05:50:31.837+0000 7fe9017fa700 1 -- 172.21.15.155:0/3744060609 <== mon.0 v2:172.21.15.155:3300/0 1 ==== mon_map magic: 0 v1 ==== 229+0+0 (secure 0 0 0) 0x7fe8f8010960 con 0x7fe904071000
2023-12-16T05:50:32.628 INFO:teuthology.orchestra.run.smithi155.stdout:/usr/bin/ceph: stderr
2023-12-16T05:50:31.837+0000 7fe9017fa700 1 -- 172.21.15.155:0/3744060609 <== mon.0 v2:172.21.15.155:3300/0 2 ==== config(26 keys) v1 ==== 1074+0+0 (secure 0 0 0) 0x7fe8f801a430 con 0x7fe904071000
2023-12-16T05:50:32.628 INFO:teuthology.orchestra.run.smithi155.stdout:/usr/bin/ceph: stderr
2023-12-16T05:50:31.837+0000 7fe90ae35700 1 -- 172.21.15.155:0/3744060609 --> [v2:172.21.15.155:3300/0,v1:172.21.15.155:6789/0] -- mon_subscribe({mgrmap=0+}) v3 -- 0x7fe904100fa0 con 0x7fe904071000
2023-12-16T05:50:32.628 INFO:teuthology.orchestra.run.smithi155.stdout:/usr/bin/ceph: stderr
2023-12-16T05:50:31.837+0000 7fe9017fa700 1 -- 172.21.15.155:0/3744060609 <== mon.0 v2:172.21.15.155:3300/0 3 ==== mon_map magic: 0 v1 ==== 229+0+0 (secure 0 0 0) 0x7fe8f80245b0 con 0x7fe904071000
2023-12-16T05:50:32.628 INFO:teuthology.orchestra.run.smithi155.stdout:/usr/bin/ceph: stderr
2023-12-16T05:50:31.837+0000 7fe90ae35700 1 -- 172.21.15.155:0/3744060609 --> [v2:172.21.15.155:3300/0,v1:172.21.15.155:6789/0] -- mon_subscribe({osdmap=0}) v3 -- 0x7fe9041013b0 con 0x7fe904071000
2023-12-16T05:50:32.628 INFO:teuthology.orchestra.run.smithi155.stdout:/usr/bin/ceph: stderr
2023-12-16T05:50:31.837+0000 7fe9017fa700 1 -- 172.21.15.155:0/3744060609 <== mon.0 v2:172.21.15.155:3300/0 4 ==== mgrmap(e 12) v1 ==== 43294+0+0 (secure 0 0 0) 0x7fe8f802d3f0 con 0x7fe904071000
2023-12-16T05:50:32.628 INFO:teuthology.orchestra.run.smithi155.stdout:/usr/bin/ceph: stderr
2023-12-16T05:50:31.838+0000 7fe9017fa700 1 --2- 172.21.15.155:0/3744060609 >> [v2:172.21.15.155:6800/2821498015,v1:172.21.15.155:6801/2821498015] conn(0x7fe8f4036640 0x7fe8f4038af0 unknown :-1 s=NONE pgs=0 cs=0 l=1 rev1=0 crypto rx=0 tx=0 comp rx=0 tx=0).connect
2023-12-16T05:50:32.628 INFO:teuthology.orchestra.run.smithi155.stdout:/usr/bin/ceph: stderr
2023-12-16T05:50:31.838+0000 7fe9017fa700 1 -- 172.21.15.155:0/3744060609 <== mon.0 v2:172.21.15.155:3300/0 5 ==== osd_map(3..3 src has 1..3) v4 ==== 1151+0+0 (secure 0 0 0) 0x7fe8f804b210 con 0x7fe904071000
2023-12-16T05:50:32.628 INFO:teuthology.orchestra.run.smithi155.stdout:/usr/bin/ceph: stderr
2023-12-16T05:50:31.838+0000 7fe903fff700 1 --2- 172.21.15.155:0/3744060609 >> [v2:172.21.15.155:6800/2821498015,v1:172.21.15.155:6801/2821498015] conn(0x7fe8f4036640 0x7fe8f4038af0 unknown :-1 s=BANNER_CONNECTING pgs=0 cs=0 l=1 rev1=0 crypto rx=0 tx=0 comp rx=0 tx=0)._handle_peer_banner_payload supported=3 required=0
2023-12-16T05:50:32.628 INFO:teuthology.orchestra.run.smithi155.stdout:/usr/bin/ceph: stderr
2023-12-16T05:50:31.838+0000 7fe90ae35700 1 -- 172.21.15.155:0/3744060609 --> [v2:172.21.15.155:3300/0,v1:172.21.15.155:6789/0] -- mon_command({"prefix": "get_command_descriptions"} v 0) v1 -- 0x7fe90405f270 con 0x7fe904071000
2023-12-16T05:50:32.628 INFO:teuthology.orchestra.run.smithi155.stdout:/usr/bin/ceph: stderr
2023-12-16T05:50:31.838+0000 7fe903fff700 1 --2- 172.21.15.155:0/3744060609 >> [v2:172.21.15.155:6800/2821498015,v1:172.21.15.155:6801/2821498015] conn(0x7fe8f4036640 0x7fe8f4038af0 secure :-1 s=READY pgs=8 cs=0 l=1 rev1=1 crypto rx=0x7fe8f0009990 tx=0x7fe8f0006e40 comp rx=0 tx=0).ready entity=mgr.14162 client_cookie=0 server_cookie=0 in_seq=0 out_seq=0
2023-12-16T05:50:32.628 INFO:teuthology.orchestra.run.smithi155.stdout:/usr/bin/ceph: stderr
2023-12-16T05:50:31.842+0000 7fe9017fa700 1 -- 172.21.15.155:0/3744060609 <== mon.0 v2:172.21.15.155:3300/0 6 ==== mon_command_ack([{"prefix": "get_command_descriptions"}]=0 v0) v1 ==== 72+0+174570 (secure 0 0 0) 0x7fe8f802b8e0 con 0x7fe904071000
2023-12-16T05:50:32.628 INFO:teuthology.orchestra.run.smithi155.stdout:/usr/bin/ceph: stderr
2023-12-16T05:50:32.043+0000 7fe90ae35700 1 -- 172.21.15.155:0/3744060609 --> [v2:172.21.15.155:6800/2821498015,v1:172.21.15.155:6801/2821498015] -- mgr_command(tid 0: {"prefix": "dashboard ac-user-create", "username": "admin", "rolename": "administrator", "force_password": true, "pwd_update_required": true, "target": ["mon-mgr", ""]}) v1 -- 0x7fe90405f090 con 0x7fe8f4036640
2023-12-16T05:50:32.628 INFO:teuthology.orchestra.run.smithi155.stdout:/usr/bin/ceph: stderr
2023-12-16T05:50:32.261+0000 7fe9017fa700 1 -- 172.21.15.155:0/3744060609 <== mgr.14162 v2:172.21.15.155:6800/2821498015 1 ==== mgr_command_reply(tid 0: 0 ) v1 ==== 8+0+252 (secure 0 0 0) 0x7fe90405f090 con 0x7fe8f4036640
2023-12-16T05:50:32.628 INFO:teuthology.orchestra.run.smithi155.stdout:/usr/bin/ceph: stderr
2023-12-16T05:50:32.263+0000 7fe90ae35700 1 -- 172.21.15.155:0/3744060609 >> [v2:172.21.15.155:6800/2821498015,v1:172.21.15.155:6801/2821498015] conn(0x7fe8f4036640 msgr2=0x7fe8f4038af0 secure :-1 s=STATE_CONNECTION_ESTABLISHED l=1).mark_down
2023-12-16T05:50:32.629 INFO:teuthology.orchestra.run.smithi155.stdout:/usr/bin/ceph: stderr
2023-12-16T05:50:32.263+0000 7fe90ae35700 1 --2- 172.21.15.155:0/3744060609 >> [v2:172.21.15.155:6800/2821498015,v1:172.21.15.155:6801/2821498015] conn(0x7fe8f4036640 0x7fe8f4038af0 secure :-1 s=READY pgs=8 cs=0 l=1 rev1=1 crypto rx=0x7fe8f0009990 tx=0x7fe8f0006e40 comp rx=0 tx=0).stop
2023-12-16T05:50:32.629 INFO:teuthology.orchestra.run.smithi155.stdout:/usr/bin/ceph: stderr
2023-12-16T05:50:32.263+0000 7fe90ae35700 1 -- 172.21.15.155:0/3744060609 >> [v2:172.21.15.155:3300/0,v1:172.21.15.155:6789/0] conn(0x7fe904071000 msgr2=0x7fe904102920 secure :-1 s=STATE_CONNECTION_ESTABLISHED l=1).mark_down
2023-12-16T05:50:32.629 INFO:teuthology.orchestra.run.smithi155.stdout:/usr/bin/ceph: stderr
2023-12-16T05:50:32.263+0000 7fe90ae35700 1 --2- 172.21.15.155:0/3744060609 >> [v2:172.21.15.155:3300/0,v1:172.21.15.155:6789/0] conn(0x7fe904071000 0x7fe904102920 secure :-1 s=READY pgs=83 cs=0 l=1 rev1=1 crypto rx=0x7fe8f8003080 tx=0x7fe8f8009250 comp rx=0 tx=0).stop
2023-12-16T05:50:32.629 INFO:teuthology.orchestra.run.smithi155.stdout:/usr/bin/ceph: stderr
2023-12-16T05:50:32.263+0000 7fe90ae35700 1 -- 172.21.15.155:0/3744060609 shutdown_connections
2023-12-16T05:50:32.629 INFO:teuthology.orchestra.run.smithi155.stdout:/usr/bin/ceph: stderr
2023-12-16T05:50:32.263+0000 7fe90ae35700 1 --2- 172.21.15.155:0/3744060609 >> [v2:172.21.15.155:6800/2821498015,v1:172.21.15.155:6801/2821498015] conn(0x7fe8f4036640 0x7fe8f4038af0 unknown :-1 s=CLOSED pgs=8 cs=0 l=1 rev1=1 crypto rx=0 tx=0 comp rx=0 tx=0).stop
2023-12-16T05:50:32.629 INFO:teuthology.orchestra.run.smithi155.stdout:/usr/bin/ceph: stderr
2023-12-16T05:50:32.263+0000 7fe90ae35700 1 --2- 172.21.15.155:0/3744060609 >> [v2:172.21.15.155:3300/0,v1:172.21.15.155:6789/0] conn(0x7fe904071000 0x7fe904102920 unknown :-1 s=CLOSED pgs=83 cs=0 l=1 rev1=1 crypto rx=0 tx=0 comp rx=0 tx=0).stop
2023-12-16T05:50:32.629 INFO:teuthology.orchestra.run.smithi155.stdout:/usr/bin/ceph: stderr
2023-12-16T05:50:32.263+0000 7fe90ae35700 1 -- 172.21.15.155:0/3744060609 >> 172.21.15.155:0/3744060609 conn(0x7fe9040fc970 msgr2=0x7fe9040fed80 unknown :-1 s=STATE_NONE l=0).mark_down
2023-12-16T05:50:32.629 INFO:teuthology.orchestra.run.smithi155.stdout:/usr/bin/ceph: stderr
2023-12-16T05:50:32.263+0000 7fe90ae35700 1 -- 172.21.15.155:0/3744060609 shutdown_connections
2023-12-16T05:50:32.629 INFO:teuthology.orchestra.run.smithi155.stdout:/usr/bin/ceph: stderr
2023-12-16T05:50:32.264+0000 7fe90ae35700 1 -- 172.21.15.155:0/3744060609 wait complete.
2023-12-16T05:50:32.629 INFO:teuthology.orchestra.run.smithi155.stdout:Fetching dashboard port number...
2023-12-16T05:50:33.456 INFO:journalctl@ceph.mon.smithi155.smithi155.stdout:Dec 16 05:50:33 smithi155 ceph-mon[112451]: from='client.14176 -' entity='client.admin' cmd=[{"prefix": "dashboard ac-user-create", "username": "admin", "rolename": "administrator", "force_password": true, "pwd_update_required": true, "target": ["mon-mgr", ""]}]: dispatch
2023-12-16T05:50:33.456 INFO:journalctl@ceph.mon.smithi155.smithi155.stdout:Dec 16 05:50:33 smithi155 ceph-mon[112451]: from='mgr.14162 172.21.15.155:0/3854044644' entity='mgr.smithi155.maowdn'
2023-12-16T05:50:33.457 INFO:journalctl@ceph.mon.smithi155.smithi155.stdout:Dec 16 05:50:33 smithi155 ceph-mon[112451]: from='client.? 172.21.15.155:0/967965689' entity='client.admin' cmd=[{"prefix": "config get", "who": "mgr", "key": "mgr/dashboard/ssl_server_port"}]: dispatch
2023-12-16T05:50:33.517 INFO:teuthology.orchestra.run.smithi155.stdout:/usr/bin/ceph: stdout 8443
2023-12-16T05:50:33.517 INFO:teuthology.orchestra.run.smithi155.stdout:/usr/bin/ceph: stderr
2023-12-16T05:50:32.968+0000 7f2f3cf4f700 1 Processor -- start
2023-12-16T05:50:33.517 INFO:teuthology.orchestra.run.smithi155.stdout:/usr/bin/ceph: stderr
2023-12-16T05:50:32.968+0000 7f2f3cf4f700 1 -- start start
2023-12-16T05:50:33.517 INFO:teuthology.orchestra.run.smithi155.stdout:/usr/bin/ceph: stderr
2023-12-16T05:50:32.968+0000 7f2f3cf4f700 1 --2- >> [v2:172.21.15.155:3300/0,v1:172.21.15.155:6789/0] conn(0x7f2f38071000 0x7f2f38104ea0 unknown :-1 s=NONE pgs=0 cs=0 l=0 rev1=0 crypto rx=0 tx=0 comp rx=0 tx=0).connect
2023-12-16T05:50:33.517 INFO:teuthology.orchestra.run.smithi155.stdout:/usr/bin/ceph: stderr
2023-12-16T05:50:32.968+0000 7f2f3cf4f700 1 -- --> [v2:172.21.15.155:3300/0,v1:172.21.15.155:6789/0] -- mon_getmap magic: 0 v1 -- 0x7f2f381053e0 con 0x7f2f38071000
2023-12-16T05:50:33.517 INFO:teuthology.orchestra.run.smithi155.stdout:/usr/bin/ceph: stderr
2023-12-16T05:50:32.968+0000 7f2f3659c700 1 --2- >> [v2:172.21.15.155:3300/0,v1:172.21.15.155:6789/0] conn(0x7f2f38071000 0x7f2f38104ea0 unknown :-1 s=BANNER_CONNECTING pgs=0 cs=0 l=0 rev1=0 crypto rx=0 tx=0 comp rx=0 tx=0)._handle_peer_banner_payload supported=3 required=0
2023-12-16T05:50:33.517 INFO:teuthology.orchestra.run.smithi155.stdout:/usr/bin/ceph: stderr
2023-12-16T05:50:32.968+0000 7f2f3659c700 1 --2- >> [v2:172.21.15.155:3300/0,v1:172.21.15.155:6789/0] conn(0x7f2f38071000 0x7f2f38104ea0 unknown :-1 s=HELLO_CONNECTING pgs=0 cs=0 l=0 rev1=1 crypto rx=0 tx=0 comp rx=0 tx=0).handle_hello peer v2:172.21.15.155:3300/0 says I am v2:172.21.15.155:54320/0 (socket says 172.21.15.155:54320)
2023-12-16T05:50:33.517 INFO:teuthology.orchestra.run.smithi155.stdout:/usr/bin/ceph: stderr
2023-12-16T05:50:32.968+0000 7f2f3659c700 1 -- 172.21.15.155:0/1930452260 learned_addr learned my addr 172.21.15.155:0/1930452260 (peer_addr_for_me v2:172.21.15.155:0/0)
2023-12-16T05:50:33.517 INFO:teuthology.orchestra.run.smithi155.stdout:/usr/bin/ceph: stderr
2023-12-16T05:50:32.969+0000 7f2f3659c700 1 -- 172.21.15.155:0/1930452260 --> [v2:172.21.15.155:3300/0,v1:172.21.15.155:6789/0] -- mon_subscribe({config=0+,monmap=0+}) v3 -- 0x7f2f38105520 con 0x7f2f38071000
2023-12-16T05:50:33.517 INFO:teuthology.orchestra.run.smithi155.stdout:/usr/bin/ceph: stderr
2023-12-16T05:50:32.969+0000 7f2f3659c700 1 --2- 172.21.15.155:0/1930452260 >> [v2:172.21.15.155:3300/0,v1:172.21.15.155:6789/0] conn(0x7f2f38071000 0x7f2f38104ea0 secure :-1 s=READY pgs=84 cs=0 l=1 rev1=1 crypto rx=0x7f2f280098e0 tx=0x7f2f28009250 comp rx=0 tx=0).ready entity=mon.0 client_cookie=a710390317dfbc6c server_cookie=0 in_seq=0 out_seq=0
2023-12-16T05:50:33.517 INFO:teuthology.orchestra.run.smithi155.stdout:/usr/bin/ceph: stderr
2023-12-16T05:50:32.969+0000 7f2f3559a700 1 -- 172.21.15.155:0/1930452260 <== mon.0 v2:172.21.15.155:3300/0 1 ==== mon_map magic: 0 v1 ==== 229+0+0 (secure 0 0 0) 0x7f2f2800b860 con 0x7f2f38071000
2023-12-16T05:50:33.517 INFO:teuthology.orchestra.run.smithi155.stdout:/usr/bin/ceph: stderr
2023-12-16T05:50:32.969+0000 7f2f3559a700 1 -- 172.21.15.155:0/1930452260 <== mon.0 v2:172.21.15.155:3300/0 2 ==== config(26 keys) v1 ==== 1074+0+0 (secure 0 0 0) 0x7f2f2800be70 con 0x7f2f38071000
2023-12-16T05:50:33.518 INFO:teuthology.orchestra.run.smithi155.stdout:/usr/bin/ceph: stderr
2023-12-16T05:50:32.969+0000 7f2f3559a700 1 -- 172.21.15.155:0/1930452260 <== mon.0 v2:172.21.15.155:3300/0 3 ==== mon_map magic: 0 v1 ==== 229+0+0 (secure 0 0 0) 0x7f2f28010380 con 0x7f2f38071000
2023-12-16T05:50:33.518 INFO:teuthology.orchestra.run.smithi155.stdout:/usr/bin/ceph: stderr
2023-12-16T05:50:32.969+0000 7f2f3cf4f700 1 -- 172.21.15.155:0/1930452260 >> [v2:172.21.15.155:3300/0,v1:172.21.15.155:6789/0] conn(0x7f2f38071000 msgr2=0x7f2f38104ea0 secure :-1 s=STATE_CONNECTION_ESTABLISHED l=1).mark_down
2023-12-16T05:50:33.518 INFO:teuthology.orchestra.run.smithi155.stdout:/usr/bin/ceph: stderr
2023-12-16T05:50:32.969+0000 7f2f3cf4f700 1 --2- 172.21.15.155:0/1930452260 >> [v2:172.21.15.155:3300/0,v1:172.21.15.155:6789/0] conn(0x7f2f38071000 0x7f2f38104ea0 secure :-1 s=READY pgs=84 cs=0 l=1 rev1=1 crypto rx=0x7f2f280098e0 tx=0x7f2f28009250 comp rx=0 tx=0).stop
2023-12-16T05:50:33.518 INFO:teuthology.orchestra.run.smithi155.stdout:/usr/bin/ceph: stderr
2023-12-16T05:50:32.969+0000 7f2f3cf4f700 1 -- 172.21.15.155:0/1930452260 shutdown_connections
2023-12-16T05:50:33.518 INFO:teuthology.orchestra.run.smithi155.stdout:/usr/bin/ceph: stderr
2023-12-16T05:50:32.970+0000 7f2f3cf4f700 1 --2- 172.21.15.155:0/1930452260 >> [v2:172.21.15.155:3300/0,v1:172.21.15.155:6789/0] conn(0x7f2f38071000 0x7f2f38104ea0 unknown :-1 s=CLOSED pgs=84 cs=0 l=1 rev1=1 crypto rx=0 tx=0 comp rx=0 tx=0).stop
2023-12-16T05:50:33.518 INFO:teuthology.orchestra.run.smithi155.stdout:/usr/bin/ceph: stderr
2023-12-16T05:50:32.970+0000 7f2f3cf4f700 1 -- 172.21.15.155:0/1930452260 >> 172.21.15.155:0/1930452260 conn(0x7f2f380fc970 msgr2=0x7f2f380fed80 unknown :-1 s=STATE_NONE l=0).mark_down
2023-12-16T05:50:33.518 INFO:teuthology.orchestra.run.smithi155.stdout:/usr/bin/ceph: stderr
2023-12-16T05:50:32.970+0000 7f2f3cf4f700 1 -- 172.21.15.155:0/1930452260 shutdown_connections
2023-12-16T05:50:33.518 INFO:teuthology.orchestra.run.smithi155.stdout:/usr/bin/ceph: stderr
2023-12-16T05:50:32.970+0000 7f2f3cf4f700 1 -- 172.21.15.155:0/1930452260 wait complete.
2023-12-16T05:50:33.518 INFO:teuthology.orchestra.run.smithi155.stdout:/usr/bin/ceph: stderr
2023-12-16T05:50:32.970+0000 7f2f3cf4f700 1 Processor -- start
2023-12-16T05:50:33.518 INFO:teuthology.orchestra.run.smithi155.stdout:/usr/bin/ceph: stderr
2023-12-16T05:50:32.970+0000 7f2f3cf4f700 1 -- start start
2023-12-16T05:50:33.518 INFO:teuthology.orchestra.run.smithi155.stdout:/usr/bin/ceph: stderr
2023-12-16T05:50:32.970+0000 7f2f3cf4f700 1 --2- >> [v2:172.21.15.155:3300/0,v1:172.21.15.155:6789/0] conn(0x7f2f38071000 0x7f2f381111c0 unknown :-1 s=NONE pgs=0 cs=0 l=1 rev1=0 crypto rx=0 tx=0 comp rx=0 tx=0).connect
2023-12-16T05:50:33.518 INFO:teuthology.orchestra.run.smithi155.stdout:/usr/bin/ceph: stderr
2023-12-16T05:50:32.970+0000 7f2f3cf4f700 1 -- --> [v2:172.21.15.155:3300/0,v1:172.21.15.155:6789/0] -- mon_getmap magic: 0 v1 -- 0x7f2f38111700 con 0x7f2f38071000
2023-12-16T05:50:33.518 INFO:teuthology.orchestra.run.smithi155.stdout:/usr/bin/ceph: stderr
2023-12-16T05:50:32.970+0000 7f2f3659c700 1 --2- >> [v2:172.21.15.155:3300/0,v1:172.21.15.155:6789/0] conn(0x7f2f38071000 0x7f2f381111c0 unknown :-1 s=BANNER_CONNECTING pgs=0 cs=0 l=1 rev1=0 crypto rx=0 tx=0 comp rx=0 tx=0)._handle_peer_banner_payload supported=3 required=0
2023-12-16T05:50:33.518 INFO:teuthology.orchestra.run.smithi155.stdout:/usr/bin/ceph: stderr
2023-12-16T05:50:32.970+0000 7f2f3659c700 1 --2- >> [v2:172.21.15.155:3300/0,v1:172.21.15.155:6789/0] conn(0x7f2f38071000 0x7f2f381111c0 unknown :-1 s=HELLO_CONNECTING pgs=0 cs=0 l=1 rev1=1 crypto rx=0 tx=0 comp rx=0 tx=0).handle_hello peer v2:172.21.15.155:3300/0 says I am v2:172.21.15.155:54336/0 (socket says 172.21.15.155:54336)
2023-12-16T05:50:33.518 INFO:teuthology.orchestra.run.smithi155.stdout:/usr/bin/ceph: stderr
2023-12-16T05:50:32.970+0000 7f2f3659c700 1 -- 172.21.15.155:0/967965689 learned_addr learned my addr 172.21.15.155:0/967965689 (peer_addr_for_me v2:172.21.15.155:0/0)
2023-12-16T05:50:33.519 INFO:teuthology.orchestra.run.smithi155.stdout:/usr/bin/ceph: stderr
2023-12-16T05:50:32.971+0000 7f2f3659c700 1 -- 172.21.15.155:0/967965689 --> [v2:172.21.15.155:3300/0,v1:172.21.15.155:6789/0] -- mon_subscribe({config=0+,monmap=0+}) v3 -- 0x7f2f280094f0 con 0x7f2f38071000
2023-12-16T05:50:33.519 INFO:teuthology.orchestra.run.smithi155.stdout:/usr/bin/ceph: stderr
2023-12-16T05:50:32.971+0000 7f2f3659c700 1 --2- 172.21.15.155:0/967965689 >> [v2:172.21.15.155:3300/0,v1:172.21.15.155:6789/0] conn(0x7f2f38071000 0x7f2f381111c0 secure :-1 s=READY pgs=85 cs=0 l=1 rev1=1 crypto rx=0x7f2f280094c0 tx=0x7f2f28009250 comp rx=0 tx=0).ready entity=mon.0 client_cookie=0 server_cookie=0 in_seq=0 out_seq=0
2023-12-16T05:50:33.519 INFO:teuthology.orchestra.run.smithi155.stdout:/usr/bin/ceph: stderr
