2023-12-16T05:50:19.155 INFO:teuthology.orchestra.run.smithi155.stdout:/usr/bin/ceph: stderr
2023-12-16T05:50:18.553+0000 7f215ed9d700 1 --2- >> [v2:172.21.15.155:3300/0,v1:172.21.15.155:6789/0] conn(0x7f2160078d00 0x7f2160077210 unknown :-1 s=BANNER_CONNECTING pgs=0 cs=0 l=0 rev1=0 crypto rx=0 tx=0 comp rx=0 tx=0)._handle_peer_banner_payload supported=3 required=0
2023-12-16T05:50:19.155 INFO:teuthology.orchestra.run.smithi155.stdout:/usr/bin/ceph: stderr
2023-12-16T05:50:18.554+0000 7f215ed9d700 1 --2- >> [v2:172.21.15.155:3300/0,v1:172.21.15.155:6789/0] conn(0x7f2160078d00 0x7f2160077210 unknown :-1 s=HELLO_CONNECTING pgs=0 cs=0 l=0 rev1=1 crypto rx=0 tx=0 comp rx=0 tx=0).handle_hello peer v2:172.21.15.155:3300/0 says I am v2:172.21.15.155:59566/0 (socket says 172.21.15.155:59566)
2023-12-16T05:50:19.155 INFO:teuthology.orchestra.run.smithi155.stdout:/usr/bin/ceph: stderr
2023-12-16T05:50:18.554+0000 7f215ed9d700 1 -- 172.21.15.155:0/2259892454 learned_addr learned my addr 172.21.15.155:0/2259892454 (peer_addr_for_me v2:172.21.15.155:0/0)
2023-12-16T05:50:19.155 INFO:teuthology.orchestra.run.smithi155.stdout:/usr/bin/ceph: stderr
2023-12-16T05:50:18.554+0000 7f215ed9d700 1 -- 172.21.15.155:0/2259892454 --> [v2:172.21.15.155:3300/0,v1:172.21.15.155:6789/0] -- mon_subscribe({config=0+,monmap=0+}) v3 -- 0x7f2160077750 con 0x7f2160078d00
2023-12-16T05:50:19.155 INFO:teuthology.orchestra.run.smithi155.stdout:/usr/bin/ceph: stderr
2023-12-16T05:50:18.554+0000 7f215ed9d700 1 --2- 172.21.15.155:0/2259892454 >> [v2:172.21.15.155:3300/0,v1:172.21.15.155:6789/0] conn(0x7f2160078d00 0x7f2160077210 secure :-1 s=READY pgs=59 cs=0 l=1 rev1=1 crypto rx=0x7f21540098e0 tx=0x7f2154009250 comp rx=0 tx=0).ready entity=mon.0 client_cookie=dd1c3139d75a5c0f server_cookie=0 in_seq=0 out_seq=0
2023-12-16T05:50:19.155 INFO:teuthology.orchestra.run.smithi155.stdout:/usr/bin/ceph: stderr
2023-12-16T05:50:18.554+0000 7f215dd9b700 1 -- 172.21.15.155:0/2259892454 <== mon.0 v2:172.21.15.155:3300/0 1 ==== mon_map magic: 0 v1 ==== 229+0+0 (secure 0 0 0) 0x7f215400b860 con 0x7f2160078d00
2023-12-16T05:50:19.155 INFO:teuthology.orchestra.run.smithi155.stdout:/usr/bin/ceph: stderr
2023-12-16T05:50:18.554+0000 7f215dd9b700 1 -- 172.21.15.155:0/2259892454 <== mon.0 v2:172.21.15.155:3300/0 2 ==== config(26 keys) v1 ==== 1074+0+0 (secure 0 0 0) 0x7f215400be70 con 0x7f2160078d00
2023-12-16T05:50:19.156 INFO:teuthology.orchestra.run.smithi155.stdout:/usr/bin/ceph: stderr
2023-12-16T05:50:18.554+0000 7f215dd9b700 1 -- 172.21.15.155:0/2259892454 <== mon.0 v2:172.21.15.155:3300/0 3 ==== mon_map magic: 0 v1 ==== 229+0+0 (secure 0 0 0) 0x7f2154010380 con 0x7f2160078d00
2023-12-16T05:50:19.156 INFO:teuthology.orchestra.run.smithi155.stdout:/usr/bin/ceph: stderr
2023-12-16T05:50:18.555+0000 7f2165209700 1 -- 172.21.15.155:0/2259892454 >> [v2:172.21.15.155:3300/0,v1:172.21.15.155:6789/0] conn(0x7f2160078d00 msgr2=0x7f2160077210 secure :-1 s=STATE_CONNECTION_ESTABLISHED l=1).mark_down
2023-12-16T05:50:19.156 INFO:teuthology.orchestra.run.smithi155.stdout:/usr/bin/ceph: stderr
2023-12-16T05:50:18.555+0000 7f2165209700 1 --2- 172.21.15.155:0/2259892454 >> [v2:172.21.15.155:3300/0,v1:172.21.15.155:6789/0] conn(0x7f2160078d00 0x7f2160077210 secure :-1 s=READY pgs=59 cs=0 l=1 rev1=1 crypto rx=0x7f21540098e0 tx=0x7f2154009250 comp rx=0 tx=0).stop
2023-12-16T05:50:19.156 INFO:teuthology.orchestra.run.smithi155.stdout:/usr/bin/ceph: stderr
2023-12-16T05:50:18.555+0000 7f2165209700 1 -- 172.21.15.155:0/2259892454 shutdown_connections
2023-12-16T05:50:19.156 INFO:teuthology.orchestra.run.smithi155.stdout:/usr/bin/ceph: stderr
2023-12-16T05:50:18.555+0000 7f2165209700 1 --2- 172.21.15.155:0/2259892454 >> [v2:172.21.15.155:3300/0,v1:172.21.15.155:6789/0] conn(0x7f2160078d00 0x7f2160077210 unknown :-1 s=CLOSED pgs=59 cs=0 l=1 rev1=1 crypto rx=0 tx=0 comp rx=0 tx=0).stop
2023-12-16T05:50:19.156 INFO:teuthology.orchestra.run.smithi155.stdout:/usr/bin/ceph: stderr
2023-12-16T05:50:18.555+0000 7f2165209700 1 -- 172.21.15.155:0/2259892454 >> 172.21.15.155:0/2259892454 conn(0x7f21600fda10 msgr2=0x7f21600ffe40 unknown :-1 s=STATE_NONE l=0).mark_down
2023-12-16T05:50:19.156 INFO:teuthology.orchestra.run.smithi155.stdout:/usr/bin/ceph: stderr
2023-12-16T05:50:18.555+0000 7f2165209700 1 -- 172.21.15.155:0/2259892454 shutdown_connections
2023-12-16T05:50:19.156 INFO:teuthology.orchestra.run.smithi155.stdout:/usr/bin/ceph: stderr
2023-12-16T05:50:18.555+0000 7f2165209700 1 -- 172.21.15.155:0/2259892454 wait complete.
2023-12-16T05:50:19.156 INFO:teuthology.orchestra.run.smithi155.stdout:/usr/bin/ceph: stderr
2023-12-16T05:50:18.555+0000 7f2165209700 1 Processor -- start
2023-12-16T05:50:19.156 INFO:teuthology.orchestra.run.smithi155.stdout:/usr/bin/ceph: stderr
2023-12-16T05:50:18.555+0000 7f2165209700 1 -- start start
2023-12-16T05:50:19.156 INFO:teuthology.orchestra.run.smithi155.stdout:/usr/bin/ceph: stderr
2023-12-16T05:50:18.555+0000 7f2165209700 1 --2- >> [v2:172.21.15.155:3300/0,v1:172.21.15.155:6789/0] conn(0x7f2160078d00 0x7f2160113350 unknown :-1 s=NONE pgs=0 cs=0 l=1 rev1=0 crypto rx=0 tx=0 comp rx=0 tx=0).connect
2023-12-16T05:50:19.157 INFO:teuthology.orchestra.run.smithi155.stdout:/usr/bin/ceph: stderr
2023-12-16T05:50:18.555+0000 7f2165209700 1 -- --> [v2:172.21.15.155:3300/0,v1:172.21.15.155:6789/0] -- mon_getmap magic: 0 v1 -- 0x7f2160113890 con 0x7f2160078d00
2023-12-16T05:50:19.157 INFO:teuthology.orchestra.run.smithi155.stdout:/usr/bin/ceph: stderr
2023-12-16T05:50:18.556+0000 7f215ed9d700 1 --2- >> [v2:172.21.15.155:3300/0,v1:172.21.15.155:6789/0] conn(0x7f2160078d00 0x7f2160113350 unknown :-1 s=BANNER_CONNECTING pgs=0 cs=0 l=1 rev1=0 crypto rx=0 tx=0 comp rx=0 tx=0)._handle_peer_banner_payload supported=3 required=0
2023-12-16T05:50:19.157 INFO:teuthology.orchestra.run.smithi155.stdout:/usr/bin/ceph: stderr
2023-12-16T05:50:18.556+0000 7f215ed9d700 1 --2- >> [v2:172.21.15.155:3300/0,v1:172.21.15.155:6789/0] conn(0x7f2160078d00 0x7f2160113350 unknown :-1 s=HELLO_CONNECTING pgs=0 cs=0 l=1 rev1=1 crypto rx=0 tx=0 comp rx=0 tx=0).handle_hello peer v2:172.21.15.155:3300/0 says I am v2:172.21.15.155:59578/0 (socket says 172.21.15.155:59578)
2023-12-16T05:50:19.157 INFO:teuthology.orchestra.run.smithi155.stdout:/usr/bin/ceph: stderr
2023-12-16T05:50:18.556+0000 7f215ed9d700 1 -- 172.21.15.155:0/1114835575 learned_addr learned my addr 172.21.15.155:0/1114835575 (peer_addr_for_me v2:172.21.15.155:0/0)
2023-12-16T05:50:19.157 INFO:teuthology.orchestra.run.smithi155.stdout:/usr/bin/ceph: stderr
2023-12-16T05:50:18.556+0000 7f215ed9d700 1 -- 172.21.15.155:0/1114835575 --> [v2:172.21.15.155:3300/0,v1:172.21.15.155:6789/0] -- mon_subscribe({config=0+,monmap=0+}) v3 -- 0x7f21540094f0 con 0x7f2160078d00
2023-12-16T05:50:19.157 INFO:teuthology.orchestra.run.smithi155.stdout:/usr/bin/ceph: stderr
2023-12-16T05:50:18.556+0000 7f215ed9d700 1 --2- 172.21.15.155:0/1114835575 >> [v2:172.21.15.155:3300/0,v1:172.21.15.155:6789/0] conn(0x7f2160078d00 0x7f2160113350 secure :-1 s=READY pgs=60 cs=0 l=1 rev1=1 crypto rx=0x7f21540094c0 tx=0x7f2154009250 comp rx=0 tx=0).ready entity=mon.0 client_cookie=0 server_cookie=0 in_seq=0 out_seq=0
2023-12-16T05:50:19.157 INFO:teuthology.orchestra.run.smithi155.stdout:/usr/bin/ceph: stderr
2023-12-16T05:50:18.556+0000 7f21477fe700 1 -- 172.21.15.155:0/1114835575 <== mon.0 v2:172.21.15.155:3300/0 1 ==== mon_map magic: 0 v1 ==== 229+0+0 (secure 0 0 0) 0x7f2154010850 con 0x7f2160078d00
2023-12-16T05:50:19.157 INFO:teuthology.orchestra.run.smithi155.stdout:/usr/bin/ceph: stderr
2023-12-16T05:50:18.556+0000 7f21477fe700 1 -- 172.21.15.155:0/1114835575 <== mon.0 v2:172.21.15.155:3300/0 2 ==== config(26 keys) v1 ==== 1074+0+0 (secure 0 0 0) 0x7f2154010e60 con 0x7f2160078d00
2023-12-16T05:50:19.157 INFO:teuthology.orchestra.run.smithi155.stdout:/usr/bin/ceph: stderr
2023-12-16T05:50:18.556+0000 7f21477fe700 1 -- 172.21.15.155:0/1114835575 <== mon.0 v2:172.21.15.155:3300/0 3 ==== mon_map magic: 0 v1 ==== 229+0+0 (secure 0 0 0) 0x7f21540243f0 con 0x7f2160078d00
2023-12-16T05:50:19.157 INFO:teuthology.orchestra.run.smithi155.stdout:/usr/bin/ceph: stderr
2023-12-16T05:50:18.556+0000 7f2165209700 1 -- 172.21.15.155:0/1114835575 --> [v2:172.21.15.155:3300/0,v1:172.21.15.155:6789/0] -- mon_subscribe({mgrmap=0+}) v3 -- 0x7f2160113a90 con 0x7f2160078d00
2023-12-16T05:50:19.157 INFO:teuthology.orchestra.run.smithi155.stdout:/usr/bin/ceph: stderr
2023-12-16T05:50:18.556+0000 7f2165209700 1 -- 172.21.15.155:0/1114835575 --> [v2:172.21.15.155:3300/0,v1:172.21.15.155:6789/0] -- mon_subscribe({osdmap=0}) v3 -- 0x7f2160113ea0 con 0x7f2160078d00
2023-12-16T05:50:19.157 INFO:teuthology.orchestra.run.smithi155.stdout:/usr/bin/ceph: stderr
2023-12-16T05:50:18.557+0000 7f21477fe700 1 -- 172.21.15.155:0/1114835575 <== mon.0 v2:172.21.15.155:3300/0 4 ==== mgrmap(e 8) v1 ==== 43281+0+0 (secure 0 0 0) 0x7f2154024660 con 0x7f2160078d00
2023-12-16T05:50:19.157 INFO:teuthology.orchestra.run.smithi155.stdout:/usr/bin/ceph: stderr
2023-12-16T05:50:18.557+0000 7f21477fe700 1 --2- 172.21.15.155:0/1114835575 >> [v2:172.21.15.155:6800/1287353594,v1:172.21.15.155:6801/1287353594] conn(0x7f2148036640 0x7f2148038af0 unknown :-1 s=NONE pgs=0 cs=0 l=1 rev1=0 crypto rx=0 tx=0 comp rx=0 tx=0).connect
2023-12-16T05:50:19.158 INFO:teuthology.orchestra.run.smithi155.stdout:/usr/bin/ceph: stderr
2023-12-16T05:50:18.557+0000 7f21477fe700 1 -- 172.21.15.155:0/1114835575 <== mon.0 v2:172.21.15.155:3300/0 5 ==== osd_map(2..2 src has 1..2) v4 ==== 936+0+0 (secure 0 0 0) 0x7f215404a5c0 con 0x7f2160078d00
2023-12-16T05:50:19.158 INFO:teuthology.orchestra.run.smithi155.stdout:/usr/bin/ceph: stderr
2023-12-16T05:50:18.557+0000 7f215e59c700 1 --2- 172.21.15.155:0/1114835575 >> [v2:172.21.15.155:6800/1287353594,v1:172.21.15.155:6801/1287353594] conn(0x7f2148036640 0x7f2148038af0 unknown :-1 s=BANNER_CONNECTING pgs=0 cs=0 l=1 rev1=0 crypto rx=0 tx=0 comp rx=0 tx=0)._handle_peer_banner_payload supported=3 required=0
2023-12-16T05:50:19.158 INFO:teuthology.orchestra.run.smithi155.stdout:/usr/bin/ceph: stderr
2023-12-16T05:50:18.557+0000 7f2165209700 1 -- 172.21.15.155:0/1114835575 --> [v2:172.21.15.155:3300/0,v1:172.21.15.155:6789/0] -- mon_command({"prefix": "get_command_descriptions"} v 0) v1 -- 0x7f216004bb80 con 0x7f2160078d00
2023-12-16T05:50:19.158 INFO:teuthology.orchestra.run.smithi155.stdout:/usr/bin/ceph: stderr
2023-12-16T05:50:18.558+0000 7f215e59c700 1 --2- 172.21.15.155:0/1114835575 >> [v2:172.21.15.155:6800/1287353594,v1:172.21.15.155:6801/1287353594] conn(0x7f2148036640 0x7f2148038af0 secure :-1 s=READY pgs=18 cs=0 l=1 rev1=1 crypto rx=0x7f2150009990 tx=0x7f2150006e40 comp rx=0 tx=0).ready entity=mgr.14120 client_cookie=0 server_cookie=0 in_seq=0 out_seq=0
2023-12-16T05:50:19.158 INFO:teuthology.orchestra.run.smithi155.stdout:/usr/bin/ceph: stderr
2023-12-16T05:50:18.562+0000 7f21477fe700 1 -- 172.21.15.155:0/1114835575 <== mon.0 v2:172.21.15.155:3300/0 6 ==== mon_command_ack([{"prefix": "get_command_descriptions"}]=0 v0) v1 ==== 72+0+174570 (secure 0 0 0) 0x7f215402e440 con 0x7f2160078d00
2023-12-16T05:50:19.158 INFO:teuthology.orchestra.run.smithi155.stdout:/usr/bin/ceph: stderr
2023-12-16T05:50:18.754+0000 7f2165209700 1 -- 172.21.15.155:0/1114835575 --> [v2:172.21.15.155:6800/1287353594,v1:172.21.15.155:6801/1287353594] -- mgr_command(tid 0: {"prefix": "orch apply", "service_type": "alertmanager", "target": ["mon-mgr", ""]}) v1 -- 0x7f216010cef0 con 0x7f2148036640
2023-12-16T05:50:19.158 INFO:teuthology.orchestra.run.smithi155.stdout:/usr/bin/ceph: stderr
2023-12-16T05:50:18.758+0000 7f21477fe700 1 -- 172.21.15.155:0/1114835575 <== mgr.14120 v2:172.21.15.155:6800/1287353594 1 ==== mgr_command_reply(tid 0: 0 ) v1 ==== 8+0+33 (secure 0 0 0) 0x7f216010cef0 con 0x7f2148036640
2023-12-16T05:50:19.158 INFO:teuthology.orchestra.run.smithi155.stdout:/usr/bin/ceph: stderr
2023-12-16T05:50:18.760+0000 7f2165209700 1 -- 172.21.15.155:0/1114835575 >> [v2:172.21.15.155:6800/1287353594,v1:172.21.15.155:6801/1287353594] conn(0x7f2148036640 msgr2=0x7f2148038af0 secure :-1 s=STATE_CONNECTION_ESTABLISHED l=1).mark_down
2023-12-16T05:50:19.158 INFO:teuthology.orchestra.run.smithi155.stdout:/usr/bin/ceph: stderr
2023-12-16T05:50:18.760+0000 7f2165209700 1 --2- 172.21.15.155:0/1114835575 >> [v2:172.21.15.155:6800/1287353594,v1:172.21.15.155:6801/1287353594] conn(0x7f2148036640 0x7f2148038af0 secure :-1 s=READY pgs=18 cs=0 l=1 rev1=1 crypto rx=0x7f2150009990 tx=0x7f2150006e40 comp rx=0 tx=0).stop
2023-12-16T05:50:19.158 INFO:teuthology.orchestra.run.smithi155.stdout:/usr/bin/ceph: stderr
2023-12-16T05:50:18.760+0000 7f2165209700 1 -- 172.21.15.155:0/1114835575 >> [v2:172.21.15.155:3300/0,v1:172.21.15.155:6789/0] conn(0x7f2160078d00 msgr2=0x7f2160113350 secure :-1 s=STATE_CONNECTION_ESTABLISHED l=1).mark_down
2023-12-16T05:50:19.158 INFO:teuthology.orchestra.run.smithi155.stdout:/usr/bin/ceph: stderr
2023-12-16T05:50:18.760+0000 7f2165209700 1 --2- 172.21.15.155:0/1114835575 >> [v2:172.21.15.155:3300/0,v1:172.21.15.155:6789/0] conn(0x7f2160078d00 0x7f2160113350 secure :-1 s=READY pgs=60 cs=0 l=1 rev1=1 crypto rx=0x7f21540094c0 tx=0x7f2154009250 comp rx=0 tx=0).stop
2023-12-16T05:50:19.158 INFO:teuthology.orchestra.run.smithi155.stdout:/usr/bin/ceph: stderr
2023-12-16T05:50:18.760+0000 7f2165209700 1 -- 172.21.15.155:0/1114835575 shutdown_connections
2023-12-16T05:50:19.158 INFO:teuthology.orchestra.run.smithi155.stdout:/usr/bin/ceph: stderr
2023-12-16T05:50:18.760+0000 7f2165209700 1 --2- 172.21.15.155:0/1114835575 >> [v2:172.21.15.155:6800/1287353594,v1:172.21.15.155:6801/1287353594] conn(0x7f2148036640 0x7f2148038af0 unknown :-1 s=CLOSED pgs=18 cs=0 l=1 rev1=1 crypto rx=0 tx=0 comp rx=0 tx=0).stop
2023-12-16T05:50:19.158 INFO:teuthology.orchestra.run.smithi155.stdout:/usr/bin/ceph: stderr
2023-12-16T05:50:18.760+0000 7f2165209700 1 --2- 172.21.15.155:0/1114835575 >> [v2:172.21.15.155:3300/0,v1:172.21.15.155:6789/0] conn(0x7f2160078d00 0x7f2160113350 unknown :-1 s=CLOSED pgs=60 cs=0 l=1 rev1=1 crypto rx=0 tx=0 comp rx=0 tx=0).stop
2023-12-16T05:50:19.159 INFO:teuthology.orchestra.run.smithi155.stdout:/usr/bin/ceph: stderr
2023-12-16T05:50:18.760+0000 7f2165209700 1 -- 172.21.15.155:0/1114835575 >> 172.21.15.155:0/1114835575 conn(0x7f21600fda10 msgr2=0x7f21600ffe20 unknown :-1 s=STATE_NONE l=0).mark_down
2023-12-16T05:50:19.159 INFO:teuthology.orchestra.run.smithi155.stdout:/usr/bin/ceph: stderr
2023-12-16T05:50:18.761+0000 7f2165209700 1 -- 172.21.15.155:0/1114835575 shutdown_connections
2023-12-16T05:50:19.159 INFO:teuthology.orchestra.run.smithi155.stdout:/usr/bin/ceph: stderr
2023-12-16T05:50:18.761+0000 7f2165209700 1 -- 172.21.15.155:0/1114835575 wait complete.
2023-12-16T05:50:20.032 INFO:teuthology.orchestra.run.smithi155.stdout:/usr/bin/ceph: stderr
2023-12-16T05:50:19.467+0000 7f6a40168700 1 Processor -- start
2023-12-16T05:50:20.033 INFO:teuthology.orchestra.run.smithi155.stdout:/usr/bin/ceph: stderr
2023-12-16T05:50:19.468+0000 7f6a40168700 1 -- start start
2023-12-16T05:50:20.033 INFO:teuthology.orchestra.run.smithi155.stdout:/usr/bin/ceph: stderr
2023-12-16T05:50:19.468+0000 7f6a40168700 1 --2- >> [v2:172.21.15.155:3300/0,v1:172.21.15.155:6789/0] conn(0x7f6a38078d00 0x7f6a38077210 unknown :-1 s=NONE pgs=0 cs=0 l=0 rev1=0 crypto rx=0 tx=0 comp rx=0 tx=0).connect
2023-12-16T05:50:20.033 INFO:teuthology.orchestra.run.smithi155.stdout:/usr/bin/ceph: stderr
2023-12-16T05:50:19.468+0000 7f6a40168700 1 -- --> [v2:172.21.15.155:3300/0,v1:172.21.15.155:6789/0] -- mon_getmap magic: 0 v1 -- 0x7f6a38079110 con 0x7f6a38078d00
2023-12-16T05:50:20.033 INFO:teuthology.orchestra.run.smithi155.stdout:/usr/bin/ceph: stderr
2023-12-16T05:50:19.468+0000 7f6a3df04700 1 --2- >> [v2:172.21.15.155:3300/0,v1:172.21.15.155:6789/0] conn(0x7f6a38078d00 0x7f6a38077210 unknown :-1 s=BANNER_CONNECTING pgs=0 cs=0 l=0 rev1=0 crypto rx=0 tx=0 comp rx=0 tx=0)._handle_peer_banner_payload supported=3 required=0
2023-12-16T05:50:20.033 INFO:teuthology.orchestra.run.smithi155.stdout:/usr/bin/ceph: stderr
2023-12-16T05:50:19.468+0000 7f6a3df04700 1 --2- >> [v2:172.21.15.155:3300/0,v1:172.21.15.155:6789/0] conn(0x7f6a38078d00 0x7f6a38077210 unknown :-1 s=HELLO_CONNECTING pgs=0 cs=0 l=0 rev1=1 crypto rx=0 tx=0 comp rx=0 tx=0).handle_hello peer v2:172.21.15.155:3300/0 says I am v2:172.21.15.155:59580/0 (socket says 172.21.15.155:59580)
2023-12-16T05:50:20.034 INFO:teuthology.orchestra.run.smithi155.stdout:/usr/bin/ceph: stderr
2023-12-16T05:50:19.468+0000 7f6a3df04700 1 -- 172.21.15.155:0/798319444 learned_addr learned my addr 172.21.15.155:0/798319444 (peer_addr_for_me v2:172.21.15.155:0/0)
2023-12-16T05:50:20.034 INFO:teuthology.orchestra.run.smithi155.stdout:/usr/bin/ceph: stderr
2023-12-16T05:50:19.468+0000 7f6a3df04700 1 -- 172.21.15.155:0/798319444 --> [v2:172.21.15.155:3300/0,v1:172.21.15.155:6789/0] -- mon_subscribe({config=0+,monmap=0+}) v3 -- 0x7f6a38077750 con 0x7f6a38078d00
2023-12-16T05:50:20.034 INFO:teuthology.orchestra.run.smithi155.stdout:/usr/bin/ceph: stderr
2023-12-16T05:50:19.469+0000 7f6a3df04700 1 --2- 172.21.15.155:0/798319444 >> [v2:172.21.15.155:3300/0,v1:172.21.15.155:6789/0] conn(0x7f6a38078d00 0x7f6a38077210 secure :-1 s=READY pgs=61 cs=0 l=1 rev1=1 crypto rx=0x7f6a340098e0 tx=0x7f6a34009250 comp rx=0 tx=0).ready entity=mon.0 client_cookie=3503286ef09b36c3 server_cookie=0 in_seq=0 out_seq=0
2023-12-16T05:50:20.034 INFO:teuthology.orchestra.run.smithi155.stdout:/usr/bin/ceph: stderr
2023-12-16T05:50:19.469+0000 7f6a3cf02700 1 -- 172.21.15.155:0/798319444 <== mon.0 v2:172.21.15.155:3300/0 1 ==== mon_map magic: 0 v1 ==== 229+0+0 (secure 0 0 0) 0x7f6a3400b860 con 0x7f6a38078d00
2023-12-16T05:50:20.034 INFO:teuthology.orchestra.run.smithi155.stdout:/usr/bin/ceph: stderr
2023-12-16T05:50:19.469+0000 7f6a3cf02700 1 -- 172.21.15.155:0/798319444 <== mon.0 v2:172.21.15.155:3300/0 2 ==== config(26 keys) v1 ==== 1074+0+0 (secure 0 0 0) 0x7f6a3400be70 con 0x7f6a38078d00
2023-12-16T05:50:20.034 INFO:teuthology.orchestra.run.smithi155.stdout:/usr/bin/ceph: stderr
2023-12-16T05:50:19.469+0000 7f6a3cf02700 1 -- 172.21.15.155:0/798319444 <== mon.0 v2:172.21.15.155:3300/0 3 ==== mon_map magic: 0 v1 ==== 229+0+0 (secure 0 0 0) 0x7f6a34010380 con 0x7f6a38078d00
2023-12-16T05:50:20.034 INFO:teuthology.orchestra.run.smithi155.stdout:/usr/bin/ceph: stderr
2023-12-16T05:50:19.469+0000 7f6a40168700 1 -- 172.21.15.155:0/798319444 >> [v2:172.21.15.155:3300/0,v1:172.21.15.155:6789/0] conn(0x7f6a38078d00 msgr2=0x7f6a38077210 secure :-1 s=STATE_CONNECTION_ESTABLISHED l=1).mark_down
2023-12-16T05:50:20.035 INFO:teuthology.orchestra.run.smithi155.stdout:/usr/bin/ceph: stderr
2023-12-16T05:50:19.469+0000 7f6a40168700 1 --2- 172.21.15.155:0/798319444 >> [v2:172.21.15.155:3300/0,v1:172.21.15.155:6789/0] conn(0x7f6a38078d00 0x7f6a38077210 secure :-1 s=READY pgs=61 cs=0 l=1 rev1=1 crypto rx=0x7f6a340098e0 tx=0x7f6a34009250 comp rx=0 tx=0).stop
2023-12-16T05:50:20.035 INFO:teuthology.orchestra.run.smithi155.stdout:/usr/bin/ceph: stderr
2023-12-16T05:50:19.469+0000 7f6a40168700 1 -- 172.21.15.155:0/798319444 shutdown_connections
2023-12-16T05:50:20.035 INFO:teuthology.orchestra.run.smithi155.stdout:/usr/bin/ceph: stderr
2023-12-16T05:50:19.469+0000 7f6a40168700 1 --2- 172.21.15.155:0/798319444 >> [v2:172.21.15.155:3300/0,v1:172.21.15.155:6789/0] conn(0x7f6a38078d00 0x7f6a38077210 unknown :-1 s=CLOSED pgs=61 cs=0 l=1 rev1=1 crypto rx=0 tx=0 comp rx=0 tx=0).stop
2023-12-16T05:50:20.035 INFO:teuthology.orchestra.run.smithi155.stdout:/usr/bin/ceph: stderr
2023-12-16T05:50:19.469+0000 7f6a40168700 1 -- 172.21.15.155:0/798319444 >> 172.21.15.155:0/798319444 conn(0x7f6a380fda10 msgr2=0x7f6a380ffe40 unknown :-1 s=STATE_NONE l=0).mark_down
2023-12-16T05:50:20.035 INFO:teuthology.orchestra.run.smithi155.stdout:/usr/bin/ceph: stderr
2023-12-16T05:50:19.469+0000 7f6a40168700 1 -- 172.21.15.155:0/798319444 shutdown_connections
2023-12-16T05:50:20.035 INFO:teuthology.orchestra.run.smithi155.stdout:/usr/bin/ceph: stderr
2023-12-16T05:50:19.469+0000 7f6a40168700 1 -- 172.21.15.155:0/798319444 wait complete.
2023-12-16T05:50:20.036 INFO:teuthology.orchestra.run.smithi155.stdout:/usr/bin/ceph: stderr
2023-12-16T05:50:19.470+0000 7f6a40168700 1 Processor -- start
2023-12-16T05:50:20.036 INFO:teuthology.orchestra.run.smithi155.stdout:/usr/bin/ceph: stderr
2023-12-16T05:50:19.470+0000 7f6a40168700 1 -- start start
2023-12-16T05:50:20.036 INFO:teuthology.orchestra.run.smithi155.stdout:/usr/bin/ceph: stderr
2023-12-16T05:50:19.470+0000 7f6a40168700 1 --2- >> [v2:172.21.15.155:3300/0,v1:172.21.15.155:6789/0] conn(0x7f6a38078d00 0x7f6a381133c0 unknown :-1 s=NONE pgs=0 cs=0 l=1 rev1=0 crypto rx=0 tx=0 comp rx=0 tx=0).connect
2023-12-16T05:50:20.036 INFO:teuthology.orchestra.run.smithi155.stdout:/usr/bin/ceph: stderr
2023-12-16T05:50:19.470+0000 7f6a40168700 1 -- --> [v2:172.21.15.155:3300/0,v1:172.21.15.155:6789/0] -- mon_getmap magic: 0 v1 -- 0x7f6a38113900 con 0x7f6a38078d00
2023-12-16T05:50:20.036 INFO:teuthology.orchestra.run.smithi155.stdout:/usr/bin/ceph: stderr
2023-12-16T05:50:19.470+0000 7f6a3df04700 1 --2- >> [v2:172.21.15.155:3300/0,v1:172.21.15.155:6789/0] conn(0x7f6a38078d00 0x7f6a381133c0 unknown :-1 s=BANNER_CONNECTING pgs=0 cs=0 l=1 rev1=0 crypto rx=0 tx=0 comp rx=0 tx=0)._handle_peer_banner_payload supported=3 required=0
2023-12-16T05:50:20.037 INFO:teuthology.orchestra.run.smithi155.stdout:/usr/bin/ceph: stderr
2023-12-16T05:50:19.470+0000 7f6a3df04700 1 --2- >> [v2:172.21.15.155:3300/0,v1:172.21.15.155:6789/0] conn(0x7f6a38078d00 0x7f6a381133c0 unknown :-1 s=HELLO_CONNECTING pgs=0 cs=0 l=1 rev1=1 crypto rx=0 tx=0 comp rx=0 tx=0).handle_hello peer v2:172.21.15.155:3300/0 says I am v2:172.21.15.155:59590/0 (socket says 172.21.15.155:59590)
2023-12-16T05:50:20.037 INFO:teuthology.orchestra.run.smithi155.stdout:/usr/bin/ceph: stderr
2023-12-16T05:50:19.470+0000 7f6a3df04700 1 -- 172.21.15.155:0/3073830405 learned_addr learned my addr 172.21.15.155:0/3073830405 (peer_addr_for_me v2:172.21.15.155:0/0)
2023-12-16T05:50:20.037 INFO:teuthology.orchestra.run.smithi155.stdout:/usr/bin/ceph: stderr
2023-12-16T05:50:19.470+0000 7f6a3df04700 1 -- 172.21.15.155:0/3073830405 --> [v2:172.21.15.155:3300/0,v1:172.21.15.155:6789/0] -- mon_subscribe({config=0+,monmap=0+}) v3 -- 0x7f6a340094f0 con 0x7f6a38078d00
2023-12-16T05:50:20.037 INFO:teuthology.orchestra.run.smithi155.stdout:/usr/bin/ceph: stderr
2023-12-16T05:50:19.471+0000 7f6a3df04700 1 --2- 172.21.15.155:0/3073830405 >> [v2:172.21.15.155:3300/0,v1:172.21.15.155:6789/0] conn(0x7f6a38078d00 0x7f6a381133c0 secure :-1 s=READY pgs=62 cs=0 l=1 rev1=1 crypto rx=0x7f6a34006d40 tx=0x7f6a34009250 comp rx=0 tx=0).ready entity=mon.0 client_cookie=0 server_cookie=0 in_seq=0 out_seq=0
2023-12-16T05:50:20.037 INFO:teuthology.orchestra.run.smithi155.stdout:/usr/bin/ceph: stderr
2023-12-16T05:50:19.471+0000 7f6a2e7fc700 1 -- 172.21.15.155:0/3073830405 <== mon.0 v2:172.21.15.155:3300/0 1 ==== mon_map magic: 0 v1 ==== 229+0+0 (secure 0 0 0) 0x7f6a34010960 con 0x7f6a38078d00
2023-12-16T05:50:20.037 INFO:teuthology.orchestra.run.smithi155.stdout:/usr/bin/ceph: stderr
2023-12-16T05:50:19.471+0000 7f6a2e7fc700 1 -- 172.21.15.155:0/3073830405 <== mon.0 v2:172.21.15.155:3300/0 2 ==== config(26 keys) v1 ==== 1074+0+0 (secure 0 0 0) 0x7f6a3401a430 con 0x7f6a38078d00
2023-12-16T05:50:20.038 INFO:teuthology.orchestra.run.smithi155.stdout:/usr/bin/ceph: stderr
2023-12-16T05:50:19.471+0000 7f6a40168700 1 -- 172.21.15.155:0/3073830405 --> [v2:172.21.15.155:3300/0,v1:172.21.15.155:6789/0] -- mon_subscribe({mgrmap=0+}) v3 -- 0x7f6a38113b00 con 0x7f6a38078d00
2023-12-16T05:50:20.038 INFO:teuthology.orchestra.run.smithi155.stdout:/usr/bin/ceph: stderr
2023-12-16T05:50:19.471+0000 7f6a2e7fc700 1 -- 172.21.15.155:0/3073830405 <== mon.0 v2:172.21.15.155:3300/0 3 ==== mon_map magic: 0 v1 ==== 229+0+0 (secure 0 0 0) 0x7f6a340245b0 con 0x7f6a38078d00
2023-12-16T05:50:20.038 INFO:teuthology.orchestra.run.smithi155.stdout:/usr/bin/ceph: stderr
2023-12-16T05:50:19.471+0000 7f6a40168700 1 -- 172.21.15.155:0/3073830405 --> [v2:172.21.15.155:3300/0,v1:172.21.15.155:6789/0] -- mon_subscribe({osdmap=0}) v3 -- 0x7f6a38113f10 con 0x7f6a38078d00
2023-12-16T05:50:20.038 INFO:teuthology.orchestra.run.smithi155.stdout:/usr/bin/ceph: stderr
2023-12-16T05:50:19.471+0000 7f6a2e7fc700 1 -- 172.21.15.155:0/3073830405 <== mon.0 v2:172.21.15.155:3300/0 4 ==== mgrmap(e 8) v1 ==== 43281+0+0 (secure 0 0 0) 0x7f6a3402d3f0 con 0x7f6a38078d00
2023-12-16T05:50:20.038 INFO:teuthology.orchestra.run.smithi155.stdout:/usr/bin/ceph: stderr
2023-12-16T05:50:19.472+0000 7f6a2e7fc700 1 --2- 172.21.15.155:0/3073830405 >> [v2:172.21.15.155:6800/1287353594,v1:172.21.15.155:6801/1287353594] conn(0x7f6a240365f0 0x7f6a24038aa0 unknown :-1 s=NONE pgs=0 cs=0 l=1 rev1=0 crypto rx=0 tx=0 comp rx=0 tx=0).connect
2023-12-16T05:50:20.038 INFO:teuthology.orchestra.run.smithi155.stdout:/usr/bin/ceph: stderr
2023-12-16T05:50:19.472+0000 7f6a2e7fc700 1 -- 172.21.15.155:0/3073830405 <== mon.0 v2:172.21.15.155:3300/0 5 ==== osd_map(2..2 src has 1..2) v4 ==== 936+0+0 (secure 0 0 0) 0x7f6a3404a320 con 0x7f6a38078d00
2023-12-16T05:50:20.038 INFO:teuthology.orchestra.run.smithi155.stdout:/usr/bin/ceph: stderr
2023-12-16T05:50:19.472+0000 7f6a3d703700 1 --2- 172.21.15.155:0/3073830405 >> [v2:172.21.15.155:6800/1287353594,v1:172.21.15.155:6801/1287353594] conn(0x7f6a240365f0 0x7f6a24038aa0 unknown :-1 s=BANNER_CONNECTING pgs=0 cs=0 l=1 rev1=0 crypto rx=0 tx=0 comp rx=0 tx=0)._handle_peer_banner_payload supported=3 required=0
2023-12-16T05:50:20.039 INFO:teuthology.orchestra.run.smithi155.stdout:/usr/bin/ceph: stderr
2023-12-16T05:50:19.472+0000 7f6a40168700 1 -- 172.21.15.155:0/3073830405 --> [v2:172.21.15.155:3300/0,v1:172.21.15.155:6789/0] -- mon_command({"prefix": "get_command_descriptions"} v 0) v1 -- 0x7f6a3804bb80 con 0x7f6a38078d00
2023-12-16T05:50:20.039 INFO:teuthology.orchestra.run.smithi155.stdout:/usr/bin/ceph: stderr
2023-12-16T05:50:19.472+0000 7f6a3d703700 1 --2- 172.21.15.155:0/3073830405 >> [v2:172.21.15.155:6800/1287353594,v1:172.21.15.155:6801/1287353594] conn(0x7f6a240365f0 0x7f6a24038aa0 secure :-1 s=READY pgs=19 cs=0 l=1 rev1=1 crypto rx=0x7f6a28009990 tx=0x7f6a28006e40 comp rx=0 tx=0).ready entity=mgr.14120 client_cookie=0 server_cookie=0 in_seq=0 out_seq=0
2023-12-16T05:50:20.039 INFO:teuthology.orchestra.run.smithi155.stdout:/usr/bin/ceph: stderr
2023-12-16T05:50:19.476+0000 7f6a2e7fc700 1 -- 172.21.15.155:0/3073830405 <== mon.0 v2:172.21.15.155:3300/0 6 ==== mon_command_ack([{"prefix": "get_command_descriptions"}]=0 v0) v1 ==== 72+0+174570 (secure 0 0 0) 0x7f6a34018b00 con 0x7f6a38078d00
2023-12-16T05:50:20.039 INFO:teuthology.orchestra.run.smithi155.stdout:/usr/bin/ceph: stderr
2023-12-16T05:50:19.660+0000 7f6a40168700 1 -- 172.21.15.155:0/3073830405 --> [v2:172.21.15.155:3300/0,v1:172.21.15.155:6789/0] -- mon_command([{prefix=config set, name=mgr/cephadm/container_init}] v 0) v1 -- 0x7f6a38108550 con 0x7f6a38078d00
2023-12-16T05:50:20.039 INFO:teuthology.orchestra.run.smithi155.stdout:/usr/bin/ceph: stderr
2023-12-16T05:50:19.663+0000 7f6a2e7fc700 1 -- 172.21.15.155:0/3073830405 <== mon.0 v2:172.21.15.155:3300/0 7 ==== mon_command_ack([{prefix=config set, name=mgr/cephadm/container_init}]=0 v7)=0 v7) v1 ==== 142+0+0 (secure 0 0 0) 0x7f6a34018b00 con 0x7f6a38078d00
2023-12-16T05:50:20.039 INFO:teuthology.orchestra.run.smithi155.stdout:/usr/bin/ceph: stderr
2023-12-16T05:50:19.665+0000 7f6a40168700 1 -- 172.21.15.155:0/3073830405 >> [v2:172.21.15.155:6800/1287353594,v1:172.21.15.155:6801/1287353594] conn(0x7f6a240365f0 msgr2=0x7f6a24038aa0 secure :-1 s=STATE_CONNECTION_ESTABLISHED l=1).mark_down
2023-12-16T05:50:20.039 INFO:teuthology.orchestra.run.smithi155.stdout:/usr/bin/ceph: stderr
2023-12-16T05:50:19.665+0000 7f6a40168700 1 --2- 172.21.15.155:0/3073830405 >> [v2:172.21.15.155:6800/1287353594,v1:172.21.15.155:6801/1287353594] conn(0x7f6a240365f0 0x7f6a24038aa0 secure :-1 s=READY pgs=19 cs=0 l=1 rev1=1 crypto rx=0x7f6a28009990 tx=0x7f6a28006e40 comp rx=0 tx=0).stop
2023-12-16T05:50:20.040 INFO:teuthology.orchestra.run.smithi155.stdout:/usr/bin/ceph: stderr
2023-12-16T05:50:19.665+0000 7f6a40168700 1 -- 172.21.15.155:0/3073830405 >> [v2:172.21.15.155:3300/0,v1:172.21.15.155:6789/0] conn(0x7f6a38078d00 msgr2=0x7f6a381133c0 secure :-1 s=STATE_CONNECTION_ESTABLISHED l=1).mark_down
2023-12-16T05:50:20.040 INFO:teuthology.orchestra.run.smithi155.stdout:/usr/bin/ceph: stderr
2023-12-16T05:50:19.665+0000 7f6a40168700 1 --2- 172.21.15.155:0/3073830405 >> [v2:172.21.15.155:3300/0,v1:172.21.15.155:6789/0] conn(0x7f6a38078d00 0x7f6a381133c0 secure :-1 s=READY pgs=62 cs=0 l=1 rev1=1 crypto rx=0x7f6a34006d40 tx=0x7f6a34009250 comp rx=0 tx=0).stop
2023-12-16T05:50:20.040 INFO:teuthology.orchestra.run.smithi155.stdout:/usr/bin/ceph: stderr
2023-12-16T05:50:19.665+0000 7f6a40168700 1 -- 172.21.15.155:0/3073830405 shutdown_connections
2023-12-16T05:50:20.040 INFO:teuthology.orchestra.run.smithi155.stdout:/usr/bin/ceph: stderr
2023-12-16T05:50:19.665+0000 7f6a40168700 1 --2- 172.21.15.155:0/3073830405 >> [v2:172.21.15.155:6800/1287353594,v1:172.21.15.155:6801/1287353594] conn(0x7f6a240365f0 0x7f6a24038aa0 unknown :-1 s=CLOSED pgs=19 cs=0 l=1 rev1=1 crypto rx=0 tx=0 comp rx=0 tx=0).stop
2023-12-16T05:50:20.040 INFO:teuthology.orchestra.run.smithi155.stdout:/usr/bin/ceph: stderr
2023-12-16T05:50:19.665+0000 7f6a40168700 1 --2- 172.21.15.155:0/3073830405 >> [v2:172.21.15.155:3300/0,v1:172.21.15.155:6789/0] conn(0x7f6a38078d00 0x7f6a381133c0 unknown :-1 s=CLOSED pgs=62 cs=0 l=1 rev1=1 crypto rx=0 tx=0 comp rx=0 tx=0).stop
2023-12-16T05:50:20.040 INFO:teuthology.orchestra.run.smithi155.stdout:/usr/bin/ceph: stderr
2023-12-16T05:50:19.665+0000 7f6a40168700 1 -- 172.21.15.155:0/3073830405 >> 172.21.15.155:0/3073830405 conn(0x7f6a380fda10 msgr2=0x7f6a380ffde0 unknown :-1 s=STATE_NONE l=0).mark_down
2023-12-16T05:50:20.040 INFO:teuthology.orchestra.run.smithi155.stdout:/usr/bin/ceph: stderr
2023-12-16T05:50:19.665+0000 7f6a40168700 1 -- 172.21.15.155:0/3073830405 shutdown_connections
2023-12-16T05:50:20.041 INFO:teuthology.orchestra.run.smithi155.stdout:/usr/bin/ceph: stderr
2023-12-16T05:50:19.665+0000 7f6a40168700 1 -- 172.21.15.155:0/3073830405 wait complete.
2023-12-16T05:50:20.076 INFO:journalctl@ceph.mon.smithi155.smithi155.stdout:Dec 16 05:50:19 smithi155 ceph-mon[112451]: from='client.14154 -' entity='client.admin' cmd=[{"prefix": "orch apply", "service_type": "alertmanager", "target": ["mon-mgr", ""]}]: dispatch
2023-12-16T05:50:20.076 INFO:journalctl@ceph.mon.smithi155.smithi155.stdout:Dec 16 05:50:19 smithi155 ceph-mon[112451]: Saving service alertmanager spec with placement count:1
2023-12-16T05:50:20.077 INFO:journalctl@ceph.mon.smithi155.smithi155.stdout:Dec 16 05:50:19 smithi155 ceph-mon[112451]: from='client.? 172.21.15.155:0/3073830405' entity='client.admin'
2023-12-16T05:50:20.919 INFO:teuthology.orchestra.run.smithi155.stdout:/usr/bin/ceph: stderr
2023-12-16T05:50:20.358+0000 7f763d04e700 1 Processor -- start
2023-12-16T05:50:20.920 INFO:teuthology.orchestra.run.smithi155.stdout:/usr/bin/ceph: stderr
2023-12-16T05:50:20.358+0000 7f763d04e700 1 -- start start
2023-12-16T05:50:20.920 INFO:teuthology.orchestra.run.smithi155.stdout:/usr/bin/ceph: stderr
2023-12-16T05:50:20.359+0000 7f763d04e700 1 --2- >> [v2:172.21.15.155:3300/0,v1:172.21.15.155:6789/0] conn(0x7f7638102780 0x7f7638102b90 unknown :-1 s=NONE pgs=0 cs=0 l=0 rev1=0 crypto rx=0 tx=0 comp rx=0 tx=0).connect
2023-12-16T05:50:20.920 INFO:teuthology.orchestra.run.smithi155.stdout:/usr/bin/ceph: stderr
2023-12-16T05:50:20.359+0000 7f763d04e700 1 -- --> [v2:172.21.15.155:3300/0,v1:172.21.15.155:6789/0] -- mon_getmap magic: 0 v1 -- 0x7f76381030d0 con 0x7f7638102780
2023-12-16T05:50:20.920 INFO:teuthology.orchestra.run.smithi155.stdout:/usr/bin/ceph: stderr
2023-12-16T05:50:20.359+0000 7f7636d9d700 1 --2- >> [v2:172.21.15.155:3300/0,v1:172.21.15.155:6789/0] conn(0x7f7638102780 0x7f7638102b90 unknown :-1 s=BANNER_CONNECTING pgs=0 cs=0 l=0 rev1=0 crypto rx=0 tx=0 comp rx=0 tx=0)._handle_peer_banner_payload supported=3 required=0
2023-12-16T05:50:20.920 INFO:teuthology.orchestra.run.smithi155.stdout:/usr/bin/ceph: stderr
2023-12-16T05:50:20.359+0000 7f7636d9d700 1 --2- >> [v2:172.21.15.155:3300/0,v1:172.21.15.155:6789/0] conn(0x7f7638102780 0x7f7638102b90 unknown :-1 s=HELLO_CONNECTING pgs=0 cs=0 l=0 rev1=1 crypto rx=0 tx=0 comp rx=0 tx=0).handle_hello peer v2:172.21.15.155:3300/0 says I am v2:172.21.15.155:59596/0 (socket says 172.21.15.155:59596)
2023-12-16T05:50:20.920 INFO:teuthology.orchestra.run.smithi155.stdout:/usr/bin/ceph: stderr
2023-12-16T05:50:20.359+0000 7f7636d9d700 1 -- 172.21.15.155:0/437670665 learned_addr learned my addr 172.21.15.155:0/437670665 (peer_addr_for_me v2:172.21.15.155:0/0)
2023-12-16T05:50:20.920 INFO:teuthology.orchestra.run.smithi155.stdout:/usr/bin/ceph: stderr
2023-12-16T05:50:20.359+0000 7f7636d9d700 1 -- 172.21.15.155:0/437670665 --> [v2:172.21.15.155:3300/0,v1:172.21.15.155:6789/0] -- mon_subscribe({config=0+,monmap=0+}) v3 -- 0x7f7638103210 con 0x7f7638102780
2023-12-16T05:50:20.920 INFO:teuthology.orchestra.run.smithi155.stdout:/usr/bin/ceph: stderr
2023-12-16T05:50:20.359+0000 7f7636d9d700 1 --2- 172.21.15.155:0/437670665 >> [v2:172.21.15.155:3300/0,v1:172.21.15.155:6789/0] conn(0x7f7638102780 0x7f7638102b90 secure :-1 s=READY pgs=63 cs=0 l=1 rev1=1 crypto rx=0x7f762c0098e0 tx=0x7f762c009250 comp rx=0 tx=0).ready entity=mon.0 client_cookie=b5d35e56b86291d9 server_cookie=0 in_seq=0 out_seq=0
2023-12-16T05:50:20.920 INFO:teuthology.orchestra.run.smithi155.stdout:/usr/bin/ceph: stderr
2023-12-16T05:50:20.359+0000 7f7635d9b700 1 -- 172.21.15.155:0/437670665 <== mon.0 v2:172.21.15.155:3300/0 1 ==== mon_map magic: 0 v1 ==== 229+0+0 (secure 0 0 0) 0x7f762c00b860 con 0x7f7638102780
2023-12-16T05:50:20.920 INFO:teuthology.orchestra.run.smithi155.stdout:/usr/bin/ceph: stderr
2023-12-16T05:50:20.359+0000 7f7635d9b700 1 -- 172.21.15.155:0/437670665 <== mon.0 v2:172.21.15.155:3300/0 2 ==== config(26 keys) v1 ==== 1074+0+0 (secure 0 0 0) 0x7f762c00be70 con 0x7f7638102780
2023-12-16T05:50:20.920 INFO:teuthology.orchestra.run.smithi155.stdout:/usr/bin/ceph: stderr
2023-12-16T05:50:20.359+0000 7f7635d9b700 1 -- 172.21.15.155:0/437670665 <== mon.0 v2:172.21.15.155:3300/0 3 ==== mon_map magic: 0 v1 ==== 229+0+0 (secure 0 0 0) 0x7f762c010380 con 0x7f7638102780
2023-12-16T05:50:20.920 INFO:teuthology.orchestra.run.smithi155.stdout:/usr/bin/ceph: stderr
2023-12-16T05:50:20.360+0000 7f763d04e700 1 -- 172.21.15.155:0/437670665 >> [v2:172.21.15.155:3300/0,v1:172.21.15.155:6789/0] conn(0x7f7638102780 msgr2=0x7f7638102b90 secure :-1 s=STATE_CONNECTION_ESTABLISHED l=1).mark_down
2023-12-16T05:50:20.920 INFO:teuthology.orchestra.run.smithi155.stdout:/usr/bin/ceph: stderr
2023-12-16T05:50:20.360+0000 7f763d04e700 1 --2- 172.21.15.155:0/437670665 >> [v2:172.21.15.155:3300/0,v1:172.21.15.155:6789/0] conn(0x7f7638102780 0x7f7638102b90 secure :-1 s=READY pgs=63 cs=0 l=1 rev1=1 crypto rx=0x7f762c0098e0 tx=0x7f762c009250 comp rx=0 tx=0).stop
2023-12-16T05:50:20.920 INFO:teuthology.orchestra.run.smithi155.stdout:/usr/bin/ceph: stderr
2023-12-16T05:50:20.360+0000 7f763d04e700 1 -- 172.21.15.155:0/437670665 shutdown_connections
2023-12-16T05:50:20.921 INFO:teuthology.orchestra.run.smithi155.stdout:/usr/bin/ceph: stderr
2023-12-16T05:50:20.360+0000 7f763d04e700 1 --2- 172.21.15.155:0/437670665 >> [v2:172.21.15.155:3300/0,v1:172.21.15.155:6789/0] conn(0x7f7638102780 0x7f7638102b90 unknown :-1 s=CLOSED pgs=63 cs=0 l=1 rev1=1 crypto rx=0 tx=0 comp rx=0 tx=0).stop
2023-12-16T05:50:20.921 INFO:teuthology.orchestra.run.smithi155.stdout:/usr/bin/ceph: stderr
2023-12-16T05:50:20.360+0000 7f763d04e700 1 -- 172.21.15.155:0/437670665 >> 172.21.15.155:0/437670665 conn(0x7f76380fc0b0 msgr2=0x7f76380fe4e0 unknown :-1 s=STATE_NONE l=0).mark_down
2023-12-16T05:50:20.921 INFO:teuthology.orchestra.run.smithi155.stdout:/usr/bin/ceph: stderr
2023-12-16T05:50:20.360+0000 7f763d04e700 1 -- 172.21.15.155:0/437670665 shutdown_connections
2023-12-16T05:50:20.921 INFO:teuthology.orchestra.run.smithi155.stdout:/usr/bin/ceph: stderr
2023-12-16T05:50:20.360+0000 7f763d04e700 1 -- 172.21.15.155:0/437670665 wait complete.
2023-12-16T05:50:20.921 INFO:teuthology.orchestra.run.smithi155.stdout:/usr/bin/ceph: stderr
2023-12-16T05:50:20.361+0000 7f763d04e700 1 Processor -- start
2023-12-16T05:50:20.921 INFO:teuthology.orchestra.run.smithi155.stdout:/usr/bin/ceph: stderr
2023-12-16T05:50:20.361+0000 7f763d04e700 1 -- start start
2023-12-16T05:50:20.921 INFO:teuthology.orchestra.run.smithi155.stdout:/usr/bin/ceph: stderr
2023-12-16T05:50:20.361+0000 7f763d04e700 1 --2- >> [v2:172.21.15.155:3300/0,v1:172.21.15.155:6789/0] conn(0x7f7638102780 0x7f7638113ec0 unknown :-1 s=NONE pgs=0 cs=0 l=1 rev1=0 crypto rx=0 tx=0 comp rx=0 tx=0).connect
2023-12-16T05:50:20.921 INFO:teuthology.orchestra.run.smithi155.stdout:/usr/bin/ceph: stderr
2023-12-16T05:50:20.361+0000 7f763d04e700 1 -- --> [v2:172.21.15.155:3300/0,v1:172.21.15.155:6789/0] -- mon_getmap magic: 0 v1 -- 0x7f7638101010 con 0x7f7638102780
2023-12-16T05:50:20.921 INFO:teuthology.orchestra.run.smithi155.stdout:/usr/bin/ceph: stderr
2023-12-16T05:50:20.361+0000 7f7636d9d700 1 --2- >> [v2:172.21.15.155:3300/0,v1:172.21.15.155:6789/0] conn(0x7f7638102780 0x7f7638113ec0 unknown :-1 s=BANNER_CONNECTING pgs=0 cs=0 l=1 rev1=0 crypto rx=0 tx=0 comp rx=0 tx=0)._handle_peer_banner_payload supported=3 required=0
2023-12-16T05:50:20.921 INFO:teuthology.orchestra.run.smithi155.stdout:/usr/bin/ceph: stderr
2023-12-16T05:50:20.361+0000 7f7636d9d700 1 --2- >> [v2:172.21.15.155:3300/0,v1:172.21.15.155:6789/0] conn(0x7f7638102780 0x7f7638113ec0 unknown :-1 s=HELLO_CONNECTING pgs=0 cs=0 l=1 rev1=1 crypto rx=0 tx=0 comp rx=0 tx=0).handle_hello peer v2:172.21.15.155:3300/0 says I am v2:172.21.15.155:59610/0 (socket says 172.21.15.155:59610)
2023-12-16T05:50:20.921 INFO:teuthology.orchestra.run.smithi155.stdout:/usr/bin/ceph: stderr
2023-12-16T05:50:20.361+0000 7f7636d9d700 1 -- 172.21.15.155:0/4279543569 learned_addr learned my addr 172.21.15.155:0/4279543569 (peer_addr_for_me v2:172.21.15.155:0/0)
2023-12-16T05:50:20.921 INFO:teuthology.orchestra.run.smithi155.stdout:/usr/bin/ceph: stderr
2023-12-16T05:50:20.361+0000 7f7636d9d700 1 -- 172.21.15.155:0/4279543569 --> [v2:172.21.15.155:3300/0,v1:172.21.15.155:6789/0] -- mon_subscribe({config=0+,monmap=0+}) v3 -- 0x7f762c0094f0 con 0x7f7638102780
2023-12-16T05:50:20.921 INFO:teuthology.orchestra.run.smithi155.stdout:/usr/bin/ceph: stderr
2023-12-16T05:50:20.361+0000 7f7636d9d700 1 --2- 172.21.15.155:0/4279543569 >> [v2:172.21.15.155:3300/0,v1:172.21.15.155:6789/0] conn(0x7f7638102780 0x7f7638113ec0 secure :-1 s=READY pgs=64 cs=0 l=1 rev1=1 crypto rx=0x7f762c006d40 tx=0x7f762c009250 comp rx=0 tx=0).ready entity=mon.0 client_cookie=0 server_cookie=0 in_seq=0 out_seq=0
2023-12-16T05:50:20.921 INFO:teuthology.orchestra.run.smithi155.stdout:/usr/bin/ceph: stderr
2023-12-16T05:50:20.361+0000 7f761f7fe700 1 -- 172.21.15.155:0/4279543569 <== mon.0 v2:172.21.15.155:3300/0 1 ==== mon_map magic: 0 v1 ==== 229+0+0 (secure 0 0 0) 0x7f762c010960 con 0x7f7638102780
2023-12-16T05:50:20.922 INFO:teuthology.orchestra.run.smithi155.stdout:/usr/bin/ceph: stderr
2023-12-16T05:50:20.361+0000 7f761f7fe700 1 -- 172.21.15.155:0/4279543569 <== mon.0 v2:172.21.15.155:3300/0 2 ==== config(26 keys) v1 ==== 1074+0+0 (secure 0 0 0) 0x7f762c01a430 con 0x7f7638102780
2023-12-16T05:50:20.922 INFO:teuthology.orchestra.run.smithi155.stdout:/usr/bin/ceph: stderr
2023-12-16T05:50:20.361+0000 7f763d04e700 1 -- 172.21.15.155:0/4279543569 --> [v2:172.21.15.155:3300/0,v1:172.21.15.155:6789/0] -- mon_subscribe({mgrmap=0+}) v3 -- 0x7f7638101210 con 0x7f7638102780
2023-12-16T05:50:20.922 INFO:teuthology.orchestra.run.smithi155.stdout:/usr/bin/ceph: stderr
2023-12-16T05:50:20.361+0000 7f761f7fe700 1 -- 172.21.15.155:0/4279543569 <== mon.0 v2:172.21.15.155:3300/0 3 ==== mon_map magic: 0 v1 ==== 229+0+0 (secure 0 0 0) 0x7f762c0245b0 con 0x7f7638102780
2023-12-16T05:50:20.922 INFO:teuthology.orchestra.run.smithi155.stdout:/usr/bin/ceph: stderr
2023-12-16T05:50:20.361+0000 7f763d04e700 1 -- 172.21.15.155:0/4279543569 --> [v2:172.21.15.155:3300/0,v1:172.21.15.155:6789/0] -- mon_subscribe({osdmap=0}) v3 -- 0x7f76381145c0 con 0x7f7638102780
2023-12-16T05:50:20.922 INFO:teuthology.orchestra.run.smithi155.stdout:/usr/bin/ceph: stderr
2023-12-16T05:50:20.362+0000 7f761f7fe700 1 -- 172.21.15.155:0/4279543569 <== mon.0 v2:172.21.15.155:3300/0 4 ==== mgrmap(e 8) v1 ==== 43281+0+0 (secure 0 0 0) 0x7f762c02d3f0 con 0x7f7638102780
2023-12-16T05:50:20.922 INFO:teuthology.orchestra.run.smithi155.stdout:/usr/bin/ceph: stderr
2023-12-16T05:50:20.362+0000 7f763d04e700 1 -- 172.21.15.155:0/4279543569 --> [v2:172.21.15.155:3300/0,v1:172.21.15.155:6789/0] -- mon_command({"prefix": "get_command_descriptions"} v 0) v1 -- 0x7f763810a0b0 con 0x7f7638102780
2023-12-16T05:50:20.922 INFO:teuthology.orchestra.run.smithi155.stdout:/usr/bin/ceph: stderr
2023-12-16T05:50:20.362+0000 7f761f7fe700 1 --2- 172.21.15.155:0/4279543569 >> [v2:172.21.15.155:6800/1287353594,v1:172.21.15.155:6801/1287353594] conn(0x7f76200365f0 0x7f7620038aa0 unknown :-1 s=NONE pgs=0 cs=0 l=1 rev1=0 crypto rx=0 tx=0 comp rx=0 tx=0).connect
2023-12-16T05:50:20.922 INFO:teuthology.orchestra.run.smithi155.stdout:/usr/bin/ceph: stderr
2023-12-16T05:50:20.362+0000 7f761f7fe700 1 -- 172.21.15.155:0/4279543569 <== mon.0 v2:172.21.15.155:3300/0 5 ==== osd_map(2..2 src has 1..2) v4 ==== 936+0+0 (secure 0 0 0) 0x7f762c04a2a0 con 0x7f7638102780
2023-12-16T05:50:20.922 INFO:teuthology.orchestra.run.smithi155.stdout:/usr/bin/ceph: stderr
2023-12-16T05:50:20.363+0000 7f763659c700 1 --2- 172.21.15.155:0/4279543569 >> [v2:172.21.15.155:6800/1287353594,v1:172.21.15.155:6801/1287353594] conn(0x7f76200365f0 0x7f7620038aa0 unknown :-1 s=BANNER_CONNECTING pgs=0 cs=0 l=1 rev1=0 crypto rx=0 tx=0 comp rx=0 tx=0)._handle_peer_banner_payload supported=3 required=0
2023-12-16T05:50:20.922 INFO:teuthology.orchestra.run.smithi155.stdout:/usr/bin/ceph: stderr
2023-12-16T05:50:20.363+0000 7f763659c700 1 --2- 172.21.15.155:0/4279543569 >> [v2:172.21.15.155:6800/1287353594,v1:172.21.15.155:6801/1287353594] conn(0x7f76200365f0 0x7f7620038aa0 secure :-1 s=READY pgs=20 cs=0 l=1 rev1=1 crypto rx=0x7f7628009990 tx=0x7f7628006e40 comp rx=0 tx=0).ready entity=mgr.14120 client_cookie=0 server_cookie=0 in_seq=0 out_seq=0
2023-12-16T05:50:20.922 INFO:teuthology.orchestra.run.smithi155.stdout:/usr/bin/ceph: stderr
2023-12-16T05:50:20.367+0000 7f761f7fe700 1 -- 172.21.15.155:0/4279543569 <== mon.0 v2:172.21.15.155:3300/0 6 ==== mon_command_ack([{"prefix": "get_command_descriptions"}]=0 v0) v1 ==== 72+0+174570 (secure 0 0 0) 0x7f762c018b00 con 0x7f7638102780
2023-12-16T05:50:20.922 INFO:teuthology.orchestra.run.smithi155.stdout:/usr/bin/ceph: stderr
2023-12-16T05:50:20.552+0000 7f763d04e700 1 -- 172.21.15.155:0/4279543569 --> [v2:172.21.15.155:3300/0,v1:172.21.15.155:6789/0] -- mon_command([{prefix=config set, name=mgr/dashboard/ssl_server_port}] v 0) v1 -- 0x7f763804bb80 con 0x7f7638102780
2023-12-16T05:50:20.922 INFO:teuthology.orchestra.run.smithi155.stdout:/usr/bin/ceph: stderr
2023-12-16T05:50:20.555+0000 7f761f7fe700 1 -- 172.21.15.155:0/4279543569 <== mon.0 v2:172.21.15.155:3300/0 7 ==== mon_command_ack([{prefix=config set, name=mgr/dashboard/ssl_server_port}]=0 v8)=0 v8) v1 ==== 130+0+0 (secure 0 0 0) 0x7f762c018b00 con 0x7f7638102780
2023-12-16T05:50:20.922 INFO:teuthology.orchestra.run.smithi155.stdout:/usr/bin/ceph: stderr
2023-12-16T05:50:20.557+0000 7f763d04e700 1 -- 172.21.15.155:0/4279543569 >> [v2:172.21.15.155:6800/1287353594,v1:172.21.15.155:6801/1287353594] conn(0x7f76200365f0 msgr2=0x7f7620038aa0 secure :-1 s=STATE_CONNECTION_ESTABLISHED l=1).mark_down
2023-12-16T05:50:20.922 INFO:teuthology.orchestra.run.smithi155.stdout:/usr/bin/ceph: stderr
2023-12-16T05:50:20.557+0000 7f763d04e700 1 --2- 172.21.15.155:0/4279543569 >> [v2:172.21.15.155:6800/1287353594,v1:172.21.15.155:6801/1287353594] conn(0x7f76200365f0 0x7f7620038aa0 secure :-1 s=READY pgs=20 cs=0 l=1 rev1=1 crypto rx=0x7f7628009990 tx=0x7f7628006e40 comp rx=0 tx=0).stop
2023-12-16T05:50:20.923 INFO:teuthology.orchestra.run.smithi155.stdout:/usr/bin/ceph: stderr
2023-12-16T05:50:20.557+0000 7f763d04e700 1 -- 172.21.15.155:0/4279543569 >> [v2:172.21.15.155:3300/0,v1:172.21.15.155:6789/0] conn(0x7f7638102780 msgr2=0x7f7638113ec0 secure :-1 s=STATE_CONNECTION_ESTABLISHED l=1).mark_down
2023-12-16T05:50:20.923 INFO:teuthology.orchestra.run.smithi155.stdout:/usr/bin/ceph: stderr
2023-12-16T05:50:20.557+0000 7f763d04e700 1 --2- 172.21.15.155:0/4279543569 >> [v2:172.21.15.155:3300/0,v1:172.21.15.155:6789/0] conn(0x7f7638102780 0x7f7638113ec0 secure :-1 s=READY pgs=64 cs=0 l=1 rev1=1 crypto rx=0x7f762c006d40 tx=0x7f762c009250 comp rx=0 tx=0).stop
2023-12-16T05:50:20.923 INFO:teuthology.orchestra.run.smithi155.stdout:/usr/bin/ceph: stderr
2023-12-16T05:50:20.557+0000 7f763d04e700 1 -- 172.21.15.155:0/4279543569 shutdown_connections
2023-12-16T05:50:20.923 INFO:teuthology.orchestra.run.smithi155.stdout:/usr/bin/ceph: stderr
2023-12-16T05:50:20.557+0000 7f763d04e700 1 --2- 172.21.15.155:0/4279543569 >> [v2:172.21.15.155:6800/1287353594,v1:172.21.15.155:6801/1287353594] conn(0x7f76200365f0 0x7f7620038aa0 unknown :-1 s=CLOSED pgs=20 cs=0 l=1 rev1=1 crypto rx=0 tx=0 comp rx=0 tx=0).stop
2023-12-16T05:50:20.923 INFO:teuthology.orchestra.run.smithi155.stdout:/usr/bin/ceph: stderr
2023-12-16T05:50:20.557+0000 7f763d04e700 1 --2- 172.21.15.155:0/4279543569 >> [v2:172.21.15.155:3300/0,v1:172.21.15.155:6789/0] conn(0x7f7638102780 0x7f7638113ec0 unknown :-1 s=CLOSED pgs=64 cs=0 l=1 rev1=1 crypto rx=0 tx=0 comp rx=0 tx=0).stop
2023-12-16T05:50:20.923 INFO:teuthology.orchestra.run.smithi155.stdout:/usr/bin/ceph: stderr
2023-12-16T05:50:20.557+0000 7f763d04e700 1 -- 172.21.15.155:0/4279543569 >> 172.21.15.155:0/4279543569 conn(0x7f76380fc0b0 msgr2=0x7f76380fe4a0 unknown :-1 s=STATE_NONE l=0).mark_down
2023-12-16T05:50:20.923 INFO:teuthology.orchestra.run.smithi155.stdout:/usr/bin/ceph: stderr
2023-12-16T05:50:20.558+0000 7f763d04e700 1 -- 172.21.15.155:0/4279543569 shutdown_connections
2023-12-16T05:50:20.923 INFO:teuthology.orchestra.run.smithi155.stdout:/usr/bin/ceph: stderr
2023-12-16T05:50:20.558+0000 7f763d04e700 1 -- 172.21.15.155:0/4279543569 wait complete.
2023-12-16T05:50:20.923 INFO:teuthology.orchestra.run.smithi155.stdout:Enabling the dashboard module...
2023-12-16T05:50:21.826 INFO:journalctl@ceph.mon.smithi155.smithi155.stdout:Dec 16 05:50:21 smithi155 ceph-mon[112451]: from='client.? 172.21.15.155:0/4279543569' entity='client.admin'
2023-12-16T05:50:21.826 INFO:journalctl@ceph.mon.smithi155.smithi155.stdout:Dec 16 05:50:21 smithi155 ceph-mon[112451]: from='client.? 172.21.15.155:0/3706446092' entity='client.admin' cmd=[{"prefix": "mgr module enable", "module": "dashboard"}]: dispatch
2023-12-16T05:50:21.947 INFO:teuthology.orchestra.run.smithi155.stdout:/usr/bin/ceph: stderr
2023-12-16T05:50:21.302+0000 7f1cbfc4a700 1 Processor -- start
2023-12-16T05:50:21.953 INFO:teuthology.orchestra.run.smithi155.stdout:/usr/bin/ceph: stderr
2023-12-16T05:50:21.302+0000 7f1cbfc4a700 1 -- start start
2023-12-16T05:50:21.953 INFO:teuthology.orchestra.run.smithi155.stdout:/usr/bin/ceph: stderr
2023-12-16T05:50:21.302+0000 7f1cbfc4a700 1 --2- >> [v2:172.21.15.155:3300/0,v1:172.21.15.155:6789/0] conn(0x7f1cb8076c60 0x7f1cb8104e90 unknown :-1 s=NONE pgs=0 cs=0 l=0 rev1=0 crypto rx=0 tx=0 comp rx=0 tx=0).connect
2023-12-16T05:50:21.953 INFO:teuthology.orchestra.run.smithi155.stdout:/usr/bin/ceph: stderr
2023-12-16T05:50:21.302+0000 7f1cbfc4a700 1 -- --> [v2:172.21.15.155:3300/0,v1:172.21.15.155:6789/0] -- mon_getmap magic: 0 v1 -- 0x7f1cb81053d0 con 0x7f1cb8076c60
2023-12-16T05:50:21.953 INFO:teuthology.orchestra.run.smithi155.stdout:/usr/bin/ceph: stderr
2023-12-16T05:50:21.303+0000 7f1cbd9e6700 1 --2- >> [v2:172.21.15.155:3300/0,v1:172.21.15.155:6789/0] conn(0x7f1cb8076c60 0x7f1cb8104e90 unknown :-1 s=BANNER_CONNECTING pgs=0 cs=0 l=0 rev1=0 crypto rx=0 tx=0 comp rx=0 tx=0)._handle_peer_banner_payload supported=3 required=0
2023-12-16T05:50:21.953 INFO:teuthology.orchestra.run.smithi155.stdout:/usr/bin/ceph: stderr
2023-12-16T05:50:21.303+0000 7f1cbd9e6700 1 --2- >> [v2:172.21.15.155:3300/0,v1:172.21.15.155:6789/0] conn(0x7f1cb8076c60 0x7f1cb8104e90 unknown :-1 s=HELLO_CONNECTING pgs=0 cs=0 l=0 rev1=1 crypto rx=0 tx=0 comp rx=0 tx=0).handle_hello peer v2:172.21.15.155:3300/0 says I am v2:172.21.15.155:59612/0 (socket says 172.21.15.155:59612)
2023-12-16T05:50:21.953 INFO:teuthology.orchestra.run.smithi155.stdout:/usr/bin/ceph: stderr
2023-12-16T05:50:21.303+0000 7f1cbd9e6700 1 -- 172.21.15.155:0/921760137 learned_addr learned my addr 172.21.15.155:0/921760137 (peer_addr_for_me v2:172.21.15.155:0/0)
2023-12-16T05:50:21.953 INFO:teuthology.orchestra.run.smithi155.stdout:/usr/bin/ceph: stderr
2023-12-16T05:50:21.303+0000 7f1cbd9e6700 1 -- 172.21.15.155:0/921760137 --> [v2:172.21.15.155:3300/0,v1:172.21.15.155:6789/0] -- mon_subscribe({config=0+,monmap=0+}) v3 -- 0x7f1cb8105510 con 0x7f1cb8076c60
2023-12-16T05:50:21.953 INFO:teuthology.orchestra.run.smithi155.stdout:/usr/bin/ceph: stderr
2023-12-16T05:50:21.303+0000 7f1cbd9e6700 1 --2- 172.21.15.155:0/921760137 >> [v2:172.21.15.155:3300/0,v1:172.21.15.155:6789/0] conn(0x7f1cb8076c60 0x7f1cb8104e90 secure :-1 s=READY pgs=65 cs=0 l=1 rev1=1 crypto rx=0x7f1cac0098e0 tx=0x7f1cac009250 comp rx=0 tx=0).ready entity=mon.0 client_cookie=b85bed45d5003288 server_cookie=0 in_seq=0 out_seq=0
2023-12-16T05:50:21.953 INFO:teuthology.orchestra.run.smithi155.stdout:/usr/bin/ceph: stderr
