2023-12-16T05:50:32.971+0000 7f2f26ffd700 1 -- 172.21.15.155:0/967965689 <== mon.0 v2:172.21.15.155:3300/0 1 ==== mon_map magic: 0 v1 ==== 229+0+0 (secure 0 0 0) 0x7f2f28010850 con 0x7f2f38071000
2023-12-16T05:50:33.519 INFO:teuthology.orchestra.run.smithi155.stdout:/usr/bin/ceph: stderr
2023-12-16T05:50:32.971+0000 7f2f26ffd700 1 -- 172.21.15.155:0/967965689 <== mon.0 v2:172.21.15.155:3300/0 2 ==== config(26 keys) v1 ==== 1074+0+0 (secure 0 0 0) 0x7f2f28010e60 con 0x7f2f38071000
2023-12-16T05:50:33.519 INFO:teuthology.orchestra.run.smithi155.stdout:/usr/bin/ceph: stderr
2023-12-16T05:50:32.971+0000 7f2f3cf4f700 1 -- 172.21.15.155:0/967965689 --> [v2:172.21.15.155:3300/0,v1:172.21.15.155:6789/0] -- mon_subscribe({mgrmap=0+}) v3 -- 0x7f2f38111900 con 0x7f2f38071000
2023-12-16T05:50:33.519 INFO:teuthology.orchestra.run.smithi155.stdout:/usr/bin/ceph: stderr
2023-12-16T05:50:32.971+0000 7f2f26ffd700 1 -- 172.21.15.155:0/967965689 <== mon.0 v2:172.21.15.155:3300/0 3 ==== mon_map magic: 0 v1 ==== 229+0+0 (secure 0 0 0) 0x7f2f2801a430 con 0x7f2f38071000
2023-12-16T05:50:33.519 INFO:teuthology.orchestra.run.smithi155.stdout:/usr/bin/ceph: stderr
2023-12-16T05:50:32.971+0000 7f2f3cf4f700 1 -- 172.21.15.155:0/967965689 --> [v2:172.21.15.155:3300/0,v1:172.21.15.155:6789/0] -- mon_subscribe({osdmap=0}) v3 -- 0x7f2f38111d10 con 0x7f2f38071000
2023-12-16T05:50:33.519 INFO:teuthology.orchestra.run.smithi155.stdout:/usr/bin/ceph: stderr
2023-12-16T05:50:32.972+0000 7f2f26ffd700 1 -- 172.21.15.155:0/967965689 <== mon.0 v2:172.21.15.155:3300/0 4 ==== mgrmap(e 12) v1 ==== 43294+0+0 (secure 0 0 0) 0x7f2f280247b0 con 0x7f2f38071000
2023-12-16T05:50:33.519 INFO:teuthology.orchestra.run.smithi155.stdout:/usr/bin/ceph: stderr
2023-12-16T05:50:32.972+0000 7f2f3cf4f700 1 -- 172.21.15.155:0/967965689 --> [v2:172.21.15.155:3300/0,v1:172.21.15.155:6789/0] -- mon_command({"prefix": "get_command_descriptions"} v 0) v1 -- 0x7f2f3804bb80 con 0x7f2f38071000
2023-12-16T05:50:33.519 INFO:teuthology.orchestra.run.smithi155.stdout:/usr/bin/ceph: stderr
2023-12-16T05:50:32.972+0000 7f2f26ffd700 1 --2- 172.21.15.155:0/967965689 >> [v2:172.21.15.155:6800/2821498015,v1:172.21.15.155:6801/2821498015] conn(0x7f2f20036690 0x7f2f20038b40 unknown :-1 s=NONE pgs=0 cs=0 l=1 rev1=0 crypto rx=0 tx=0 comp rx=0 tx=0).connect
2023-12-16T05:50:33.519 INFO:teuthology.orchestra.run.smithi155.stdout:/usr/bin/ceph: stderr
2023-12-16T05:50:32.972+0000 7f2f26ffd700 1 -- 172.21.15.155:0/967965689 <== mon.0 v2:172.21.15.155:3300/0 5 ==== osd_map(3..3 src has 1..3) v4 ==== 1151+0+0 (secure 0 0 0) 0x7f2f2804a4c0 con 0x7f2f38071000
2023-12-16T05:50:33.519 INFO:teuthology.orchestra.run.smithi155.stdout:/usr/bin/ceph: stderr
2023-12-16T05:50:32.972+0000 7f2f35d9b700 1 --2- 172.21.15.155:0/967965689 >> [v2:172.21.15.155:6800/2821498015,v1:172.21.15.155:6801/2821498015] conn(0x7f2f20036690 0x7f2f20038b40 unknown :-1 s=BANNER_CONNECTING pgs=0 cs=0 l=1 rev1=0 crypto rx=0 tx=0 comp rx=0 tx=0)._handle_peer_banner_payload supported=3 required=0
2023-12-16T05:50:33.519 INFO:teuthology.orchestra.run.smithi155.stdout:/usr/bin/ceph: stderr
2023-12-16T05:50:32.973+0000 7f2f35d9b700 1 --2- 172.21.15.155:0/967965689 >> [v2:172.21.15.155:6800/2821498015,v1:172.21.15.155:6801/2821498015] conn(0x7f2f20036690 0x7f2f20038b40 secure :-1 s=READY pgs=9 cs=0 l=1 rev1=1 crypto rx=0x7f2f2c009990 tx=0x7f2f2c006e40 comp rx=0 tx=0).ready entity=mgr.14162 client_cookie=0 server_cookie=0 in_seq=0 out_seq=0
2023-12-16T05:50:33.519 INFO:teuthology.orchestra.run.smithi155.stdout:/usr/bin/ceph: stderr
2023-12-16T05:50:32.977+0000 7f2f26ffd700 1 -- 172.21.15.155:0/967965689 <== mon.0 v2:172.21.15.155:3300/0 6 ==== mon_command_ack([{"prefix": "get_command_descriptions"}]=0 v0) v1 ==== 72+0+174570 (secure 0 0 0) 0x7f2f28024440 con 0x7f2f38071000
2023-12-16T05:50:33.520 INFO:teuthology.orchestra.run.smithi155.stdout:/usr/bin/ceph: stderr
2023-12-16T05:50:33.163+0000 7f2f3cf4f700 1 -- 172.21.15.155:0/967965689 --> [v2:172.21.15.155:3300/0,v1:172.21.15.155:6789/0] -- mon_command({"prefix": "config get", "who": "mgr", "key": "mgr/dashboard/ssl_server_port"} v 0) v1 -- 0x7f2f38106300 con 0x7f2f38071000
2023-12-16T05:50:33.520 INFO:teuthology.orchestra.run.smithi155.stdout:/usr/bin/ceph: stderr
2023-12-16T05:50:33.164+0000 7f2f26ffd700 1 -- 172.21.15.155:0/967965689 <== mon.0 v2:172.21.15.155:3300/0 7 ==== mon_command_ack([{"prefix": "config get", "who": "mgr", "key": "mgr/dashboard/ssl_server_port"}]=0 v8) v1 ==== 112+0+5 (secure 0 0 0) 0x7f2f28022340 con 0x7f2f38071000
2023-12-16T05:50:33.520 INFO:teuthology.orchestra.run.smithi155.stdout:/usr/bin/ceph: stderr
2023-12-16T05:50:33.166+0000 7f2f3cf4f700 1 -- 172.21.15.155:0/967965689 >> [v2:172.21.15.155:6800/2821498015,v1:172.21.15.155:6801/2821498015] conn(0x7f2f20036690 msgr2=0x7f2f20038b40 secure :-1 s=STATE_CONNECTION_ESTABLISHED l=1).mark_down
2023-12-16T05:50:33.520 INFO:teuthology.orchestra.run.smithi155.stdout:/usr/bin/ceph: stderr
2023-12-16T05:50:33.166+0000 7f2f3cf4f700 1 --2- 172.21.15.155:0/967965689 >> [v2:172.21.15.155:6800/2821498015,v1:172.21.15.155:6801/2821498015] conn(0x7f2f20036690 0x7f2f20038b40 secure :-1 s=READY pgs=9 cs=0 l=1 rev1=1 crypto rx=0x7f2f2c009990 tx=0x7f2f2c006e40 comp rx=0 tx=0).stop
2023-12-16T05:50:33.520 INFO:teuthology.orchestra.run.smithi155.stdout:/usr/bin/ceph: stderr
2023-12-16T05:50:33.166+0000 7f2f3cf4f700 1 -- 172.21.15.155:0/967965689 >> [v2:172.21.15.155:3300/0,v1:172.21.15.155:6789/0] conn(0x7f2f38071000 msgr2=0x7f2f381111c0 secure :-1 s=STATE_CONNECTION_ESTABLISHED l=1).mark_down
2023-12-16T05:50:33.520 INFO:teuthology.orchestra.run.smithi155.stdout:/usr/bin/ceph: stderr
2023-12-16T05:50:33.166+0000 7f2f3cf4f700 1 --2- 172.21.15.155:0/967965689 >> [v2:172.21.15.155:3300/0,v1:172.21.15.155:6789/0] conn(0x7f2f38071000 0x7f2f381111c0 secure :-1 s=READY pgs=85 cs=0 l=1 rev1=1 crypto rx=0x7f2f280094c0 tx=0x7f2f28009250 comp rx=0 tx=0).stop
2023-12-16T05:50:33.520 INFO:teuthology.orchestra.run.smithi155.stdout:/usr/bin/ceph: stderr
2023-12-16T05:50:33.166+0000 7f2f3cf4f700 1 -- 172.21.15.155:0/967965689 shutdown_connections
2023-12-16T05:50:33.520 INFO:teuthology.orchestra.run.smithi155.stdout:/usr/bin/ceph: stderr
2023-12-16T05:50:33.166+0000 7f2f3cf4f700 1 --2- 172.21.15.155:0/967965689 >> [v2:172.21.15.155:6800/2821498015,v1:172.21.15.155:6801/2821498015] conn(0x7f2f20036690 0x7f2f20038b40 unknown :-1 s=CLOSED pgs=9 cs=0 l=1 rev1=1 crypto rx=0 tx=0 comp rx=0 tx=0).stop
2023-12-16T05:50:33.520 INFO:teuthology.orchestra.run.smithi155.stdout:/usr/bin/ceph: stderr
2023-12-16T05:50:33.166+0000 7f2f3cf4f700 1 --2- 172.21.15.155:0/967965689 >> [v2:172.21.15.155:3300/0,v1:172.21.15.155:6789/0] conn(0x7f2f38071000 0x7f2f381111c0 unknown :-1 s=CLOSED pgs=85 cs=0 l=1 rev1=1 crypto rx=0 tx=0 comp rx=0 tx=0).stop
2023-12-16T05:50:33.520 INFO:teuthology.orchestra.run.smithi155.stdout:/usr/bin/ceph: stderr
2023-12-16T05:50:33.166+0000 7f2f3cf4f700 1 -- 172.21.15.155:0/967965689 >> 172.21.15.155:0/967965689 conn(0x7f2f380fc970 msgr2=0x7f2f380fed70 unknown :-1 s=STATE_NONE l=0).mark_down
2023-12-16T05:50:33.520 INFO:teuthology.orchestra.run.smithi155.stdout:/usr/bin/ceph: stderr
2023-12-16T05:50:33.166+0000 7f2f3cf4f700 1 -- 172.21.15.155:0/967965689 shutdown_connections
2023-12-16T05:50:33.520 INFO:teuthology.orchestra.run.smithi155.stdout:/usr/bin/ceph: stderr
2023-12-16T05:50:33.166+0000 7f2f3cf4f700 1 -- 172.21.15.155:0/967965689 wait complete.
2023-12-16T05:50:33.523 INFO:teuthology.orchestra.run.smithi155.stdout:Non-zero exit code 1 from systemctl is-enabled firewalld.service
2023-12-16T05:50:33.523 INFO:teuthology.orchestra.run.smithi155.stdout:systemctl: stdout disabled
2023-12-16T05:50:33.530 INFO:teuthology.orchestra.run.smithi155.stdout:Non-zero exit code 3 from systemctl is-active firewalld.service
2023-12-16T05:50:33.530 INFO:teuthology.orchestra.run.smithi155.stdout:systemctl: stdout inactive
2023-12-16T05:50:33.530 INFO:teuthology.orchestra.run.smithi155.stdout:firewalld.service is not enabled
2023-12-16T05:50:33.531 INFO:teuthology.orchestra.run.smithi155.stdout:Not possible to open ports <[8443]>. firewalld.service is not available
2023-12-16T05:50:33.532 INFO:teuthology.orchestra.run.smithi155.stdout:Ceph Dashboard is now available at:
2023-12-16T05:50:33.533 INFO:teuthology.orchestra.run.smithi155.stdout:
2023-12-16T05:50:33.533 INFO:teuthology.orchestra.run.smithi155.stdout: URL: https://smithi155.front.sepia.ceph.com:8443/
2023-12-16T05:50:33.533 INFO:teuthology.orchestra.run.smithi155.stdout: User: admin
2023-12-16T05:50:33.533 INFO:teuthology.orchestra.run.smithi155.stdout: Password: qxh42ihefx
2023-12-16T05:50:33.533 INFO:teuthology.orchestra.run.smithi155.stdout:
2023-12-16T05:50:33.533 INFO:teuthology.orchestra.run.smithi155.stdout:Saving cluster configuration to /var/lib/ceph/d344784e-9bd6-11ee-95a5-87774f69a715/config directory
2023-12-16T05:50:33.533 INFO:teuthology.orchestra.run.smithi155.stdout:Enabling autotune for osd_memory_target
2023-12-16T05:50:34.450 INFO:teuthology.orchestra.run.smithi155.stdout:/usr/bin/ceph: stderr
2023-12-16T05:50:33.886+0000 7f8e4eab5700 1 Processor -- start
2023-12-16T05:50:34.450 INFO:teuthology.orchestra.run.smithi155.stdout:/usr/bin/ceph: stderr
2023-12-16T05:50:33.886+0000 7f8e4eab5700 1 -- start start
2023-12-16T05:50:34.450 INFO:teuthology.orchestra.run.smithi155.stdout:/usr/bin/ceph: stderr
2023-12-16T05:50:33.886+0000 7f8e4eab5700 1 --2- >> [v2:172.21.15.155:3300/0,v1:172.21.15.155:6789/0] conn(0x7f8e48070fc0 0x7f8e48104ee0 unknown :-1 s=NONE pgs=0 cs=0 l=0 rev1=0 crypto rx=0 tx=0 comp rx=0 tx=0).connect
2023-12-16T05:50:34.451 INFO:teuthology.orchestra.run.smithi155.stdout:/usr/bin/ceph: stderr
2023-12-16T05:50:33.886+0000 7f8e4eab5700 1 -- --> [v2:172.21.15.155:3300/0,v1:172.21.15.155:6789/0] -- mon_getmap magic: 0 v1 -- 0x7f8e48105420 con 0x7f8e48070fc0
2023-12-16T05:50:34.451 INFO:teuthology.orchestra.run.smithi155.stdout:/usr/bin/ceph: stderr
2023-12-16T05:50:33.886+0000 7f8e4c851700 1 --2- >> [v2:172.21.15.155:3300/0,v1:172.21.15.155:6789/0] conn(0x7f8e48070fc0 0x7f8e48104ee0 unknown :-1 s=BANNER_CONNECTING pgs=0 cs=0 l=0 rev1=0 crypto rx=0 tx=0 comp rx=0 tx=0)._handle_peer_banner_payload supported=3 required=0
2023-12-16T05:50:34.451 INFO:teuthology.orchestra.run.smithi155.stdout:/usr/bin/ceph: stderr
2023-12-16T05:50:33.886+0000 7f8e4c851700 1 --2- >> [v2:172.21.15.155:3300/0,v1:172.21.15.155:6789/0] conn(0x7f8e48070fc0 0x7f8e48104ee0 unknown :-1 s=HELLO_CONNECTING pgs=0 cs=0 l=0 rev1=1 crypto rx=0 tx=0 comp rx=0 tx=0).handle_hello peer v2:172.21.15.155:3300/0 says I am v2:172.21.15.155:54340/0 (socket says 172.21.15.155:54340)
2023-12-16T05:50:34.451 INFO:teuthology.orchestra.run.smithi155.stdout:/usr/bin/ceph: stderr
2023-12-16T05:50:33.886+0000 7f8e4c851700 1 -- 172.21.15.155:0/2863923259 learned_addr learned my addr 172.21.15.155:0/2863923259 (peer_addr_for_me v2:172.21.15.155:0/0)
2023-12-16T05:50:34.451 INFO:teuthology.orchestra.run.smithi155.stdout:/usr/bin/ceph: stderr
2023-12-16T05:50:33.887+0000 7f8e4c851700 1 -- 172.21.15.155:0/2863923259 --> [v2:172.21.15.155:3300/0,v1:172.21.15.155:6789/0] -- mon_subscribe({config=0+,monmap=0+}) v3 -- 0x7f8e48105560 con 0x7f8e48070fc0
2023-12-16T05:50:34.451 INFO:teuthology.orchestra.run.smithi155.stdout:/usr/bin/ceph: stderr
2023-12-16T05:50:33.887+0000 7f8e4c851700 1 --2- 172.21.15.155:0/2863923259 >> [v2:172.21.15.155:3300/0,v1:172.21.15.155:6789/0] conn(0x7f8e48070fc0 0x7f8e48104ee0 secure :-1 s=READY pgs=86 cs=0 l=1 rev1=1 crypto rx=0x7f8e3c0098e0 tx=0x7f8e3c009250 comp rx=0 tx=0).ready entity=mon.0 client_cookie=6f74c4cf7878cd0d server_cookie=0 in_seq=0 out_seq=0
2023-12-16T05:50:34.451 INFO:teuthology.orchestra.run.smithi155.stdout:/usr/bin/ceph: stderr
2023-12-16T05:50:33.887+0000 7f8e477fe700 1 -- 172.21.15.155:0/2863923259 <== mon.0 v2:172.21.15.155:3300/0 1 ==== mon_map magic: 0 v1 ==== 229+0+0 (secure 0 0 0) 0x7f8e3c00b860 con 0x7f8e48070fc0
2023-12-16T05:50:34.451 INFO:teuthology.orchestra.run.smithi155.stdout:/usr/bin/ceph: stderr
2023-12-16T05:50:33.887+0000 7f8e477fe700 1 -- 172.21.15.155:0/2863923259 <== mon.0 v2:172.21.15.155:3300/0 2 ==== config(26 keys) v1 ==== 1074+0+0 (secure 0 0 0) 0x7f8e3c00be70 con 0x7f8e48070fc0
2023-12-16T05:50:34.451 INFO:teuthology.orchestra.run.smithi155.stdout:/usr/bin/ceph: stderr
2023-12-16T05:50:33.887+0000 7f8e477fe700 1 -- 172.21.15.155:0/2863923259 <== mon.0 v2:172.21.15.155:3300/0 3 ==== mon_map magic: 0 v1 ==== 229+0+0 (secure 0 0 0) 0x7f8e3c010380 con 0x7f8e48070fc0
2023-12-16T05:50:34.451 INFO:teuthology.orchestra.run.smithi155.stdout:/usr/bin/ceph: stderr
2023-12-16T05:50:33.887+0000 7f8e4eab5700 1 -- 172.21.15.155:0/2863923259 >> [v2:172.21.15.155:3300/0,v1:172.21.15.155:6789/0] conn(0x7f8e48070fc0 msgr2=0x7f8e48104ee0 secure :-1 s=STATE_CONNECTION_ESTABLISHED l=1).mark_down
2023-12-16T05:50:34.451 INFO:teuthology.orchestra.run.smithi155.stdout:/usr/bin/ceph: stderr
2023-12-16T05:50:33.887+0000 7f8e4eab5700 1 --2- 172.21.15.155:0/2863923259 >> [v2:172.21.15.155:3300/0,v1:172.21.15.155:6789/0] conn(0x7f8e48070fc0 0x7f8e48104ee0 secure :-1 s=READY pgs=86 cs=0 l=1 rev1=1 crypto rx=0x7f8e3c0098e0 tx=0x7f8e3c009250 comp rx=0 tx=0).stop
2023-12-16T05:50:34.451 INFO:teuthology.orchestra.run.smithi155.stdout:/usr/bin/ceph: stderr
2023-12-16T05:50:33.888+0000 7f8e4eab5700 1 -- 172.21.15.155:0/2863923259 shutdown_connections
2023-12-16T05:50:34.451 INFO:teuthology.orchestra.run.smithi155.stdout:/usr/bin/ceph: stderr
2023-12-16T05:50:33.888+0000 7f8e4eab5700 1 --2- 172.21.15.155:0/2863923259 >> [v2:172.21.15.155:3300/0,v1:172.21.15.155:6789/0] conn(0x7f8e48070fc0 0x7f8e48104ee0 unknown :-1 s=CLOSED pgs=86 cs=0 l=1 rev1=1 crypto rx=0 tx=0 comp rx=0 tx=0).stop
2023-12-16T05:50:34.451 INFO:teuthology.orchestra.run.smithi155.stdout:/usr/bin/ceph: stderr
2023-12-16T05:50:33.888+0000 7f8e4eab5700 1 -- 172.21.15.155:0/2863923259 >> 172.21.15.155:0/2863923259 conn(0x7f8e480fc970 msgr2=0x7f8e480fed80 unknown :-1 s=STATE_NONE l=0).mark_down
2023-12-16T05:50:34.452 INFO:teuthology.orchestra.run.smithi155.stdout:/usr/bin/ceph: stderr
2023-12-16T05:50:33.888+0000 7f8e4eab5700 1 -- 172.21.15.155:0/2863923259 shutdown_connections
2023-12-16T05:50:34.452 INFO:teuthology.orchestra.run.smithi155.stdout:/usr/bin/ceph: stderr
2023-12-16T05:50:33.888+0000 7f8e4eab5700 1 -- 172.21.15.155:0/2863923259 wait complete.
2023-12-16T05:50:34.452 INFO:teuthology.orchestra.run.smithi155.stdout:/usr/bin/ceph: stderr
2023-12-16T05:50:33.888+0000 7f8e4eab5700 1 Processor -- start
2023-12-16T05:50:34.452 INFO:teuthology.orchestra.run.smithi155.stdout:/usr/bin/ceph: stderr
2023-12-16T05:50:33.888+0000 7f8e4eab5700 1 -- start start
2023-12-16T05:50:34.452 INFO:teuthology.orchestra.run.smithi155.stdout:/usr/bin/ceph: stderr
2023-12-16T05:50:33.889+0000 7f8e4eab5700 1 --2- >> [v2:172.21.15.155:3300/0,v1:172.21.15.155:6789/0] conn(0x7f8e48070fc0 0x7f8e481111c0 unknown :-1 s=NONE pgs=0 cs=0 l=1 rev1=0 crypto rx=0 tx=0 comp rx=0 tx=0).connect
2023-12-16T05:50:34.452 INFO:teuthology.orchestra.run.smithi155.stdout:/usr/bin/ceph: stderr
2023-12-16T05:50:33.889+0000 7f8e4eab5700 1 -- --> [v2:172.21.15.155:3300/0,v1:172.21.15.155:6789/0] -- mon_getmap magic: 0 v1 -- 0x7f8e48111700 con 0x7f8e48070fc0
2023-12-16T05:50:34.452 INFO:teuthology.orchestra.run.smithi155.stdout:/usr/bin/ceph: stderr
2023-12-16T05:50:33.889+0000 7f8e4c851700 1 --2- >> [v2:172.21.15.155:3300/0,v1:172.21.15.155:6789/0] conn(0x7f8e48070fc0 0x7f8e481111c0 unknown :-1 s=BANNER_CONNECTING pgs=0 cs=0 l=1 rev1=0 crypto rx=0 tx=0 comp rx=0 tx=0)._handle_peer_banner_payload supported=3 required=0
2023-12-16T05:50:34.452 INFO:teuthology.orchestra.run.smithi155.stdout:/usr/bin/ceph: stderr
2023-12-16T05:50:33.889+0000 7f8e4c851700 1 --2- >> [v2:172.21.15.155:3300/0,v1:172.21.15.155:6789/0] conn(0x7f8e48070fc0 0x7f8e481111c0 unknown :-1 s=HELLO_CONNECTING pgs=0 cs=0 l=1 rev1=1 crypto rx=0 tx=0 comp rx=0 tx=0).handle_hello peer v2:172.21.15.155:3300/0 says I am v2:172.21.15.155:54352/0 (socket says 172.21.15.155:54352)
2023-12-16T05:50:34.452 INFO:teuthology.orchestra.run.smithi155.stdout:/usr/bin/ceph: stderr
2023-12-16T05:50:33.889+0000 7f8e4c851700 1 -- 172.21.15.155:0/3846746080 learned_addr learned my addr 172.21.15.155:0/3846746080 (peer_addr_for_me v2:172.21.15.155:0/0)
2023-12-16T05:50:34.452 INFO:teuthology.orchestra.run.smithi155.stdout:/usr/bin/ceph: stderr
2023-12-16T05:50:33.889+0000 7f8e4c851700 1 -- 172.21.15.155:0/3846746080 --> [v2:172.21.15.155:3300/0,v1:172.21.15.155:6789/0] -- mon_subscribe({config=0+,monmap=0+}) v3 -- 0x7f8e3c0094f0 con 0x7f8e48070fc0
2023-12-16T05:50:34.452 INFO:teuthology.orchestra.run.smithi155.stdout:/usr/bin/ceph: stderr
2023-12-16T05:50:33.889+0000 7f8e4c851700 1 --2- 172.21.15.155:0/3846746080 >> [v2:172.21.15.155:3300/0,v1:172.21.15.155:6789/0] conn(0x7f8e48070fc0 0x7f8e481111c0 secure :-1 s=READY pgs=87 cs=0 l=1 rev1=1 crypto rx=0x7f8e3c0094c0 tx=0x7f8e3c009250 comp rx=0 tx=0).ready entity=mon.0 client_cookie=0 server_cookie=0 in_seq=0 out_seq=0
2023-12-16T05:50:34.452 INFO:teuthology.orchestra.run.smithi155.stdout:/usr/bin/ceph: stderr
2023-12-16T05:50:33.889+0000 7f8e457fa700 1 -- 172.21.15.155:0/3846746080 <== mon.0 v2:172.21.15.155:3300/0 1 ==== mon_map magic: 0 v1 ==== 229+0+0 (secure 0 0 0) 0x7f8e3c010850 con 0x7f8e48070fc0
2023-12-16T05:50:34.452 INFO:teuthology.orchestra.run.smithi155.stdout:/usr/bin/ceph: stderr
2023-12-16T05:50:33.889+0000 7f8e4eab5700 1 -- 172.21.15.155:0/3846746080 --> [v2:172.21.15.155:3300/0,v1:172.21.15.155:6789/0] -- mon_subscribe({mgrmap=0+}) v3 -- 0x7f8e48111900 con 0x7f8e48070fc0
2023-12-16T05:50:34.452 INFO:teuthology.orchestra.run.smithi155.stdout:/usr/bin/ceph: stderr
2023-12-16T05:50:33.889+0000 7f8e457fa700 1 -- 172.21.15.155:0/3846746080 <== mon.0 v2:172.21.15.155:3300/0 2 ==== config(26 keys) v1 ==== 1074+0+0 (secure 0 0 0) 0x7f8e3c010e60 con 0x7f8e48070fc0
2023-12-16T05:50:34.453 INFO:teuthology.orchestra.run.smithi155.stdout:/usr/bin/ceph: stderr
2023-12-16T05:50:33.889+0000 7f8e457fa700 1 -- 172.21.15.155:0/3846746080 <== mon.0 v2:172.21.15.155:3300/0 3 ==== mon_map magic: 0 v1 ==== 229+0+0 (secure 0 0 0) 0x7f8e3c01a430 con 0x7f8e48070fc0
2023-12-16T05:50:34.453 INFO:teuthology.orchestra.run.smithi155.stdout:/usr/bin/ceph: stderr
2023-12-16T05:50:33.889+0000 7f8e4eab5700 1 -- 172.21.15.155:0/3846746080 --> [v2:172.21.15.155:3300/0,v1:172.21.15.155:6789/0] -- mon_subscribe({osdmap=0}) v3 -- 0x7f8e48111d10 con 0x7f8e48070fc0
2023-12-16T05:50:34.453 INFO:teuthology.orchestra.run.smithi155.stdout:/usr/bin/ceph: stderr
2023-12-16T05:50:33.890+0000 7f8e4eab5700 1 -- 172.21.15.155:0/3846746080 --> [v2:172.21.15.155:3300/0,v1:172.21.15.155:6789/0] -- mon_command({"prefix": "get_command_descriptions"} v 0) v1 -- 0x7f8e4804bb80 con 0x7f8e48070fc0
2023-12-16T05:50:34.453 INFO:teuthology.orchestra.run.smithi155.stdout:/usr/bin/ceph: stderr
2023-12-16T05:50:33.891+0000 7f8e457fa700 1 -- 172.21.15.155:0/3846746080 <== mon.0 v2:172.21.15.155:3300/0 4 ==== mgrmap(e 12) v1 ==== 43294+0+0 (secure 0 0 0) 0x7f8e3c0247b0 con 0x7f8e48070fc0
2023-12-16T05:50:34.453 INFO:teuthology.orchestra.run.smithi155.stdout:/usr/bin/ceph: stderr
2023-12-16T05:50:33.891+0000 7f8e457fa700 1 --2- 172.21.15.155:0/3846746080 >> [v2:172.21.15.155:6800/2821498015,v1:172.21.15.155:6801/2821498015] conn(0x7f8e38036640 0x7f8e38038af0 unknown :-1 s=NONE pgs=0 cs=0 l=1 rev1=0 crypto rx=0 tx=0 comp rx=0 tx=0).connect
2023-12-16T05:50:34.453 INFO:teuthology.orchestra.run.smithi155.stdout:/usr/bin/ceph: stderr
2023-12-16T05:50:33.891+0000 7f8e457fa700 1 -- 172.21.15.155:0/3846746080 <== mon.0 v2:172.21.15.155:3300/0 5 ==== osd_map(3..3 src has 1..3) v4 ==== 1151+0+0 (secure 0 0 0) 0x7f8e3c04a540 con 0x7f8e48070fc0
2023-12-16T05:50:34.453 INFO:teuthology.orchestra.run.smithi155.stdout:/usr/bin/ceph: stderr
2023-12-16T05:50:33.891+0000 7f8e47fff700 1 --2- 172.21.15.155:0/3846746080 >> [v2:172.21.15.155:6800/2821498015,v1:172.21.15.155:6801/2821498015] conn(0x7f8e38036640 0x7f8e38038af0 unknown :-1 s=BANNER_CONNECTING pgs=0 cs=0 l=1 rev1=0 crypto rx=0 tx=0 comp rx=0 tx=0)._handle_peer_banner_payload supported=3 required=0
2023-12-16T05:50:34.453 INFO:teuthology.orchestra.run.smithi155.stdout:/usr/bin/ceph: stderr
2023-12-16T05:50:33.891+0000 7f8e47fff700 1 --2- 172.21.15.155:0/3846746080 >> [v2:172.21.15.155:6800/2821498015,v1:172.21.15.155:6801/2821498015] conn(0x7f8e38036640 0x7f8e38038af0 secure :-1 s=READY pgs=10 cs=0 l=1 rev1=1 crypto rx=0x7f8e34009990 tx=0x7f8e34006e40 comp rx=0 tx=0).ready entity=mgr.14162 client_cookie=0 server_cookie=0 in_seq=0 out_seq=0
2023-12-16T05:50:34.453 INFO:teuthology.orchestra.run.smithi155.stdout:/usr/bin/ceph: stderr
2023-12-16T05:50:33.895+0000 7f8e457fa700 1 -- 172.21.15.155:0/3846746080 <== mon.0 v2:172.21.15.155:3300/0 6 ==== mon_command_ack([{"prefix": "get_command_descriptions"}]=0 v0) v1 ==== 72+0+174570 (secure 0 0 0) 0x7f8e3c022520 con 0x7f8e48070fc0
2023-12-16T05:50:34.453 INFO:teuthology.orchestra.run.smithi155.stdout:/usr/bin/ceph: stderr
2023-12-16T05:50:34.081+0000 7f8e4eab5700 1 -- 172.21.15.155:0/3846746080 --> [v2:172.21.15.155:3300/0,v1:172.21.15.155:6789/0] -- mon_command([{prefix=config set, name=osd_memory_target_autotune}] v 0) v1 -- 0x7f8e481062e0 con 0x7f8e48070fc0
2023-12-16T05:50:34.453 INFO:teuthology.orchestra.run.smithi155.stdout:/usr/bin/ceph: stderr
2023-12-16T05:50:34.082+0000 7f8e457fa700 1 -- 172.21.15.155:0/3846746080 <== mon.0 v2:172.21.15.155:3300/0 7 ==== mon_command_ack([{prefix=config set, name=osd_memory_target_autotune}]=0 v8)=0 v8) v1 ==== 127+0+0 (secure 0 0 0) 0x7f8e3c022340 con 0x7f8e48070fc0
2023-12-16T05:50:34.453 INFO:teuthology.orchestra.run.smithi155.stdout:/usr/bin/ceph: stderr
2023-12-16T05:50:34.084+0000 7f8e4eab5700 1 -- 172.21.15.155:0/3846746080 >> [v2:172.21.15.155:6800/2821498015,v1:172.21.15.155:6801/2821498015] conn(0x7f8e38036640 msgr2=0x7f8e38038af0 secure :-1 s=STATE_CONNECTION_ESTABLISHED l=1).mark_down
2023-12-16T05:50:34.453 INFO:teuthology.orchestra.run.smithi155.stdout:/usr/bin/ceph: stderr
2023-12-16T05:50:34.084+0000 7f8e4eab5700 1 --2- 172.21.15.155:0/3846746080 >> [v2:172.21.15.155:6800/2821498015,v1:172.21.15.155:6801/2821498015] conn(0x7f8e38036640 0x7f8e38038af0 secure :-1 s=READY pgs=10 cs=0 l=1 rev1=1 crypto rx=0x7f8e34009990 tx=0x7f8e34006e40 comp rx=0 tx=0).stop
2023-12-16T05:50:34.454 INFO:teuthology.orchestra.run.smithi155.stdout:/usr/bin/ceph: stderr
2023-12-16T05:50:34.084+0000 7f8e4eab5700 1 -- 172.21.15.155:0/3846746080 >> [v2:172.21.15.155:3300/0,v1:172.21.15.155:6789/0] conn(0x7f8e48070fc0 msgr2=0x7f8e481111c0 secure :-1 s=STATE_CONNECTION_ESTABLISHED l=1).mark_down
2023-12-16T05:50:34.454 INFO:teuthology.orchestra.run.smithi155.stdout:/usr/bin/ceph: stderr
2023-12-16T05:50:34.084+0000 7f8e4eab5700 1 --2- 172.21.15.155:0/3846746080 >> [v2:172.21.15.155:3300/0,v1:172.21.15.155:6789/0] conn(0x7f8e48070fc0 0x7f8e481111c0 secure :-1 s=READY pgs=87 cs=0 l=1 rev1=1 crypto rx=0x7f8e3c0094c0 tx=0x7f8e3c009250 comp rx=0 tx=0).stop
2023-12-16T05:50:34.454 INFO:teuthology.orchestra.run.smithi155.stdout:/usr/bin/ceph: stderr
2023-12-16T05:50:34.084+0000 7f8e4eab5700 1 -- 172.21.15.155:0/3846746080 shutdown_connections
2023-12-16T05:50:34.454 INFO:teuthology.orchestra.run.smithi155.stdout:/usr/bin/ceph: stderr
2023-12-16T05:50:34.084+0000 7f8e4eab5700 1 --2- 172.21.15.155:0/3846746080 >> [v2:172.21.15.155:6800/2821498015,v1:172.21.15.155:6801/2821498015] conn(0x7f8e38036640 0x7f8e38038af0 unknown :-1 s=CLOSED pgs=10 cs=0 l=1 rev1=1 crypto rx=0 tx=0 comp rx=0 tx=0).stop
2023-12-16T05:50:34.454 INFO:teuthology.orchestra.run.smithi155.stdout:/usr/bin/ceph: stderr
2023-12-16T05:50:34.084+0000 7f8e4eab5700 1 --2- 172.21.15.155:0/3846746080 >> [v2:172.21.15.155:3300/0,v1:172.21.15.155:6789/0] conn(0x7f8e48070fc0 0x7f8e481111c0 unknown :-1 s=CLOSED pgs=87 cs=0 l=1 rev1=1 crypto rx=0 tx=0 comp rx=0 tx=0).stop
2023-12-16T05:50:34.454 INFO:teuthology.orchestra.run.smithi155.stdout:/usr/bin/ceph: stderr
2023-12-16T05:50:34.084+0000 7f8e4eab5700 1 -- 172.21.15.155:0/3846746080 >> 172.21.15.155:0/3846746080 conn(0x7f8e480fc970 msgr2=0x7f8e480fed70 unknown :-1 s=STATE_NONE l=0).mark_down
2023-12-16T05:50:34.454 INFO:teuthology.orchestra.run.smithi155.stdout:/usr/bin/ceph: stderr
2023-12-16T05:50:34.084+0000 7f8e4eab5700 1 -- 172.21.15.155:0/3846746080 shutdown_connections
2023-12-16T05:50:34.454 INFO:teuthology.orchestra.run.smithi155.stdout:/usr/bin/ceph: stderr
2023-12-16T05:50:34.084+0000 7f8e4eab5700 1 -- 172.21.15.155:0/3846746080 wait complete.
2023-12-16T05:50:35.467 INFO:teuthology.orchestra.run.smithi155.stdout:/usr/bin/ceph: stderr
2023-12-16T05:50:34.801+0000 7f5f321e1700 1 Processor -- start
2023-12-16T05:50:35.467 INFO:teuthology.orchestra.run.smithi155.stdout:/usr/bin/ceph: stderr
2023-12-16T05:50:34.802+0000 7f5f321e1700 1 -- start start
2023-12-16T05:50:35.467 INFO:teuthology.orchestra.run.smithi155.stdout:/usr/bin/ceph: stderr
2023-12-16T05:50:34.802+0000 7f5f321e1700 1 --2- >> [v2:172.21.15.155:3300/0,v1:172.21.15.155:6789/0] conn(0x7f5f2c070fc0 0x7f5f2c104ee0 unknown :-1 s=NONE pgs=0 cs=0 l=0 rev1=0 crypto rx=0 tx=0 comp rx=0 tx=0).connect
2023-12-16T05:50:35.467 INFO:teuthology.orchestra.run.smithi155.stdout:/usr/bin/ceph: stderr
2023-12-16T05:50:34.802+0000 7f5f321e1700 1 -- --> [v2:172.21.15.155:3300/0,v1:172.21.15.155:6789/0] -- mon_getmap magic: 0 v1 -- 0x7f5f2c105420 con 0x7f5f2c070fc0
2023-12-16T05:50:35.467 INFO:teuthology.orchestra.run.smithi155.stdout:/usr/bin/ceph: stderr
2023-12-16T05:50:34.802+0000 7f5f2b7fe700 1 --2- >> [v2:172.21.15.155:3300/0,v1:172.21.15.155:6789/0] conn(0x7f5f2c070fc0 0x7f5f2c104ee0 unknown :-1 s=BANNER_CONNECTING pgs=0 cs=0 l=0 rev1=0 crypto rx=0 tx=0 comp rx=0 tx=0)._handle_peer_banner_payload supported=3 required=0
2023-12-16T05:50:35.467 INFO:teuthology.orchestra.run.smithi155.stdout:/usr/bin/ceph: stderr
2023-12-16T05:50:34.802+0000 7f5f2b7fe700 1 --2- >> [v2:172.21.15.155:3300/0,v1:172.21.15.155:6789/0] conn(0x7f5f2c070fc0 0x7f5f2c104ee0 unknown :-1 s=HELLO_CONNECTING pgs=0 cs=0 l=0 rev1=1 crypto rx=0 tx=0 comp rx=0 tx=0).handle_hello peer v2:172.21.15.155:3300/0 says I am v2:172.21.15.155:54364/0 (socket says 172.21.15.155:54364)
2023-12-16T05:50:35.468 INFO:teuthology.orchestra.run.smithi155.stdout:/usr/bin/ceph: stderr
2023-12-16T05:50:34.802+0000 7f5f2b7fe700 1 -- 172.21.15.155:0/4005860819 learned_addr learned my addr 172.21.15.155:0/4005860819 (peer_addr_for_me v2:172.21.15.155:0/0)
2023-12-16T05:50:35.468 INFO:teuthology.orchestra.run.smithi155.stdout:/usr/bin/ceph: stderr
2023-12-16T05:50:34.802+0000 7f5f2b7fe700 1 -- 172.21.15.155:0/4005860819 --> [v2:172.21.15.155:3300/0,v1:172.21.15.155:6789/0] -- mon_subscribe({config=0+,monmap=0+}) v3 -- 0x7f5f2c105560 con 0x7f5f2c070fc0
2023-12-16T05:50:35.468 INFO:teuthology.orchestra.run.smithi155.stdout:/usr/bin/ceph: stderr
2023-12-16T05:50:34.802+0000 7f5f2b7fe700 1 --2- 172.21.15.155:0/4005860819 >> [v2:172.21.15.155:3300/0,v1:172.21.15.155:6789/0] conn(0x7f5f2c070fc0 0x7f5f2c104ee0 secure :-1 s=READY pgs=88 cs=0 l=1 rev1=1 crypto rx=0x7f5f200098e0 tx=0x7f5f20009250 comp rx=0 tx=0).ready entity=mon.0 client_cookie=d4fa165d89bfba7a server_cookie=0 in_seq=0 out_seq=0
2023-12-16T05:50:35.468 INFO:teuthology.orchestra.run.smithi155.stdout:/usr/bin/ceph: stderr
2023-12-16T05:50:34.802+0000 7f5f2a7fc700 1 -- 172.21.15.155:0/4005860819 <== mon.0 v2:172.21.15.155:3300/0 1 ==== mon_map magic: 0 v1 ==== 229+0+0 (secure 0 0 0) 0x7f5f2000b860 con 0x7f5f2c070fc0
2023-12-16T05:50:35.468 INFO:teuthology.orchestra.run.smithi155.stdout:/usr/bin/ceph: stderr
2023-12-16T05:50:34.802+0000 7f5f2a7fc700 1 -- 172.21.15.155:0/4005860819 <== mon.0 v2:172.21.15.155:3300/0 2 ==== config(26 keys) v1 ==== 1074+0+0 (secure 0 0 0) 0x7f5f2000be70 con 0x7f5f2c070fc0
2023-12-16T05:50:35.468 INFO:teuthology.orchestra.run.smithi155.stdout:/usr/bin/ceph: stderr
2023-12-16T05:50:34.802+0000 7f5f2a7fc700 1 -- 172.21.15.155:0/4005860819 <== mon.0 v2:172.21.15.155:3300/0 3 ==== mon_map magic: 0 v1 ==== 229+0+0 (secure 0 0 0) 0x7f5f20010380 con 0x7f5f2c070fc0
2023-12-16T05:50:35.468 INFO:teuthology.orchestra.run.smithi155.stdout:/usr/bin/ceph: stderr
2023-12-16T05:50:34.803+0000 7f5f321e1700 1 -- 172.21.15.155:0/4005860819 >> [v2:172.21.15.155:3300/0,v1:172.21.15.155:6789/0] conn(0x7f5f2c070fc0 msgr2=0x7f5f2c104ee0 secure :-1 s=STATE_CONNECTION_ESTABLISHED l=1).mark_down
2023-12-16T05:50:35.468 INFO:teuthology.orchestra.run.smithi155.stdout:/usr/bin/ceph: stderr
2023-12-16T05:50:34.803+0000 7f5f321e1700 1 --2- 172.21.15.155:0/4005860819 >> [v2:172.21.15.155:3300/0,v1:172.21.15.155:6789/0] conn(0x7f5f2c070fc0 0x7f5f2c104ee0 secure :-1 s=READY pgs=88 cs=0 l=1 rev1=1 crypto rx=0x7f5f200098e0 tx=0x7f5f20009250 comp rx=0 tx=0).stop
2023-12-16T05:50:35.468 INFO:teuthology.orchestra.run.smithi155.stdout:/usr/bin/ceph: stderr
2023-12-16T05:50:34.803+0000 7f5f321e1700 1 -- 172.21.15.155:0/4005860819 shutdown_connections
2023-12-16T05:50:35.468 INFO:teuthology.orchestra.run.smithi155.stdout:/usr/bin/ceph: stderr
2023-12-16T05:50:34.803+0000 7f5f321e1700 1 --2- 172.21.15.155:0/4005860819 >> [v2:172.21.15.155:3300/0,v1:172.21.15.155:6789/0] conn(0x7f5f2c070fc0 0x7f5f2c104ee0 unknown :-1 s=CLOSED pgs=88 cs=0 l=1 rev1=1 crypto rx=0 tx=0 comp rx=0 tx=0).stop
2023-12-16T05:50:35.468 INFO:teuthology.orchestra.run.smithi155.stdout:/usr/bin/ceph: stderr
2023-12-16T05:50:34.803+0000 7f5f321e1700 1 -- 172.21.15.155:0/4005860819 >> 172.21.15.155:0/4005860819 conn(0x7f5f2c0fc970 msgr2=0x7f5f2c0fed80 unknown :-1 s=STATE_NONE l=0).mark_down
2023-12-16T05:50:35.468 INFO:teuthology.orchestra.run.smithi155.stdout:/usr/bin/ceph: stderr
2023-12-16T05:50:34.803+0000 7f5f321e1700 1 -- 172.21.15.155:0/4005860819 shutdown_connections
2023-12-16T05:50:35.468 INFO:teuthology.orchestra.run.smithi155.stdout:/usr/bin/ceph: stderr
2023-12-16T05:50:34.803+0000 7f5f321e1700 1 -- 172.21.15.155:0/4005860819 wait complete.
2023-12-16T05:50:35.468 INFO:teuthology.orchestra.run.smithi155.stdout:/usr/bin/ceph: stderr
2023-12-16T05:50:34.804+0000 7f5f321e1700 1 Processor -- start
2023-12-16T05:50:35.468 INFO:teuthology.orchestra.run.smithi155.stdout:/usr/bin/ceph: stderr
2023-12-16T05:50:34.804+0000 7f5f321e1700 1 -- start start
2023-12-16T05:50:35.468 INFO:teuthology.orchestra.run.smithi155.stdout:/usr/bin/ceph: stderr
2023-12-16T05:50:34.804+0000 7f5f321e1700 1 --2- >> [v2:172.21.15.155:3300/0,v1:172.21.15.155:6789/0] conn(0x7f5f2c070fc0 0x7f5f2c1111c0 unknown :-1 s=NONE pgs=0 cs=0 l=1 rev1=0 crypto rx=0 tx=0 comp rx=0 tx=0).connect
2023-12-16T05:50:35.469 INFO:teuthology.orchestra.run.smithi155.stdout:/usr/bin/ceph: stderr
2023-12-16T05:50:34.804+0000 7f5f321e1700 1 -- --> [v2:172.21.15.155:3300/0,v1:172.21.15.155:6789/0] -- mon_getmap magic: 0 v1 -- 0x7f5f2c111700 con 0x7f5f2c070fc0
2023-12-16T05:50:35.469 INFO:teuthology.orchestra.run.smithi155.stdout:/usr/bin/ceph: stderr
2023-12-16T05:50:34.804+0000 7f5f2b7fe700 1 --2- >> [v2:172.21.15.155:3300/0,v1:172.21.15.155:6789/0] conn(0x7f5f2c070fc0 0x7f5f2c1111c0 unknown :-1 s=BANNER_CONNECTING pgs=0 cs=0 l=1 rev1=0 crypto rx=0 tx=0 comp rx=0 tx=0)._handle_peer_banner_payload supported=3 required=0
2023-12-16T05:50:35.469 INFO:teuthology.orchestra.run.smithi155.stdout:/usr/bin/ceph: stderr
2023-12-16T05:50:34.804+0000 7f5f2b7fe700 1 --2- >> [v2:172.21.15.155:3300/0,v1:172.21.15.155:6789/0] conn(0x7f5f2c070fc0 0x7f5f2c1111c0 unknown :-1 s=HELLO_CONNECTING pgs=0 cs=0 l=1 rev1=1 crypto rx=0 tx=0 comp rx=0 tx=0).handle_hello peer v2:172.21.15.155:3300/0 says I am v2:172.21.15.155:54370/0 (socket says 172.21.15.155:54370)
2023-12-16T05:50:35.469 INFO:teuthology.orchestra.run.smithi155.stdout:/usr/bin/ceph: stderr
2023-12-16T05:50:34.804+0000 7f5f2b7fe700 1 -- 172.21.15.155:0/184228797 learned_addr learned my addr 172.21.15.155:0/184228797 (peer_addr_for_me v2:172.21.15.155:0/0)
2023-12-16T05:50:35.469 INFO:teuthology.orchestra.run.smithi155.stdout:/usr/bin/ceph: stderr
2023-12-16T05:50:34.805+0000 7f5f2b7fe700 1 -- 172.21.15.155:0/184228797 --> [v2:172.21.15.155:3300/0,v1:172.21.15.155:6789/0] -- mon_subscribe({config=0+,monmap=0+}) v3 -- 0x7f5f200094f0 con 0x7f5f2c070fc0
2023-12-16T05:50:35.469 INFO:teuthology.orchestra.run.smithi155.stdout:/usr/bin/ceph: stderr
2023-12-16T05:50:34.805+0000 7f5f2b7fe700 1 --2- 172.21.15.155:0/184228797 >> [v2:172.21.15.155:3300/0,v1:172.21.15.155:6789/0] conn(0x7f5f2c070fc0 0x7f5f2c1111c0 secure :-1 s=READY pgs=89 cs=0 l=1 rev1=1 crypto rx=0x7f5f200094c0 tx=0x7f5f20009250 comp rx=0 tx=0).ready entity=mon.0 client_cookie=0 server_cookie=0 in_seq=0 out_seq=0
2023-12-16T05:50:35.469 INFO:teuthology.orchestra.run.smithi155.stdout:/usr/bin/ceph: stderr
2023-12-16T05:50:34.805+0000 7f5f13fff700 1 -- 172.21.15.155:0/184228797 <== mon.0 v2:172.21.15.155:3300/0 1 ==== mon_map magic: 0 v1 ==== 229+0+0 (secure 0 0 0) 0x7f5f20010850 con 0x7f5f2c070fc0
2023-12-16T05:50:35.469 INFO:teuthology.orchestra.run.smithi155.stdout:/usr/bin/ceph: stderr
2023-12-16T05:50:34.805+0000 7f5f321e1700 1 -- 172.21.15.155:0/184228797 --> [v2:172.21.15.155:3300/0,v1:172.21.15.155:6789/0] -- mon_subscribe({mgrmap=0+}) v3 -- 0x7f5f2c111900 con 0x7f5f2c070fc0
2023-12-16T05:50:35.469 INFO:teuthology.orchestra.run.smithi155.stdout:/usr/bin/ceph: stderr
2023-12-16T05:50:34.805+0000 7f5f13fff700 1 -- 172.21.15.155:0/184228797 <== mon.0 v2:172.21.15.155:3300/0 2 ==== config(26 keys) v1 ==== 1074+0+0 (secure 0 0 0) 0x7f5f20010e60 con 0x7f5f2c070fc0
2023-12-16T05:50:35.469 INFO:teuthology.orchestra.run.smithi155.stdout:/usr/bin/ceph: stderr
2023-12-16T05:50:34.805+0000 7f5f13fff700 1 -- 172.21.15.155:0/184228797 <== mon.0 v2:172.21.15.155:3300/0 3 ==== mon_map magic: 0 v1 ==== 229+0+0 (secure 0 0 0) 0x7f5f2001a430 con 0x7f5f2c070fc0
2023-12-16T05:50:35.469 INFO:teuthology.orchestra.run.smithi155.stdout:/usr/bin/ceph: stderr
2023-12-16T05:50:34.805+0000 7f5f321e1700 1 -- 172.21.15.155:0/184228797 --> [v2:172.21.15.155:3300/0,v1:172.21.15.155:6789/0] -- mon_subscribe({osdmap=0}) v3 -- 0x7f5f2c111d10 con 0x7f5f2c070fc0
2023-12-16T05:50:35.469 INFO:teuthology.orchestra.run.smithi155.stdout:/usr/bin/ceph: stderr
2023-12-16T05:50:34.806+0000 7f5f13fff700 1 -- 172.21.15.155:0/184228797 <== mon.0 v2:172.21.15.155:3300/0 4 ==== mgrmap(e 13) v1 ==== 43338+0+0 (secure 0 0 0) 0x7f5f2001a6b0 con 0x7f5f2c070fc0
2023-12-16T05:50:35.469 INFO:teuthology.orchestra.run.smithi155.stdout:/usr/bin/ceph: stderr
2023-12-16T05:50:34.806+0000 7f5f321e1700 1 -- 172.21.15.155:0/184228797 --> [v2:172.21.15.155:3300/0,v1:172.21.15.155:6789/0] -- mon_command({"prefix": "get_command_descriptions"} v 0) v1 -- 0x7f5f2c04bb80 con 0x7f5f2c070fc0
2023-12-16T05:50:35.469 INFO:teuthology.orchestra.run.smithi155.stdout:/usr/bin/ceph: stderr
2023-12-16T05:50:34.806+0000 7f5f13fff700 1 --2- 172.21.15.155:0/184228797 >> [v2:172.21.15.155:6800/2821498015,v1:172.21.15.155:6801/2821498015] conn(0x7f5f140366e0 0x7f5f14038b90 unknown :-1 s=NONE pgs=0 cs=0 l=1 rev1=0 crypto rx=0 tx=0 comp rx=0 tx=0).connect
2023-12-16T05:50:35.470 INFO:teuthology.orchestra.run.smithi155.stdout:/usr/bin/ceph: stderr
2023-12-16T05:50:34.806+0000 7f5f13fff700 1 -- 172.21.15.155:0/184228797 <== mon.0 v2:172.21.15.155:3300/0 5 ==== osd_map(3..3 src has 1..3) v4 ==== 1151+0+0 (secure 0 0 0) 0x7f5f2004a790 con 0x7f5f2c070fc0
2023-12-16T05:50:35.470 INFO:teuthology.orchestra.run.smithi155.stdout:/usr/bin/ceph: stderr
2023-12-16T05:50:34.806+0000 7f5f2affd700 1 --2- 172.21.15.155:0/184228797 >> [v2:172.21.15.155:6800/2821498015,v1:172.21.15.155:6801/2821498015] conn(0x7f5f140366e0 0x7f5f14038b90 unknown :-1 s=BANNER_CONNECTING pgs=0 cs=0 l=1 rev1=0 crypto rx=0 tx=0 comp rx=0 tx=0)._handle_peer_banner_payload supported=3 required=0
2023-12-16T05:50:35.470 INFO:teuthology.orchestra.run.smithi155.stdout:/usr/bin/ceph: stderr
2023-12-16T05:50:34.807+0000 7f5f2affd700 1 --2- 172.21.15.155:0/184228797 >> [v2:172.21.15.155:6800/2821498015,v1:172.21.15.155:6801/2821498015] conn(0x7f5f140366e0 0x7f5f14038b90 secure :-1 s=READY pgs=11 cs=0 l=1 rev1=1 crypto rx=0x7f5f1c009990 tx=0x7f5f1c006e40 comp rx=0 tx=0).ready entity=mgr.14162 client_cookie=0 server_cookie=0 in_seq=0 out_seq=0
2023-12-16T05:50:35.470 INFO:teuthology.orchestra.run.smithi155.stdout:/usr/bin/ceph: stderr
2023-12-16T05:50:34.811+0000 7f5f13fff700 1 -- 172.21.15.155:0/184228797 <== mon.0 v2:172.21.15.155:3300/0 6 ==== mon_command_ack([{"prefix": "get_command_descriptions"}]=0 v0) v1 ==== 72+0+174570 (secure 0 0 0) 0x7f5f2002d910 con 0x7f5f2c070fc0
2023-12-16T05:50:35.470 INFO:teuthology.orchestra.run.smithi155.stdout:/usr/bin/ceph: stderr
2023-12-16T05:50:35.101+0000 7f5f321e1700 1 -- 172.21.15.155:0/184228797 --> [v2:172.21.15.155:3300/0,v1:172.21.15.155:6789/0] -- mon_command([{prefix=config-key set, key=mgr/dashboard/cluster/status}] v 0) v1 -- 0x7f5f2c1062e0 con 0x7f5f2c070fc0
2023-12-16T05:50:35.470 INFO:teuthology.orchestra.run.smithi155.stdout:/usr/bin/ceph: stderr
2023-12-16T05:50:35.103+0000 7f5f13fff700 1 -- 172.21.15.155:0/184228797 <== mon.0 v2:172.21.15.155:3300/0 7 ==== mon_command_ack([{prefix=config-key set, key=mgr/dashboard/cluster/status}]=0 set mgr/dashboard/cluster/status v33)=0 set mgr/dashboard/cluster/status v33) v1 ==== 153+0+0 (secure 0 0 0) 0x7f5f20018350 con 0x7f5f2c070fc0
2023-12-16T05:50:35.470 INFO:teuthology.orchestra.run.smithi155.stdout:/usr/bin/ceph: stderr
2023-12-16T05:50:35.105+0000 7f5f321e1700 1 -- 172.21.15.155:0/184228797 >> [v2:172.21.15.155:6800/2821498015,v1:172.21.15.155:6801/2821498015] conn(0x7f5f140366e0 msgr2=0x7f5f14038b90 secure :-1 s=STATE_CONNECTION_ESTABLISHED l=1).mark_down
2023-12-16T05:50:35.470 INFO:teuthology.orchestra.run.smithi155.stdout:/usr/bin/ceph: stderr
2023-12-16T05:50:35.105+0000 7f5f321e1700 1 --2- 172.21.15.155:0/184228797 >> [v2:172.21.15.155:6800/2821498015,v1:172.21.15.155:6801/2821498015] conn(0x7f5f140366e0 0x7f5f14038b90 secure :-1 s=READY pgs=11 cs=0 l=1 rev1=1 crypto rx=0x7f5f1c009990 tx=0x7f5f1c006e40 comp rx=0 tx=0).stop
2023-12-16T05:50:35.470 INFO:teuthology.orchestra.run.smithi155.stdout:/usr/bin/ceph: stderr
2023-12-16T05:50:35.105+0000 7f5f321e1700 1 -- 172.21.15.155:0/184228797 >> [v2:172.21.15.155:3300/0,v1:172.21.15.155:6789/0] conn(0x7f5f2c070fc0 msgr2=0x7f5f2c1111c0 secure :-1 s=STATE_CONNECTION_ESTABLISHED l=1).mark_down
2023-12-16T05:50:35.470 INFO:teuthology.orchestra.run.smithi155.stdout:/usr/bin/ceph: stderr
2023-12-16T05:50:35.105+0000 7f5f321e1700 1 --2- 172.21.15.155:0/184228797 >> [v2:172.21.15.155:3300/0,v1:172.21.15.155:6789/0] conn(0x7f5f2c070fc0 0x7f5f2c1111c0 secure :-1 s=READY pgs=89 cs=0 l=1 rev1=1 crypto rx=0x7f5f200094c0 tx=0x7f5f20009250 comp rx=0 tx=0).stop
2023-12-16T05:50:35.470 INFO:teuthology.orchestra.run.smithi155.stdout:/usr/bin/ceph: stderr
2023-12-16T05:50:35.105+0000 7f5f321e1700 1 -- 172.21.15.155:0/184228797 shutdown_connections
2023-12-16T05:50:35.470 INFO:teuthology.orchestra.run.smithi155.stdout:/usr/bin/ceph: stderr
2023-12-16T05:50:35.106+0000 7f5f321e1700 1 --2- 172.21.15.155:0/184228797 >> [v2:172.21.15.155:6800/2821498015,v1:172.21.15.155:6801/2821498015] conn(0x7f5f140366e0 0x7f5f14038b90 unknown :-1 s=CLOSED pgs=11 cs=0 l=1 rev1=1 crypto rx=0 tx=0 comp rx=0 tx=0).stop
2023-12-16T05:50:35.471 INFO:teuthology.orchestra.run.smithi155.stdout:/usr/bin/ceph: stderr
2023-12-16T05:50:35.106+0000 7f5f321e1700 1 --2- 172.21.15.155:0/184228797 >> [v2:172.21.15.155:3300/0,v1:172.21.15.155:6789/0] conn(0x7f5f2c070fc0 0x7f5f2c1111c0 unknown :-1 s=CLOSED pgs=89 cs=0 l=1 rev1=1 crypto rx=0 tx=0 comp rx=0 tx=0).stop
2023-12-16T05:50:35.471 INFO:teuthology.orchestra.run.smithi155.stdout:/usr/bin/ceph: stderr
2023-12-16T05:50:35.106+0000 7f5f321e1700 1 -- 172.21.15.155:0/184228797 >> 172.21.15.155:0/184228797 conn(0x7f5f2c0fc970 msgr2=0x7f5f2c0fed70 unknown :-1 s=STATE_NONE l=0).mark_down
2023-12-16T05:50:35.471 INFO:teuthology.orchestra.run.smithi155.stdout:/usr/bin/ceph: stderr
2023-12-16T05:50:35.106+0000 7f5f321e1700 1 -- 172.21.15.155:0/184228797 shutdown_connections
2023-12-16T05:50:35.471 INFO:teuthology.orchestra.run.smithi155.stdout:/usr/bin/ceph: stderr
2023-12-16T05:50:35.106+0000 7f5f321e1700 1 -- 172.21.15.155:0/184228797 wait complete.
2023-12-16T05:50:35.471 INFO:teuthology.orchestra.run.smithi155.stdout:/usr/bin/ceph: stderr set mgr/dashboard/cluster/status
2023-12-16T05:50:35.471 INFO:teuthology.orchestra.run.smithi155.stdout:You can access the Ceph CLI as following in case of multi-cluster or non-default config:
2023-12-16T05:50:35.471 INFO:teuthology.orchestra.run.smithi155.stdout:
2023-12-16T05:50:35.471 INFO:teuthology.orchestra.run.smithi155.stdout: sudo /home/ubuntu/cephtest/cephadm shell --fsid d344784e-9bd6-11ee-95a5-87774f69a715 -c /etc/ceph/ceph.conf -k /etc/ceph/ceph.client.admin.keyring
2023-12-16T05:50:35.471 INFO:teuthology.orchestra.run.smithi155.stdout:
2023-12-16T05:50:35.471 INFO:teuthology.orchestra.run.smithi155.stdout:Or, if you are only running a single cluster on this host:
2023-12-16T05:50:35.471 INFO:teuthology.orchestra.run.smithi155.stdout:
2023-12-16T05:50:35.471 INFO:teuthology.orchestra.run.smithi155.stdout: sudo /home/ubuntu/cephtest/cephadm shell
2023-12-16T05:50:35.471 INFO:teuthology.orchestra.run.smithi155.stdout:
2023-12-16T05:50:35.471 INFO:teuthology.orchestra.run.smithi155.stdout:Please consider enabling telemetry to help improve Ceph:
2023-12-16T05:50:35.471 INFO:teuthology.orchestra.run.smithi155.stdout:
2023-12-16T05:50:35.472 INFO:teuthology.orchestra.run.smithi155.stdout: ceph telemetry on
2023-12-16T05:50:35.472 INFO:teuthology.orchestra.run.smithi155.stdout:
2023-12-16T05:50:35.472 INFO:teuthology.orchestra.run.smithi155.stdout:For more information see:
2023-12-16T05:50:35.472 INFO:teuthology.orchestra.run.smithi155.stdout:
2023-12-16T05:50:35.472 INFO:teuthology.orchestra.run.smithi155.stdout: https://docs.ceph.com/docs/master/mgr/telemetry/
2023-12-16T05:50:35.472 INFO:teuthology.orchestra.run.smithi155.stdout:
2023-12-16T05:50:35.472 INFO:teuthology.orchestra.run.smithi155.stdout:Bootstrap complete.
2023-12-16T05:50:35.483 INFO:journalctl@ceph.mon.smithi155.smithi155.stdout:Dec 16 05:50:35 smithi155 ceph-mon[112451]: mgrmap e13: smithi155.maowdn(active, since 6s)
2023-12-16T05:50:35.483 INFO:journalctl@ceph.mon.smithi155.smithi155.stdout:Dec 16 05:50:35 smithi155 ceph-mon[112451]: from='client.? 172.21.15.155:0/184228797' entity='client.admin'
2023-12-16T05:50:35.498 INFO:tasks.cephadm:Fetching config...
2023-12-16T05:50:35.498 DEBUG:teuthology.orchestra.run.smithi155:> set -ex
2023-12-16T05:50:35.499 DEBUG:teuthology.orchestra.run.smithi155:> dd if=/etc/ceph/ceph.conf of=/dev/stdout
2023-12-16T05:50:35.558 INFO:tasks.cephadm:Fetching client.admin keyring...
2023-12-16T05:50:35.558 DEBUG:teuthology.orchestra.run.smithi155:> set -ex
2023-12-16T05:50:35.558 DEBUG:teuthology.orchestra.run.smithi155:> dd if=/etc/ceph/ceph.client.admin.keyring of=/dev/stdout
2023-12-16T05:50:35.616 INFO:tasks.cephadm:Fetching mon keyring...
2023-12-16T05:50:35.616 DEBUG:teuthology.orchestra.run.smithi155:> set -ex
2023-12-16T05:50:35.617 DEBUG:teuthology.orchestra.run.smithi155:> sudo dd if=/var/lib/ceph/d344784e-9bd6-11ee-95a5-87774f69a715/mon.smithi155/keyring of=/dev/stdout
2023-12-16T05:50:35.687 INFO:tasks.cephadm:Fetching pub ssh key...
2023-12-16T05:50:35.687 DEBUG:teuthology.orchestra.run.smithi155:> set -ex
2023-12-16T05:50:35.687 DEBUG:teuthology.orchestra.run.smithi155:> dd if=/home/ubuntu/cephtest/ceph.pub of=/dev/stdout
2023-12-16T05:50:35.745 INFO:tasks.cephadm:Installing pub ssh key for root users...
2023-12-16T05:50:35.745 DEBUG:teuthology.orchestra.run.smithi155:> sudo install -d -m 0700 /root/.ssh && echo 'ssh-rsa AAAAB3NzaC1yc2EAAAADAQABAAABgQDcH2J/kv8sU2FVaZgiDx6Fu5zPKSXDdxA+sjzppale/9ONXDSn3YROr7+GykSIDgQtV/kxQk39kpZMUq5+SVx3aovR63PHct5AwoDgfI1PFB5UXa3epLlhckJuW0KPHUh8VD74YIjxgS3cF7vv1vZb+yNf7/d1XdSvzd5WHQYoNWcfqeZJ7Wvu4B/jN9qddAmADQcqhBS8ndz/QE3kSsTjC7W3i7iwuRXAUxbjglS6woMmjneTeT5LaoGtvbShj41cc4Olip603nR8PQuRdVI29w+hu5ibs9Wh2OyGGkwiUWpFEg1XSr/6AG2nFifUPfCQzkZJ2glv6d+mE/ycZTeQurz2hQ+QxHwczJxY35pKsA0RfgLPID+4xqY+qFexZ9S4qHR5wt/vJ51AD9giIP0mzlAeXBz/cExkTT2Gqub97+0xbBEiv0wggFNK9vXZAut13xBDs0wvqFJeqGfUqHu2pR4NLZaWH+KYIkH5ASgvez6vtqmpmKlcbFrUbop8KzM= ceph-d344784e-9bd6-11ee-95a5-87774f69a715' | sudo tee -a /root/.ssh/authorized_keys && sudo chmod 0600 /root/.ssh/authorized_keys
2023-12-16T05:50:35.822 INFO:teuthology.orchestra.run.smithi155.stdout:ssh-rsa AAAAB3NzaC1yc2EAAAADAQABAAABgQDcH2J/kv8sU2FVaZgiDx6Fu5zPKSXDdxA+sjzppale/9ONXDSn3YROr7+GykSIDgQtV/kxQk39kpZMUq5+SVx3aovR63PHct5AwoDgfI1PFB5UXa3epLlhckJuW0KPHUh8VD74YIjxgS3cF7vv1vZb+yNf7/d1XdSvzd5WHQYoNWcfqeZJ7Wvu4B/jN9qddAmADQcqhBS8ndz/QE3kSsTjC7W3i7iwuRXAUxbjglS6woMmjneTeT5LaoGtvbShj41cc4Olip603nR8PQuRdVI29w+hu5ibs9Wh2OyGGkwiUWpFEg1XSr/6AG2nFifUPfCQzkZJ2glv6d+mE/ycZTeQurz2hQ+QxHwczJxY35pKsA0RfgLPID+4xqY+qFexZ9S4qHR5wt/vJ51AD9giIP0mzlAeXBz/cExkTT2Gqub97+0xbBEiv0wggFNK9vXZAut13xBDs0wvqFJeqGfUqHu2pR4NLZaWH+KYIkH5ASgvez6vtqmpmKlcbFrUbop8KzM= ceph-d344784e-9bd6-11ee-95a5-87774f69a715
2023-12-16T05:50:35.833 DEBUG:teuthology.orchestra.run.smithi156:> sudo install -d -m 0700 /root/.ssh && echo 'ssh-rsa AAAAB3NzaC1yc2EAAAADAQABAAABgQDcH2J/kv8sU2FVaZgiDx6Fu5zPKSXDdxA+sjzppale/9ONXDSn3YROr7+GykSIDgQtV/kxQk39kpZMUq5+SVx3aovR63PHct5AwoDgfI1PFB5UXa3epLlhckJuW0KPHUh8VD74YIjxgS3cF7vv1vZb+yNf7/d1XdSvzd5WHQYoNWcfqeZJ7Wvu4B/jN9qddAmADQcqhBS8ndz/QE3kSsTjC7W3i7iwuRXAUxbjglS6woMmjneTeT5LaoGtvbShj41cc4Olip603nR8PQuRdVI29w+hu5ibs9Wh2OyGGkwiUWpFEg1XSr/6AG2nFifUPfCQzkZJ2glv6d+mE/ycZTeQurz2hQ+QxHwczJxY35pKsA0RfgLPID+4xqY+qFexZ9S4qHR5wt/vJ51AD9giIP0mzlAeXBz/cExkTT2Gqub97+0xbBEiv0wggFNK9vXZAut13xBDs0wvqFJeqGfUqHu2pR4NLZaWH+KYIkH5ASgvez6vtqmpmKlcbFrUbop8KzM= ceph-d344784e-9bd6-11ee-95a5-87774f69a715' | sudo tee -a /root/.ssh/authorized_keys && sudo chmod 0600 /root/.ssh/authorized_keys
2023-12-16T05:50:35.883 INFO:teuthology.orchestra.run.smithi156.stdout:ssh-rsa AAAAB3NzaC1yc2EAAAADAQABAAABgQDcH2J/kv8sU2FVaZgiDx6Fu5zPKSXDdxA+sjzppale/9ONXDSn3YROr7+GykSIDgQtV/kxQk39kpZMUq5+SVx3aovR63PHct5AwoDgfI1PFB5UXa3epLlhckJuW0KPHUh8VD74YIjxgS3cF7vv1vZb+yNf7/d1XdSvzd5WHQYoNWcfqeZJ7Wvu4B/jN9qddAmADQcqhBS8ndz/QE3kSsTjC7W3i7iwuRXAUxbjglS6woMmjneTeT5LaoGtvbShj41cc4Olip603nR8PQuRdVI29w+hu5ibs9Wh2OyGGkwiUWpFEg1XSr/6AG2nFifUPfCQzkZJ2glv6d+mE/ycZTeQurz2hQ+QxHwczJxY35pKsA0RfgLPID+4xqY+qFexZ9S4qHR5wt/vJ51AD9giIP0mzlAeXBz/cExkTT2Gqub97+0xbBEiv0wggFNK9vXZAut13xBDs0wvqFJeqGfUqHu2pR4NLZaWH+KYIkH5ASgvez6vtqmpmKlcbFrUbop8KzM= ceph-d344784e-9bd6-11ee-95a5-87774f69a715
2023-12-16T05:50:35.895 DEBUG:teuthology.orchestra.run.smithi155:> sudo /home/ubuntu/cephtest/cephadm --image quay.ceph.io/ceph-ci/ceph:quincy shell -c /etc/ceph/ceph.conf -k /etc/ceph/ceph.client.admin.keyring --fsid d344784e-9bd6-11ee-95a5-87774f69a715 -- ceph config set mgr mgr/cephadm/allow_ptrace true
2023-12-16T05:50:36.158 INFO:teuthology.orchestra.run.smithi155.stderr:Inferring config /var/lib/ceph/d344784e-9bd6-11ee-95a5-87774f69a715/mon.smithi155/config
2023-12-16T05:50:37.801 INFO:teuthology.orchestra.run.smithi155.stderr:2023-12-16T05:50:37.775+0000 7f59c0023700 1 -- 172.21.15.155:0/3721331804 >> [v2:172.21.15.155:3300/0,v1:172.21.15.155:6789/0] conn(0x7f59b80fd3c0 msgr2=0x7f59b80ff7a0 secure :-1 s=STATE_CONNECTION_ESTABLISHED l=1).mark_down
2023-12-16T05:50:37.801 INFO:teuthology.orchestra.run.smithi155.stderr:2023-12-16T05:50:37.775+0000 7f59c0023700 1 --2- 172.21.15.155:0/3721331804 >> [v2:172.21.15.155:3300/0,v1:172.21.15.155:6789/0] conn(0x7f59b80fd3c0 0x7f59b80ff7a0 secure :-1 s=READY pgs=90 cs=0 l=1 rev1=1 crypto rx=0x7f59b40048c0 tx=0x7f59b4009e30 comp rx=0 tx=0).stop
2023-12-16T05:50:37.801 INFO:teuthology.orchestra.run.smithi155.stderr:2023-12-16T05:50:37.775+0000 7f59c0023700 1 -- 172.21.15.155:0/3721331804 shutdown_connections
2023-12-16T05:50:37.801 INFO:teuthology.orchestra.run.smithi155.stderr:2023-12-16T05:50:37.775+0000 7f59c0023700 1 --2- 172.21.15.155:0/3721331804 >> [v2:172.21.15.155:3300/0,v1:172.21.15.155:6789/0] conn(0x7f59b80fd3c0 0x7f59b80ff7a0 unknown :-1 s=CLOSED pgs=90 cs=0 l=1 rev1=1 crypto rx=0 tx=0 comp rx=0 tx=0).stop
2023-12-16T05:50:37.801 INFO:teuthology.orchestra.run.smithi155.stderr:2023-12-16T05:50:37.775+0000 7f59c0023700 1 -- 172.21.15.155:0/3721331804 >> 172.21.15.155:0/3721331804 conn(0x7f59b80f6e40 msgr2=0x7f59b80f9270 unknown :-1 s=STATE_NONE l=0).mark_down
2023-12-16T05:50:37.801 INFO:teuthology.orchestra.run.smithi155.stderr:2023-12-16T05:50:37.776+0000 7f59c0023700 1 -- 172.21.15.155:0/3721331804 shutdown_connections
2023-12-16T05:50:37.801 INFO:teuthology.orchestra.run.smithi155.stderr:2023-12-16T05:50:37.776+0000 7f59c0023700 1 -- 172.21.15.155:0/3721331804 wait complete.
2023-12-16T05:50:37.801 INFO:teuthology.orchestra.run.smithi155.stderr:2023-12-16T05:50:37.776+0000 7f59c0023700 1 Processor -- start
2023-12-16T05:50:37.802 INFO:teuthology.orchestra.run.smithi155.stderr:2023-12-16T05:50:37.776+0000 7f59c0023700 1 -- start start
2023-12-16T05:50:37.802 INFO:teuthology.orchestra.run.smithi155.stderr:2023-12-16T05:50:37.776+0000 7f59c0023700 1 --2- >> [v2:172.21.15.155:3300/0,v1:172.21.15.155:6789/0] conn(0x7f59b80fd3c0 0x7f59b810ca60 unknown :-1 s=NONE pgs=0 cs=0 l=1 rev1=0 crypto rx=0 tx=0 comp rx=0 tx=0).connect
2023-12-16T05:50:37.802 INFO:teuthology.orchestra.run.smithi155.stderr:2023-12-16T05:50:37.776+0000 7f59c0023700 1 -- --> [v2:172.21.15.155:3300/0,v1:172.21.15.155:6789/0] -- mon_getmap magic: 0 v1 -- 0x7f59b810cfa0 con 0x7f59b80fd3c0
2023-12-16T05:50:37.802 INFO:teuthology.orchestra.run.smithi155.stderr:2023-12-16T05:50:37.776+0000 7f59bddbf700 1 --2- >> [v2:172.21.15.155:3300/0,v1:172.21.15.155:6789/0] conn(0x7f59b80fd3c0 0x7f59b810ca60 unknown :-1 s=BANNER_CONNECTING pgs=0 cs=0 l=1 rev1=0 crypto rx=0 tx=0 comp rx=0 tx=0)._handle_peer_banner_payload supported=3 required=0
