2023-12-16T20:29:01.634+0000 7f6ef9e1c700 1 --2- 172.21.15.59:0/3852538116 >> [v2:172.21.15.59:6800/1997095785,v1:172.21.15.59:6801/1997095785] conn(0x7f6edc0365f0 0x7f6edc038aa0 secure :-1 s=READY pgs=21 cs=0 l=1 rev1=1 crypto rx=0x7f6ee8009990 tx=0x7f6ee8006e40 comp rx=0 tx=0).stop
2023-12-16T20:29:01.925 INFO:teuthology.orchestra.run.smithi059.stdout:/usr/bin/ceph: stderr
2023-12-16T20:29:01.634+0000 7f6ef9e1c700 1 -- 172.21.15.59:0/3852538116 >> [v2:172.21.15.59:3300/0,v1:172.21.15.59:6789/0] conn(0x7f6ef41039c0 msgr2=0x7f6ef4078d10 secure :-1 s=STATE_CONNECTION_ESTABLISHED l=1).mark_down
2023-12-16T20:29:01.925 INFO:teuthology.orchestra.run.smithi059.stdout:/usr/bin/ceph: stderr
2023-12-16T20:29:01.634+0000 7f6ef9e1c700 1 --2- 172.21.15.59:0/3852538116 >> [v2:172.21.15.59:3300/0,v1:172.21.15.59:6789/0] conn(0x7f6ef41039c0 0x7f6ef4078d10 secure :-1 s=READY pgs=66 cs=0 l=1 rev1=1 crypto rx=0x7f6ee4003080 tx=0x7f6ee4009250 comp rx=0 tx=0).stop
2023-12-16T20:29:01.925 INFO:teuthology.orchestra.run.smithi059.stdout:/usr/bin/ceph: stderr
2023-12-16T20:29:01.635+0000 7f6ef9e1c700 1 -- 172.21.15.59:0/3852538116 shutdown_connections
2023-12-16T20:29:01.925 INFO:teuthology.orchestra.run.smithi059.stdout:/usr/bin/ceph: stderr
2023-12-16T20:29:01.635+0000 7f6ef9e1c700 1 --2- 172.21.15.59:0/3852538116 >> [v2:172.21.15.59:6800/1997095785,v1:172.21.15.59:6801/1997095785] conn(0x7f6edc0365f0 0x7f6edc038aa0 unknown :-1 s=CLOSED pgs=21 cs=0 l=1 rev1=1 crypto rx=0 tx=0 comp rx=0 tx=0).stop
2023-12-16T20:29:01.925 INFO:teuthology.orchestra.run.smithi059.stdout:/usr/bin/ceph: stderr
2023-12-16T20:29:01.635+0000 7f6ef9e1c700 1 --2- 172.21.15.59:0/3852538116 >> [v2:172.21.15.59:3300/0,v1:172.21.15.59:6789/0] conn(0x7f6ef41039c0 0x7f6ef4078d10 unknown :-1 s=CLOSED pgs=66 cs=0 l=1 rev1=1 crypto rx=0 tx=0 comp rx=0 tx=0).stop
2023-12-16T20:29:01.925 INFO:teuthology.orchestra.run.smithi059.stdout:/usr/bin/ceph: stderr
2023-12-16T20:29:01.635+0000 7f6ef9e1c700 1 -- 172.21.15.59:0/3852538116 >> 172.21.15.59:0/3852538116 conn(0x7f6ef40fda40 msgr2=0x7f6ef40ff190 unknown :-1 s=STATE_NONE l=0).mark_down
2023-12-16T20:29:01.925 INFO:teuthology.orchestra.run.smithi059.stdout:/usr/bin/ceph: stderr
2023-12-16T20:29:01.635+0000 7f6ef9e1c700 1 -- 172.21.15.59:0/3852538116 shutdown_connections
2023-12-16T20:29:01.925 INFO:teuthology.orchestra.run.smithi059.stdout:/usr/bin/ceph: stderr
2023-12-16T20:29:01.635+0000 7f6ef9e1c700 1 -- 172.21.15.59:0/3852538116 wait complete.
2023-12-16T20:29:02.656 INFO:teuthology.orchestra.run.smithi059.stdout:/usr/bin/ceph: stdout {
2023-12-16T20:29:02.656 INFO:teuthology.orchestra.run.smithi059.stdout:/usr/bin/ceph: stdout "epoch": 9,
2023-12-16T20:29:02.656 INFO:teuthology.orchestra.run.smithi059.stdout:/usr/bin/ceph: stdout "available": true,
2023-12-16T20:29:02.656 INFO:teuthology.orchestra.run.smithi059.stdout:/usr/bin/ceph: stdout "active_name": "smithi059.bqtvcv",
2023-12-16T20:29:02.656 INFO:teuthology.orchestra.run.smithi059.stdout:/usr/bin/ceph: stdout "num_standby": 0
2023-12-16T20:29:02.656 INFO:teuthology.orchestra.run.smithi059.stdout:/usr/bin/ceph: stdout }
2023-12-16T20:29:02.656 INFO:teuthology.orchestra.run.smithi059.stdout:/usr/bin/ceph: stderr
2023-12-16T20:29:02.151+0000 7f870f90f700 1 Processor -- start
2023-12-16T20:29:02.656 INFO:teuthology.orchestra.run.smithi059.stdout:/usr/bin/ceph: stderr
2023-12-16T20:29:02.151+0000 7f870f90f700 1 -- start start
2023-12-16T20:29:02.656 INFO:teuthology.orchestra.run.smithi059.stdout:/usr/bin/ceph: stderr
2023-12-16T20:29:02.151+0000 7f870f90f700 1 --2- >> [v2:172.21.15.59:3300/0,v1:172.21.15.59:6789/0] conn(0x7f87081022b0 0x7f87081026c0 unknown :-1 s=NONE pgs=0 cs=0 l=0 rev1=0 crypto rx=0 tx=0 comp rx=0 tx=0).connect
2023-12-16T20:29:02.656 INFO:teuthology.orchestra.run.smithi059.stdout:/usr/bin/ceph: stderr
2023-12-16T20:29:02.151+0000 7f870f90f700 1 -- --> [v2:172.21.15.59:3300/0,v1:172.21.15.59:6789/0] -- mon_getmap magic: 0 v1 -- 0x7f8708102c00 con 0x7f87081022b0
2023-12-16T20:29:02.657 INFO:teuthology.orchestra.run.smithi059.stdout:/usr/bin/ceph: stderr
2023-12-16T20:29:02.151+0000 7f870d6ab700 1 --2- >> [v2:172.21.15.59:3300/0,v1:172.21.15.59:6789/0] conn(0x7f87081022b0 0x7f87081026c0 unknown :-1 s=BANNER_CONNECTING pgs=0 cs=0 l=0 rev1=0 crypto rx=0 tx=0 comp rx=0 tx=0)._handle_peer_banner_payload supported=3 required=0
2023-12-16T20:29:02.657 INFO:teuthology.orchestra.run.smithi059.stdout:/usr/bin/ceph: stderr
2023-12-16T20:29:02.151+0000 7f870d6ab700 1 --2- >> [v2:172.21.15.59:3300/0,v1:172.21.15.59:6789/0] conn(0x7f87081022b0 0x7f87081026c0 unknown :-1 s=HELLO_CONNECTING pgs=0 cs=0 l=0 rev1=1 crypto rx=0 tx=0 comp rx=0 tx=0).handle_hello peer v2:172.21.15.59:3300/0 says I am v2:172.21.15.59:53252/0 (socket says 172.21.15.59:53252)
2023-12-16T20:29:02.657 INFO:teuthology.orchestra.run.smithi059.stdout:/usr/bin/ceph: stderr
2023-12-16T20:29:02.151+0000 7f870d6ab700 1 -- 172.21.15.59:0/1132706921 learned_addr learned my addr 172.21.15.59:0/1132706921 (peer_addr_for_me v2:172.21.15.59:0/0)
2023-12-16T20:29:02.657 INFO:teuthology.orchestra.run.smithi059.stdout:/usr/bin/ceph: stderr
2023-12-16T20:29:02.152+0000 7f870d6ab700 1 -- 172.21.15.59:0/1132706921 --> [v2:172.21.15.59:3300/0,v1:172.21.15.59:6789/0] -- mon_subscribe({config=0+,monmap=0+}) v3 -- 0x7f8708102d40 con 0x7f87081022b0
2023-12-16T20:29:02.657 INFO:teuthology.orchestra.run.smithi059.stdout:/usr/bin/ceph: stderr
2023-12-16T20:29:02.152+0000 7f870d6ab700 1 --2- 172.21.15.59:0/1132706921 >> [v2:172.21.15.59:3300/0,v1:172.21.15.59:6789/0] conn(0x7f87081022b0 0x7f87081026c0 secure :-1 s=READY pgs=69 cs=0 l=1 rev1=1 crypto rx=0x7f87040098e0 tx=0x7f8704009250 comp rx=0 tx=0).ready entity=mon.0 client_cookie=3e3d0e22bbe2c242 server_cookie=0 in_seq=0 out_seq=0
2023-12-16T20:29:02.657 INFO:teuthology.orchestra.run.smithi059.stdout:/usr/bin/ceph: stderr
2023-12-16T20:29:02.152+0000 7f86fffff700 1 -- 172.21.15.59:0/1132706921 <== mon.0 v2:172.21.15.59:3300/0 1 ==== mon_map magic: 0 v1 ==== 229+0+0 (secure 0 0 0) 0x7f870400b860 con 0x7f87081022b0
2023-12-16T20:29:02.657 INFO:teuthology.orchestra.run.smithi059.stdout:/usr/bin/ceph: stderr
2023-12-16T20:29:02.152+0000 7f86fffff700 1 -- 172.21.15.59:0/1132706921 <== mon.0 v2:172.21.15.59:3300/0 2 ==== config(26 keys) v1 ==== 1074+0+0 (secure 0 0 0) 0x7f870400be70 con 0x7f87081022b0
2023-12-16T20:29:02.657 INFO:teuthology.orchestra.run.smithi059.stdout:/usr/bin/ceph: stderr
2023-12-16T20:29:02.152+0000 7f86fffff700 1 -- 172.21.15.59:0/1132706921 <== mon.0 v2:172.21.15.59:3300/0 3 ==== mon_map magic: 0 v1 ==== 229+0+0 (secure 0 0 0) 0x7f8704010380 con 0x7f87081022b0
2023-12-16T20:29:02.657 INFO:teuthology.orchestra.run.smithi059.stdout:/usr/bin/ceph: stderr
2023-12-16T20:29:02.153+0000 7f870f90f700 1 -- 172.21.15.59:0/1132706921 >> [v2:172.21.15.59:3300/0,v1:172.21.15.59:6789/0] conn(0x7f87081022b0 msgr2=0x7f87081026c0 secure :-1 s=STATE_CONNECTION_ESTABLISHED l=1).mark_down
2023-12-16T20:29:02.657 INFO:teuthology.orchestra.run.smithi059.stdout:/usr/bin/ceph: stderr
2023-12-16T20:29:02.153+0000 7f870f90f700 1 --2- 172.21.15.59:0/1132706921 >> [v2:172.21.15.59:3300/0,v1:172.21.15.59:6789/0] conn(0x7f87081022b0 0x7f87081026c0 secure :-1 s=READY pgs=69 cs=0 l=1 rev1=1 crypto rx=0x7f87040098e0 tx=0x7f8704009250 comp rx=0 tx=0).stop
2023-12-16T20:29:02.657 INFO:teuthology.orchestra.run.smithi059.stdout:/usr/bin/ceph: stderr
2023-12-16T20:29:02.153+0000 7f870f90f700 1 -- 172.21.15.59:0/1132706921 shutdown_connections
2023-12-16T20:29:02.657 INFO:teuthology.orchestra.run.smithi059.stdout:/usr/bin/ceph: stderr
2023-12-16T20:29:02.153+0000 7f870f90f700 1 --2- 172.21.15.59:0/1132706921 >> [v2:172.21.15.59:3300/0,v1:172.21.15.59:6789/0] conn(0x7f87081022b0 0x7f87081026c0 unknown :-1 s=CLOSED pgs=69 cs=0 l=1 rev1=1 crypto rx=0 tx=0 comp rx=0 tx=0).stop
2023-12-16T20:29:02.657 INFO:teuthology.orchestra.run.smithi059.stdout:/usr/bin/ceph: stderr
2023-12-16T20:29:02.153+0000 7f870f90f700 1 -- 172.21.15.59:0/1132706921 >> 172.21.15.59:0/1132706921 conn(0x7f87080fda10 msgr2=0x7f87080ffe40 unknown :-1 s=STATE_NONE l=0).mark_down
2023-12-16T20:29:02.657 INFO:teuthology.orchestra.run.smithi059.stdout:/usr/bin/ceph: stderr
2023-12-16T20:29:02.153+0000 7f870f90f700 1 -- 172.21.15.59:0/1132706921 shutdown_connections
2023-12-16T20:29:02.658 INFO:teuthology.orchestra.run.smithi059.stdout:/usr/bin/ceph: stderr
2023-12-16T20:29:02.153+0000 7f870f90f700 1 -- 172.21.15.59:0/1132706921 wait complete.
2023-12-16T20:29:02.658 INFO:teuthology.orchestra.run.smithi059.stdout:/usr/bin/ceph: stderr
2023-12-16T20:29:02.153+0000 7f870f90f700 1 Processor -- start
2023-12-16T20:29:02.658 INFO:teuthology.orchestra.run.smithi059.stdout:/usr/bin/ceph: stderr
2023-12-16T20:29:02.154+0000 7f870f90f700 1 -- start start
2023-12-16T20:29:02.658 INFO:teuthology.orchestra.run.smithi059.stdout:/usr/bin/ceph: stderr
2023-12-16T20:29:02.154+0000 7f870f90f700 1 --2- >> [v2:172.21.15.59:3300/0,v1:172.21.15.59:6789/0] conn(0x7f87081022b0 0x7f8708111190 unknown :-1 s=NONE pgs=0 cs=0 l=1 rev1=0 crypto rx=0 tx=0 comp rx=0 tx=0).connect
2023-12-16T20:29:02.658 INFO:teuthology.orchestra.run.smithi059.stdout:/usr/bin/ceph: stderr
2023-12-16T20:29:02.154+0000 7f870f90f700 1 -- --> [v2:172.21.15.59:3300/0,v1:172.21.15.59:6789/0] -- mon_getmap magic: 0 v1 -- 0x7f87081116d0 con 0x7f87081022b0
2023-12-16T20:29:02.658 INFO:teuthology.orchestra.run.smithi059.stdout:/usr/bin/ceph: stderr
2023-12-16T20:29:02.154+0000 7f870d6ab700 1 --2- >> [v2:172.21.15.59:3300/0,v1:172.21.15.59:6789/0] conn(0x7f87081022b0 0x7f8708111190 unknown :-1 s=BANNER_CONNECTING pgs=0 cs=0 l=1 rev1=0 crypto rx=0 tx=0 comp rx=0 tx=0)._handle_peer_banner_payload supported=3 required=0
2023-12-16T20:29:02.658 INFO:teuthology.orchestra.run.smithi059.stdout:/usr/bin/ceph: stderr
2023-12-16T20:29:02.154+0000 7f870d6ab700 1 --2- >> [v2:172.21.15.59:3300/0,v1:172.21.15.59:6789/0] conn(0x7f87081022b0 0x7f8708111190 unknown :-1 s=HELLO_CONNECTING pgs=0 cs=0 l=1 rev1=1 crypto rx=0 tx=0 comp rx=0 tx=0).handle_hello peer v2:172.21.15.59:3300/0 says I am v2:172.21.15.59:53268/0 (socket says 172.21.15.59:53268)
2023-12-16T20:29:02.658 INFO:teuthology.orchestra.run.smithi059.stdout:/usr/bin/ceph: stderr
2023-12-16T20:29:02.154+0000 7f870d6ab700 1 -- 172.21.15.59:0/465407895 learned_addr learned my addr 172.21.15.59:0/465407895 (peer_addr_for_me v2:172.21.15.59:0/0)
2023-12-16T20:29:02.658 INFO:teuthology.orchestra.run.smithi059.stdout:/usr/bin/ceph: stderr
2023-12-16T20:29:02.154+0000 7f870d6ab700 1 -- 172.21.15.59:0/465407895 --> [v2:172.21.15.59:3300/0,v1:172.21.15.59:6789/0] -- mon_subscribe({config=0+,monmap=0+}) v3 -- 0x7f87040094f0 con 0x7f87081022b0
2023-12-16T20:29:02.658 INFO:teuthology.orchestra.run.smithi059.stdout:/usr/bin/ceph: stderr
2023-12-16T20:29:02.154+0000 7f870d6ab700 1 --2- 172.21.15.59:0/465407895 >> [v2:172.21.15.59:3300/0,v1:172.21.15.59:6789/0] conn(0x7f87081022b0 0x7f8708111190 secure :-1 s=READY pgs=70 cs=0 l=1 rev1=1 crypto rx=0x7f8704011b60 tx=0x7f8704009250 comp rx=0 tx=0).ready entity=mon.0 client_cookie=0 server_cookie=0 in_seq=0 out_seq=0
2023-12-16T20:29:02.659 INFO:teuthology.orchestra.run.smithi059.stdout:/usr/bin/ceph: stderr
2023-12-16T20:29:02.154+0000 7f86fdffb700 1 -- 172.21.15.59:0/465407895 <== mon.0 v2:172.21.15.59:3300/0 1 ==== mon_map magic: 0 v1 ==== 229+0+0 (secure 0 0 0) 0x7f8704010850 con 0x7f87081022b0
2023-12-16T20:29:02.659 INFO:teuthology.orchestra.run.smithi059.stdout:/usr/bin/ceph: stderr
2023-12-16T20:29:02.154+0000 7f86fdffb700 1 -- 172.21.15.59:0/465407895 <== mon.0 v2:172.21.15.59:3300/0 2 ==== config(26 keys) v1 ==== 1074+0+0 (secure 0 0 0) 0x7f8704010e60 con 0x7f87081022b0
2023-12-16T20:29:02.659 INFO:teuthology.orchestra.run.smithi059.stdout:/usr/bin/ceph: stderr
2023-12-16T20:29:02.154+0000 7f870f90f700 1 -- 172.21.15.59:0/465407895 --> [v2:172.21.15.59:3300/0,v1:172.21.15.59:6789/0] -- mon_subscribe({mgrmap=0+}) v3 -- 0x7f87081118d0 con 0x7f87081022b0
2023-12-16T20:29:02.659 INFO:teuthology.orchestra.run.smithi059.stdout:/usr/bin/ceph: stderr
2023-12-16T20:29:02.154+0000 7f86fdffb700 1 -- 172.21.15.59:0/465407895 <== mon.0 v2:172.21.15.59:3300/0 3 ==== mon_map magic: 0 v1 ==== 229+0+0 (secure 0 0 0) 0x7f870401ae20 con 0x7f87081022b0
2023-12-16T20:29:02.659 INFO:teuthology.orchestra.run.smithi059.stdout:/usr/bin/ceph: stderr
2023-12-16T20:29:02.155+0000 7f870f90f700 1 -- 172.21.15.59:0/465407895 --> [v2:172.21.15.59:3300/0,v1:172.21.15.59:6789/0] -- mon_subscribe({osdmap=0}) v3 -- 0x7f8708111ce0 con 0x7f87081022b0
2023-12-16T20:29:02.659 INFO:teuthology.orchestra.run.smithi059.stdout:/usr/bin/ceph: stderr
2023-12-16T20:29:02.156+0000 7f86fdffb700 1 -- 172.21.15.59:0/465407895 <== mon.0 v2:172.21.15.59:3300/0 4 ==== mgrmap(e 9) v1 ==== 43294+0+0 (secure 0 0 0) 0x7f870402d3f0 con 0x7f87081022b0
2023-12-16T20:29:02.659 INFO:teuthology.orchestra.run.smithi059.stdout:/usr/bin/ceph: stderr
2023-12-16T20:29:02.156+0000 7f870f90f700 1 -- 172.21.15.59:0/465407895 --> [v2:172.21.15.59:3300/0,v1:172.21.15.59:6789/0] -- mon_command({"prefix": "get_command_descriptions"} v 0) v1 -- 0x7f870804bb80 con 0x7f87081022b0
2023-12-16T20:29:02.659 INFO:teuthology.orchestra.run.smithi059.stdout:/usr/bin/ceph: stderr
2023-12-16T20:29:02.156+0000 7f86fdffb700 1 --2- 172.21.15.59:0/465407895 >> [v2:172.21.15.59:6800/1997095785,v1:172.21.15.59:6801/1997095785] conn(0x7f86f4036640 0x7f86f4038af0 unknown :-1 s=NONE pgs=0 cs=0 l=1 rev1=0 crypto rx=0 tx=0 comp rx=0 tx=0).connect
2023-12-16T20:29:02.659 INFO:teuthology.orchestra.run.smithi059.stdout:/usr/bin/ceph: stderr
2023-12-16T20:29:02.156+0000 7f86fdffb700 1 -- 172.21.15.59:0/465407895 <== mon.0 v2:172.21.15.59:3300/0 5 ==== osd_map(2..2 src has 1..2) v4 ==== 936+0+0 (secure 0 0 0) 0x7f870404a250 con 0x7f87081022b0
2023-12-16T20:29:02.659 INFO:teuthology.orchestra.run.smithi059.stdout:/usr/bin/ceph: stderr
2023-12-16T20:29:02.156+0000 7f870ceaa700 1 -- 172.21.15.59:0/465407895 >> [v2:172.21.15.59:6800/1997095785,v1:172.21.15.59:6801/1997095785] conn(0x7f86f4036640 msgr2=0x7f86f4038af0 unknown :-1 s=STATE_CONNECTING_RE l=1).process reconnect failed to v2:172.21.15.59:6800/1997095785
2023-12-16T20:29:02.659 INFO:teuthology.orchestra.run.smithi059.stdout:/usr/bin/ceph: stderr
2023-12-16T20:29:02.156+0000 7f870ceaa700 1 --2- 172.21.15.59:0/465407895 >> [v2:172.21.15.59:6800/1997095785,v1:172.21.15.59:6801/1997095785] conn(0x7f86f4036640 0x7f86f4038af0 unknown :-1 s=START_CONNECT pgs=0 cs=0 l=1 rev1=0 crypto rx=0 tx=0 comp rx=0 tx=0)._fault waiting 0.200000
2023-12-16T20:29:02.660 INFO:teuthology.orchestra.run.smithi059.stdout:/usr/bin/ceph: stderr
2023-12-16T20:29:02.160+0000 7f86fdffb700 1 -- 172.21.15.59:0/465407895 <== mon.0 v2:172.21.15.59:3300/0 6 ==== mon_command_ack([{"prefix": "get_command_descriptions"}]=0 v0) v1 ==== 72+0+174570 (secure 0 0 0) 0x7f870402b8e0 con 0x7f87081022b0
2023-12-16T20:29:02.660 INFO:teuthology.orchestra.run.smithi059.stdout:/usr/bin/ceph: stderr
2023-12-16T20:29:02.357+0000 7f870ceaa700 1 -- 172.21.15.59:0/465407895 >> [v2:172.21.15.59:6800/1997095785,v1:172.21.15.59:6801/1997095785] conn(0x7f86f4036640 msgr2=0x7f86f4038af0 unknown :-1 s=STATE_CONNECTING_RE l=1).process reconnect failed to v2:172.21.15.59:6800/1997095785
2023-12-16T20:29:02.660 INFO:teuthology.orchestra.run.smithi059.stdout:/usr/bin/ceph: stderr
2023-12-16T20:29:02.357+0000 7f870ceaa700 1 --2- 172.21.15.59:0/465407895 >> [v2:172.21.15.59:6800/1997095785,v1:172.21.15.59:6801/1997095785] conn(0x7f86f4036640 0x7f86f4038af0 unknown :-1 s=START_CONNECT pgs=0 cs=0 l=1 rev1=0 crypto rx=0 tx=0 comp rx=0 tx=0)._fault waiting 0.400000
2023-12-16T20:29:02.660 INFO:teuthology.orchestra.run.smithi059.stdout:/usr/bin/ceph: stderr
2023-12-16T20:29:02.416+0000 7f870f90f700 1 -- 172.21.15.59:0/465407895 --> [v2:172.21.15.59:3300/0,v1:172.21.15.59:6789/0] -- mon_command({"prefix": "mgr stat"} v 0) v1 -- 0x7f87080008d0 con 0x7f87081022b0
2023-12-16T20:29:02.660 INFO:teuthology.orchestra.run.smithi059.stdout:/usr/bin/ceph: stderr
2023-12-16T20:29:02.416+0000 7f86fdffb700 1 -- 172.21.15.59:0/465407895 <== mon.0 v2:172.21.15.59:3300/0 7 ==== mon_command_ack([{"prefix": "mgr stat"}]=0 v9) v1 ==== 56+0+103 (secure 0 0 0) 0x7f870402b2f0 con 0x7f87081022b0
2023-12-16T20:29:02.660 INFO:teuthology.orchestra.run.smithi059.stdout:/usr/bin/ceph: stderr
2023-12-16T20:29:02.418+0000 7f870f90f700 1 -- 172.21.15.59:0/465407895 >> [v2:172.21.15.59:6800/1997095785,v1:172.21.15.59:6801/1997095785] conn(0x7f86f4036640 msgr2=0x7f86f4038af0 unknown :-1 s=STATE_CONNECTING l=1).mark_down
2023-12-16T20:29:02.660 INFO:teuthology.orchestra.run.smithi059.stdout:/usr/bin/ceph: stderr
2023-12-16T20:29:02.418+0000 7f870f90f700 1 --2- 172.21.15.59:0/465407895 >> [v2:172.21.15.59:6800/1997095785,v1:172.21.15.59:6801/1997095785] conn(0x7f86f4036640 0x7f86f4038af0 unknown :-1 s=START_CONNECT pgs=0 cs=0 l=1 rev1=0 crypto rx=0 tx=0 comp rx=0 tx=0).stop
2023-12-16T20:29:02.660 INFO:teuthology.orchestra.run.smithi059.stdout:/usr/bin/ceph: stderr
2023-12-16T20:29:02.418+0000 7f870f90f700 1 -- 172.21.15.59:0/465407895 >> [v2:172.21.15.59:3300/0,v1:172.21.15.59:6789/0] conn(0x7f87081022b0 msgr2=0x7f8708111190 secure :-1 s=STATE_CONNECTION_ESTABLISHED l=1).mark_down
2023-12-16T20:29:02.660 INFO:teuthology.orchestra.run.smithi059.stdout:/usr/bin/ceph: stderr
2023-12-16T20:29:02.418+0000 7f870f90f700 1 --2- 172.21.15.59:0/465407895 >> [v2:172.21.15.59:3300/0,v1:172.21.15.59:6789/0] conn(0x7f87081022b0 0x7f8708111190 secure :-1 s=READY pgs=70 cs=0 l=1 rev1=1 crypto rx=0x7f8704011b60 tx=0x7f8704009250 comp rx=0 tx=0).stop
2023-12-16T20:29:02.660 INFO:teuthology.orchestra.run.smithi059.stdout:/usr/bin/ceph: stderr
2023-12-16T20:29:02.418+0000 7f870f90f700 1 -- 172.21.15.59:0/465407895 shutdown_connections
2023-12-16T20:29:02.660 INFO:teuthology.orchestra.run.smithi059.stdout:/usr/bin/ceph: stderr
2023-12-16T20:29:02.418+0000 7f870f90f700 1 --2- 172.21.15.59:0/465407895 >> [v2:172.21.15.59:6800/1997095785,v1:172.21.15.59:6801/1997095785] conn(0x7f86f4036640 0x7f86f4038af0 unknown :-1 s=CLOSED pgs=0 cs=0 l=1 rev1=0 crypto rx=0 tx=0 comp rx=0 tx=0).stop
2023-12-16T20:29:02.660 INFO:teuthology.orchestra.run.smithi059.stdout:/usr/bin/ceph: stderr
2023-12-16T20:29:02.418+0000 7f870f90f700 1 --2- 172.21.15.59:0/465407895 >> [v2:172.21.15.59:3300/0,v1:172.21.15.59:6789/0] conn(0x7f87081022b0 0x7f8708111190 unknown :-1 s=CLOSED pgs=70 cs=0 l=1 rev1=1 crypto rx=0 tx=0 comp rx=0 tx=0).stop
2023-12-16T20:29:02.660 INFO:teuthology.orchestra.run.smithi059.stdout:/usr/bin/ceph: stderr
2023-12-16T20:29:02.418+0000 7f870f90f700 1 -- 172.21.15.59:0/465407895 >> 172.21.15.59:0/465407895 conn(0x7f87080fda10 msgr2=0x7f87080ff1e0 unknown :-1 s=STATE_NONE l=0).mark_down
2023-12-16T20:29:02.660 INFO:teuthology.orchestra.run.smithi059.stdout:/usr/bin/ceph: stderr
2023-12-16T20:29:02.419+0000 7f870f90f700 1 -- 172.21.15.59:0/465407895 shutdown_connections
2023-12-16T20:29:02.660 INFO:teuthology.orchestra.run.smithi059.stdout:/usr/bin/ceph: stderr
2023-12-16T20:29:02.419+0000 7f870f90f700 1 -- 172.21.15.59:0/465407895 wait complete.
2023-12-16T20:29:02.660 INFO:teuthology.orchestra.run.smithi059.stdout:Waiting for the mgr to restart...
2023-12-16T20:29:02.661 INFO:teuthology.orchestra.run.smithi059.stdout:Waiting for mgr epoch 9...
2023-12-16T20:29:02.728 INFO:journalctl@ceph.mon.smithi059.smithi059.stdout:Dec 16 20:29:02 smithi059 ceph-mon[80919]: from='client.? 172.21.15.59:0/3852538116' entity='client.admin' cmd='[{"prefix": "mgr module enable", "module": "dashboard"}]': finished
2023-12-16T20:29:02.728 INFO:journalctl@ceph.mon.smithi059.smithi059.stdout:Dec 16 20:29:02 smithi059 ceph-mon[80919]: mgrmap e9: smithi059.bqtvcv(active, since 15s)
2023-12-16T20:29:02.728 INFO:journalctl@ceph.mon.smithi059.smithi059.stdout:Dec 16 20:29:02 smithi059 ceph-mon[80919]: from='client.? 172.21.15.59:0/465407895' entity='client.admin' cmd=[{"prefix": "mgr stat"}]: dispatch
2023-12-16T20:29:08.833 INFO:journalctl@ceph.mon.smithi059.smithi059.stdout:Dec 16 20:29:08 smithi059 ceph-mon[80919]: Active manager daemon smithi059.bqtvcv restarted
2023-12-16T20:29:08.834 INFO:journalctl@ceph.mon.smithi059.smithi059.stdout:Dec 16 20:29:08 smithi059 ceph-mon[80919]: Activating manager daemon smithi059.bqtvcv
2023-12-16T20:29:08.834 INFO:journalctl@ceph.mon.smithi059.smithi059.stdout:Dec 16 20:29:08 smithi059 ceph-mon[80919]: osdmap e3: 0 total, 0 up, 0 in
2023-12-16T20:29:08.834 INFO:journalctl@ceph.mon.smithi059.smithi059.stdout:Dec 16 20:29:08 smithi059 ceph-mon[80919]: mgrmap e10: smithi059.bqtvcv(active, starting, since 0.00332774s)
2023-12-16T20:29:08.834 INFO:journalctl@ceph.mon.smithi059.smithi059.stdout:Dec 16 20:29:08 smithi059 ceph-mon[80919]: from='mgr.14162 172.21.15.59:0/6699725' entity='mgr.smithi059.bqtvcv' cmd=[{"prefix": "mon metadata", "id": "smithi059"}]: dispatch
2023-12-16T20:29:08.834 INFO:journalctl@ceph.mon.smithi059.smithi059.stdout:Dec 16 20:29:08 smithi059 ceph-mon[80919]: from='mgr.14162 172.21.15.59:0/6699725' entity='mgr.smithi059.bqtvcv' cmd=[{"prefix": "mgr metadata", "who": "smithi059.bqtvcv", "id": "smithi059.bqtvcv"}]: dispatch
2023-12-16T20:29:08.834 INFO:journalctl@ceph.mon.smithi059.smithi059.stdout:Dec 16 20:29:08 smithi059 ceph-mon[80919]: from='mgr.14162 172.21.15.59:0/6699725' entity='mgr.smithi059.bqtvcv' cmd=[{"prefix": "mds metadata"}]: dispatch
2023-12-16T20:29:08.834 INFO:journalctl@ceph.mon.smithi059.smithi059.stdout:Dec 16 20:29:08 smithi059 ceph-mon[80919]: from='mgr.14162 172.21.15.59:0/6699725' entity='mgr.smithi059.bqtvcv' cmd=[{"prefix": "osd metadata"}]: dispatch
2023-12-16T20:29:08.834 INFO:journalctl@ceph.mon.smithi059.smithi059.stdout:Dec 16 20:29:08 smithi059 ceph-mon[80919]: from='mgr.14162 172.21.15.59:0/6699725' entity='mgr.smithi059.bqtvcv' cmd=[{"prefix": "mon metadata"}]: dispatch
2023-12-16T20:29:08.834 INFO:journalctl@ceph.mon.smithi059.smithi059.stdout:Dec 16 20:29:08 smithi059 ceph-mon[80919]: Manager daemon smithi059.bqtvcv is now available
2023-12-16T20:29:08.834 INFO:journalctl@ceph.mon.smithi059.smithi059.stdout:Dec 16 20:29:08 smithi059 ceph-mon[80919]: from='mgr.14162 172.21.15.59:0/6699725' entity='mgr.smithi059.bqtvcv' cmd=[{"prefix": "config dump", "format": "json"}]: dispatch
2023-12-16T20:29:08.834 INFO:journalctl@ceph.mon.smithi059.smithi059.stdout:Dec 16 20:29:08 smithi059 ceph-mon[80919]: from='mgr.14162 172.21.15.59:0/6699725' entity='mgr.smithi059.bqtvcv' cmd=[{"prefix": "config dump", "format": "json"}]: dispatch
2023-12-16T20:29:08.834 INFO:journalctl@ceph.mon.smithi059.smithi059.stdout:Dec 16 20:29:08 smithi059 ceph-mon[80919]: from='mgr.14162 172.21.15.59:0/6699725' entity='mgr.smithi059.bqtvcv' cmd=[{"prefix":"config rm","who":"mgr","name":"mgr/rbd_support/smithi059.bqtvcv/mirror_snapshot_schedule"}]: dispatch
2023-12-16T20:29:08.834 INFO:journalctl@ceph.mon.smithi059.smithi059.stdout:Dec 16 20:29:08 smithi059 ceph-mon[80919]: from='mgr.14162 172.21.15.59:0/6699725' entity='mgr.smithi059.bqtvcv' cmd=[{"prefix":"config rm","who":"mgr","name":"mgr/rbd_support/smithi059.bqtvcv/trash_purge_schedule"}]: dispatch
2023-12-16T20:29:09.754 INFO:teuthology.orchestra.run.smithi059.stdout:/usr/bin/ceph: stdout {
2023-12-16T20:29:09.754 INFO:teuthology.orchestra.run.smithi059.stdout:/usr/bin/ceph: stdout "mgrmap_epoch": 11,
2023-12-16T20:29:09.755 INFO:teuthology.orchestra.run.smithi059.stdout:/usr/bin/ceph: stdout "initialized": true
2023-12-16T20:29:09.755 INFO:teuthology.orchestra.run.smithi059.stdout:/usr/bin/ceph: stdout }
2023-12-16T20:29:09.755 INFO:teuthology.orchestra.run.smithi059.stdout:/usr/bin/ceph: stderr
2023-12-16T20:29:02.902+0000 7fd76585e700 1 Processor -- start
2023-12-16T20:29:09.755 INFO:teuthology.orchestra.run.smithi059.stdout:/usr/bin/ceph: stderr
2023-12-16T20:29:02.902+0000 7fd76585e700 1 -- start start
2023-12-16T20:29:09.755 INFO:teuthology.orchestra.run.smithi059.stdout:/usr/bin/ceph: stderr
2023-12-16T20:29:02.903+0000 7fd76585e700 1 --2- >> [v2:172.21.15.59:3300/0,v1:172.21.15.59:6789/0] conn(0x7fd7601039c0 0x7fd760103dd0 unknown :-1 s=NONE pgs=0 cs=0 l=0 rev1=0 crypto rx=0 tx=0 comp rx=0 tx=0).connect
2023-12-16T20:29:09.755 INFO:teuthology.orchestra.run.smithi059.stdout:/usr/bin/ceph: stderr
2023-12-16T20:29:02.903+0000 7fd76585e700 1 -- --> [v2:172.21.15.59:3300/0,v1:172.21.15.59:6789/0] -- mon_getmap magic: 0 v1 -- 0x7fd760104310 con 0x7fd7601039c0
2023-12-16T20:29:09.755 INFO:teuthology.orchestra.run.smithi059.stdout:/usr/bin/ceph: stderr
2023-12-16T20:29:02.903+0000 7fd75effd700 1 --2- >> [v2:172.21.15.59:3300/0,v1:172.21.15.59:6789/0] conn(0x7fd7601039c0 0x7fd760103dd0 unknown :-1 s=BANNER_CONNECTING pgs=0 cs=0 l=0 rev1=0 crypto rx=0 tx=0 comp rx=0 tx=0)._handle_peer_banner_payload supported=3 required=0
2023-12-16T20:29:09.755 INFO:teuthology.orchestra.run.smithi059.stdout:/usr/bin/ceph: stderr
2023-12-16T20:29:02.903+0000 7fd75effd700 1 --2- >> [v2:172.21.15.59:3300/0,v1:172.21.15.59:6789/0] conn(0x7fd7601039c0 0x7fd760103dd0 unknown :-1 s=HELLO_CONNECTING pgs=0 cs=0 l=0 rev1=1 crypto rx=0 tx=0 comp rx=0 tx=0).handle_hello peer v2:172.21.15.59:3300/0 says I am v2:172.21.15.59:53274/0 (socket says 172.21.15.59:53274)
2023-12-16T20:29:09.755 INFO:teuthology.orchestra.run.smithi059.stdout:/usr/bin/ceph: stderr
2023-12-16T20:29:02.903+0000 7fd75effd700 1 -- 172.21.15.59:0/2167224831 learned_addr learned my addr 172.21.15.59:0/2167224831 (peer_addr_for_me v2:172.21.15.59:0/0)
2023-12-16T20:29:09.755 INFO:teuthology.orchestra.run.smithi059.stdout:/usr/bin/ceph: stderr
2023-12-16T20:29:02.903+0000 7fd75effd700 1 -- 172.21.15.59:0/2167224831 --> [v2:172.21.15.59:3300/0,v1:172.21.15.59:6789/0] -- mon_subscribe({config=0+,monmap=0+}) v3 -- 0x7fd760101fb0 con 0x7fd7601039c0
2023-12-16T20:29:09.755 INFO:teuthology.orchestra.run.smithi059.stdout:/usr/bin/ceph: stderr
2023-12-16T20:29:02.903+0000 7fd75effd700 1 --2- 172.21.15.59:0/2167224831 >> [v2:172.21.15.59:3300/0,v1:172.21.15.59:6789/0] conn(0x7fd7601039c0 0x7fd760103dd0 secure :-1 s=READY pgs=71 cs=0 l=1 rev1=1 crypto rx=0x7fd7500098e0 tx=0x7fd750009250 comp rx=0 tx=0).ready entity=mon.0 client_cookie=42da83262447a628 server_cookie=0 in_seq=0 out_seq=0
2023-12-16T20:29:09.755 INFO:teuthology.orchestra.run.smithi059.stdout:/usr/bin/ceph: stderr
2023-12-16T20:29:02.903+0000 7fd75dffb700 1 -- 172.21.15.59:0/2167224831 <== mon.0 v2:172.21.15.59:3300/0 1 ==== mon_map magic: 0 v1 ==== 229+0+0 (secure 0 0 0) 0x7fd75000b860 con 0x7fd7601039c0
2023-12-16T20:29:09.755 INFO:teuthology.orchestra.run.smithi059.stdout:/usr/bin/ceph: stderr
2023-12-16T20:29:02.904+0000 7fd75dffb700 1 -- 172.21.15.59:0/2167224831 <== mon.0 v2:172.21.15.59:3300/0 2 ==== config(26 keys) v1 ==== 1074+0+0 (secure 0 0 0) 0x7fd75000be70 con 0x7fd7601039c0
2023-12-16T20:29:09.755 INFO:teuthology.orchestra.run.smithi059.stdout:/usr/bin/ceph: stderr
2023-12-16T20:29:02.904+0000 7fd75dffb700 1 -- 172.21.15.59:0/2167224831 <== mon.0 v2:172.21.15.59:3300/0 3 ==== mon_map magic: 0 v1 ==== 229+0+0 (secure 0 0 0) 0x7fd750010380 con 0x7fd7601039c0
2023-12-16T20:29:09.756 INFO:teuthology.orchestra.run.smithi059.stdout:/usr/bin/ceph: stderr
2023-12-16T20:29:02.904+0000 7fd76585e700 1 -- 172.21.15.59:0/2167224831 >> [v2:172.21.15.59:3300/0,v1:172.21.15.59:6789/0] conn(0x7fd7601039c0 msgr2=0x7fd760103dd0 secure :-1 s=STATE_CONNECTION_ESTABLISHED l=1).mark_down
2023-12-16T20:29:09.756 INFO:teuthology.orchestra.run.smithi059.stdout:/usr/bin/ceph: stderr
2023-12-16T20:29:02.904+0000 7fd76585e700 1 --2- 172.21.15.59:0/2167224831 >> [v2:172.21.15.59:3300/0,v1:172.21.15.59:6789/0] conn(0x7fd7601039c0 0x7fd760103dd0 secure :-1 s=READY pgs=71 cs=0 l=1 rev1=1 crypto rx=0x7fd7500098e0 tx=0x7fd750009250 comp rx=0 tx=0).stop
2023-12-16T20:29:09.756 INFO:teuthology.orchestra.run.smithi059.stdout:/usr/bin/ceph: stderr
2023-12-16T20:29:02.904+0000 7fd76585e700 1 -- 172.21.15.59:0/2167224831 shutdown_connections
2023-12-16T20:29:09.756 INFO:teuthology.orchestra.run.smithi059.stdout:/usr/bin/ceph: stderr
2023-12-16T20:29:02.904+0000 7fd76585e700 1 --2- 172.21.15.59:0/2167224831 >> [v2:172.21.15.59:3300/0,v1:172.21.15.59:6789/0] conn(0x7fd7601039c0 0x7fd760103dd0 unknown :-1 s=CLOSED pgs=71 cs=0 l=1 rev1=1 crypto rx=0 tx=0 comp rx=0 tx=0).stop
2023-12-16T20:29:09.756 INFO:teuthology.orchestra.run.smithi059.stdout:/usr/bin/ceph: stderr
2023-12-16T20:29:02.904+0000 7fd76585e700 1 -- 172.21.15.59:0/2167224831 >> 172.21.15.59:0/2167224831 conn(0x7fd7600fda40 msgr2=0x7fd7600ffe70 unknown :-1 s=STATE_NONE l=0).mark_down
2023-12-16T20:29:09.756 INFO:teuthology.orchestra.run.smithi059.stdout:/usr/bin/ceph: stderr
2023-12-16T20:29:02.904+0000 7fd76585e700 1 -- 172.21.15.59:0/2167224831 shutdown_connections
2023-12-16T20:29:09.756 INFO:teuthology.orchestra.run.smithi059.stdout:/usr/bin/ceph: stderr
2023-12-16T20:29:02.904+0000 7fd76585e700 1 -- 172.21.15.59:0/2167224831 wait complete.
2023-12-16T20:29:09.756 INFO:teuthology.orchestra.run.smithi059.stdout:/usr/bin/ceph: stderr
2023-12-16T20:29:02.905+0000 7fd76585e700 1 Processor -- start
2023-12-16T20:29:09.756 INFO:teuthology.orchestra.run.smithi059.stdout:/usr/bin/ceph: stderr
2023-12-16T20:29:02.905+0000 7fd76585e700 1 -- start start
2023-12-16T20:29:09.756 INFO:teuthology.orchestra.run.smithi059.stdout:/usr/bin/ceph: stderr
2023-12-16T20:29:02.905+0000 7fd76585e700 1 --2- >> [v2:172.21.15.59:3300/0,v1:172.21.15.59:6789/0] conn(0x7fd7601039c0 0x7fd760111130 unknown :-1 s=NONE pgs=0 cs=0 l=1 rev1=0 crypto rx=0 tx=0 comp rx=0 tx=0).connect
2023-12-16T20:29:09.756 INFO:teuthology.orchestra.run.smithi059.stdout:/usr/bin/ceph: stderr
2023-12-16T20:29:02.905+0000 7fd76585e700 1 -- --> [v2:172.21.15.59:3300/0,v1:172.21.15.59:6789/0] -- mon_getmap magic: 0 v1 -- 0x7fd760111670 con 0x7fd7601039c0
2023-12-16T20:29:09.756 INFO:teuthology.orchestra.run.smithi059.stdout:/usr/bin/ceph: stderr
2023-12-16T20:29:02.905+0000 7fd75effd700 1 --2- >> [v2:172.21.15.59:3300/0,v1:172.21.15.59:6789/0] conn(0x7fd7601039c0 0x7fd760111130 unknown :-1 s=BANNER_CONNECTING pgs=0 cs=0 l=1 rev1=0 crypto rx=0 tx=0 comp rx=0 tx=0)._handle_peer_banner_payload supported=3 required=0
2023-12-16T20:29:09.756 INFO:teuthology.orchestra.run.smithi059.stdout:/usr/bin/ceph: stderr
2023-12-16T20:29:02.905+0000 7fd75effd700 1 --2- >> [v2:172.21.15.59:3300/0,v1:172.21.15.59:6789/0] conn(0x7fd7601039c0 0x7fd760111130 unknown :-1 s=HELLO_CONNECTING pgs=0 cs=0 l=1 rev1=1 crypto rx=0 tx=0 comp rx=0 tx=0).handle_hello peer v2:172.21.15.59:3300/0 says I am v2:172.21.15.59:53276/0 (socket says 172.21.15.59:53276)
2023-12-16T20:29:09.756 INFO:teuthology.orchestra.run.smithi059.stdout:/usr/bin/ceph: stderr
2023-12-16T20:29:02.905+0000 7fd75effd700 1 -- 172.21.15.59:0/2546101262 learned_addr learned my addr 172.21.15.59:0/2546101262 (peer_addr_for_me v2:172.21.15.59:0/0)
2023-12-16T20:29:09.756 INFO:teuthology.orchestra.run.smithi059.stdout:/usr/bin/ceph: stderr
2023-12-16T20:29:02.906+0000 7fd75effd700 1 -- 172.21.15.59:0/2546101262 --> [v2:172.21.15.59:3300/0,v1:172.21.15.59:6789/0] -- mon_subscribe({config=0+,monmap=0+}) v3 -- 0x7fd7500094f0 con 0x7fd7601039c0
2023-12-16T20:29:09.757 INFO:teuthology.orchestra.run.smithi059.stdout:/usr/bin/ceph: stderr
2023-12-16T20:29:02.906+0000 7fd75effd700 1 --2- 172.21.15.59:0/2546101262 >> [v2:172.21.15.59:3300/0,v1:172.21.15.59:6789/0] conn(0x7fd7601039c0 0x7fd760111130 secure :-1 s=READY pgs=72 cs=0 l=1 rev1=1 crypto rx=0x7fd75000bac0 tx=0x7fd750009250 comp rx=0 tx=0).ready entity=mon.0 client_cookie=0 server_cookie=0 in_seq=0 out_seq=0
2023-12-16T20:29:09.757 INFO:teuthology.orchestra.run.smithi059.stdout:/usr/bin/ceph: stderr
2023-12-16T20:29:02.906+0000 7fd7577fe700 1 -- 172.21.15.59:0/2546101262 <== mon.0 v2:172.21.15.59:3300/0 1 ==== mon_map magic: 0 v1 ==== 229+0+0 (secure 0 0 0) 0x7fd7500109b0 con 0x7fd7601039c0
2023-12-16T20:29:09.757 INFO:teuthology.orchestra.run.smithi059.stdout:/usr/bin/ceph: stderr
2023-12-16T20:29:02.906+0000 7fd7577fe700 1 -- 172.21.15.59:0/2546101262 <== mon.0 v2:172.21.15.59:3300/0 2 ==== config(26 keys) v1 ==== 1074+0+0 (secure 0 0 0) 0x7fd75001a430 con 0x7fd7601039c0
2023-12-16T20:29:09.757 INFO:teuthology.orchestra.run.smithi059.stdout:/usr/bin/ceph: stderr
2023-12-16T20:29:02.906+0000 7fd76585e700 1 -- 172.21.15.59:0/2546101262 --> [v2:172.21.15.59:3300/0,v1:172.21.15.59:6789/0] -- mon_subscribe({mgrmap=0+}) v3 -- 0x7fd760111870 con 0x7fd7601039c0
2023-12-16T20:29:09.757 INFO:teuthology.orchestra.run.smithi059.stdout:/usr/bin/ceph: stderr
2023-12-16T20:29:02.906+0000 7fd7577fe700 1 -- 172.21.15.59:0/2546101262 <== mon.0 v2:172.21.15.59:3300/0 3 ==== mon_map magic: 0 v1 ==== 229+0+0 (secure 0 0 0) 0x7fd7500245b0 con 0x7fd7601039c0
2023-12-16T20:29:09.757 INFO:teuthology.orchestra.run.smithi059.stdout:/usr/bin/ceph: stderr
2023-12-16T20:29:02.906+0000 7fd76585e700 1 -- 172.21.15.59:0/2546101262 --> [v2:172.21.15.59:3300/0,v1:172.21.15.59:6789/0] -- mon_subscribe({osdmap=0}) v3 -- 0x7fd760111c80 con 0x7fd7601039c0
2023-12-16T20:29:09.757 INFO:teuthology.orchestra.run.smithi059.stdout:/usr/bin/ceph: stderr
2023-12-16T20:29:02.907+0000 7fd7577fe700 1 -- 172.21.15.59:0/2546101262 <== mon.0 v2:172.21.15.59:3300/0 4 ==== mgrmap(e 9) v1 ==== 43294+0+0 (secure 0 0 0) 0x7fd750024820 con 0x7fd7601039c0
2023-12-16T20:29:09.757 INFO:teuthology.orchestra.run.smithi059.stdout:/usr/bin/ceph: stderr
2023-12-16T20:29:02.907+0000 7fd7577fe700 1 --2- 172.21.15.59:0/2546101262 >> [v2:172.21.15.59:6800/1997095785,v1:172.21.15.59:6801/1997095785] conn(0x7fd74c036640 0x7fd74c038af0 unknown :-1 s=NONE pgs=0 cs=0 l=1 rev1=0 crypto rx=0 tx=0 comp rx=0 tx=0).connect
2023-12-16T20:29:09.757 INFO:teuthology.orchestra.run.smithi059.stdout:/usr/bin/ceph: stderr
2023-12-16T20:29:02.907+0000 7fd7577fe700 1 -- 172.21.15.59:0/2546101262 --> [v2:172.21.15.59:6800/1997095785,v1:172.21.15.59:6801/1997095785] -- command(tid 0: {"prefix": "get_command_descriptions"}) v1 -- 0x7fd74c039200 con 0x7fd74c036640
2023-12-16T20:29:09.757 INFO:teuthology.orchestra.run.smithi059.stdout:/usr/bin/ceph: stderr
2023-12-16T20:29:02.907+0000 7fd7577fe700 1 -- 172.21.15.59:0/2546101262 <== mon.0 v2:172.21.15.59:3300/0 5 ==== osd_map(2..2 src has 1..2) v4 ==== 936+0+0 (secure 0 0 0) 0x7fd75004a5e0 con 0x7fd7601039c0
2023-12-16T20:29:09.757 INFO:teuthology.orchestra.run.smithi059.stdout:/usr/bin/ceph: stderr
2023-12-16T20:29:02.907+0000 7fd75e7fc700 1 -- 172.21.15.59:0/2546101262 >> [v2:172.21.15.59:6800/1997095785,v1:172.21.15.59:6801/1997095785] conn(0x7fd74c036640 msgr2=0x7fd74c038af0 unknown :-1 s=STATE_CONNECTING_RE l=1).process reconnect failed to v2:172.21.15.59:6800/1997095785
2023-12-16T20:29:09.757 INFO:teuthology.orchestra.run.smithi059.stdout:/usr/bin/ceph: stderr
2023-12-16T20:29:02.907+0000 7fd75e7fc700 1 --2- 172.21.15.59:0/2546101262 >> [v2:172.21.15.59:6800/1997095785,v1:172.21.15.59:6801/1997095785] conn(0x7fd74c036640 0x7fd74c038af0 unknown :-1 s=START_CONNECT pgs=0 cs=0 l=1 rev1=0 crypto rx=0 tx=0 comp rx=0 tx=0)._fault waiting 0.200000
2023-12-16T20:29:09.757 INFO:teuthology.orchestra.run.smithi059.stdout:/usr/bin/ceph: stderr
2023-12-16T20:29:03.108+0000 7fd75e7fc700 1 -- 172.21.15.59:0/2546101262 >> [v2:172.21.15.59:6800/1997095785,v1:172.21.15.59:6801/1997095785] conn(0x7fd74c036640 msgr2=0x7fd74c038af0 unknown :-1 s=STATE_CONNECTING_RE l=1).process reconnect failed to v2:172.21.15.59:6800/1997095785
2023-12-16T20:29:09.757 INFO:teuthology.orchestra.run.smithi059.stdout:/usr/bin/ceph: stderr
2023-12-16T20:29:03.108+0000 7fd75e7fc700 1 --2- 172.21.15.59:0/2546101262 >> [v2:172.21.15.59:6800/1997095785,v1:172.21.15.59:6801/1997095785] conn(0x7fd74c036640 0x7fd74c038af0 unknown :-1 s=START_CONNECT pgs=0 cs=0 l=1 rev1=0 crypto rx=0 tx=0 comp rx=0 tx=0)._fault waiting 0.400000
2023-12-16T20:29:09.757 INFO:teuthology.orchestra.run.smithi059.stdout:/usr/bin/ceph: stderr
2023-12-16T20:29:03.509+0000 7fd75e7fc700 1 -- 172.21.15.59:0/2546101262 >> [v2:172.21.15.59:6800/1997095785,v1:172.21.15.59:6801/1997095785] conn(0x7fd74c036640 msgr2=0x7fd74c038af0 unknown :-1 s=STATE_CONNECTING_RE l=1).process reconnect failed to v2:172.21.15.59:6800/1997095785
2023-12-16T20:29:09.758 INFO:teuthology.orchestra.run.smithi059.stdout:/usr/bin/ceph: stderr
2023-12-16T20:29:03.509+0000 7fd75e7fc700 1 --2- 172.21.15.59:0/2546101262 >> [v2:172.21.15.59:6800/1997095785,v1:172.21.15.59:6801/1997095785] conn(0x7fd74c036640 0x7fd74c038af0 unknown :-1 s=START_CONNECT pgs=0 cs=0 l=1 rev1=0 crypto rx=0 tx=0 comp rx=0 tx=0)._fault waiting 0.800000
2023-12-16T20:29:09.758 INFO:teuthology.orchestra.run.smithi059.stdout:/usr/bin/ceph: stderr
2023-12-16T20:29:04.310+0000 7fd75e7fc700 1 -- 172.21.15.59:0/2546101262 >> [v2:172.21.15.59:6800/1997095785,v1:172.21.15.59:6801/1997095785] conn(0x7fd74c036640 msgr2=0x7fd74c038af0 unknown :-1 s=STATE_CONNECTING_RE l=1).process reconnect failed to v2:172.21.15.59:6800/1997095785
2023-12-16T20:29:09.758 INFO:teuthology.orchestra.run.smithi059.stdout:/usr/bin/ceph: stderr
2023-12-16T20:29:04.310+0000 7fd75e7fc700 1 --2- 172.21.15.59:0/2546101262 >> [v2:172.21.15.59:6800/1997095785,v1:172.21.15.59:6801/1997095785] conn(0x7fd74c036640 0x7fd74c038af0 unknown :-1 s=START_CONNECT pgs=0 cs=0 l=1 rev1=0 crypto rx=0 tx=0 comp rx=0 tx=0)._fault waiting 1.600000
2023-12-16T20:29:09.758 INFO:teuthology.orchestra.run.smithi059.stdout:/usr/bin/ceph: stderr
2023-12-16T20:29:05.911+0000 7fd75e7fc700 1 -- 172.21.15.59:0/2546101262 >> [v2:172.21.15.59:6800/1997095785,v1:172.21.15.59:6801/1997095785] conn(0x7fd74c036640 msgr2=0x7fd74c038af0 unknown :-1 s=STATE_CONNECTING_RE l=1).process reconnect failed to v2:172.21.15.59:6800/1997095785
2023-12-16T20:29:09.758 INFO:teuthology.orchestra.run.smithi059.stdout:/usr/bin/ceph: stderr
2023-12-16T20:29:05.911+0000 7fd75e7fc700 1 --2- 172.21.15.59:0/2546101262 >> [v2:172.21.15.59:6800/1997095785,v1:172.21.15.59:6801/1997095785] conn(0x7fd74c036640 0x7fd74c038af0 unknown :-1 s=START_CONNECT pgs=0 cs=0 l=1 rev1=0 crypto rx=0 tx=0 comp rx=0 tx=0)._fault waiting 3.200000
2023-12-16T20:29:09.758 INFO:teuthology.orchestra.run.smithi059.stdout:/usr/bin/ceph: stderr
2023-12-16T20:29:08.499+0000 7fd7577fe700 1 -- 172.21.15.59:0/2546101262 <== mon.0 v2:172.21.15.59:3300/0 6 ==== mgrmap(e 10) v1 ==== 43061+0+0 (secure 0 0 0) 0x7fd750021d60 con 0x7fd7601039c0
2023-12-16T20:29:09.758 INFO:teuthology.orchestra.run.smithi059.stdout:/usr/bin/ceph: stderr
2023-12-16T20:29:08.499+0000 7fd7577fe700 1 -- 172.21.15.59:0/2546101262 >> [v2:172.21.15.59:6800/1997095785,v1:172.21.15.59:6801/1997095785] conn(0x7fd74c036640 msgr2=0x7fd74c038af0 unknown :-1 s=STATE_CONNECTING l=1).mark_down
2023-12-16T20:29:09.758 INFO:teuthology.orchestra.run.smithi059.stdout:/usr/bin/ceph: stderr
2023-12-16T20:29:08.499+0000 7fd7577fe700 1 --2- 172.21.15.59:0/2546101262 >> [v2:172.21.15.59:6800/1997095785,v1:172.21.15.59:6801/1997095785] conn(0x7fd74c036640 0x7fd74c038af0 unknown :-1 s=START_CONNECT pgs=0 cs=0 l=1 rev1=0 crypto rx=0 tx=0 comp rx=0 tx=0).stop
2023-12-16T20:29:09.758 INFO:teuthology.orchestra.run.smithi059.stdout:/usr/bin/ceph: stderr
2023-12-16T20:29:09.500+0000 7fd7577fe700 1 -- 172.21.15.59:0/2546101262 <== mon.0 v2:172.21.15.59:3300/0 7 ==== mgrmap(e 11) v1 ==== 43188+0+0 (secure 0 0 0) 0x7fd75001a5a0 con 0x7fd7601039c0
2023-12-16T20:29:09.758 INFO:teuthology.orchestra.run.smithi059.stdout:/usr/bin/ceph: stderr
2023-12-16T20:29:09.500+0000 7fd7577fe700 1 --2- 172.21.15.59:0/2546101262 >> [v2:172.21.15.59:6800/268210078,v1:172.21.15.59:6801/268210078] conn(0x7fd74c039fb0 0x7fd74c03c390 unknown :-1 s=NONE pgs=0 cs=0 l=1 rev1=0 crypto rx=0 tx=0 comp rx=0 tx=0).connect
2023-12-16T20:29:09.758 INFO:teuthology.orchestra.run.smithi059.stdout:/usr/bin/ceph: stderr
2023-12-16T20:29:09.500+0000 7fd7577fe700 1 -- 172.21.15.59:0/2546101262 --> [v2:172.21.15.59:6800/268210078,v1:172.21.15.59:6801/268210078] -- command(tid 0: {"prefix": "get_command_descriptions"}) v1 -- 0x7fd74c039200 con 0x7fd74c039fb0
2023-12-16T20:29:09.758 INFO:teuthology.orchestra.run.smithi059.stdout:/usr/bin/ceph: stderr
2023-12-16T20:29:09.501+0000 7fd75e7fc700 1 --2- 172.21.15.59:0/2546101262 >> [v2:172.21.15.59:6800/268210078,v1:172.21.15.59:6801/268210078] conn(0x7fd74c039fb0 0x7fd74c03c390 unknown :-1 s=BANNER_CONNECTING pgs=0 cs=0 l=1 rev1=0 crypto rx=0 tx=0 comp rx=0 tx=0)._handle_peer_banner_payload supported=3 required=0
2023-12-16T20:29:09.758 INFO:teuthology.orchestra.run.smithi059.stdout:/usr/bin/ceph: stderr
2023-12-16T20:29:09.502+0000 7fd75e7fc700 1 --2- 172.21.15.59:0/2546101262 >> [v2:172.21.15.59:6800/268210078,v1:172.21.15.59:6801/268210078] conn(0x7fd74c039fb0 0x7fd74c03c390 secure :-1 s=READY pgs=3 cs=0 l=1 rev1=1 crypto rx=0x7fd7480039d0 tx=0x7fd7480092f0 comp rx=0 tx=0).ready entity=mgr.14162 client_cookie=0 server_cookie=0 in_seq=0 out_seq=0
2023-12-16T20:29:09.758 INFO:teuthology.orchestra.run.smithi059.stdout:/usr/bin/ceph: stderr
2023-12-16T20:29:09.502+0000 7fd7577fe700 1 -- 172.21.15.59:0/2546101262 <== mgr.14162 v2:172.21.15.59:6800/268210078 1 ==== command_reply(tid 0: 0 ) v1 ==== 8+0+6549 (secure 0 0 0) 0x7fd74c039200 con 0x7fd74c039fb0
2023-12-16T20:29:09.759 INFO:teuthology.orchestra.run.smithi059.stdout:/usr/bin/ceph: stderr
2023-12-16T20:29:09.511+0000 7fd76585e700 1 -- 172.21.15.59:0/2546101262 --> [v2:172.21.15.59:6800/268210078,v1:172.21.15.59:6801/268210078] -- command(tid 1: {"prefix": "mgr_status"}) v1 -- 0x7fd76005f270 con 0x7fd74c039fb0
2023-12-16T20:29:09.759 INFO:teuthology.orchestra.run.smithi059.stdout:/usr/bin/ceph: stderr
2023-12-16T20:29:09.512+0000 7fd7577fe700 1 -- 172.21.15.59:0/2546101262 <== mgr.14162 v2:172.21.15.59:6800/268210078 2 ==== command_reply(tid 1: 0 ) v1 ==== 8+0+52 (secure 0 0 0) 0x7fd76005f270 con 0x7fd74c039fb0
2023-12-16T20:29:09.759 INFO:teuthology.orchestra.run.smithi059.stdout:/usr/bin/ceph: stderr
2023-12-16T20:29:09.512+0000 7fd76585e700 1 -- 172.21.15.59:0/2546101262 >> [v2:172.21.15.59:6800/268210078,v1:172.21.15.59:6801/268210078] conn(0x7fd74c039fb0 msgr2=0x7fd74c03c390 secure :-1 s=STATE_CONNECTION_ESTABLISHED l=1).mark_down
2023-12-16T20:29:09.759 INFO:teuthology.orchestra.run.smithi059.stdout:/usr/bin/ceph: stderr
2023-12-16T20:29:09.512+0000 7fd76585e700 1 --2- 172.21.15.59:0/2546101262 >> [v2:172.21.15.59:6800/268210078,v1:172.21.15.59:6801/268210078] conn(0x7fd74c039fb0 0x7fd74c03c390 secure :-1 s=READY pgs=3 cs=0 l=1 rev1=1 crypto rx=0x7fd7480039d0 tx=0x7fd7480092f0 comp rx=0 tx=0).stop
2023-12-16T20:29:09.759 INFO:teuthology.orchestra.run.smithi059.stdout:/usr/bin/ceph: stderr
2023-12-16T20:29:09.512+0000 7fd76585e700 1 -- 172.21.15.59:0/2546101262 >> [v2:172.21.15.59:3300/0,v1:172.21.15.59:6789/0] conn(0x7fd7601039c0 msgr2=0x7fd760111130 secure :-1 s=STATE_CONNECTION_ESTABLISHED l=1).mark_down
2023-12-16T20:29:09.759 INFO:teuthology.orchestra.run.smithi059.stdout:/usr/bin/ceph: stderr
2023-12-16T20:29:09.512+0000 7fd76585e700 1 --2- 172.21.15.59:0/2546101262 >> [v2:172.21.15.59:3300/0,v1:172.21.15.59:6789/0] conn(0x7fd7601039c0 0x7fd760111130 secure :-1 s=READY pgs=72 cs=0 l=1 rev1=1 crypto rx=0x7fd75000bac0 tx=0x7fd750009250 comp rx=0 tx=0).stop
2023-12-16T20:29:09.759 INFO:teuthology.orchestra.run.smithi059.stdout:/usr/bin/ceph: stderr
2023-12-16T20:29:09.512+0000 7fd76585e700 1 -- 172.21.15.59:0/2546101262 shutdown_connections
2023-12-16T20:29:09.759 INFO:teuthology.orchestra.run.smithi059.stdout:/usr/bin/ceph: stderr
2023-12-16T20:29:09.512+0000 7fd76585e700 1 --2- 172.21.15.59:0/2546101262 >> [v2:172.21.15.59:6800/268210078,v1:172.21.15.59:6801/268210078] conn(0x7fd74c039fb0 0x7fd74c03c390 unknown :-1 s=CLOSED pgs=3 cs=0 l=1 rev1=1 crypto rx=0 tx=0 comp rx=0 tx=0).stop
2023-12-16T20:29:09.759 INFO:teuthology.orchestra.run.smithi059.stdout:/usr/bin/ceph: stderr
2023-12-16T20:29:09.512+0000 7fd76585e700 1 --2- 172.21.15.59:0/2546101262 >> [v2:172.21.15.59:3300/0,v1:172.21.15.59:6789/0] conn(0x7fd7601039c0 0x7fd760111130 unknown :-1 s=CLOSED pgs=72 cs=0 l=1 rev1=1 crypto rx=0 tx=0 comp rx=0 tx=0).stop
2023-12-16T20:29:09.759 INFO:teuthology.orchestra.run.smithi059.stdout:/usr/bin/ceph: stderr
2023-12-16T20:29:09.512+0000 7fd76585e700 1 --2- 172.21.15.59:0/2546101262 >> [v2:172.21.15.59:6800/1997095785,v1:172.21.15.59:6801/1997095785] conn(0x7fd74c036640 0x7fd74c038af0 unknown :-1 s=CLOSED pgs=0 cs=0 l=1 rev1=0 crypto rx=0 tx=0 comp rx=0 tx=0).stop
2023-12-16T20:29:09.759 INFO:teuthology.orchestra.run.smithi059.stdout:/usr/bin/ceph: stderr
2023-12-16T20:29:09.512+0000 7fd76585e700 1 -- 172.21.15.59:0/2546101262 >> 172.21.15.59:0/2546101262 conn(0x7fd7600fda40 msgr2=0x7fd7600ff1c0 unknown :-1 s=STATE_NONE l=0).mark_down
2023-12-16T20:29:09.759 INFO:teuthology.orchestra.run.smithi059.stdout:/usr/bin/ceph: stderr
2023-12-16T20:29:09.512+0000 7fd76585e700 1 -- 172.21.15.59:0/2546101262 shutdown_connections
2023-12-16T20:29:09.759 INFO:teuthology.orchestra.run.smithi059.stdout:/usr/bin/ceph: stderr
2023-12-16T20:29:09.512+0000 7fd76585e700 1 -- 172.21.15.59:0/2546101262 wait complete.
2023-12-16T20:29:09.759 INFO:teuthology.orchestra.run.smithi059.stdout:mgr epoch 9 is available
2023-12-16T20:29:09.759 INFO:teuthology.orchestra.run.smithi059.stdout:Generating a dashboard self-signed certificate...
2023-12-16T20:29:10.470 INFO:journalctl@ceph.mon.smithi059.smithi059.stdout:Dec 16 20:29:10 smithi059 ceph-mon[80919]: [16/Dec/2023:20:29:09] ENGINE Bus STARTING
2023-12-16T20:29:10.470 INFO:journalctl@ceph.mon.smithi059.smithi059.stdout:Dec 16 20:29:10 smithi059 ceph-mon[80919]: [16/Dec/2023:20:29:09] ENGINE Serving on https://172.21.15.59:7150
2023-12-16T20:29:10.470 INFO:journalctl@ceph.mon.smithi059.smithi059.stdout:Dec 16 20:29:10 smithi059 ceph-mon[80919]: [16/Dec/2023:20:29:09] ENGINE Bus STARTED
2023-12-16T20:29:10.471 INFO:journalctl@ceph.mon.smithi059.smithi059.stdout:Dec 16 20:29:10 smithi059 ceph-mon[80919]: from='mgr.14162 172.21.15.59:0/6699725' entity='mgr.smithi059.bqtvcv'
2023-12-16T20:29:10.471 INFO:journalctl@ceph.mon.smithi059.smithi059.stdout:Dec 16 20:29:10 smithi059 ceph-mon[80919]: from='mgr.14162 172.21.15.59:0/6699725' entity='mgr.smithi059.bqtvcv'
2023-12-16T20:29:10.471 INFO:journalctl@ceph.mon.smithi059.smithi059.stdout:Dec 16 20:29:10 smithi059 ceph-mon[80919]: from='client.14166 -' entity='client.admin' cmd=[{"prefix": "get_command_descriptions"}]: dispatch
2023-12-16T20:29:10.471 INFO:journalctl@ceph.mon.smithi059.smithi059.stdout:Dec 16 20:29:10 smithi059 ceph-mon[80919]: mgrmap e11: smithi059.bqtvcv(active, since 1.00561s)
2023-12-16T20:29:10.471 INFO:journalctl@ceph.mon.smithi059.smithi059.stdout:Dec 16 20:29:10 smithi059 ceph-mon[80919]: from='client.14166 -' entity='client.admin' cmd=[{"prefix": "mgr_status"}]: dispatch
2023-12-16T20:29:10.471 INFO:journalctl@ceph.mon.smithi059.smithi059.stdout:Dec 16 20:29:10 smithi059 ceph-mon[80919]: from='mgr.14162 172.21.15.59:0/6699725' entity='mgr.smithi059.bqtvcv'
2023-12-16T20:29:10.471 INFO:journalctl@ceph.mon.smithi059.smithi059.stdout:Dec 16 20:29:10 smithi059 ceph-mon[80919]: from='mgr.14162 172.21.15.59:0/6699725' entity='mgr.smithi059.bqtvcv'
2023-12-16T20:29:10.471 INFO:journalctl@ceph.mon.smithi059.smithi059.stdout:Dec 16 20:29:10 smithi059 ceph-mon[80919]: from='mgr.14162 172.21.15.59:0/6699725' entity='mgr.smithi059.bqtvcv'
2023-12-16T20:29:10.577 INFO:teuthology.orchestra.run.smithi059.stdout:/usr/bin/ceph: stdout Self-signed certificate created
2023-12-16T20:29:10.577 INFO:teuthology.orchestra.run.smithi059.stdout:/usr/bin/ceph: stderr
2023-12-16T20:29:10.004+0000 7f1268852700 1 Processor -- start
2023-12-16T20:29:10.577 INFO:teuthology.orchestra.run.smithi059.stdout:/usr/bin/ceph: stderr
2023-12-16T20:29:10.004+0000 7f1268852700 1 -- start start
2023-12-16T20:29:10.577 INFO:teuthology.orchestra.run.smithi059.stdout:/usr/bin/ceph: stderr
2023-12-16T20:29:10.004+0000 7f1268852700 1 --2- >> [v2:172.21.15.59:3300/0,v1:172.21.15.59:6789/0] conn(0x7f12641011d0 0x7f12641015e0 unknown :-1 s=NONE pgs=0 cs=0 l=0 rev1=0 crypto rx=0 tx=0 comp rx=0 tx=0).connect
2023-12-16T20:29:10.577 INFO:teuthology.orchestra.run.smithi059.stdout:/usr/bin/ceph: stderr
2023-12-16T20:29:10.005+0000 7f1268852700 1 -- --> [v2:172.21.15.59:3300/0,v1:172.21.15.59:6789/0] -- mon_getmap magic: 0 v1 -- 0x7f1264101b20 con 0x7f12641011d0
2023-12-16T20:29:10.578 INFO:teuthology.orchestra.run.smithi059.stdout:/usr/bin/ceph: stderr
2023-12-16T20:29:10.005+0000 7f126259c700 1 --2- >> [v2:172.21.15.59:3300/0,v1:172.21.15.59:6789/0] conn(0x7f12641011d0 0x7f12641015e0 unknown :-1 s=BANNER_CONNECTING pgs=0 cs=0 l=0 rev1=0 crypto rx=0 tx=0 comp rx=0 tx=0)._handle_peer_banner_payload supported=3 required=0
2023-12-16T20:29:10.578 INFO:teuthology.orchestra.run.smithi059.stdout:/usr/bin/ceph: stderr
2023-12-16T20:29:10.005+0000 7f126259c700 1 --2- >> [v2:172.21.15.59:3300/0,v1:172.21.15.59:6789/0] conn(0x7f12641011d0 0x7f12641015e0 unknown :-1 s=HELLO_CONNECTING pgs=0 cs=0 l=0 rev1=1 crypto rx=0 tx=0 comp rx=0 tx=0).handle_hello peer v2:172.21.15.59:3300/0 says I am v2:172.21.15.59:47414/0 (socket says 172.21.15.59:47414)
2023-12-16T20:29:10.578 INFO:teuthology.orchestra.run.smithi059.stdout:/usr/bin/ceph: stderr
2023-12-16T20:29:10.005+0000 7f126259c700 1 -- 172.21.15.59:0/4290272399 learned_addr learned my addr 172.21.15.59:0/4290272399 (peer_addr_for_me v2:172.21.15.59:0/0)
2023-12-16T20:29:10.578 INFO:teuthology.orchestra.run.smithi059.stdout:/usr/bin/ceph: stderr
2023-12-16T20:29:10.005+0000 7f126259c700 1 -- 172.21.15.59:0/4290272399 --> [v2:172.21.15.59:3300/0,v1:172.21.15.59:6789/0] -- mon_subscribe({config=0+,monmap=0+}) v3 -- 0x7f1264101c60 con 0x7f12641011d0
2023-12-16T20:29:10.578 INFO:teuthology.orchestra.run.smithi059.stdout:/usr/bin/ceph: stderr
