2023-12-16T20:28:58.973 INFO:teuthology.orchestra.run.smithi059.stdout:/usr/bin/ceph: stderr
2023-12-16T20:28:58.527+0000 7f76437fe700 1 -- 172.21.15.59:0/2950186088 <== mon.0 v2:172.21.15.59:3300/0 6 ==== mon_command_ack([{"prefix": "get_command_descriptions"}]=0 v0) v1 ==== 72+0+174570 (secure 0 0 0) 0x7f7644019b10 con 0x7f764c078ce0
2023-12-16T20:28:58.974 INFO:teuthology.orchestra.run.smithi059.stdout:/usr/bin/ceph: stderr
2023-12-16T20:28:58.739+0000 7f765105b700 1 -- 172.21.15.59:0/2950186088 --> [v2:172.21.15.59:6800/1997095785,v1:172.21.15.59:6801/1997095785] -- mgr_command(tid 0: {"prefix": "orch apply", "service_type": "alertmanager", "target": ["mon-mgr", ""]}) v1 -- 0x7f764c1152a0 con 0x7f76380365f0
2023-12-16T20:28:58.974 INFO:teuthology.orchestra.run.smithi059.stdout:/usr/bin/ceph: stderr
2023-12-16T20:28:58.744+0000 7f76437fe700 1 -- 172.21.15.59:0/2950186088 <== mgr.14120 v2:172.21.15.59:6800/1997095785 1 ==== mgr_command_reply(tid 0: 0 ) v1 ==== 8+0+33 (secure 0 0 0) 0x7f764c1152a0 con 0x7f76380365f0
2023-12-16T20:28:58.974 INFO:teuthology.orchestra.run.smithi059.stdout:/usr/bin/ceph: stderr
2023-12-16T20:28:58.746+0000 7f765105b700 1 -- 172.21.15.59:0/2950186088 >> [v2:172.21.15.59:6800/1997095785,v1:172.21.15.59:6801/1997095785] conn(0x7f76380365f0 msgr2=0x7f7638038aa0 secure :-1 s=STATE_CONNECTION_ESTABLISHED l=1).mark_down
2023-12-16T20:28:58.974 INFO:teuthology.orchestra.run.smithi059.stdout:/usr/bin/ceph: stderr
2023-12-16T20:28:58.746+0000 7f765105b700 1 --2- 172.21.15.59:0/2950186088 >> [v2:172.21.15.59:6800/1997095785,v1:172.21.15.59:6801/1997095785] conn(0x7f76380365f0 0x7f7638038aa0 secure :-1 s=READY pgs=18 cs=0 l=1 rev1=1 crypto rx=0x7f7634009990 tx=0x7f7634006e40 comp rx=0 tx=0).stop
2023-12-16T20:28:58.974 INFO:teuthology.orchestra.run.smithi059.stdout:/usr/bin/ceph: stderr
2023-12-16T20:28:58.746+0000 7f765105b700 1 -- 172.21.15.59:0/2950186088 >> [v2:172.21.15.59:3300/0,v1:172.21.15.59:6789/0] conn(0x7f764c078ce0 msgr2=0x7f764c1133a0 secure :-1 s=STATE_CONNECTION_ESTABLISHED l=1).mark_down
2023-12-16T20:28:58.974 INFO:teuthology.orchestra.run.smithi059.stdout:/usr/bin/ceph: stderr
2023-12-16T20:28:58.746+0000 7f765105b700 1 --2- 172.21.15.59:0/2950186088 >> [v2:172.21.15.59:3300/0,v1:172.21.15.59:6789/0] conn(0x7f764c078ce0 0x7f764c1133a0 secure :-1 s=READY pgs=60 cs=0 l=1 rev1=1 crypto rx=0x7f7644009fd0 tx=0x7f7644009840 comp rx=0 tx=0).stop
2023-12-16T20:28:58.974 INFO:teuthology.orchestra.run.smithi059.stdout:/usr/bin/ceph: stderr
2023-12-16T20:28:58.746+0000 7f765105b700 1 -- 172.21.15.59:0/2950186088 shutdown_connections
2023-12-16T20:28:58.974 INFO:teuthology.orchestra.run.smithi059.stdout:/usr/bin/ceph: stderr
2023-12-16T20:28:58.746+0000 7f765105b700 1 --2- 172.21.15.59:0/2950186088 >> [v2:172.21.15.59:6800/1997095785,v1:172.21.15.59:6801/1997095785] conn(0x7f76380365f0 0x7f7638038aa0 unknown :-1 s=CLOSED pgs=18 cs=0 l=1 rev1=1 crypto rx=0 tx=0 comp rx=0 tx=0).stop
2023-12-16T20:28:58.974 INFO:teuthology.orchestra.run.smithi059.stdout:/usr/bin/ceph: stderr
2023-12-16T20:28:58.746+0000 7f765105b700 1 --2- 172.21.15.59:0/2950186088 >> [v2:172.21.15.59:3300/0,v1:172.21.15.59:6789/0] conn(0x7f764c078ce0 0x7f764c1133a0 unknown :-1 s=CLOSED pgs=60 cs=0 l=1 rev1=1 crypto rx=0 tx=0 comp rx=0 tx=0).stop
2023-12-16T20:28:58.974 INFO:teuthology.orchestra.run.smithi059.stdout:/usr/bin/ceph: stderr
2023-12-16T20:28:58.746+0000 7f765105b700 1 -- 172.21.15.59:0/2950186088 >> 172.21.15.59:0/2950186088 conn(0x7f764c0fda10 msgr2=0x7f764c0ffe20 unknown :-1 s=STATE_NONE l=0).mark_down
2023-12-16T20:28:58.974 INFO:teuthology.orchestra.run.smithi059.stdout:/usr/bin/ceph: stderr
2023-12-16T20:28:58.746+0000 7f765105b700 1 -- 172.21.15.59:0/2950186088 shutdown_connections
2023-12-16T20:28:58.974 INFO:teuthology.orchestra.run.smithi059.stdout:/usr/bin/ceph: stderr
2023-12-16T20:28:58.746+0000 7f765105b700 1 -- 172.21.15.59:0/2950186088 wait complete.
2023-12-16T20:28:59.645 INFO:teuthology.orchestra.run.smithi059.stdout:/usr/bin/ceph: stderr
2023-12-16T20:28:59.196+0000 7f12e6880700 1 Processor -- start
2023-12-16T20:28:59.645 INFO:teuthology.orchestra.run.smithi059.stdout:/usr/bin/ceph: stderr
2023-12-16T20:28:59.196+0000 7f12e6880700 1 -- start start
2023-12-16T20:28:59.645 INFO:teuthology.orchestra.run.smithi059.stdout:/usr/bin/ceph: stderr
2023-12-16T20:28:59.196+0000 7f12e6880700 1 --2- >> [v2:172.21.15.59:3300/0,v1:172.21.15.59:6789/0] conn(0x7f12e01011d0 0x7f12e01015e0 unknown :-1 s=NONE pgs=0 cs=0 l=0 rev1=0 crypto rx=0 tx=0 comp rx=0 tx=0).connect
2023-12-16T20:28:59.645 INFO:teuthology.orchestra.run.smithi059.stdout:/usr/bin/ceph: stderr
2023-12-16T20:28:59.196+0000 7f12e6880700 1 -- --> [v2:172.21.15.59:3300/0,v1:172.21.15.59:6789/0] -- mon_getmap magic: 0 v1 -- 0x7f12e0101b20 con 0x7f12e01011d0
2023-12-16T20:28:59.646 INFO:teuthology.orchestra.run.smithi059.stdout:/usr/bin/ceph: stderr
2023-12-16T20:28:59.196+0000 7f12dffff700 1 --2- >> [v2:172.21.15.59:3300/0,v1:172.21.15.59:6789/0] conn(0x7f12e01011d0 0x7f12e01015e0 unknown :-1 s=BANNER_CONNECTING pgs=0 cs=0 l=0 rev1=0 crypto rx=0 tx=0 comp rx=0 tx=0)._handle_peer_banner_payload supported=3 required=0
2023-12-16T20:28:59.646 INFO:teuthology.orchestra.run.smithi059.stdout:/usr/bin/ceph: stderr
2023-12-16T20:28:59.196+0000 7f12dffff700 1 --2- >> [v2:172.21.15.59:3300/0,v1:172.21.15.59:6789/0] conn(0x7f12e01011d0 0x7f12e01015e0 unknown :-1 s=HELLO_CONNECTING pgs=0 cs=0 l=0 rev1=1 crypto rx=0 tx=0 comp rx=0 tx=0).handle_hello peer v2:172.21.15.59:3300/0 says I am v2:172.21.15.59:58330/0 (socket says 172.21.15.59:58330)
2023-12-16T20:28:59.646 INFO:teuthology.orchestra.run.smithi059.stdout:/usr/bin/ceph: stderr
2023-12-16T20:28:59.196+0000 7f12dffff700 1 -- 172.21.15.59:0/3412520132 learned_addr learned my addr 172.21.15.59:0/3412520132 (peer_addr_for_me v2:172.21.15.59:0/0)
2023-12-16T20:28:59.646 INFO:teuthology.orchestra.run.smithi059.stdout:/usr/bin/ceph: stderr
2023-12-16T20:28:59.197+0000 7f12dffff700 1 -- 172.21.15.59:0/3412520132 --> [v2:172.21.15.59:3300/0,v1:172.21.15.59:6789/0] -- mon_subscribe({config=0+,monmap=0+}) v3 -- 0x7f12e0101c60 con 0x7f12e01011d0
2023-12-16T20:28:59.646 INFO:teuthology.orchestra.run.smithi059.stdout:/usr/bin/ceph: stderr
2023-12-16T20:28:59.197+0000 7f12dffff700 1 --2- 172.21.15.59:0/3412520132 >> [v2:172.21.15.59:3300/0,v1:172.21.15.59:6789/0] conn(0x7f12e01011d0 0x7f12e01015e0 secure :-1 s=READY pgs=61 cs=0 l=1 rev1=1 crypto rx=0x7f12d00098e0 tx=0x7f12d0009250 comp rx=0 tx=0).ready entity=mon.0 client_cookie=a13df7c0d1b3d1ba server_cookie=0 in_seq=0 out_seq=0
2023-12-16T20:28:59.646 INFO:teuthology.orchestra.run.smithi059.stdout:/usr/bin/ceph: stderr
2023-12-16T20:28:59.197+0000 7f12deffd700 1 -- 172.21.15.59:0/3412520132 <== mon.0 v2:172.21.15.59:3300/0 1 ==== mon_map magic: 0 v1 ==== 229+0+0 (secure 0 0 0) 0x7f12d000b860 con 0x7f12e01011d0
2023-12-16T20:28:59.646 INFO:teuthology.orchestra.run.smithi059.stdout:/usr/bin/ceph: stderr
2023-12-16T20:28:59.197+0000 7f12deffd700 1 -- 172.21.15.59:0/3412520132 <== mon.0 v2:172.21.15.59:3300/0 2 ==== config(26 keys) v1 ==== 1074+0+0 (secure 0 0 0) 0x7f12d000be70 con 0x7f12e01011d0
2023-12-16T20:28:59.646 INFO:teuthology.orchestra.run.smithi059.stdout:/usr/bin/ceph: stderr
2023-12-16T20:28:59.197+0000 7f12deffd700 1 -- 172.21.15.59:0/3412520132 <== mon.0 v2:172.21.15.59:3300/0 3 ==== mon_map magic: 0 v1 ==== 229+0+0 (secure 0 0 0) 0x7f12d0010380 con 0x7f12e01011d0
2023-12-16T20:28:59.646 INFO:teuthology.orchestra.run.smithi059.stdout:/usr/bin/ceph: stderr
2023-12-16T20:28:59.197+0000 7f12e6880700 1 -- 172.21.15.59:0/3412520132 >> [v2:172.21.15.59:3300/0,v1:172.21.15.59:6789/0] conn(0x7f12e01011d0 msgr2=0x7f12e01015e0 secure :-1 s=STATE_CONNECTION_ESTABLISHED l=1).mark_down
2023-12-16T20:28:59.646 INFO:teuthology.orchestra.run.smithi059.stdout:/usr/bin/ceph: stderr
2023-12-16T20:28:59.197+0000 7f12e6880700 1 --2- 172.21.15.59:0/3412520132 >> [v2:172.21.15.59:3300/0,v1:172.21.15.59:6789/0] conn(0x7f12e01011d0 0x7f12e01015e0 secure :-1 s=READY pgs=61 cs=0 l=1 rev1=1 crypto rx=0x7f12d00098e0 tx=0x7f12d0009250 comp rx=0 tx=0).stop
2023-12-16T20:28:59.646 INFO:teuthology.orchestra.run.smithi059.stdout:/usr/bin/ceph: stderr
2023-12-16T20:28:59.198+0000 7f12e6880700 1 -- 172.21.15.59:0/3412520132 shutdown_connections
2023-12-16T20:28:59.647 INFO:teuthology.orchestra.run.smithi059.stdout:/usr/bin/ceph: stderr
2023-12-16T20:28:59.198+0000 7f12e6880700 1 --2- 172.21.15.59:0/3412520132 >> [v2:172.21.15.59:3300/0,v1:172.21.15.59:6789/0] conn(0x7f12e01011d0 0x7f12e01015e0 unknown :-1 s=CLOSED pgs=61 cs=0 l=1 rev1=1 crypto rx=0 tx=0 comp rx=0 tx=0).stop
2023-12-16T20:28:59.647 INFO:teuthology.orchestra.run.smithi059.stdout:/usr/bin/ceph: stderr
2023-12-16T20:28:59.198+0000 7f12e6880700 1 -- 172.21.15.59:0/3412520132 >> 172.21.15.59:0/3412520132 conn(0x7f12e00fc950 msgr2=0x7f12e00fed60 unknown :-1 s=STATE_NONE l=0).mark_down
2023-12-16T20:28:59.647 INFO:teuthology.orchestra.run.smithi059.stdout:/usr/bin/ceph: stderr
2023-12-16T20:28:59.198+0000 7f12e6880700 1 -- 172.21.15.59:0/3412520132 shutdown_connections
2023-12-16T20:28:59.647 INFO:teuthology.orchestra.run.smithi059.stdout:/usr/bin/ceph: stderr
2023-12-16T20:28:59.198+0000 7f12e6880700 1 -- 172.21.15.59:0/3412520132 wait complete.
2023-12-16T20:28:59.647 INFO:teuthology.orchestra.run.smithi059.stdout:/usr/bin/ceph: stderr
2023-12-16T20:28:59.198+0000 7f12e6880700 1 Processor -- start
2023-12-16T20:28:59.647 INFO:teuthology.orchestra.run.smithi059.stdout:/usr/bin/ceph: stderr
2023-12-16T20:28:59.198+0000 7f12e6880700 1 -- start start
2023-12-16T20:28:59.647 INFO:teuthology.orchestra.run.smithi059.stdout:/usr/bin/ceph: stderr
2023-12-16T20:28:59.198+0000 7f12e6880700 1 --2- >> [v2:172.21.15.59:3300/0,v1:172.21.15.59:6789/0] conn(0x7f12e01011d0 0x7f12e0111180 unknown :-1 s=NONE pgs=0 cs=0 l=1 rev1=0 crypto rx=0 tx=0 comp rx=0 tx=0).connect
2023-12-16T20:28:59.647 INFO:teuthology.orchestra.run.smithi059.stdout:/usr/bin/ceph: stderr
2023-12-16T20:28:59.199+0000 7f12e6880700 1 -- --> [v2:172.21.15.59:3300/0,v1:172.21.15.59:6789/0] -- mon_getmap magic: 0 v1 -- 0x7f12e01116c0 con 0x7f12e01011d0
2023-12-16T20:28:59.647 INFO:teuthology.orchestra.run.smithi059.stdout:/usr/bin/ceph: stderr
2023-12-16T20:28:59.199+0000 7f12dffff700 1 --2- >> [v2:172.21.15.59:3300/0,v1:172.21.15.59:6789/0] conn(0x7f12e01011d0 0x7f12e0111180 unknown :-1 s=BANNER_CONNECTING pgs=0 cs=0 l=1 rev1=0 crypto rx=0 tx=0 comp rx=0 tx=0)._handle_peer_banner_payload supported=3 required=0
2023-12-16T20:28:59.647 INFO:teuthology.orchestra.run.smithi059.stdout:/usr/bin/ceph: stderr
2023-12-16T20:28:59.199+0000 7f12dffff700 1 --2- >> [v2:172.21.15.59:3300/0,v1:172.21.15.59:6789/0] conn(0x7f12e01011d0 0x7f12e0111180 unknown :-1 s=HELLO_CONNECTING pgs=0 cs=0 l=1 rev1=1 crypto rx=0 tx=0 comp rx=0 tx=0).handle_hello peer v2:172.21.15.59:3300/0 says I am v2:172.21.15.59:58336/0 (socket says 172.21.15.59:58336)
2023-12-16T20:28:59.647 INFO:teuthology.orchestra.run.smithi059.stdout:/usr/bin/ceph: stderr
2023-12-16T20:28:59.199+0000 7f12dffff700 1 -- 172.21.15.59:0/1176091031 learned_addr learned my addr 172.21.15.59:0/1176091031 (peer_addr_for_me v2:172.21.15.59:0/0)
2023-12-16T20:28:59.647 INFO:teuthology.orchestra.run.smithi059.stdout:/usr/bin/ceph: stderr
2023-12-16T20:28:59.199+0000 7f12dffff700 1 -- 172.21.15.59:0/1176091031 --> [v2:172.21.15.59:3300/0,v1:172.21.15.59:6789/0] -- mon_subscribe({config=0+,monmap=0+}) v3 -- 0x7f12d00094f0 con 0x7f12e01011d0
2023-12-16T20:28:59.647 INFO:teuthology.orchestra.run.smithi059.stdout:/usr/bin/ceph: stderr
2023-12-16T20:28:59.199+0000 7f12dffff700 1 --2- 172.21.15.59:0/1176091031 >> [v2:172.21.15.59:3300/0,v1:172.21.15.59:6789/0] conn(0x7f12e01011d0 0x7f12e0111180 secure :-1 s=READY pgs=62 cs=0 l=1 rev1=1 crypto rx=0x7f12d000c010 tx=0x7f12d0009250 comp rx=0 tx=0).ready entity=mon.0 client_cookie=0 server_cookie=0 in_seq=0 out_seq=0
2023-12-16T20:28:59.647 INFO:teuthology.orchestra.run.smithi059.stdout:/usr/bin/ceph: stderr
2023-12-16T20:28:59.199+0000 7f12dcff9700 1 -- 172.21.15.59:0/1176091031 <== mon.0 v2:172.21.15.59:3300/0 1 ==== mon_map magic: 0 v1 ==== 229+0+0 (secure 0 0 0) 0x7f12d0010960 con 0x7f12e01011d0
2023-12-16T20:28:59.647 INFO:teuthology.orchestra.run.smithi059.stdout:/usr/bin/ceph: stderr
2023-12-16T20:28:59.199+0000 7f12dcff9700 1 -- 172.21.15.59:0/1176091031 <== mon.0 v2:172.21.15.59:3300/0 2 ==== config(26 keys) v1 ==== 1074+0+0 (secure 0 0 0) 0x7f12d001a430 con 0x7f12e01011d0
2023-12-16T20:28:59.648 INFO:teuthology.orchestra.run.smithi059.stdout:/usr/bin/ceph: stderr
2023-12-16T20:28:59.199+0000 7f12e6880700 1 -- 172.21.15.59:0/1176091031 --> [v2:172.21.15.59:3300/0,v1:172.21.15.59:6789/0] -- mon_subscribe({mgrmap=0+}) v3 -- 0x7f12e01118c0 con 0x7f12e01011d0
2023-12-16T20:28:59.648 INFO:teuthology.orchestra.run.smithi059.stdout:/usr/bin/ceph: stderr
2023-12-16T20:28:59.199+0000 7f12dcff9700 1 -- 172.21.15.59:0/1176091031 <== mon.0 v2:172.21.15.59:3300/0 3 ==== mon_map magic: 0 v1 ==== 229+0+0 (secure 0 0 0) 0x7f12d0019580 con 0x7f12e01011d0
2023-12-16T20:28:59.648 INFO:teuthology.orchestra.run.smithi059.stdout:/usr/bin/ceph: stderr
2023-12-16T20:28:59.199+0000 7f12e6880700 1 -- 172.21.15.59:0/1176091031 --> [v2:172.21.15.59:3300/0,v1:172.21.15.59:6789/0] -- mon_subscribe({osdmap=0}) v3 -- 0x7f12e0111cd0 con 0x7f12e01011d0
2023-12-16T20:28:59.648 INFO:teuthology.orchestra.run.smithi059.stdout:/usr/bin/ceph: stderr
2023-12-16T20:28:59.200+0000 7f12dcff9700 1 -- 172.21.15.59:0/1176091031 <== mon.0 v2:172.21.15.59:3300/0 4 ==== mgrmap(e 8) v1 ==== 43281+0+0 (secure 0 0 0) 0x7f12d0019800 con 0x7f12e01011d0
2023-12-16T20:28:59.649 INFO:teuthology.orchestra.run.smithi059.stdout:/usr/bin/ceph: stderr
2023-12-16T20:28:59.200+0000 7f12dcff9700 1 --2- 172.21.15.59:0/1176091031 >> [v2:172.21.15.59:6800/1997095785,v1:172.21.15.59:6801/1997095785] conn(0x7f12cc0365f0 0x7f12cc038aa0 unknown :-1 s=NONE pgs=0 cs=0 l=1 rev1=0 crypto rx=0 tx=0 comp rx=0 tx=0).connect
2023-12-16T20:28:59.649 INFO:teuthology.orchestra.run.smithi059.stdout:/usr/bin/ceph: stderr
2023-12-16T20:28:59.200+0000 7f12dcff9700 1 -- 172.21.15.59:0/1176091031 <== mon.0 v2:172.21.15.59:3300/0 5 ==== osd_map(2..2 src has 1..2) v4 ==== 936+0+0 (secure 0 0 0) 0x7f12d004a3d0 con 0x7f12e01011d0
2023-12-16T20:28:59.649 INFO:teuthology.orchestra.run.smithi059.stdout:/usr/bin/ceph: stderr
2023-12-16T20:28:59.200+0000 7f12e6880700 1 -- 172.21.15.59:0/1176091031 --> [v2:172.21.15.59:3300/0,v1:172.21.15.59:6789/0] -- mon_command({"prefix": "get_command_descriptions"} v 0) v1 -- 0x7f12e004bb80 con 0x7f12e01011d0
2023-12-16T20:28:59.649 INFO:teuthology.orchestra.run.smithi059.stdout:/usr/bin/ceph: stderr
2023-12-16T20:28:59.200+0000 7f12df7fe700 1 --2- 172.21.15.59:0/1176091031 >> [v2:172.21.15.59:6800/1997095785,v1:172.21.15.59:6801/1997095785] conn(0x7f12cc0365f0 0x7f12cc038aa0 unknown :-1 s=BANNER_CONNECTING pgs=0 cs=0 l=1 rev1=0 crypto rx=0 tx=0 comp rx=0 tx=0)._handle_peer_banner_payload supported=3 required=0
2023-12-16T20:28:59.649 INFO:teuthology.orchestra.run.smithi059.stdout:/usr/bin/ceph: stderr
2023-12-16T20:28:59.201+0000 7f12df7fe700 1 --2- 172.21.15.59:0/1176091031 >> [v2:172.21.15.59:6800/1997095785,v1:172.21.15.59:6801/1997095785] conn(0x7f12cc0365f0 0x7f12cc038aa0 secure :-1 s=READY pgs=19 cs=0 l=1 rev1=1 crypto rx=0x7f12c8009990 tx=0x7f12c8006e40 comp rx=0 tx=0).ready entity=mgr.14120 client_cookie=0 server_cookie=0 in_seq=0 out_seq=0
2023-12-16T20:28:59.649 INFO:teuthology.orchestra.run.smithi059.stdout:/usr/bin/ceph: stderr
2023-12-16T20:28:59.205+0000 7f12dcff9700 1 -- 172.21.15.59:0/1176091031 <== mon.0 v2:172.21.15.59:3300/0 6 ==== mon_command_ack([{"prefix": "get_command_descriptions"}]=0 v0) v1 ==== 72+0+174570 (secure 0 0 0) 0x7f12d002bb50 con 0x7f12e01011d0
2023-12-16T20:28:59.649 INFO:teuthology.orchestra.run.smithi059.stdout:/usr/bin/ceph: stderr
2023-12-16T20:28:59.400+0000 7f12e6880700 1 -- 172.21.15.59:0/1176091031 --> [v2:172.21.15.59:3300/0,v1:172.21.15.59:6789/0] -- mon_command([{prefix=config set, name=mgr/cephadm/container_init}] v 0) v1 -- 0x7f12e0102fb0 con 0x7f12e01011d0
2023-12-16T20:28:59.649 INFO:teuthology.orchestra.run.smithi059.stdout:/usr/bin/ceph: stderr
2023-12-16T20:28:59.403+0000 7f12dcff9700 1 -- 172.21.15.59:0/1176091031 <== mon.0 v2:172.21.15.59:3300/0 7 ==== mon_command_ack([{prefix=config set, name=mgr/cephadm/container_init}]=0 v7)=0 v7) v1 ==== 142+0+0 (secure 0 0 0) 0x7f12d0023e40 con 0x7f12e01011d0
2023-12-16T20:28:59.649 INFO:teuthology.orchestra.run.smithi059.stdout:/usr/bin/ceph: stderr
2023-12-16T20:28:59.405+0000 7f12e6880700 1 -- 172.21.15.59:0/1176091031 >> [v2:172.21.15.59:6800/1997095785,v1:172.21.15.59:6801/1997095785] conn(0x7f12cc0365f0 msgr2=0x7f12cc038aa0 secure :-1 s=STATE_CONNECTION_ESTABLISHED l=1).mark_down
2023-12-16T20:28:59.649 INFO:teuthology.orchestra.run.smithi059.stdout:/usr/bin/ceph: stderr
2023-12-16T20:28:59.405+0000 7f12e6880700 1 --2- 172.21.15.59:0/1176091031 >> [v2:172.21.15.59:6800/1997095785,v1:172.21.15.59:6801/1997095785] conn(0x7f12cc0365f0 0x7f12cc038aa0 secure :-1 s=READY pgs=19 cs=0 l=1 rev1=1 crypto rx=0x7f12c8009990 tx=0x7f12c8006e40 comp rx=0 tx=0).stop
2023-12-16T20:28:59.649 INFO:teuthology.orchestra.run.smithi059.stdout:/usr/bin/ceph: stderr
2023-12-16T20:28:59.405+0000 7f12e6880700 1 -- 172.21.15.59:0/1176091031 >> [v2:172.21.15.59:3300/0,v1:172.21.15.59:6789/0] conn(0x7f12e01011d0 msgr2=0x7f12e0111180 secure :-1 s=STATE_CONNECTION_ESTABLISHED l=1).mark_down
2023-12-16T20:28:59.649 INFO:teuthology.orchestra.run.smithi059.stdout:/usr/bin/ceph: stderr
2023-12-16T20:28:59.405+0000 7f12e6880700 1 --2- 172.21.15.59:0/1176091031 >> [v2:172.21.15.59:3300/0,v1:172.21.15.59:6789/0] conn(0x7f12e01011d0 0x7f12e0111180 secure :-1 s=READY pgs=62 cs=0 l=1 rev1=1 crypto rx=0x7f12d000c010 tx=0x7f12d0009250 comp rx=0 tx=0).stop
2023-12-16T20:28:59.649 INFO:teuthology.orchestra.run.smithi059.stdout:/usr/bin/ceph: stderr
2023-12-16T20:28:59.405+0000 7f12e6880700 1 -- 172.21.15.59:0/1176091031 shutdown_connections
2023-12-16T20:28:59.649 INFO:teuthology.orchestra.run.smithi059.stdout:/usr/bin/ceph: stderr
2023-12-16T20:28:59.405+0000 7f12e6880700 1 --2- 172.21.15.59:0/1176091031 >> [v2:172.21.15.59:6800/1997095785,v1:172.21.15.59:6801/1997095785] conn(0x7f12cc0365f0 0x7f12cc038aa0 unknown :-1 s=CLOSED pgs=19 cs=0 l=1 rev1=1 crypto rx=0 tx=0 comp rx=0 tx=0).stop
2023-12-16T20:28:59.650 INFO:teuthology.orchestra.run.smithi059.stdout:/usr/bin/ceph: stderr
2023-12-16T20:28:59.405+0000 7f12e6880700 1 --2- 172.21.15.59:0/1176091031 >> [v2:172.21.15.59:3300/0,v1:172.21.15.59:6789/0] conn(0x7f12e01011d0 0x7f12e0111180 unknown :-1 s=CLOSED pgs=62 cs=0 l=1 rev1=1 crypto rx=0 tx=0 comp rx=0 tx=0).stop
2023-12-16T20:28:59.650 INFO:teuthology.orchestra.run.smithi059.stdout:/usr/bin/ceph: stderr
2023-12-16T20:28:59.405+0000 7f12e6880700 1 -- 172.21.15.59:0/1176091031 >> 172.21.15.59:0/1176091031 conn(0x7f12e00fc950 msgr2=0x7f12e00fe150 unknown :-1 s=STATE_NONE l=0).mark_down
2023-12-16T20:28:59.650 INFO:teuthology.orchestra.run.smithi059.stdout:/usr/bin/ceph: stderr
2023-12-16T20:28:59.405+0000 7f12e6880700 1 -- 172.21.15.59:0/1176091031 shutdown_connections
2023-12-16T20:28:59.650 INFO:teuthology.orchestra.run.smithi059.stdout:/usr/bin/ceph: stderr
2023-12-16T20:28:59.406+0000 7f12e6880700 1 -- 172.21.15.59:0/1176091031 wait complete.
2023-12-16T20:28:59.712 INFO:journalctl@ceph.mon.smithi059.smithi059.stdout:Dec 16 20:28:59 smithi059 ceph-mon[80919]: from='client.14152 -' entity='client.admin' cmd=[{"prefix": "orch apply", "service_type": "node-exporter", "target": ["mon-mgr", ""]}]: dispatch
2023-12-16T20:28:59.712 INFO:journalctl@ceph.mon.smithi059.smithi059.stdout:Dec 16 20:28:59 smithi059 ceph-mon[80919]: Saving service node-exporter spec with placement *
2023-12-16T20:28:59.712 INFO:journalctl@ceph.mon.smithi059.smithi059.stdout:Dec 16 20:28:59 smithi059 ceph-mon[80919]: from='mgr.14120 172.21.15.59:0/524103438' entity='mgr.smithi059.bqtvcv'
2023-12-16T20:28:59.712 INFO:journalctl@ceph.mon.smithi059.smithi059.stdout:Dec 16 20:28:59 smithi059 ceph-mon[80919]: from='client.? 172.21.15.59:0/1176091031' entity='client.admin'
2023-12-16T20:29:00.395 INFO:teuthology.orchestra.run.smithi059.stdout:/usr/bin/ceph: stderr
2023-12-16T20:28:59.887+0000 7f2c30de7700 1 Processor -- start
2023-12-16T20:29:00.395 INFO:teuthology.orchestra.run.smithi059.stdout:/usr/bin/ceph: stderr
2023-12-16T20:28:59.887+0000 7f2c30de7700 1 -- start start
2023-12-16T20:29:00.395 INFO:teuthology.orchestra.run.smithi059.stdout:/usr/bin/ceph: stderr
2023-12-16T20:28:59.887+0000 7f2c30de7700 1 --2- >> [v2:172.21.15.59:3300/0,v1:172.21.15.59:6789/0] conn(0x7f2c2c1039c0 0x7f2c2c103dd0 unknown :-1 s=NONE pgs=0 cs=0 l=0 rev1=0 crypto rx=0 tx=0 comp rx=0 tx=0).connect
2023-12-16T20:29:00.395 INFO:teuthology.orchestra.run.smithi059.stdout:/usr/bin/ceph: stderr
2023-12-16T20:28:59.887+0000 7f2c30de7700 1 -- --> [v2:172.21.15.59:3300/0,v1:172.21.15.59:6789/0] -- mon_getmap magic: 0 v1 -- 0x7f2c2c104310 con 0x7f2c2c1039c0
2023-12-16T20:29:00.396 INFO:teuthology.orchestra.run.smithi059.stdout:/usr/bin/ceph: stderr
2023-12-16T20:28:59.887+0000 7f2c2a59c700 1 --2- >> [v2:172.21.15.59:3300/0,v1:172.21.15.59:6789/0] conn(0x7f2c2c1039c0 0x7f2c2c103dd0 unknown :-1 s=BANNER_CONNECTING pgs=0 cs=0 l=0 rev1=0 crypto rx=0 tx=0 comp rx=0 tx=0)._handle_peer_banner_payload supported=3 required=0
2023-12-16T20:29:00.396 INFO:teuthology.orchestra.run.smithi059.stdout:/usr/bin/ceph: stderr
2023-12-16T20:28:59.887+0000 7f2c2a59c700 1 --2- >> [v2:172.21.15.59:3300/0,v1:172.21.15.59:6789/0] conn(0x7f2c2c1039c0 0x7f2c2c103dd0 unknown :-1 s=HELLO_CONNECTING pgs=0 cs=0 l=0 rev1=1 crypto rx=0 tx=0 comp rx=0 tx=0).handle_hello peer v2:172.21.15.59:3300/0 says I am v2:172.21.15.59:53192/0 (socket says 172.21.15.59:53192)
2023-12-16T20:29:00.396 INFO:teuthology.orchestra.run.smithi059.stdout:/usr/bin/ceph: stderr
2023-12-16T20:28:59.887+0000 7f2c2a59c700 1 -- 172.21.15.59:0/389967745 learned_addr learned my addr 172.21.15.59:0/389967745 (peer_addr_for_me v2:172.21.15.59:0/0)
2023-12-16T20:29:00.396 INFO:teuthology.orchestra.run.smithi059.stdout:/usr/bin/ceph: stderr
2023-12-16T20:28:59.887+0000 7f2c2a59c700 1 -- 172.21.15.59:0/389967745 --> [v2:172.21.15.59:3300/0,v1:172.21.15.59:6789/0] -- mon_subscribe({config=0+,monmap=0+}) v3 -- 0x7f2c2c101fb0 con 0x7f2c2c1039c0
2023-12-16T20:29:00.396 INFO:teuthology.orchestra.run.smithi059.stdout:/usr/bin/ceph: stderr
2023-12-16T20:28:59.888+0000 7f2c2a59c700 1 --2- 172.21.15.59:0/389967745 >> [v2:172.21.15.59:3300/0,v1:172.21.15.59:6789/0] conn(0x7f2c2c1039c0 0x7f2c2c103dd0 secure :-1 s=READY pgs=63 cs=0 l=1 rev1=1 crypto rx=0x7f2c1c0098e0 tx=0x7f2c1c009250 comp rx=0 tx=0).ready entity=mon.0 client_cookie=da2c6dc6cd0800ce server_cookie=0 in_seq=0 out_seq=0
2023-12-16T20:29:00.396 INFO:teuthology.orchestra.run.smithi059.stdout:/usr/bin/ceph: stderr
2023-12-16T20:28:59.888+0000 7f2c2959a700 1 -- 172.21.15.59:0/389967745 <== mon.0 v2:172.21.15.59:3300/0 1 ==== mon_map magic: 0 v1 ==== 229+0+0 (secure 0 0 0) 0x7f2c1c00b860 con 0x7f2c2c1039c0
2023-12-16T20:29:00.396 INFO:teuthology.orchestra.run.smithi059.stdout:/usr/bin/ceph: stderr
2023-12-16T20:28:59.888+0000 7f2c2959a700 1 -- 172.21.15.59:0/389967745 <== mon.0 v2:172.21.15.59:3300/0 2 ==== config(26 keys) v1 ==== 1074+0+0 (secure 0 0 0) 0x7f2c1c00be70 con 0x7f2c2c1039c0
2023-12-16T20:29:00.396 INFO:teuthology.orchestra.run.smithi059.stdout:/usr/bin/ceph: stderr
2023-12-16T20:28:59.888+0000 7f2c2959a700 1 -- 172.21.15.59:0/389967745 <== mon.0 v2:172.21.15.59:3300/0 3 ==== mon_map magic: 0 v1 ==== 229+0+0 (secure 0 0 0) 0x7f2c1c010380 con 0x7f2c2c1039c0
2023-12-16T20:29:00.396 INFO:teuthology.orchestra.run.smithi059.stdout:/usr/bin/ceph: stderr
2023-12-16T20:28:59.888+0000 7f2c30de7700 1 -- 172.21.15.59:0/389967745 >> [v2:172.21.15.59:3300/0,v1:172.21.15.59:6789/0] conn(0x7f2c2c1039c0 msgr2=0x7f2c2c103dd0 secure :-1 s=STATE_CONNECTION_ESTABLISHED l=1).mark_down
2023-12-16T20:29:00.396 INFO:teuthology.orchestra.run.smithi059.stdout:/usr/bin/ceph: stderr
2023-12-16T20:28:59.888+0000 7f2c30de7700 1 --2- 172.21.15.59:0/389967745 >> [v2:172.21.15.59:3300/0,v1:172.21.15.59:6789/0] conn(0x7f2c2c1039c0 0x7f2c2c103dd0 secure :-1 s=READY pgs=63 cs=0 l=1 rev1=1 crypto rx=0x7f2c1c0098e0 tx=0x7f2c1c009250 comp rx=0 tx=0).stop
2023-12-16T20:29:00.396 INFO:teuthology.orchestra.run.smithi059.stdout:/usr/bin/ceph: stderr
2023-12-16T20:28:59.888+0000 7f2c30de7700 1 -- 172.21.15.59:0/389967745 shutdown_connections
2023-12-16T20:29:00.396 INFO:teuthology.orchestra.run.smithi059.stdout:/usr/bin/ceph: stderr
2023-12-16T20:28:59.888+0000 7f2c30de7700 1 --2- 172.21.15.59:0/389967745 >> [v2:172.21.15.59:3300/0,v1:172.21.15.59:6789/0] conn(0x7f2c2c1039c0 0x7f2c2c103dd0 unknown :-1 s=CLOSED pgs=63 cs=0 l=1 rev1=1 crypto rx=0 tx=0 comp rx=0 tx=0).stop
2023-12-16T20:29:00.396 INFO:teuthology.orchestra.run.smithi059.stdout:/usr/bin/ceph: stderr
2023-12-16T20:28:59.888+0000 7f2c30de7700 1 -- 172.21.15.59:0/389967745 >> 172.21.15.59:0/389967745 conn(0x7f2c2c0fda40 msgr2=0x7f2c2c0ffe70 unknown :-1 s=STATE_NONE l=0).mark_down
2023-12-16T20:29:00.396 INFO:teuthology.orchestra.run.smithi059.stdout:/usr/bin/ceph: stderr
2023-12-16T20:28:59.888+0000 7f2c30de7700 1 -- 172.21.15.59:0/389967745 shutdown_connections
2023-12-16T20:29:00.396 INFO:teuthology.orchestra.run.smithi059.stdout:/usr/bin/ceph: stderr
2023-12-16T20:28:59.888+0000 7f2c30de7700 1 -- 172.21.15.59:0/389967745 wait complete.
2023-12-16T20:29:00.397 INFO:teuthology.orchestra.run.smithi059.stdout:/usr/bin/ceph: stderr
2023-12-16T20:28:59.889+0000 7f2c30de7700 1 Processor -- start
2023-12-16T20:29:00.397 INFO:teuthology.orchestra.run.smithi059.stdout:/usr/bin/ceph: stderr
2023-12-16T20:28:59.889+0000 7f2c30de7700 1 -- start start
2023-12-16T20:29:00.397 INFO:teuthology.orchestra.run.smithi059.stdout:/usr/bin/ceph: stderr
2023-12-16T20:28:59.889+0000 7f2c30de7700 1 --2- >> [v2:172.21.15.59:3300/0,v1:172.21.15.59:6789/0] conn(0x7f2c2c1039c0 0x7f2c2c078d10 unknown :-1 s=NONE pgs=0 cs=0 l=1 rev1=0 crypto rx=0 tx=0 comp rx=0 tx=0).connect
2023-12-16T20:29:00.397 INFO:teuthology.orchestra.run.smithi059.stdout:/usr/bin/ceph: stderr
2023-12-16T20:28:59.889+0000 7f2c30de7700 1 -- --> [v2:172.21.15.59:3300/0,v1:172.21.15.59:6789/0] -- mon_getmap magic: 0 v1 -- 0x7f2c2c077190 con 0x7f2c2c1039c0
2023-12-16T20:29:00.397 INFO:teuthology.orchestra.run.smithi059.stdout:/usr/bin/ceph: stderr
2023-12-16T20:28:59.889+0000 7f2c2a59c700 1 --2- >> [v2:172.21.15.59:3300/0,v1:172.21.15.59:6789/0] conn(0x7f2c2c1039c0 0x7f2c2c078d10 unknown :-1 s=BANNER_CONNECTING pgs=0 cs=0 l=1 rev1=0 crypto rx=0 tx=0 comp rx=0 tx=0)._handle_peer_banner_payload supported=3 required=0
2023-12-16T20:29:00.397 INFO:teuthology.orchestra.run.smithi059.stdout:/usr/bin/ceph: stderr
2023-12-16T20:28:59.889+0000 7f2c2a59c700 1 --2- >> [v2:172.21.15.59:3300/0,v1:172.21.15.59:6789/0] conn(0x7f2c2c1039c0 0x7f2c2c078d10 unknown :-1 s=HELLO_CONNECTING pgs=0 cs=0 l=1 rev1=1 crypto rx=0 tx=0 comp rx=0 tx=0).handle_hello peer v2:172.21.15.59:3300/0 says I am v2:172.21.15.59:53196/0 (socket says 172.21.15.59:53196)
2023-12-16T20:29:00.397 INFO:teuthology.orchestra.run.smithi059.stdout:/usr/bin/ceph: stderr
2023-12-16T20:28:59.889+0000 7f2c2a59c700 1 -- 172.21.15.59:0/2351891702 learned_addr learned my addr 172.21.15.59:0/2351891702 (peer_addr_for_me v2:172.21.15.59:0/0)
2023-12-16T20:29:00.397 INFO:teuthology.orchestra.run.smithi059.stdout:/usr/bin/ceph: stderr
2023-12-16T20:28:59.889+0000 7f2c2a59c700 1 -- 172.21.15.59:0/2351891702 --> [v2:172.21.15.59:3300/0,v1:172.21.15.59:6789/0] -- mon_subscribe({config=0+,monmap=0+}) v3 -- 0x7f2c1c0094f0 con 0x7f2c2c1039c0
2023-12-16T20:29:00.397 INFO:teuthology.orchestra.run.smithi059.stdout:/usr/bin/ceph: stderr
2023-12-16T20:28:59.890+0000 7f2c2a59c700 1 --2- 172.21.15.59:0/2351891702 >> [v2:172.21.15.59:3300/0,v1:172.21.15.59:6789/0] conn(0x7f2c2c1039c0 0x7f2c2c078d10 secure :-1 s=READY pgs=64 cs=0 l=1 rev1=1 crypto rx=0x7f2c1c003080 tx=0x7f2c1c009250 comp rx=0 tx=0).ready entity=mon.0 client_cookie=0 server_cookie=0 in_seq=0 out_seq=0
2023-12-16T20:29:00.397 INFO:teuthology.orchestra.run.smithi059.stdout:/usr/bin/ceph: stderr
2023-12-16T20:28:59.890+0000 7f2c1affd700 1 -- 172.21.15.59:0/2351891702 <== mon.0 v2:172.21.15.59:3300/0 1 ==== mon_map magic: 0 v1 ==== 229+0+0 (secure 0 0 0) 0x7f2c1c010800 con 0x7f2c2c1039c0
2023-12-16T20:29:00.397 INFO:teuthology.orchestra.run.smithi059.stdout:/usr/bin/ceph: stderr
2023-12-16T20:28:59.890+0000 7f2c30de7700 1 -- 172.21.15.59:0/2351891702 --> [v2:172.21.15.59:3300/0,v1:172.21.15.59:6789/0] -- mon_subscribe({mgrmap=0+}) v3 -- 0x7f2c2c077390 con 0x7f2c2c1039c0
2023-12-16T20:29:00.397 INFO:teuthology.orchestra.run.smithi059.stdout:/usr/bin/ceph: stderr
2023-12-16T20:28:59.890+0000 7f2c1affd700 1 -- 172.21.15.59:0/2351891702 <== mon.0 v2:172.21.15.59:3300/0 2 ==== config(26 keys) v1 ==== 1074+0+0 (secure 0 0 0) 0x7f2c1c010e10 con 0x7f2c2c1039c0
2023-12-16T20:29:00.397 INFO:teuthology.orchestra.run.smithi059.stdout:/usr/bin/ceph: stderr
2023-12-16T20:28:59.890+0000 7f2c1affd700 1 -- 172.21.15.59:0/2351891702 <== mon.0 v2:172.21.15.59:3300/0 3 ==== mon_map magic: 0 v1 ==== 229+0+0 (secure 0 0 0) 0x7f2c1c01a430 con 0x7f2c2c1039c0
2023-12-16T20:29:00.397 INFO:teuthology.orchestra.run.smithi059.stdout:/usr/bin/ceph: stderr
2023-12-16T20:28:59.890+0000 7f2c30de7700 1 -- 172.21.15.59:0/2351891702 --> [v2:172.21.15.59:3300/0,v1:172.21.15.59:6789/0] -- mon_subscribe({osdmap=0}) v3 -- 0x7f2c2c0777a0 con 0x7f2c2c1039c0
2023-12-16T20:29:00.397 INFO:teuthology.orchestra.run.smithi059.stdout:/usr/bin/ceph: stderr
2023-12-16T20:28:59.891+0000 7f2c1affd700 1 -- 172.21.15.59:0/2351891702 <== mon.0 v2:172.21.15.59:3300/0 4 ==== mgrmap(e 8) v1 ==== 43281+0+0 (secure 0 0 0) 0x7f2c1c010960 con 0x7f2c2c1039c0
2023-12-16T20:29:00.398 INFO:teuthology.orchestra.run.smithi059.stdout:/usr/bin/ceph: stderr
2023-12-16T20:28:59.891+0000 7f2c30de7700 1 -- 172.21.15.59:0/2351891702 --> [v2:172.21.15.59:3300/0,v1:172.21.15.59:6789/0] -- mon_command({"prefix": "get_command_descriptions"} v 0) v1 -- 0x7f2c2c05f270 con 0x7f2c2c1039c0
2023-12-16T20:29:00.398 INFO:teuthology.orchestra.run.smithi059.stdout:/usr/bin/ceph: stderr
2023-12-16T20:28:59.891+0000 7f2c1affd700 1 --2- 172.21.15.59:0/2351891702 >> [v2:172.21.15.59:6800/1997095785,v1:172.21.15.59:6801/1997095785] conn(0x7f2c140365f0 0x7f2c14038aa0 unknown :-1 s=NONE pgs=0 cs=0 l=1 rev1=0 crypto rx=0 tx=0 comp rx=0 tx=0).connect
2023-12-16T20:29:00.398 INFO:teuthology.orchestra.run.smithi059.stdout:/usr/bin/ceph: stderr
2023-12-16T20:28:59.891+0000 7f2c1affd700 1 -- 172.21.15.59:0/2351891702 <== mon.0 v2:172.21.15.59:3300/0 5 ==== osd_map(2..2 src has 1..2) v4 ==== 936+0+0 (secure 0 0 0) 0x7f2c1c04a5c0 con 0x7f2c2c1039c0
2023-12-16T20:29:00.398 INFO:teuthology.orchestra.run.smithi059.stdout:/usr/bin/ceph: stderr
2023-12-16T20:28:59.891+0000 7f2c29d9b700 1 --2- 172.21.15.59:0/2351891702 >> [v2:172.21.15.59:6800/1997095785,v1:172.21.15.59:6801/1997095785] conn(0x7f2c140365f0 0x7f2c14038aa0 unknown :-1 s=BANNER_CONNECTING pgs=0 cs=0 l=1 rev1=0 crypto rx=0 tx=0 comp rx=0 tx=0)._handle_peer_banner_payload supported=3 required=0
2023-12-16T20:29:00.398 INFO:teuthology.orchestra.run.smithi059.stdout:/usr/bin/ceph: stderr
2023-12-16T20:28:59.891+0000 7f2c29d9b700 1 --2- 172.21.15.59:0/2351891702 >> [v2:172.21.15.59:6800/1997095785,v1:172.21.15.59:6801/1997095785] conn(0x7f2c140365f0 0x7f2c14038aa0 secure :-1 s=READY pgs=20 cs=0 l=1 rev1=1 crypto rx=0x7f2c20009990 tx=0x7f2c20006e40 comp rx=0 tx=0).ready entity=mgr.14120 client_cookie=0 server_cookie=0 in_seq=0 out_seq=0
2023-12-16T20:29:00.398 INFO:teuthology.orchestra.run.smithi059.stdout:/usr/bin/ceph: stderr
2023-12-16T20:28:59.896+0000 7f2c1affd700 1 -- 172.21.15.59:0/2351891702 <== mon.0 v2:172.21.15.59:3300/0 6 ==== mon_command_ack([{"prefix": "get_command_descriptions"}]=0 v0) v1 ==== 72+0+174570 (secure 0 0 0) 0x7f2c1c022990 con 0x7f2c2c1039c0
2023-12-16T20:29:00.398 INFO:teuthology.orchestra.run.smithi059.stdout:/usr/bin/ceph: stderr
2023-12-16T20:29:00.094+0000 7f2c30de7700 1 -- 172.21.15.59:0/2351891702 --> [v2:172.21.15.59:3300/0,v1:172.21.15.59:6789/0] -- mon_command([{prefix=config set, name=mgr/dashboard/ssl_server_port}] v 0) v1 -- 0x7f2c2c102d30 con 0x7f2c2c1039c0
2023-12-16T20:29:00.398 INFO:teuthology.orchestra.run.smithi059.stdout:/usr/bin/ceph: stderr
2023-12-16T20:29:00.097+0000 7f2c1affd700 1 -- 172.21.15.59:0/2351891702 <== mon.0 v2:172.21.15.59:3300/0 7 ==== mon_command_ack([{prefix=config set, name=mgr/dashboard/ssl_server_port}]=0 v8)=0 v8) v1 ==== 130+0+0 (secure 0 0 0) 0x7f2c1c0227b0 con 0x7f2c2c1039c0
2023-12-16T20:29:00.398 INFO:teuthology.orchestra.run.smithi059.stdout:/usr/bin/ceph: stderr
2023-12-16T20:29:00.099+0000 7f2c30de7700 1 -- 172.21.15.59:0/2351891702 >> [v2:172.21.15.59:6800/1997095785,v1:172.21.15.59:6801/1997095785] conn(0x7f2c140365f0 msgr2=0x7f2c14038aa0 secure :-1 s=STATE_CONNECTION_ESTABLISHED l=1).mark_down
2023-12-16T20:29:00.398 INFO:teuthology.orchestra.run.smithi059.stdout:/usr/bin/ceph: stderr
2023-12-16T20:29:00.099+0000 7f2c30de7700 1 --2- 172.21.15.59:0/2351891702 >> [v2:172.21.15.59:6800/1997095785,v1:172.21.15.59:6801/1997095785] conn(0x7f2c140365f0 0x7f2c14038aa0 secure :-1 s=READY pgs=20 cs=0 l=1 rev1=1 crypto rx=0x7f2c20009990 tx=0x7f2c20006e40 comp rx=0 tx=0).stop
2023-12-16T20:29:00.398 INFO:teuthology.orchestra.run.smithi059.stdout:/usr/bin/ceph: stderr
2023-12-16T20:29:00.099+0000 7f2c30de7700 1 -- 172.21.15.59:0/2351891702 >> [v2:172.21.15.59:3300/0,v1:172.21.15.59:6789/0] conn(0x7f2c2c1039c0 msgr2=0x7f2c2c078d10 secure :-1 s=STATE_CONNECTION_ESTABLISHED l=1).mark_down
2023-12-16T20:29:00.398 INFO:teuthology.orchestra.run.smithi059.stdout:/usr/bin/ceph: stderr
2023-12-16T20:29:00.099+0000 7f2c30de7700 1 --2- 172.21.15.59:0/2351891702 >> [v2:172.21.15.59:3300/0,v1:172.21.15.59:6789/0] conn(0x7f2c2c1039c0 0x7f2c2c078d10 secure :-1 s=READY pgs=64 cs=0 l=1 rev1=1 crypto rx=0x7f2c1c003080 tx=0x7f2c1c009250 comp rx=0 tx=0).stop
2023-12-16T20:29:00.398 INFO:teuthology.orchestra.run.smithi059.stdout:/usr/bin/ceph: stderr
2023-12-16T20:29:00.099+0000 7f2c30de7700 1 -- 172.21.15.59:0/2351891702 shutdown_connections
2023-12-16T20:29:00.398 INFO:teuthology.orchestra.run.smithi059.stdout:/usr/bin/ceph: stderr
2023-12-16T20:29:00.099+0000 7f2c30de7700 1 --2- 172.21.15.59:0/2351891702 >> [v2:172.21.15.59:6800/1997095785,v1:172.21.15.59:6801/1997095785] conn(0x7f2c140365f0 0x7f2c14038aa0 unknown :-1 s=CLOSED pgs=20 cs=0 l=1 rev1=1 crypto rx=0 tx=0 comp rx=0 tx=0).stop
2023-12-16T20:29:00.399 INFO:teuthology.orchestra.run.smithi059.stdout:/usr/bin/ceph: stderr
2023-12-16T20:29:00.099+0000 7f2c30de7700 1 --2- 172.21.15.59:0/2351891702 >> [v2:172.21.15.59:3300/0,v1:172.21.15.59:6789/0] conn(0x7f2c2c1039c0 0x7f2c2c078d10 unknown :-1 s=CLOSED pgs=64 cs=0 l=1 rev1=1 crypto rx=0 tx=0 comp rx=0 tx=0).stop
2023-12-16T20:29:00.399 INFO:teuthology.orchestra.run.smithi059.stdout:/usr/bin/ceph: stderr
2023-12-16T20:29:00.099+0000 7f2c30de7700 1 -- 172.21.15.59:0/2351891702 >> 172.21.15.59:0/2351891702 conn(0x7f2c2c0fda40 msgr2=0x7f2c2c0ff190 unknown :-1 s=STATE_NONE l=0).mark_down
2023-12-16T20:29:00.399 INFO:teuthology.orchestra.run.smithi059.stdout:/usr/bin/ceph: stderr
2023-12-16T20:29:00.099+0000 7f2c30de7700 1 -- 172.21.15.59:0/2351891702 shutdown_connections
2023-12-16T20:29:00.399 INFO:teuthology.orchestra.run.smithi059.stdout:/usr/bin/ceph: stderr
2023-12-16T20:29:00.099+0000 7f2c30de7700 1 -- 172.21.15.59:0/2351891702 wait complete.
2023-12-16T20:29:00.399 INFO:teuthology.orchestra.run.smithi059.stdout:Enabling the dashboard module...
2023-12-16T20:29:00.648 INFO:journalctl@ceph.mon.smithi059.smithi059.stdout:Dec 16 20:29:00 smithi059 ceph-mon[80919]: from='client.14154 -' entity='client.admin' cmd=[{"prefix": "orch apply", "service_type": "alertmanager", "target": ["mon-mgr", ""]}]: dispatch
2023-12-16T20:29:00.649 INFO:journalctl@ceph.mon.smithi059.smithi059.stdout:Dec 16 20:29:00 smithi059 ceph-mon[80919]: Saving service alertmanager spec with placement count:1
2023-12-16T20:29:00.649 INFO:journalctl@ceph.mon.smithi059.smithi059.stdout:Dec 16 20:29:00 smithi059 ceph-mon[80919]: from='client.? 172.21.15.59:0/2351891702' entity='client.admin'
2023-12-16T20:29:01.912 INFO:journalctl@ceph.mon.smithi059.smithi059.stdout:Dec 16 20:29:01 smithi059 ceph-mon[80919]: from='client.? 172.21.15.59:0/3852538116' entity='client.admin' cmd=[{"prefix": "mgr module enable", "module": "dashboard"}]: dispatch
2023-12-16T20:29:01.922 INFO:teuthology.orchestra.run.smithi059.stdout:/usr/bin/ceph: stderr
2023-12-16T20:29:00.647+0000 7f6ef9e1c700 1 Processor -- start
2023-12-16T20:29:01.922 INFO:teuthology.orchestra.run.smithi059.stdout:/usr/bin/ceph: stderr
2023-12-16T20:29:00.647+0000 7f6ef9e1c700 1 -- start start
2023-12-16T20:29:01.922 INFO:teuthology.orchestra.run.smithi059.stdout:/usr/bin/ceph: stderr
2023-12-16T20:29:00.647+0000 7f6ef9e1c700 1 --2- >> [v2:172.21.15.59:3300/0,v1:172.21.15.59:6789/0] conn(0x7f6ef41039c0 0x7f6ef4103dd0 unknown :-1 s=NONE pgs=0 cs=0 l=0 rev1=0 crypto rx=0 tx=0 comp rx=0 tx=0).connect
2023-12-16T20:29:01.922 INFO:teuthology.orchestra.run.smithi059.stdout:/usr/bin/ceph: stderr
2023-12-16T20:29:00.647+0000 7f6ef9e1c700 1 -- --> [v2:172.21.15.59:3300/0,v1:172.21.15.59:6789/0] -- mon_getmap magic: 0 v1 -- 0x7f6ef4104310 con 0x7f6ef41039c0
2023-12-16T20:29:01.922 INFO:teuthology.orchestra.run.smithi059.stdout:/usr/bin/ceph: stderr
2023-12-16T20:29:00.647+0000 7f6ef37fe700 1 --2- >> [v2:172.21.15.59:3300/0,v1:172.21.15.59:6789/0] conn(0x7f6ef41039c0 0x7f6ef4103dd0 unknown :-1 s=BANNER_CONNECTING pgs=0 cs=0 l=0 rev1=0 crypto rx=0 tx=0 comp rx=0 tx=0)._handle_peer_banner_payload supported=3 required=0
2023-12-16T20:29:01.922 INFO:teuthology.orchestra.run.smithi059.stdout:/usr/bin/ceph: stderr
2023-12-16T20:29:00.647+0000 7f6ef37fe700 1 --2- >> [v2:172.21.15.59:3300/0,v1:172.21.15.59:6789/0] conn(0x7f6ef41039c0 0x7f6ef4103dd0 unknown :-1 s=HELLO_CONNECTING pgs=0 cs=0 l=0 rev1=1 crypto rx=0 tx=0 comp rx=0 tx=0).handle_hello peer v2:172.21.15.59:3300/0 says I am v2:172.21.15.59:53212/0 (socket says 172.21.15.59:53212)
2023-12-16T20:29:01.922 INFO:teuthology.orchestra.run.smithi059.stdout:/usr/bin/ceph: stderr
2023-12-16T20:29:00.647+0000 7f6ef37fe700 1 -- 172.21.15.59:0/1203181170 learned_addr learned my addr 172.21.15.59:0/1203181170 (peer_addr_for_me v2:172.21.15.59:0/0)
2023-12-16T20:29:01.922 INFO:teuthology.orchestra.run.smithi059.stdout:/usr/bin/ceph: stderr
2023-12-16T20:29:00.647+0000 7f6ef37fe700 1 -- 172.21.15.59:0/1203181170 --> [v2:172.21.15.59:3300/0,v1:172.21.15.59:6789/0] -- mon_subscribe({config=0+,monmap=0+}) v3 -- 0x7f6ef4101fb0 con 0x7f6ef41039c0
2023-12-16T20:29:01.922 INFO:teuthology.orchestra.run.smithi059.stdout:/usr/bin/ceph: stderr
2023-12-16T20:29:00.648+0000 7f6ef37fe700 1 --2- 172.21.15.59:0/1203181170 >> [v2:172.21.15.59:3300/0,v1:172.21.15.59:6789/0] conn(0x7f6ef41039c0 0x7f6ef4103dd0 secure :-1 s=READY pgs=65 cs=0 l=1 rev1=1 crypto rx=0x7f6ee40098e0 tx=0x7f6ee4009250 comp rx=0 tx=0).ready entity=mon.0 client_cookie=f66c63ed327b3a0f server_cookie=0 in_seq=0 out_seq=0
2023-12-16T20:29:01.922 INFO:teuthology.orchestra.run.smithi059.stdout:/usr/bin/ceph: stderr
2023-12-16T20:29:00.648+0000 7f6ef27fc700 1 -- 172.21.15.59:0/1203181170 <== mon.0 v2:172.21.15.59:3300/0 1 ==== mon_map magic: 0 v1 ==== 229+0+0 (secure 0 0 0) 0x7f6ee400b860 con 0x7f6ef41039c0
2023-12-16T20:29:01.922 INFO:teuthology.orchestra.run.smithi059.stdout:/usr/bin/ceph: stderr
2023-12-16T20:29:00.648+0000 7f6ef27fc700 1 -- 172.21.15.59:0/1203181170 <== mon.0 v2:172.21.15.59:3300/0 2 ==== config(26 keys) v1 ==== 1074+0+0 (secure 0 0 0) 0x7f6ee400be70 con 0x7f6ef41039c0
2023-12-16T20:29:01.922 INFO:teuthology.orchestra.run.smithi059.stdout:/usr/bin/ceph: stderr
2023-12-16T20:29:00.648+0000 7f6ef27fc700 1 -- 172.21.15.59:0/1203181170 <== mon.0 v2:172.21.15.59:3300/0 3 ==== mon_map magic: 0 v1 ==== 229+0+0 (secure 0 0 0) 0x7f6ee4010380 con 0x7f6ef41039c0
2023-12-16T20:29:01.923 INFO:teuthology.orchestra.run.smithi059.stdout:/usr/bin/ceph: stderr
2023-12-16T20:29:00.648+0000 7f6ef9e1c700 1 -- 172.21.15.59:0/1203181170 >> [v2:172.21.15.59:3300/0,v1:172.21.15.59:6789/0] conn(0x7f6ef41039c0 msgr2=0x7f6ef4103dd0 secure :-1 s=STATE_CONNECTION_ESTABLISHED l=1).mark_down
2023-12-16T20:29:01.923 INFO:teuthology.orchestra.run.smithi059.stdout:/usr/bin/ceph: stderr
2023-12-16T20:29:00.648+0000 7f6ef9e1c700 1 --2- 172.21.15.59:0/1203181170 >> [v2:172.21.15.59:3300/0,v1:172.21.15.59:6789/0] conn(0x7f6ef41039c0 0x7f6ef4103dd0 secure :-1 s=READY pgs=65 cs=0 l=1 rev1=1 crypto rx=0x7f6ee40098e0 tx=0x7f6ee4009250 comp rx=0 tx=0).stop
2023-12-16T20:29:01.923 INFO:teuthology.orchestra.run.smithi059.stdout:/usr/bin/ceph: stderr
2023-12-16T20:29:00.648+0000 7f6ef9e1c700 1 -- 172.21.15.59:0/1203181170 shutdown_connections
2023-12-16T20:29:01.923 INFO:teuthology.orchestra.run.smithi059.stdout:/usr/bin/ceph: stderr
2023-12-16T20:29:00.648+0000 7f6ef9e1c700 1 --2- 172.21.15.59:0/1203181170 >> [v2:172.21.15.59:3300/0,v1:172.21.15.59:6789/0] conn(0x7f6ef41039c0 0x7f6ef4103dd0 unknown :-1 s=CLOSED pgs=65 cs=0 l=1 rev1=1 crypto rx=0 tx=0 comp rx=0 tx=0).stop
2023-12-16T20:29:01.923 INFO:teuthology.orchestra.run.smithi059.stdout:/usr/bin/ceph: stderr
2023-12-16T20:29:00.648+0000 7f6ef9e1c700 1 -- 172.21.15.59:0/1203181170 >> 172.21.15.59:0/1203181170 conn(0x7f6ef40fda40 msgr2=0x7f6ef40ffe70 unknown :-1 s=STATE_NONE l=0).mark_down
2023-12-16T20:29:01.923 INFO:teuthology.orchestra.run.smithi059.stdout:/usr/bin/ceph: stderr
2023-12-16T20:29:00.649+0000 7f6ef9e1c700 1 -- 172.21.15.59:0/1203181170 shutdown_connections
2023-12-16T20:29:01.923 INFO:teuthology.orchestra.run.smithi059.stdout:/usr/bin/ceph: stderr
2023-12-16T20:29:00.649+0000 7f6ef9e1c700 1 -- 172.21.15.59:0/1203181170 wait complete.
2023-12-16T20:29:01.923 INFO:teuthology.orchestra.run.smithi059.stdout:/usr/bin/ceph: stderr
2023-12-16T20:29:00.649+0000 7f6ef9e1c700 1 Processor -- start
2023-12-16T20:29:01.923 INFO:teuthology.orchestra.run.smithi059.stdout:/usr/bin/ceph: stderr
2023-12-16T20:29:00.649+0000 7f6ef9e1c700 1 -- start start
2023-12-16T20:29:01.923 INFO:teuthology.orchestra.run.smithi059.stdout:/usr/bin/ceph: stderr
2023-12-16T20:29:00.649+0000 7f6ef9e1c700 1 --2- >> [v2:172.21.15.59:3300/0,v1:172.21.15.59:6789/0] conn(0x7f6ef41039c0 0x7f6ef4078d10 unknown :-1 s=NONE pgs=0 cs=0 l=1 rev1=0 crypto rx=0 tx=0 comp rx=0 tx=0).connect
2023-12-16T20:29:01.923 INFO:teuthology.orchestra.run.smithi059.stdout:/usr/bin/ceph: stderr
2023-12-16T20:29:00.649+0000 7f6ef9e1c700 1 -- --> [v2:172.21.15.59:3300/0,v1:172.21.15.59:6789/0] -- mon_getmap magic: 0 v1 -- 0x7f6ef4077190 con 0x7f6ef41039c0
2023-12-16T20:29:01.923 INFO:teuthology.orchestra.run.smithi059.stdout:/usr/bin/ceph: stderr
2023-12-16T20:29:00.650+0000 7f6ef37fe700 1 --2- >> [v2:172.21.15.59:3300/0,v1:172.21.15.59:6789/0] conn(0x7f6ef41039c0 0x7f6ef4078d10 unknown :-1 s=BANNER_CONNECTING pgs=0 cs=0 l=1 rev1=0 crypto rx=0 tx=0 comp rx=0 tx=0)._handle_peer_banner_payload supported=3 required=0
2023-12-16T20:29:01.923 INFO:teuthology.orchestra.run.smithi059.stdout:/usr/bin/ceph: stderr
2023-12-16T20:29:00.650+0000 7f6ef37fe700 1 --2- >> [v2:172.21.15.59:3300/0,v1:172.21.15.59:6789/0] conn(0x7f6ef41039c0 0x7f6ef4078d10 unknown :-1 s=HELLO_CONNECTING pgs=0 cs=0 l=1 rev1=1 crypto rx=0 tx=0 comp rx=0 tx=0).handle_hello peer v2:172.21.15.59:3300/0 says I am v2:172.21.15.59:53222/0 (socket says 172.21.15.59:53222)
2023-12-16T20:29:01.923 INFO:teuthology.orchestra.run.smithi059.stdout:/usr/bin/ceph: stderr
2023-12-16T20:29:00.650+0000 7f6ef37fe700 1 -- 172.21.15.59:0/3852538116 learned_addr learned my addr 172.21.15.59:0/3852538116 (peer_addr_for_me v2:172.21.15.59:0/0)
2023-12-16T20:29:01.923 INFO:teuthology.orchestra.run.smithi059.stdout:/usr/bin/ceph: stderr
2023-12-16T20:29:00.650+0000 7f6ef37fe700 1 -- 172.21.15.59:0/3852538116 --> [v2:172.21.15.59:3300/0,v1:172.21.15.59:6789/0] -- mon_subscribe({config=0+,monmap=0+}) v3 -- 0x7f6ee40094f0 con 0x7f6ef41039c0
2023-12-16T20:29:01.923 INFO:teuthology.orchestra.run.smithi059.stdout:/usr/bin/ceph: stderr
2023-12-16T20:29:00.650+0000 7f6ef37fe700 1 --2- 172.21.15.59:0/3852538116 >> [v2:172.21.15.59:3300/0,v1:172.21.15.59:6789/0] conn(0x7f6ef41039c0 0x7f6ef4078d10 secure :-1 s=READY pgs=66 cs=0 l=1 rev1=1 crypto rx=0x7f6ee4003080 tx=0x7f6ee4009250 comp rx=0 tx=0).ready entity=mon.0 client_cookie=0 server_cookie=0 in_seq=0 out_seq=0
2023-12-16T20:29:01.924 INFO:teuthology.orchestra.run.smithi059.stdout:/usr/bin/ceph: stderr
2023-12-16T20:29:00.650+0000 7f6edbfff700 1 -- 172.21.15.59:0/3852538116 <== mon.0 v2:172.21.15.59:3300/0 1 ==== mon_map magic: 0 v1 ==== 229+0+0 (secure 0 0 0) 0x7f6ee4010800 con 0x7f6ef41039c0
2023-12-16T20:29:01.924 INFO:teuthology.orchestra.run.smithi059.stdout:/usr/bin/ceph: stderr
2023-12-16T20:29:00.650+0000 7f6edbfff700 1 -- 172.21.15.59:0/3852538116 <== mon.0 v2:172.21.15.59:3300/0 2 ==== config(26 keys) v1 ==== 1074+0+0 (secure 0 0 0) 0x7f6ee4010e10 con 0x7f6ef41039c0
2023-12-16T20:29:01.924 INFO:teuthology.orchestra.run.smithi059.stdout:/usr/bin/ceph: stderr
2023-12-16T20:29:00.650+0000 7f6ef9e1c700 1 -- 172.21.15.59:0/3852538116 --> [v2:172.21.15.59:3300/0,v1:172.21.15.59:6789/0] -- mon_subscribe({mgrmap=0+}) v3 -- 0x7f6ef4077390 con 0x7f6ef41039c0
2023-12-16T20:29:01.924 INFO:teuthology.orchestra.run.smithi059.stdout:/usr/bin/ceph: stderr
2023-12-16T20:29:00.650+0000 7f6ef9e1c700 1 -- 172.21.15.59:0/3852538116 --> [v2:172.21.15.59:3300/0,v1:172.21.15.59:6789/0] -- mon_subscribe({osdmap=0}) v3 -- 0x7f6ef40777a0 con 0x7f6ef41039c0
2023-12-16T20:29:01.924 INFO:teuthology.orchestra.run.smithi059.stdout:/usr/bin/ceph: stderr
2023-12-16T20:29:00.650+0000 7f6edbfff700 1 -- 172.21.15.59:0/3852538116 <== mon.0 v2:172.21.15.59:3300/0 3 ==== mon_map magic: 0 v1 ==== 229+0+0 (secure 0 0 0) 0x7f6ee401a430 con 0x7f6ef41039c0
2023-12-16T20:29:01.924 INFO:teuthology.orchestra.run.smithi059.stdout:/usr/bin/ceph: stderr
2023-12-16T20:29:00.651+0000 7f6edbfff700 1 -- 172.21.15.59:0/3852538116 <== mon.0 v2:172.21.15.59:3300/0 4 ==== mgrmap(e 8) v1 ==== 43281+0+0 (secure 0 0 0) 0x7f6ee401a6b0 con 0x7f6ef41039c0
2023-12-16T20:29:01.924 INFO:teuthology.orchestra.run.smithi059.stdout:/usr/bin/ceph: stderr
2023-12-16T20:29:00.651+0000 7f6ef9e1c700 1 -- 172.21.15.59:0/3852538116 --> [v2:172.21.15.59:3300/0,v1:172.21.15.59:6789/0] -- mon_command({"prefix": "get_command_descriptions"} v 0) v1 -- 0x7f6ef405f270 con 0x7f6ef41039c0
2023-12-16T20:29:01.924 INFO:teuthology.orchestra.run.smithi059.stdout:/usr/bin/ceph: stderr
2023-12-16T20:29:00.651+0000 7f6edbfff700 1 --2- 172.21.15.59:0/3852538116 >> [v2:172.21.15.59:6800/1997095785,v1:172.21.15.59:6801/1997095785] conn(0x7f6edc0365f0 0x7f6edc038aa0 unknown :-1 s=NONE pgs=0 cs=0 l=1 rev1=0 crypto rx=0 tx=0 comp rx=0 tx=0).connect
2023-12-16T20:29:01.924 INFO:teuthology.orchestra.run.smithi059.stdout:/usr/bin/ceph: stderr
2023-12-16T20:29:00.651+0000 7f6edbfff700 1 -- 172.21.15.59:0/3852538116 <== mon.0 v2:172.21.15.59:3300/0 5 ==== osd_map(2..2 src has 1..2) v4 ==== 936+0+0 (secure 0 0 0) 0x7f6ee404a5f0 con 0x7f6ef41039c0
2023-12-16T20:29:01.924 INFO:teuthology.orchestra.run.smithi059.stdout:/usr/bin/ceph: stderr
2023-12-16T20:29:00.651+0000 7f6ef2ffd700 1 --2- 172.21.15.59:0/3852538116 >> [v2:172.21.15.59:6800/1997095785,v1:172.21.15.59:6801/1997095785] conn(0x7f6edc0365f0 0x7f6edc038aa0 unknown :-1 s=BANNER_CONNECTING pgs=0 cs=0 l=1 rev1=0 crypto rx=0 tx=0 comp rx=0 tx=0)._handle_peer_banner_payload supported=3 required=0
2023-12-16T20:29:01.924 INFO:teuthology.orchestra.run.smithi059.stdout:/usr/bin/ceph: stderr
2023-12-16T20:29:00.652+0000 7f6ef2ffd700 1 --2- 172.21.15.59:0/3852538116 >> [v2:172.21.15.59:6800/1997095785,v1:172.21.15.59:6801/1997095785] conn(0x7f6edc0365f0 0x7f6edc038aa0 secure :-1 s=READY pgs=21 cs=0 l=1 rev1=1 crypto rx=0x7f6ee8009990 tx=0x7f6ee8006e40 comp rx=0 tx=0).ready entity=mgr.14120 client_cookie=0 server_cookie=0 in_seq=0 out_seq=0
2023-12-16T20:29:01.924 INFO:teuthology.orchestra.run.smithi059.stdout:/usr/bin/ceph: stderr
2023-12-16T20:29:00.656+0000 7f6edbfff700 1 -- 172.21.15.59:0/3852538116 <== mon.0 v2:172.21.15.59:3300/0 6 ==== mon_command_ack([{"prefix": "get_command_descriptions"}]=0 v0) v1 ==== 72+0+174570 (secure 0 0 0) 0x7f6ee4018b40 con 0x7f6ef41039c0
2023-12-16T20:29:01.924 INFO:teuthology.orchestra.run.smithi059.stdout:/usr/bin/ceph: stderr
2023-12-16T20:29:00.910+0000 7f6ef9e1c700 1 -- 172.21.15.59:0/3852538116 --> [v2:172.21.15.59:3300/0,v1:172.21.15.59:6789/0] -- mon_command({"prefix": "mgr module enable", "module": "dashboard"} v 0) v1 -- 0x7f6ef4102d30 con 0x7f6ef41039c0
2023-12-16T20:29:01.924 INFO:teuthology.orchestra.run.smithi059.stdout:/usr/bin/ceph: stderr
2023-12-16T20:29:01.630+0000 7f6edbfff700 1 -- 172.21.15.59:0/3852538116 <== mon.0 v2:172.21.15.59:3300/0 7 ==== mgrmap(e 9) v1 ==== 43294+0+0 (secure 0 0 0) 0x7f6ee400fdc0 con 0x7f6ef41039c0
2023-12-16T20:29:01.924 INFO:teuthology.orchestra.run.smithi059.stdout:/usr/bin/ceph: stderr
2023-12-16T20:29:01.632+0000 7f6edbfff700 1 -- 172.21.15.59:0/3852538116 <== mon.0 v2:172.21.15.59:3300/0 8 ==== mon_command_ack([{"prefix": "mgr module enable", "module": "dashboard"}]=0 v9) v1 ==== 88+0+0 (secure 0 0 0) 0x7f6ee4024440 con 0x7f6ef41039c0
2023-12-16T20:29:01.925 INFO:teuthology.orchestra.run.smithi059.stdout:/usr/bin/ceph: stderr
2023-12-16T20:29:01.634+0000 7f6ef9e1c700 1 -- 172.21.15.59:0/3852538116 >> [v2:172.21.15.59:6800/1997095785,v1:172.21.15.59:6801/1997095785] conn(0x7f6edc0365f0 msgr2=0x7f6edc038aa0 secure :-1 s=STATE_CONNECTION_ESTABLISHED l=1).mark_down
2023-12-16T20:29:01.925 INFO:teuthology.orchestra.run.smithi059.stdout:/usr/bin/ceph: stderr
