2023-12-16T20:28:56.184+0000 7f8d49ffb700 1 -- 172.21.15.59:0/3986456162 <== mon.0 v2:172.21.15.59:3300/0 6 ==== mon_command_ack([{"prefix": "get_command_descriptions"}]=0 v0) v1 ==== 72+0+174570 (secure 0 0 0) 0x7f8d50018db0 con 0x7f8d54071000
2023-12-16T20:28:56.807 INFO:teuthology.orchestra.run.smithi059.stdout:/usr/bin/ceph: stderr
2023-12-16T20:28:56.406+0000 7f8d5b5d1700 1 -- 172.21.15.59:0/3986456162 --> [v2:172.21.15.59:6800/1997095785,v1:172.21.15.59:6801/1997095785] -- mgr_command(tid 0: {"prefix": "orch apply", "service_type": "prometheus", "target": ["mon-mgr", ""]}) v1 -- 0x7f8d5410aff0 con 0x7f8d4003aa50
2023-12-16T20:28:56.807 INFO:teuthology.orchestra.run.smithi059.stdout:/usr/bin/ceph: stderr
2023-12-16T20:28:56.410+0000 7f8d49ffb700 1 -- 172.21.15.59:0/3986456162 <== mgr.14120 v2:172.21.15.59:6800/1997095785 1 ==== mgr_command_reply(tid 0: 0 ) v1 ==== 8+0+31 (secure 0 0 0) 0x7f8d5410aff0 con 0x7f8d4003aa50
2023-12-16T20:28:56.807 INFO:teuthology.orchestra.run.smithi059.stdout:/usr/bin/ceph: stderr
2023-12-16T20:28:56.412+0000 7f8d5b5d1700 1 -- 172.21.15.59:0/3986456162 >> [v2:172.21.15.59:6800/1997095785,v1:172.21.15.59:6801/1997095785] conn(0x7f8d4003aa50 msgr2=0x7f8d4003cf00 secure :-1 s=STATE_CONNECTION_ESTABLISHED l=1).mark_down
2023-12-16T20:28:56.807 INFO:teuthology.orchestra.run.smithi059.stdout:/usr/bin/ceph: stderr
2023-12-16T20:28:56.412+0000 7f8d5b5d1700 1 --2- 172.21.15.59:0/3986456162 >> [v2:172.21.15.59:6800/1997095785,v1:172.21.15.59:6801/1997095785] conn(0x7f8d4003aa50 0x7f8d4003cf00 secure :-1 s=READY pgs=15 cs=0 l=1 rev1=1 crypto rx=0x7f8d44009990 tx=0x7f8d44006e40 comp rx=0 tx=0).stop
2023-12-16T20:28:56.807 INFO:teuthology.orchestra.run.smithi059.stdout:/usr/bin/ceph: stderr
2023-12-16T20:28:56.412+0000 7f8d5b5d1700 1 -- 172.21.15.59:0/3986456162 >> [v2:172.21.15.59:3300/0,v1:172.21.15.59:6789/0] conn(0x7f8d54071000 msgr2=0x7f8d541111a0 secure :-1 s=STATE_CONNECTION_ESTABLISHED l=1).mark_down
2023-12-16T20:28:56.807 INFO:teuthology.orchestra.run.smithi059.stdout:/usr/bin/ceph: stderr
2023-12-16T20:28:56.412+0000 7f8d5b5d1700 1 --2- 172.21.15.59:0/3986456162 >> [v2:172.21.15.59:3300/0,v1:172.21.15.59:6789/0] conn(0x7f8d54071000 0x7f8d541111a0 secure :-1 s=READY pgs=54 cs=0 l=1 rev1=1 crypto rx=0x7f8d500094c0 tx=0x7f8d50009250 comp rx=0 tx=0).stop
2023-12-16T20:28:56.807 INFO:teuthology.orchestra.run.smithi059.stdout:/usr/bin/ceph: stderr
2023-12-16T20:28:56.412+0000 7f8d5b5d1700 1 -- 172.21.15.59:0/3986456162 shutdown_connections
2023-12-16T20:28:56.808 INFO:teuthology.orchestra.run.smithi059.stdout:/usr/bin/ceph: stderr
2023-12-16T20:28:56.412+0000 7f8d5b5d1700 1 --2- 172.21.15.59:0/3986456162 >> [v2:172.21.15.59:6800/1997095785,v1:172.21.15.59:6801/1997095785] conn(0x7f8d4003aa50 0x7f8d4003cf00 unknown :-1 s=CLOSED pgs=15 cs=0 l=1 rev1=1 crypto rx=0 tx=0 comp rx=0 tx=0).stop
2023-12-16T20:28:56.808 INFO:teuthology.orchestra.run.smithi059.stdout:/usr/bin/ceph: stderr
2023-12-16T20:28:56.412+0000 7f8d5b5d1700 1 --2- 172.21.15.59:0/3986456162 >> [v2:172.21.15.59:3300/0,v1:172.21.15.59:6789/0] conn(0x7f8d54071000 0x7f8d541111a0 unknown :-1 s=CLOSED pgs=54 cs=0 l=1 rev1=1 crypto rx=0 tx=0 comp rx=0 tx=0).stop
2023-12-16T20:28:56.808 INFO:teuthology.orchestra.run.smithi059.stdout:/usr/bin/ceph: stderr
2023-12-16T20:28:56.412+0000 7f8d5b5d1700 1 -- 172.21.15.59:0/3986456162 >> 172.21.15.59:0/3986456162 conn(0x7f8d540fc970 msgr2=0x7f8d540fed70 unknown :-1 s=STATE_NONE l=0).mark_down
2023-12-16T20:28:56.808 INFO:teuthology.orchestra.run.smithi059.stdout:/usr/bin/ceph: stderr
2023-12-16T20:28:56.412+0000 7f8d5b5d1700 1 -- 172.21.15.59:0/3986456162 shutdown_connections
2023-12-16T20:28:56.808 INFO:teuthology.orchestra.run.smithi059.stdout:/usr/bin/ceph: stderr
2023-12-16T20:28:56.412+0000 7f8d5b5d1700 1 -- 172.21.15.59:0/3986456162 wait complete.
2023-12-16T20:28:56.808 INFO:teuthology.orchestra.run.smithi059.stdout:Deploying grafana service with default placement...
2023-12-16T20:28:56.904 INFO:journalctl@ceph.mon.smithi059.smithi059.stdout:Dec 16 20:28:56 smithi059 ceph-mon[80919]: from='client.14144 -' entity='client.admin' cmd=[{"prefix": "orch apply", "service_type": "mgr", "target": ["mon-mgr", ""]}]: dispatch
2023-12-16T20:28:56.904 INFO:journalctl@ceph.mon.smithi059.smithi059.stdout:Dec 16 20:28:56 smithi059 ceph-mon[80919]: Saving service mgr spec with placement count:2
2023-12-16T20:28:56.904 INFO:journalctl@ceph.mon.smithi059.smithi059.stdout:Dec 16 20:28:56 smithi059 ceph-mon[80919]: from='mgr.14120 172.21.15.59:0/524103438' entity='mgr.smithi059.bqtvcv'
2023-12-16T20:28:56.905 INFO:journalctl@ceph.mon.smithi059.smithi059.stdout:Dec 16 20:28:56 smithi059 ceph-mon[80919]: from='mgr.14120 172.21.15.59:0/524103438' entity='mgr.smithi059.bqtvcv'
2023-12-16T20:28:57.570 INFO:teuthology.orchestra.run.smithi059.stdout:/usr/bin/ceph: stdout Scheduled grafana update...
2023-12-16T20:28:57.571 INFO:teuthology.orchestra.run.smithi059.stdout:/usr/bin/ceph: stderr
2023-12-16T20:28:57.064+0000 7facadad5700 1 Processor -- start
2023-12-16T20:28:57.571 INFO:teuthology.orchestra.run.smithi059.stdout:/usr/bin/ceph: stderr
2023-12-16T20:28:57.064+0000 7facadad5700 1 -- start start
2023-12-16T20:28:57.571 INFO:teuthology.orchestra.run.smithi059.stdout:/usr/bin/ceph: stderr
2023-12-16T20:28:57.064+0000 7facadad5700 1 --2- >> [v2:172.21.15.59:3300/0,v1:172.21.15.59:6789/0] conn(0x7faca81011d0 0x7faca81015e0 unknown :-1 s=NONE pgs=0 cs=0 l=0 rev1=0 crypto rx=0 tx=0 comp rx=0 tx=0).connect
2023-12-16T20:28:57.571 INFO:teuthology.orchestra.run.smithi059.stdout:/usr/bin/ceph: stderr
2023-12-16T20:28:57.064+0000 7facadad5700 1 -- --> [v2:172.21.15.59:3300/0,v1:172.21.15.59:6789/0] -- mon_getmap magic: 0 v1 -- 0x7faca8101b20 con 0x7faca81011d0
2023-12-16T20:28:57.571 INFO:teuthology.orchestra.run.smithi059.stdout:/usr/bin/ceph: stderr
2023-12-16T20:28:57.064+0000 7faca77fe700 1 --2- >> [v2:172.21.15.59:3300/0,v1:172.21.15.59:6789/0] conn(0x7faca81011d0 0x7faca81015e0 unknown :-1 s=BANNER_CONNECTING pgs=0 cs=0 l=0 rev1=0 crypto rx=0 tx=0 comp rx=0 tx=0)._handle_peer_banner_payload supported=3 required=0
2023-12-16T20:28:57.571 INFO:teuthology.orchestra.run.smithi059.stdout:/usr/bin/ceph: stderr
2023-12-16T20:28:57.064+0000 7faca77fe700 1 --2- >> [v2:172.21.15.59:3300/0,v1:172.21.15.59:6789/0] conn(0x7faca81011d0 0x7faca81015e0 unknown :-1 s=HELLO_CONNECTING pgs=0 cs=0 l=0 rev1=1 crypto rx=0 tx=0 comp rx=0 tx=0).handle_hello peer v2:172.21.15.59:3300/0 says I am v2:172.21.15.59:58292/0 (socket says 172.21.15.59:58292)
2023-12-16T20:28:57.571 INFO:teuthology.orchestra.run.smithi059.stdout:/usr/bin/ceph: stderr
2023-12-16T20:28:57.064+0000 7faca77fe700 1 -- 172.21.15.59:0/754122462 learned_addr learned my addr 172.21.15.59:0/754122462 (peer_addr_for_me v2:172.21.15.59:0/0)
2023-12-16T20:28:57.571 INFO:teuthology.orchestra.run.smithi059.stdout:/usr/bin/ceph: stderr
2023-12-16T20:28:57.065+0000 7faca77fe700 1 -- 172.21.15.59:0/754122462 --> [v2:172.21.15.59:3300/0,v1:172.21.15.59:6789/0] -- mon_subscribe({config=0+,monmap=0+}) v3 -- 0x7faca8101c60 con 0x7faca81011d0
2023-12-16T20:28:57.571 INFO:teuthology.orchestra.run.smithi059.stdout:/usr/bin/ceph: stderr
2023-12-16T20:28:57.065+0000 7faca77fe700 1 --2- 172.21.15.59:0/754122462 >> [v2:172.21.15.59:3300/0,v1:172.21.15.59:6789/0] conn(0x7faca81011d0 0x7faca81015e0 secure :-1 s=READY pgs=55 cs=0 l=1 rev1=1 crypto rx=0x7fac980098e0 tx=0x7fac98009250 comp rx=0 tx=0).ready entity=mon.0 client_cookie=bd88d9cad104a549 server_cookie=0 in_seq=0 out_seq=0
2023-12-16T20:28:57.571 INFO:teuthology.orchestra.run.smithi059.stdout:/usr/bin/ceph: stderr
2023-12-16T20:28:57.065+0000 7faca67fc700 1 -- 172.21.15.59:0/754122462 <== mon.0 v2:172.21.15.59:3300/0 1 ==== mon_map magic: 0 v1 ==== 229+0+0 (secure 0 0 0) 0x7fac9800b860 con 0x7faca81011d0
2023-12-16T20:28:57.571 INFO:teuthology.orchestra.run.smithi059.stdout:/usr/bin/ceph: stderr
2023-12-16T20:28:57.065+0000 7faca67fc700 1 -- 172.21.15.59:0/754122462 <== mon.0 v2:172.21.15.59:3300/0 2 ==== config(26 keys) v1 ==== 1074+0+0 (secure 0 0 0) 0x7fac9800be70 con 0x7faca81011d0
2023-12-16T20:28:57.571 INFO:teuthology.orchestra.run.smithi059.stdout:/usr/bin/ceph: stderr
2023-12-16T20:28:57.065+0000 7faca67fc700 1 -- 172.21.15.59:0/754122462 <== mon.0 v2:172.21.15.59:3300/0 3 ==== mon_map magic: 0 v1 ==== 229+0+0 (secure 0 0 0) 0x7fac98010380 con 0x7faca81011d0
2023-12-16T20:28:57.571 INFO:teuthology.orchestra.run.smithi059.stdout:/usr/bin/ceph: stderr
2023-12-16T20:28:57.066+0000 7facadad5700 1 -- 172.21.15.59:0/754122462 >> [v2:172.21.15.59:3300/0,v1:172.21.15.59:6789/0] conn(0x7faca81011d0 msgr2=0x7faca81015e0 secure :-1 s=STATE_CONNECTION_ESTABLISHED l=1).mark_down
2023-12-16T20:28:57.571 INFO:teuthology.orchestra.run.smithi059.stdout:/usr/bin/ceph: stderr
2023-12-16T20:28:57.066+0000 7facadad5700 1 --2- 172.21.15.59:0/754122462 >> [v2:172.21.15.59:3300/0,v1:172.21.15.59:6789/0] conn(0x7faca81011d0 0x7faca81015e0 secure :-1 s=READY pgs=55 cs=0 l=1 rev1=1 crypto rx=0x7fac980098e0 tx=0x7fac98009250 comp rx=0 tx=0).stop
2023-12-16T20:28:57.572 INFO:teuthology.orchestra.run.smithi059.stdout:/usr/bin/ceph: stderr
2023-12-16T20:28:57.066+0000 7facadad5700 1 -- 172.21.15.59:0/754122462 shutdown_connections
2023-12-16T20:28:57.572 INFO:teuthology.orchestra.run.smithi059.stdout:/usr/bin/ceph: stderr
2023-12-16T20:28:57.066+0000 7facadad5700 1 --2- 172.21.15.59:0/754122462 >> [v2:172.21.15.59:3300/0,v1:172.21.15.59:6789/0] conn(0x7faca81011d0 0x7faca81015e0 unknown :-1 s=CLOSED pgs=55 cs=0 l=1 rev1=1 crypto rx=0 tx=0 comp rx=0 tx=0).stop
2023-12-16T20:28:57.572 INFO:teuthology.orchestra.run.smithi059.stdout:/usr/bin/ceph: stderr
2023-12-16T20:28:57.066+0000 7facadad5700 1 -- 172.21.15.59:0/754122462 >> 172.21.15.59:0/754122462 conn(0x7faca80fc970 msgr2=0x7faca80fed80 unknown :-1 s=STATE_NONE l=0).mark_down
2023-12-16T20:28:57.572 INFO:teuthology.orchestra.run.smithi059.stdout:/usr/bin/ceph: stderr
2023-12-16T20:28:57.066+0000 7facadad5700 1 -- 172.21.15.59:0/754122462 shutdown_connections
2023-12-16T20:28:57.572 INFO:teuthology.orchestra.run.smithi059.stdout:/usr/bin/ceph: stderr
2023-12-16T20:28:57.066+0000 7facadad5700 1 -- 172.21.15.59:0/754122462 wait complete.
2023-12-16T20:28:57.572 INFO:teuthology.orchestra.run.smithi059.stdout:/usr/bin/ceph: stderr
2023-12-16T20:28:57.066+0000 7facadad5700 1 Processor -- start
2023-12-16T20:28:57.572 INFO:teuthology.orchestra.run.smithi059.stdout:/usr/bin/ceph: stderr
2023-12-16T20:28:57.067+0000 7facadad5700 1 -- start start
2023-12-16T20:28:57.572 INFO:teuthology.orchestra.run.smithi059.stdout:/usr/bin/ceph: stderr
2023-12-16T20:28:57.067+0000 7facadad5700 1 --2- >> [v2:172.21.15.59:3300/0,v1:172.21.15.59:6789/0] conn(0x7faca81011d0 0x7faca8113390 unknown :-1 s=NONE pgs=0 cs=0 l=1 rev1=0 crypto rx=0 tx=0 comp rx=0 tx=0).connect
2023-12-16T20:28:57.572 INFO:teuthology.orchestra.run.smithi059.stdout:/usr/bin/ceph: stderr
2023-12-16T20:28:57.067+0000 7facadad5700 1 -- --> [v2:172.21.15.59:3300/0,v1:172.21.15.59:6789/0] -- mon_getmap magic: 0 v1 -- 0x7faca81138d0 con 0x7faca81011d0
2023-12-16T20:28:57.572 INFO:teuthology.orchestra.run.smithi059.stdout:/usr/bin/ceph: stderr
2023-12-16T20:28:57.067+0000 7faca77fe700 1 --2- >> [v2:172.21.15.59:3300/0,v1:172.21.15.59:6789/0] conn(0x7faca81011d0 0x7faca8113390 unknown :-1 s=BANNER_CONNECTING pgs=0 cs=0 l=1 rev1=0 crypto rx=0 tx=0 comp rx=0 tx=0)._handle_peer_banner_payload supported=3 required=0
2023-12-16T20:28:57.572 INFO:teuthology.orchestra.run.smithi059.stdout:/usr/bin/ceph: stderr
2023-12-16T20:28:57.067+0000 7faca77fe700 1 --2- >> [v2:172.21.15.59:3300/0,v1:172.21.15.59:6789/0] conn(0x7faca81011d0 0x7faca8113390 unknown :-1 s=HELLO_CONNECTING pgs=0 cs=0 l=1 rev1=1 crypto rx=0 tx=0 comp rx=0 tx=0).handle_hello peer v2:172.21.15.59:3300/0 says I am v2:172.21.15.59:58294/0 (socket says 172.21.15.59:58294)
2023-12-16T20:28:57.572 INFO:teuthology.orchestra.run.smithi059.stdout:/usr/bin/ceph: stderr
2023-12-16T20:28:57.067+0000 7faca77fe700 1 -- 172.21.15.59:0/1255815046 learned_addr learned my addr 172.21.15.59:0/1255815046 (peer_addr_for_me v2:172.21.15.59:0/0)
2023-12-16T20:28:57.572 INFO:teuthology.orchestra.run.smithi059.stdout:/usr/bin/ceph: stderr
2023-12-16T20:28:57.067+0000 7faca77fe700 1 -- 172.21.15.59:0/1255815046 --> [v2:172.21.15.59:3300/0,v1:172.21.15.59:6789/0] -- mon_subscribe({config=0+,monmap=0+}) v3 -- 0x7fac980094f0 con 0x7faca81011d0
2023-12-16T20:28:57.572 INFO:teuthology.orchestra.run.smithi059.stdout:/usr/bin/ceph: stderr
2023-12-16T20:28:57.067+0000 7faca77fe700 1 --2- 172.21.15.59:0/1255815046 >> [v2:172.21.15.59:3300/0,v1:172.21.15.59:6789/0] conn(0x7faca81011d0 0x7faca8113390 secure :-1 s=READY pgs=56 cs=0 l=1 rev1=1 crypto rx=0x7fac98011b60 tx=0x7fac98009250 comp rx=0 tx=0).ready entity=mon.0 client_cookie=0 server_cookie=0 in_seq=0 out_seq=0
2023-12-16T20:28:57.572 INFO:teuthology.orchestra.run.smithi059.stdout:/usr/bin/ceph: stderr
2023-12-16T20:28:57.068+0000 7fac8ffff700 1 -- 172.21.15.59:0/1255815046 <== mon.0 v2:172.21.15.59:3300/0 1 ==== mon_map magic: 0 v1 ==== 229+0+0 (secure 0 0 0) 0x7fac98010850 con 0x7faca81011d0
2023-12-16T20:28:57.573 INFO:teuthology.orchestra.run.smithi059.stdout:/usr/bin/ceph: stderr
2023-12-16T20:28:57.068+0000 7fac8ffff700 1 -- 172.21.15.59:0/1255815046 <== mon.0 v2:172.21.15.59:3300/0 2 ==== config(26 keys) v1 ==== 1074+0+0 (secure 0 0 0) 0x7fac98010e60 con 0x7faca81011d0
2023-12-16T20:28:57.573 INFO:teuthology.orchestra.run.smithi059.stdout:/usr/bin/ceph: stderr
2023-12-16T20:28:57.068+0000 7facadad5700 1 -- 172.21.15.59:0/1255815046 --> [v2:172.21.15.59:3300/0,v1:172.21.15.59:6789/0] -- mon_subscribe({mgrmap=0+}) v3 -- 0x7faca8113ad0 con 0x7faca81011d0
2023-12-16T20:28:57.573 INFO:teuthology.orchestra.run.smithi059.stdout:/usr/bin/ceph: stderr
2023-12-16T20:28:57.068+0000 7facadad5700 1 -- 172.21.15.59:0/1255815046 --> [v2:172.21.15.59:3300/0,v1:172.21.15.59:6789/0] -- mon_subscribe({osdmap=0}) v3 -- 0x7faca8113ee0 con 0x7faca81011d0
2023-12-16T20:28:57.573 INFO:teuthology.orchestra.run.smithi059.stdout:/usr/bin/ceph: stderr
2023-12-16T20:28:57.068+0000 7fac8ffff700 1 -- 172.21.15.59:0/1255815046 <== mon.0 v2:172.21.15.59:3300/0 3 ==== mon_map magic: 0 v1 ==== 229+0+0 (secure 0 0 0) 0x7fac9801ae20 con 0x7faca81011d0
2023-12-16T20:28:57.573 INFO:teuthology.orchestra.run.smithi059.stdout:/usr/bin/ceph: stderr
2023-12-16T20:28:57.068+0000 7fac8ffff700 1 -- 172.21.15.59:0/1255815046 <== mon.0 v2:172.21.15.59:3300/0 4 ==== mgrmap(e 8) v1 ==== 43281+0+0 (secure 0 0 0) 0x7fac9802d3f0 con 0x7faca81011d0
2023-12-16T20:28:57.573 INFO:teuthology.orchestra.run.smithi059.stdout:/usr/bin/ceph: stderr
2023-12-16T20:28:57.069+0000 7facadad5700 1 -- 172.21.15.59:0/1255815046 --> [v2:172.21.15.59:3300/0,v1:172.21.15.59:6789/0] -- mon_command({"prefix": "get_command_descriptions"} v 0) v1 -- 0x7fac940052e0 con 0x7faca81011d0
2023-12-16T20:28:57.573 INFO:teuthology.orchestra.run.smithi059.stdout:/usr/bin/ceph: stderr
2023-12-16T20:28:57.069+0000 7fac8ffff700 1 --2- 172.21.15.59:0/1255815046 >> [v2:172.21.15.59:6800/1997095785,v1:172.21.15.59:6801/1997095785] conn(0x7fac90036620 0x7fac90038ad0 unknown :-1 s=NONE pgs=0 cs=0 l=1 rev1=0 crypto rx=0 tx=0 comp rx=0 tx=0).connect
2023-12-16T20:28:57.573 INFO:teuthology.orchestra.run.smithi059.stdout:/usr/bin/ceph: stderr
2023-12-16T20:28:57.069+0000 7fac8ffff700 1 -- 172.21.15.59:0/1255815046 <== mon.0 v2:172.21.15.59:3300/0 5 ==== osd_map(2..2 src has 1..2) v4 ==== 936+0+0 (secure 0 0 0) 0x7fac9804a190 con 0x7faca81011d0
2023-12-16T20:28:57.573 INFO:teuthology.orchestra.run.smithi059.stdout:/usr/bin/ceph: stderr
2023-12-16T20:28:57.069+0000 7faca6ffd700 1 --2- 172.21.15.59:0/1255815046 >> [v2:172.21.15.59:6800/1997095785,v1:172.21.15.59:6801/1997095785] conn(0x7fac90036620 0x7fac90038ad0 unknown :-1 s=BANNER_CONNECTING pgs=0 cs=0 l=1 rev1=0 crypto rx=0 tx=0 comp rx=0 tx=0)._handle_peer_banner_payload supported=3 required=0
2023-12-16T20:28:57.573 INFO:teuthology.orchestra.run.smithi059.stdout:/usr/bin/ceph: stderr
2023-12-16T20:28:57.069+0000 7faca6ffd700 1 --2- 172.21.15.59:0/1255815046 >> [v2:172.21.15.59:6800/1997095785,v1:172.21.15.59:6801/1997095785] conn(0x7fac90036620 0x7fac90038ad0 secure :-1 s=READY pgs=16 cs=0 l=1 rev1=1 crypto rx=0x7fac9c009990 tx=0x7fac9c006e40 comp rx=0 tx=0).ready entity=mgr.14120 client_cookie=0 server_cookie=0 in_seq=0 out_seq=0
2023-12-16T20:28:57.574 INFO:teuthology.orchestra.run.smithi059.stdout:/usr/bin/ceph: stderr
2023-12-16T20:28:57.074+0000 7fac8ffff700 1 -- 172.21.15.59:0/1255815046 <== mon.0 v2:172.21.15.59:3300/0 6 ==== mon_command_ack([{"prefix": "get_command_descriptions"}]=0 v0) v1 ==== 72+0+174570 (secure 0 0 0) 0x7fac9802b8e0 con 0x7faca81011d0
2023-12-16T20:28:57.574 INFO:teuthology.orchestra.run.smithi059.stdout:/usr/bin/ceph: stderr
2023-12-16T20:28:57.295+0000 7facadad5700 1 -- 172.21.15.59:0/1255815046 --> [v2:172.21.15.59:6800/1997095785,v1:172.21.15.59:6801/1997095785] -- mgr_command(tid 0: {"prefix": "orch apply", "service_type": "grafana", "target": ["mon-mgr", ""]}) v1 -- 0x7fac94000bf0 con 0x7fac90036620
2023-12-16T20:28:57.574 INFO:teuthology.orchestra.run.smithi059.stdout:/usr/bin/ceph: stderr
2023-12-16T20:28:57.301+0000 7fac8ffff700 1 -- 172.21.15.59:0/1255815046 <== mgr.14120 v2:172.21.15.59:6800/1997095785 1 ==== mgr_command_reply(tid 0: 0 ) v1 ==== 8+0+28 (secure 0 0 0) 0x7fac94000bf0 con 0x7fac90036620
2023-12-16T20:28:57.574 INFO:teuthology.orchestra.run.smithi059.stdout:/usr/bin/ceph: stderr
2023-12-16T20:28:57.303+0000 7facadad5700 1 -- 172.21.15.59:0/1255815046 >> [v2:172.21.15.59:6800/1997095785,v1:172.21.15.59:6801/1997095785] conn(0x7fac90036620 msgr2=0x7fac90038ad0 secure :-1 s=STATE_CONNECTION_ESTABLISHED l=1).mark_down
2023-12-16T20:28:57.574 INFO:teuthology.orchestra.run.smithi059.stdout:/usr/bin/ceph: stderr
2023-12-16T20:28:57.303+0000 7facadad5700 1 --2- 172.21.15.59:0/1255815046 >> [v2:172.21.15.59:6800/1997095785,v1:172.21.15.59:6801/1997095785] conn(0x7fac90036620 0x7fac90038ad0 secure :-1 s=READY pgs=16 cs=0 l=1 rev1=1 crypto rx=0x7fac9c009990 tx=0x7fac9c006e40 comp rx=0 tx=0).stop
2023-12-16T20:28:57.574 INFO:teuthology.orchestra.run.smithi059.stdout:/usr/bin/ceph: stderr
2023-12-16T20:28:57.303+0000 7facadad5700 1 -- 172.21.15.59:0/1255815046 >> [v2:172.21.15.59:3300/0,v1:172.21.15.59:6789/0] conn(0x7faca81011d0 msgr2=0x7faca8113390 secure :-1 s=STATE_CONNECTION_ESTABLISHED l=1).mark_down
2023-12-16T20:28:57.574 INFO:teuthology.orchestra.run.smithi059.stdout:/usr/bin/ceph: stderr
2023-12-16T20:28:57.303+0000 7facadad5700 1 --2- 172.21.15.59:0/1255815046 >> [v2:172.21.15.59:3300/0,v1:172.21.15.59:6789/0] conn(0x7faca81011d0 0x7faca8113390 secure :-1 s=READY pgs=56 cs=0 l=1 rev1=1 crypto rx=0x7fac98011b60 tx=0x7fac98009250 comp rx=0 tx=0).stop
2023-12-16T20:28:57.574 INFO:teuthology.orchestra.run.smithi059.stdout:/usr/bin/ceph: stderr
2023-12-16T20:28:57.303+0000 7facadad5700 1 -- 172.21.15.59:0/1255815046 shutdown_connections
2023-12-16T20:28:57.574 INFO:teuthology.orchestra.run.smithi059.stdout:/usr/bin/ceph: stderr
2023-12-16T20:28:57.303+0000 7facadad5700 1 --2- 172.21.15.59:0/1255815046 >> [v2:172.21.15.59:6800/1997095785,v1:172.21.15.59:6801/1997095785] conn(0x7fac90036620 0x7fac90038ad0 unknown :-1 s=CLOSED pgs=16 cs=0 l=1 rev1=1 crypto rx=0 tx=0 comp rx=0 tx=0).stop
2023-12-16T20:28:57.575 INFO:teuthology.orchestra.run.smithi059.stdout:/usr/bin/ceph: stderr
2023-12-16T20:28:57.303+0000 7facadad5700 1 --2- 172.21.15.59:0/1255815046 >> [v2:172.21.15.59:3300/0,v1:172.21.15.59:6789/0] conn(0x7faca81011d0 0x7faca8113390 unknown :-1 s=CLOSED pgs=56 cs=0 l=1 rev1=1 crypto rx=0 tx=0 comp rx=0 tx=0).stop
2023-12-16T20:28:57.575 INFO:teuthology.orchestra.run.smithi059.stdout:/usr/bin/ceph: stderr
2023-12-16T20:28:57.303+0000 7facadad5700 1 -- 172.21.15.59:0/1255815046 >> 172.21.15.59:0/1255815046 conn(0x7faca80fc970 msgr2=0x7faca8105f40 unknown :-1 s=STATE_NONE l=0).mark_down
2023-12-16T20:28:57.575 INFO:teuthology.orchestra.run.smithi059.stdout:/usr/bin/ceph: stderr
2023-12-16T20:28:57.303+0000 7facadad5700 1 -- 172.21.15.59:0/1255815046 shutdown_connections
2023-12-16T20:28:57.575 INFO:teuthology.orchestra.run.smithi059.stdout:/usr/bin/ceph: stderr
2023-12-16T20:28:57.303+0000 7facadad5700 1 -- 172.21.15.59:0/1255815046 wait complete.
2023-12-16T20:28:57.575 INFO:teuthology.orchestra.run.smithi059.stdout:Deploying node-exporter service with default placement...
2023-12-16T20:28:57.812 INFO:journalctl@ceph.mon.smithi059.smithi059.stdout:Dec 16 20:28:57 smithi059 ceph-mon[80919]: from='client.14146 -' entity='client.admin' cmd=[{"prefix": "orch apply", "service_type": "crash", "target": ["mon-mgr", ""]}]: dispatch
2023-12-16T20:28:57.812 INFO:journalctl@ceph.mon.smithi059.smithi059.stdout:Dec 16 20:28:57 smithi059 ceph-mon[80919]: Saving service crash spec with placement *
2023-12-16T20:28:57.812 INFO:journalctl@ceph.mon.smithi059.smithi059.stdout:Dec 16 20:28:57 smithi059 ceph-mon[80919]: from='client.14148 -' entity='client.admin' cmd=[{"prefix": "orch apply", "service_type": "prometheus", "target": ["mon-mgr", ""]}]: dispatch
2023-12-16T20:28:57.812 INFO:journalctl@ceph.mon.smithi059.smithi059.stdout:Dec 16 20:28:57 smithi059 ceph-mon[80919]: Saving service prometheus spec with placement count:1
2023-12-16T20:28:57.813 INFO:journalctl@ceph.mon.smithi059.smithi059.stdout:Dec 16 20:28:57 smithi059 ceph-mon[80919]: from='mgr.14120 172.21.15.59:0/524103438' entity='mgr.smithi059.bqtvcv'
2023-12-16T20:28:57.813 INFO:journalctl@ceph.mon.smithi059.smithi059.stdout:Dec 16 20:28:57 smithi059 ceph-mon[80919]: from='mgr.14120 172.21.15.59:0/524103438' entity='mgr.smithi059.bqtvcv'
2023-12-16T20:28:57.813 INFO:journalctl@ceph.mon.smithi059.smithi059.stdout:Dec 16 20:28:57 smithi059 ceph-mon[80919]: from='mgr.14120 172.21.15.59:0/524103438' entity='mgr.smithi059.bqtvcv'
2023-12-16T20:28:58.287 INFO:teuthology.orchestra.run.smithi059.stdout:/usr/bin/ceph: stdout Scheduled node-exporter update...
2023-12-16T20:28:58.287 INFO:teuthology.orchestra.run.smithi059.stdout:/usr/bin/ceph: stderr
2023-12-16T20:28:57.809+0000 7fa20e17d700 1 Processor -- start
2023-12-16T20:28:58.287 INFO:teuthology.orchestra.run.smithi059.stdout:/usr/bin/ceph: stderr
2023-12-16T20:28:57.809+0000 7fa20e17d700 1 -- start start
2023-12-16T20:28:58.287 INFO:teuthology.orchestra.run.smithi059.stdout:/usr/bin/ceph: stderr
2023-12-16T20:28:57.809+0000 7fa20e17d700 1 --2- >> [v2:172.21.15.59:3300/0,v1:172.21.15.59:6789/0] conn(0x7fa2081022b0 0x7fa2081026c0 unknown :-1 s=NONE pgs=0 cs=0 l=0 rev1=0 crypto rx=0 tx=0 comp rx=0 tx=0).connect
2023-12-16T20:28:58.287 INFO:teuthology.orchestra.run.smithi059.stdout:/usr/bin/ceph: stderr
2023-12-16T20:28:57.809+0000 7fa20e17d700 1 -- --> [v2:172.21.15.59:3300/0,v1:172.21.15.59:6789/0] -- mon_getmap magic: 0 v1 -- 0x7fa208102c00 con 0x7fa2081022b0
2023-12-16T20:28:58.287 INFO:teuthology.orchestra.run.smithi059.stdout:/usr/bin/ceph: stderr
2023-12-16T20:28:57.810+0000 7fa2077fe700 1 --2- >> [v2:172.21.15.59:3300/0,v1:172.21.15.59:6789/0] conn(0x7fa2081022b0 0x7fa2081026c0 unknown :-1 s=BANNER_CONNECTING pgs=0 cs=0 l=0 rev1=0 crypto rx=0 tx=0 comp rx=0 tx=0)._handle_peer_banner_payload supported=3 required=0
2023-12-16T20:28:58.287 INFO:teuthology.orchestra.run.smithi059.stdout:/usr/bin/ceph: stderr
2023-12-16T20:28:57.810+0000 7fa2077fe700 1 --2- >> [v2:172.21.15.59:3300/0,v1:172.21.15.59:6789/0] conn(0x7fa2081022b0 0x7fa2081026c0 unknown :-1 s=HELLO_CONNECTING pgs=0 cs=0 l=0 rev1=1 crypto rx=0 tx=0 comp rx=0 tx=0).handle_hello peer v2:172.21.15.59:3300/0 says I am v2:172.21.15.59:58308/0 (socket says 172.21.15.59:58308)
2023-12-16T20:28:58.287 INFO:teuthology.orchestra.run.smithi059.stdout:/usr/bin/ceph: stderr
2023-12-16T20:28:57.810+0000 7fa2077fe700 1 -- 172.21.15.59:0/3452295420 learned_addr learned my addr 172.21.15.59:0/3452295420 (peer_addr_for_me v2:172.21.15.59:0/0)
2023-12-16T20:28:58.288 INFO:teuthology.orchestra.run.smithi059.stdout:/usr/bin/ceph: stderr
2023-12-16T20:28:57.810+0000 7fa2077fe700 1 -- 172.21.15.59:0/3452295420 --> [v2:172.21.15.59:3300/0,v1:172.21.15.59:6789/0] -- mon_subscribe({config=0+,monmap=0+}) v3 -- 0x7fa208102d40 con 0x7fa2081022b0
2023-12-16T20:28:58.288 INFO:teuthology.orchestra.run.smithi059.stdout:/usr/bin/ceph: stderr
2023-12-16T20:28:57.810+0000 7fa2077fe700 1 --2- 172.21.15.59:0/3452295420 >> [v2:172.21.15.59:3300/0,v1:172.21.15.59:6789/0] conn(0x7fa2081022b0 0x7fa2081026c0 secure :-1 s=READY pgs=57 cs=0 l=1 rev1=1 crypto rx=0x7fa1f80098e0 tx=0x7fa1f8009250 comp rx=0 tx=0).ready entity=mon.0 client_cookie=c72432711649c46c server_cookie=0 in_seq=0 out_seq=0
2023-12-16T20:28:58.288 INFO:teuthology.orchestra.run.smithi059.stdout:/usr/bin/ceph: stderr
2023-12-16T20:28:57.811+0000 7fa2067fc700 1 -- 172.21.15.59:0/3452295420 <== mon.0 v2:172.21.15.59:3300/0 1 ==== mon_map magic: 0 v1 ==== 229+0+0 (secure 0 0 0) 0x7fa1f800b860 con 0x7fa2081022b0
2023-12-16T20:28:58.288 INFO:teuthology.orchestra.run.smithi059.stdout:/usr/bin/ceph: stderr
2023-12-16T20:28:57.811+0000 7fa2067fc700 1 -- 172.21.15.59:0/3452295420 <== mon.0 v2:172.21.15.59:3300/0 2 ==== config(26 keys) v1 ==== 1074+0+0 (secure 0 0 0) 0x7fa1f800be70 con 0x7fa2081022b0
2023-12-16T20:28:58.288 INFO:teuthology.orchestra.run.smithi059.stdout:/usr/bin/ceph: stderr
2023-12-16T20:28:57.811+0000 7fa2067fc700 1 -- 172.21.15.59:0/3452295420 <== mon.0 v2:172.21.15.59:3300/0 3 ==== mon_map magic: 0 v1 ==== 229+0+0 (secure 0 0 0) 0x7fa1f8010380 con 0x7fa2081022b0
2023-12-16T20:28:58.288 INFO:teuthology.orchestra.run.smithi059.stdout:/usr/bin/ceph: stderr
2023-12-16T20:28:57.812+0000 7fa20e17d700 1 -- 172.21.15.59:0/3452295420 >> [v2:172.21.15.59:3300/0,v1:172.21.15.59:6789/0] conn(0x7fa2081022b0 msgr2=0x7fa2081026c0 secure :-1 s=STATE_CONNECTION_ESTABLISHED l=1).mark_down
2023-12-16T20:28:58.288 INFO:teuthology.orchestra.run.smithi059.stdout:/usr/bin/ceph: stderr
2023-12-16T20:28:57.812+0000 7fa20e17d700 1 --2- 172.21.15.59:0/3452295420 >> [v2:172.21.15.59:3300/0,v1:172.21.15.59:6789/0] conn(0x7fa2081022b0 0x7fa2081026c0 secure :-1 s=READY pgs=57 cs=0 l=1 rev1=1 crypto rx=0x7fa1f80098e0 tx=0x7fa1f8009250 comp rx=0 tx=0).stop
2023-12-16T20:28:58.288 INFO:teuthology.orchestra.run.smithi059.stdout:/usr/bin/ceph: stderr
2023-12-16T20:28:57.812+0000 7fa20e17d700 1 -- 172.21.15.59:0/3452295420 shutdown_connections
2023-12-16T20:28:58.288 INFO:teuthology.orchestra.run.smithi059.stdout:/usr/bin/ceph: stderr
2023-12-16T20:28:57.812+0000 7fa20e17d700 1 --2- 172.21.15.59:0/3452295420 >> [v2:172.21.15.59:3300/0,v1:172.21.15.59:6789/0] conn(0x7fa2081022b0 0x7fa2081026c0 unknown :-1 s=CLOSED pgs=57 cs=0 l=1 rev1=1 crypto rx=0 tx=0 comp rx=0 tx=0).stop
2023-12-16T20:28:58.288 INFO:teuthology.orchestra.run.smithi059.stdout:/usr/bin/ceph: stderr
2023-12-16T20:28:57.812+0000 7fa20e17d700 1 -- 172.21.15.59:0/3452295420 >> 172.21.15.59:0/3452295420 conn(0x7fa2080fda10 msgr2=0x7fa2080ffe40 unknown :-1 s=STATE_NONE l=0).mark_down
2023-12-16T20:28:58.288 INFO:teuthology.orchestra.run.smithi059.stdout:/usr/bin/ceph: stderr
2023-12-16T20:28:57.812+0000 7fa20e17d700 1 -- 172.21.15.59:0/3452295420 shutdown_connections
2023-12-16T20:28:58.288 INFO:teuthology.orchestra.run.smithi059.stdout:/usr/bin/ceph: stderr
2023-12-16T20:28:57.812+0000 7fa20e17d700 1 -- 172.21.15.59:0/3452295420 wait complete.
2023-12-16T20:28:58.288 INFO:teuthology.orchestra.run.smithi059.stdout:/usr/bin/ceph: stderr
2023-12-16T20:28:57.813+0000 7fa20e17d700 1 Processor -- start
2023-12-16T20:28:58.288 INFO:teuthology.orchestra.run.smithi059.stdout:/usr/bin/ceph: stderr
2023-12-16T20:28:57.813+0000 7fa20e17d700 1 -- start start
2023-12-16T20:28:58.288 INFO:teuthology.orchestra.run.smithi059.stdout:/usr/bin/ceph: stderr
2023-12-16T20:28:57.813+0000 7fa20e17d700 1 --2- >> [v2:172.21.15.59:3300/0,v1:172.21.15.59:6789/0] conn(0x7fa2081022b0 0x7fa208111190 unknown :-1 s=NONE pgs=0 cs=0 l=1 rev1=0 crypto rx=0 tx=0 comp rx=0 tx=0).connect
2023-12-16T20:28:58.289 INFO:teuthology.orchestra.run.smithi059.stdout:/usr/bin/ceph: stderr
2023-12-16T20:28:57.813+0000 7fa20e17d700 1 -- --> [v2:172.21.15.59:3300/0,v1:172.21.15.59:6789/0] -- mon_getmap magic: 0 v1 -- 0x7fa2081116d0 con 0x7fa2081022b0
2023-12-16T20:28:58.289 INFO:teuthology.orchestra.run.smithi059.stdout:/usr/bin/ceph: stderr
2023-12-16T20:28:57.813+0000 7fa2077fe700 1 --2- >> [v2:172.21.15.59:3300/0,v1:172.21.15.59:6789/0] conn(0x7fa2081022b0 0x7fa208111190 unknown :-1 s=BANNER_CONNECTING pgs=0 cs=0 l=1 rev1=0 crypto rx=0 tx=0 comp rx=0 tx=0)._handle_peer_banner_payload supported=3 required=0
2023-12-16T20:28:58.289 INFO:teuthology.orchestra.run.smithi059.stdout:/usr/bin/ceph: stderr
2023-12-16T20:28:57.813+0000 7fa2077fe700 1 --2- >> [v2:172.21.15.59:3300/0,v1:172.21.15.59:6789/0] conn(0x7fa2081022b0 0x7fa208111190 unknown :-1 s=HELLO_CONNECTING pgs=0 cs=0 l=1 rev1=1 crypto rx=0 tx=0 comp rx=0 tx=0).handle_hello peer v2:172.21.15.59:3300/0 says I am v2:172.21.15.59:58314/0 (socket says 172.21.15.59:58314)
2023-12-16T20:28:58.289 INFO:teuthology.orchestra.run.smithi059.stdout:/usr/bin/ceph: stderr
2023-12-16T20:28:57.813+0000 7fa2077fe700 1 -- 172.21.15.59:0/111352199 learned_addr learned my addr 172.21.15.59:0/111352199 (peer_addr_for_me v2:172.21.15.59:0/0)
2023-12-16T20:28:58.289 INFO:teuthology.orchestra.run.smithi059.stdout:/usr/bin/ceph: stderr
2023-12-16T20:28:57.814+0000 7fa2077fe700 1 -- 172.21.15.59:0/111352199 --> [v2:172.21.15.59:3300/0,v1:172.21.15.59:6789/0] -- mon_subscribe({config=0+,monmap=0+}) v3 -- 0x7fa1f80094f0 con 0x7fa2081022b0
2023-12-16T20:28:58.289 INFO:teuthology.orchestra.run.smithi059.stdout:/usr/bin/ceph: stderr
2023-12-16T20:28:57.814+0000 7fa2077fe700 1 --2- 172.21.15.59:0/111352199 >> [v2:172.21.15.59:3300/0,v1:172.21.15.59:6789/0] conn(0x7fa2081022b0 0x7fa208111190 secure :-1 s=READY pgs=58 cs=0 l=1 rev1=1 crypto rx=0x7fa1f800c010 tx=0x7fa1f8009250 comp rx=0 tx=0).ready entity=mon.0 client_cookie=0 server_cookie=0 in_seq=0 out_seq=0
2023-12-16T20:28:58.289 INFO:teuthology.orchestra.run.smithi059.stdout:/usr/bin/ceph: stderr
2023-12-16T20:28:57.814+0000 7fa1effff700 1 -- 172.21.15.59:0/111352199 <== mon.0 v2:172.21.15.59:3300/0 1 ==== mon_map magic: 0 v1 ==== 229+0+0 (secure 0 0 0) 0x7fa1f8010960 con 0x7fa2081022b0
2023-12-16T20:28:58.289 INFO:teuthology.orchestra.run.smithi059.stdout:/usr/bin/ceph: stderr
2023-12-16T20:28:57.814+0000 7fa1effff700 1 -- 172.21.15.59:0/111352199 <== mon.0 v2:172.21.15.59:3300/0 2 ==== config(26 keys) v1 ==== 1074+0+0 (secure 0 0 0) 0x7fa1f801a430 con 0x7fa2081022b0
2023-12-16T20:28:58.289 INFO:teuthology.orchestra.run.smithi059.stdout:/usr/bin/ceph: stderr
2023-12-16T20:28:57.814+0000 7fa1effff700 1 -- 172.21.15.59:0/111352199 <== mon.0 v2:172.21.15.59:3300/0 3 ==== mon_map magic: 0 v1 ==== 229+0+0 (secure 0 0 0) 0x7fa1f8019580 con 0x7fa2081022b0
2023-12-16T20:28:58.289 INFO:teuthology.orchestra.run.smithi059.stdout:/usr/bin/ceph: stderr
2023-12-16T20:28:57.814+0000 7fa20e17d700 1 -- 172.21.15.59:0/111352199 --> [v2:172.21.15.59:3300/0,v1:172.21.15.59:6789/0] -- mon_subscribe({mgrmap=0+}) v3 -- 0x7fa2081118d0 con 0x7fa2081022b0
2023-12-16T20:28:58.289 INFO:teuthology.orchestra.run.smithi059.stdout:/usr/bin/ceph: stderr
2023-12-16T20:28:57.814+0000 7fa20e17d700 1 -- 172.21.15.59:0/111352199 --> [v2:172.21.15.59:3300/0,v1:172.21.15.59:6789/0] -- mon_subscribe({osdmap=0}) v3 -- 0x7fa208111ce0 con 0x7fa2081022b0
2023-12-16T20:28:58.289 INFO:teuthology.orchestra.run.smithi059.stdout:/usr/bin/ceph: stderr
2023-12-16T20:28:57.815+0000 7fa1effff700 1 -- 172.21.15.59:0/111352199 <== mon.0 v2:172.21.15.59:3300/0 4 ==== mgrmap(e 8) v1 ==== 43281+0+0 (secure 0 0 0) 0x7fa1f8019800 con 0x7fa2081022b0
2023-12-16T20:28:58.289 INFO:teuthology.orchestra.run.smithi059.stdout:/usr/bin/ceph: stderr
2023-12-16T20:28:57.815+0000 7fa20e17d700 1 -- 172.21.15.59:0/111352199 --> [v2:172.21.15.59:3300/0,v1:172.21.15.59:6789/0] -- mon_command({"prefix": "get_command_descriptions"} v 0) v1 -- 0x7fa20804bb80 con 0x7fa2081022b0
2023-12-16T20:28:58.289 INFO:teuthology.orchestra.run.smithi059.stdout:/usr/bin/ceph: stderr
2023-12-16T20:28:57.815+0000 7fa1effff700 1 --2- 172.21.15.59:0/111352199 >> [v2:172.21.15.59:6800/1997095785,v1:172.21.15.59:6801/1997095785] conn(0x7fa1f00365f0 0x7fa1f0038aa0 unknown :-1 s=NONE pgs=0 cs=0 l=1 rev1=0 crypto rx=0 tx=0 comp rx=0 tx=0).connect
2023-12-16T20:28:58.289 INFO:teuthology.orchestra.run.smithi059.stdout:/usr/bin/ceph: stderr
2023-12-16T20:28:57.816+0000 7fa1effff700 1 -- 172.21.15.59:0/111352199 <== mon.0 v2:172.21.15.59:3300/0 5 ==== osd_map(2..2 src has 1..2) v4 ==== 936+0+0 (secure 0 0 0) 0x7fa1f804a3f0 con 0x7fa2081022b0
2023-12-16T20:28:58.290 INFO:teuthology.orchestra.run.smithi059.stdout:/usr/bin/ceph: stderr
2023-12-16T20:28:57.816+0000 7fa206ffd700 1 --2- 172.21.15.59:0/111352199 >> [v2:172.21.15.59:6800/1997095785,v1:172.21.15.59:6801/1997095785] conn(0x7fa1f00365f0 0x7fa1f0038aa0 unknown :-1 s=BANNER_CONNECTING pgs=0 cs=0 l=1 rev1=0 crypto rx=0 tx=0 comp rx=0 tx=0)._handle_peer_banner_payload supported=3 required=0
2023-12-16T20:28:58.290 INFO:teuthology.orchestra.run.smithi059.stdout:/usr/bin/ceph: stderr
2023-12-16T20:28:57.817+0000 7fa206ffd700 1 --2- 172.21.15.59:0/111352199 >> [v2:172.21.15.59:6800/1997095785,v1:172.21.15.59:6801/1997095785] conn(0x7fa1f00365f0 0x7fa1f0038aa0 secure :-1 s=READY pgs=17 cs=0 l=1 rev1=1 crypto rx=0x7fa1fc009990 tx=0x7fa1fc006e40 comp rx=0 tx=0).ready entity=mgr.14120 client_cookie=0 server_cookie=0 in_seq=0 out_seq=0
2023-12-16T20:28:58.290 INFO:teuthology.orchestra.run.smithi059.stdout:/usr/bin/ceph: stderr
2023-12-16T20:28:57.821+0000 7fa1effff700 1 -- 172.21.15.59:0/111352199 <== mon.0 v2:172.21.15.59:3300/0 6 ==== mon_command_ack([{"prefix": "get_command_descriptions"}]=0 v0) v1 ==== 72+0+174570 (secure 0 0 0) 0x7fa1f802b950 con 0x7fa2081022b0
2023-12-16T20:28:58.290 INFO:teuthology.orchestra.run.smithi059.stdout:/usr/bin/ceph: stderr
2023-12-16T20:28:58.047+0000 7fa20e17d700 1 -- 172.21.15.59:0/111352199 --> [v2:172.21.15.59:6800/1997095785,v1:172.21.15.59:6801/1997095785] -- mgr_command(tid 0: {"prefix": "orch apply", "service_type": "node-exporter", "target": ["mon-mgr", ""]}) v1 -- 0x7fa20810afe0 con 0x7fa1f00365f0
2023-12-16T20:28:58.290 INFO:teuthology.orchestra.run.smithi059.stdout:/usr/bin/ceph: stderr
2023-12-16T20:28:58.052+0000 7fa1effff700 1 -- 172.21.15.59:0/111352199 <== mgr.14120 v2:172.21.15.59:6800/1997095785 1 ==== mgr_command_reply(tid 0: 0 ) v1 ==== 8+0+34 (secure 0 0 0) 0x7fa20810afe0 con 0x7fa1f00365f0
2023-12-16T20:28:58.290 INFO:teuthology.orchestra.run.smithi059.stdout:/usr/bin/ceph: stderr
2023-12-16T20:28:58.054+0000 7fa20e17d700 1 -- 172.21.15.59:0/111352199 >> [v2:172.21.15.59:6800/1997095785,v1:172.21.15.59:6801/1997095785] conn(0x7fa1f00365f0 msgr2=0x7fa1f0038aa0 secure :-1 s=STATE_CONNECTION_ESTABLISHED l=1).mark_down
2023-12-16T20:28:58.290 INFO:teuthology.orchestra.run.smithi059.stdout:/usr/bin/ceph: stderr
2023-12-16T20:28:58.054+0000 7fa20e17d700 1 --2- 172.21.15.59:0/111352199 >> [v2:172.21.15.59:6800/1997095785,v1:172.21.15.59:6801/1997095785] conn(0x7fa1f00365f0 0x7fa1f0038aa0 secure :-1 s=READY pgs=17 cs=0 l=1 rev1=1 crypto rx=0x7fa1fc009990 tx=0x7fa1fc006e40 comp rx=0 tx=0).stop
2023-12-16T20:28:58.290 INFO:teuthology.orchestra.run.smithi059.stdout:/usr/bin/ceph: stderr
2023-12-16T20:28:58.054+0000 7fa20e17d700 1 -- 172.21.15.59:0/111352199 >> [v2:172.21.15.59:3300/0,v1:172.21.15.59:6789/0] conn(0x7fa2081022b0 msgr2=0x7fa208111190 secure :-1 s=STATE_CONNECTION_ESTABLISHED l=1).mark_down
2023-12-16T20:28:58.290 INFO:teuthology.orchestra.run.smithi059.stdout:/usr/bin/ceph: stderr
2023-12-16T20:28:58.054+0000 7fa20e17d700 1 --2- 172.21.15.59:0/111352199 >> [v2:172.21.15.59:3300/0,v1:172.21.15.59:6789/0] conn(0x7fa2081022b0 0x7fa208111190 secure :-1 s=READY pgs=58 cs=0 l=1 rev1=1 crypto rx=0x7fa1f800c010 tx=0x7fa1f8009250 comp rx=0 tx=0).stop
2023-12-16T20:28:58.290 INFO:teuthology.orchestra.run.smithi059.stdout:/usr/bin/ceph: stderr
2023-12-16T20:28:58.054+0000 7fa20e17d700 1 -- 172.21.15.59:0/111352199 shutdown_connections
2023-12-16T20:28:58.290 INFO:teuthology.orchestra.run.smithi059.stdout:/usr/bin/ceph: stderr
2023-12-16T20:28:58.054+0000 7fa20e17d700 1 --2- 172.21.15.59:0/111352199 >> [v2:172.21.15.59:6800/1997095785,v1:172.21.15.59:6801/1997095785] conn(0x7fa1f00365f0 0x7fa1f0038aa0 unknown :-1 s=CLOSED pgs=17 cs=0 l=1 rev1=1 crypto rx=0 tx=0 comp rx=0 tx=0).stop
2023-12-16T20:28:58.290 INFO:teuthology.orchestra.run.smithi059.stdout:/usr/bin/ceph: stderr
2023-12-16T20:28:58.054+0000 7fa20e17d700 1 --2- 172.21.15.59:0/111352199 >> [v2:172.21.15.59:3300/0,v1:172.21.15.59:6789/0] conn(0x7fa2081022b0 0x7fa208111190 unknown :-1 s=CLOSED pgs=58 cs=0 l=1 rev1=1 crypto rx=0 tx=0 comp rx=0 tx=0).stop
2023-12-16T20:28:58.290 INFO:teuthology.orchestra.run.smithi059.stdout:/usr/bin/ceph: stderr
2023-12-16T20:28:58.054+0000 7fa20e17d700 1 -- 172.21.15.59:0/111352199 >> 172.21.15.59:0/111352199 conn(0x7fa2080fda10 msgr2=0x7fa2080ff1e0 unknown :-1 s=STATE_NONE l=0).mark_down
2023-12-16T20:28:58.290 INFO:teuthology.orchestra.run.smithi059.stdout:/usr/bin/ceph: stderr
2023-12-16T20:28:58.054+0000 7fa20e17d700 1 -- 172.21.15.59:0/111352199 shutdown_connections
2023-12-16T20:28:58.290 INFO:teuthology.orchestra.run.smithi059.stdout:/usr/bin/ceph: stderr
2023-12-16T20:28:58.055+0000 7fa20e17d700 1 -- 172.21.15.59:0/111352199 wait complete.
2023-12-16T20:28:58.291 INFO:teuthology.orchestra.run.smithi059.stdout:Deploying alertmanager service with default placement...
2023-12-16T20:28:58.863 INFO:journalctl@ceph.mon.smithi059.smithi059.stdout:Dec 16 20:28:58 smithi059 ceph-mon[80919]: from='client.14150 -' entity='client.admin' cmd=[{"prefix": "orch apply", "service_type": "grafana", "target": ["mon-mgr", ""]}]: dispatch
2023-12-16T20:28:58.863 INFO:journalctl@ceph.mon.smithi059.smithi059.stdout:Dec 16 20:28:58 smithi059 ceph-mon[80919]: Saving service grafana spec with placement count:1
2023-12-16T20:28:58.863 INFO:journalctl@ceph.mon.smithi059.smithi059.stdout:Dec 16 20:28:58 smithi059 ceph-mon[80919]: from='mgr.14120 172.21.15.59:0/524103438' entity='mgr.smithi059.bqtvcv'
2023-12-16T20:28:58.971 INFO:teuthology.orchestra.run.smithi059.stdout:/usr/bin/ceph: stdout Scheduled alertmanager update...
2023-12-16T20:28:58.971 INFO:teuthology.orchestra.run.smithi059.stdout:/usr/bin/ceph: stderr
2023-12-16T20:28:58.518+0000 7f765105b700 1 Processor -- start
2023-12-16T20:28:58.971 INFO:teuthology.orchestra.run.smithi059.stdout:/usr/bin/ceph: stderr
2023-12-16T20:28:58.518+0000 7f765105b700 1 -- start start
2023-12-16T20:28:58.971 INFO:teuthology.orchestra.run.smithi059.stdout:/usr/bin/ceph: stderr
2023-12-16T20:28:58.518+0000 7f765105b700 1 --2- >> [v2:172.21.15.59:3300/0,v1:172.21.15.59:6789/0] conn(0x7f764c078ce0 0x7f764c0771f0 unknown :-1 s=NONE pgs=0 cs=0 l=0 rev1=0 crypto rx=0 tx=0 comp rx=0 tx=0).connect
2023-12-16T20:28:58.971 INFO:teuthology.orchestra.run.smithi059.stdout:/usr/bin/ceph: stderr
2023-12-16T20:28:58.518+0000 7f765105b700 1 -- --> [v2:172.21.15.59:3300/0,v1:172.21.15.59:6789/0] -- mon_getmap magic: 0 v1 -- 0x7f764c0790f0 con 0x7f764c078ce0
2023-12-16T20:28:58.971 INFO:teuthology.orchestra.run.smithi059.stdout:/usr/bin/ceph: stderr
2023-12-16T20:28:58.518+0000 7f764ad9d700 1 --2- >> [v2:172.21.15.59:3300/0,v1:172.21.15.59:6789/0] conn(0x7f764c078ce0 0x7f764c0771f0 unknown :-1 s=BANNER_CONNECTING pgs=0 cs=0 l=0 rev1=0 crypto rx=0 tx=0 comp rx=0 tx=0)._handle_peer_banner_payload supported=3 required=0
2023-12-16T20:28:58.971 INFO:teuthology.orchestra.run.smithi059.stdout:/usr/bin/ceph: stderr
2023-12-16T20:28:58.519+0000 7f764ad9d700 1 --2- >> [v2:172.21.15.59:3300/0,v1:172.21.15.59:6789/0] conn(0x7f764c078ce0 0x7f764c0771f0 unknown :-1 s=HELLO_CONNECTING pgs=0 cs=0 l=0 rev1=1 crypto rx=0 tx=0 comp rx=0 tx=0).handle_hello peer v2:172.21.15.59:3300/0 says I am v2:172.21.15.59:58318/0 (socket says 172.21.15.59:58318)
2023-12-16T20:28:58.971 INFO:teuthology.orchestra.run.smithi059.stdout:/usr/bin/ceph: stderr
2023-12-16T20:28:58.519+0000 7f764ad9d700 1 -- 172.21.15.59:0/645651536 learned_addr learned my addr 172.21.15.59:0/645651536 (peer_addr_for_me v2:172.21.15.59:0/0)
2023-12-16T20:28:58.971 INFO:teuthology.orchestra.run.smithi059.stdout:/usr/bin/ceph: stderr
2023-12-16T20:28:58.519+0000 7f764ad9d700 1 -- 172.21.15.59:0/645651536 --> [v2:172.21.15.59:3300/0,v1:172.21.15.59:6789/0] -- mon_subscribe({config=0+,monmap=0+}) v3 -- 0x7f764c077730 con 0x7f764c078ce0
2023-12-16T20:28:58.971 INFO:teuthology.orchestra.run.smithi059.stdout:/usr/bin/ceph: stderr
2023-12-16T20:28:58.519+0000 7f764ad9d700 1 --2- 172.21.15.59:0/645651536 >> [v2:172.21.15.59:3300/0,v1:172.21.15.59:6789/0] conn(0x7f764c078ce0 0x7f764c0771f0 secure :-1 s=READY pgs=59 cs=0 l=1 rev1=1 crypto rx=0x7f7644009e50 tx=0x7f7644009840 comp rx=0 tx=0).ready entity=mon.0 client_cookie=87e8774bbe407546 server_cookie=0 in_seq=0 out_seq=0
2023-12-16T20:28:58.971 INFO:teuthology.orchestra.run.smithi059.stdout:/usr/bin/ceph: stderr
2023-12-16T20:28:58.519+0000 7f7649d9b700 1 -- 172.21.15.59:0/645651536 <== mon.0 v2:172.21.15.59:3300/0 1 ==== mon_map magic: 0 v1 ==== 229+0+0 (secure 0 0 0) 0x7f76440092e0 con 0x7f764c078ce0
2023-12-16T20:28:58.971 INFO:teuthology.orchestra.run.smithi059.stdout:/usr/bin/ceph: stderr
2023-12-16T20:28:58.519+0000 7f7649d9b700 1 -- 172.21.15.59:0/645651536 <== mon.0 v2:172.21.15.59:3300/0 2 ==== config(26 keys) v1 ==== 1074+0+0 (secure 0 0 0) 0x7f7644012430 con 0x7f764c078ce0
2023-12-16T20:28:58.972 INFO:teuthology.orchestra.run.smithi059.stdout:/usr/bin/ceph: stderr
2023-12-16T20:28:58.519+0000 7f7649d9b700 1 -- 172.21.15.59:0/645651536 <== mon.0 v2:172.21.15.59:3300/0 3 ==== mon_map magic: 0 v1 ==== 229+0+0 (secure 0 0 0) 0x7f76440075c0 con 0x7f764c078ce0
2023-12-16T20:28:58.972 INFO:teuthology.orchestra.run.smithi059.stdout:/usr/bin/ceph: stderr
2023-12-16T20:28:58.520+0000 7f765105b700 1 -- 172.21.15.59:0/645651536 >> [v2:172.21.15.59:3300/0,v1:172.21.15.59:6789/0] conn(0x7f764c078ce0 msgr2=0x7f764c0771f0 secure :-1 s=STATE_CONNECTION_ESTABLISHED l=1).mark_down
2023-12-16T20:28:58.972 INFO:teuthology.orchestra.run.smithi059.stdout:/usr/bin/ceph: stderr
2023-12-16T20:28:58.520+0000 7f765105b700 1 --2- 172.21.15.59:0/645651536 >> [v2:172.21.15.59:3300/0,v1:172.21.15.59:6789/0] conn(0x7f764c078ce0 0x7f764c0771f0 secure :-1 s=READY pgs=59 cs=0 l=1 rev1=1 crypto rx=0x7f7644009e50 tx=0x7f7644009840 comp rx=0 tx=0).stop
2023-12-16T20:28:58.972 INFO:teuthology.orchestra.run.smithi059.stdout:/usr/bin/ceph: stderr
2023-12-16T20:28:58.520+0000 7f765105b700 1 -- 172.21.15.59:0/645651536 shutdown_connections
2023-12-16T20:28:58.972 INFO:teuthology.orchestra.run.smithi059.stdout:/usr/bin/ceph: stderr
2023-12-16T20:28:58.520+0000 7f765105b700 1 --2- 172.21.15.59:0/645651536 >> [v2:172.21.15.59:3300/0,v1:172.21.15.59:6789/0] conn(0x7f764c078ce0 0x7f764c0771f0 unknown :-1 s=CLOSED pgs=59 cs=0 l=1 rev1=1 crypto rx=0 tx=0 comp rx=0 tx=0).stop
2023-12-16T20:28:58.972 INFO:teuthology.orchestra.run.smithi059.stdout:/usr/bin/ceph: stderr
2023-12-16T20:28:58.520+0000 7f765105b700 1 -- 172.21.15.59:0/645651536 >> 172.21.15.59:0/645651536 conn(0x7f764c0fda10 msgr2=0x7f764c0ffe40 unknown :-1 s=STATE_NONE l=0).mark_down
2023-12-16T20:28:58.972 INFO:teuthology.orchestra.run.smithi059.stdout:/usr/bin/ceph: stderr
2023-12-16T20:28:58.520+0000 7f765105b700 1 -- 172.21.15.59:0/645651536 shutdown_connections
2023-12-16T20:28:58.972 INFO:teuthology.orchestra.run.smithi059.stdout:/usr/bin/ceph: stderr
2023-12-16T20:28:58.520+0000 7f765105b700 1 -- 172.21.15.59:0/645651536 wait complete.
2023-12-16T20:28:58.972 INFO:teuthology.orchestra.run.smithi059.stdout:/usr/bin/ceph: stderr
2023-12-16T20:28:58.520+0000 7f765105b700 1 Processor -- start
2023-12-16T20:28:58.972 INFO:teuthology.orchestra.run.smithi059.stdout:/usr/bin/ceph: stderr
2023-12-16T20:28:58.521+0000 7f765105b700 1 -- start start
2023-12-16T20:28:58.972 INFO:teuthology.orchestra.run.smithi059.stdout:/usr/bin/ceph: stderr
2023-12-16T20:28:58.521+0000 7f765105b700 1 --2- >> [v2:172.21.15.59:3300/0,v1:172.21.15.59:6789/0] conn(0x7f764c078ce0 0x7f764c1133a0 unknown :-1 s=NONE pgs=0 cs=0 l=1 rev1=0 crypto rx=0 tx=0 comp rx=0 tx=0).connect
2023-12-16T20:28:58.972 INFO:teuthology.orchestra.run.smithi059.stdout:/usr/bin/ceph: stderr
2023-12-16T20:28:58.521+0000 7f765105b700 1 -- --> [v2:172.21.15.59:3300/0,v1:172.21.15.59:6789/0] -- mon_getmap magic: 0 v1 -- 0x7f764c1138e0 con 0x7f764c078ce0
2023-12-16T20:28:58.972 INFO:teuthology.orchestra.run.smithi059.stdout:/usr/bin/ceph: stderr
2023-12-16T20:28:58.521+0000 7f764ad9d700 1 --2- >> [v2:172.21.15.59:3300/0,v1:172.21.15.59:6789/0] conn(0x7f764c078ce0 0x7f764c1133a0 unknown :-1 s=BANNER_CONNECTING pgs=0 cs=0 l=1 rev1=0 crypto rx=0 tx=0 comp rx=0 tx=0)._handle_peer_banner_payload supported=3 required=0
2023-12-16T20:28:58.972 INFO:teuthology.orchestra.run.smithi059.stdout:/usr/bin/ceph: stderr
2023-12-16T20:28:58.521+0000 7f764ad9d700 1 --2- >> [v2:172.21.15.59:3300/0,v1:172.21.15.59:6789/0] conn(0x7f764c078ce0 0x7f764c1133a0 unknown :-1 s=HELLO_CONNECTING pgs=0 cs=0 l=1 rev1=1 crypto rx=0 tx=0 comp rx=0 tx=0).handle_hello peer v2:172.21.15.59:3300/0 says I am v2:172.21.15.59:58326/0 (socket says 172.21.15.59:58326)
2023-12-16T20:28:58.972 INFO:teuthology.orchestra.run.smithi059.stdout:/usr/bin/ceph: stderr
2023-12-16T20:28:58.521+0000 7f764ad9d700 1 -- 172.21.15.59:0/2950186088 learned_addr learned my addr 172.21.15.59:0/2950186088 (peer_addr_for_me v2:172.21.15.59:0/0)
2023-12-16T20:28:58.973 INFO:teuthology.orchestra.run.smithi059.stdout:/usr/bin/ceph: stderr
2023-12-16T20:28:58.521+0000 7f764ad9d700 1 -- 172.21.15.59:0/2950186088 --> [v2:172.21.15.59:3300/0,v1:172.21.15.59:6789/0] -- mon_subscribe({config=0+,monmap=0+}) v3 -- 0x7f7644009ae0 con 0x7f764c078ce0
2023-12-16T20:28:58.973 INFO:teuthology.orchestra.run.smithi059.stdout:/usr/bin/ceph: stderr
2023-12-16T20:28:58.521+0000 7f764ad9d700 1 --2- 172.21.15.59:0/2950186088 >> [v2:172.21.15.59:3300/0,v1:172.21.15.59:6789/0] conn(0x7f764c078ce0 0x7f764c1133a0 secure :-1 s=READY pgs=60 cs=0 l=1 rev1=1 crypto rx=0x7f7644009fd0 tx=0x7f7644009840 comp rx=0 tx=0).ready entity=mon.0 client_cookie=0 server_cookie=0 in_seq=0 out_seq=0
2023-12-16T20:28:58.973 INFO:teuthology.orchestra.run.smithi059.stdout:/usr/bin/ceph: stderr
2023-12-16T20:28:58.521+0000 7f76437fe700 1 -- 172.21.15.59:0/2950186088 <== mon.0 v2:172.21.15.59:3300/0 1 ==== mon_map magic: 0 v1 ==== 229+0+0 (secure 0 0 0) 0x7f76440092e0 con 0x7f764c078ce0
2023-12-16T20:28:58.973 INFO:teuthology.orchestra.run.smithi059.stdout:/usr/bin/ceph: stderr
2023-12-16T20:28:58.521+0000 7f76437fe700 1 -- 172.21.15.59:0/2950186088 <== mon.0 v2:172.21.15.59:3300/0 2 ==== config(26 keys) v1 ==== 1074+0+0 (secure 0 0 0) 0x7f7644007ce0 con 0x7f764c078ce0
2023-12-16T20:28:58.973 INFO:teuthology.orchestra.run.smithi059.stdout:/usr/bin/ceph: stderr
2023-12-16T20:28:58.522+0000 7f765105b700 1 -- 172.21.15.59:0/2950186088 --> [v2:172.21.15.59:3300/0,v1:172.21.15.59:6789/0] -- mon_subscribe({mgrmap=0+}) v3 -- 0x7f764c113ae0 con 0x7f764c078ce0
2023-12-16T20:28:58.973 INFO:teuthology.orchestra.run.smithi059.stdout:/usr/bin/ceph: stderr
2023-12-16T20:28:58.522+0000 7f76437fe700 1 -- 172.21.15.59:0/2950186088 <== mon.0 v2:172.21.15.59:3300/0 3 ==== mon_map magic: 0 v1 ==== 229+0+0 (secure 0 0 0) 0x7f764401c880 con 0x7f764c078ce0
2023-12-16T20:28:58.973 INFO:teuthology.orchestra.run.smithi059.stdout:/usr/bin/ceph: stderr
2023-12-16T20:28:58.522+0000 7f765105b700 1 -- 172.21.15.59:0/2950186088 --> [v2:172.21.15.59:3300/0,v1:172.21.15.59:6789/0] -- mon_subscribe({osdmap=0}) v3 -- 0x7f764c114780 con 0x7f764c078ce0
2023-12-16T20:28:58.973 INFO:teuthology.orchestra.run.smithi059.stdout:/usr/bin/ceph: stderr
2023-12-16T20:28:58.523+0000 7f765105b700 1 -- 172.21.15.59:0/2950186088 --> [v2:172.21.15.59:3300/0,v1:172.21.15.59:6789/0] -- mon_command({"prefix": "get_command_descriptions"} v 0) v1 -- 0x7f764c05f270 con 0x7f764c078ce0
2023-12-16T20:28:58.973 INFO:teuthology.orchestra.run.smithi059.stdout:/usr/bin/ceph: stderr
2023-12-16T20:28:58.523+0000 7f76437fe700 1 -- 172.21.15.59:0/2950186088 <== mon.0 v2:172.21.15.59:3300/0 4 ==== mgrmap(e 8) v1 ==== 43281+0+0 (secure 0 0 0) 0x7f7644019070 con 0x7f764c078ce0
2023-12-16T20:28:58.973 INFO:teuthology.orchestra.run.smithi059.stdout:/usr/bin/ceph: stderr
2023-12-16T20:28:58.523+0000 7f76437fe700 1 --2- 172.21.15.59:0/2950186088 >> [v2:172.21.15.59:6800/1997095785,v1:172.21.15.59:6801/1997095785] conn(0x7f76380365f0 0x7f7638038aa0 unknown :-1 s=NONE pgs=0 cs=0 l=1 rev1=0 crypto rx=0 tx=0 comp rx=0 tx=0).connect
2023-12-16T20:28:58.973 INFO:teuthology.orchestra.run.smithi059.stdout:/usr/bin/ceph: stderr
2023-12-16T20:28:58.523+0000 7f76437fe700 1 -- 172.21.15.59:0/2950186088 <== mon.0 v2:172.21.15.59:3300/0 5 ==== osd_map(2..2 src has 1..2) v4 ==== 936+0+0 (secure 0 0 0) 0x7f7644049c20 con 0x7f764c078ce0
2023-12-16T20:28:58.973 INFO:teuthology.orchestra.run.smithi059.stdout:/usr/bin/ceph: stderr
2023-12-16T20:28:58.523+0000 7f764a59c700 1 --2- 172.21.15.59:0/2950186088 >> [v2:172.21.15.59:6800/1997095785,v1:172.21.15.59:6801/1997095785] conn(0x7f76380365f0 0x7f7638038aa0 unknown :-1 s=BANNER_CONNECTING pgs=0 cs=0 l=1 rev1=0 crypto rx=0 tx=0 comp rx=0 tx=0)._handle_peer_banner_payload supported=3 required=0
2023-12-16T20:28:58.973 INFO:teuthology.orchestra.run.smithi059.stdout:/usr/bin/ceph: stderr
2023-12-16T20:28:58.523+0000 7f764a59c700 1 --2- 172.21.15.59:0/2950186088 >> [v2:172.21.15.59:6800/1997095785,v1:172.21.15.59:6801/1997095785] conn(0x7f76380365f0 0x7f7638038aa0 secure :-1 s=READY pgs=18 cs=0 l=1 rev1=1 crypto rx=0x7f7634009990 tx=0x7f7634006e40 comp rx=0 tx=0).ready entity=mgr.14120 client_cookie=0 server_cookie=0 in_seq=0 out_seq=0
