2023-12-16T20:45:14.462+0000 7f6cceffd700 1 -- 172.21.15.52:0/522352797 <== mgr.14120 v2:172.21.15.52:6800/221719009 1 ==== mgr_command_reply(tid 0: 0 ) v1 ==== 8+0+24 (secure 0 0 0) 0x7f6ce010adc0 con 0x7f6cc80362c0
2023-12-16T20:45:14.756 INFO:teuthology.orchestra.run.smithi052.stdout:/usr/bin/ceph: stderr
2023-12-16T20:45:14.464+0000 7f6ce4da6700 1 -- 172.21.15.52:0/522352797 >> [v2:172.21.15.52:6800/221719009,v1:172.21.15.52:6801/221719009] conn(0x7f6cc80362c0 msgr2=0x7f6cc8038770 secure :-1 s=STATE_CONNECTION_ESTABLISHED l=1).mark_down
2023-12-16T20:45:14.756 INFO:teuthology.orchestra.run.smithi052.stdout:/usr/bin/ceph: stderr
2023-12-16T20:45:14.464+0000 7f6ce4da6700 1 --2- 172.21.15.52:0/522352797 >> [v2:172.21.15.52:6800/221719009,v1:172.21.15.52:6801/221719009] conn(0x7f6cc80362c0 0x7f6cc8038770 secure :-1 s=READY pgs=12 cs=0 l=1 rev1=1 crypto rx=0x7f6cd4009990 tx=0x7f6cd4006e40 comp rx=0 tx=0).stop
2023-12-16T20:45:14.756 INFO:teuthology.orchestra.run.smithi052.stdout:/usr/bin/ceph: stderr
2023-12-16T20:45:14.464+0000 7f6ce4da6700 1 -- 172.21.15.52:0/522352797 >> [v2:172.21.15.52:3300/0,v1:172.21.15.52:6789/0] conn(0x7f6ce01039c0 msgr2=0x7f6ce0078d10 secure :-1 s=STATE_CONNECTION_ESTABLISHED l=1).mark_down
2023-12-16T20:45:14.756 INFO:teuthology.orchestra.run.smithi052.stdout:/usr/bin/ceph: stderr
2023-12-16T20:45:14.464+0000 7f6ce4da6700 1 --2- 172.21.15.52:0/522352797 >> [v2:172.21.15.52:3300/0,v1:172.21.15.52:6789/0] conn(0x7f6ce01039c0 0x7f6ce0078d10 secure :-1 s=READY pgs=48 cs=0 l=1 rev1=1 crypto rx=0x7f6cd0000c00 tx=0x7f6cd0009250 comp rx=0 tx=0).stop
2023-12-16T20:45:14.756 INFO:teuthology.orchestra.run.smithi052.stdout:/usr/bin/ceph: stderr
2023-12-16T20:45:14.464+0000 7f6ce4da6700 1 -- 172.21.15.52:0/522352797 shutdown_connections
2023-12-16T20:45:14.756 INFO:teuthology.orchestra.run.smithi052.stdout:/usr/bin/ceph: stderr
2023-12-16T20:45:14.464+0000 7f6ce4da6700 1 --2- 172.21.15.52:0/522352797 >> [v2:172.21.15.52:6800/221719009,v1:172.21.15.52:6801/221719009] conn(0x7f6cc80362c0 0x7f6cc8038770 unknown :-1 s=CLOSED pgs=12 cs=0 l=1 rev1=1 crypto rx=0 tx=0 comp rx=0 tx=0).stop
2023-12-16T20:45:14.756 INFO:teuthology.orchestra.run.smithi052.stdout:/usr/bin/ceph: stderr
2023-12-16T20:45:14.464+0000 7f6ce4da6700 1 --2- 172.21.15.52:0/522352797 >> [v2:172.21.15.52:3300/0,v1:172.21.15.52:6789/0] conn(0x7f6ce01039c0 0x7f6ce0078d10 unknown :-1 s=CLOSED pgs=48 cs=0 l=1 rev1=1 crypto rx=0 tx=0 comp rx=0 tx=0).stop
2023-12-16T20:45:14.756 INFO:teuthology.orchestra.run.smithi052.stdout:/usr/bin/ceph: stderr
2023-12-16T20:45:14.464+0000 7f6ce4da6700 1 -- 172.21.15.52:0/522352797 >> 172.21.15.52:0/522352797 conn(0x7f6ce00fda40 msgr2=0x7f6ce00ff1c0 unknown :-1 s=STATE_NONE l=0).mark_down
2023-12-16T20:45:14.757 INFO:teuthology.orchestra.run.smithi052.stdout:/usr/bin/ceph: stderr
2023-12-16T20:45:14.464+0000 7f6ce4da6700 1 -- 172.21.15.52:0/522352797 shutdown_connections
2023-12-16T20:45:14.757 INFO:teuthology.orchestra.run.smithi052.stdout:/usr/bin/ceph: stderr
2023-12-16T20:45:14.464+0000 7f6ce4da6700 1 -- 172.21.15.52:0/522352797 wait complete.
2023-12-16T20:45:14.757 INFO:teuthology.orchestra.run.smithi052.stdout:Deploying mgr service with default placement...
2023-12-16T20:45:14.848 INFO:journalctl@ceph.mon.smithi052.smithi052.stdout:Dec 16 20:45:14 smithi052 ceph-mon[80761]: from='mgr.14120 172.21.15.52:0/327920741' entity='mgr.smithi052.nmkcbs'
2023-12-16T20:45:14.848 INFO:journalctl@ceph.mon.smithi052.smithi052.stdout:Dec 16 20:45:14 smithi052 ceph-mon[80761]: Added host smithi052
2023-12-16T20:45:14.848 INFO:journalctl@ceph.mon.smithi052.smithi052.stdout:Dec 16 20:45:14 smithi052 ceph-mon[80761]: from='mgr.14120 172.21.15.52:0/327920741' entity='mgr.smithi052.nmkcbs' cmd=[{"prefix": "config dump", "format": "json"}]: dispatch
2023-12-16T20:45:14.848 INFO:journalctl@ceph.mon.smithi052.smithi052.stdout:Dec 16 20:45:14 smithi052 ceph-mon[80761]: from='mgr.14120 172.21.15.52:0/327920741' entity='mgr.smithi052.nmkcbs'
2023-12-16T20:45:15.487 INFO:teuthology.orchestra.run.smithi052.stdout:/usr/bin/ceph: stdout Scheduled mgr update...
2023-12-16T20:45:15.487 INFO:teuthology.orchestra.run.smithi052.stdout:/usr/bin/ceph: stderr
2023-12-16T20:45:14.972+0000 7f9421442700 1 Processor -- start
2023-12-16T20:45:15.487 INFO:teuthology.orchestra.run.smithi052.stdout:/usr/bin/ceph: stderr
2023-12-16T20:45:14.972+0000 7f9421442700 1 -- start start
2023-12-16T20:45:15.487 INFO:teuthology.orchestra.run.smithi052.stdout:/usr/bin/ceph: stderr
2023-12-16T20:45:14.972+0000 7f9421442700 1 --2- >> [v2:172.21.15.52:3300/0,v1:172.21.15.52:6789/0] conn(0x7f941c1011d0 0x7f941c1015e0 unknown :-1 s=NONE pgs=0 cs=0 l=0 rev1=0 crypto rx=0 tx=0 comp rx=0 tx=0).connect
2023-12-16T20:45:15.488 INFO:teuthology.orchestra.run.smithi052.stdout:/usr/bin/ceph: stderr
2023-12-16T20:45:14.972+0000 7f9421442700 1 -- --> [v2:172.21.15.52:3300/0,v1:172.21.15.52:6789/0] -- mon_getmap magic: 0 v1 -- 0x7f941c101b20 con 0x7f941c1011d0
2023-12-16T20:45:15.488 INFO:teuthology.orchestra.run.smithi052.stdout:/usr/bin/ceph: stderr
2023-12-16T20:45:14.972+0000 7f941affd700 1 --2- >> [v2:172.21.15.52:3300/0,v1:172.21.15.52:6789/0] conn(0x7f941c1011d0 0x7f941c1015e0 unknown :-1 s=BANNER_CONNECTING pgs=0 cs=0 l=0 rev1=0 crypto rx=0 tx=0 comp rx=0 tx=0)._handle_peer_banner_payload supported=3 required=0
2023-12-16T20:45:15.488 INFO:teuthology.orchestra.run.smithi052.stdout:/usr/bin/ceph: stderr
2023-12-16T20:45:14.972+0000 7f941affd700 1 --2- >> [v2:172.21.15.52:3300/0,v1:172.21.15.52:6789/0] conn(0x7f941c1011d0 0x7f941c1015e0 unknown :-1 s=HELLO_CONNECTING pgs=0 cs=0 l=0 rev1=1 crypto rx=0 tx=0 comp rx=0 tx=0).handle_hello peer v2:172.21.15.52:3300/0 says I am v2:172.21.15.52:45176/0 (socket says 172.21.15.52:45176)
2023-12-16T20:45:15.488 INFO:teuthology.orchestra.run.smithi052.stdout:/usr/bin/ceph: stderr
2023-12-16T20:45:14.972+0000 7f941affd700 1 -- 172.21.15.52:0/1459811072 learned_addr learned my addr 172.21.15.52:0/1459811072 (peer_addr_for_me v2:172.21.15.52:0/0)
2023-12-16T20:45:15.488 INFO:teuthology.orchestra.run.smithi052.stdout:/usr/bin/ceph: stderr
2023-12-16T20:45:14.973+0000 7f941affd700 1 -- 172.21.15.52:0/1459811072 --> [v2:172.21.15.52:3300/0,v1:172.21.15.52:6789/0] -- mon_subscribe({config=0+,monmap=0+}) v3 -- 0x7f941c101c60 con 0x7f941c1011d0
2023-12-16T20:45:15.488 INFO:teuthology.orchestra.run.smithi052.stdout:/usr/bin/ceph: stderr
2023-12-16T20:45:14.973+0000 7f941affd700 1 --2- 172.21.15.52:0/1459811072 >> [v2:172.21.15.52:3300/0,v1:172.21.15.52:6789/0] conn(0x7f941c1011d0 0x7f941c1015e0 secure :-1 s=READY pgs=49 cs=0 l=1 rev1=1 crypto rx=0x7f9414009e50 tx=0x7f9414009840 comp rx=0 tx=0).ready entity=mon.0 client_cookie=ec45f2e3978664c1 server_cookie=0 in_seq=0 out_seq=0
2023-12-16T20:45:15.488 INFO:teuthology.orchestra.run.smithi052.stdout:/usr/bin/ceph: stderr
2023-12-16T20:45:14.973+0000 7f9419ffb700 1 -- 172.21.15.52:0/1459811072 <== mon.0 v2:172.21.15.52:3300/0 1 ==== mon_map magic: 0 v1 ==== 229+0+0 (secure 0 0 0) 0x7f94140092e0 con 0x7f941c1011d0
2023-12-16T20:45:15.488 INFO:teuthology.orchestra.run.smithi052.stdout:/usr/bin/ceph: stderr
2023-12-16T20:45:14.973+0000 7f9419ffb700 1 -- 172.21.15.52:0/1459811072 <== mon.0 v2:172.21.15.52:3300/0 2 ==== config(26 keys) v1 ==== 1009+0+0 (secure 0 0 0) 0x7f941400be90 con 0x7f941c1011d0
2023-12-16T20:45:15.488 INFO:teuthology.orchestra.run.smithi052.stdout:/usr/bin/ceph: stderr
2023-12-16T20:45:14.973+0000 7f9419ffb700 1 -- 172.21.15.52:0/1459811072 <== mon.0 v2:172.21.15.52:3300/0 3 ==== mon_map magic: 0 v1 ==== 229+0+0 (secure 0 0 0) 0x7f9414007400 con 0x7f941c1011d0
2023-12-16T20:45:15.488 INFO:teuthology.orchestra.run.smithi052.stdout:/usr/bin/ceph: stderr
2023-12-16T20:45:14.973+0000 7f9421442700 1 -- 172.21.15.52:0/1459811072 >> [v2:172.21.15.52:3300/0,v1:172.21.15.52:6789/0] conn(0x7f941c1011d0 msgr2=0x7f941c1015e0 secure :-1 s=STATE_CONNECTION_ESTABLISHED l=1).mark_down
2023-12-16T20:45:15.488 INFO:teuthology.orchestra.run.smithi052.stdout:/usr/bin/ceph: stderr
2023-12-16T20:45:14.973+0000 7f9421442700 1 --2- 172.21.15.52:0/1459811072 >> [v2:172.21.15.52:3300/0,v1:172.21.15.52:6789/0] conn(0x7f941c1011d0 0x7f941c1015e0 secure :-1 s=READY pgs=49 cs=0 l=1 rev1=1 crypto rx=0x7f9414009e50 tx=0x7f9414009840 comp rx=0 tx=0).stop
2023-12-16T20:45:15.488 INFO:teuthology.orchestra.run.smithi052.stdout:/usr/bin/ceph: stderr
2023-12-16T20:45:14.974+0000 7f9421442700 1 -- 172.21.15.52:0/1459811072 shutdown_connections
2023-12-16T20:45:15.488 INFO:teuthology.orchestra.run.smithi052.stdout:/usr/bin/ceph: stderr
2023-12-16T20:45:14.974+0000 7f9421442700 1 --2- 172.21.15.52:0/1459811072 >> [v2:172.21.15.52:3300/0,v1:172.21.15.52:6789/0] conn(0x7f941c1011d0 0x7f941c1015e0 unknown :-1 s=CLOSED pgs=49 cs=0 l=1 rev1=1 crypto rx=0 tx=0 comp rx=0 tx=0).stop
2023-12-16T20:45:15.488 INFO:teuthology.orchestra.run.smithi052.stdout:/usr/bin/ceph: stderr
2023-12-16T20:45:14.974+0000 7f9421442700 1 -- 172.21.15.52:0/1459811072 >> 172.21.15.52:0/1459811072 conn(0x7f941c0fc970 msgr2=0x7f941c0fed80 unknown :-1 s=STATE_NONE l=0).mark_down
2023-12-16T20:45:15.489 INFO:teuthology.orchestra.run.smithi052.stdout:/usr/bin/ceph: stderr
2023-12-16T20:45:14.974+0000 7f9421442700 1 -- 172.21.15.52:0/1459811072 shutdown_connections
2023-12-16T20:45:15.489 INFO:teuthology.orchestra.run.smithi052.stdout:/usr/bin/ceph: stderr
2023-12-16T20:45:14.974+0000 7f9421442700 1 -- 172.21.15.52:0/1459811072 wait complete.
2023-12-16T20:45:15.489 INFO:teuthology.orchestra.run.smithi052.stdout:/usr/bin/ceph: stderr
2023-12-16T20:45:14.974+0000 7f9421442700 1 Processor -- start
2023-12-16T20:45:15.489 INFO:teuthology.orchestra.run.smithi052.stdout:/usr/bin/ceph: stderr
2023-12-16T20:45:14.974+0000 7f9421442700 1 -- start start
2023-12-16T20:45:15.489 INFO:teuthology.orchestra.run.smithi052.stdout:/usr/bin/ceph: stderr
2023-12-16T20:45:14.975+0000 7f9421442700 1 --2- >> [v2:172.21.15.52:3300/0,v1:172.21.15.52:6789/0] conn(0x7f941c1011d0 0x7f941c1111c0 unknown :-1 s=NONE pgs=0 cs=0 l=1 rev1=0 crypto rx=0 tx=0 comp rx=0 tx=0).connect
2023-12-16T20:45:15.489 INFO:teuthology.orchestra.run.smithi052.stdout:/usr/bin/ceph: stderr
2023-12-16T20:45:14.975+0000 7f9421442700 1 -- --> [v2:172.21.15.52:3300/0,v1:172.21.15.52:6789/0] -- mon_getmap magic: 0 v1 -- 0x7f941c111700 con 0x7f941c1011d0
2023-12-16T20:45:15.489 INFO:teuthology.orchestra.run.smithi052.stdout:/usr/bin/ceph: stderr
2023-12-16T20:45:14.975+0000 7f941affd700 1 --2- >> [v2:172.21.15.52:3300/0,v1:172.21.15.52:6789/0] conn(0x7f941c1011d0 0x7f941c1111c0 unknown :-1 s=BANNER_CONNECTING pgs=0 cs=0 l=1 rev1=0 crypto rx=0 tx=0 comp rx=0 tx=0)._handle_peer_banner_payload supported=3 required=0
2023-12-16T20:45:15.489 INFO:teuthology.orchestra.run.smithi052.stdout:/usr/bin/ceph: stderr
2023-12-16T20:45:14.975+0000 7f941affd700 1 --2- >> [v2:172.21.15.52:3300/0,v1:172.21.15.52:6789/0] conn(0x7f941c1011d0 0x7f941c1111c0 unknown :-1 s=HELLO_CONNECTING pgs=0 cs=0 l=1 rev1=1 crypto rx=0 tx=0 comp rx=0 tx=0).handle_hello peer v2:172.21.15.52:3300/0 says I am v2:172.21.15.52:45188/0 (socket says 172.21.15.52:45188)
2023-12-16T20:45:15.489 INFO:teuthology.orchestra.run.smithi052.stdout:/usr/bin/ceph: stderr
2023-12-16T20:45:14.975+0000 7f941affd700 1 -- 172.21.15.52:0/3916929308 learned_addr learned my addr 172.21.15.52:0/3916929308 (peer_addr_for_me v2:172.21.15.52:0/0)
2023-12-16T20:45:15.489 INFO:teuthology.orchestra.run.smithi052.stdout:/usr/bin/ceph: stderr
2023-12-16T20:45:14.975+0000 7f941affd700 1 -- 172.21.15.52:0/3916929308 --> [v2:172.21.15.52:3300/0,v1:172.21.15.52:6789/0] -- mon_subscribe({config=0+,monmap=0+}) v3 -- 0x7f9414009ae0 con 0x7f941c1011d0
2023-12-16T20:45:15.489 INFO:teuthology.orchestra.run.smithi052.stdout:/usr/bin/ceph: stderr
2023-12-16T20:45:14.975+0000 7f941affd700 1 --2- 172.21.15.52:0/3916929308 >> [v2:172.21.15.52:3300/0,v1:172.21.15.52:6789/0] conn(0x7f941c1011d0 0x7f941c1111c0 secure :-1 s=READY pgs=50 cs=0 l=1 rev1=1 crypto rx=0x7f941400b740 tx=0x7f9414009840 comp rx=0 tx=0).ready entity=mon.0 client_cookie=0 server_cookie=0 in_seq=0 out_seq=0
2023-12-16T20:45:15.489 INFO:teuthology.orchestra.run.smithi052.stdout:/usr/bin/ceph: stderr
2023-12-16T20:45:14.975+0000 7f94137fe700 1 -- 172.21.15.52:0/3916929308 <== mon.0 v2:172.21.15.52:3300/0 1 ==== mon_map magic: 0 v1 ==== 229+0+0 (secure 0 0 0) 0x7f9414007670 con 0x7f941c1011d0
2023-12-16T20:45:15.489 INFO:teuthology.orchestra.run.smithi052.stdout:/usr/bin/ceph: stderr
2023-12-16T20:45:14.975+0000 7f94137fe700 1 -- 172.21.15.52:0/3916929308 <== mon.0 v2:172.21.15.52:3300/0 2 ==== config(26 keys) v1 ==== 1009+0+0 (secure 0 0 0) 0x7f9414007c40 con 0x7f941c1011d0
2023-12-16T20:45:15.489 INFO:teuthology.orchestra.run.smithi052.stdout:/usr/bin/ceph: stderr
2023-12-16T20:45:14.975+0000 7f9421442700 1 -- 172.21.15.52:0/3916929308 --> [v2:172.21.15.52:3300/0,v1:172.21.15.52:6789/0] -- mon_subscribe({mgrmap=0+}) v3 -- 0x7f941c111900 con 0x7f941c1011d0
2023-12-16T20:45:15.490 INFO:teuthology.orchestra.run.smithi052.stdout:/usr/bin/ceph: stderr
2023-12-16T20:45:14.975+0000 7f94137fe700 1 -- 172.21.15.52:0/3916929308 <== mon.0 v2:172.21.15.52:3300/0 3 ==== mon_map magic: 0 v1 ==== 229+0+0 (secure 0 0 0) 0x7f941401cb10 con 0x7f941c1011d0
2023-12-16T20:45:15.490 INFO:teuthology.orchestra.run.smithi052.stdout:/usr/bin/ceph: stderr
2023-12-16T20:45:14.976+0000 7f9421442700 1 -- 172.21.15.52:0/3916929308 --> [v2:172.21.15.52:3300/0,v1:172.21.15.52:6789/0] -- mon_subscribe({osdmap=0}) v3 -- 0x7f941c1125a0 con 0x7f941c1011d0
2023-12-16T20:45:15.490 INFO:teuthology.orchestra.run.smithi052.stdout:/usr/bin/ceph: stderr
2023-12-16T20:45:14.976+0000 7f94137fe700 1 -- 172.21.15.52:0/3916929308 <== mon.0 v2:172.21.15.52:3300/0 4 ==== mgrmap(e 8) v1 ==== 43281+0+0 (secure 0 0 0) 0x7f9414019070 con 0x7f941c1011d0
2023-12-16T20:45:15.490 INFO:teuthology.orchestra.run.smithi052.stdout:/usr/bin/ceph: stderr
2023-12-16T20:45:14.976+0000 7f94137fe700 1 --2- 172.21.15.52:0/3916929308 >> [v2:172.21.15.52:6800/221719009,v1:172.21.15.52:6801/221719009] conn(0x7f9408036640 0x7f9408038af0 unknown :-1 s=NONE pgs=0 cs=0 l=1 rev1=0 crypto rx=0 tx=0 comp rx=0 tx=0).connect
2023-12-16T20:45:15.490 INFO:teuthology.orchestra.run.smithi052.stdout:/usr/bin/ceph: stderr
2023-12-16T20:45:14.976+0000 7f94137fe700 1 -- 172.21.15.52:0/3916929308 <== mon.0 v2:172.21.15.52:3300/0 5 ==== osd_map(2..2 src has 1..2) v4 ==== 936+0+0 (secure 0 0 0) 0x7f9414049e50 con 0x7f941c1011d0
2023-12-16T20:45:15.490 INFO:teuthology.orchestra.run.smithi052.stdout:/usr/bin/ceph: stderr
2023-12-16T20:45:14.976+0000 7f9421442700 1 -- 172.21.15.52:0/3916929308 --> [v2:172.21.15.52:3300/0,v1:172.21.15.52:6789/0] -- mon_command({"prefix": "get_command_descriptions"} v 0) v1 -- 0x7f941c05f270 con 0x7f941c1011d0
2023-12-16T20:45:15.490 INFO:teuthology.orchestra.run.smithi052.stdout:/usr/bin/ceph: stderr
2023-12-16T20:45:14.977+0000 7f941a7fc700 1 --2- 172.21.15.52:0/3916929308 >> [v2:172.21.15.52:6800/221719009,v1:172.21.15.52:6801/221719009] conn(0x7f9408036640 0x7f9408038af0 unknown :-1 s=BANNER_CONNECTING pgs=0 cs=0 l=1 rev1=0 crypto rx=0 tx=0 comp rx=0 tx=0)._handle_peer_banner_payload supported=3 required=0
2023-12-16T20:45:15.490 INFO:teuthology.orchestra.run.smithi052.stdout:/usr/bin/ceph: stderr
2023-12-16T20:45:14.977+0000 7f941a7fc700 1 --2- 172.21.15.52:0/3916929308 >> [v2:172.21.15.52:6800/221719009,v1:172.21.15.52:6801/221719009] conn(0x7f9408036640 0x7f9408038af0 secure :-1 s=READY pgs=13 cs=0 l=1 rev1=1 crypto rx=0x7f9404009990 tx=0x7f9404006e40 comp rx=0 tx=0).ready entity=mgr.14120 client_cookie=0 server_cookie=0 in_seq=0 out_seq=0
2023-12-16T20:45:15.490 INFO:teuthology.orchestra.run.smithi052.stdout:/usr/bin/ceph: stderr
2023-12-16T20:45:14.981+0000 7f94137fe700 1 -- 172.21.15.52:0/3916929308 <== mon.0 v2:172.21.15.52:3300/0 6 ==== mon_command_ack([{"prefix": "get_command_descriptions"}]=0 v0) v1 ==== 72+0+174570 (secure 0 0 0) 0x7f9414017080 con 0x7f941c1011d0
2023-12-16T20:45:15.490 INFO:teuthology.orchestra.run.smithi052.stdout:/usr/bin/ceph: stderr
2023-12-16T20:45:15.196+0000 7f9421442700 1 -- 172.21.15.52:0/3916929308 --> [v2:172.21.15.52:6800/221719009,v1:172.21.15.52:6801/221719009] -- mgr_command(tid 0: {"prefix": "orch apply", "service_type": "mgr", "target": ["mon-mgr", ""]}) v1 -- 0x7f941c113050 con 0x7f9408036640
2023-12-16T20:45:15.490 INFO:teuthology.orchestra.run.smithi052.stdout:/usr/bin/ceph: stderr
2023-12-16T20:45:15.201+0000 7f94137fe700 1 -- 172.21.15.52:0/3916929308 <== mgr.14120 v2:172.21.15.52:6800/221719009 1 ==== mgr_command_reply(tid 0: 0 ) v1 ==== 8+0+24 (secure 0 0 0) 0x7f941c113050 con 0x7f9408036640
2023-12-16T20:45:15.490 INFO:teuthology.orchestra.run.smithi052.stdout:/usr/bin/ceph: stderr
2023-12-16T20:45:15.203+0000 7f9421442700 1 -- 172.21.15.52:0/3916929308 >> [v2:172.21.15.52:6800/221719009,v1:172.21.15.52:6801/221719009] conn(0x7f9408036640 msgr2=0x7f9408038af0 secure :-1 s=STATE_CONNECTION_ESTABLISHED l=1).mark_down
2023-12-16T20:45:15.490 INFO:teuthology.orchestra.run.smithi052.stdout:/usr/bin/ceph: stderr
2023-12-16T20:45:15.203+0000 7f9421442700 1 --2- 172.21.15.52:0/3916929308 >> [v2:172.21.15.52:6800/221719009,v1:172.21.15.52:6801/221719009] conn(0x7f9408036640 0x7f9408038af0 secure :-1 s=READY pgs=13 cs=0 l=1 rev1=1 crypto rx=0x7f9404009990 tx=0x7f9404006e40 comp rx=0 tx=0).stop
2023-12-16T20:45:15.490 INFO:teuthology.orchestra.run.smithi052.stdout:/usr/bin/ceph: stderr
2023-12-16T20:45:15.203+0000 7f9421442700 1 -- 172.21.15.52:0/3916929308 >> [v2:172.21.15.52:3300/0,v1:172.21.15.52:6789/0] conn(0x7f941c1011d0 msgr2=0x7f941c1111c0 secure :-1 s=STATE_CONNECTION_ESTABLISHED l=1).mark_down
2023-12-16T20:45:15.491 INFO:teuthology.orchestra.run.smithi052.stdout:/usr/bin/ceph: stderr
2023-12-16T20:45:15.203+0000 7f9421442700 1 --2- 172.21.15.52:0/3916929308 >> [v2:172.21.15.52:3300/0,v1:172.21.15.52:6789/0] conn(0x7f941c1011d0 0x7f941c1111c0 secure :-1 s=READY pgs=50 cs=0 l=1 rev1=1 crypto rx=0x7f941400b740 tx=0x7f9414009840 comp rx=0 tx=0).stop
2023-12-16T20:45:15.491 INFO:teuthology.orchestra.run.smithi052.stdout:/usr/bin/ceph: stderr
2023-12-16T20:45:15.203+0000 7f9421442700 1 -- 172.21.15.52:0/3916929308 shutdown_connections
2023-12-16T20:45:15.491 INFO:teuthology.orchestra.run.smithi052.stdout:/usr/bin/ceph: stderr
2023-12-16T20:45:15.203+0000 7f9421442700 1 --2- 172.21.15.52:0/3916929308 >> [v2:172.21.15.52:6800/221719009,v1:172.21.15.52:6801/221719009] conn(0x7f9408036640 0x7f9408038af0 unknown :-1 s=CLOSED pgs=13 cs=0 l=1 rev1=1 crypto rx=0 tx=0 comp rx=0 tx=0).stop
2023-12-16T20:45:15.491 INFO:teuthology.orchestra.run.smithi052.stdout:/usr/bin/ceph: stderr
2023-12-16T20:45:15.203+0000 7f9421442700 1 --2- 172.21.15.52:0/3916929308 >> [v2:172.21.15.52:3300/0,v1:172.21.15.52:6789/0] conn(0x7f941c1011d0 0x7f941c1111c0 unknown :-1 s=CLOSED pgs=50 cs=0 l=1 rev1=1 crypto rx=0 tx=0 comp rx=0 tx=0).stop
2023-12-16T20:45:15.491 INFO:teuthology.orchestra.run.smithi052.stdout:/usr/bin/ceph: stderr
2023-12-16T20:45:15.203+0000 7f9421442700 1 -- 172.21.15.52:0/3916929308 >> 172.21.15.52:0/3916929308 conn(0x7f941c0fc970 msgr2=0x7f941c0fe1a0 unknown :-1 s=STATE_NONE l=0).mark_down
2023-12-16T20:45:15.491 INFO:teuthology.orchestra.run.smithi052.stdout:/usr/bin/ceph: stderr
2023-12-16T20:45:15.203+0000 7f9421442700 1 -- 172.21.15.52:0/3916929308 shutdown_connections
2023-12-16T20:45:15.491 INFO:teuthology.orchestra.run.smithi052.stdout:/usr/bin/ceph: stderr
2023-12-16T20:45:15.203+0000 7f9421442700 1 -- 172.21.15.52:0/3916929308 wait complete.
2023-12-16T20:45:15.491 INFO:teuthology.orchestra.run.smithi052.stdout:Deploying crash service with default placement...
2023-12-16T20:45:16.319 INFO:teuthology.orchestra.run.smithi052.stdout:/usr/bin/ceph: stdout Scheduled crash update...
2023-12-16T20:45:16.319 INFO:teuthology.orchestra.run.smithi052.stdout:/usr/bin/ceph: stderr
2023-12-16T20:45:15.859+0000 7f50cee26700 1 Processor -- start
2023-12-16T20:45:16.319 INFO:teuthology.orchestra.run.smithi052.stdout:/usr/bin/ceph: stderr
2023-12-16T20:45:15.859+0000 7f50cee26700 1 -- start start
2023-12-16T20:45:16.319 INFO:teuthology.orchestra.run.smithi052.stdout:/usr/bin/ceph: stderr
2023-12-16T20:45:15.859+0000 7f50cee26700 1 --2- >> [v2:172.21.15.52:3300/0,v1:172.21.15.52:6789/0] conn(0x7f50c8071000 0x7f50c8104ea0 unknown :-1 s=NONE pgs=0 cs=0 l=0 rev1=0 crypto rx=0 tx=0 comp rx=0 tx=0).connect
2023-12-16T20:45:16.319 INFO:teuthology.orchestra.run.smithi052.stdout:/usr/bin/ceph: stderr
2023-12-16T20:45:15.859+0000 7f50cee26700 1 -- --> [v2:172.21.15.52:3300/0,v1:172.21.15.52:6789/0] -- mon_getmap magic: 0 v1 -- 0x7f50c81053e0 con 0x7f50c8071000
2023-12-16T20:45:16.319 INFO:teuthology.orchestra.run.smithi052.stdout:/usr/bin/ceph: stderr
2023-12-16T20:45:15.860+0000 7f50ccbc2700 1 --2- >> [v2:172.21.15.52:3300/0,v1:172.21.15.52:6789/0] conn(0x7f50c8071000 0x7f50c8104ea0 unknown :-1 s=BANNER_CONNECTING pgs=0 cs=0 l=0 rev1=0 crypto rx=0 tx=0 comp rx=0 tx=0)._handle_peer_banner_payload supported=3 required=0
2023-12-16T20:45:16.319 INFO:teuthology.orchestra.run.smithi052.stdout:/usr/bin/ceph: stderr
2023-12-16T20:45:15.860+0000 7f50ccbc2700 1 --2- >> [v2:172.21.15.52:3300/0,v1:172.21.15.52:6789/0] conn(0x7f50c8071000 0x7f50c8104ea0 unknown :-1 s=HELLO_CONNECTING pgs=0 cs=0 l=0 rev1=1 crypto rx=0 tx=0 comp rx=0 tx=0).handle_hello peer v2:172.21.15.52:3300/0 says I am v2:172.21.15.52:45204/0 (socket says 172.21.15.52:45204)
2023-12-16T20:45:16.319 INFO:teuthology.orchestra.run.smithi052.stdout:/usr/bin/ceph: stderr
2023-12-16T20:45:15.860+0000 7f50ccbc2700 1 -- 172.21.15.52:0/1108708301 learned_addr learned my addr 172.21.15.52:0/1108708301 (peer_addr_for_me v2:172.21.15.52:0/0)
2023-12-16T20:45:16.320 INFO:teuthology.orchestra.run.smithi052.stdout:/usr/bin/ceph: stderr
2023-12-16T20:45:15.860+0000 7f50ccbc2700 1 -- 172.21.15.52:0/1108708301 --> [v2:172.21.15.52:3300/0,v1:172.21.15.52:6789/0] -- mon_subscribe({config=0+,monmap=0+}) v3 -- 0x7f50c8105520 con 0x7f50c8071000
2023-12-16T20:45:16.320 INFO:teuthology.orchestra.run.smithi052.stdout:/usr/bin/ceph: stderr
2023-12-16T20:45:15.860+0000 7f50ccbc2700 1 --2- 172.21.15.52:0/1108708301 >> [v2:172.21.15.52:3300/0,v1:172.21.15.52:6789/0] conn(0x7f50c8071000 0x7f50c8104ea0 secure :-1 s=READY pgs=51 cs=0 l=1 rev1=1 crypto rx=0x7f50bc0098e0 tx=0x7f50bc009250 comp rx=0 tx=0).ready entity=mon.0 client_cookie=aa2aea64265ba8a5 server_cookie=0 in_seq=0 out_seq=0
2023-12-16T20:45:16.320 INFO:teuthology.orchestra.run.smithi052.stdout:/usr/bin/ceph: stderr
2023-12-16T20:45:15.860+0000 7f50c77fe700 1 -- 172.21.15.52:0/1108708301 <== mon.0 v2:172.21.15.52:3300/0 1 ==== mon_map magic: 0 v1 ==== 229+0+0 (secure 0 0 0) 0x7f50bc00b860 con 0x7f50c8071000
2023-12-16T20:45:16.320 INFO:teuthology.orchestra.run.smithi052.stdout:/usr/bin/ceph: stderr
2023-12-16T20:45:15.860+0000 7f50c77fe700 1 -- 172.21.15.52:0/1108708301 <== mon.0 v2:172.21.15.52:3300/0 2 ==== config(26 keys) v1 ==== 1009+0+0 (secure 0 0 0) 0x7f50bc00be30 con 0x7f50c8071000
2023-12-16T20:45:16.320 INFO:teuthology.orchestra.run.smithi052.stdout:/usr/bin/ceph: stderr
2023-12-16T20:45:15.860+0000 7f50c77fe700 1 -- 172.21.15.52:0/1108708301 <== mon.0 v2:172.21.15.52:3300/0 3 ==== mon_map magic: 0 v1 ==== 229+0+0 (secure 0 0 0) 0x7f50bc010380 con 0x7f50c8071000
2023-12-16T20:45:16.320 INFO:teuthology.orchestra.run.smithi052.stdout:/usr/bin/ceph: stderr
2023-12-16T20:45:15.861+0000 7f50cee26700 1 -- 172.21.15.52:0/1108708301 >> [v2:172.21.15.52:3300/0,v1:172.21.15.52:6789/0] conn(0x7f50c8071000 msgr2=0x7f50c8104ea0 secure :-1 s=STATE_CONNECTION_ESTABLISHED l=1).mark_down
2023-12-16T20:45:16.320 INFO:teuthology.orchestra.run.smithi052.stdout:/usr/bin/ceph: stderr
2023-12-16T20:45:15.861+0000 7f50cee26700 1 --2- 172.21.15.52:0/1108708301 >> [v2:172.21.15.52:3300/0,v1:172.21.15.52:6789/0] conn(0x7f50c8071000 0x7f50c8104ea0 secure :-1 s=READY pgs=51 cs=0 l=1 rev1=1 crypto rx=0x7f50bc0098e0 tx=0x7f50bc009250 comp rx=0 tx=0).stop
2023-12-16T20:45:16.320 INFO:teuthology.orchestra.run.smithi052.stdout:/usr/bin/ceph: stderr
2023-12-16T20:45:15.861+0000 7f50cee26700 1 -- 172.21.15.52:0/1108708301 shutdown_connections
2023-12-16T20:45:16.320 INFO:teuthology.orchestra.run.smithi052.stdout:/usr/bin/ceph: stderr
2023-12-16T20:45:15.861+0000 7f50cee26700 1 --2- 172.21.15.52:0/1108708301 >> [v2:172.21.15.52:3300/0,v1:172.21.15.52:6789/0] conn(0x7f50c8071000 0x7f50c8104ea0 unknown :-1 s=CLOSED pgs=51 cs=0 l=1 rev1=1 crypto rx=0 tx=0 comp rx=0 tx=0).stop
2023-12-16T20:45:16.320 INFO:teuthology.orchestra.run.smithi052.stdout:/usr/bin/ceph: stderr
2023-12-16T20:45:15.861+0000 7f50cee26700 1 -- 172.21.15.52:0/1108708301 >> 172.21.15.52:0/1108708301 conn(0x7f50c80fc970 msgr2=0x7f50c80fed80 unknown :-1 s=STATE_NONE l=0).mark_down
2023-12-16T20:45:16.320 INFO:teuthology.orchestra.run.smithi052.stdout:/usr/bin/ceph: stderr
2023-12-16T20:45:15.861+0000 7f50cee26700 1 -- 172.21.15.52:0/1108708301 shutdown_connections
2023-12-16T20:45:16.320 INFO:teuthology.orchestra.run.smithi052.stdout:/usr/bin/ceph: stderr
2023-12-16T20:45:15.861+0000 7f50cee26700 1 -- 172.21.15.52:0/1108708301 wait complete.
2023-12-16T20:45:16.320 INFO:teuthology.orchestra.run.smithi052.stdout:/usr/bin/ceph: stderr
2023-12-16T20:45:15.861+0000 7f50cee26700 1 Processor -- start
2023-12-16T20:45:16.320 INFO:teuthology.orchestra.run.smithi052.stdout:/usr/bin/ceph: stderr
2023-12-16T20:45:15.861+0000 7f50cee26700 1 -- start start
2023-12-16T20:45:16.320 INFO:teuthology.orchestra.run.smithi052.stdout:/usr/bin/ceph: stderr
2023-12-16T20:45:15.862+0000 7f50cee26700 1 --2- >> [v2:172.21.15.52:3300/0,v1:172.21.15.52:6789/0] conn(0x7f50c8071000 0x7f50c8111160 unknown :-1 s=NONE pgs=0 cs=0 l=1 rev1=0 crypto rx=0 tx=0 comp rx=0 tx=0).connect
2023-12-16T20:45:16.320 INFO:teuthology.orchestra.run.smithi052.stdout:/usr/bin/ceph: stderr
2023-12-16T20:45:15.862+0000 7f50cee26700 1 -- --> [v2:172.21.15.52:3300/0,v1:172.21.15.52:6789/0] -- mon_getmap magic: 0 v1 -- 0x7f50c81116a0 con 0x7f50c8071000
2023-12-16T20:45:16.321 INFO:teuthology.orchestra.run.smithi052.stdout:/usr/bin/ceph: stderr
2023-12-16T20:45:15.862+0000 7f50ccbc2700 1 --2- >> [v2:172.21.15.52:3300/0,v1:172.21.15.52:6789/0] conn(0x7f50c8071000 0x7f50c8111160 unknown :-1 s=BANNER_CONNECTING pgs=0 cs=0 l=1 rev1=0 crypto rx=0 tx=0 comp rx=0 tx=0)._handle_peer_banner_payload supported=3 required=0
2023-12-16T20:45:16.321 INFO:teuthology.orchestra.run.smithi052.stdout:/usr/bin/ceph: stderr
2023-12-16T20:45:15.862+0000 7f50ccbc2700 1 --2- >> [v2:172.21.15.52:3300/0,v1:172.21.15.52:6789/0] conn(0x7f50c8071000 0x7f50c8111160 unknown :-1 s=HELLO_CONNECTING pgs=0 cs=0 l=1 rev1=1 crypto rx=0 tx=0 comp rx=0 tx=0).handle_hello peer v2:172.21.15.52:3300/0 says I am v2:172.21.15.52:45206/0 (socket says 172.21.15.52:45206)
2023-12-16T20:45:16.321 INFO:teuthology.orchestra.run.smithi052.stdout:/usr/bin/ceph: stderr
2023-12-16T20:45:15.862+0000 7f50ccbc2700 1 -- 172.21.15.52:0/471128426 learned_addr learned my addr 172.21.15.52:0/471128426 (peer_addr_for_me v2:172.21.15.52:0/0)
2023-12-16T20:45:16.321 INFO:teuthology.orchestra.run.smithi052.stdout:/usr/bin/ceph: stderr
2023-12-16T20:45:15.862+0000 7f50ccbc2700 1 -- 172.21.15.52:0/471128426 --> [v2:172.21.15.52:3300/0,v1:172.21.15.52:6789/0] -- mon_subscribe({config=0+,monmap=0+}) v3 -- 0x7f50bc0094f0 con 0x7f50c8071000
2023-12-16T20:45:16.321 INFO:teuthology.orchestra.run.smithi052.stdout:/usr/bin/ceph: stderr
2023-12-16T20:45:15.862+0000 7f50ccbc2700 1 --2- 172.21.15.52:0/471128426 >> [v2:172.21.15.52:3300/0,v1:172.21.15.52:6789/0] conn(0x7f50c8071000 0x7f50c8111160 secure :-1 s=READY pgs=52 cs=0 l=1 rev1=1 crypto rx=0x7f50bc006d40 tx=0x7f50bc009250 comp rx=0 tx=0).ready entity=mon.0 client_cookie=0 server_cookie=0 in_seq=0 out_seq=0
2023-12-16T20:45:16.321 INFO:teuthology.orchestra.run.smithi052.stdout:/usr/bin/ceph: stderr
2023-12-16T20:45:15.863+0000 7f50c57fa700 1 -- 172.21.15.52:0/471128426 <== mon.0 v2:172.21.15.52:3300/0 1 ==== mon_map magic: 0 v1 ==== 229+0+0 (secure 0 0 0) 0x7f50bc0109b0 con 0x7f50c8071000
2023-12-16T20:45:16.321 INFO:teuthology.orchestra.run.smithi052.stdout:/usr/bin/ceph: stderr
2023-12-16T20:45:15.863+0000 7f50cee26700 1 -- 172.21.15.52:0/471128426 --> [v2:172.21.15.52:3300/0,v1:172.21.15.52:6789/0] -- mon_subscribe({mgrmap=0+}) v3 -- 0x7f50c81118a0 con 0x7f50c8071000
2023-12-16T20:45:16.321 INFO:teuthology.orchestra.run.smithi052.stdout:/usr/bin/ceph: stderr
2023-12-16T20:45:15.863+0000 7f50c57fa700 1 -- 172.21.15.52:0/471128426 <== mon.0 v2:172.21.15.52:3300/0 2 ==== config(26 keys) v1 ==== 1009+0+0 (secure 0 0 0) 0x7f50bc024440 con 0x7f50c8071000
2023-12-16T20:45:16.321 INFO:teuthology.orchestra.run.smithi052.stdout:/usr/bin/ceph: stderr
2023-12-16T20:45:15.863+0000 7f50c57fa700 1 -- 172.21.15.52:0/471128426 <== mon.0 v2:172.21.15.52:3300/0 3 ==== mon_map magic: 0 v1 ==== 229+0+0 (secure 0 0 0) 0x7f50bc01a5f0 con 0x7f50c8071000
2023-12-16T20:45:16.322 INFO:teuthology.orchestra.run.smithi052.stdout:/usr/bin/ceph: stderr
2023-12-16T20:45:15.863+0000 7f50cee26700 1 -- 172.21.15.52:0/471128426 --> [v2:172.21.15.52:3300/0,v1:172.21.15.52:6789/0] -- mon_subscribe({osdmap=0}) v3 -- 0x7f50c8111cb0 con 0x7f50c8071000
2023-12-16T20:45:16.322 INFO:teuthology.orchestra.run.smithi052.stdout:/usr/bin/ceph: stderr
2023-12-16T20:45:15.863+0000 7f50c57fa700 1 -- 172.21.15.52:0/471128426 <== mon.0 v2:172.21.15.52:3300/0 4 ==== mgrmap(e 8) v1 ==== 43281+0+0 (secure 0 0 0) 0x7f50bc01a870 con 0x7f50c8071000
2023-12-16T20:45:16.322 INFO:teuthology.orchestra.run.smithi052.stdout:/usr/bin/ceph: stderr
2023-12-16T20:45:15.863+0000 7f50cee26700 1 -- 172.21.15.52:0/471128426 --> [v2:172.21.15.52:3300/0,v1:172.21.15.52:6789/0] -- mon_command({"prefix": "get_command_descriptions"} v 0) v1 -- 0x7f50c804bb80 con 0x7f50c8071000
2023-12-16T20:45:16.322 INFO:teuthology.orchestra.run.smithi052.stdout:/usr/bin/ceph: stderr
2023-12-16T20:45:15.864+0000 7f50c57fa700 1 --2- 172.21.15.52:0/471128426 >> [v2:172.21.15.52:6800/221719009,v1:172.21.15.52:6801/221719009] conn(0x7f50b80365f0 0x7f50b8038aa0 unknown :-1 s=NONE pgs=0 cs=0 l=1 rev1=0 crypto rx=0 tx=0 comp rx=0 tx=0).connect
2023-12-16T20:45:16.322 INFO:teuthology.orchestra.run.smithi052.stdout:/usr/bin/ceph: stderr
2023-12-16T20:45:15.864+0000 7f50c57fa700 1 -- 172.21.15.52:0/471128426 <== mon.0 v2:172.21.15.52:3300/0 5 ==== osd_map(2..2 src has 1..2) v4 ==== 936+0+0 (secure 0 0 0) 0x7f50bc04a4f0 con 0x7f50c8071000
2023-12-16T20:45:16.322 INFO:teuthology.orchestra.run.smithi052.stdout:/usr/bin/ceph: stderr
2023-12-16T20:45:15.864+0000 7f50c7fff700 1 --2- 172.21.15.52:0/471128426 >> [v2:172.21.15.52:6800/221719009,v1:172.21.15.52:6801/221719009] conn(0x7f50b80365f0 0x7f50b8038aa0 unknown :-1 s=BANNER_CONNECTING pgs=0 cs=0 l=1 rev1=0 crypto rx=0 tx=0 comp rx=0 tx=0)._handle_peer_banner_payload supported=3 required=0
2023-12-16T20:45:16.322 INFO:teuthology.orchestra.run.smithi052.stdout:/usr/bin/ceph: stderr
2023-12-16T20:45:15.864+0000 7f50c7fff700 1 --2- 172.21.15.52:0/471128426 >> [v2:172.21.15.52:6800/221719009,v1:172.21.15.52:6801/221719009] conn(0x7f50b80365f0 0x7f50b8038aa0 secure :-1 s=READY pgs=14 cs=0 l=1 rev1=1 crypto rx=0x7f50b4009990 tx=0x7f50b4006e40 comp rx=0 tx=0).ready entity=mgr.14120 client_cookie=0 server_cookie=0 in_seq=0 out_seq=0
2023-12-16T20:45:16.322 INFO:teuthology.orchestra.run.smithi052.stdout:/usr/bin/ceph: stderr
2023-12-16T20:45:15.869+0000 7f50c57fa700 1 -- 172.21.15.52:0/471128426 <== mon.0 v2:172.21.15.52:3300/0 6 ==== mon_command_ack([{"prefix": "get_command_descriptions"}]=0 v0) v1 ==== 72+0+174570 (secure 0 0 0) 0x7f50bc018b80 con 0x7f50c8071000
2023-12-16T20:45:16.322 INFO:teuthology.orchestra.run.smithi052.stdout:/usr/bin/ceph: stderr
2023-12-16T20:45:15.989+0000 7f50c57fa700 1 -- 172.21.15.52:0/471128426 <== mon.0 v2:172.21.15.52:3300/0 7 ==== config(26 keys) v1 ==== 1074+0+0 (secure 0 0 0) 0x7f50bc018b80 con 0x7f50c8071000
2023-12-16T20:45:16.322 INFO:teuthology.orchestra.run.smithi052.stdout:/usr/bin/ceph: stderr
2023-12-16T20:45:16.082+0000 7f50cee26700 1 -- 172.21.15.52:0/471128426 --> [v2:172.21.15.52:6800/221719009,v1:172.21.15.52:6801/221719009] -- mgr_command(tid 0: {"prefix": "orch apply", "service_type": "crash", "target": ["mon-mgr", ""]}) v1 -- 0x7f50c80008d0 con 0x7f50b80365f0
2023-12-16T20:45:16.322 INFO:teuthology.orchestra.run.smithi052.stdout:/usr/bin/ceph: stderr
2023-12-16T20:45:16.086+0000 7f50c57fa700 1 -- 172.21.15.52:0/471128426 <== mgr.14120 v2:172.21.15.52:6800/221719009 1 ==== mgr_command_reply(tid 0: 0 ) v1 ==== 8+0+26 (secure 0 0 0) 0x7f50c80008d0 con 0x7f50b80365f0
2023-12-16T20:45:16.322 INFO:teuthology.orchestra.run.smithi052.stdout:/usr/bin/ceph: stderr
2023-12-16T20:45:16.089+0000 7f50cee26700 1 -- 172.21.15.52:0/471128426 >> [v2:172.21.15.52:6800/221719009,v1:172.21.15.52:6801/221719009] conn(0x7f50b80365f0 msgr2=0x7f50b8038aa0 secure :-1 s=STATE_CONNECTION_ESTABLISHED l=1).mark_down
2023-12-16T20:45:16.322 INFO:teuthology.orchestra.run.smithi052.stdout:/usr/bin/ceph: stderr
2023-12-16T20:45:16.089+0000 7f50cee26700 1 --2- 172.21.15.52:0/471128426 >> [v2:172.21.15.52:6800/221719009,v1:172.21.15.52:6801/221719009] conn(0x7f50b80365f0 0x7f50b8038aa0 secure :-1 s=READY pgs=14 cs=0 l=1 rev1=1 crypto rx=0x7f50b4009990 tx=0x7f50b4006e40 comp rx=0 tx=0).stop
2023-12-16T20:45:16.322 INFO:teuthology.orchestra.run.smithi052.stdout:/usr/bin/ceph: stderr
2023-12-16T20:45:16.089+0000 7f50cee26700 1 -- 172.21.15.52:0/471128426 >> [v2:172.21.15.52:3300/0,v1:172.21.15.52:6789/0] conn(0x7f50c8071000 msgr2=0x7f50c8111160 secure :-1 s=STATE_CONNECTION_ESTABLISHED l=1).mark_down
2023-12-16T20:45:16.323 INFO:teuthology.orchestra.run.smithi052.stdout:/usr/bin/ceph: stderr
2023-12-16T20:45:16.089+0000 7f50cee26700 1 --2- 172.21.15.52:0/471128426 >> [v2:172.21.15.52:3300/0,v1:172.21.15.52:6789/0] conn(0x7f50c8071000 0x7f50c8111160 secure :-1 s=READY pgs=52 cs=0 l=1 rev1=1 crypto rx=0x7f50bc006d40 tx=0x7f50bc009250 comp rx=0 tx=0).stop
2023-12-16T20:45:16.323 INFO:teuthology.orchestra.run.smithi052.stdout:/usr/bin/ceph: stderr
2023-12-16T20:45:16.089+0000 7f50cee26700 1 -- 172.21.15.52:0/471128426 shutdown_connections
2023-12-16T20:45:16.323 INFO:teuthology.orchestra.run.smithi052.stdout:/usr/bin/ceph: stderr
2023-12-16T20:45:16.089+0000 7f50cee26700 1 --2- 172.21.15.52:0/471128426 >> [v2:172.21.15.52:6800/221719009,v1:172.21.15.52:6801/221719009] conn(0x7f50b80365f0 0x7f50b8038aa0 unknown :-1 s=CLOSED pgs=14 cs=0 l=1 rev1=1 crypto rx=0 tx=0 comp rx=0 tx=0).stop
2023-12-16T20:45:16.323 INFO:teuthology.orchestra.run.smithi052.stdout:/usr/bin/ceph: stderr
2023-12-16T20:45:16.089+0000 7f50cee26700 1 --2- 172.21.15.52:0/471128426 >> [v2:172.21.15.52:3300/0,v1:172.21.15.52:6789/0] conn(0x7f50c8071000 0x7f50c8111160 unknown :-1 s=CLOSED pgs=52 cs=0 l=1 rev1=1 crypto rx=0 tx=0 comp rx=0 tx=0).stop
2023-12-16T20:45:16.323 INFO:teuthology.orchestra.run.smithi052.stdout:/usr/bin/ceph: stderr
2023-12-16T20:45:16.089+0000 7f50cee26700 1 -- 172.21.15.52:0/471128426 >> 172.21.15.52:0/471128426 conn(0x7f50c80fc970 msgr2=0x7f50c80fed70 unknown :-1 s=STATE_NONE l=0).mark_down
2023-12-16T20:45:16.323 INFO:teuthology.orchestra.run.smithi052.stdout:/usr/bin/ceph: stderr
2023-12-16T20:45:16.089+0000 7f50cee26700 1 -- 172.21.15.52:0/471128426 shutdown_connections
2023-12-16T20:45:16.323 INFO:teuthology.orchestra.run.smithi052.stdout:/usr/bin/ceph: stderr
2023-12-16T20:45:16.089+0000 7f50cee26700 1 -- 172.21.15.52:0/471128426 wait complete.
2023-12-16T20:45:16.323 INFO:teuthology.orchestra.run.smithi052.stdout:Deploying prometheus service with default placement...
2023-12-16T20:45:16.386 INFO:journalctl@ceph.mon.smithi052.smithi052.stdout:Dec 16 20:45:16 smithi052 ceph-mon[80761]: from='client.14142 -' entity='client.admin' cmd=[{"prefix": "orch apply", "service_type": "mon", "target": ["mon-mgr", ""]}]: dispatch
2023-12-16T20:45:16.386 INFO:journalctl@ceph.mon.smithi052.smithi052.stdout:Dec 16 20:45:16 smithi052 ceph-mon[80761]: Saving service mon spec with placement count:5
2023-12-16T20:45:16.386 INFO:journalctl@ceph.mon.smithi052.smithi052.stdout:Dec 16 20:45:16 smithi052 ceph-mon[80761]: from='client.14144 -' entity='client.admin' cmd=[{"prefix": "orch apply", "service_type": "mgr", "target": ["mon-mgr", ""]}]: dispatch
2023-12-16T20:45:16.386 INFO:journalctl@ceph.mon.smithi052.smithi052.stdout:Dec 16 20:45:16 smithi052 ceph-mon[80761]: Saving service mgr spec with placement count:2
2023-12-16T20:45:16.386 INFO:journalctl@ceph.mon.smithi052.smithi052.stdout:Dec 16 20:45:16 smithi052 ceph-mon[80761]: from='mgr.14120 172.21.15.52:0/327920741' entity='mgr.smithi052.nmkcbs'
2023-12-16T20:45:16.386 INFO:journalctl@ceph.mon.smithi052.smithi052.stdout:Dec 16 20:45:16 smithi052 ceph-mon[80761]: from='mgr.14120 172.21.15.52:0/327920741' entity='mgr.smithi052.nmkcbs'
2023-12-16T20:45:16.386 INFO:journalctl@ceph.mon.smithi052.smithi052.stdout:Dec 16 20:45:16 smithi052 ceph-mon[80761]: from='mgr.14120 172.21.15.52:0/327920741' entity='mgr.smithi052.nmkcbs'
2023-12-16T20:45:17.010 INFO:teuthology.orchestra.run.smithi052.stdout:/usr/bin/ceph: stdout Scheduled prometheus update...
2023-12-16T20:45:17.011 INFO:teuthology.orchestra.run.smithi052.stdout:/usr/bin/ceph: stderr
2023-12-16T20:45:16.561+0000 7f3ae57c4700 1 Processor -- start
2023-12-16T20:45:17.011 INFO:teuthology.orchestra.run.smithi052.stdout:/usr/bin/ceph: stderr
2023-12-16T20:45:16.561+0000 7f3ae57c4700 1 -- start start
2023-12-16T20:45:17.011 INFO:teuthology.orchestra.run.smithi052.stdout:/usr/bin/ceph: stderr
2023-12-16T20:45:16.561+0000 7f3ae57c4700 1 --2- >> [v2:172.21.15.52:3300/0,v1:172.21.15.52:6789/0] conn(0x7f3ae01011d0 0x7f3ae01015e0 unknown :-1 s=NONE pgs=0 cs=0 l=0 rev1=0 crypto rx=0 tx=0 comp rx=0 tx=0).connect
2023-12-16T20:45:17.011 INFO:teuthology.orchestra.run.smithi052.stdout:/usr/bin/ceph: stderr
2023-12-16T20:45:16.561+0000 7f3ae57c4700 1 -- --> [v2:172.21.15.52:3300/0,v1:172.21.15.52:6789/0] -- mon_getmap magic: 0 v1 -- 0x7f3ae0101b20 con 0x7f3ae01011d0
2023-12-16T20:45:17.011 INFO:teuthology.orchestra.run.smithi052.stdout:/usr/bin/ceph: stderr
2023-12-16T20:45:16.561+0000 7f3adeffd700 1 --2- >> [v2:172.21.15.52:3300/0,v1:172.21.15.52:6789/0] conn(0x7f3ae01011d0 0x7f3ae01015e0 unknown :-1 s=BANNER_CONNECTING pgs=0 cs=0 l=0 rev1=0 crypto rx=0 tx=0 comp rx=0 tx=0)._handle_peer_banner_payload supported=3 required=0
2023-12-16T20:45:17.011 INFO:teuthology.orchestra.run.smithi052.stdout:/usr/bin/ceph: stderr
2023-12-16T20:45:16.561+0000 7f3adeffd700 1 --2- >> [v2:172.21.15.52:3300/0,v1:172.21.15.52:6789/0] conn(0x7f3ae01011d0 0x7f3ae01015e0 unknown :-1 s=HELLO_CONNECTING pgs=0 cs=0 l=0 rev1=1 crypto rx=0 tx=0 comp rx=0 tx=0).handle_hello peer v2:172.21.15.52:3300/0 says I am v2:172.21.15.52:45218/0 (socket says 172.21.15.52:45218)
2023-12-16T20:45:17.011 INFO:teuthology.orchestra.run.smithi052.stdout:/usr/bin/ceph: stderr
2023-12-16T20:45:16.561+0000 7f3adeffd700 1 -- 172.21.15.52:0/4145588606 learned_addr learned my addr 172.21.15.52:0/4145588606 (peer_addr_for_me v2:172.21.15.52:0/0)
2023-12-16T20:45:17.011 INFO:teuthology.orchestra.run.smithi052.stdout:/usr/bin/ceph: stderr
2023-12-16T20:45:16.562+0000 7f3adeffd700 1 -- 172.21.15.52:0/4145588606 --> [v2:172.21.15.52:3300/0,v1:172.21.15.52:6789/0] -- mon_subscribe({config=0+,monmap=0+}) v3 -- 0x7f3ae0101c60 con 0x7f3ae01011d0
2023-12-16T20:45:17.011 INFO:teuthology.orchestra.run.smithi052.stdout:/usr/bin/ceph: stderr
2023-12-16T20:45:16.562+0000 7f3adeffd700 1 --2- 172.21.15.52:0/4145588606 >> [v2:172.21.15.52:3300/0,v1:172.21.15.52:6789/0] conn(0x7f3ae01011d0 0x7f3ae01015e0 secure :-1 s=READY pgs=53 cs=0 l=1 rev1=1 crypto rx=0x7f3ad40098e0 tx=0x7f3ad4009250 comp rx=0 tx=0).ready entity=mon.0 client_cookie=c147897efa0cd0cf server_cookie=0 in_seq=0 out_seq=0
2023-12-16T20:45:17.011 INFO:teuthology.orchestra.run.smithi052.stdout:/usr/bin/ceph: stderr
2023-12-16T20:45:16.562+0000 7f3addffb700 1 -- 172.21.15.52:0/4145588606 <== mon.0 v2:172.21.15.52:3300/0 1 ==== mon_map magic: 0 v1 ==== 229+0+0 (secure 0 0 0) 0x7f3ad400b860 con 0x7f3ae01011d0
2023-12-16T20:45:17.011 INFO:teuthology.orchestra.run.smithi052.stdout:/usr/bin/ceph: stderr
2023-12-16T20:45:16.562+0000 7f3addffb700 1 -- 172.21.15.52:0/4145588606 <== mon.0 v2:172.21.15.52:3300/0 2 ==== config(26 keys) v1 ==== 1074+0+0 (secure 0 0 0) 0x7f3ad400be70 con 0x7f3ae01011d0
2023-12-16T20:45:17.011 INFO:teuthology.orchestra.run.smithi052.stdout:/usr/bin/ceph: stderr
2023-12-16T20:45:16.562+0000 7f3addffb700 1 -- 172.21.15.52:0/4145588606 <== mon.0 v2:172.21.15.52:3300/0 3 ==== mon_map magic: 0 v1 ==== 229+0+0 (secure 0 0 0) 0x7f3ad4010380 con 0x7f3ae01011d0
2023-12-16T20:45:17.011 INFO:teuthology.orchestra.run.smithi052.stdout:/usr/bin/ceph: stderr
2023-12-16T20:45:16.563+0000 7f3ae57c4700 1 -- 172.21.15.52:0/4145588606 >> [v2:172.21.15.52:3300/0,v1:172.21.15.52:6789/0] conn(0x7f3ae01011d0 msgr2=0x7f3ae01015e0 secure :-1 s=STATE_CONNECTION_ESTABLISHED l=1).mark_down
2023-12-16T20:45:17.012 INFO:teuthology.orchestra.run.smithi052.stdout:/usr/bin/ceph: stderr
2023-12-16T20:45:16.563+0000 7f3ae57c4700 1 --2- 172.21.15.52:0/4145588606 >> [v2:172.21.15.52:3300/0,v1:172.21.15.52:6789/0] conn(0x7f3ae01011d0 0x7f3ae01015e0 secure :-1 s=READY pgs=53 cs=0 l=1 rev1=1 crypto rx=0x7f3ad40098e0 tx=0x7f3ad4009250 comp rx=0 tx=0).stop
2023-12-16T20:45:17.012 INFO:teuthology.orchestra.run.smithi052.stdout:/usr/bin/ceph: stderr
2023-12-16T20:45:16.563+0000 7f3ae57c4700 1 -- 172.21.15.52:0/4145588606 shutdown_connections
2023-12-16T20:45:17.012 INFO:teuthology.orchestra.run.smithi052.stdout:/usr/bin/ceph: stderr
2023-12-16T20:45:16.563+0000 7f3ae57c4700 1 --2- 172.21.15.52:0/4145588606 >> [v2:172.21.15.52:3300/0,v1:172.21.15.52:6789/0] conn(0x7f3ae01011d0 0x7f3ae01015e0 unknown :-1 s=CLOSED pgs=53 cs=0 l=1 rev1=1 crypto rx=0 tx=0 comp rx=0 tx=0).stop
2023-12-16T20:45:17.012 INFO:teuthology.orchestra.run.smithi052.stdout:/usr/bin/ceph: stderr
2023-12-16T20:45:16.563+0000 7f3ae57c4700 1 -- 172.21.15.52:0/4145588606 >> 172.21.15.52:0/4145588606 conn(0x7f3ae00fc950 msgr2=0x7f3ae00fed60 unknown :-1 s=STATE_NONE l=0).mark_down
2023-12-16T20:45:17.012 INFO:teuthology.orchestra.run.smithi052.stdout:/usr/bin/ceph: stderr
2023-12-16T20:45:16.563+0000 7f3ae57c4700 1 -- 172.21.15.52:0/4145588606 shutdown_connections
2023-12-16T20:45:17.012 INFO:teuthology.orchestra.run.smithi052.stdout:/usr/bin/ceph: stderr
2023-12-16T20:45:16.563+0000 7f3ae57c4700 1 -- 172.21.15.52:0/4145588606 wait complete.
2023-12-16T20:45:17.012 INFO:teuthology.orchestra.run.smithi052.stdout:/usr/bin/ceph: stderr
2023-12-16T20:45:16.563+0000 7f3ae57c4700 1 Processor -- start
2023-12-16T20:45:17.012 INFO:teuthology.orchestra.run.smithi052.stdout:/usr/bin/ceph: stderr
2023-12-16T20:45:16.563+0000 7f3ae57c4700 1 -- start start
2023-12-16T20:45:17.012 INFO:teuthology.orchestra.run.smithi052.stdout:/usr/bin/ceph: stderr
2023-12-16T20:45:16.564+0000 7f3ae57c4700 1 --2- >> [v2:172.21.15.52:3300/0,v1:172.21.15.52:6789/0] conn(0x7f3ae01011d0 0x7f3ae0111180 unknown :-1 s=NONE pgs=0 cs=0 l=1 rev1=0 crypto rx=0 tx=0 comp rx=0 tx=0).connect
2023-12-16T20:45:17.012 INFO:teuthology.orchestra.run.smithi052.stdout:/usr/bin/ceph: stderr
2023-12-16T20:45:16.564+0000 7f3ae57c4700 1 -- --> [v2:172.21.15.52:3300/0,v1:172.21.15.52:6789/0] -- mon_getmap magic: 0 v1 -- 0x7f3ae01116c0 con 0x7f3ae01011d0
2023-12-16T20:45:17.012 INFO:teuthology.orchestra.run.smithi052.stdout:/usr/bin/ceph: stderr
2023-12-16T20:45:16.564+0000 7f3adeffd700 1 --2- >> [v2:172.21.15.52:3300/0,v1:172.21.15.52:6789/0] conn(0x7f3ae01011d0 0x7f3ae0111180 unknown :-1 s=BANNER_CONNECTING pgs=0 cs=0 l=1 rev1=0 crypto rx=0 tx=0 comp rx=0 tx=0)._handle_peer_banner_payload supported=3 required=0
2023-12-16T20:45:17.012 INFO:teuthology.orchestra.run.smithi052.stdout:/usr/bin/ceph: stderr
2023-12-16T20:45:16.564+0000 7f3adeffd700 1 --2- >> [v2:172.21.15.52:3300/0,v1:172.21.15.52:6789/0] conn(0x7f3ae01011d0 0x7f3ae0111180 unknown :-1 s=HELLO_CONNECTING pgs=0 cs=0 l=1 rev1=1 crypto rx=0 tx=0 comp rx=0 tx=0).handle_hello peer v2:172.21.15.52:3300/0 says I am v2:172.21.15.52:45232/0 (socket says 172.21.15.52:45232)
2023-12-16T20:45:17.012 INFO:teuthology.orchestra.run.smithi052.stdout:/usr/bin/ceph: stderr
2023-12-16T20:45:16.564+0000 7f3adeffd700 1 -- 172.21.15.52:0/2127316260 learned_addr learned my addr 172.21.15.52:0/2127316260 (peer_addr_for_me v2:172.21.15.52:0/0)
2023-12-16T20:45:17.012 INFO:teuthology.orchestra.run.smithi052.stdout:/usr/bin/ceph: stderr
2023-12-16T20:45:16.564+0000 7f3adeffd700 1 -- 172.21.15.52:0/2127316260 --> [v2:172.21.15.52:3300/0,v1:172.21.15.52:6789/0] -- mon_subscribe({config=0+,monmap=0+}) v3 -- 0x7f3ad40094f0 con 0x7f3ae01011d0
2023-12-16T20:45:17.013 INFO:teuthology.orchestra.run.smithi052.stdout:/usr/bin/ceph: stderr
2023-12-16T20:45:16.564+0000 7f3adeffd700 1 --2- 172.21.15.52:0/2127316260 >> [v2:172.21.15.52:3300/0,v1:172.21.15.52:6789/0] conn(0x7f3ae01011d0 0x7f3ae0111180 secure :-1 s=READY pgs=54 cs=0 l=1 rev1=1 crypto rx=0x7f3ad400c010 tx=0x7f3ad4009250 comp rx=0 tx=0).ready entity=mon.0 client_cookie=0 server_cookie=0 in_seq=0 out_seq=0
2023-12-16T20:45:17.013 INFO:teuthology.orchestra.run.smithi052.stdout:/usr/bin/ceph: stderr
2023-12-16T20:45:16.564+0000 7f3ac77fe700 1 -- 172.21.15.52:0/2127316260 <== mon.0 v2:172.21.15.52:3300/0 1 ==== mon_map magic: 0 v1 ==== 229+0+0 (secure 0 0 0) 0x7f3ad4010960 con 0x7f3ae01011d0
2023-12-16T20:45:17.013 INFO:teuthology.orchestra.run.smithi052.stdout:/usr/bin/ceph: stderr
2023-12-16T20:45:16.564+0000 7f3ac77fe700 1 -- 172.21.15.52:0/2127316260 <== mon.0 v2:172.21.15.52:3300/0 2 ==== config(26 keys) v1 ==== 1074+0+0 (secure 0 0 0) 0x7f3ad401a430 con 0x7f3ae01011d0
2023-12-16T20:45:17.013 INFO:teuthology.orchestra.run.smithi052.stdout:/usr/bin/ceph: stderr
2023-12-16T20:45:16.564+0000 7f3ae57c4700 1 -- 172.21.15.52:0/2127316260 --> [v2:172.21.15.52:3300/0,v1:172.21.15.52:6789/0] -- mon_subscribe({mgrmap=0+}) v3 -- 0x7f3ae01118c0 con 0x7f3ae01011d0
2023-12-16T20:45:17.013 INFO:teuthology.orchestra.run.smithi052.stdout:/usr/bin/ceph: stderr
2023-12-16T20:45:16.564+0000 7f3ac77fe700 1 -- 172.21.15.52:0/2127316260 <== mon.0 v2:172.21.15.52:3300/0 3 ==== mon_map magic: 0 v1 ==== 229+0+0 (secure 0 0 0) 0x7f3ad4019580 con 0x7f3ae01011d0
2023-12-16T20:45:17.013 INFO:teuthology.orchestra.run.smithi052.stdout:/usr/bin/ceph: stderr
2023-12-16T20:45:16.565+0000 7f3ae57c4700 1 -- 172.21.15.52:0/2127316260 --> [v2:172.21.15.52:3300/0,v1:172.21.15.52:6789/0] -- mon_subscribe({osdmap=0}) v3 -- 0x7f3ae0111cd0 con 0x7f3ae01011d0
2023-12-16T20:45:17.013 INFO:teuthology.orchestra.run.smithi052.stdout:/usr/bin/ceph: stderr
2023-12-16T20:45:16.565+0000 7f3ac77fe700 1 -- 172.21.15.52:0/2127316260 <== mon.0 v2:172.21.15.52:3300/0 4 ==== mgrmap(e 8) v1 ==== 43281+0+0 (secure 0 0 0) 0x7f3ad4019800 con 0x7f3ae01011d0
2023-12-16T20:45:17.013 INFO:teuthology.orchestra.run.smithi052.stdout:/usr/bin/ceph: stderr
2023-12-16T20:45:16.565+0000 7f3ae57c4700 1 -- 172.21.15.52:0/2127316260 --> [v2:172.21.15.52:3300/0,v1:172.21.15.52:6789/0] -- mon_command({"prefix": "get_command_descriptions"} v 0) v1 -- 0x7f3ae004bb80 con 0x7f3ae01011d0
2023-12-16T20:45:17.013 INFO:teuthology.orchestra.run.smithi052.stdout:/usr/bin/ceph: stderr
2023-12-16T20:45:16.565+0000 7f3ac77fe700 1 --2- 172.21.15.52:0/2127316260 >> [v2:172.21.15.52:6800/221719009,v1:172.21.15.52:6801/221719009] conn(0x7f3ac80365f0 0x7f3ac8038aa0 unknown :-1 s=NONE pgs=0 cs=0 l=1 rev1=0 crypto rx=0 tx=0 comp rx=0 tx=0).connect
2023-12-16T20:45:17.013 INFO:teuthology.orchestra.run.smithi052.stdout:/usr/bin/ceph: stderr
2023-12-16T20:45:16.566+0000 7f3ac77fe700 1 -- 172.21.15.52:0/2127316260 <== mon.0 v2:172.21.15.52:3300/0 5 ==== osd_map(2..2 src has 1..2) v4 ==== 936+0+0 (secure 0 0 0) 0x7f3ad404a3c0 con 0x7f3ae01011d0
2023-12-16T20:45:17.013 INFO:teuthology.orchestra.run.smithi052.stdout:/usr/bin/ceph: stderr
2023-12-16T20:45:16.566+0000 7f3ade7fc700 1 --2- 172.21.15.52:0/2127316260 >> [v2:172.21.15.52:6800/221719009,v1:172.21.15.52:6801/221719009] conn(0x7f3ac80365f0 0x7f3ac8038aa0 unknown :-1 s=BANNER_CONNECTING pgs=0 cs=0 l=1 rev1=0 crypto rx=0 tx=0 comp rx=0 tx=0)._handle_peer_banner_payload supported=3 required=0
2023-12-16T20:45:17.013 INFO:teuthology.orchestra.run.smithi052.stdout:/usr/bin/ceph: stderr
2023-12-16T20:45:16.566+0000 7f3ade7fc700 1 --2- 172.21.15.52:0/2127316260 >> [v2:172.21.15.52:6800/221719009,v1:172.21.15.52:6801/221719009] conn(0x7f3ac80365f0 0x7f3ac8038aa0 secure :-1 s=READY pgs=15 cs=0 l=1 rev1=1 crypto rx=0x7f3ad0009990 tx=0x7f3ad0006e40 comp rx=0 tx=0).ready entity=mgr.14120 client_cookie=0 server_cookie=0 in_seq=0 out_seq=0
2023-12-16T20:45:17.013 INFO:teuthology.orchestra.run.smithi052.stdout:/usr/bin/ceph: stderr
2023-12-16T20:45:16.570+0000 7f3ac77fe700 1 -- 172.21.15.52:0/2127316260 <== mon.0 v2:172.21.15.52:3300/0 6 ==== mon_command_ack([{"prefix": "get_command_descriptions"}]=0 v0) v1 ==== 72+0+174570 (secure 0 0 0) 0x7f3ad402d8c0 con 0x7f3ae01011d0
2023-12-16T20:45:17.014 INFO:teuthology.orchestra.run.smithi052.stdout:/usr/bin/ceph: stderr
2023-12-16T20:45:16.786+0000 7f3ae57c4700 1 -- 172.21.15.52:0/2127316260 --> [v2:172.21.15.52:6800/221719009,v1:172.21.15.52:6801/221719009] -- mgr_command(tid 0: {"prefix": "orch apply", "service_type": "prometheus", "target": ["mon-mgr", ""]}) v1 -- 0x7f3ae00febc0 con 0x7f3ac80365f0
2023-12-16T20:45:17.014 INFO:teuthology.orchestra.run.smithi052.stdout:/usr/bin/ceph: stderr
2023-12-16T20:45:16.791+0000 7f3ac77fe700 1 -- 172.21.15.52:0/2127316260 <== mgr.14120 v2:172.21.15.52:6800/221719009 1 ==== mgr_command_reply(tid 0: 0 ) v1 ==== 8+0+31 (secure 0 0 0) 0x7f3ae00febc0 con 0x7f3ac80365f0
2023-12-16T20:45:17.014 INFO:teuthology.orchestra.run.smithi052.stdout:/usr/bin/ceph: stderr
