2023-12-16T20:45:30.113+0000 7f352a0cd700 1 Processor -- start
2023-12-16T20:45:30.643 INFO:teuthology.orchestra.run.smithi052.stdout:/usr/bin/ceph: stderr
2023-12-16T20:45:30.114+0000 7f352a0cd700 1 -- start start
2023-12-16T20:45:30.644 INFO:teuthology.orchestra.run.smithi052.stdout:/usr/bin/ceph: stderr
2023-12-16T20:45:30.114+0000 7f352a0cd700 1 --2- >> [v2:172.21.15.52:3300/0,v1:172.21.15.52:6789/0] conn(0x7f35241038f0 0x7f3524111140 unknown :-1 s=NONE pgs=0 cs=0 l=1 rev1=0 crypto rx=0 tx=0 comp rx=0 tx=0).connect
2023-12-16T20:45:30.644 INFO:teuthology.orchestra.run.smithi052.stdout:/usr/bin/ceph: stderr
2023-12-16T20:45:30.114+0000 7f352a0cd700 1 -- --> [v2:172.21.15.52:3300/0,v1:172.21.15.52:6789/0] -- mon_getmap magic: 0 v1 -- 0x7f3524111680 con 0x7f35241038f0
2023-12-16T20:45:30.644 INFO:teuthology.orchestra.run.smithi052.stdout:/usr/bin/ceph: stderr
2023-12-16T20:45:30.114+0000 7f35237fe700 1 --2- >> [v2:172.21.15.52:3300/0,v1:172.21.15.52:6789/0] conn(0x7f35241038f0 0x7f3524111140 unknown :-1 s=BANNER_CONNECTING pgs=0 cs=0 l=1 rev1=0 crypto rx=0 tx=0 comp rx=0 tx=0)._handle_peer_banner_payload supported=3 required=0
2023-12-16T20:45:30.644 INFO:teuthology.orchestra.run.smithi052.stdout:/usr/bin/ceph: stderr
2023-12-16T20:45:30.114+0000 7f35237fe700 1 --2- >> [v2:172.21.15.52:3300/0,v1:172.21.15.52:6789/0] conn(0x7f35241038f0 0x7f3524111140 unknown :-1 s=HELLO_CONNECTING pgs=0 cs=0 l=1 rev1=1 crypto rx=0 tx=0 comp rx=0 tx=0).handle_hello peer v2:172.21.15.52:3300/0 says I am v2:172.21.15.52:58150/0 (socket says 172.21.15.52:58150)
2023-12-16T20:45:30.644 INFO:teuthology.orchestra.run.smithi052.stdout:/usr/bin/ceph: stderr
2023-12-16T20:45:30.114+0000 7f35237fe700 1 -- 172.21.15.52:0/1617310373 learned_addr learned my addr 172.21.15.52:0/1617310373 (peer_addr_for_me v2:172.21.15.52:0/0)
2023-12-16T20:45:30.644 INFO:teuthology.orchestra.run.smithi052.stdout:/usr/bin/ceph: stderr
2023-12-16T20:45:30.114+0000 7f35237fe700 1 -- 172.21.15.52:0/1617310373 --> [v2:172.21.15.52:3300/0,v1:172.21.15.52:6789/0] -- mon_subscribe({config=0+,monmap=0+}) v3 -- 0x7f35140094f0 con 0x7f35241038f0
2023-12-16T20:45:30.644 INFO:teuthology.orchestra.run.smithi052.stdout:/usr/bin/ceph: stderr
2023-12-16T20:45:30.114+0000 7f35237fe700 1 --2- 172.21.15.52:0/1617310373 >> [v2:172.21.15.52:3300/0,v1:172.21.15.52:6789/0] conn(0x7f35241038f0 0x7f3524111140 secure :-1 s=READY pgs=81 cs=0 l=1 rev1=1 crypto rx=0x7f3514000c00 tx=0x7f3514009250 comp rx=0 tx=0).ready entity=mon.0 client_cookie=0 server_cookie=0 in_seq=0 out_seq=0
2023-12-16T20:45:30.644 INFO:teuthology.orchestra.run.smithi052.stdout:/usr/bin/ceph: stderr
2023-12-16T20:45:30.115+0000 7f350bfff700 1 -- 172.21.15.52:0/1617310373 <== mon.0 v2:172.21.15.52:3300/0 1 ==== mon_map magic: 0 v1 ==== 229+0+0 (secure 0 0 0) 0x7f3514010800 con 0x7f35241038f0
2023-12-16T20:45:30.644 INFO:teuthology.orchestra.run.smithi052.stdout:/usr/bin/ceph: stderr
2023-12-16T20:45:30.115+0000 7f350bfff700 1 -- 172.21.15.52:0/1617310373 <== mon.0 v2:172.21.15.52:3300/0 2 ==== config(26 keys) v1 ==== 1074+0+0 (secure 0 0 0) 0x7f3514010e10 con 0x7f35241038f0
2023-12-16T20:45:30.644 INFO:teuthology.orchestra.run.smithi052.stdout:/usr/bin/ceph: stderr
2023-12-16T20:45:30.115+0000 7f352a0cd700 1 -- 172.21.15.52:0/1617310373 --> [v2:172.21.15.52:3300/0,v1:172.21.15.52:6789/0] -- mon_subscribe({mgrmap=0+}) v3 -- 0x7f3524111880 con 0x7f35241038f0
2023-12-16T20:45:30.644 INFO:teuthology.orchestra.run.smithi052.stdout:/usr/bin/ceph: stderr
2023-12-16T20:45:30.115+0000 7f352a0cd700 1 -- 172.21.15.52:0/1617310373 --> [v2:172.21.15.52:3300/0,v1:172.21.15.52:6789/0] -- mon_subscribe({osdmap=0}) v3 -- 0x7f3524111c90 con 0x7f35241038f0
2023-12-16T20:45:30.644 INFO:teuthology.orchestra.run.smithi052.stdout:/usr/bin/ceph: stderr
2023-12-16T20:45:30.115+0000 7f350bfff700 1 -- 172.21.15.52:0/1617310373 <== mon.0 v2:172.21.15.52:3300/0 3 ==== mon_map magic: 0 v1 ==== 229+0+0 (secure 0 0 0) 0x7f351401ae90 con 0x7f35241038f0
2023-12-16T20:45:30.644 INFO:teuthology.orchestra.run.smithi052.stdout:/usr/bin/ceph: stderr
2023-12-16T20:45:30.116+0000 7f350bfff700 1 -- 172.21.15.52:0/1617310373 <== mon.0 v2:172.21.15.52:3300/0 4 ==== mgrmap(e 11) v1 ==== 43188+0+0 (secure 0 0 0) 0x7f3514024500 con 0x7f35241038f0
2023-12-16T20:45:30.644 INFO:teuthology.orchestra.run.smithi052.stdout:/usr/bin/ceph: stderr
2023-12-16T20:45:30.116+0000 7f350bfff700 1 --2- 172.21.15.52:0/1617310373 >> [v2:172.21.15.52:6800/2799692744,v1:172.21.15.52:6801/2799692744] conn(0x7f350c0365b0 0x7f350c038a60 unknown :-1 s=NONE pgs=0 cs=0 l=1 rev1=0 crypto rx=0 tx=0 comp rx=0 tx=0).connect
2023-12-16T20:45:30.644 INFO:teuthology.orchestra.run.smithi052.stdout:/usr/bin/ceph: stderr
2023-12-16T20:45:30.116+0000 7f350bfff700 1 -- 172.21.15.52:0/1617310373 <== mon.0 v2:172.21.15.52:3300/0 5 ==== osd_map(3..3 src has 1..3) v4 ==== 1151+0+0 (secure 0 0 0) 0x7f351404aa80 con 0x7f35241038f0
2023-12-16T20:45:30.645 INFO:teuthology.orchestra.run.smithi052.stdout:/usr/bin/ceph: stderr
2023-12-16T20:45:30.116+0000 7f352a0cd700 1 -- 172.21.15.52:0/1617310373 --> [v2:172.21.15.52:3300/0,v1:172.21.15.52:6789/0] -- mon_command({"prefix": "get_command_descriptions"} v 0) v1 -- 0x7f352404bb80 con 0x7f35241038f0
2023-12-16T20:45:30.645 INFO:teuthology.orchestra.run.smithi052.stdout:/usr/bin/ceph: stderr
2023-12-16T20:45:30.116+0000 7f3522ffd700 1 --2- 172.21.15.52:0/1617310373 >> [v2:172.21.15.52:6800/2799692744,v1:172.21.15.52:6801/2799692744] conn(0x7f350c0365b0 0x7f350c038a60 unknown :-1 s=BANNER_CONNECTING pgs=0 cs=0 l=1 rev1=0 crypto rx=0 tx=0 comp rx=0 tx=0)._handle_peer_banner_payload supported=3 required=0
2023-12-16T20:45:30.645 INFO:teuthology.orchestra.run.smithi052.stdout:/usr/bin/ceph: stderr
2023-12-16T20:45:30.118+0000 7f3522ffd700 1 --2- 172.21.15.52:0/1617310373 >> [v2:172.21.15.52:6800/2799692744,v1:172.21.15.52:6801/2799692744] conn(0x7f350c0365b0 0x7f350c038a60 secure :-1 s=READY pgs=7 cs=0 l=1 rev1=1 crypto rx=0x7f3518009990 tx=0x7f3518006e40 comp rx=0 tx=0).ready entity=mgr.14162 client_cookie=0 server_cookie=0 in_seq=0 out_seq=0
2023-12-16T20:45:30.645 INFO:teuthology.orchestra.run.smithi052.stdout:/usr/bin/ceph: stderr
2023-12-16T20:45:30.125+0000 7f350bfff700 1 -- 172.21.15.52:0/1617310373 <== mon.0 v2:172.21.15.52:3300/0 6 ==== mon_command_ack([{"prefix": "get_command_descriptions"}]=0 v0) v1 ==== 72+0+174570 (secure 0 0 0) 0x7f351402e440 con 0x7f35241038f0
2023-12-16T20:45:30.645 INFO:teuthology.orchestra.run.smithi052.stdout:/usr/bin/ceph: stderr
2023-12-16T20:45:30.342+0000 7f352a0cd700 1 -- 172.21.15.52:0/1617310373 --> [v2:172.21.15.52:6800/2799692744,v1:172.21.15.52:6801/2799692744] -- mgr_command(tid 0: {"prefix": "dashboard create-self-signed-cert", "target": ["mon-mgr", ""]}) v1 -- 0x7f352410b080 con 0x7f350c0365b0
2023-12-16T20:45:30.645 INFO:teuthology.orchestra.run.smithi052.stdout:/usr/bin/ceph: stderr
2023-12-16T20:45:30.394+0000 7f350bfff700 1 -- 172.21.15.52:0/1617310373 <== mgr.14162 v2:172.21.15.52:6800/2799692744 1 ==== mgr_command_reply(tid 0: 0 ) v1 ==== 8+0+32 (secure 0 0 0) 0x7f352410b080 con 0x7f350c0365b0
2023-12-16T20:45:30.645 INFO:teuthology.orchestra.run.smithi052.stdout:/usr/bin/ceph: stderr
2023-12-16T20:45:30.396+0000 7f352a0cd700 1 -- 172.21.15.52:0/1617310373 >> [v2:172.21.15.52:6800/2799692744,v1:172.21.15.52:6801/2799692744] conn(0x7f350c0365b0 msgr2=0x7f350c038a60 secure :-1 s=STATE_CONNECTION_ESTABLISHED l=1).mark_down
2023-12-16T20:45:30.645 INFO:teuthology.orchestra.run.smithi052.stdout:/usr/bin/ceph: stderr
2023-12-16T20:45:30.396+0000 7f352a0cd700 1 --2- 172.21.15.52:0/1617310373 >> [v2:172.21.15.52:6800/2799692744,v1:172.21.15.52:6801/2799692744] conn(0x7f350c0365b0 0x7f350c038a60 secure :-1 s=READY pgs=7 cs=0 l=1 rev1=1 crypto rx=0x7f3518009990 tx=0x7f3518006e40 comp rx=0 tx=0).stop
2023-12-16T20:45:30.645 INFO:teuthology.orchestra.run.smithi052.stdout:/usr/bin/ceph: stderr
2023-12-16T20:45:30.396+0000 7f352a0cd700 1 -- 172.21.15.52:0/1617310373 >> [v2:172.21.15.52:3300/0,v1:172.21.15.52:6789/0] conn(0x7f35241038f0 msgr2=0x7f3524111140 secure :-1 s=STATE_CONNECTION_ESTABLISHED l=1).mark_down
2023-12-16T20:45:30.645 INFO:teuthology.orchestra.run.smithi052.stdout:/usr/bin/ceph: stderr
2023-12-16T20:45:30.396+0000 7f352a0cd700 1 --2- 172.21.15.52:0/1617310373 >> [v2:172.21.15.52:3300/0,v1:172.21.15.52:6789/0] conn(0x7f35241038f0 0x7f3524111140 secure :-1 s=READY pgs=81 cs=0 l=1 rev1=1 crypto rx=0x7f3514000c00 tx=0x7f3514009250 comp rx=0 tx=0).stop
2023-12-16T20:45:30.645 INFO:teuthology.orchestra.run.smithi052.stdout:/usr/bin/ceph: stderr
2023-12-16T20:45:30.397+0000 7f352a0cd700 1 -- 172.21.15.52:0/1617310373 shutdown_connections
2023-12-16T20:45:30.645 INFO:teuthology.orchestra.run.smithi052.stdout:/usr/bin/ceph: stderr
2023-12-16T20:45:30.397+0000 7f352a0cd700 1 --2- 172.21.15.52:0/1617310373 >> [v2:172.21.15.52:6800/2799692744,v1:172.21.15.52:6801/2799692744] conn(0x7f350c0365b0 0x7f350c038a60 unknown :-1 s=CLOSED pgs=7 cs=0 l=1 rev1=1 crypto rx=0 tx=0 comp rx=0 tx=0).stop
2023-12-16T20:45:30.645 INFO:teuthology.orchestra.run.smithi052.stdout:/usr/bin/ceph: stderr
2023-12-16T20:45:30.397+0000 7f352a0cd700 1 --2- 172.21.15.52:0/1617310373 >> [v2:172.21.15.52:3300/0,v1:172.21.15.52:6789/0] conn(0x7f35241038f0 0x7f3524111140 unknown :-1 s=CLOSED pgs=81 cs=0 l=1 rev1=1 crypto rx=0 tx=0 comp rx=0 tx=0).stop
2023-12-16T20:45:30.646 INFO:teuthology.orchestra.run.smithi052.stdout:/usr/bin/ceph: stderr
2023-12-16T20:45:30.397+0000 7f352a0cd700 1 -- 172.21.15.52:0/1617310373 >> 172.21.15.52:0/1617310373 conn(0x7f35240fc0b0 msgr2=0x7f35240fd810 unknown :-1 s=STATE_NONE l=0).mark_down
2023-12-16T20:45:30.646 INFO:teuthology.orchestra.run.smithi052.stdout:/usr/bin/ceph: stderr
2023-12-16T20:45:30.397+0000 7f352a0cd700 1 -- 172.21.15.52:0/1617310373 shutdown_connections
2023-12-16T20:45:30.646 INFO:teuthology.orchestra.run.smithi052.stdout:/usr/bin/ceph: stderr
2023-12-16T20:45:30.397+0000 7f352a0cd700 1 -- 172.21.15.52:0/1617310373 wait complete.
2023-12-16T20:45:30.646 INFO:teuthology.orchestra.run.smithi052.stdout:Creating initial admin user...
2023-12-16T20:45:30.709 INFO:journalctl@ceph.mon.smithi052.smithi052.stdout:Dec 16 20:45:30 smithi052 ceph-mon[80761]: from='client.14166 -' entity='client.admin' cmd=[{"prefix": "get_command_descriptions"}]: dispatch
2023-12-16T20:45:30.709 INFO:journalctl@ceph.mon.smithi052.smithi052.stdout:Dec 16 20:45:30 smithi052 ceph-mon[80761]: from='client.14166 -' entity='client.admin' cmd=[{"prefix": "mgr_status"}]: dispatch
2023-12-16T20:45:30.709 INFO:journalctl@ceph.mon.smithi052.smithi052.stdout:Dec 16 20:45:30 smithi052 ceph-mon[80761]: from='mgr.14162 172.21.15.52:0/3712385098' entity='mgr.smithi052.nmkcbs'
2023-12-16T20:45:30.709 INFO:journalctl@ceph.mon.smithi052.smithi052.stdout:Dec 16 20:45:30 smithi052 ceph-mon[80761]: from='mgr.14162 172.21.15.52:0/3712385098' entity='mgr.smithi052.nmkcbs'
2023-12-16T20:45:30.709 INFO:journalctl@ceph.mon.smithi052.smithi052.stdout:Dec 16 20:45:30 smithi052 ceph-mon[80761]: from='mgr.14162 172.21.15.52:0/3712385098' entity='mgr.smithi052.nmkcbs'
2023-12-16T20:45:30.709 INFO:journalctl@ceph.mon.smithi052.smithi052.stdout:Dec 16 20:45:30 smithi052 ceph-mon[80761]: from='mgr.14162 172.21.15.52:0/3712385098' entity='mgr.smithi052.nmkcbs'
2023-12-16T20:45:31.626 INFO:teuthology.orchestra.run.smithi052.stdout:/usr/bin/ceph: stdout {"username": "admin", "password": "$2b$12$6gsIQm0zecqQLAb1VsPjN.FykbCSKIfQ/uoW83dv9cx2ICuYQScfy", "roles": ["administrator"], "name": null, "email": null, "lastUpdate": 1702759531, "enabled": true, "pwdExpirationDate": null, "pwdUpdateRequired": true}
2023-12-16T20:45:31.627 INFO:teuthology.orchestra.run.smithi052.stdout:/usr/bin/ceph: stderr
2023-12-16T20:45:30.900+0000 7f1a4853c700 1 Processor -- start
2023-12-16T20:45:31.627 INFO:teuthology.orchestra.run.smithi052.stdout:/usr/bin/ceph: stderr
2023-12-16T20:45:30.900+0000 7f1a4853c700 1 -- start start
2023-12-16T20:45:31.627 INFO:teuthology.orchestra.run.smithi052.stdout:/usr/bin/ceph: stderr
2023-12-16T20:45:30.900+0000 7f1a4853c700 1 --2- >> [v2:172.21.15.52:3300/0,v1:172.21.15.52:6789/0] conn(0x7f1a40078dc0 0x7f1a400771d0 unknown :-1 s=NONE pgs=0 cs=0 l=0 rev1=0 crypto rx=0 tx=0 comp rx=0 tx=0).connect
2023-12-16T20:45:31.627 INFO:teuthology.orchestra.run.smithi052.stdout:/usr/bin/ceph: stderr
2023-12-16T20:45:30.900+0000 7f1a4853c700 1 -- --> [v2:172.21.15.52:3300/0,v1:172.21.15.52:6789/0] -- mon_getmap magic: 0 v1 -- 0x7f1a40077710 con 0x7f1a40078dc0
2023-12-16T20:45:31.627 INFO:teuthology.orchestra.run.smithi052.stdout:/usr/bin/ceph: stderr
2023-12-16T20:45:30.900+0000 7f1a462d8700 1 --2- >> [v2:172.21.15.52:3300/0,v1:172.21.15.52:6789/0] conn(0x7f1a40078dc0 0x7f1a400771d0 unknown :-1 s=BANNER_CONNECTING pgs=0 cs=0 l=0 rev1=0 crypto rx=0 tx=0 comp rx=0 tx=0)._handle_peer_banner_payload supported=3 required=0
2023-12-16T20:45:31.627 INFO:teuthology.orchestra.run.smithi052.stdout:/usr/bin/ceph: stderr
2023-12-16T20:45:30.900+0000 7f1a462d8700 1 --2- >> [v2:172.21.15.52:3300/0,v1:172.21.15.52:6789/0] conn(0x7f1a40078dc0 0x7f1a400771d0 unknown :-1 s=HELLO_CONNECTING pgs=0 cs=0 l=0 rev1=1 crypto rx=0 tx=0 comp rx=0 tx=0).handle_hello peer v2:172.21.15.52:3300/0 says I am v2:172.21.15.52:58156/0 (socket says 172.21.15.52:58156)
2023-12-16T20:45:31.627 INFO:teuthology.orchestra.run.smithi052.stdout:/usr/bin/ceph: stderr
2023-12-16T20:45:30.900+0000 7f1a462d8700 1 -- 172.21.15.52:0/853872101 learned_addr learned my addr 172.21.15.52:0/853872101 (peer_addr_for_me v2:172.21.15.52:0/0)
2023-12-16T20:45:31.627 INFO:teuthology.orchestra.run.smithi052.stdout:/usr/bin/ceph: stderr
2023-12-16T20:45:30.901+0000 7f1a462d8700 1 -- 172.21.15.52:0/853872101 --> [v2:172.21.15.52:3300/0,v1:172.21.15.52:6789/0] -- mon_subscribe({config=0+,monmap=0+}) v3 -- 0x7f1a40077850 con 0x7f1a40078dc0
2023-12-16T20:45:31.627 INFO:teuthology.orchestra.run.smithi052.stdout:/usr/bin/ceph: stderr
2023-12-16T20:45:30.901+0000 7f1a462d8700 1 --2- 172.21.15.52:0/853872101 >> [v2:172.21.15.52:3300/0,v1:172.21.15.52:6789/0] conn(0x7f1a40078dc0 0x7f1a400771d0 secure :-1 s=READY pgs=82 cs=0 l=1 rev1=1 crypto rx=0x7f1a3c0098e0 tx=0x7f1a3c009250 comp rx=0 tx=0).ready entity=mon.0 client_cookie=6f3ff71de3f38308 server_cookie=0 in_seq=0 out_seq=0
2023-12-16T20:45:31.627 INFO:teuthology.orchestra.run.smithi052.stdout:/usr/bin/ceph: stderr
2023-12-16T20:45:30.901+0000 7f1a452d6700 1 -- 172.21.15.52:0/853872101 <== mon.0 v2:172.21.15.52:3300/0 1 ==== mon_map magic: 0 v1 ==== 229+0+0 (secure 0 0 0) 0x7f1a3c00b860 con 0x7f1a40078dc0
2023-12-16T20:45:31.627 INFO:teuthology.orchestra.run.smithi052.stdout:/usr/bin/ceph: stderr
2023-12-16T20:45:30.901+0000 7f1a452d6700 1 -- 172.21.15.52:0/853872101 <== mon.0 v2:172.21.15.52:3300/0 2 ==== config(26 keys) v1 ==== 1074+0+0 (secure 0 0 0) 0x7f1a3c00be70 con 0x7f1a40078dc0
2023-12-16T20:45:31.627 INFO:teuthology.orchestra.run.smithi052.stdout:/usr/bin/ceph: stderr
2023-12-16T20:45:30.901+0000 7f1a452d6700 1 -- 172.21.15.52:0/853872101 <== mon.0 v2:172.21.15.52:3300/0 3 ==== mon_map magic: 0 v1 ==== 229+0+0 (secure 0 0 0) 0x7f1a3c010380 con 0x7f1a40078dc0
2023-12-16T20:45:31.627 INFO:teuthology.orchestra.run.smithi052.stdout:/usr/bin/ceph: stderr
2023-12-16T20:45:30.901+0000 7f1a4853c700 1 -- 172.21.15.52:0/853872101 >> [v2:172.21.15.52:3300/0,v1:172.21.15.52:6789/0] conn(0x7f1a40078dc0 msgr2=0x7f1a400771d0 secure :-1 s=STATE_CONNECTION_ESTABLISHED l=1).mark_down
2023-12-16T20:45:31.628 INFO:teuthology.orchestra.run.smithi052.stdout:/usr/bin/ceph: stderr
2023-12-16T20:45:30.901+0000 7f1a4853c700 1 --2- 172.21.15.52:0/853872101 >> [v2:172.21.15.52:3300/0,v1:172.21.15.52:6789/0] conn(0x7f1a40078dc0 0x7f1a400771d0 secure :-1 s=READY pgs=82 cs=0 l=1 rev1=1 crypto rx=0x7f1a3c0098e0 tx=0x7f1a3c009250 comp rx=0 tx=0).stop
2023-12-16T20:45:31.628 INFO:teuthology.orchestra.run.smithi052.stdout:/usr/bin/ceph: stderr
2023-12-16T20:45:30.902+0000 7f1a4853c700 1 -- 172.21.15.52:0/853872101 shutdown_connections
2023-12-16T20:45:31.628 INFO:teuthology.orchestra.run.smithi052.stdout:/usr/bin/ceph: stderr
2023-12-16T20:45:30.902+0000 7f1a4853c700 1 --2- 172.21.15.52:0/853872101 >> [v2:172.21.15.52:3300/0,v1:172.21.15.52:6789/0] conn(0x7f1a40078dc0 0x7f1a400771d0 unknown :-1 s=CLOSED pgs=82 cs=0 l=1 rev1=1 crypto rx=0 tx=0 comp rx=0 tx=0).stop
2023-12-16T20:45:31.628 INFO:teuthology.orchestra.run.smithi052.stdout:/usr/bin/ceph: stderr
2023-12-16T20:45:30.902+0000 7f1a4853c700 1 -- 172.21.15.52:0/853872101 >> 172.21.15.52:0/853872101 conn(0x7f1a400fda40 msgr2=0x7f1a400ffe70 unknown :-1 s=STATE_NONE l=0).mark_down
2023-12-16T20:45:31.628 INFO:teuthology.orchestra.run.smithi052.stdout:/usr/bin/ceph: stderr
2023-12-16T20:45:30.902+0000 7f1a4853c700 1 -- 172.21.15.52:0/853872101 shutdown_connections
2023-12-16T20:45:31.628 INFO:teuthology.orchestra.run.smithi052.stdout:/usr/bin/ceph: stderr
2023-12-16T20:45:30.902+0000 7f1a4853c700 1 -- 172.21.15.52:0/853872101 wait complete.
2023-12-16T20:45:31.628 INFO:teuthology.orchestra.run.smithi052.stdout:/usr/bin/ceph: stderr
2023-12-16T20:45:30.902+0000 7f1a4853c700 1 Processor -- start
2023-12-16T20:45:31.628 INFO:teuthology.orchestra.run.smithi052.stdout:/usr/bin/ceph: stderr
2023-12-16T20:45:30.902+0000 7f1a4853c700 1 -- start start
2023-12-16T20:45:31.628 INFO:teuthology.orchestra.run.smithi052.stdout:/usr/bin/ceph: stderr
2023-12-16T20:45:30.902+0000 7f1a4853c700 1 --2- >> [v2:172.21.15.52:3300/0,v1:172.21.15.52:6789/0] conn(0x7f1a40078dc0 0x7f1a40113380 unknown :-1 s=NONE pgs=0 cs=0 l=1 rev1=0 crypto rx=0 tx=0 comp rx=0 tx=0).connect
2023-12-16T20:45:31.628 INFO:teuthology.orchestra.run.smithi052.stdout:/usr/bin/ceph: stderr
2023-12-16T20:45:30.902+0000 7f1a4853c700 1 -- --> [v2:172.21.15.52:3300/0,v1:172.21.15.52:6789/0] -- mon_getmap magic: 0 v1 -- 0x7f1a401138c0 con 0x7f1a40078dc0
2023-12-16T20:45:31.628 INFO:teuthology.orchestra.run.smithi052.stdout:/usr/bin/ceph: stderr
2023-12-16T20:45:30.902+0000 7f1a462d8700 1 --2- >> [v2:172.21.15.52:3300/0,v1:172.21.15.52:6789/0] conn(0x7f1a40078dc0 0x7f1a40113380 unknown :-1 s=BANNER_CONNECTING pgs=0 cs=0 l=1 rev1=0 crypto rx=0 tx=0 comp rx=0 tx=0)._handle_peer_banner_payload supported=3 required=0
2023-12-16T20:45:31.628 INFO:teuthology.orchestra.run.smithi052.stdout:/usr/bin/ceph: stderr
2023-12-16T20:45:30.903+0000 7f1a462d8700 1 --2- >> [v2:172.21.15.52:3300/0,v1:172.21.15.52:6789/0] conn(0x7f1a40078dc0 0x7f1a40113380 unknown :-1 s=HELLO_CONNECTING pgs=0 cs=0 l=1 rev1=1 crypto rx=0 tx=0 comp rx=0 tx=0).handle_hello peer v2:172.21.15.52:3300/0 says I am v2:172.21.15.52:58158/0 (socket says 172.21.15.52:58158)
2023-12-16T20:45:31.628 INFO:teuthology.orchestra.run.smithi052.stdout:/usr/bin/ceph: stderr
2023-12-16T20:45:30.903+0000 7f1a462d8700 1 -- 172.21.15.52:0/776500397 learned_addr learned my addr 172.21.15.52:0/776500397 (peer_addr_for_me v2:172.21.15.52:0/0)
2023-12-16T20:45:31.628 INFO:teuthology.orchestra.run.smithi052.stdout:/usr/bin/ceph: stderr
2023-12-16T20:45:30.903+0000 7f1a462d8700 1 -- 172.21.15.52:0/776500397 --> [v2:172.21.15.52:3300/0,v1:172.21.15.52:6789/0] -- mon_subscribe({config=0+,monmap=0+}) v3 -- 0x7f1a3c0094f0 con 0x7f1a40078dc0
2023-12-16T20:45:31.629 INFO:teuthology.orchestra.run.smithi052.stdout:/usr/bin/ceph: stderr
2023-12-16T20:45:30.903+0000 7f1a462d8700 1 --2- 172.21.15.52:0/776500397 >> [v2:172.21.15.52:3300/0,v1:172.21.15.52:6789/0] conn(0x7f1a40078dc0 0x7f1a40113380 secure :-1 s=READY pgs=83 cs=0 l=1 rev1=1 crypto rx=0x7f1a3c0094c0 tx=0x7f1a3c009250 comp rx=0 tx=0).ready entity=mon.0 client_cookie=0 server_cookie=0 in_seq=0 out_seq=0
2023-12-16T20:45:31.629 INFO:teuthology.orchestra.run.smithi052.stdout:/usr/bin/ceph: stderr
2023-12-16T20:45:30.903+0000 7f1a36ffd700 1 -- 172.21.15.52:0/776500397 <== mon.0 v2:172.21.15.52:3300/0 1 ==== mon_map magic: 0 v1 ==== 229+0+0 (secure 0 0 0) 0x7f1a3c010850 con 0x7f1a40078dc0
2023-12-16T20:45:31.629 INFO:teuthology.orchestra.run.smithi052.stdout:/usr/bin/ceph: stderr
2023-12-16T20:45:30.903+0000 7f1a36ffd700 1 -- 172.21.15.52:0/776500397 <== mon.0 v2:172.21.15.52:3300/0 2 ==== config(26 keys) v1 ==== 1074+0+0 (secure 0 0 0) 0x7f1a3c010e60 con 0x7f1a40078dc0
2023-12-16T20:45:31.629 INFO:teuthology.orchestra.run.smithi052.stdout:/usr/bin/ceph: stderr
2023-12-16T20:45:30.903+0000 7f1a36ffd700 1 -- 172.21.15.52:0/776500397 <== mon.0 v2:172.21.15.52:3300/0 3 ==== mon_map magic: 0 v1 ==== 229+0+0 (secure 0 0 0) 0x7f1a3c0243f0 con 0x7f1a40078dc0
2023-12-16T20:45:31.629 INFO:teuthology.orchestra.run.smithi052.stdout:/usr/bin/ceph: stderr
2023-12-16T20:45:30.903+0000 7f1a4853c700 1 -- 172.21.15.52:0/776500397 --> [v2:172.21.15.52:3300/0,v1:172.21.15.52:6789/0] -- mon_subscribe({mgrmap=0+}) v3 -- 0x7f1a40113ac0 con 0x7f1a40078dc0
2023-12-16T20:45:31.629 INFO:teuthology.orchestra.run.smithi052.stdout:/usr/bin/ceph: stderr
2023-12-16T20:45:30.903+0000 7f1a4853c700 1 -- 172.21.15.52:0/776500397 --> [v2:172.21.15.52:3300/0,v1:172.21.15.52:6789/0] -- mon_subscribe({osdmap=0}) v3 -- 0x7f1a40113ed0 con 0x7f1a40078dc0
2023-12-16T20:45:31.629 INFO:teuthology.orchestra.run.smithi052.stdout:/usr/bin/ceph: stderr
2023-12-16T20:45:30.904+0000 7f1a36ffd700 1 -- 172.21.15.52:0/776500397 <== mon.0 v2:172.21.15.52:3300/0 4 ==== mgrmap(e 11) v1 ==== 43188+0+0 (secure 0 0 0) 0x7f1a3c01a430 con 0x7f1a40078dc0
2023-12-16T20:45:31.629 INFO:teuthology.orchestra.run.smithi052.stdout:/usr/bin/ceph: stderr
2023-12-16T20:45:30.904+0000 7f1a4853c700 1 -- 172.21.15.52:0/776500397 --> [v2:172.21.15.52:3300/0,v1:172.21.15.52:6789/0] -- mon_command({"prefix": "get_command_descriptions"} v 0) v1 -- 0x7f1a40108620 con 0x7f1a40078dc0
2023-12-16T20:45:31.629 INFO:teuthology.orchestra.run.smithi052.stdout:/usr/bin/ceph: stderr
2023-12-16T20:45:30.904+0000 7f1a36ffd700 1 --2- 172.21.15.52:0/776500397 >> [v2:172.21.15.52:6800/2799692744,v1:172.21.15.52:6801/2799692744] conn(0x7f1a2c036570 0x7f1a2c038a20 unknown :-1 s=NONE pgs=0 cs=0 l=1 rev1=0 crypto rx=0 tx=0 comp rx=0 tx=0).connect
2023-12-16T20:45:31.629 INFO:teuthology.orchestra.run.smithi052.stdout:/usr/bin/ceph: stderr
2023-12-16T20:45:30.904+0000 7f1a36ffd700 1 -- 172.21.15.52:0/776500397 <== mon.0 v2:172.21.15.52:3300/0 5 ==== osd_map(3..3 src has 1..3) v4 ==== 1151+0+0 (secure 0 0 0) 0x7f1a3c04a500 con 0x7f1a40078dc0
2023-12-16T20:45:31.629 INFO:teuthology.orchestra.run.smithi052.stdout:/usr/bin/ceph: stderr
2023-12-16T20:45:30.905+0000 7f1a45ad7700 1 --2- 172.21.15.52:0/776500397 >> [v2:172.21.15.52:6800/2799692744,v1:172.21.15.52:6801/2799692744] conn(0x7f1a2c036570 0x7f1a2c038a20 unknown :-1 s=BANNER_CONNECTING pgs=0 cs=0 l=1 rev1=0 crypto rx=0 tx=0 comp rx=0 tx=0)._handle_peer_banner_payload supported=3 required=0
2023-12-16T20:45:31.629 INFO:teuthology.orchestra.run.smithi052.stdout:/usr/bin/ceph: stderr
2023-12-16T20:45:30.905+0000 7f1a45ad7700 1 --2- 172.21.15.52:0/776500397 >> [v2:172.21.15.52:6800/2799692744,v1:172.21.15.52:6801/2799692744] conn(0x7f1a2c036570 0x7f1a2c038a20 secure :-1 s=READY pgs=8 cs=0 l=1 rev1=1 crypto rx=0x7f1a30009990 tx=0x7f1a30006e40 comp rx=0 tx=0).ready entity=mgr.14162 client_cookie=0 server_cookie=0 in_seq=0 out_seq=0
2023-12-16T20:45:31.630 INFO:teuthology.orchestra.run.smithi052.stdout:/usr/bin/ceph: stderr
2023-12-16T20:45:30.909+0000 7f1a36ffd700 1 -- 172.21.15.52:0/776500397 <== mon.0 v2:172.21.15.52:3300/0 6 ==== mon_command_ack([{"prefix": "get_command_descriptions"}]=0 v0) v1 ==== 72+0+174570 (secure 0 0 0) 0x7f1a3c018b40 con 0x7f1a40078dc0
2023-12-16T20:45:31.630 INFO:teuthology.orchestra.run.smithi052.stdout:/usr/bin/ceph: stderr
2023-12-16T20:45:31.137+0000 7f1a4853c700 1 -- 172.21.15.52:0/776500397 --> [v2:172.21.15.52:6800/2799692744,v1:172.21.15.52:6801/2799692744] -- mgr_command(tid 0: {"prefix": "dashboard ac-user-create", "username": "admin", "rolename": "administrator", "force_password": true, "pwd_update_required": true, "target": ["mon-mgr", ""]}) v1 -- 0x7f1a4004bb80 con 0x7f1a2c036570
2023-12-16T20:45:31.630 INFO:teuthology.orchestra.run.smithi052.stdout:/usr/bin/ceph: stderr
2023-12-16T20:45:31.383+0000 7f1a36ffd700 1 -- 172.21.15.52:0/776500397 <== mgr.14162 v2:172.21.15.52:6800/2799692744 1 ==== mgr_command_reply(tid 0: 0 ) v1 ==== 8+0+252 (secure 0 0 0) 0x7f1a4004bb80 con 0x7f1a2c036570
2023-12-16T20:45:31.630 INFO:teuthology.orchestra.run.smithi052.stdout:/usr/bin/ceph: stderr
2023-12-16T20:45:31.385+0000 7f1a4853c700 1 -- 172.21.15.52:0/776500397 >> [v2:172.21.15.52:6800/2799692744,v1:172.21.15.52:6801/2799692744] conn(0x7f1a2c036570 msgr2=0x7f1a2c038a20 secure :-1 s=STATE_CONNECTION_ESTABLISHED l=1).mark_down
2023-12-16T20:45:31.630 INFO:teuthology.orchestra.run.smithi052.stdout:/usr/bin/ceph: stderr
2023-12-16T20:45:31.385+0000 7f1a4853c700 1 --2- 172.21.15.52:0/776500397 >> [v2:172.21.15.52:6800/2799692744,v1:172.21.15.52:6801/2799692744] conn(0x7f1a2c036570 0x7f1a2c038a20 secure :-1 s=READY pgs=8 cs=0 l=1 rev1=1 crypto rx=0x7f1a30009990 tx=0x7f1a30006e40 comp rx=0 tx=0).stop
2023-12-16T20:45:31.630 INFO:teuthology.orchestra.run.smithi052.stdout:/usr/bin/ceph: stderr
2023-12-16T20:45:31.385+0000 7f1a4853c700 1 -- 172.21.15.52:0/776500397 >> [v2:172.21.15.52:3300/0,v1:172.21.15.52:6789/0] conn(0x7f1a40078dc0 msgr2=0x7f1a40113380 secure :-1 s=STATE_CONNECTION_ESTABLISHED l=1).mark_down
2023-12-16T20:45:31.630 INFO:teuthology.orchestra.run.smithi052.stdout:/usr/bin/ceph: stderr
2023-12-16T20:45:31.385+0000 7f1a4853c700 1 --2- 172.21.15.52:0/776500397 >> [v2:172.21.15.52:3300/0,v1:172.21.15.52:6789/0] conn(0x7f1a40078dc0 0x7f1a40113380 secure :-1 s=READY pgs=83 cs=0 l=1 rev1=1 crypto rx=0x7f1a3c0094c0 tx=0x7f1a3c009250 comp rx=0 tx=0).stop
2023-12-16T20:45:31.630 INFO:teuthology.orchestra.run.smithi052.stdout:/usr/bin/ceph: stderr
2023-12-16T20:45:31.385+0000 7f1a4853c700 1 -- 172.21.15.52:0/776500397 shutdown_connections
2023-12-16T20:45:31.630 INFO:teuthology.orchestra.run.smithi052.stdout:/usr/bin/ceph: stderr
2023-12-16T20:45:31.385+0000 7f1a4853c700 1 --2- 172.21.15.52:0/776500397 >> [v2:172.21.15.52:6800/2799692744,v1:172.21.15.52:6801/2799692744] conn(0x7f1a2c036570 0x7f1a2c038a20 unknown :-1 s=CLOSED pgs=8 cs=0 l=1 rev1=1 crypto rx=0 tx=0 comp rx=0 tx=0).stop
2023-12-16T20:45:31.630 INFO:teuthology.orchestra.run.smithi052.stdout:/usr/bin/ceph: stderr
2023-12-16T20:45:31.385+0000 7f1a4853c700 1 --2- 172.21.15.52:0/776500397 >> [v2:172.21.15.52:3300/0,v1:172.21.15.52:6789/0] conn(0x7f1a40078dc0 0x7f1a40113380 unknown :-1 s=CLOSED pgs=83 cs=0 l=1 rev1=1 crypto rx=0 tx=0 comp rx=0 tx=0).stop
2023-12-16T20:45:31.630 INFO:teuthology.orchestra.run.smithi052.stdout:/usr/bin/ceph: stderr
2023-12-16T20:45:31.386+0000 7f1a4853c700 1 -- 172.21.15.52:0/776500397 >> 172.21.15.52:0/776500397 conn(0x7f1a400fda40 msgr2=0x7f1a400ffe40 unknown :-1 s=STATE_NONE l=0).mark_down
2023-12-16T20:45:31.630 INFO:teuthology.orchestra.run.smithi052.stdout:/usr/bin/ceph: stderr
2023-12-16T20:45:31.386+0000 7f1a4853c700 1 -- 172.21.15.52:0/776500397 shutdown_connections
2023-12-16T20:45:31.630 INFO:teuthology.orchestra.run.smithi052.stdout:/usr/bin/ceph: stderr
2023-12-16T20:45:31.386+0000 7f1a4853c700 1 -- 172.21.15.52:0/776500397 wait complete.
2023-12-16T20:45:31.630 INFO:teuthology.orchestra.run.smithi052.stdout:Fetching dashboard port number...
2023-12-16T20:45:31.869 INFO:journalctl@ceph.mon.smithi052.smithi052.stdout:Dec 16 20:45:31 smithi052 ceph-mon[80761]: [16/Dec/2023:20:45:30] ENGINE Bus STARTING
2023-12-16T20:45:31.869 INFO:journalctl@ceph.mon.smithi052.smithi052.stdout:Dec 16 20:45:31 smithi052 ceph-mon[80761]: [16/Dec/2023:20:45:30] ENGINE Serving on https://172.21.15.52:7150
2023-12-16T20:45:31.869 INFO:journalctl@ceph.mon.smithi052.smithi052.stdout:Dec 16 20:45:31 smithi052 ceph-mon[80761]: [16/Dec/2023:20:45:30] ENGINE Bus STARTED
2023-12-16T20:45:31.869 INFO:journalctl@ceph.mon.smithi052.smithi052.stdout:Dec 16 20:45:31 smithi052 ceph-mon[80761]: from='mgr.14162 172.21.15.52:0/3712385098' entity='mgr.smithi052.nmkcbs'
2023-12-16T20:45:31.869 INFO:journalctl@ceph.mon.smithi052.smithi052.stdout:Dec 16 20:45:31 smithi052 ceph-mon[80761]: mgrmap e12: smithi052.nmkcbs(active, since 2s)
2023-12-16T20:45:32.334 INFO:teuthology.orchestra.run.smithi052.stdout:/usr/bin/ceph: stdout 8443
2023-12-16T20:45:32.334 INFO:teuthology.orchestra.run.smithi052.stdout:/usr/bin/ceph: stderr
2023-12-16T20:45:31.868+0000 7f6851e2a700 1 Processor -- start
2023-12-16T20:45:32.334 INFO:teuthology.orchestra.run.smithi052.stdout:/usr/bin/ceph: stderr
2023-12-16T20:45:31.868+0000 7f6851e2a700 1 -- start start
2023-12-16T20:45:32.334 INFO:teuthology.orchestra.run.smithi052.stdout:/usr/bin/ceph: stderr
2023-12-16T20:45:31.868+0000 7f6851e2a700 1 --2- >> [v2:172.21.15.52:3300/0,v1:172.21.15.52:6789/0] conn(0x7f684c1039c0 0x7f684c103dd0 unknown :-1 s=NONE pgs=0 cs=0 l=0 rev1=0 crypto rx=0 tx=0 comp rx=0 tx=0).connect
2023-12-16T20:45:32.334 INFO:teuthology.orchestra.run.smithi052.stdout:/usr/bin/ceph: stderr
2023-12-16T20:45:31.868+0000 7f6851e2a700 1 -- --> [v2:172.21.15.52:3300/0,v1:172.21.15.52:6789/0] -- mon_getmap magic: 0 v1 -- 0x7f684c104310 con 0x7f684c1039c0
2023-12-16T20:45:32.334 INFO:teuthology.orchestra.run.smithi052.stdout:/usr/bin/ceph: stderr
2023-12-16T20:45:31.868+0000 7f684b7fe700 1 --2- >> [v2:172.21.15.52:3300/0,v1:172.21.15.52:6789/0] conn(0x7f684c1039c0 0x7f684c103dd0 unknown :-1 s=BANNER_CONNECTING pgs=0 cs=0 l=0 rev1=0 crypto rx=0 tx=0 comp rx=0 tx=0)._handle_peer_banner_payload supported=3 required=0
2023-12-16T20:45:32.334 INFO:teuthology.orchestra.run.smithi052.stdout:/usr/bin/ceph: stderr
2023-12-16T20:45:31.868+0000 7f684b7fe700 1 --2- >> [v2:172.21.15.52:3300/0,v1:172.21.15.52:6789/0] conn(0x7f684c1039c0 0x7f684c103dd0 unknown :-1 s=HELLO_CONNECTING pgs=0 cs=0 l=0 rev1=1 crypto rx=0 tx=0 comp rx=0 tx=0).handle_hello peer v2:172.21.15.52:3300/0 says I am v2:172.21.15.52:58168/0 (socket says 172.21.15.52:58168)
2023-12-16T20:45:32.335 INFO:teuthology.orchestra.run.smithi052.stdout:/usr/bin/ceph: stderr
2023-12-16T20:45:31.868+0000 7f684b7fe700 1 -- 172.21.15.52:0/742279545 learned_addr learned my addr 172.21.15.52:0/742279545 (peer_addr_for_me v2:172.21.15.52:0/0)
2023-12-16T20:45:32.335 INFO:teuthology.orchestra.run.smithi052.stdout:/usr/bin/ceph: stderr
2023-12-16T20:45:31.868+0000 7f684b7fe700 1 -- 172.21.15.52:0/742279545 --> [v2:172.21.15.52:3300/0,v1:172.21.15.52:6789/0] -- mon_subscribe({config=0+,monmap=0+}) v3 -- 0x7f684c101fb0 con 0x7f684c1039c0
2023-12-16T20:45:32.335 INFO:teuthology.orchestra.run.smithi052.stdout:/usr/bin/ceph: stderr
2023-12-16T20:45:31.869+0000 7f684b7fe700 1 --2- 172.21.15.52:0/742279545 >> [v2:172.21.15.52:3300/0,v1:172.21.15.52:6789/0] conn(0x7f684c1039c0 0x7f684c103dd0 secure :-1 s=READY pgs=84 cs=0 l=1 rev1=1 crypto rx=0x7f683c0098e0 tx=0x7f683c009250 comp rx=0 tx=0).ready entity=mon.0 client_cookie=cbe973d9e7c76cab server_cookie=0 in_seq=0 out_seq=0
2023-12-16T20:45:32.335 INFO:teuthology.orchestra.run.smithi052.stdout:/usr/bin/ceph: stderr
2023-12-16T20:45:31.869+0000 7f684a7fc700 1 -- 172.21.15.52:0/742279545 <== mon.0 v2:172.21.15.52:3300/0 1 ==== mon_map magic: 0 v1 ==== 229+0+0 (secure 0 0 0) 0x7f683c00b860 con 0x7f684c1039c0
2023-12-16T20:45:32.335 INFO:teuthology.orchestra.run.smithi052.stdout:/usr/bin/ceph: stderr
2023-12-16T20:45:31.869+0000 7f684a7fc700 1 -- 172.21.15.52:0/742279545 <== mon.0 v2:172.21.15.52:3300/0 2 ==== config(26 keys) v1 ==== 1074+0+0 (secure 0 0 0) 0x7f683c00be70 con 0x7f684c1039c0
2023-12-16T20:45:32.335 INFO:teuthology.orchestra.run.smithi052.stdout:/usr/bin/ceph: stderr
2023-12-16T20:45:31.869+0000 7f684a7fc700 1 -- 172.21.15.52:0/742279545 <== mon.0 v2:172.21.15.52:3300/0 3 ==== mon_map magic: 0 v1 ==== 229+0+0 (secure 0 0 0) 0x7f683c010380 con 0x7f684c1039c0
2023-12-16T20:45:32.336 INFO:teuthology.orchestra.run.smithi052.stdout:/usr/bin/ceph: stderr
2023-12-16T20:45:31.869+0000 7f6851e2a700 1 -- 172.21.15.52:0/742279545 >> [v2:172.21.15.52:3300/0,v1:172.21.15.52:6789/0] conn(0x7f684c1039c0 msgr2=0x7f684c103dd0 secure :-1 s=STATE_CONNECTION_ESTABLISHED l=1).mark_down
2023-12-16T20:45:32.336 INFO:teuthology.orchestra.run.smithi052.stdout:/usr/bin/ceph: stderr
2023-12-16T20:45:31.869+0000 7f6851e2a700 1 --2- 172.21.15.52:0/742279545 >> [v2:172.21.15.52:3300/0,v1:172.21.15.52:6789/0] conn(0x7f684c1039c0 0x7f684c103dd0 secure :-1 s=READY pgs=84 cs=0 l=1 rev1=1 crypto rx=0x7f683c0098e0 tx=0x7f683c009250 comp rx=0 tx=0).stop
2023-12-16T20:45:32.336 INFO:teuthology.orchestra.run.smithi052.stdout:/usr/bin/ceph: stderr
2023-12-16T20:45:31.870+0000 7f6851e2a700 1 -- 172.21.15.52:0/742279545 shutdown_connections
2023-12-16T20:45:32.336 INFO:teuthology.orchestra.run.smithi052.stdout:/usr/bin/ceph: stderr
2023-12-16T20:45:31.870+0000 7f6851e2a700 1 --2- 172.21.15.52:0/742279545 >> [v2:172.21.15.52:3300/0,v1:172.21.15.52:6789/0] conn(0x7f684c1039c0 0x7f684c103dd0 unknown :-1 s=CLOSED pgs=84 cs=0 l=1 rev1=1 crypto rx=0 tx=0 comp rx=0 tx=0).stop
2023-12-16T20:45:32.336 INFO:teuthology.orchestra.run.smithi052.stdout:/usr/bin/ceph: stderr
2023-12-16T20:45:31.870+0000 7f6851e2a700 1 -- 172.21.15.52:0/742279545 >> 172.21.15.52:0/742279545 conn(0x7f684c0fda40 msgr2=0x7f684c0ffe70 unknown :-1 s=STATE_NONE l=0).mark_down
2023-12-16T20:45:32.336 INFO:teuthology.orchestra.run.smithi052.stdout:/usr/bin/ceph: stderr
2023-12-16T20:45:31.870+0000 7f6851e2a700 1 -- 172.21.15.52:0/742279545 shutdown_connections
2023-12-16T20:45:32.336 INFO:teuthology.orchestra.run.smithi052.stdout:/usr/bin/ceph: stderr
2023-12-16T20:45:31.870+0000 7f6851e2a700 1 -- 172.21.15.52:0/742279545 wait complete.
2023-12-16T20:45:32.336 INFO:teuthology.orchestra.run.smithi052.stdout:/usr/bin/ceph: stderr
2023-12-16T20:45:31.870+0000 7f6851e2a700 1 Processor -- start
2023-12-16T20:45:32.336 INFO:teuthology.orchestra.run.smithi052.stdout:/usr/bin/ceph: stderr
2023-12-16T20:45:31.870+0000 7f6851e2a700 1 -- start start
2023-12-16T20:45:32.336 INFO:teuthology.orchestra.run.smithi052.stdout:/usr/bin/ceph: stderr
2023-12-16T20:45:31.871+0000 7f6851e2a700 1 --2- >> [v2:172.21.15.52:3300/0,v1:172.21.15.52:6789/0] conn(0x7f684c1039c0 0x7f684c111130 unknown :-1 s=NONE pgs=0 cs=0 l=1 rev1=0 crypto rx=0 tx=0 comp rx=0 tx=0).connect
2023-12-16T20:45:32.337 INFO:teuthology.orchestra.run.smithi052.stdout:/usr/bin/ceph: stderr
2023-12-16T20:45:31.871+0000 7f6851e2a700 1 -- --> [v2:172.21.15.52:3300/0,v1:172.21.15.52:6789/0] -- mon_getmap magic: 0 v1 -- 0x7f684c111670 con 0x7f684c1039c0
2023-12-16T20:45:32.337 INFO:teuthology.orchestra.run.smithi052.stdout:/usr/bin/ceph: stderr
2023-12-16T20:45:31.871+0000 7f684b7fe700 1 --2- >> [v2:172.21.15.52:3300/0,v1:172.21.15.52:6789/0] conn(0x7f684c1039c0 0x7f684c111130 unknown :-1 s=BANNER_CONNECTING pgs=0 cs=0 l=1 rev1=0 crypto rx=0 tx=0 comp rx=0 tx=0)._handle_peer_banner_payload supported=3 required=0
2023-12-16T20:45:32.337 INFO:teuthology.orchestra.run.smithi052.stdout:/usr/bin/ceph: stderr
2023-12-16T20:45:31.871+0000 7f684b7fe700 1 --2- >> [v2:172.21.15.52:3300/0,v1:172.21.15.52:6789/0] conn(0x7f684c1039c0 0x7f684c111130 unknown :-1 s=HELLO_CONNECTING pgs=0 cs=0 l=1 rev1=1 crypto rx=0 tx=0 comp rx=0 tx=0).handle_hello peer v2:172.21.15.52:3300/0 says I am v2:172.21.15.52:58182/0 (socket says 172.21.15.52:58182)
2023-12-16T20:45:32.337 INFO:teuthology.orchestra.run.smithi052.stdout:/usr/bin/ceph: stderr
2023-12-16T20:45:31.871+0000 7f684b7fe700 1 -- 172.21.15.52:0/482916970 learned_addr learned my addr 172.21.15.52:0/482916970 (peer_addr_for_me v2:172.21.15.52:0/0)
2023-12-16T20:45:32.337 INFO:teuthology.orchestra.run.smithi052.stdout:/usr/bin/ceph: stderr
2023-12-16T20:45:31.871+0000 7f684b7fe700 1 -- 172.21.15.52:0/482916970 --> [v2:172.21.15.52:3300/0,v1:172.21.15.52:6789/0] -- mon_subscribe({config=0+,monmap=0+}) v3 -- 0x7f683c0094f0 con 0x7f684c1039c0
2023-12-16T20:45:32.337 INFO:teuthology.orchestra.run.smithi052.stdout:/usr/bin/ceph: stderr
2023-12-16T20:45:31.871+0000 7f684b7fe700 1 --2- 172.21.15.52:0/482916970 >> [v2:172.21.15.52:3300/0,v1:172.21.15.52:6789/0] conn(0x7f684c1039c0 0x7f684c111130 secure :-1 s=READY pgs=85 cs=0 l=1 rev1=1 crypto rx=0x7f683c00bac0 tx=0x7f683c009250 comp rx=0 tx=0).ready entity=mon.0 client_cookie=0 server_cookie=0 in_seq=0 out_seq=0
2023-12-16T20:45:32.337 INFO:teuthology.orchestra.run.smithi052.stdout:/usr/bin/ceph: stderr
2023-12-16T20:45:31.871+0000 7f6833fff700 1 -- 172.21.15.52:0/482916970 <== mon.0 v2:172.21.15.52:3300/0 1 ==== mon_map magic: 0 v1 ==== 229+0+0 (secure 0 0 0) 0x7f683c0109b0 con 0x7f684c1039c0
2023-12-16T20:45:32.337 INFO:teuthology.orchestra.run.smithi052.stdout:/usr/bin/ceph: stderr
2023-12-16T20:45:31.871+0000 7f6833fff700 1 -- 172.21.15.52:0/482916970 <== mon.0 v2:172.21.15.52:3300/0 2 ==== config(26 keys) v1 ==== 1074+0+0 (secure 0 0 0) 0x7f683c01a430 con 0x7f684c1039c0
2023-12-16T20:45:32.337 INFO:teuthology.orchestra.run.smithi052.stdout:/usr/bin/ceph: stderr
2023-12-16T20:45:31.871+0000 7f6833fff700 1 -- 172.21.15.52:0/482916970 <== mon.0 v2:172.21.15.52:3300/0 3 ==== mon_map magic: 0 v1 ==== 229+0+0 (secure 0 0 0) 0x7f683c0245b0 con 0x7f684c1039c0
2023-12-16T20:45:32.337 INFO:teuthology.orchestra.run.smithi052.stdout:/usr/bin/ceph: stderr
2023-12-16T20:45:31.871+0000 7f6851e2a700 1 -- 172.21.15.52:0/482916970 --> [v2:172.21.15.52:3300/0,v1:172.21.15.52:6789/0] -- mon_subscribe({mgrmap=0+}) v3 -- 0x7f684c111870 con 0x7f684c1039c0
2023-12-16T20:45:32.337 INFO:teuthology.orchestra.run.smithi052.stdout:/usr/bin/ceph: stderr
2023-12-16T20:45:31.872+0000 7f6851e2a700 1 -- 172.21.15.52:0/482916970 --> [v2:172.21.15.52:3300/0,v1:172.21.15.52:6789/0] -- mon_subscribe({osdmap=0}) v3 -- 0x7f684c111c80 con 0x7f684c1039c0
2023-12-16T20:45:32.338 INFO:teuthology.orchestra.run.smithi052.stdout:/usr/bin/ceph: stderr
2023-12-16T20:45:31.872+0000 7f6833fff700 1 -- 172.21.15.52:0/482916970 <== mon.0 v2:172.21.15.52:3300/0 4 ==== mgrmap(e 12) v1 ==== 43294+0+0 (secure 0 0 0) 0x7f683c01a5a0 con 0x7f684c1039c0
2023-12-16T20:45:32.338 INFO:teuthology.orchestra.run.smithi052.stdout:/usr/bin/ceph: stderr
2023-12-16T20:45:31.873+0000 7f6833fff700 1 --2- 172.21.15.52:0/482916970 >> [v2:172.21.15.52:6800/2799692744,v1:172.21.15.52:6801/2799692744] conn(0x7f6834036690 0x7f6834038b40 unknown :-1 s=NONE pgs=0 cs=0 l=1 rev1=0 crypto rx=0 tx=0 comp rx=0 tx=0).connect
2023-12-16T20:45:32.338 INFO:teuthology.orchestra.run.smithi052.stdout:/usr/bin/ceph: stderr
2023-12-16T20:45:31.873+0000 7f6851e2a700 1 -- 172.21.15.52:0/482916970 --> [v2:172.21.15.52:3300/0,v1:172.21.15.52:6789/0] -- mon_command({"prefix": "get_command_descriptions"} v 0) v1 -- 0x7f684c102d30 con 0x7f684c1039c0
2023-12-16T20:45:32.338 INFO:teuthology.orchestra.run.smithi052.stdout:/usr/bin/ceph: stderr
2023-12-16T20:45:31.873+0000 7f6833fff700 1 -- 172.21.15.52:0/482916970 <== mon.0 v2:172.21.15.52:3300/0 5 ==== osd_map(3..3 src has 1..3) v4 ==== 1151+0+0 (secure 0 0 0) 0x7f683c04a680 con 0x7f684c1039c0
2023-12-16T20:45:32.338 INFO:teuthology.orchestra.run.smithi052.stdout:/usr/bin/ceph: stderr
2023-12-16T20:45:31.873+0000 7f684affd700 1 --2- 172.21.15.52:0/482916970 >> [v2:172.21.15.52:6800/2799692744,v1:172.21.15.52:6801/2799692744] conn(0x7f6834036690 0x7f6834038b40 unknown :-1 s=BANNER_CONNECTING pgs=0 cs=0 l=1 rev1=0 crypto rx=0 tx=0 comp rx=0 tx=0)._handle_peer_banner_payload supported=3 required=0
2023-12-16T20:45:32.338 INFO:teuthology.orchestra.run.smithi052.stdout:/usr/bin/ceph: stderr
2023-12-16T20:45:31.873+0000 7f684affd700 1 --2- 172.21.15.52:0/482916970 >> [v2:172.21.15.52:6800/2799692744,v1:172.21.15.52:6801/2799692744] conn(0x7f6834036690 0x7f6834038b40 secure :-1 s=READY pgs=9 cs=0 l=1 rev1=1 crypto rx=0x7f6840009990 tx=0x7f6840006e40 comp rx=0 tx=0).ready entity=mgr.14162 client_cookie=0 server_cookie=0 in_seq=0 out_seq=0
2023-12-16T20:45:32.338 INFO:teuthology.orchestra.run.smithi052.stdout:/usr/bin/ceph: stderr
2023-12-16T20:45:31.877+0000 7f6833fff700 1 -- 172.21.15.52:0/482916970 <== mon.0 v2:172.21.15.52:3300/0 6 ==== mon_command_ack([{"prefix": "get_command_descriptions"}]=0 v0) v1 ==== 72+0+174570 (secure 0 0 0) 0x7f683c010b10 con 0x7f684c1039c0
2023-12-16T20:45:32.338 INFO:teuthology.orchestra.run.smithi052.stdout:/usr/bin/ceph: stderr
2023-12-16T20:45:32.072+0000 7f6851e2a700 1 -- 172.21.15.52:0/482916970 --> [v2:172.21.15.52:3300/0,v1:172.21.15.52:6789/0] -- mon_command({"prefix": "config get", "who": "mgr", "key": "mgr/dashboard/ssl_server_port"} v 0) v1 -- 0x7f684c04bb80 con 0x7f684c1039c0
2023-12-16T20:45:32.338 INFO:teuthology.orchestra.run.smithi052.stdout:/usr/bin/ceph: stderr
2023-12-16T20:45:32.072+0000 7f6833fff700 1 -- 172.21.15.52:0/482916970 <== mon.0 v2:172.21.15.52:3300/0 7 ==== mon_command_ack([{"prefix": "config get", "who": "mgr", "key": "mgr/dashboard/ssl_server_port"}]=0 v8) v1 ==== 112+0+5 (secure 0 0 0) 0x7f683c018770 con 0x7f684c1039c0
2023-12-16T20:45:32.338 INFO:teuthology.orchestra.run.smithi052.stdout:/usr/bin/ceph: stderr
2023-12-16T20:45:32.074+0000 7f6851e2a700 1 -- 172.21.15.52:0/482916970 >> [v2:172.21.15.52:6800/2799692744,v1:172.21.15.52:6801/2799692744] conn(0x7f6834036690 msgr2=0x7f6834038b40 secure :-1 s=STATE_CONNECTION_ESTABLISHED l=1).mark_down
2023-12-16T20:45:32.339 INFO:teuthology.orchestra.run.smithi052.stdout:/usr/bin/ceph: stderr
2023-12-16T20:45:32.074+0000 7f6851e2a700 1 --2- 172.21.15.52:0/482916970 >> [v2:172.21.15.52:6800/2799692744,v1:172.21.15.52:6801/2799692744] conn(0x7f6834036690 0x7f6834038b40 secure :-1 s=READY pgs=9 cs=0 l=1 rev1=1 crypto rx=0x7f6840009990 tx=0x7f6840006e40 comp rx=0 tx=0).stop
2023-12-16T20:45:32.339 INFO:teuthology.orchestra.run.smithi052.stdout:/usr/bin/ceph: stderr
2023-12-16T20:45:32.074+0000 7f6851e2a700 1 -- 172.21.15.52:0/482916970 >> [v2:172.21.15.52:3300/0,v1:172.21.15.52:6789/0] conn(0x7f684c1039c0 msgr2=0x7f684c111130 secure :-1 s=STATE_CONNECTION_ESTABLISHED l=1).mark_down
2023-12-16T20:45:32.339 INFO:teuthology.orchestra.run.smithi052.stdout:/usr/bin/ceph: stderr
2023-12-16T20:45:32.074+0000 7f6851e2a700 1 --2- 172.21.15.52:0/482916970 >> [v2:172.21.15.52:3300/0,v1:172.21.15.52:6789/0] conn(0x7f684c1039c0 0x7f684c111130 secure :-1 s=READY pgs=85 cs=0 l=1 rev1=1 crypto rx=0x7f683c00bac0 tx=0x7f683c009250 comp rx=0 tx=0).stop
2023-12-16T20:45:32.339 INFO:teuthology.orchestra.run.smithi052.stdout:/usr/bin/ceph: stderr
2023-12-16T20:45:32.074+0000 7f6851e2a700 1 -- 172.21.15.52:0/482916970 shutdown_connections
2023-12-16T20:45:32.339 INFO:teuthology.orchestra.run.smithi052.stdout:/usr/bin/ceph: stderr
2023-12-16T20:45:32.074+0000 7f6851e2a700 1 --2- 172.21.15.52:0/482916970 >> [v2:172.21.15.52:6800/2799692744,v1:172.21.15.52:6801/2799692744] conn(0x7f6834036690 0x7f6834038b40 unknown :-1 s=CLOSED pgs=9 cs=0 l=1 rev1=1 crypto rx=0 tx=0 comp rx=0 tx=0).stop
2023-12-16T20:45:32.339 INFO:teuthology.orchestra.run.smithi052.stdout:/usr/bin/ceph: stderr
2023-12-16T20:45:32.074+0000 7f6851e2a700 1 --2- 172.21.15.52:0/482916970 >> [v2:172.21.15.52:3300/0,v1:172.21.15.52:6789/0] conn(0x7f684c1039c0 0x7f684c111130 unknown :-1 s=CLOSED pgs=85 cs=0 l=1 rev1=1 crypto rx=0 tx=0 comp rx=0 tx=0).stop
2023-12-16T20:45:32.339 INFO:teuthology.orchestra.run.smithi052.stdout:/usr/bin/ceph: stderr
2023-12-16T20:45:32.074+0000 7f6851e2a700 1 -- 172.21.15.52:0/482916970 >> 172.21.15.52:0/482916970 conn(0x7f684c0fda40 msgr2=0x7f684c0ff190 unknown :-1 s=STATE_NONE l=0).mark_down
2023-12-16T20:45:32.339 INFO:teuthology.orchestra.run.smithi052.stdout:/usr/bin/ceph: stderr
2023-12-16T20:45:32.074+0000 7f6851e2a700 1 -- 172.21.15.52:0/482916970 shutdown_connections
2023-12-16T20:45:32.339 INFO:teuthology.orchestra.run.smithi052.stdout:/usr/bin/ceph: stderr
2023-12-16T20:45:32.074+0000 7f6851e2a700 1 -- 172.21.15.52:0/482916970 wait complete.
2023-12-16T20:45:32.340 INFO:teuthology.orchestra.run.smithi052.stdout:Non-zero exit code 1 from systemctl is-enabled firewalld.service
2023-12-16T20:45:32.340 INFO:teuthology.orchestra.run.smithi052.stdout:systemctl: stdout disabled
2023-12-16T20:45:32.348 INFO:teuthology.orchestra.run.smithi052.stdout:Non-zero exit code 3 from systemctl is-active firewalld.service
2023-12-16T20:45:32.348 INFO:teuthology.orchestra.run.smithi052.stdout:systemctl: stdout inactive
2023-12-16T20:45:32.348 INFO:teuthology.orchestra.run.smithi052.stdout:firewalld.service is not enabled
2023-12-16T20:45:32.348 INFO:teuthology.orchestra.run.smithi052.stdout:Not possible to open ports <[8443]>. firewalld.service is not available
2023-12-16T20:45:32.349 INFO:teuthology.orchestra.run.smithi052.stdout:Ceph Dashboard is now available at:
2023-12-16T20:45:32.350 INFO:teuthology.orchestra.run.smithi052.stdout:
2023-12-16T20:45:32.350 INFO:teuthology.orchestra.run.smithi052.stdout: URL: https://smithi052.front.sepia.ceph.com:8443/
2023-12-16T20:45:32.350 INFO:teuthology.orchestra.run.smithi052.stdout: User: admin
2023-12-16T20:45:32.350 INFO:teuthology.orchestra.run.smithi052.stdout: Password: qv7jkfl6ag
2023-12-16T20:45:32.350 INFO:teuthology.orchestra.run.smithi052.stdout:
2023-12-16T20:45:32.350 INFO:teuthology.orchestra.run.smithi052.stdout:Saving cluster configuration to /var/lib/ceph/cf043a8a-9c53-11ee-95a5-87774f69a715/config directory
2023-12-16T20:45:32.350 INFO:teuthology.orchestra.run.smithi052.stdout:Enabling autotune for osd_memory_target
2023-12-16T20:45:32.752 INFO:journalctl@ceph.mon.smithi052.smithi052.stdout:Dec 16 20:45:32 smithi052 ceph-mon[80761]: from='client.14176 -' entity='client.admin' cmd=[{"prefix": "dashboard ac-user-create", "username": "admin", "rolename": "administrator", "force_password": true, "pwd_update_required": true, "target": ["mon-mgr", ""]}]: dispatch
2023-12-16T20:45:32.752 INFO:journalctl@ceph.mon.smithi052.smithi052.stdout:Dec 16 20:45:32 smithi052 ceph-mon[80761]: from='client.? 172.21.15.52:0/482916970' entity='client.admin' cmd=[{"prefix": "config get", "who": "mgr", "key": "mgr/dashboard/ssl_server_port"}]: dispatch
2023-12-16T20:45:33.042 INFO:teuthology.orchestra.run.smithi052.stdout:/usr/bin/ceph: stderr
2023-12-16T20:45:32.592+0000 7f5e1dba9700 1 Processor -- start
2023-12-16T20:45:33.042 INFO:teuthology.orchestra.run.smithi052.stdout:/usr/bin/ceph: stderr
2023-12-16T20:45:32.592+0000 7f5e1dba9700 1 -- start start
2023-12-16T20:45:33.042 INFO:teuthology.orchestra.run.smithi052.stdout:/usr/bin/ceph: stderr
2023-12-16T20:45:32.592+0000 7f5e1dba9700 1 --2- >> [v2:172.21.15.52:3300/0,v1:172.21.15.52:6789/0] conn(0x7f5e181039c0 0x7f5e18103dd0 unknown :-1 s=NONE pgs=0 cs=0 l=0 rev1=0 crypto rx=0 tx=0 comp rx=0 tx=0).connect
2023-12-16T20:45:33.042 INFO:teuthology.orchestra.run.smithi052.stdout:/usr/bin/ceph: stderr
2023-12-16T20:45:32.592+0000 7f5e1dba9700 1 -- --> [v2:172.21.15.52:3300/0,v1:172.21.15.52:6789/0] -- mon_getmap magic: 0 v1 -- 0x7f5e18104310 con 0x7f5e181039c0
2023-12-16T20:45:33.042 INFO:teuthology.orchestra.run.smithi052.stdout:/usr/bin/ceph: stderr
2023-12-16T20:45:32.592+0000 7f5e177fe700 1 --2- >> [v2:172.21.15.52:3300/0,v1:172.21.15.52:6789/0] conn(0x7f5e181039c0 0x7f5e18103dd0 unknown :-1 s=BANNER_CONNECTING pgs=0 cs=0 l=0 rev1=0 crypto rx=0 tx=0 comp rx=0 tx=0)._handle_peer_banner_payload supported=3 required=0
2023-12-16T20:45:33.042 INFO:teuthology.orchestra.run.smithi052.stdout:/usr/bin/ceph: stderr
2023-12-16T20:45:32.592+0000 7f5e177fe700 1 --2- >> [v2:172.21.15.52:3300/0,v1:172.21.15.52:6789/0] conn(0x7f5e181039c0 0x7f5e18103dd0 unknown :-1 s=HELLO_CONNECTING pgs=0 cs=0 l=0 rev1=1 crypto rx=0 tx=0 comp rx=0 tx=0).handle_hello peer v2:172.21.15.52:3300/0 says I am v2:172.21.15.52:47482/0 (socket says 172.21.15.52:47482)
2023-12-16T20:45:33.042 INFO:teuthology.orchestra.run.smithi052.stdout:/usr/bin/ceph: stderr
2023-12-16T20:45:32.592+0000 7f5e177fe700 1 -- 172.21.15.52:0/671341602 learned_addr learned my addr 172.21.15.52:0/671341602 (peer_addr_for_me v2:172.21.15.52:0/0)
2023-12-16T20:45:33.043 INFO:teuthology.orchestra.run.smithi052.stdout:/usr/bin/ceph: stderr
2023-12-16T20:45:32.592+0000 7f5e177fe700 1 -- 172.21.15.52:0/671341602 --> [v2:172.21.15.52:3300/0,v1:172.21.15.52:6789/0] -- mon_subscribe({config=0+,monmap=0+}) v3 -- 0x7f5e18101fb0 con 0x7f5e181039c0
2023-12-16T20:45:33.043 INFO:teuthology.orchestra.run.smithi052.stdout:/usr/bin/ceph: stderr
2023-12-16T20:45:32.593+0000 7f5e177fe700 1 --2- 172.21.15.52:0/671341602 >> [v2:172.21.15.52:3300/0,v1:172.21.15.52:6789/0] conn(0x7f5e181039c0 0x7f5e18103dd0 secure :-1 s=READY pgs=86 cs=0 l=1 rev1=1 crypto rx=0x7f5e080098e0 tx=0x7f5e08009250 comp rx=0 tx=0).ready entity=mon.0 client_cookie=c1ad7f8bc46e566 server_cookie=0 in_seq=0 out_seq=0
2023-12-16T20:45:33.043 INFO:teuthology.orchestra.run.smithi052.stdout:/usr/bin/ceph: stderr
2023-12-16T20:45:32.593+0000 7f5e167fc700 1 -- 172.21.15.52:0/671341602 <== mon.0 v2:172.21.15.52:3300/0 1 ==== mon_map magic: 0 v1 ==== 229+0+0 (secure 0 0 0) 0x7f5e0800b860 con 0x7f5e181039c0
2023-12-16T20:45:33.043 INFO:teuthology.orchestra.run.smithi052.stdout:/usr/bin/ceph: stderr
2023-12-16T20:45:32.593+0000 7f5e167fc700 1 -- 172.21.15.52:0/671341602 <== mon.0 v2:172.21.15.52:3300/0 2 ==== config(26 keys) v1 ==== 1074+0+0 (secure 0 0 0) 0x7f5e0800be70 con 0x7f5e181039c0
2023-12-16T20:45:33.043 INFO:teuthology.orchestra.run.smithi052.stdout:/usr/bin/ceph: stderr
2023-12-16T20:45:32.593+0000 7f5e167fc700 1 -- 172.21.15.52:0/671341602 <== mon.0 v2:172.21.15.52:3300/0 3 ==== mon_map magic: 0 v1 ==== 229+0+0 (secure 0 0 0) 0x7f5e08010380 con 0x7f5e181039c0
2023-12-16T20:45:33.043 INFO:teuthology.orchestra.run.smithi052.stdout:/usr/bin/ceph: stderr
2023-12-16T20:45:32.593+0000 7f5e1dba9700 1 -- 172.21.15.52:0/671341602 >> [v2:172.21.15.52:3300/0,v1:172.21.15.52:6789/0] conn(0x7f5e181039c0 msgr2=0x7f5e18103dd0 secure :-1 s=STATE_CONNECTION_ESTABLISHED l=1).mark_down
2023-12-16T20:45:33.043 INFO:teuthology.orchestra.run.smithi052.stdout:/usr/bin/ceph: stderr
