2023-12-16T21:23:27.519+0000 7f9be259c700 1 -- 172.21.15.61:0/4149588873 --> [v2:172.21.15.61:3300/0,v1:172.21.15.61:6789/0] -- mon_subscribe({config=0+,monmap=0+}) v3 -- 0x7f9bd40094f0 con 0x7f9be41039c0
2023-12-16T21:23:28.138 INFO:teuthology.orchestra.run.smithi061.stdout:/usr/bin/ceph: stderr
2023-12-16T21:23:27.519+0000 7f9be259c700 1 --2- 172.21.15.61:0/4149588873 >> [v2:172.21.15.61:3300/0,v1:172.21.15.61:6789/0] conn(0x7f9be41039c0 0x7f9be4111130 secure :-1 s=READY pgs=81 cs=0 l=1 rev1=1 crypto rx=0x7f9bd400bac0 tx=0x7f9bd4009250 comp rx=0 tx=0).ready entity=mon.0 client_cookie=0 server_cookie=0 in_seq=0 out_seq=0
2023-12-16T21:23:28.138 INFO:teuthology.orchestra.run.smithi061.stdout:/usr/bin/ceph: stderr
2023-12-16T21:23:27.520+0000 7f9bd2ffd700 1 -- 172.21.15.61:0/4149588873 <== mon.0 v2:172.21.15.61:3300/0 1 ==== mon_map magic: 0 v1 ==== 229+0+0 (secure 0 0 0) 0x7f9bd40109b0 con 0x7f9be41039c0
2023-12-16T21:23:28.138 INFO:teuthology.orchestra.run.smithi061.stdout:/usr/bin/ceph: stderr
2023-12-16T21:23:27.520+0000 7f9bd2ffd700 1 -- 172.21.15.61:0/4149588873 <== mon.0 v2:172.21.15.61:3300/0 2 ==== config(26 keys) v1 ==== 1074+0+0 (secure 0 0 0) 0x7f9bd401a430 con 0x7f9be41039c0
2023-12-16T21:23:28.138 INFO:teuthology.orchestra.run.smithi061.stdout:/usr/bin/ceph: stderr
2023-12-16T21:23:27.520+0000 7f9be8b2b700 1 -- 172.21.15.61:0/4149588873 --> [v2:172.21.15.61:3300/0,v1:172.21.15.61:6789/0] -- mon_subscribe({mgrmap=0+}) v3 -- 0x7f9be4111870 con 0x7f9be41039c0
2023-12-16T21:23:28.138 INFO:teuthology.orchestra.run.smithi061.stdout:/usr/bin/ceph: stderr
2023-12-16T21:23:27.520+0000 7f9bd2ffd700 1 -- 172.21.15.61:0/4149588873 <== mon.0 v2:172.21.15.61:3300/0 3 ==== mon_map magic: 0 v1 ==== 229+0+0 (secure 0 0 0) 0x7f9bd40245b0 con 0x7f9be41039c0
2023-12-16T21:23:28.138 INFO:teuthology.orchestra.run.smithi061.stdout:/usr/bin/ceph: stderr
2023-12-16T21:23:27.520+0000 7f9be8b2b700 1 -- 172.21.15.61:0/4149588873 --> [v2:172.21.15.61:3300/0,v1:172.21.15.61:6789/0] -- mon_subscribe({osdmap=0}) v3 -- 0x7f9be4111c80 con 0x7f9be41039c0
2023-12-16T21:23:28.138 INFO:teuthology.orchestra.run.smithi061.stdout:/usr/bin/ceph: stderr
2023-12-16T21:23:27.521+0000 7f9be8b2b700 1 -- 172.21.15.61:0/4149588873 --> [v2:172.21.15.61:3300/0,v1:172.21.15.61:6789/0] -- mon_command({"prefix": "get_command_descriptions"} v 0) v1 -- 0x7f9be4102d30 con 0x7f9be41039c0
2023-12-16T21:23:28.138 INFO:teuthology.orchestra.run.smithi061.stdout:/usr/bin/ceph: stderr
2023-12-16T21:23:27.521+0000 7f9bd2ffd700 1 -- 172.21.15.61:0/4149588873 <== mon.0 v2:172.21.15.61:3300/0 4 ==== mgrmap(e 10) v1 ==== 43188+0+0 (secure 0 0 0) 0x7f9bd401a5a0 con 0x7f9be41039c0
2023-12-16T21:23:28.138 INFO:teuthology.orchestra.run.smithi061.stdout:/usr/bin/ceph: stderr
2023-12-16T21:23:27.521+0000 7f9bd2ffd700 1 --2- 172.21.15.61:0/4149588873 >> [v2:172.21.15.61:6800/2010780293,v1:172.21.15.61:6801/2010780293] conn(0x7f9bcc036570 0x7f9bcc038a20 unknown :-1 s=NONE pgs=0 cs=0 l=1 rev1=0 crypto rx=0 tx=0 comp rx=0 tx=0).connect
2023-12-16T21:23:28.138 INFO:teuthology.orchestra.run.smithi061.stdout:/usr/bin/ceph: stderr
2023-12-16T21:23:27.521+0000 7f9bd2ffd700 1 -- 172.21.15.61:0/4149588873 <== mon.0 v2:172.21.15.61:3300/0 5 ==== osd_map(3..3 src has 1..3) v4 ==== 1151+0+0 (secure 0 0 0) 0x7f9bd404a4c0 con 0x7f9be41039c0
2023-12-16T21:23:28.138 INFO:teuthology.orchestra.run.smithi061.stdout:/usr/bin/ceph: stderr
2023-12-16T21:23:27.521+0000 7f9be1d9b700 1 --2- 172.21.15.61:0/4149588873 >> [v2:172.21.15.61:6800/2010780293,v1:172.21.15.61:6801/2010780293] conn(0x7f9bcc036570 0x7f9bcc038a20 unknown :-1 s=BANNER_CONNECTING pgs=0 cs=0 l=1 rev1=0 crypto rx=0 tx=0 comp rx=0 tx=0)._handle_peer_banner_payload supported=3 required=0
2023-12-16T21:23:28.139 INFO:teuthology.orchestra.run.smithi061.stdout:/usr/bin/ceph: stderr
2023-12-16T21:23:27.521+0000 7f9be1d9b700 1 --2- 172.21.15.61:0/4149588873 >> [v2:172.21.15.61:6800/2010780293,v1:172.21.15.61:6801/2010780293] conn(0x7f9bcc036570 0x7f9bcc038a20 secure :-1 s=READY pgs=7 cs=0 l=1 rev1=1 crypto rx=0x7f9bd8009990 tx=0x7f9bd8006e40 comp rx=0 tx=0).ready entity=mgr.14162 client_cookie=0 server_cookie=0 in_seq=0 out_seq=0
2023-12-16T21:23:28.139 INFO:teuthology.orchestra.run.smithi061.stdout:/usr/bin/ceph: stderr
2023-12-16T21:23:27.526+0000 7f9bd2ffd700 1 -- 172.21.15.61:0/4149588873 <== mon.0 v2:172.21.15.61:3300/0 6 ==== mon_command_ack([{"prefix": "get_command_descriptions"}]=0 v0) v1 ==== 72+0+174570 (secure 0 0 0) 0x7f9bd4010b10 con 0x7f9be41039c0
2023-12-16T21:23:28.139 INFO:teuthology.orchestra.run.smithi061.stdout:/usr/bin/ceph: stderr
2023-12-16T21:23:27.732+0000 7f9be8b2b700 1 -- 172.21.15.61:0/4149588873 --> [v2:172.21.15.61:6800/2010780293,v1:172.21.15.61:6801/2010780293] -- mgr_command(tid 0: {"prefix": "dashboard create-self-signed-cert", "target": ["mon-mgr", ""]}) v1 -- 0x7f9be410ae30 con 0x7f9bcc036570
2023-12-16T21:23:28.139 INFO:teuthology.orchestra.run.smithi061.stdout:/usr/bin/ceph: stderr
2023-12-16T21:23:27.884+0000 7f9bd2ffd700 1 -- 172.21.15.61:0/4149588873 <== mgr.14162 v2:172.21.15.61:6800/2010780293 1 ==== mgr_command_reply(tid 0: 0 ) v1 ==== 8+0+32 (secure 0 0 0) 0x7f9be410ae30 con 0x7f9bcc036570
2023-12-16T21:23:28.139 INFO:teuthology.orchestra.run.smithi061.stdout:/usr/bin/ceph: stderr
2023-12-16T21:23:27.886+0000 7f9be8b2b700 1 -- 172.21.15.61:0/4149588873 >> [v2:172.21.15.61:6800/2010780293,v1:172.21.15.61:6801/2010780293] conn(0x7f9bcc036570 msgr2=0x7f9bcc038a20 secure :-1 s=STATE_CONNECTION_ESTABLISHED l=1).mark_down
2023-12-16T21:23:28.139 INFO:teuthology.orchestra.run.smithi061.stdout:/usr/bin/ceph: stderr
2023-12-16T21:23:27.886+0000 7f9be8b2b700 1 --2- 172.21.15.61:0/4149588873 >> [v2:172.21.15.61:6800/2010780293,v1:172.21.15.61:6801/2010780293] conn(0x7f9bcc036570 0x7f9bcc038a20 secure :-1 s=READY pgs=7 cs=0 l=1 rev1=1 crypto rx=0x7f9bd8009990 tx=0x7f9bd8006e40 comp rx=0 tx=0).stop
2023-12-16T21:23:28.139 INFO:teuthology.orchestra.run.smithi061.stdout:/usr/bin/ceph: stderr
2023-12-16T21:23:27.886+0000 7f9be8b2b700 1 -- 172.21.15.61:0/4149588873 >> [v2:172.21.15.61:3300/0,v1:172.21.15.61:6789/0] conn(0x7f9be41039c0 msgr2=0x7f9be4111130 secure :-1 s=STATE_CONNECTION_ESTABLISHED l=1).mark_down
2023-12-16T21:23:28.139 INFO:teuthology.orchestra.run.smithi061.stdout:/usr/bin/ceph: stderr
2023-12-16T21:23:27.886+0000 7f9be8b2b700 1 --2- 172.21.15.61:0/4149588873 >> [v2:172.21.15.61:3300/0,v1:172.21.15.61:6789/0] conn(0x7f9be41039c0 0x7f9be4111130 secure :-1 s=READY pgs=81 cs=0 l=1 rev1=1 crypto rx=0x7f9bd400bac0 tx=0x7f9bd4009250 comp rx=0 tx=0).stop
2023-12-16T21:23:28.139 INFO:teuthology.orchestra.run.smithi061.stdout:/usr/bin/ceph: stderr
2023-12-16T21:23:27.886+0000 7f9be8b2b700 1 -- 172.21.15.61:0/4149588873 shutdown_connections
2023-12-16T21:23:28.139 INFO:teuthology.orchestra.run.smithi061.stdout:/usr/bin/ceph: stderr
2023-12-16T21:23:27.886+0000 7f9be8b2b700 1 --2- 172.21.15.61:0/4149588873 >> [v2:172.21.15.61:6800/2010780293,v1:172.21.15.61:6801/2010780293] conn(0x7f9bcc036570 0x7f9bcc038a20 unknown :-1 s=CLOSED pgs=7 cs=0 l=1 rev1=1 crypto rx=0 tx=0 comp rx=0 tx=0).stop
2023-12-16T21:23:28.139 INFO:teuthology.orchestra.run.smithi061.stdout:/usr/bin/ceph: stderr
2023-12-16T21:23:27.886+0000 7f9be8b2b700 1 --2- 172.21.15.61:0/4149588873 >> [v2:172.21.15.61:3300/0,v1:172.21.15.61:6789/0] conn(0x7f9be41039c0 0x7f9be4111130 unknown :-1 s=CLOSED pgs=81 cs=0 l=1 rev1=1 crypto rx=0 tx=0 comp rx=0 tx=0).stop
2023-12-16T21:23:28.139 INFO:teuthology.orchestra.run.smithi061.stdout:/usr/bin/ceph: stderr
2023-12-16T21:23:27.886+0000 7f9be8b2b700 1 -- 172.21.15.61:0/4149588873 >> 172.21.15.61:0/4149588873 conn(0x7f9be40fda40 msgr2=0x7f9be40ff1c0 unknown :-1 s=STATE_NONE l=0).mark_down
2023-12-16T21:23:28.139 INFO:teuthology.orchestra.run.smithi061.stdout:/usr/bin/ceph: stderr
2023-12-16T21:23:27.886+0000 7f9be8b2b700 1 -- 172.21.15.61:0/4149588873 shutdown_connections
2023-12-16T21:23:28.139 INFO:teuthology.orchestra.run.smithi061.stdout:/usr/bin/ceph: stderr
2023-12-16T21:23:27.887+0000 7f9be8b2b700 1 -- 172.21.15.61:0/4149588873 wait complete.
2023-12-16T21:23:28.139 INFO:teuthology.orchestra.run.smithi061.stdout:Creating initial admin user...
2023-12-16T21:23:28.238 INFO:journalctl@ceph.mon.smithi061.smithi061.stdout:Dec 16 21:23:27 smithi061 ceph-mon[80874]: from='mgr.14162 172.21.15.61:0/72744732' entity='mgr.smithi061.qucnzn'
2023-12-16T21:23:28.238 INFO:journalctl@ceph.mon.smithi061.smithi061.stdout:Dec 16 21:23:27 smithi061 ceph-mon[80874]: from='client.14166 -' entity='client.admin' cmd=[{"prefix": "get_command_descriptions"}]: dispatch
2023-12-16T21:23:28.238 INFO:journalctl@ceph.mon.smithi061.smithi061.stdout:Dec 16 21:23:27 smithi061 ceph-mon[80874]: mgrmap e10: smithi061.qucnzn(active, since 1.0061s)
2023-12-16T21:23:28.238 INFO:journalctl@ceph.mon.smithi061.smithi061.stdout:Dec 16 21:23:27 smithi061 ceph-mon[80874]: from='client.14166 -' entity='client.admin' cmd=[{"prefix": "mgr_status"}]: dispatch
2023-12-16T21:23:28.239 INFO:journalctl@ceph.mon.smithi061.smithi061.stdout:Dec 16 21:23:27 smithi061 ceph-mon[80874]: from='mgr.14162 172.21.15.61:0/72744732' entity='mgr.smithi061.qucnzn'
2023-12-16T21:23:28.239 INFO:journalctl@ceph.mon.smithi061.smithi061.stdout:Dec 16 21:23:27 smithi061 ceph-mon[80874]: from='mgr.14162 172.21.15.61:0/72744732' entity='mgr.smithi061.qucnzn'
2023-12-16T21:23:28.239 INFO:journalctl@ceph.mon.smithi061.smithi061.stdout:Dec 16 21:23:27 smithi061 ceph-mon[80874]: from='mgr.14162 172.21.15.61:0/72744732' entity='mgr.smithi061.qucnzn'
2023-12-16T21:23:28.239 INFO:journalctl@ceph.mon.smithi061.smithi061.stdout:Dec 16 21:23:27 smithi061 ceph-mon[80874]: from='mgr.14162 172.21.15.61:0/72744732' entity='mgr.smithi061.qucnzn'
2023-12-16T21:23:29.051 INFO:journalctl@ceph.mon.smithi061.smithi061.stdout:Dec 16 21:23:28 smithi061 ceph-mon[80874]: [16/Dec/2023:21:23:27] ENGINE Bus STARTING
2023-12-16T21:23:29.051 INFO:journalctl@ceph.mon.smithi061.smithi061.stdout:Dec 16 21:23:28 smithi061 ceph-mon[80874]: [16/Dec/2023:21:23:27] ENGINE Serving on https://172.21.15.61:7150
2023-12-16T21:23:29.051 INFO:journalctl@ceph.mon.smithi061.smithi061.stdout:Dec 16 21:23:28 smithi061 ceph-mon[80874]: [16/Dec/2023:21:23:27] ENGINE Bus STARTED
2023-12-16T21:23:29.051 INFO:journalctl@ceph.mon.smithi061.smithi061.stdout:Dec 16 21:23:28 smithi061 ceph-mon[80874]: from='client.14174 -' entity='client.admin' cmd=[{"prefix": "dashboard create-self-signed-cert", "target": ["mon-mgr", ""]}]: dispatch
2023-12-16T21:23:29.051 INFO:journalctl@ceph.mon.smithi061.smithi061.stdout:Dec 16 21:23:28 smithi061 ceph-mon[80874]: from='mgr.14162 172.21.15.61:0/72744732' entity='mgr.smithi061.qucnzn'
2023-12-16T21:23:29.059 INFO:teuthology.orchestra.run.smithi061.stdout:/usr/bin/ceph: stdout {"username": "admin", "password": "$2b$12$hXCNdig1VWLiPaVCP1/8KufLUHtx6fwkMbeM5VWzEDEZqxvtw/9Qu", "roles": ["administrator"], "name": null, "email": null, "lastUpdate": 1702761808, "enabled": true, "pwdExpirationDate": null, "pwdUpdateRequired": true}
2023-12-16T21:23:29.059 INFO:teuthology.orchestra.run.smithi061.stdout:/usr/bin/ceph: stderr
2023-12-16T21:23:28.372+0000 7f1444598700 1 Processor -- start
2023-12-16T21:23:29.059 INFO:teuthology.orchestra.run.smithi061.stdout:/usr/bin/ceph: stderr
2023-12-16T21:23:28.372+0000 7f1444598700 1 -- start start
2023-12-16T21:23:29.059 INFO:teuthology.orchestra.run.smithi061.stdout:/usr/bin/ceph: stderr
2023-12-16T21:23:28.372+0000 7f1444598700 1 --2- >> [v2:172.21.15.61:3300/0,v1:172.21.15.61:6789/0] conn(0x7f143c102900 0x7f143c102d10 unknown :-1 s=NONE pgs=0 cs=0 l=0 rev1=0 crypto rx=0 tx=0 comp rx=0 tx=0).connect
2023-12-16T21:23:29.059 INFO:teuthology.orchestra.run.smithi061.stdout:/usr/bin/ceph: stderr
2023-12-16T21:23:28.372+0000 7f1444598700 1 -- --> [v2:172.21.15.61:3300/0,v1:172.21.15.61:6789/0] -- mon_getmap magic: 0 v1 -- 0x7f143c103250 con 0x7f143c102900
2023-12-16T21:23:29.059 INFO:teuthology.orchestra.run.smithi061.stdout:/usr/bin/ceph: stderr
2023-12-16T21:23:28.373+0000 7f1442334700 1 --2- >> [v2:172.21.15.61:3300/0,v1:172.21.15.61:6789/0] conn(0x7f143c102900 0x7f143c102d10 unknown :-1 s=BANNER_CONNECTING pgs=0 cs=0 l=0 rev1=0 crypto rx=0 tx=0 comp rx=0 tx=0)._handle_peer_banner_payload supported=3 required=0
2023-12-16T21:23:29.059 INFO:teuthology.orchestra.run.smithi061.stdout:/usr/bin/ceph: stderr
2023-12-16T21:23:28.373+0000 7f1442334700 1 --2- >> [v2:172.21.15.61:3300/0,v1:172.21.15.61:6789/0] conn(0x7f143c102900 0x7f143c102d10 unknown :-1 s=HELLO_CONNECTING pgs=0 cs=0 l=0 rev1=1 crypto rx=0 tx=0 comp rx=0 tx=0).handle_hello peer v2:172.21.15.61:3300/0 says I am v2:172.21.15.61:60362/0 (socket says 172.21.15.61:60362)
2023-12-16T21:23:29.059 INFO:teuthology.orchestra.run.smithi061.stdout:/usr/bin/ceph: stderr
2023-12-16T21:23:28.373+0000 7f1442334700 1 -- 172.21.15.61:0/3126750727 learned_addr learned my addr 172.21.15.61:0/3126750727 (peer_addr_for_me v2:172.21.15.61:0/0)
2023-12-16T21:23:29.059 INFO:teuthology.orchestra.run.smithi061.stdout:/usr/bin/ceph: stderr
2023-12-16T21:23:28.373+0000 7f1442334700 1 -- 172.21.15.61:0/3126750727 --> [v2:172.21.15.61:3300/0,v1:172.21.15.61:6789/0] -- mon_subscribe({config=0+,monmap=0+}) v3 -- 0x7f143c103390 con 0x7f143c102900
2023-12-16T21:23:29.059 INFO:teuthology.orchestra.run.smithi061.stdout:/usr/bin/ceph: stderr
2023-12-16T21:23:28.373+0000 7f1442334700 1 --2- 172.21.15.61:0/3126750727 >> [v2:172.21.15.61:3300/0,v1:172.21.15.61:6789/0] conn(0x7f143c102900 0x7f143c102d10 secure :-1 s=READY pgs=82 cs=0 l=1 rev1=1 crypto rx=0x7f142c0098e0 tx=0x7f142c009250 comp rx=0 tx=0).ready entity=mon.0 client_cookie=34d4498c6700e19a server_cookie=0 in_seq=0 out_seq=0
2023-12-16T21:23:29.060 INFO:teuthology.orchestra.run.smithi061.stdout:/usr/bin/ceph: stderr
2023-12-16T21:23:28.373+0000 7f1441332700 1 -- 172.21.15.61:0/3126750727 <== mon.0 v2:172.21.15.61:3300/0 1 ==== mon_map magic: 0 v1 ==== 229+0+0 (secure 0 0 0) 0x7f142c00b860 con 0x7f143c102900
2023-12-16T21:23:29.060 INFO:teuthology.orchestra.run.smithi061.stdout:/usr/bin/ceph: stderr
2023-12-16T21:23:28.373+0000 7f1441332700 1 -- 172.21.15.61:0/3126750727 <== mon.0 v2:172.21.15.61:3300/0 2 ==== config(26 keys) v1 ==== 1074+0+0 (secure 0 0 0) 0x7f142c00be70 con 0x7f143c102900
2023-12-16T21:23:29.060 INFO:teuthology.orchestra.run.smithi061.stdout:/usr/bin/ceph: stderr
2023-12-16T21:23:28.373+0000 7f1441332700 1 -- 172.21.15.61:0/3126750727 <== mon.0 v2:172.21.15.61:3300/0 3 ==== mon_map magic: 0 v1 ==== 229+0+0 (secure 0 0 0) 0x7f142c010380 con 0x7f143c102900
2023-12-16T21:23:29.060 INFO:teuthology.orchestra.run.smithi061.stdout:/usr/bin/ceph: stderr
2023-12-16T21:23:28.374+0000 7f1444598700 1 -- 172.21.15.61:0/3126750727 >> [v2:172.21.15.61:3300/0,v1:172.21.15.61:6789/0] conn(0x7f143c102900 msgr2=0x7f143c102d10 secure :-1 s=STATE_CONNECTION_ESTABLISHED l=1).mark_down
2023-12-16T21:23:29.060 INFO:teuthology.orchestra.run.smithi061.stdout:/usr/bin/ceph: stderr
2023-12-16T21:23:28.374+0000 7f1444598700 1 --2- 172.21.15.61:0/3126750727 >> [v2:172.21.15.61:3300/0,v1:172.21.15.61:6789/0] conn(0x7f143c102900 0x7f143c102d10 secure :-1 s=READY pgs=82 cs=0 l=1 rev1=1 crypto rx=0x7f142c0098e0 tx=0x7f142c009250 comp rx=0 tx=0).stop
2023-12-16T21:23:29.060 INFO:teuthology.orchestra.run.smithi061.stdout:/usr/bin/ceph: stderr
2023-12-16T21:23:28.374+0000 7f1444598700 1 -- 172.21.15.61:0/3126750727 shutdown_connections
2023-12-16T21:23:29.060 INFO:teuthology.orchestra.run.smithi061.stdout:/usr/bin/ceph: stderr
2023-12-16T21:23:28.374+0000 7f1444598700 1 --2- 172.21.15.61:0/3126750727 >> [v2:172.21.15.61:3300/0,v1:172.21.15.61:6789/0] conn(0x7f143c102900 0x7f143c102d10 unknown :-1 s=CLOSED pgs=82 cs=0 l=1 rev1=1 crypto rx=0 tx=0 comp rx=0 tx=0).stop
2023-12-16T21:23:29.060 INFO:teuthology.orchestra.run.smithi061.stdout:/usr/bin/ceph: stderr
2023-12-16T21:23:28.374+0000 7f1444598700 1 -- 172.21.15.61:0/3126750727 >> 172.21.15.61:0/3126750727 conn(0x7f143c0fc0b0 msgr2=0x7f143c0fe4e0 unknown :-1 s=STATE_NONE l=0).mark_down
2023-12-16T21:23:29.060 INFO:teuthology.orchestra.run.smithi061.stdout:/usr/bin/ceph: stderr
2023-12-16T21:23:28.374+0000 7f1444598700 1 -- 172.21.15.61:0/3126750727 shutdown_connections
2023-12-16T21:23:29.060 INFO:teuthology.orchestra.run.smithi061.stdout:/usr/bin/ceph: stderr
2023-12-16T21:23:28.374+0000 7f1444598700 1 -- 172.21.15.61:0/3126750727 wait complete.
2023-12-16T21:23:29.060 INFO:teuthology.orchestra.run.smithi061.stdout:/usr/bin/ceph: stderr
2023-12-16T21:23:28.375+0000 7f1444598700 1 Processor -- start
2023-12-16T21:23:29.060 INFO:teuthology.orchestra.run.smithi061.stdout:/usr/bin/ceph: stderr
2023-12-16T21:23:28.375+0000 7f1444598700 1 -- start start
2023-12-16T21:23:29.060 INFO:teuthology.orchestra.run.smithi061.stdout:/usr/bin/ceph: stderr
2023-12-16T21:23:28.375+0000 7f1444598700 1 --2- >> [v2:172.21.15.61:3300/0,v1:172.21.15.61:6789/0] conn(0x7f143c102900 0x7f143c113390 unknown :-1 s=NONE pgs=0 cs=0 l=1 rev1=0 crypto rx=0 tx=0 comp rx=0 tx=0).connect
2023-12-16T21:23:29.060 INFO:teuthology.orchestra.run.smithi061.stdout:/usr/bin/ceph: stderr
2023-12-16T21:23:28.375+0000 7f1444598700 1 -- --> [v2:172.21.15.61:3300/0,v1:172.21.15.61:6789/0] -- mon_getmap magic: 0 v1 -- 0x7f143c1138d0 con 0x7f143c102900
2023-12-16T21:23:29.060 INFO:teuthology.orchestra.run.smithi061.stdout:/usr/bin/ceph: stderr
2023-12-16T21:23:28.375+0000 7f1442334700 1 --2- >> [v2:172.21.15.61:3300/0,v1:172.21.15.61:6789/0] conn(0x7f143c102900 0x7f143c113390 unknown :-1 s=BANNER_CONNECTING pgs=0 cs=0 l=1 rev1=0 crypto rx=0 tx=0 comp rx=0 tx=0)._handle_peer_banner_payload supported=3 required=0
2023-12-16T21:23:29.061 INFO:teuthology.orchestra.run.smithi061.stdout:/usr/bin/ceph: stderr
2023-12-16T21:23:28.375+0000 7f1442334700 1 --2- >> [v2:172.21.15.61:3300/0,v1:172.21.15.61:6789/0] conn(0x7f143c102900 0x7f143c113390 unknown :-1 s=HELLO_CONNECTING pgs=0 cs=0 l=1 rev1=1 crypto rx=0 tx=0 comp rx=0 tx=0).handle_hello peer v2:172.21.15.61:3300/0 says I am v2:172.21.15.61:60364/0 (socket says 172.21.15.61:60364)
2023-12-16T21:23:29.061 INFO:teuthology.orchestra.run.smithi061.stdout:/usr/bin/ceph: stderr
2023-12-16T21:23:28.375+0000 7f1442334700 1 -- 172.21.15.61:0/2644783778 learned_addr learned my addr 172.21.15.61:0/2644783778 (peer_addr_for_me v2:172.21.15.61:0/0)
2023-12-16T21:23:29.061 INFO:teuthology.orchestra.run.smithi061.stdout:/usr/bin/ceph: stderr
2023-12-16T21:23:28.376+0000 7f1442334700 1 -- 172.21.15.61:0/2644783778 --> [v2:172.21.15.61:3300/0,v1:172.21.15.61:6789/0] -- mon_subscribe({config=0+,monmap=0+}) v3 -- 0x7f142c0094f0 con 0x7f143c102900
2023-12-16T21:23:29.061 INFO:teuthology.orchestra.run.smithi061.stdout:/usr/bin/ceph: stderr
2023-12-16T21:23:28.376+0000 7f1442334700 1 --2- 172.21.15.61:0/2644783778 >> [v2:172.21.15.61:3300/0,v1:172.21.15.61:6789/0] conn(0x7f143c102900 0x7f143c113390 secure :-1 s=READY pgs=83 cs=0 l=1 rev1=1 crypto rx=0x7f142c011b60 tx=0x7f142c009250 comp rx=0 tx=0).ready entity=mon.0 client_cookie=0 server_cookie=0 in_seq=0 out_seq=0
2023-12-16T21:23:29.061 INFO:teuthology.orchestra.run.smithi061.stdout:/usr/bin/ceph: stderr
2023-12-16T21:23:28.376+0000 7f1432ffd700 1 -- 172.21.15.61:0/2644783778 <== mon.0 v2:172.21.15.61:3300/0 1 ==== mon_map magic: 0 v1 ==== 229+0+0 (secure 0 0 0) 0x7f142c010850 con 0x7f143c102900
2023-12-16T21:23:29.061 INFO:teuthology.orchestra.run.smithi061.stdout:/usr/bin/ceph: stderr
2023-12-16T21:23:28.376+0000 7f1432ffd700 1 -- 172.21.15.61:0/2644783778 <== mon.0 v2:172.21.15.61:3300/0 2 ==== config(26 keys) v1 ==== 1074+0+0 (secure 0 0 0) 0x7f142c010e60 con 0x7f143c102900
2023-12-16T21:23:29.061 INFO:teuthology.orchestra.run.smithi061.stdout:/usr/bin/ceph: stderr
2023-12-16T21:23:28.376+0000 7f1432ffd700 1 -- 172.21.15.61:0/2644783778 <== mon.0 v2:172.21.15.61:3300/0 3 ==== mon_map magic: 0 v1 ==== 229+0+0 (secure 0 0 0) 0x7f142c01ae20 con 0x7f143c102900
2023-12-16T21:23:29.061 INFO:teuthology.orchestra.run.smithi061.stdout:/usr/bin/ceph: stderr
2023-12-16T21:23:28.377+0000 7f1444598700 1 -- 172.21.15.61:0/2644783778 --> [v2:172.21.15.61:3300/0,v1:172.21.15.61:6789/0] -- mon_subscribe({mgrmap=0+}) v3 -- 0x7f143c113ad0 con 0x7f143c102900
2023-12-16T21:23:29.061 INFO:teuthology.orchestra.run.smithi061.stdout:/usr/bin/ceph: stderr
2023-12-16T21:23:28.377+0000 7f1444598700 1 -- 172.21.15.61:0/2644783778 --> [v2:172.21.15.61:3300/0,v1:172.21.15.61:6789/0] -- mon_subscribe({osdmap=0}) v3 -- 0x7f143c113ee0 con 0x7f143c102900
2023-12-16T21:23:29.061 INFO:teuthology.orchestra.run.smithi061.stdout:/usr/bin/ceph: stderr
2023-12-16T21:23:28.378+0000 7f1432ffd700 1 -- 172.21.15.61:0/2644783778 <== mon.0 v2:172.21.15.61:3300/0 4 ==== mgrmap(e 10) v1 ==== 43188+0+0 (secure 0 0 0) 0x7f142c010a00 con 0x7f143c102900
2023-12-16T21:23:29.061 INFO:teuthology.orchestra.run.smithi061.stdout:/usr/bin/ceph: stderr
2023-12-16T21:23:28.378+0000 7f1432ffd700 1 --2- 172.21.15.61:0/2644783778 >> [v2:172.21.15.61:6800/2010780293,v1:172.21.15.61:6801/2010780293] conn(0x7f1428036570 0x7f1428038a20 unknown :-1 s=NONE pgs=0 cs=0 l=1 rev1=0 crypto rx=0 tx=0 comp rx=0 tx=0).connect
2023-12-16T21:23:29.061 INFO:teuthology.orchestra.run.smithi061.stdout:/usr/bin/ceph: stderr
2023-12-16T21:23:28.378+0000 7f1444598700 1 -- 172.21.15.61:0/2644783778 --> [v2:172.21.15.61:3300/0,v1:172.21.15.61:6789/0] -- mon_command({"prefix": "get_command_descriptions"} v 0) v1 -- 0x7f143c04bb80 con 0x7f143c102900
2023-12-16T21:23:29.061 INFO:teuthology.orchestra.run.smithi061.stdout:/usr/bin/ceph: stderr
2023-12-16T21:23:28.378+0000 7f1432ffd700 1 -- 172.21.15.61:0/2644783778 <== mon.0 v2:172.21.15.61:3300/0 5 ==== osd_map(3..3 src has 1..3) v4 ==== 1151+0+0 (secure 0 0 0) 0x7f142c04a4e0 con 0x7f143c102900
2023-12-16T21:23:29.061 INFO:teuthology.orchestra.run.smithi061.stdout:/usr/bin/ceph: stderr
2023-12-16T21:23:28.378+0000 7f1441b33700 1 --2- 172.21.15.61:0/2644783778 >> [v2:172.21.15.61:6800/2010780293,v1:172.21.15.61:6801/2010780293] conn(0x7f1428036570 0x7f1428038a20 unknown :-1 s=BANNER_CONNECTING pgs=0 cs=0 l=1 rev1=0 crypto rx=0 tx=0 comp rx=0 tx=0)._handle_peer_banner_payload supported=3 required=0
2023-12-16T21:23:29.062 INFO:teuthology.orchestra.run.smithi061.stdout:/usr/bin/ceph: stderr
2023-12-16T21:23:28.378+0000 7f1441b33700 1 --2- 172.21.15.61:0/2644783778 >> [v2:172.21.15.61:6800/2010780293,v1:172.21.15.61:6801/2010780293] conn(0x7f1428036570 0x7f1428038a20 secure :-1 s=READY pgs=8 cs=0 l=1 rev1=1 crypto rx=0x7f1438009990 tx=0x7f1438006e40 comp rx=0 tx=0).ready entity=mgr.14162 client_cookie=0 server_cookie=0 in_seq=0 out_seq=0
2023-12-16T21:23:29.062 INFO:teuthology.orchestra.run.smithi061.stdout:/usr/bin/ceph: stderr
2023-12-16T21:23:28.383+0000 7f1432ffd700 1 -- 172.21.15.61:0/2644783778 <== mon.0 v2:172.21.15.61:3300/0 6 ==== mon_command_ack([{"prefix": "get_command_descriptions"}]=0 v0) v1 ==== 72+0+174570 (secure 0 0 0) 0x7f142c022b70 con 0x7f143c102900
2023-12-16T21:23:29.062 INFO:teuthology.orchestra.run.smithi061.stdout:/usr/bin/ceph: stderr
2023-12-16T21:23:28.606+0000 7f1444598700 1 -- 172.21.15.61:0/2644783778 --> [v2:172.21.15.61:6800/2010780293,v1:172.21.15.61:6801/2010780293] -- mgr_command(tid 0: {"prefix": "dashboard ac-user-create", "username": "admin", "rolename": "administrator", "force_password": true, "pwd_update_required": true, "target": ["mon-mgr", ""]}) v1 -- 0x7f143c108540 con 0x7f1428036570
2023-12-16T21:23:29.062 INFO:teuthology.orchestra.run.smithi061.stdout:/usr/bin/ceph: stderr
2023-12-16T21:23:28.853+0000 7f1432ffd700 1 -- 172.21.15.61:0/2644783778 <== mgr.14162 v2:172.21.15.61:6800/2010780293 1 ==== mgr_command_reply(tid 0: 0 ) v1 ==== 8+0+252 (secure 0 0 0) 0x7f143c108540 con 0x7f1428036570
2023-12-16T21:23:29.062 INFO:teuthology.orchestra.run.smithi061.stdout:/usr/bin/ceph: stderr
2023-12-16T21:23:28.855+0000 7f1444598700 1 -- 172.21.15.61:0/2644783778 >> [v2:172.21.15.61:6800/2010780293,v1:172.21.15.61:6801/2010780293] conn(0x7f1428036570 msgr2=0x7f1428038a20 secure :-1 s=STATE_CONNECTION_ESTABLISHED l=1).mark_down
2023-12-16T21:23:29.062 INFO:teuthology.orchestra.run.smithi061.stdout:/usr/bin/ceph: stderr
2023-12-16T21:23:28.855+0000 7f1444598700 1 --2- 172.21.15.61:0/2644783778 >> [v2:172.21.15.61:6800/2010780293,v1:172.21.15.61:6801/2010780293] conn(0x7f1428036570 0x7f1428038a20 secure :-1 s=READY pgs=8 cs=0 l=1 rev1=1 crypto rx=0x7f1438009990 tx=0x7f1438006e40 comp rx=0 tx=0).stop
2023-12-16T21:23:29.062 INFO:teuthology.orchestra.run.smithi061.stdout:/usr/bin/ceph: stderr
2023-12-16T21:23:28.855+0000 7f1444598700 1 -- 172.21.15.61:0/2644783778 >> [v2:172.21.15.61:3300/0,v1:172.21.15.61:6789/0] conn(0x7f143c102900 msgr2=0x7f143c113390 secure :-1 s=STATE_CONNECTION_ESTABLISHED l=1).mark_down
2023-12-16T21:23:29.062 INFO:teuthology.orchestra.run.smithi061.stdout:/usr/bin/ceph: stderr
2023-12-16T21:23:28.855+0000 7f1444598700 1 --2- 172.21.15.61:0/2644783778 >> [v2:172.21.15.61:3300/0,v1:172.21.15.61:6789/0] conn(0x7f143c102900 0x7f143c113390 secure :-1 s=READY pgs=83 cs=0 l=1 rev1=1 crypto rx=0x7f142c011b60 tx=0x7f142c009250 comp rx=0 tx=0).stop
2023-12-16T21:23:29.062 INFO:teuthology.orchestra.run.smithi061.stdout:/usr/bin/ceph: stderr
2023-12-16T21:23:28.855+0000 7f1444598700 1 -- 172.21.15.61:0/2644783778 shutdown_connections
2023-12-16T21:23:29.062 INFO:teuthology.orchestra.run.smithi061.stdout:/usr/bin/ceph: stderr
2023-12-16T21:23:28.855+0000 7f1444598700 1 --2- 172.21.15.61:0/2644783778 >> [v2:172.21.15.61:6800/2010780293,v1:172.21.15.61:6801/2010780293] conn(0x7f1428036570 0x7f1428038a20 unknown :-1 s=CLOSED pgs=8 cs=0 l=1 rev1=1 crypto rx=0 tx=0 comp rx=0 tx=0).stop
2023-12-16T21:23:29.062 INFO:teuthology.orchestra.run.smithi061.stdout:/usr/bin/ceph: stderr
2023-12-16T21:23:28.855+0000 7f1444598700 1 --2- 172.21.15.61:0/2644783778 >> [v2:172.21.15.61:3300/0,v1:172.21.15.61:6789/0] conn(0x7f143c102900 0x7f143c113390 unknown :-1 s=CLOSED pgs=83 cs=0 l=1 rev1=1 crypto rx=0 tx=0 comp rx=0 tx=0).stop
2023-12-16T21:23:29.062 INFO:teuthology.orchestra.run.smithi061.stdout:/usr/bin/ceph: stderr
2023-12-16T21:23:28.855+0000 7f1444598700 1 -- 172.21.15.61:0/2644783778 >> 172.21.15.61:0/2644783778 conn(0x7f143c0fc0b0 msgr2=0x7f143c0fe4c0 unknown :-1 s=STATE_NONE l=0).mark_down
2023-12-16T21:23:29.062 INFO:teuthology.orchestra.run.smithi061.stdout:/usr/bin/ceph: stderr
2023-12-16T21:23:28.855+0000 7f1444598700 1 -- 172.21.15.61:0/2644783778 shutdown_connections
2023-12-16T21:23:29.062 INFO:teuthology.orchestra.run.smithi061.stdout:/usr/bin/ceph: stderr
2023-12-16T21:23:28.855+0000 7f1444598700 1 -- 172.21.15.61:0/2644783778 wait complete.
2023-12-16T21:23:29.062 INFO:teuthology.orchestra.run.smithi061.stdout:Fetching dashboard port number...
2023-12-16T21:23:29.676 INFO:teuthology.orchestra.run.smithi061.stdout:/usr/bin/ceph: stdout 8443
2023-12-16T21:23:29.676 INFO:teuthology.orchestra.run.smithi061.stdout:/usr/bin/ceph: stderr
2023-12-16T21:23:29.266+0000 7fe1c3486700 1 Processor -- start
2023-12-16T21:23:29.676 INFO:teuthology.orchestra.run.smithi061.stdout:/usr/bin/ceph: stderr
2023-12-16T21:23:29.266+0000 7fe1c3486700 1 -- start start
2023-12-16T21:23:29.676 INFO:teuthology.orchestra.run.smithi061.stdout:/usr/bin/ceph: stderr
2023-12-16T21:23:29.266+0000 7fe1c3486700 1 --2- >> [v2:172.21.15.61:3300/0,v1:172.21.15.61:6789/0] conn(0x7fe1bc1022b0 0x7fe1bc1026c0 unknown :-1 s=NONE pgs=0 cs=0 l=0 rev1=0 crypto rx=0 tx=0 comp rx=0 tx=0).connect
2023-12-16T21:23:29.677 INFO:teuthology.orchestra.run.smithi061.stdout:/usr/bin/ceph: stderr
2023-12-16T21:23:29.266+0000 7fe1c3486700 1 -- --> [v2:172.21.15.61:3300/0,v1:172.21.15.61:6789/0] -- mon_getmap magic: 0 v1 -- 0x7fe1bc102c00 con 0x7fe1bc1022b0
2023-12-16T21:23:29.677 INFO:teuthology.orchestra.run.smithi061.stdout:/usr/bin/ceph: stderr
2023-12-16T21:23:29.267+0000 7fe1c1222700 1 --2- >> [v2:172.21.15.61:3300/0,v1:172.21.15.61:6789/0] conn(0x7fe1bc1022b0 0x7fe1bc1026c0 unknown :-1 s=BANNER_CONNECTING pgs=0 cs=0 l=0 rev1=0 crypto rx=0 tx=0 comp rx=0 tx=0)._handle_peer_banner_payload supported=3 required=0
2023-12-16T21:23:29.677 INFO:teuthology.orchestra.run.smithi061.stdout:/usr/bin/ceph: stderr
2023-12-16T21:23:29.267+0000 7fe1c1222700 1 --2- >> [v2:172.21.15.61:3300/0,v1:172.21.15.61:6789/0] conn(0x7fe1bc1022b0 0x7fe1bc1026c0 unknown :-1 s=HELLO_CONNECTING pgs=0 cs=0 l=0 rev1=1 crypto rx=0 tx=0 comp rx=0 tx=0).handle_hello peer v2:172.21.15.61:3300/0 says I am v2:172.21.15.61:60372/0 (socket says 172.21.15.61:60372)
2023-12-16T21:23:29.677 INFO:teuthology.orchestra.run.smithi061.stdout:/usr/bin/ceph: stderr
2023-12-16T21:23:29.267+0000 7fe1c1222700 1 -- 172.21.15.61:0/1289440786 learned_addr learned my addr 172.21.15.61:0/1289440786 (peer_addr_for_me v2:172.21.15.61:0/0)
2023-12-16T21:23:29.677 INFO:teuthology.orchestra.run.smithi061.stdout:/usr/bin/ceph: stderr
2023-12-16T21:23:29.267+0000 7fe1c1222700 1 -- 172.21.15.61:0/1289440786 --> [v2:172.21.15.61:3300/0,v1:172.21.15.61:6789/0] -- mon_subscribe({config=0+,monmap=0+}) v3 -- 0x7fe1bc102d40 con 0x7fe1bc1022b0
2023-12-16T21:23:29.677 INFO:teuthology.orchestra.run.smithi061.stdout:/usr/bin/ceph: stderr
2023-12-16T21:23:29.267+0000 7fe1c1222700 1 --2- 172.21.15.61:0/1289440786 >> [v2:172.21.15.61:3300/0,v1:172.21.15.61:6789/0] conn(0x7fe1bc1022b0 0x7fe1bc1026c0 secure :-1 s=READY pgs=84 cs=0 l=1 rev1=1 crypto rx=0x7fe1b4009e50 tx=0x7fe1b4009840 comp rx=0 tx=0).ready entity=mon.0 client_cookie=37d0831255591766 server_cookie=0 in_seq=0 out_seq=0
2023-12-16T21:23:29.677 INFO:teuthology.orchestra.run.smithi061.stdout:/usr/bin/ceph: stderr
2023-12-16T21:23:29.267+0000 7fe1bbfff700 1 -- 172.21.15.61:0/1289440786 <== mon.0 v2:172.21.15.61:3300/0 1 ==== mon_map magic: 0 v1 ==== 229+0+0 (secure 0 0 0) 0x7fe1b40092e0 con 0x7fe1bc1022b0
2023-12-16T21:23:29.677 INFO:teuthology.orchestra.run.smithi061.stdout:/usr/bin/ceph: stderr
2023-12-16T21:23:29.267+0000 7fe1bbfff700 1 -- 172.21.15.61:0/1289440786 <== mon.0 v2:172.21.15.61:3300/0 2 ==== config(26 keys) v1 ==== 1074+0+0 (secure 0 0 0) 0x7fe1b4012430 con 0x7fe1bc1022b0
2023-12-16T21:23:29.677 INFO:teuthology.orchestra.run.smithi061.stdout:/usr/bin/ceph: stderr
2023-12-16T21:23:29.267+0000 7fe1bbfff700 1 -- 172.21.15.61:0/1289440786 <== mon.0 v2:172.21.15.61:3300/0 3 ==== mon_map magic: 0 v1 ==== 229+0+0 (secure 0 0 0) 0x7fe1b40075c0 con 0x7fe1bc1022b0
2023-12-16T21:23:29.677 INFO:teuthology.orchestra.run.smithi061.stdout:/usr/bin/ceph: stderr
2023-12-16T21:23:29.268+0000 7fe1c3486700 1 -- 172.21.15.61:0/1289440786 >> [v2:172.21.15.61:3300/0,v1:172.21.15.61:6789/0] conn(0x7fe1bc1022b0 msgr2=0x7fe1bc1026c0 secure :-1 s=STATE_CONNECTION_ESTABLISHED l=1).mark_down
2023-12-16T21:23:29.677 INFO:teuthology.orchestra.run.smithi061.stdout:/usr/bin/ceph: stderr
2023-12-16T21:23:29.268+0000 7fe1c3486700 1 --2- 172.21.15.61:0/1289440786 >> [v2:172.21.15.61:3300/0,v1:172.21.15.61:6789/0] conn(0x7fe1bc1022b0 0x7fe1bc1026c0 secure :-1 s=READY pgs=84 cs=0 l=1 rev1=1 crypto rx=0x7fe1b4009e50 tx=0x7fe1b4009840 comp rx=0 tx=0).stop
2023-12-16T21:23:29.677 INFO:teuthology.orchestra.run.smithi061.stdout:/usr/bin/ceph: stderr
2023-12-16T21:23:29.268+0000 7fe1c3486700 1 -- 172.21.15.61:0/1289440786 shutdown_connections
2023-12-16T21:23:29.678 INFO:teuthology.orchestra.run.smithi061.stdout:/usr/bin/ceph: stderr
2023-12-16T21:23:29.268+0000 7fe1c3486700 1 --2- 172.21.15.61:0/1289440786 >> [v2:172.21.15.61:3300/0,v1:172.21.15.61:6789/0] conn(0x7fe1bc1022b0 0x7fe1bc1026c0 unknown :-1 s=CLOSED pgs=84 cs=0 l=1 rev1=1 crypto rx=0 tx=0 comp rx=0 tx=0).stop
2023-12-16T21:23:29.678 INFO:teuthology.orchestra.run.smithi061.stdout:/usr/bin/ceph: stderr
2023-12-16T21:23:29.268+0000 7fe1c3486700 1 -- 172.21.15.61:0/1289440786 >> 172.21.15.61:0/1289440786 conn(0x7fe1bc0fda10 msgr2=0x7fe1bc0ffe40 unknown :-1 s=STATE_NONE l=0).mark_down
2023-12-16T21:23:29.678 INFO:teuthology.orchestra.run.smithi061.stdout:/usr/bin/ceph: stderr
2023-12-16T21:23:29.268+0000 7fe1c3486700 1 -- 172.21.15.61:0/1289440786 shutdown_connections
2023-12-16T21:23:29.678 INFO:teuthology.orchestra.run.smithi061.stdout:/usr/bin/ceph: stderr
2023-12-16T21:23:29.268+0000 7fe1c3486700 1 -- 172.21.15.61:0/1289440786 wait complete.
2023-12-16T21:23:29.678 INFO:teuthology.orchestra.run.smithi061.stdout:/usr/bin/ceph: stderr
2023-12-16T21:23:29.268+0000 7fe1c3486700 1 Processor -- start
2023-12-16T21:23:29.678 INFO:teuthology.orchestra.run.smithi061.stdout:/usr/bin/ceph: stderr
2023-12-16T21:23:29.269+0000 7fe1c3486700 1 -- start start
2023-12-16T21:23:29.678 INFO:teuthology.orchestra.run.smithi061.stdout:/usr/bin/ceph: stderr
2023-12-16T21:23:29.269+0000 7fe1c3486700 1 --2- >> [v2:172.21.15.61:3300/0,v1:172.21.15.61:6789/0] conn(0x7fe1bc1022b0 0x7fe1bc111120 unknown :-1 s=NONE pgs=0 cs=0 l=1 rev1=0 crypto rx=0 tx=0 comp rx=0 tx=0).connect
2023-12-16T21:23:29.678 INFO:teuthology.orchestra.run.smithi061.stdout:/usr/bin/ceph: stderr
2023-12-16T21:23:29.269+0000 7fe1c3486700 1 -- --> [v2:172.21.15.61:3300/0,v1:172.21.15.61:6789/0] -- mon_getmap magic: 0 v1 -- 0x7fe1bc111660 con 0x7fe1bc1022b0
2023-12-16T21:23:29.678 INFO:teuthology.orchestra.run.smithi061.stdout:/usr/bin/ceph: stderr
2023-12-16T21:23:29.269+0000 7fe1c1222700 1 --2- >> [v2:172.21.15.61:3300/0,v1:172.21.15.61:6789/0] conn(0x7fe1bc1022b0 0x7fe1bc111120 unknown :-1 s=BANNER_CONNECTING pgs=0 cs=0 l=1 rev1=0 crypto rx=0 tx=0 comp rx=0 tx=0)._handle_peer_banner_payload supported=3 required=0
2023-12-16T21:23:29.678 INFO:teuthology.orchestra.run.smithi061.stdout:/usr/bin/ceph: stderr
2023-12-16T21:23:29.269+0000 7fe1c1222700 1 --2- >> [v2:172.21.15.61:3300/0,v1:172.21.15.61:6789/0] conn(0x7fe1bc1022b0 0x7fe1bc111120 unknown :-1 s=HELLO_CONNECTING pgs=0 cs=0 l=1 rev1=1 crypto rx=0 tx=0 comp rx=0 tx=0).handle_hello peer v2:172.21.15.61:3300/0 says I am v2:172.21.15.61:60378/0 (socket says 172.21.15.61:60378)
2023-12-16T21:23:29.678 INFO:teuthology.orchestra.run.smithi061.stdout:/usr/bin/ceph: stderr
2023-12-16T21:23:29.269+0000 7fe1c1222700 1 -- 172.21.15.61:0/2770535066 learned_addr learned my addr 172.21.15.61:0/2770535066 (peer_addr_for_me v2:172.21.15.61:0/0)
2023-12-16T21:23:29.678 INFO:teuthology.orchestra.run.smithi061.stdout:/usr/bin/ceph: stderr
2023-12-16T21:23:29.269+0000 7fe1c1222700 1 -- 172.21.15.61:0/2770535066 --> [v2:172.21.15.61:3300/0,v1:172.21.15.61:6789/0] -- mon_subscribe({config=0+,monmap=0+}) v3 -- 0x7fe1b4009ae0 con 0x7fe1bc1022b0
2023-12-16T21:23:29.678 INFO:teuthology.orchestra.run.smithi061.stdout:/usr/bin/ceph: stderr
2023-12-16T21:23:29.269+0000 7fe1c1222700 1 --2- 172.21.15.61:0/2770535066 >> [v2:172.21.15.61:3300/0,v1:172.21.15.61:6789/0] conn(0x7fe1bc1022b0 0x7fe1bc111120 secure :-1 s=READY pgs=85 cs=0 l=1 rev1=1 crypto rx=0x7fe1b400bc80 tx=0x7fe1b4009840 comp rx=0 tx=0).ready entity=mon.0 client_cookie=0 server_cookie=0 in_seq=0 out_seq=0
2023-12-16T21:23:29.679 INFO:teuthology.orchestra.run.smithi061.stdout:/usr/bin/ceph: stderr
2023-12-16T21:23:29.269+0000 7fe1b9ffb700 1 -- 172.21.15.61:0/2770535066 <== mon.0 v2:172.21.15.61:3300/0 1 ==== mon_map magic: 0 v1 ==== 229+0+0 (secure 0 0 0) 0x7fe1b40092e0 con 0x7fe1bc1022b0
2023-12-16T21:23:29.679 INFO:teuthology.orchestra.run.smithi061.stdout:/usr/bin/ceph: stderr
2023-12-16T21:23:29.269+0000 7fe1b9ffb700 1 -- 172.21.15.61:0/2770535066 <== mon.0 v2:172.21.15.61:3300/0 2 ==== config(26 keys) v1 ==== 1074+0+0 (secure 0 0 0) 0x7fe1b4012900 con 0x7fe1bc1022b0
2023-12-16T21:23:29.679 INFO:teuthology.orchestra.run.smithi061.stdout:/usr/bin/ceph: stderr
2023-12-16T21:23:29.269+0000 7fe1c3486700 1 -- 172.21.15.61:0/2770535066 --> [v2:172.21.15.61:3300/0,v1:172.21.15.61:6789/0] -- mon_subscribe({mgrmap=0+}) v3 -- 0x7fe1bc111860 con 0x7fe1bc1022b0
2023-12-16T21:23:29.679 INFO:teuthology.orchestra.run.smithi061.stdout:/usr/bin/ceph: stderr
2023-12-16T21:23:29.269+0000 7fe1b9ffb700 1 -- 172.21.15.61:0/2770535066 <== mon.0 v2:172.21.15.61:3300/0 3 ==== mon_map magic: 0 v1 ==== 229+0+0 (secure 0 0 0) 0x7fe1b4025970 con 0x7fe1bc1022b0
2023-12-16T21:23:29.679 INFO:teuthology.orchestra.run.smithi061.stdout:/usr/bin/ceph: stderr
2023-12-16T21:23:29.270+0000 7fe1c3486700 1 -- 172.21.15.61:0/2770535066 --> [v2:172.21.15.61:3300/0,v1:172.21.15.61:6789/0] -- mon_subscribe({osdmap=0}) v3 -- 0x7fe1bc111c70 con 0x7fe1bc1022b0
2023-12-16T21:23:29.679 INFO:teuthology.orchestra.run.smithi061.stdout:/usr/bin/ceph: stderr
2023-12-16T21:23:29.270+0000 7fe1b9ffb700 1 -- 172.21.15.61:0/2770535066 <== mon.0 v2:172.21.15.61:3300/0 4 ==== mgrmap(e 11) v1 ==== 43294+0+0 (secure 0 0 0) 0x7fe1b4019050 con 0x7fe1bc1022b0
2023-12-16T21:23:29.679 INFO:teuthology.orchestra.run.smithi061.stdout:/usr/bin/ceph: stderr
2023-12-16T21:23:29.271+0000 7fe1b9ffb700 1 --2- 172.21.15.61:0/2770535066 >> [v2:172.21.15.61:6800/2010780293,v1:172.21.15.61:6801/2010780293] conn(0x7fe1a4036690 0x7fe1a4038b40 unknown :-1 s=NONE pgs=0 cs=0 l=1 rev1=0 crypto rx=0 tx=0 comp rx=0 tx=0).connect
2023-12-16T21:23:29.679 INFO:teuthology.orchestra.run.smithi061.stdout:/usr/bin/ceph: stderr
2023-12-16T21:23:29.271+0000 7fe1c3486700 1 -- 172.21.15.61:0/2770535066 --> [v2:172.21.15.61:3300/0,v1:172.21.15.61:6789/0] -- mon_command({"prefix": "get_command_descriptions"} v 0) v1 -- 0x7fe1bc04bb80 con 0x7fe1bc1022b0
2023-12-16T21:23:29.679 INFO:teuthology.orchestra.run.smithi061.stdout:/usr/bin/ceph: stderr
2023-12-16T21:23:29.271+0000 7fe1b9ffb700 1 -- 172.21.15.61:0/2770535066 <== mon.0 v2:172.21.15.61:3300/0 5 ==== osd_map(3..3 src has 1..3) v4 ==== 1151+0+0 (secure 0 0 0) 0x7fe1b404a0a0 con 0x7fe1bc1022b0
2023-12-16T21:23:29.679 INFO:teuthology.orchestra.run.smithi061.stdout:/usr/bin/ceph: stderr
2023-12-16T21:23:29.271+0000 7fe1c0a21700 1 --2- 172.21.15.61:0/2770535066 >> [v2:172.21.15.61:6800/2010780293,v1:172.21.15.61:6801/2010780293] conn(0x7fe1a4036690 0x7fe1a4038b40 unknown :-1 s=BANNER_CONNECTING pgs=0 cs=0 l=1 rev1=0 crypto rx=0 tx=0 comp rx=0 tx=0)._handle_peer_banner_payload supported=3 required=0
2023-12-16T21:23:29.679 INFO:teuthology.orchestra.run.smithi061.stdout:/usr/bin/ceph: stderr
2023-12-16T21:23:29.271+0000 7fe1c0a21700 1 --2- 172.21.15.61:0/2770535066 >> [v2:172.21.15.61:6800/2010780293,v1:172.21.15.61:6801/2010780293] conn(0x7fe1a4036690 0x7fe1a4038b40 secure :-1 s=READY pgs=9 cs=0 l=1 rev1=1 crypto rx=0x7fe1b0009990 tx=0x7fe1b0006e40 comp rx=0 tx=0).ready entity=mgr.14162 client_cookie=0 server_cookie=0 in_seq=0 out_seq=0
2023-12-16T21:23:29.679 INFO:teuthology.orchestra.run.smithi061.stdout:/usr/bin/ceph: stderr
2023-12-16T21:23:29.275+0000 7fe1b9ffb700 1 -- 172.21.15.61:0/2770535066 <== mon.0 v2:172.21.15.61:3300/0 6 ==== mon_command_ack([{"prefix": "get_command_descriptions"}]=0 v0) v1 ==== 72+0+174570 (secure 0 0 0) 0x7fe1b4020080 con 0x7fe1bc1022b0
2023-12-16T21:23:29.680 INFO:teuthology.orchestra.run.smithi061.stdout:/usr/bin/ceph: stderr
2023-12-16T21:23:29.468+0000 7fe1c3486700 1 -- 172.21.15.61:0/2770535066 --> [v2:172.21.15.61:3300/0,v1:172.21.15.61:6789/0] -- mon_command({"prefix": "config get", "who": "mgr", "key": "mgr/dashboard/ssl_server_port"} v 0) v1 -- 0x7fe1bc104090 con 0x7fe1bc1022b0
2023-12-16T21:23:29.680 INFO:teuthology.orchestra.run.smithi061.stdout:/usr/bin/ceph: stderr
2023-12-16T21:23:29.469+0000 7fe1b9ffb700 1 -- 172.21.15.61:0/2770535066 <== mon.0 v2:172.21.15.61:3300/0 7 ==== mon_command_ack([{"prefix": "config get", "who": "mgr", "key": "mgr/dashboard/ssl_server_port"}]=0 v8) v1 ==== 112+0+5 (secure 0 0 0) 0x7fe1b4017020 con 0x7fe1bc1022b0
2023-12-16T21:23:29.680 INFO:teuthology.orchestra.run.smithi061.stdout:/usr/bin/ceph: stderr
2023-12-16T21:23:29.471+0000 7fe1c3486700 1 -- 172.21.15.61:0/2770535066 >> [v2:172.21.15.61:6800/2010780293,v1:172.21.15.61:6801/2010780293] conn(0x7fe1a4036690 msgr2=0x7fe1a4038b40 secure :-1 s=STATE_CONNECTION_ESTABLISHED l=1).mark_down
2023-12-16T21:23:29.680 INFO:teuthology.orchestra.run.smithi061.stdout:/usr/bin/ceph: stderr
2023-12-16T21:23:29.471+0000 7fe1c3486700 1 --2- 172.21.15.61:0/2770535066 >> [v2:172.21.15.61:6800/2010780293,v1:172.21.15.61:6801/2010780293] conn(0x7fe1a4036690 0x7fe1a4038b40 secure :-1 s=READY pgs=9 cs=0 l=1 rev1=1 crypto rx=0x7fe1b0009990 tx=0x7fe1b0006e40 comp rx=0 tx=0).stop
2023-12-16T21:23:29.680 INFO:teuthology.orchestra.run.smithi061.stdout:/usr/bin/ceph: stderr
2023-12-16T21:23:29.471+0000 7fe1c3486700 1 -- 172.21.15.61:0/2770535066 >> [v2:172.21.15.61:3300/0,v1:172.21.15.61:6789/0] conn(0x7fe1bc1022b0 msgr2=0x7fe1bc111120 secure :-1 s=STATE_CONNECTION_ESTABLISHED l=1).mark_down
2023-12-16T21:23:29.680 INFO:teuthology.orchestra.run.smithi061.stdout:/usr/bin/ceph: stderr
2023-12-16T21:23:29.471+0000 7fe1c3486700 1 --2- 172.21.15.61:0/2770535066 >> [v2:172.21.15.61:3300/0,v1:172.21.15.61:6789/0] conn(0x7fe1bc1022b0 0x7fe1bc111120 secure :-1 s=READY pgs=85 cs=0 l=1 rev1=1 crypto rx=0x7fe1b400bc80 tx=0x7fe1b4009840 comp rx=0 tx=0).stop
2023-12-16T21:23:29.680 INFO:teuthology.orchestra.run.smithi061.stdout:/usr/bin/ceph: stderr
2023-12-16T21:23:29.471+0000 7fe1c3486700 1 -- 172.21.15.61:0/2770535066 shutdown_connections
2023-12-16T21:23:29.680 INFO:teuthology.orchestra.run.smithi061.stdout:/usr/bin/ceph: stderr
2023-12-16T21:23:29.471+0000 7fe1c3486700 1 --2- 172.21.15.61:0/2770535066 >> [v2:172.21.15.61:6800/2010780293,v1:172.21.15.61:6801/2010780293] conn(0x7fe1a4036690 0x7fe1a4038b40 unknown :-1 s=CLOSED pgs=9 cs=0 l=1 rev1=1 crypto rx=0 tx=0 comp rx=0 tx=0).stop
2023-12-16T21:23:29.680 INFO:teuthology.orchestra.run.smithi061.stdout:/usr/bin/ceph: stderr
2023-12-16T21:23:29.471+0000 7fe1c3486700 1 --2- 172.21.15.61:0/2770535066 >> [v2:172.21.15.61:3300/0,v1:172.21.15.61:6789/0] conn(0x7fe1bc1022b0 0x7fe1bc111120 unknown :-1 s=CLOSED pgs=85 cs=0 l=1 rev1=1 crypto rx=0 tx=0 comp rx=0 tx=0).stop
2023-12-16T21:23:29.680 INFO:teuthology.orchestra.run.smithi061.stdout:/usr/bin/ceph: stderr
2023-12-16T21:23:29.471+0000 7fe1c3486700 1 -- 172.21.15.61:0/2770535066 >> 172.21.15.61:0/2770535066 conn(0x7fe1bc0fda10 msgr2=0x7fe1bc0ff1b0 unknown :-1 s=STATE_NONE l=0).mark_down
2023-12-16T21:23:29.680 INFO:teuthology.orchestra.run.smithi061.stdout:/usr/bin/ceph: stderr
2023-12-16T21:23:29.471+0000 7fe1c3486700 1 -- 172.21.15.61:0/2770535066 shutdown_connections
2023-12-16T21:23:29.680 INFO:teuthology.orchestra.run.smithi061.stdout:/usr/bin/ceph: stderr
2023-12-16T21:23:29.471+0000 7fe1c3486700 1 -- 172.21.15.61:0/2770535066 wait complete.
2023-12-16T21:23:29.682 INFO:teuthology.orchestra.run.smithi061.stdout:Non-zero exit code 1 from systemctl is-enabled firewalld.service
2023-12-16T21:23:29.683 INFO:teuthology.orchestra.run.smithi061.stdout:systemctl: stdout disabled
2023-12-16T21:23:29.690 INFO:teuthology.orchestra.run.smithi061.stdout:Non-zero exit code 3 from systemctl is-active firewalld.service
2023-12-16T21:23:29.690 INFO:teuthology.orchestra.run.smithi061.stdout:systemctl: stdout inactive
2023-12-16T21:23:29.690 INFO:teuthology.orchestra.run.smithi061.stdout:firewalld.service is not enabled
2023-12-16T21:23:29.690 INFO:teuthology.orchestra.run.smithi061.stdout:Not possible to open ports <[8443]>. firewalld.service is not available
2023-12-16T21:23:29.692 INFO:teuthology.orchestra.run.smithi061.stdout:Ceph Dashboard is now available at:
2023-12-16T21:23:29.692 INFO:teuthology.orchestra.run.smithi061.stdout:
2023-12-16T21:23:29.692 INFO:teuthology.orchestra.run.smithi061.stdout: URL: https://smithi061.front.sepia.ceph.com:8443/
2023-12-16T21:23:29.692 INFO:teuthology.orchestra.run.smithi061.stdout: User: admin
2023-12-16T21:23:29.692 INFO:teuthology.orchestra.run.smithi061.stdout: Password: 4b6yco4rqe
2023-12-16T21:23:29.692 INFO:teuthology.orchestra.run.smithi061.stdout:
2023-12-16T21:23:29.692 INFO:teuthology.orchestra.run.smithi061.stdout:Saving cluster configuration to /var/lib/ceph/283a900e-9c59-11ee-95a5-87774f69a715/config directory
2023-12-16T21:23:29.692 INFO:teuthology.orchestra.run.smithi061.stdout:Enabling autotune for osd_memory_target
2023-12-16T21:23:30.114 INFO:journalctl@ceph.mon.smithi061.smithi061.stdout:Dec 16 21:23:29 smithi061 ceph-mon[80874]: from='client.14176 -' entity='client.admin' cmd=[{"prefix": "dashboard ac-user-create", "username": "admin", "rolename": "administrator", "force_password": true, "pwd_update_required": true, "target": ["mon-mgr", ""]}]: dispatch
2023-12-16T21:23:30.114 INFO:journalctl@ceph.mon.smithi061.smithi061.stdout:Dec 16 21:23:29 smithi061 ceph-mon[80874]: mgrmap e11: smithi061.qucnzn(active, since 2s)
2023-12-16T21:23:30.115 INFO:journalctl@ceph.mon.smithi061.smithi061.stdout:Dec 16 21:23:29 smithi061 ceph-mon[80874]: from='client.? 172.21.15.61:0/2770535066' entity='client.admin' cmd=[{"prefix": "config get", "who": "mgr", "key": "mgr/dashboard/ssl_server_port"}]: dispatch
2023-12-16T21:23:30.334 INFO:teuthology.orchestra.run.smithi061.stdout:/usr/bin/ceph: stderr
2023-12-16T21:23:29.908+0000 7f412bfd9700 1 Processor -- start
2023-12-16T21:23:30.334 INFO:teuthology.orchestra.run.smithi061.stdout:/usr/bin/ceph: stderr
2023-12-16T21:23:29.908+0000 7f412bfd9700 1 -- start start
2023-12-16T21:23:30.334 INFO:teuthology.orchestra.run.smithi061.stdout:/usr/bin/ceph: stderr
2023-12-16T21:23:29.908+0000 7f412bfd9700 1 --2- >> [v2:172.21.15.61:3300/0,v1:172.21.15.61:6789/0] conn(0x7f4124078dc0 0x7f41240771d0 unknown :-1 s=NONE pgs=0 cs=0 l=0 rev1=0 crypto rx=0 tx=0 comp rx=0 tx=0).connect
2023-12-16T21:23:30.334 INFO:teuthology.orchestra.run.smithi061.stdout:/usr/bin/ceph: stderr
2023-12-16T21:23:29.908+0000 7f412bfd9700 1 -- --> [v2:172.21.15.61:3300/0,v1:172.21.15.61:6789/0] -- mon_getmap magic: 0 v1 -- 0x7f4124077710 con 0x7f4124078dc0
2023-12-16T21:23:30.334 INFO:teuthology.orchestra.run.smithi061.stdout:/usr/bin/ceph: stderr
2023-12-16T21:23:29.908+0000 7f4129d75700 1 --2- >> [v2:172.21.15.61:3300/0,v1:172.21.15.61:6789/0] conn(0x7f4124078dc0 0x7f41240771d0 unknown :-1 s=BANNER_CONNECTING pgs=0 cs=0 l=0 rev1=0 crypto rx=0 tx=0 comp rx=0 tx=0)._handle_peer_banner_payload supported=3 required=0
2023-12-16T21:23:30.334 INFO:teuthology.orchestra.run.smithi061.stdout:/usr/bin/ceph: stderr
2023-12-16T21:23:29.908+0000 7f4129d75700 1 --2- >> [v2:172.21.15.61:3300/0,v1:172.21.15.61:6789/0] conn(0x7f4124078dc0 0x7f41240771d0 unknown :-1 s=HELLO_CONNECTING pgs=0 cs=0 l=0 rev1=1 crypto rx=0 tx=0 comp rx=0 tx=0).handle_hello peer v2:172.21.15.61:3300/0 says I am v2:172.21.15.61:60382/0 (socket says 172.21.15.61:60382)
2023-12-16T21:23:30.334 INFO:teuthology.orchestra.run.smithi061.stdout:/usr/bin/ceph: stderr
2023-12-16T21:23:29.908+0000 7f4129d75700 1 -- 172.21.15.61:0/2682333138 learned_addr learned my addr 172.21.15.61:0/2682333138 (peer_addr_for_me v2:172.21.15.61:0/0)
2023-12-16T21:23:30.334 INFO:teuthology.orchestra.run.smithi061.stdout:/usr/bin/ceph: stderr
2023-12-16T21:23:29.909+0000 7f4129d75700 1 -- 172.21.15.61:0/2682333138 --> [v2:172.21.15.61:3300/0,v1:172.21.15.61:6789/0] -- mon_subscribe({config=0+,monmap=0+}) v3 -- 0x7f4124077850 con 0x7f4124078dc0
2023-12-16T21:23:30.334 INFO:teuthology.orchestra.run.smithi061.stdout:/usr/bin/ceph: stderr
2023-12-16T21:23:29.909+0000 7f4129d75700 1 --2- 172.21.15.61:0/2682333138 >> [v2:172.21.15.61:3300/0,v1:172.21.15.61:6789/0] conn(0x7f4124078dc0 0x7f41240771d0 secure :-1 s=READY pgs=86 cs=0 l=1 rev1=1 crypto rx=0x7f41200098e0 tx=0x7f4120009250 comp rx=0 tx=0).ready entity=mon.0 client_cookie=1caa64d77adbcbd9 server_cookie=0 in_seq=0 out_seq=0
2023-12-16T21:23:30.334 INFO:teuthology.orchestra.run.smithi061.stdout:/usr/bin/ceph: stderr
2023-12-16T21:23:29.909+0000 7f4128d73700 1 -- 172.21.15.61:0/2682333138 <== mon.0 v2:172.21.15.61:3300/0 1 ==== mon_map magic: 0 v1 ==== 229+0+0 (secure 0 0 0) 0x7f412000b860 con 0x7f4124078dc0
2023-12-16T21:23:30.335 INFO:teuthology.orchestra.run.smithi061.stdout:/usr/bin/ceph: stderr
2023-12-16T21:23:29.909+0000 7f4128d73700 1 -- 172.21.15.61:0/2682333138 <== mon.0 v2:172.21.15.61:3300/0 2 ==== config(26 keys) v1 ==== 1074+0+0 (secure 0 0 0) 0x7f412000be70 con 0x7f4124078dc0
2023-12-16T21:23:30.335 INFO:teuthology.orchestra.run.smithi061.stdout:/usr/bin/ceph: stderr
2023-12-16T21:23:29.909+0000 7f4128d73700 1 -- 172.21.15.61:0/2682333138 <== mon.0 v2:172.21.15.61:3300/0 3 ==== mon_map magic: 0 v1 ==== 229+0+0 (secure 0 0 0) 0x7f4120010380 con 0x7f4124078dc0
2023-12-16T21:23:30.335 INFO:teuthology.orchestra.run.smithi061.stdout:/usr/bin/ceph: stderr
2023-12-16T21:23:29.910+0000 7f412bfd9700 1 -- 172.21.15.61:0/2682333138 >> [v2:172.21.15.61:3300/0,v1:172.21.15.61:6789/0] conn(0x7f4124078dc0 msgr2=0x7f41240771d0 secure :-1 s=STATE_CONNECTION_ESTABLISHED l=1).mark_down
2023-12-16T21:23:30.335 INFO:teuthology.orchestra.run.smithi061.stdout:/usr/bin/ceph: stderr
2023-12-16T21:23:29.910+0000 7f412bfd9700 1 --2- 172.21.15.61:0/2682333138 >> [v2:172.21.15.61:3300/0,v1:172.21.15.61:6789/0] conn(0x7f4124078dc0 0x7f41240771d0 secure :-1 s=READY pgs=86 cs=0 l=1 rev1=1 crypto rx=0x7f41200098e0 tx=0x7f4120009250 comp rx=0 tx=0).stop
2023-12-16T21:23:30.335 INFO:teuthology.orchestra.run.smithi061.stdout:/usr/bin/ceph: stderr
2023-12-16T21:23:29.910+0000 7f412bfd9700 1 -- 172.21.15.61:0/2682333138 shutdown_connections
2023-12-16T21:23:30.335 INFO:teuthology.orchestra.run.smithi061.stdout:/usr/bin/ceph: stderr
2023-12-16T21:23:29.910+0000 7f412bfd9700 1 --2- 172.21.15.61:0/2682333138 >> [v2:172.21.15.61:3300/0,v1:172.21.15.61:6789/0] conn(0x7f4124078dc0 0x7f41240771d0 unknown :-1 s=CLOSED pgs=86 cs=0 l=1 rev1=1 crypto rx=0 tx=0 comp rx=0 tx=0).stop
2023-12-16T21:23:30.335 INFO:teuthology.orchestra.run.smithi061.stdout:/usr/bin/ceph: stderr
2023-12-16T21:23:29.910+0000 7f412bfd9700 1 -- 172.21.15.61:0/2682333138 >> 172.21.15.61:0/2682333138 conn(0x7f41240fda40 msgr2=0x7f41240ffe70 unknown :-1 s=STATE_NONE l=0).mark_down
2023-12-16T21:23:30.335 INFO:teuthology.orchestra.run.smithi061.stdout:/usr/bin/ceph: stderr
2023-12-16T21:23:29.910+0000 7f412bfd9700 1 -- 172.21.15.61:0/2682333138 shutdown_connections
2023-12-16T21:23:30.335 INFO:teuthology.orchestra.run.smithi061.stdout:/usr/bin/ceph: stderr
