2023-12-16T21:33:26.282+0000 7f6b6719c700 1 --2- 172.21.15.45:0/4227261771 >> [v2:172.21.15.45:6800/2502560408,v1:172.21.15.45:6801/2502560408] conn(0x7f6b4c0365f0 0x7f6b4c038aa0 secure :-1 s=READY pgs=15 cs=0 l=1 rev1=1 crypto rx=0x7f6b48009990 tx=0x7f6b48006e40 comp rx=0 tx=0).stop
2023-12-16T21:33:26.622 INFO:teuthology.orchestra.run.smithi045.stdout:/usr/bin/ceph: stderr
2023-12-16T21:33:26.282+0000 7f6b6719c700 1 -- 172.21.15.45:0/4227261771 >> [v2:172.21.15.45:3300/0,v1:172.21.15.45:6789/0] conn(0x7f6b601011d0 msgr2=0x7f6b6010ef00 secure :-1 s=STATE_CONNECTION_ESTABLISHED l=1).mark_down
2023-12-16T21:33:26.622 INFO:teuthology.orchestra.run.smithi045.stdout:/usr/bin/ceph: stderr
2023-12-16T21:33:26.282+0000 7f6b6719c700 1 --2- 172.21.15.45:0/4227261771 >> [v2:172.21.15.45:3300/0,v1:172.21.15.45:6789/0] conn(0x7f6b601011d0 0x7f6b6010ef00 secure :-1 s=READY pgs=54 cs=0 l=1 rev1=1 crypto rx=0x7f6b500184f0 tx=0x7f6b5000b4f0 comp rx=0 tx=0).stop
2023-12-16T21:33:26.622 INFO:teuthology.orchestra.run.smithi045.stdout:/usr/bin/ceph: stderr
2023-12-16T21:33:26.282+0000 7f6b6719c700 1 -- 172.21.15.45:0/4227261771 shutdown_connections
2023-12-16T21:33:26.622 INFO:teuthology.orchestra.run.smithi045.stdout:/usr/bin/ceph: stderr
2023-12-16T21:33:26.282+0000 7f6b6719c700 1 --2- 172.21.15.45:0/4227261771 >> [v2:172.21.15.45:6800/2502560408,v1:172.21.15.45:6801/2502560408] conn(0x7f6b4c0365f0 0x7f6b4c038aa0 unknown :-1 s=CLOSED pgs=15 cs=0 l=1 rev1=1 crypto rx=0 tx=0 comp rx=0 tx=0).stop
2023-12-16T21:33:26.622 INFO:teuthology.orchestra.run.smithi045.stdout:/usr/bin/ceph: stderr
2023-12-16T21:33:26.282+0000 7f6b6719c700 1 --2- 172.21.15.45:0/4227261771 >> [v2:172.21.15.45:3300/0,v1:172.21.15.45:6789/0] conn(0x7f6b601011d0 0x7f6b6010ef00 unknown :-1 s=CLOSED pgs=54 cs=0 l=1 rev1=1 crypto rx=0 tx=0 comp rx=0 tx=0).stop
2023-12-16T21:33:26.623 INFO:teuthology.orchestra.run.smithi045.stdout:/usr/bin/ceph: stderr
2023-12-16T21:33:26.282+0000 7f6b6719c700 1 -- 172.21.15.45:0/4227261771 >> 172.21.15.45:0/4227261771 conn(0x7f6b600fc950 msgr2=0x7f6b60105f40 unknown :-1 s=STATE_NONE l=0).mark_down
2023-12-16T21:33:26.623 INFO:teuthology.orchestra.run.smithi045.stdout:/usr/bin/ceph: stderr
2023-12-16T21:33:26.282+0000 7f6b6719c700 1 -- 172.21.15.45:0/4227261771 shutdown_connections
2023-12-16T21:33:26.623 INFO:teuthology.orchestra.run.smithi045.stdout:/usr/bin/ceph: stderr
2023-12-16T21:33:26.282+0000 7f6b6719c700 1 -- 172.21.15.45:0/4227261771 wait complete.
2023-12-16T21:33:26.623 INFO:teuthology.orchestra.run.smithi045.stdout:Deploying grafana service with default placement...
2023-12-16T21:33:27.339 INFO:teuthology.orchestra.run.smithi045.stdout:/usr/bin/ceph: stdout Scheduled grafana update...
2023-12-16T21:33:27.339 INFO:teuthology.orchestra.run.smithi045.stdout:/usr/bin/ceph: stderr
2023-12-16T21:33:26.851+0000 7f42f3af6700 1 Processor -- start
2023-12-16T21:33:27.339 INFO:teuthology.orchestra.run.smithi045.stdout:/usr/bin/ceph: stderr
2023-12-16T21:33:26.851+0000 7f42f3af6700 1 -- start start
2023-12-16T21:33:27.339 INFO:teuthology.orchestra.run.smithi045.stdout:/usr/bin/ceph: stderr
2023-12-16T21:33:26.851+0000 7f42f3af6700 1 --2- >> [v2:172.21.15.45:3300/0,v1:172.21.15.45:6789/0] conn(0x7f42ec070fa0 0x7f42ec107300 unknown :-1 s=NONE pgs=0 cs=0 l=0 rev1=0 crypto rx=0 tx=0 comp rx=0 tx=0).connect
2023-12-16T21:33:27.339 INFO:teuthology.orchestra.run.smithi045.stdout:/usr/bin/ceph: stderr
2023-12-16T21:33:26.851+0000 7f42f3af6700 1 -- --> [v2:172.21.15.45:3300/0,v1:172.21.15.45:6789/0] -- mon_getmap magic: 0 v1 -- 0x7f42ec102cf0 con 0x7f42ec070fa0
2023-12-16T21:33:27.340 INFO:teuthology.orchestra.run.smithi045.stdout:/usr/bin/ceph: stderr
2023-12-16T21:33:26.852+0000 7f42f1892700 1 --2- >> [v2:172.21.15.45:3300/0,v1:172.21.15.45:6789/0] conn(0x7f42ec070fa0 0x7f42ec107300 unknown :-1 s=BANNER_CONNECTING pgs=0 cs=0 l=0 rev1=0 crypto rx=0 tx=0 comp rx=0 tx=0)._handle_peer_banner_payload supported=3 required=0
2023-12-16T21:33:27.340 INFO:teuthology.orchestra.run.smithi045.stdout:/usr/bin/ceph: stderr
2023-12-16T21:33:26.852+0000 7f42f1892700 1 --2- >> [v2:172.21.15.45:3300/0,v1:172.21.15.45:6789/0] conn(0x7f42ec070fa0 0x7f42ec107300 unknown :-1 s=HELLO_CONNECTING pgs=0 cs=0 l=0 rev1=1 crypto rx=0 tx=0 comp rx=0 tx=0).handle_hello peer v2:172.21.15.45:3300/0 says I am v2:172.21.15.45:33002/0 (socket says 172.21.15.45:33002)
2023-12-16T21:33:27.340 INFO:teuthology.orchestra.run.smithi045.stdout:/usr/bin/ceph: stderr
2023-12-16T21:33:26.852+0000 7f42f1892700 1 -- 172.21.15.45:0/3582253773 learned_addr learned my addr 172.21.15.45:0/3582253773 (peer_addr_for_me v2:172.21.15.45:0/0)
2023-12-16T21:33:27.340 INFO:teuthology.orchestra.run.smithi045.stdout:/usr/bin/ceph: stderr
2023-12-16T21:33:26.852+0000 7f42f1892700 1 -- 172.21.15.45:0/3582253773 --> [v2:172.21.15.45:3300/0,v1:172.21.15.45:6789/0] -- mon_subscribe({config=0+,monmap=0+}) v3 -- 0x7f42ec107840 con 0x7f42ec070fa0
2023-12-16T21:33:27.340 INFO:teuthology.orchestra.run.smithi045.stdout:/usr/bin/ceph: stderr
2023-12-16T21:33:26.852+0000 7f42f1892700 1 --2- 172.21.15.45:0/3582253773 >> [v2:172.21.15.45:3300/0,v1:172.21.15.45:6789/0] conn(0x7f42ec070fa0 0x7f42ec107300 secure :-1 s=READY pgs=55 cs=0 l=1 rev1=1 crypto rx=0x7f42dc0098e0 tx=0x7f42dc009250 comp rx=0 tx=0).ready entity=mon.0 client_cookie=bced3a80018537fb server_cookie=0 in_seq=0 out_seq=0
2023-12-16T21:33:27.340 INFO:teuthology.orchestra.run.smithi045.stdout:/usr/bin/ceph: stderr
2023-12-16T21:33:26.852+0000 7f42f0890700 1 -- 172.21.15.45:0/3582253773 <== mon.0 v2:172.21.15.45:3300/0 1 ==== mon_map magic: 0 v1 ==== 229+0+0 (secure 0 0 0) 0x7f42dc00b860 con 0x7f42ec070fa0
2023-12-16T21:33:27.341 INFO:teuthology.orchestra.run.smithi045.stdout:/usr/bin/ceph: stderr
2023-12-16T21:33:26.852+0000 7f42f0890700 1 -- 172.21.15.45:0/3582253773 <== mon.0 v2:172.21.15.45:3300/0 2 ==== config(26 keys) v1 ==== 1074+0+0 (secure 0 0 0) 0x7f42dc00be70 con 0x7f42ec070fa0
2023-12-16T21:33:27.341 INFO:teuthology.orchestra.run.smithi045.stdout:/usr/bin/ceph: stderr
2023-12-16T21:33:26.852+0000 7f42f0890700 1 -- 172.21.15.45:0/3582253773 <== mon.0 v2:172.21.15.45:3300/0 3 ==== mon_map magic: 0 v1 ==== 229+0+0 (secure 0 0 0) 0x7f42dc010380 con 0x7f42ec070fa0
2023-12-16T21:33:27.341 INFO:teuthology.orchestra.run.smithi045.stdout:/usr/bin/ceph: stderr
2023-12-16T21:33:26.853+0000 7f42f3af6700 1 -- 172.21.15.45:0/3582253773 >> [v2:172.21.15.45:3300/0,v1:172.21.15.45:6789/0] conn(0x7f42ec070fa0 msgr2=0x7f42ec107300 secure :-1 s=STATE_CONNECTION_ESTABLISHED l=1).mark_down
2023-12-16T21:33:27.341 INFO:teuthology.orchestra.run.smithi045.stdout:/usr/bin/ceph: stderr
2023-12-16T21:33:26.853+0000 7f42f3af6700 1 --2- 172.21.15.45:0/3582253773 >> [v2:172.21.15.45:3300/0,v1:172.21.15.45:6789/0] conn(0x7f42ec070fa0 0x7f42ec107300 secure :-1 s=READY pgs=55 cs=0 l=1 rev1=1 crypto rx=0x7f42dc0098e0 tx=0x7f42dc009250 comp rx=0 tx=0).stop
2023-12-16T21:33:27.341 INFO:teuthology.orchestra.run.smithi045.stdout:/usr/bin/ceph: stderr
2023-12-16T21:33:26.853+0000 7f42f3af6700 1 -- 172.21.15.45:0/3582253773 shutdown_connections
2023-12-16T21:33:27.341 INFO:teuthology.orchestra.run.smithi045.stdout:/usr/bin/ceph: stderr
2023-12-16T21:33:26.853+0000 7f42f3af6700 1 --2- 172.21.15.45:0/3582253773 >> [v2:172.21.15.45:3300/0,v1:172.21.15.45:6789/0] conn(0x7f42ec070fa0 0x7f42ec107300 unknown :-1 s=CLOSED pgs=55 cs=0 l=1 rev1=1 crypto rx=0 tx=0 comp rx=0 tx=0).stop
2023-12-16T21:33:27.342 INFO:teuthology.orchestra.run.smithi045.stdout:/usr/bin/ceph: stderr
2023-12-16T21:33:26.853+0000 7f42f3af6700 1 -- 172.21.15.45:0/3582253773 >> 172.21.15.45:0/3582253773 conn(0x7f42ec0fc970 msgr2=0x7f42ec0fed80 unknown :-1 s=STATE_NONE l=0).mark_down
2023-12-16T21:33:27.342 INFO:teuthology.orchestra.run.smithi045.stdout:/usr/bin/ceph: stderr
2023-12-16T21:33:26.853+0000 7f42f3af6700 1 -- 172.21.15.45:0/3582253773 shutdown_connections
2023-12-16T21:33:27.342 INFO:teuthology.orchestra.run.smithi045.stdout:/usr/bin/ceph: stderr
2023-12-16T21:33:26.853+0000 7f42f3af6700 1 -- 172.21.15.45:0/3582253773 wait complete.
2023-12-16T21:33:27.342 INFO:teuthology.orchestra.run.smithi045.stdout:/usr/bin/ceph: stderr
2023-12-16T21:33:26.854+0000 7f42f3af6700 1 Processor -- start
2023-12-16T21:33:27.342 INFO:teuthology.orchestra.run.smithi045.stdout:/usr/bin/ceph: stderr
2023-12-16T21:33:26.854+0000 7f42f3af6700 1 -- start start
2023-12-16T21:33:27.342 INFO:teuthology.orchestra.run.smithi045.stdout:/usr/bin/ceph: stderr
2023-12-16T21:33:26.854+0000 7f42f3af6700 1 --2- >> [v2:172.21.15.45:3300/0,v1:172.21.15.45:6789/0] conn(0x7f42ec070fa0 0x7f42ec1133c0 unknown :-1 s=NONE pgs=0 cs=0 l=1 rev1=0 crypto rx=0 tx=0 comp rx=0 tx=0).connect
2023-12-16T21:33:27.343 INFO:teuthology.orchestra.run.smithi045.stdout:/usr/bin/ceph: stderr
2023-12-16T21:33:26.854+0000 7f42f3af6700 1 -- --> [v2:172.21.15.45:3300/0,v1:172.21.15.45:6789/0] -- mon_getmap magic: 0 v1 -- 0x7f42ec113900 con 0x7f42ec070fa0
2023-12-16T21:33:27.343 INFO:teuthology.orchestra.run.smithi045.stdout:/usr/bin/ceph: stderr
2023-12-16T21:33:26.854+0000 7f42f1892700 1 --2- >> [v2:172.21.15.45:3300/0,v1:172.21.15.45:6789/0] conn(0x7f42ec070fa0 0x7f42ec1133c0 unknown :-1 s=BANNER_CONNECTING pgs=0 cs=0 l=1 rev1=0 crypto rx=0 tx=0 comp rx=0 tx=0)._handle_peer_banner_payload supported=3 required=0
2023-12-16T21:33:27.344 INFO:teuthology.orchestra.run.smithi045.stdout:/usr/bin/ceph: stderr
2023-12-16T21:33:26.854+0000 7f42f1892700 1 --2- >> [v2:172.21.15.45:3300/0,v1:172.21.15.45:6789/0] conn(0x7f42ec070fa0 0x7f42ec1133c0 unknown :-1 s=HELLO_CONNECTING pgs=0 cs=0 l=1 rev1=1 crypto rx=0 tx=0 comp rx=0 tx=0).handle_hello peer v2:172.21.15.45:3300/0 says I am v2:172.21.15.45:33016/0 (socket says 172.21.15.45:33016)
2023-12-16T21:33:27.344 INFO:teuthology.orchestra.run.smithi045.stdout:/usr/bin/ceph: stderr
2023-12-16T21:33:26.854+0000 7f42f1892700 1 -- 172.21.15.45:0/2239398462 learned_addr learned my addr 172.21.15.45:0/2239398462 (peer_addr_for_me v2:172.21.15.45:0/0)
2023-12-16T21:33:27.344 INFO:teuthology.orchestra.run.smithi045.stdout:/usr/bin/ceph: stderr
2023-12-16T21:33:26.854+0000 7f42f1892700 1 -- 172.21.15.45:0/2239398462 --> [v2:172.21.15.45:3300/0,v1:172.21.15.45:6789/0] -- mon_subscribe({config=0+,monmap=0+}) v3 -- 0x7f42dc0094f0 con 0x7f42ec070fa0
2023-12-16T21:33:27.344 INFO:teuthology.orchestra.run.smithi045.stdout:/usr/bin/ceph: stderr
2023-12-16T21:33:26.854+0000 7f42f1892700 1 --2- 172.21.15.45:0/2239398462 >> [v2:172.21.15.45:3300/0,v1:172.21.15.45:6789/0] conn(0x7f42ec070fa0 0x7f42ec1133c0 secure :-1 s=READY pgs=56 cs=0 l=1 rev1=1 crypto rx=0x7f42dc0094c0 tx=0x7f42dc009250 comp rx=0 tx=0).ready entity=mon.0 client_cookie=0 server_cookie=0 in_seq=0 out_seq=0
2023-12-16T21:33:27.344 INFO:teuthology.orchestra.run.smithi045.stdout:/usr/bin/ceph: stderr
2023-12-16T21:33:26.855+0000 7f42e27fc700 1 -- 172.21.15.45:0/2239398462 <== mon.0 v2:172.21.15.45:3300/0 1 ==== mon_map magic: 0 v1 ==== 229+0+0 (secure 0 0 0) 0x7f42dc010850 con 0x7f42ec070fa0
2023-12-16T21:33:27.344 INFO:teuthology.orchestra.run.smithi045.stdout:/usr/bin/ceph: stderr
2023-12-16T21:33:26.855+0000 7f42f3af6700 1 -- 172.21.15.45:0/2239398462 --> [v2:172.21.15.45:3300/0,v1:172.21.15.45:6789/0] -- mon_subscribe({mgrmap=0+}) v3 -- 0x7f42ec113b00 con 0x7f42ec070fa0
2023-12-16T21:33:27.344 INFO:teuthology.orchestra.run.smithi045.stdout:/usr/bin/ceph: stderr
2023-12-16T21:33:26.855+0000 7f42e27fc700 1 -- 172.21.15.45:0/2239398462 <== mon.0 v2:172.21.15.45:3300/0 2 ==== config(26 keys) v1 ==== 1074+0+0 (secure 0 0 0) 0x7f42dc010e60 con 0x7f42ec070fa0
2023-12-16T21:33:27.344 INFO:teuthology.orchestra.run.smithi045.stdout:/usr/bin/ceph: stderr
2023-12-16T21:33:26.855+0000 7f42e27fc700 1 -- 172.21.15.45:0/2239398462 <== mon.0 v2:172.21.15.45:3300/0 3 ==== mon_map magic: 0 v1 ==== 229+0+0 (secure 0 0 0) 0x7f42dc01a430 con 0x7f42ec070fa0
2023-12-16T21:33:27.345 INFO:teuthology.orchestra.run.smithi045.stdout:/usr/bin/ceph: stderr
2023-12-16T21:33:26.855+0000 7f42f3af6700 1 -- 172.21.15.45:0/2239398462 --> [v2:172.21.15.45:3300/0,v1:172.21.15.45:6789/0] -- mon_subscribe({osdmap=0}) v3 -- 0x7f42ec113f10 con 0x7f42ec070fa0
2023-12-16T21:33:27.345 INFO:teuthology.orchestra.run.smithi045.stdout:/usr/bin/ceph: stderr
2023-12-16T21:33:26.856+0000 7f42e27fc700 1 -- 172.21.15.45:0/2239398462 <== mon.0 v2:172.21.15.45:3300/0 4 ==== mgrmap(e 8) v1 ==== 43281+0+0 (secure 0 0 0) 0x7f42dc0247b0 con 0x7f42ec070fa0
2023-12-16T21:33:27.345 INFO:teuthology.orchestra.run.smithi045.stdout:/usr/bin/ceph: stderr
2023-12-16T21:33:26.856+0000 7f42f3af6700 1 -- 172.21.15.45:0/2239398462 --> [v2:172.21.15.45:3300/0,v1:172.21.15.45:6789/0] -- mon_command({"prefix": "get_command_descriptions"} v 0) v1 -- 0x7f42ec04bb80 con 0x7f42ec070fa0
2023-12-16T21:33:27.345 INFO:teuthology.orchestra.run.smithi045.stdout:/usr/bin/ceph: stderr
2023-12-16T21:33:26.856+0000 7f42e27fc700 1 --2- 172.21.15.45:0/2239398462 >> [v2:172.21.15.45:6800/2502560408,v1:172.21.15.45:6801/2502560408] conn(0x7f42d8036640 0x7f42d8038af0 unknown :-1 s=NONE pgs=0 cs=0 l=1 rev1=0 crypto rx=0 tx=0 comp rx=0 tx=0).connect
2023-12-16T21:33:27.346 INFO:teuthology.orchestra.run.smithi045.stdout:/usr/bin/ceph: stderr
2023-12-16T21:33:26.856+0000 7f42e27fc700 1 -- 172.21.15.45:0/2239398462 <== mon.0 v2:172.21.15.45:3300/0 5 ==== osd_map(2..2 src has 1..2) v4 ==== 936+0+0 (secure 0 0 0) 0x7f42dc04a3b0 con 0x7f42ec070fa0
2023-12-16T21:33:27.346 INFO:teuthology.orchestra.run.smithi045.stdout:/usr/bin/ceph: stderr
2023-12-16T21:33:26.856+0000 7f42f1091700 1 --2- 172.21.15.45:0/2239398462 >> [v2:172.21.15.45:6800/2502560408,v1:172.21.15.45:6801/2502560408] conn(0x7f42d8036640 0x7f42d8038af0 unknown :-1 s=BANNER_CONNECTING pgs=0 cs=0 l=1 rev1=0 crypto rx=0 tx=0 comp rx=0 tx=0)._handle_peer_banner_payload supported=3 required=0
2023-12-16T21:33:27.346 INFO:teuthology.orchestra.run.smithi045.stdout:/usr/bin/ceph: stderr
2023-12-16T21:33:26.856+0000 7f42f1091700 1 --2- 172.21.15.45:0/2239398462 >> [v2:172.21.15.45:6800/2502560408,v1:172.21.15.45:6801/2502560408] conn(0x7f42d8036640 0x7f42d8038af0 secure :-1 s=READY pgs=16 cs=0 l=1 rev1=1 crypto rx=0x7f42e8009990 tx=0x7f42e8006e40 comp rx=0 tx=0).ready entity=mgr.14120 client_cookie=0 server_cookie=0 in_seq=0 out_seq=0
2023-12-16T21:33:27.347 INFO:teuthology.orchestra.run.smithi045.stdout:/usr/bin/ceph: stderr
2023-12-16T21:33:26.861+0000 7f42e27fc700 1 -- 172.21.15.45:0/2239398462 <== mon.0 v2:172.21.15.45:3300/0 6 ==== mon_command_ack([{"prefix": "get_command_descriptions"}]=0 v0) v1 ==== 72+0+174570 (secure 0 0 0) 0x7f42dc022910 con 0x7f42ec070fa0
2023-12-16T21:33:27.347 INFO:teuthology.orchestra.run.smithi045.stdout:/usr/bin/ceph: stderr
2023-12-16T21:33:27.071+0000 7f42f3af6700 1 -- 172.21.15.45:0/2239398462 --> [v2:172.21.15.45:6800/2502560408,v1:172.21.15.45:6801/2502560408] -- mgr_command(tid 0: {"prefix": "orch apply", "service_type": "grafana", "target": ["mon-mgr", ""]}) v1 -- 0x7f42ec0008d0 con 0x7f42d8036640
2023-12-16T21:33:27.349 INFO:teuthology.orchestra.run.smithi045.stdout:/usr/bin/ceph: stderr
2023-12-16T21:33:27.075+0000 7f42e27fc700 1 -- 172.21.15.45:0/2239398462 <== mgr.14120 v2:172.21.15.45:6800/2502560408 1 ==== mgr_command_reply(tid 0: 0 ) v1 ==== 8+0+28 (secure 0 0 0) 0x7f42ec0008d0 con 0x7f42d8036640
2023-12-16T21:33:27.349 INFO:teuthology.orchestra.run.smithi045.stdout:/usr/bin/ceph: stderr
2023-12-16T21:33:27.077+0000 7f42f3af6700 1 -- 172.21.15.45:0/2239398462 >> [v2:172.21.15.45:6800/2502560408,v1:172.21.15.45:6801/2502560408] conn(0x7f42d8036640 msgr2=0x7f42d8038af0 secure :-1 s=STATE_CONNECTION_ESTABLISHED l=1).mark_down
2023-12-16T21:33:27.349 INFO:teuthology.orchestra.run.smithi045.stdout:/usr/bin/ceph: stderr
2023-12-16T21:33:27.077+0000 7f42f3af6700 1 --2- 172.21.15.45:0/2239398462 >> [v2:172.21.15.45:6800/2502560408,v1:172.21.15.45:6801/2502560408] conn(0x7f42d8036640 0x7f42d8038af0 secure :-1 s=READY pgs=16 cs=0 l=1 rev1=1 crypto rx=0x7f42e8009990 tx=0x7f42e8006e40 comp rx=0 tx=0).stop
2023-12-16T21:33:27.349 INFO:teuthology.orchestra.run.smithi045.stdout:/usr/bin/ceph: stderr
2023-12-16T21:33:27.077+0000 7f42f3af6700 1 -- 172.21.15.45:0/2239398462 >> [v2:172.21.15.45:3300/0,v1:172.21.15.45:6789/0] conn(0x7f42ec070fa0 msgr2=0x7f42ec1133c0 secure :-1 s=STATE_CONNECTION_ESTABLISHED l=1).mark_down
2023-12-16T21:33:27.349 INFO:teuthology.orchestra.run.smithi045.stdout:/usr/bin/ceph: stderr
2023-12-16T21:33:27.077+0000 7f42f3af6700 1 --2- 172.21.15.45:0/2239398462 >> [v2:172.21.15.45:3300/0,v1:172.21.15.45:6789/0] conn(0x7f42ec070fa0 0x7f42ec1133c0 secure :-1 s=READY pgs=56 cs=0 l=1 rev1=1 crypto rx=0x7f42dc0094c0 tx=0x7f42dc009250 comp rx=0 tx=0).stop
2023-12-16T21:33:27.349 INFO:teuthology.orchestra.run.smithi045.stdout:/usr/bin/ceph: stderr
2023-12-16T21:33:27.077+0000 7f42f3af6700 1 -- 172.21.15.45:0/2239398462 shutdown_connections
2023-12-16T21:33:27.349 INFO:teuthology.orchestra.run.smithi045.stdout:/usr/bin/ceph: stderr
2023-12-16T21:33:27.077+0000 7f42f3af6700 1 --2- 172.21.15.45:0/2239398462 >> [v2:172.21.15.45:6800/2502560408,v1:172.21.15.45:6801/2502560408] conn(0x7f42d8036640 0x7f42d8038af0 unknown :-1 s=CLOSED pgs=16 cs=0 l=1 rev1=1 crypto rx=0 tx=0 comp rx=0 tx=0).stop
2023-12-16T21:33:27.349 INFO:teuthology.orchestra.run.smithi045.stdout:/usr/bin/ceph: stderr
2023-12-16T21:33:27.077+0000 7f42f3af6700 1 --2- 172.21.15.45:0/2239398462 >> [v2:172.21.15.45:3300/0,v1:172.21.15.45:6789/0] conn(0x7f42ec070fa0 0x7f42ec1133c0 unknown :-1 s=CLOSED pgs=56 cs=0 l=1 rev1=1 crypto rx=0 tx=0 comp rx=0 tx=0).stop
2023-12-16T21:33:27.349 INFO:teuthology.orchestra.run.smithi045.stdout:/usr/bin/ceph: stderr
2023-12-16T21:33:27.077+0000 7f42f3af6700 1 -- 172.21.15.45:0/2239398462 >> 172.21.15.45:0/2239398462 conn(0x7f42ec0fc970 msgr2=0x7f42ec0fe1d0 unknown :-1 s=STATE_NONE l=0).mark_down
2023-12-16T21:33:27.350 INFO:teuthology.orchestra.run.smithi045.stdout:/usr/bin/ceph: stderr
2023-12-16T21:33:27.078+0000 7f42f3af6700 1 -- 172.21.15.45:0/2239398462 shutdown_connections
2023-12-16T21:33:27.350 INFO:teuthology.orchestra.run.smithi045.stdout:/usr/bin/ceph: stderr
2023-12-16T21:33:27.078+0000 7f42f3af6700 1 -- 172.21.15.45:0/2239398462 wait complete.
2023-12-16T21:33:27.350 INFO:teuthology.orchestra.run.smithi045.stdout:Deploying node-exporter service with default placement...
2023-12-16T21:33:27.411 INFO:journalctl@ceph.mon.smithi045.smithi045.stdout:Dec 16 21:33:27 smithi045 ceph-mon[80763]: from='client.14146 -' entity='client.admin' cmd=[{"prefix": "orch apply", "service_type": "crash", "target": ["mon-mgr", ""]}]: dispatch
2023-12-16T21:33:27.411 INFO:journalctl@ceph.mon.smithi045.smithi045.stdout:Dec 16 21:33:27 smithi045 ceph-mon[80763]: Saving service crash spec with placement *
2023-12-16T21:33:27.411 INFO:journalctl@ceph.mon.smithi045.smithi045.stdout:Dec 16 21:33:27 smithi045 ceph-mon[80763]: from='client.14148 -' entity='client.admin' cmd=[{"prefix": "orch apply", "service_type": "prometheus", "target": ["mon-mgr", ""]}]: dispatch
2023-12-16T21:33:27.411 INFO:journalctl@ceph.mon.smithi045.smithi045.stdout:Dec 16 21:33:27 smithi045 ceph-mon[80763]: Saving service prometheus spec with placement count:1
2023-12-16T21:33:27.411 INFO:journalctl@ceph.mon.smithi045.smithi045.stdout:Dec 16 21:33:27 smithi045 ceph-mon[80763]: from='mgr.14120 172.21.15.45:0/902863156' entity='mgr.smithi045.nhtmwc'
2023-12-16T21:33:27.411 INFO:journalctl@ceph.mon.smithi045.smithi045.stdout:Dec 16 21:33:27 smithi045 ceph-mon[80763]: from='mgr.14120 172.21.15.45:0/902863156' entity='mgr.smithi045.nhtmwc'
2023-12-16T21:33:27.411 INFO:journalctl@ceph.mon.smithi045.smithi045.stdout:Dec 16 21:33:27 smithi045 ceph-mon[80763]: from='mgr.14120 172.21.15.45:0/902863156' entity='mgr.smithi045.nhtmwc'
2023-12-16T21:33:28.119 INFO:teuthology.orchestra.run.smithi045.stdout:/usr/bin/ceph: stdout Scheduled node-exporter update...
2023-12-16T21:33:28.119 INFO:teuthology.orchestra.run.smithi045.stdout:/usr/bin/ceph: stderr
2023-12-16T21:33:27.599+0000 7fe3020b5700 1 Processor -- start
2023-12-16T21:33:28.119 INFO:teuthology.orchestra.run.smithi045.stdout:/usr/bin/ceph: stderr
2023-12-16T21:33:27.599+0000 7fe3020b5700 1 -- start start
2023-12-16T21:33:28.119 INFO:teuthology.orchestra.run.smithi045.stdout:/usr/bin/ceph: stderr
2023-12-16T21:33:27.599+0000 7fe3020b5700 1 --2- >> [v2:172.21.15.45:3300/0,v1:172.21.15.45:6789/0] conn(0x7fe2fc1011d0 0x7fe2fc1015e0 unknown :-1 s=NONE pgs=0 cs=0 l=0 rev1=0 crypto rx=0 tx=0 comp rx=0 tx=0).connect
2023-12-16T21:33:28.119 INFO:teuthology.orchestra.run.smithi045.stdout:/usr/bin/ceph: stderr
2023-12-16T21:33:27.599+0000 7fe3020b5700 1 -- --> [v2:172.21.15.45:3300/0,v1:172.21.15.45:6789/0] -- mon_getmap magic: 0 v1 -- 0x7fe2fc101b20 con 0x7fe2fc1011d0
2023-12-16T21:33:28.119 INFO:teuthology.orchestra.run.smithi045.stdout:/usr/bin/ceph: stderr
2023-12-16T21:33:27.600+0000 7fe2fb7fe700 1 --2- >> [v2:172.21.15.45:3300/0,v1:172.21.15.45:6789/0] conn(0x7fe2fc1011d0 0x7fe2fc1015e0 unknown :-1 s=BANNER_CONNECTING pgs=0 cs=0 l=0 rev1=0 crypto rx=0 tx=0 comp rx=0 tx=0)._handle_peer_banner_payload supported=3 required=0
2023-12-16T21:33:28.119 INFO:teuthology.orchestra.run.smithi045.stdout:/usr/bin/ceph: stderr
2023-12-16T21:33:27.600+0000 7fe2fb7fe700 1 --2- >> [v2:172.21.15.45:3300/0,v1:172.21.15.45:6789/0] conn(0x7fe2fc1011d0 0x7fe2fc1015e0 unknown :-1 s=HELLO_CONNECTING pgs=0 cs=0 l=0 rev1=1 crypto rx=0 tx=0 comp rx=0 tx=0).handle_hello peer v2:172.21.15.45:3300/0 says I am v2:172.21.15.45:33018/0 (socket says 172.21.15.45:33018)
2023-12-16T21:33:28.119 INFO:teuthology.orchestra.run.smithi045.stdout:/usr/bin/ceph: stderr
2023-12-16T21:33:27.600+0000 7fe2fb7fe700 1 -- 172.21.15.45:0/243422305 learned_addr learned my addr 172.21.15.45:0/243422305 (peer_addr_for_me v2:172.21.15.45:0/0)
2023-12-16T21:33:28.120 INFO:teuthology.orchestra.run.smithi045.stdout:/usr/bin/ceph: stderr
2023-12-16T21:33:27.600+0000 7fe2fb7fe700 1 -- 172.21.15.45:0/243422305 --> [v2:172.21.15.45:3300/0,v1:172.21.15.45:6789/0] -- mon_subscribe({config=0+,monmap=0+}) v3 -- 0x7fe2fc101c60 con 0x7fe2fc1011d0
2023-12-16T21:33:28.120 INFO:teuthology.orchestra.run.smithi045.stdout:/usr/bin/ceph: stderr
2023-12-16T21:33:27.600+0000 7fe2fb7fe700 1 --2- 172.21.15.45:0/243422305 >> [v2:172.21.15.45:3300/0,v1:172.21.15.45:6789/0] conn(0x7fe2fc1011d0 0x7fe2fc1015e0 secure :-1 s=READY pgs=57 cs=0 l=1 rev1=1 crypto rx=0x7fe2ec00bb80 tx=0x7fe2ec00b4f0 comp rx=0 tx=0).ready entity=mon.0 client_cookie=b1c12406b74680e6 server_cookie=0 in_seq=0 out_seq=0
2023-12-16T21:33:28.120 INFO:teuthology.orchestra.run.smithi045.stdout:/usr/bin/ceph: stderr
2023-12-16T21:33:27.600+0000 7fe2fa7fc700 1 -- 172.21.15.45:0/243422305 <== mon.0 v2:172.21.15.45:3300/0 1 ==== mon_map magic: 0 v1 ==== 229+0+0 (secure 0 0 0) 0x7fe2ec00dd00 con 0x7fe2fc1011d0
2023-12-16T21:33:28.120 INFO:teuthology.orchestra.run.smithi045.stdout:/usr/bin/ceph: stderr
2023-12-16T21:33:27.600+0000 7fe2fa7fc700 1 -- 172.21.15.45:0/243422305 <== mon.0 v2:172.21.15.45:3300/0 2 ==== config(26 keys) v1 ==== 1074+0+0 (secure 0 0 0) 0x7fe2ec00de60 con 0x7fe2fc1011d0
2023-12-16T21:33:28.120 INFO:teuthology.orchestra.run.smithi045.stdout:/usr/bin/ceph: stderr
2023-12-16T21:33:27.600+0000 7fe2fa7fc700 1 -- 172.21.15.45:0/243422305 <== mon.0 v2:172.21.15.45:3300/0 3 ==== mon_map magic: 0 v1 ==== 229+0+0 (secure 0 0 0) 0x7fe2ec0188d0 con 0x7fe2fc1011d0
2023-12-16T21:33:28.120 INFO:teuthology.orchestra.run.smithi045.stdout:/usr/bin/ceph: stderr
2023-12-16T21:33:27.601+0000 7fe3020b5700 1 -- 172.21.15.45:0/243422305 >> [v2:172.21.15.45:3300/0,v1:172.21.15.45:6789/0] conn(0x7fe2fc1011d0 msgr2=0x7fe2fc1015e0 secure :-1 s=STATE_CONNECTION_ESTABLISHED l=1).mark_down
2023-12-16T21:33:28.120 INFO:teuthology.orchestra.run.smithi045.stdout:/usr/bin/ceph: stderr
2023-12-16T21:33:27.601+0000 7fe3020b5700 1 --2- 172.21.15.45:0/243422305 >> [v2:172.21.15.45:3300/0,v1:172.21.15.45:6789/0] conn(0x7fe2fc1011d0 0x7fe2fc1015e0 secure :-1 s=READY pgs=57 cs=0 l=1 rev1=1 crypto rx=0x7fe2ec00bb80 tx=0x7fe2ec00b4f0 comp rx=0 tx=0).stop
2023-12-16T21:33:28.120 INFO:teuthology.orchestra.run.smithi045.stdout:/usr/bin/ceph: stderr
2023-12-16T21:33:27.601+0000 7fe3020b5700 1 -- 172.21.15.45:0/243422305 shutdown_connections
2023-12-16T21:33:28.120 INFO:teuthology.orchestra.run.smithi045.stdout:/usr/bin/ceph: stderr
2023-12-16T21:33:27.601+0000 7fe3020b5700 1 --2- 172.21.15.45:0/243422305 >> [v2:172.21.15.45:3300/0,v1:172.21.15.45:6789/0] conn(0x7fe2fc1011d0 0x7fe2fc1015e0 unknown :-1 s=CLOSED pgs=57 cs=0 l=1 rev1=1 crypto rx=0 tx=0 comp rx=0 tx=0).stop
2023-12-16T21:33:28.120 INFO:teuthology.orchestra.run.smithi045.stdout:/usr/bin/ceph: stderr
2023-12-16T21:33:27.601+0000 7fe3020b5700 1 -- 172.21.15.45:0/243422305 >> 172.21.15.45:0/243422305 conn(0x7fe2fc0fc970 msgr2=0x7fe2fc0fed80 unknown :-1 s=STATE_NONE l=0).mark_down
2023-12-16T21:33:28.120 INFO:teuthology.orchestra.run.smithi045.stdout:/usr/bin/ceph: stderr
2023-12-16T21:33:27.601+0000 7fe3020b5700 1 -- 172.21.15.45:0/243422305 shutdown_connections
2023-12-16T21:33:28.120 INFO:teuthology.orchestra.run.smithi045.stdout:/usr/bin/ceph: stderr
2023-12-16T21:33:27.601+0000 7fe3020b5700 1 -- 172.21.15.45:0/243422305 wait complete.
2023-12-16T21:33:28.120 INFO:teuthology.orchestra.run.smithi045.stdout:/usr/bin/ceph: stderr
2023-12-16T21:33:27.602+0000 7fe3020b5700 1 Processor -- start
2023-12-16T21:33:28.120 INFO:teuthology.orchestra.run.smithi045.stdout:/usr/bin/ceph: stderr
2023-12-16T21:33:27.602+0000 7fe3020b5700 1 -- start start
2023-12-16T21:33:28.121 INFO:teuthology.orchestra.run.smithi045.stdout:/usr/bin/ceph: stderr
2023-12-16T21:33:27.602+0000 7fe3020b5700 1 --2- >> [v2:172.21.15.45:3300/0,v1:172.21.15.45:6789/0] conn(0x7fe2fc1011d0 0x7fe2fc10ef60 unknown :-1 s=NONE pgs=0 cs=0 l=1 rev1=0 crypto rx=0 tx=0 comp rx=0 tx=0).connect
2023-12-16T21:33:28.121 INFO:teuthology.orchestra.run.smithi045.stdout:/usr/bin/ceph: stderr
2023-12-16T21:33:27.602+0000 7fe3020b5700 1 -- --> [v2:172.21.15.45:3300/0,v1:172.21.15.45:6789/0] -- mon_getmap magic: 0 v1 -- 0x7fe2fc10f4a0 con 0x7fe2fc1011d0
2023-12-16T21:33:28.121 INFO:teuthology.orchestra.run.smithi045.stdout:/usr/bin/ceph: stderr
2023-12-16T21:33:27.602+0000 7fe2fb7fe700 1 --2- >> [v2:172.21.15.45:3300/0,v1:172.21.15.45:6789/0] conn(0x7fe2fc1011d0 0x7fe2fc10ef60 unknown :-1 s=BANNER_CONNECTING pgs=0 cs=0 l=1 rev1=0 crypto rx=0 tx=0 comp rx=0 tx=0)._handle_peer_banner_payload supported=3 required=0
2023-12-16T21:33:28.121 INFO:teuthology.orchestra.run.smithi045.stdout:/usr/bin/ceph: stderr
2023-12-16T21:33:27.602+0000 7fe2fb7fe700 1 --2- >> [v2:172.21.15.45:3300/0,v1:172.21.15.45:6789/0] conn(0x7fe2fc1011d0 0x7fe2fc10ef60 unknown :-1 s=HELLO_CONNECTING pgs=0 cs=0 l=1 rev1=1 crypto rx=0 tx=0 comp rx=0 tx=0).handle_hello peer v2:172.21.15.45:3300/0 says I am v2:172.21.15.45:33032/0 (socket says 172.21.15.45:33032)
2023-12-16T21:33:28.121 INFO:teuthology.orchestra.run.smithi045.stdout:/usr/bin/ceph: stderr
2023-12-16T21:33:27.602+0000 7fe2fb7fe700 1 -- 172.21.15.45:0/952145566 learned_addr learned my addr 172.21.15.45:0/952145566 (peer_addr_for_me v2:172.21.15.45:0/0)
2023-12-16T21:33:28.121 INFO:teuthology.orchestra.run.smithi045.stdout:/usr/bin/ceph: stderr
2023-12-16T21:33:27.602+0000 7fe2fb7fe700 1 -- 172.21.15.45:0/952145566 --> [v2:172.21.15.45:3300/0,v1:172.21.15.45:6789/0] -- mon_subscribe({config=0+,monmap=0+}) v3 -- 0x7fe2ec00b790 con 0x7fe2fc1011d0
2023-12-16T21:33:28.121 INFO:teuthology.orchestra.run.smithi045.stdout:/usr/bin/ceph: stderr
2023-12-16T21:33:27.602+0000 7fe2fb7fe700 1 --2- 172.21.15.45:0/952145566 >> [v2:172.21.15.45:3300/0,v1:172.21.15.45:6789/0] conn(0x7fe2fc1011d0 0x7fe2fc10ef60 secure :-1 s=READY pgs=58 cs=0 l=1 rev1=1 crypto rx=0x7fe2ec0184f0 tx=0x7fe2ec00b4f0 comp rx=0 tx=0).ready entity=mon.0 client_cookie=0 server_cookie=0 in_seq=0 out_seq=0
2023-12-16T21:33:28.121 INFO:teuthology.orchestra.run.smithi045.stdout:/usr/bin/ceph: stderr
2023-12-16T21:33:27.603+0000 7fe2e3fff700 1 -- 172.21.15.45:0/952145566 <== mon.0 v2:172.21.15.45:3300/0 1 ==== mon_map magic: 0 v1 ==== 229+0+0 (secure 0 0 0) 0x7fe2ec010bd0 con 0x7fe2fc1011d0
2023-12-16T21:33:28.121 INFO:teuthology.orchestra.run.smithi045.stdout:/usr/bin/ceph: stderr
2023-12-16T21:33:27.603+0000 7fe2e3fff700 1 -- 172.21.15.45:0/952145566 <== mon.0 v2:172.21.15.45:3300/0 2 ==== config(26 keys) v1 ==== 1074+0+0 (secure 0 0 0) 0x7fe2ec01d050 con 0x7fe2fc1011d0
2023-12-16T21:33:28.121 INFO:teuthology.orchestra.run.smithi045.stdout:/usr/bin/ceph: stderr
2023-12-16T21:33:27.603+0000 7fe3020b5700 1 -- 172.21.15.45:0/952145566 --> [v2:172.21.15.45:3300/0,v1:172.21.15.45:6789/0] -- mon_subscribe({mgrmap=0+}) v3 -- 0x7fe2fc10f6a0 con 0x7fe2fc1011d0
2023-12-16T21:33:28.121 INFO:teuthology.orchestra.run.smithi045.stdout:/usr/bin/ceph: stderr
2023-12-16T21:33:27.603+0000 7fe2e3fff700 1 -- 172.21.15.45:0/952145566 <== mon.0 v2:172.21.15.45:3300/0 3 ==== mon_map magic: 0 v1 ==== 229+0+0 (secure 0 0 0) 0x7fe2ec022590 con 0x7fe2fc1011d0
2023-12-16T21:33:28.121 INFO:teuthology.orchestra.run.smithi045.stdout:/usr/bin/ceph: stderr
2023-12-16T21:33:27.603+0000 7fe3020b5700 1 -- 172.21.15.45:0/952145566 --> [v2:172.21.15.45:3300/0,v1:172.21.15.45:6789/0] -- mon_subscribe({osdmap=0}) v3 -- 0x7fe2fc10fab0 con 0x7fe2fc1011d0
2023-12-16T21:33:28.121 INFO:teuthology.orchestra.run.smithi045.stdout:/usr/bin/ceph: stderr
2023-12-16T21:33:27.604+0000 7fe2e3fff700 1 -- 172.21.15.45:0/952145566 <== mon.0 v2:172.21.15.45:3300/0 4 ==== mgrmap(e 8) v1 ==== 43281+0+0 (secure 0 0 0) 0x7fe2ec022850 con 0x7fe2fc1011d0
2023-12-16T21:33:28.121 INFO:teuthology.orchestra.run.smithi045.stdout:/usr/bin/ceph: stderr
2023-12-16T21:33:27.604+0000 7fe3020b5700 1 -- 172.21.15.45:0/952145566 --> [v2:172.21.15.45:3300/0,v1:172.21.15.45:6789/0] -- mon_command({"prefix": "get_command_descriptions"} v 0) v1 -- 0x7fe2fc04bb80 con 0x7fe2fc1011d0
2023-12-16T21:33:28.122 INFO:teuthology.orchestra.run.smithi045.stdout:/usr/bin/ceph: stderr
2023-12-16T21:33:27.604+0000 7fe2e3fff700 1 --2- 172.21.15.45:0/952145566 >> [v2:172.21.15.45:6800/2502560408,v1:172.21.15.45:6801/2502560408] conn(0x7fe2e40365f0 0x7fe2e4038aa0 unknown :-1 s=NONE pgs=0 cs=0 l=1 rev1=0 crypto rx=0 tx=0 comp rx=0 tx=0).connect
2023-12-16T21:33:28.122 INFO:teuthology.orchestra.run.smithi045.stdout:/usr/bin/ceph: stderr
2023-12-16T21:33:27.604+0000 7fe2e3fff700 1 -- 172.21.15.45:0/952145566 <== mon.0 v2:172.21.15.45:3300/0 5 ==== osd_map(2..2 src has 1..2) v4 ==== 936+0+0 (secure 0 0 0) 0x7fe2ec014070 con 0x7fe2fc1011d0
2023-12-16T21:33:28.122 INFO:teuthology.orchestra.run.smithi045.stdout:/usr/bin/ceph: stderr
2023-12-16T21:33:27.604+0000 7fe2faffd700 1 --2- 172.21.15.45:0/952145566 >> [v2:172.21.15.45:6800/2502560408,v1:172.21.15.45:6801/2502560408] conn(0x7fe2e40365f0 0x7fe2e4038aa0 unknown :-1 s=BANNER_CONNECTING pgs=0 cs=0 l=1 rev1=0 crypto rx=0 tx=0 comp rx=0 tx=0)._handle_peer_banner_payload supported=3 required=0
2023-12-16T21:33:28.122 INFO:teuthology.orchestra.run.smithi045.stdout:/usr/bin/ceph: stderr
2023-12-16T21:33:27.604+0000 7fe2faffd700 1 --2- 172.21.15.45:0/952145566 >> [v2:172.21.15.45:6800/2502560408,v1:172.21.15.45:6801/2502560408] conn(0x7fe2e40365f0 0x7fe2e4038aa0 secure :-1 s=READY pgs=17 cs=0 l=1 rev1=1 crypto rx=0x7fe2f0009990 tx=0x7fe2f0006e40 comp rx=0 tx=0).ready entity=mgr.14120 client_cookie=0 server_cookie=0 in_seq=0 out_seq=0
2023-12-16T21:33:28.122 INFO:teuthology.orchestra.run.smithi045.stdout:/usr/bin/ceph: stderr
2023-12-16T21:33:27.608+0000 7fe2e3fff700 1 -- 172.21.15.45:0/952145566 <== mon.0 v2:172.21.15.45:3300/0 6 ==== mon_command_ack([{"prefix": "get_command_descriptions"}]=0 v0) v1 ==== 72+0+174570 (secure 0 0 0) 0x7fe2ec021b90 con 0x7fe2fc1011d0
2023-12-16T21:33:28.122 INFO:teuthology.orchestra.run.smithi045.stdout:/usr/bin/ceph: stderr
2023-12-16T21:33:27.825+0000 7fe3020b5700 1 -- 172.21.15.45:0/952145566 --> [v2:172.21.15.45:6800/2502560408,v1:172.21.15.45:6801/2502560408] -- mgr_command(tid 0: {"prefix": "orch apply", "service_type": "node-exporter", "target": ["mon-mgr", ""]}) v1 -- 0x7fe2fc108c30 con 0x7fe2e40365f0
2023-12-16T21:33:28.122 INFO:teuthology.orchestra.run.smithi045.stdout:/usr/bin/ceph: stderr
2023-12-16T21:33:27.830+0000 7fe2e3fff700 1 -- 172.21.15.45:0/952145566 <== mgr.14120 v2:172.21.15.45:6800/2502560408 1 ==== mgr_command_reply(tid 0: 0 ) v1 ==== 8+0+34 (secure 0 0 0) 0x7fe2fc108c30 con 0x7fe2e40365f0
2023-12-16T21:33:28.122 INFO:teuthology.orchestra.run.smithi045.stdout:/usr/bin/ceph: stderr
2023-12-16T21:33:27.832+0000 7fe3020b5700 1 -- 172.21.15.45:0/952145566 >> [v2:172.21.15.45:6800/2502560408,v1:172.21.15.45:6801/2502560408] conn(0x7fe2e40365f0 msgr2=0x7fe2e4038aa0 secure :-1 s=STATE_CONNECTION_ESTABLISHED l=1).mark_down
2023-12-16T21:33:28.122 INFO:teuthology.orchestra.run.smithi045.stdout:/usr/bin/ceph: stderr
2023-12-16T21:33:27.832+0000 7fe3020b5700 1 --2- 172.21.15.45:0/952145566 >> [v2:172.21.15.45:6800/2502560408,v1:172.21.15.45:6801/2502560408] conn(0x7fe2e40365f0 0x7fe2e4038aa0 secure :-1 s=READY pgs=17 cs=0 l=1 rev1=1 crypto rx=0x7fe2f0009990 tx=0x7fe2f0006e40 comp rx=0 tx=0).stop
2023-12-16T21:33:28.122 INFO:teuthology.orchestra.run.smithi045.stdout:/usr/bin/ceph: stderr
2023-12-16T21:33:27.832+0000 7fe3020b5700 1 -- 172.21.15.45:0/952145566 >> [v2:172.21.15.45:3300/0,v1:172.21.15.45:6789/0] conn(0x7fe2fc1011d0 msgr2=0x7fe2fc10ef60 secure :-1 s=STATE_CONNECTION_ESTABLISHED l=1).mark_down
2023-12-16T21:33:28.122 INFO:teuthology.orchestra.run.smithi045.stdout:/usr/bin/ceph: stderr
2023-12-16T21:33:27.832+0000 7fe3020b5700 1 --2- 172.21.15.45:0/952145566 >> [v2:172.21.15.45:3300/0,v1:172.21.15.45:6789/0] conn(0x7fe2fc1011d0 0x7fe2fc10ef60 secure :-1 s=READY pgs=58 cs=0 l=1 rev1=1 crypto rx=0x7fe2ec0184f0 tx=0x7fe2ec00b4f0 comp rx=0 tx=0).stop
2023-12-16T21:33:28.123 INFO:teuthology.orchestra.run.smithi045.stdout:/usr/bin/ceph: stderr
2023-12-16T21:33:27.832+0000 7fe3020b5700 1 -- 172.21.15.45:0/952145566 shutdown_connections
2023-12-16T21:33:28.123 INFO:teuthology.orchestra.run.smithi045.stdout:/usr/bin/ceph: stderr
2023-12-16T21:33:27.832+0000 7fe3020b5700 1 --2- 172.21.15.45:0/952145566 >> [v2:172.21.15.45:6800/2502560408,v1:172.21.15.45:6801/2502560408] conn(0x7fe2e40365f0 0x7fe2e4038aa0 unknown :-1 s=CLOSED pgs=17 cs=0 l=1 rev1=1 crypto rx=0 tx=0 comp rx=0 tx=0).stop
2023-12-16T21:33:28.123 INFO:teuthology.orchestra.run.smithi045.stdout:/usr/bin/ceph: stderr
2023-12-16T21:33:27.832+0000 7fe3020b5700 1 --2- 172.21.15.45:0/952145566 >> [v2:172.21.15.45:3300/0,v1:172.21.15.45:6789/0] conn(0x7fe2fc1011d0 0x7fe2fc10ef60 unknown :-1 s=CLOSED pgs=58 cs=0 l=1 rev1=1 crypto rx=0 tx=0 comp rx=0 tx=0).stop
2023-12-16T21:33:28.123 INFO:teuthology.orchestra.run.smithi045.stdout:/usr/bin/ceph: stderr
2023-12-16T21:33:27.832+0000 7fe3020b5700 1 -- 172.21.15.45:0/952145566 >> 172.21.15.45:0/952145566 conn(0x7fe2fc0fc970 msgr2=0x7fe2fc105f40 unknown :-1 s=STATE_NONE l=0).mark_down
2023-12-16T21:33:28.123 INFO:teuthology.orchestra.run.smithi045.stdout:/usr/bin/ceph: stderr
2023-12-16T21:33:27.833+0000 7fe3020b5700 1 -- 172.21.15.45:0/952145566 shutdown_connections
2023-12-16T21:33:28.123 INFO:teuthology.orchestra.run.smithi045.stdout:/usr/bin/ceph: stderr
2023-12-16T21:33:27.833+0000 7fe3020b5700 1 -- 172.21.15.45:0/952145566 wait complete.
2023-12-16T21:33:28.123 INFO:teuthology.orchestra.run.smithi045.stdout:Deploying alertmanager service with default placement...
2023-12-16T21:33:28.394 INFO:journalctl@ceph.mon.smithi045.smithi045.stdout:Dec 16 21:33:28 smithi045 ceph-mon[80763]: from='client.14150 -' entity='client.admin' cmd=[{"prefix": "orch apply", "service_type": "grafana", "target": ["mon-mgr", ""]}]: dispatch
2023-12-16T21:33:28.394 INFO:journalctl@ceph.mon.smithi045.smithi045.stdout:Dec 16 21:33:28 smithi045 ceph-mon[80763]: Saving service grafana spec with placement count:1
2023-12-16T21:33:28.394 INFO:journalctl@ceph.mon.smithi045.smithi045.stdout:Dec 16 21:33:28 smithi045 ceph-mon[80763]: from='mgr.14120 172.21.15.45:0/902863156' entity='mgr.smithi045.nhtmwc'
2023-12-16T21:33:28.394 INFO:journalctl@ceph.mon.smithi045.smithi045.stdout:Dec 16 21:33:28 smithi045 ceph-mon[80763]: from='mgr.14120 172.21.15.45:0/902863156' entity='mgr.smithi045.nhtmwc'
2023-12-16T21:33:28.928 INFO:teuthology.orchestra.run.smithi045.stdout:/usr/bin/ceph: stdout Scheduled alertmanager update...
2023-12-16T21:33:28.928 INFO:teuthology.orchestra.run.smithi045.stdout:/usr/bin/ceph: stderr
2023-12-16T21:33:28.408+0000 7f5592a84700 1 Processor -- start
2023-12-16T21:33:28.929 INFO:teuthology.orchestra.run.smithi045.stdout:/usr/bin/ceph: stderr
2023-12-16T21:33:28.408+0000 7f5592a84700 1 -- start start
2023-12-16T21:33:28.929 INFO:teuthology.orchestra.run.smithi045.stdout:/usr/bin/ceph: stderr
2023-12-16T21:33:28.408+0000 7f5592a84700 1 --2- >> [v2:172.21.15.45:3300/0,v1:172.21.15.45:6789/0] conn(0x7f558c1027b0 0x7f558c102bc0 unknown :-1 s=NONE pgs=0 cs=0 l=0 rev1=0 crypto rx=0 tx=0 comp rx=0 tx=0).connect
2023-12-16T21:33:28.929 INFO:teuthology.orchestra.run.smithi045.stdout:/usr/bin/ceph: stderr
2023-12-16T21:33:28.408+0000 7f5592a84700 1 -- --> [v2:172.21.15.45:3300/0,v1:172.21.15.45:6789/0] -- mon_getmap magic: 0 v1 -- 0x7f558c103100 con 0x7f558c1027b0
2023-12-16T21:33:28.929 INFO:teuthology.orchestra.run.smithi045.stdout:/usr/bin/ceph: stderr
2023-12-16T21:33:28.408+0000 7f5590820700 1 --2- >> [v2:172.21.15.45:3300/0,v1:172.21.15.45:6789/0] conn(0x7f558c1027b0 0x7f558c102bc0 unknown :-1 s=BANNER_CONNECTING pgs=0 cs=0 l=0 rev1=0 crypto rx=0 tx=0 comp rx=0 tx=0)._handle_peer_banner_payload supported=3 required=0
2023-12-16T21:33:28.929 INFO:teuthology.orchestra.run.smithi045.stdout:/usr/bin/ceph: stderr
2023-12-16T21:33:28.408+0000 7f5590820700 1 --2- >> [v2:172.21.15.45:3300/0,v1:172.21.15.45:6789/0] conn(0x7f558c1027b0 0x7f558c102bc0 unknown :-1 s=HELLO_CONNECTING pgs=0 cs=0 l=0 rev1=1 crypto rx=0 tx=0 comp rx=0 tx=0).handle_hello peer v2:172.21.15.45:3300/0 says I am v2:172.21.15.45:33036/0 (socket says 172.21.15.45:33036)
2023-12-16T21:33:28.929 INFO:teuthology.orchestra.run.smithi045.stdout:/usr/bin/ceph: stderr
2023-12-16T21:33:28.408+0000 7f5590820700 1 -- 172.21.15.45:0/1513638893 learned_addr learned my addr 172.21.15.45:0/1513638893 (peer_addr_for_me v2:172.21.15.45:0/0)
2023-12-16T21:33:28.929 INFO:teuthology.orchestra.run.smithi045.stdout:/usr/bin/ceph: stderr
2023-12-16T21:33:28.409+0000 7f5590820700 1 -- 172.21.15.45:0/1513638893 --> [v2:172.21.15.45:3300/0,v1:172.21.15.45:6789/0] -- mon_subscribe({config=0+,monmap=0+}) v3 -- 0x7f558c103240 con 0x7f558c1027b0
2023-12-16T21:33:28.929 INFO:teuthology.orchestra.run.smithi045.stdout:/usr/bin/ceph: stderr
2023-12-16T21:33:28.409+0000 7f5590820700 1 --2- 172.21.15.45:0/1513638893 >> [v2:172.21.15.45:3300/0,v1:172.21.15.45:6789/0] conn(0x7f558c1027b0 0x7f558c102bc0 secure :-1 s=READY pgs=59 cs=0 l=1 rev1=1 crypto rx=0x7f558000bb80 tx=0x7f558000b4f0 comp rx=0 tx=0).ready entity=mon.0 client_cookie=44bcd6f580971092 server_cookie=0 in_seq=0 out_seq=0
2023-12-16T21:33:28.929 INFO:teuthology.orchestra.run.smithi045.stdout:/usr/bin/ceph: stderr
2023-12-16T21:33:28.409+0000 7f558b7fe700 1 -- 172.21.15.45:0/1513638893 <== mon.0 v2:172.21.15.45:3300/0 1 ==== mon_map magic: 0 v1 ==== 229+0+0 (secure 0 0 0) 0x7f558000dd00 con 0x7f558c1027b0
2023-12-16T21:33:28.929 INFO:teuthology.orchestra.run.smithi045.stdout:/usr/bin/ceph: stderr
2023-12-16T21:33:28.409+0000 7f558b7fe700 1 -- 172.21.15.45:0/1513638893 <== mon.0 v2:172.21.15.45:3300/0 2 ==== config(26 keys) v1 ==== 1074+0+0 (secure 0 0 0) 0x7f558000de60 con 0x7f558c1027b0
2023-12-16T21:33:28.929 INFO:teuthology.orchestra.run.smithi045.stdout:/usr/bin/ceph: stderr
2023-12-16T21:33:28.409+0000 7f558b7fe700 1 -- 172.21.15.45:0/1513638893 <== mon.0 v2:172.21.15.45:3300/0 3 ==== mon_map magic: 0 v1 ==== 229+0+0 (secure 0 0 0) 0x7f55800188d0 con 0x7f558c1027b0
2023-12-16T21:33:28.929 INFO:teuthology.orchestra.run.smithi045.stdout:/usr/bin/ceph: stderr
2023-12-16T21:33:28.409+0000 7f5592a84700 1 -- 172.21.15.45:0/1513638893 >> [v2:172.21.15.45:3300/0,v1:172.21.15.45:6789/0] conn(0x7f558c1027b0 msgr2=0x7f558c102bc0 secure :-1 s=STATE_CONNECTION_ESTABLISHED l=1).mark_down
2023-12-16T21:33:28.930 INFO:teuthology.orchestra.run.smithi045.stdout:/usr/bin/ceph: stderr
2023-12-16T21:33:28.409+0000 7f5592a84700 1 --2- 172.21.15.45:0/1513638893 >> [v2:172.21.15.45:3300/0,v1:172.21.15.45:6789/0] conn(0x7f558c1027b0 0x7f558c102bc0 secure :-1 s=READY pgs=59 cs=0 l=1 rev1=1 crypto rx=0x7f558000bb80 tx=0x7f558000b4f0 comp rx=0 tx=0).stop
2023-12-16T21:33:28.930 INFO:teuthology.orchestra.run.smithi045.stdout:/usr/bin/ceph: stderr
2023-12-16T21:33:28.410+0000 7f5592a84700 1 -- 172.21.15.45:0/1513638893 shutdown_connections
2023-12-16T21:33:28.930 INFO:teuthology.orchestra.run.smithi045.stdout:/usr/bin/ceph: stderr
2023-12-16T21:33:28.410+0000 7f5592a84700 1 --2- 172.21.15.45:0/1513638893 >> [v2:172.21.15.45:3300/0,v1:172.21.15.45:6789/0] conn(0x7f558c1027b0 0x7f558c102bc0 unknown :-1 s=CLOSED pgs=59 cs=0 l=1 rev1=1 crypto rx=0 tx=0 comp rx=0 tx=0).stop
2023-12-16T21:33:28.930 INFO:teuthology.orchestra.run.smithi045.stdout:/usr/bin/ceph: stderr
2023-12-16T21:33:28.410+0000 7f5592a84700 1 -- 172.21.15.45:0/1513638893 >> 172.21.15.45:0/1513638893 conn(0x7f558c0fc0b0 msgr2=0x7f558c0fe4e0 unknown :-1 s=STATE_NONE l=0).mark_down
2023-12-16T21:33:28.930 INFO:teuthology.orchestra.run.smithi045.stdout:/usr/bin/ceph: stderr
2023-12-16T21:33:28.410+0000 7f5592a84700 1 -- 172.21.15.45:0/1513638893 shutdown_connections
2023-12-16T21:33:28.930 INFO:teuthology.orchestra.run.smithi045.stdout:/usr/bin/ceph: stderr
2023-12-16T21:33:28.410+0000 7f5592a84700 1 -- 172.21.15.45:0/1513638893 wait complete.
2023-12-16T21:33:28.930 INFO:teuthology.orchestra.run.smithi045.stdout:/usr/bin/ceph: stderr
2023-12-16T21:33:28.410+0000 7f5592a84700 1 Processor -- start
2023-12-16T21:33:28.930 INFO:teuthology.orchestra.run.smithi045.stdout:/usr/bin/ceph: stderr
2023-12-16T21:33:28.410+0000 7f5592a84700 1 -- start start
2023-12-16T21:33:28.930 INFO:teuthology.orchestra.run.smithi045.stdout:/usr/bin/ceph: stderr
2023-12-16T21:33:28.411+0000 7f5592a84700 1 --2- >> [v2:172.21.15.45:3300/0,v1:172.21.15.45:6789/0] conn(0x7f558c1027b0 0x7f558c10ef40 unknown :-1 s=NONE pgs=0 cs=0 l=1 rev1=0 crypto rx=0 tx=0 comp rx=0 tx=0).connect
2023-12-16T21:33:28.930 INFO:teuthology.orchestra.run.smithi045.stdout:/usr/bin/ceph: stderr
2023-12-16T21:33:28.411+0000 7f5592a84700 1 -- --> [v2:172.21.15.45:3300/0,v1:172.21.15.45:6789/0] -- mon_getmap magic: 0 v1 -- 0x7f558c10f480 con 0x7f558c1027b0
2023-12-16T21:33:28.930 INFO:teuthology.orchestra.run.smithi045.stdout:/usr/bin/ceph: stderr
2023-12-16T21:33:28.411+0000 7f5590820700 1 --2- >> [v2:172.21.15.45:3300/0,v1:172.21.15.45:6789/0] conn(0x7f558c1027b0 0x7f558c10ef40 unknown :-1 s=BANNER_CONNECTING pgs=0 cs=0 l=1 rev1=0 crypto rx=0 tx=0 comp rx=0 tx=0)._handle_peer_banner_payload supported=3 required=0
2023-12-16T21:33:28.930 INFO:teuthology.orchestra.run.smithi045.stdout:/usr/bin/ceph: stderr
2023-12-16T21:33:28.411+0000 7f5590820700 1 --2- >> [v2:172.21.15.45:3300/0,v1:172.21.15.45:6789/0] conn(0x7f558c1027b0 0x7f558c10ef40 unknown :-1 s=HELLO_CONNECTING pgs=0 cs=0 l=1 rev1=1 crypto rx=0 tx=0 comp rx=0 tx=0).handle_hello peer v2:172.21.15.45:3300/0 says I am v2:172.21.15.45:33038/0 (socket says 172.21.15.45:33038)
2023-12-16T21:33:28.930 INFO:teuthology.orchestra.run.smithi045.stdout:/usr/bin/ceph: stderr
2023-12-16T21:33:28.411+0000 7f5590820700 1 -- 172.21.15.45:0/2157110132 learned_addr learned my addr 172.21.15.45:0/2157110132 (peer_addr_for_me v2:172.21.15.45:0/0)
2023-12-16T21:33:28.930 INFO:teuthology.orchestra.run.smithi045.stdout:/usr/bin/ceph: stderr
2023-12-16T21:33:28.411+0000 7f5590820700 1 -- 172.21.15.45:0/2157110132 --> [v2:172.21.15.45:3300/0,v1:172.21.15.45:6789/0] -- mon_subscribe({config=0+,monmap=0+}) v3 -- 0x7f558000b790 con 0x7f558c1027b0
2023-12-16T21:33:28.930 INFO:teuthology.orchestra.run.smithi045.stdout:/usr/bin/ceph: stderr
2023-12-16T21:33:28.411+0000 7f5590820700 1 --2- 172.21.15.45:0/2157110132 >> [v2:172.21.15.45:3300/0,v1:172.21.15.45:6789/0] conn(0x7f558c1027b0 0x7f558c10ef40 secure :-1 s=READY pgs=60 cs=0 l=1 rev1=1 crypto rx=0x7f55800184f0 tx=0x7f558000b4f0 comp rx=0 tx=0).ready entity=mon.0 client_cookie=0 server_cookie=0 in_seq=0 out_seq=0
2023-12-16T21:33:28.931 INFO:teuthology.orchestra.run.smithi045.stdout:/usr/bin/ceph: stderr
2023-12-16T21:33:28.411+0000 7f55897fa700 1 -- 172.21.15.45:0/2157110132 <== mon.0 v2:172.21.15.45:3300/0 1 ==== mon_map magic: 0 v1 ==== 229+0+0 (secure 0 0 0) 0x7f5580010b90 con 0x7f558c1027b0
2023-12-16T21:33:28.931 INFO:teuthology.orchestra.run.smithi045.stdout:/usr/bin/ceph: stderr
2023-12-16T21:33:28.411+0000 7f55897fa700 1 -- 172.21.15.45:0/2157110132 <== mon.0 v2:172.21.15.45:3300/0 2 ==== config(26 keys) v1 ==== 1074+0+0 (secure 0 0 0) 0x7f558001d050 con 0x7f558c1027b0
2023-12-16T21:33:28.931 INFO:teuthology.orchestra.run.smithi045.stdout:/usr/bin/ceph: stderr
2023-12-16T21:33:28.411+0000 7f5592a84700 1 -- 172.21.15.45:0/2157110132 --> [v2:172.21.15.45:3300/0,v1:172.21.15.45:6789/0] -- mon_subscribe({mgrmap=0+}) v3 -- 0x7f558c10f680 con 0x7f558c1027b0
2023-12-16T21:33:28.931 INFO:teuthology.orchestra.run.smithi045.stdout:/usr/bin/ceph: stderr
2023-12-16T21:33:28.411+0000 7f55897fa700 1 -- 172.21.15.45:0/2157110132 <== mon.0 v2:172.21.15.45:3300/0 3 ==== mon_map magic: 0 v1 ==== 229+0+0 (secure 0 0 0) 0x7f5580022590 con 0x7f558c1027b0
2023-12-16T21:33:28.931 INFO:teuthology.orchestra.run.smithi045.stdout:/usr/bin/ceph: stderr
2023-12-16T21:33:28.411+0000 7f5592a84700 1 -- 172.21.15.45:0/2157110132 --> [v2:172.21.15.45:3300/0,v1:172.21.15.45:6789/0] -- mon_subscribe({osdmap=0}) v3 -- 0x7f558c10fa90 con 0x7f558c1027b0
2023-12-16T21:33:28.931 INFO:teuthology.orchestra.run.smithi045.stdout:/usr/bin/ceph: stderr
2023-12-16T21:33:28.412+0000 7f55897fa700 1 -- 172.21.15.45:0/2157110132 <== mon.0 v2:172.21.15.45:3300/0 4 ==== mgrmap(e 8) v1 ==== 43281+0+0 (secure 0 0 0) 0x7f5580022800 con 0x7f558c1027b0
2023-12-16T21:33:28.931 INFO:teuthology.orchestra.run.smithi045.stdout:/usr/bin/ceph: stderr
2023-12-16T21:33:28.412+0000 7f5592a84700 1 -- 172.21.15.45:0/2157110132 --> [v2:172.21.15.45:3300/0,v1:172.21.15.45:6789/0] -- mon_command({"prefix": "get_command_descriptions"} v 0) v1 -- 0x7f558c04bb80 con 0x7f558c1027b0
2023-12-16T21:33:28.931 INFO:teuthology.orchestra.run.smithi045.stdout:/usr/bin/ceph: stderr
2023-12-16T21:33:28.412+0000 7f55897fa700 1 --2- 172.21.15.45:0/2157110132 >> [v2:172.21.15.45:6800/2502560408,v1:172.21.15.45:6801/2502560408] conn(0x7f557c036640 0x7f557c038af0 unknown :-1 s=NONE pgs=0 cs=0 l=1 rev1=0 crypto rx=0 tx=0 comp rx=0 tx=0).connect
2023-12-16T21:33:28.931 INFO:teuthology.orchestra.run.smithi045.stdout:/usr/bin/ceph: stderr
2023-12-16T21:33:28.412+0000 7f55897fa700 1 -- 172.21.15.45:0/2157110132 <== mon.0 v2:172.21.15.45:3300/0 5 ==== osd_map(2..2 src has 1..2) v4 ==== 936+0+0 (secure 0 0 0) 0x7f5580014070 con 0x7f558c1027b0
2023-12-16T21:33:28.931 INFO:teuthology.orchestra.run.smithi045.stdout:/usr/bin/ceph: stderr
2023-12-16T21:33:28.413+0000 7f558bfff700 1 --2- 172.21.15.45:0/2157110132 >> [v2:172.21.15.45:6800/2502560408,v1:172.21.15.45:6801/2502560408] conn(0x7f557c036640 0x7f557c038af0 unknown :-1 s=BANNER_CONNECTING pgs=0 cs=0 l=1 rev1=0 crypto rx=0 tx=0 comp rx=0 tx=0)._handle_peer_banner_payload supported=3 required=0
2023-12-16T21:33:28.931 INFO:teuthology.orchestra.run.smithi045.stdout:/usr/bin/ceph: stderr
2023-12-16T21:33:28.413+0000 7f558bfff700 1 --2- 172.21.15.45:0/2157110132 >> [v2:172.21.15.45:6800/2502560408,v1:172.21.15.45:6801/2502560408] conn(0x7f557c036640 0x7f557c038af0 secure :-1 s=READY pgs=18 cs=0 l=1 rev1=1 crypto rx=0x7f5578009990 tx=0x7f5578006e40 comp rx=0 tx=0).ready entity=mgr.14120 client_cookie=0 server_cookie=0 in_seq=0 out_seq=0
2023-12-16T21:33:28.931 INFO:teuthology.orchestra.run.smithi045.stdout:/usr/bin/ceph: stderr
2023-12-16T21:33:28.417+0000 7f55897fa700 1 -- 172.21.15.45:0/2157110132 <== mon.0 v2:172.21.15.45:3300/0 6 ==== mon_command_ack([{"prefix": "get_command_descriptions"}]=0 v0) v1 ==== 72+0+174570 (secure 0 0 0) 0x7f558007ea00 con 0x7f558c1027b0
2023-12-16T21:33:28.931 INFO:teuthology.orchestra.run.smithi045.stdout:/usr/bin/ceph: stderr
2023-12-16T21:33:28.640+0000 7f5592a84700 1 -- 172.21.15.45:0/2157110132 --> [v2:172.21.15.45:6800/2502560408,v1:172.21.15.45:6801/2502560408] -- mgr_command(tid 0: {"prefix": "orch apply", "service_type": "alertmanager", "target": ["mon-mgr", ""]}) v1 -- 0x7f558c0008d0 con 0x7f557c036640
2023-12-16T21:33:28.931 INFO:teuthology.orchestra.run.smithi045.stdout:/usr/bin/ceph: stderr
2023-12-16T21:33:28.644+0000 7f55897fa700 1 -- 172.21.15.45:0/2157110132 <== mgr.14120 v2:172.21.15.45:6800/2502560408 1 ==== mgr_command_reply(tid 0: 0 ) v1 ==== 8+0+33 (secure 0 0 0) 0x7f558c0008d0 con 0x7f557c036640
2023-12-16T21:33:28.932 INFO:teuthology.orchestra.run.smithi045.stdout:/usr/bin/ceph: stderr
2023-12-16T21:33:28.646+0000 7f5592a84700 1 -- 172.21.15.45:0/2157110132 >> [v2:172.21.15.45:6800/2502560408,v1:172.21.15.45:6801/2502560408] conn(0x7f557c036640 msgr2=0x7f557c038af0 secure :-1 s=STATE_CONNECTION_ESTABLISHED l=1).mark_down
2023-12-16T21:33:28.932 INFO:teuthology.orchestra.run.smithi045.stdout:/usr/bin/ceph: stderr
2023-12-16T21:33:28.646+0000 7f5592a84700 1 --2- 172.21.15.45:0/2157110132 >> [v2:172.21.15.45:6800/2502560408,v1:172.21.15.45:6801/2502560408] conn(0x7f557c036640 0x7f557c038af0 secure :-1 s=READY pgs=18 cs=0 l=1 rev1=1 crypto rx=0x7f5578009990 tx=0x7f5578006e40 comp rx=0 tx=0).stop
2023-12-16T21:33:28.932 INFO:teuthology.orchestra.run.smithi045.stdout:/usr/bin/ceph: stderr
