2023-12-16T21:33:39.594+0000 7f794d978700 1 --2- >> [v2:172.21.15.45:3300/0,v1:172.21.15.45:6789/0] conn(0x7f7948103990 0x7f79481031d0 unknown :-1 s=NONE pgs=0 cs=0 l=1 rev1=0 crypto rx=0 tx=0 comp rx=0 tx=0).connect
2023-12-16T21:33:40.194 INFO:teuthology.orchestra.run.smithi045.stdout:/usr/bin/ceph: stderr
2023-12-16T21:33:39.594+0000 7f794d978700 1 -- --> [v2:172.21.15.45:3300/0,v1:172.21.15.45:6789/0] -- mon_getmap magic: 0 v1 -- 0x7f7948101650 con 0x7f7948103990
2023-12-16T21:33:40.194 INFO:teuthology.orchestra.run.smithi045.stdout:/usr/bin/ceph: stderr
2023-12-16T21:33:39.594+0000 7f7946ffd700 1 --2- >> [v2:172.21.15.45:3300/0,v1:172.21.15.45:6789/0] conn(0x7f7948103990 0x7f79481031d0 unknown :-1 s=BANNER_CONNECTING pgs=0 cs=0 l=1 rev1=0 crypto rx=0 tx=0 comp rx=0 tx=0)._handle_peer_banner_payload supported=3 required=0
2023-12-16T21:33:40.194 INFO:teuthology.orchestra.run.smithi045.stdout:/usr/bin/ceph: stderr
2023-12-16T21:33:39.594+0000 7f7946ffd700 1 --2- >> [v2:172.21.15.45:3300/0,v1:172.21.15.45:6789/0] conn(0x7f7948103990 0x7f79481031d0 unknown :-1 s=HELLO_CONNECTING pgs=0 cs=0 l=1 rev1=1 crypto rx=0 tx=0 comp rx=0 tx=0).handle_hello peer v2:172.21.15.45:3300/0 says I am v2:172.21.15.45:57710/0 (socket says 172.21.15.45:57710)
2023-12-16T21:33:40.194 INFO:teuthology.orchestra.run.smithi045.stdout:/usr/bin/ceph: stderr
2023-12-16T21:33:39.594+0000 7f7946ffd700 1 -- 172.21.15.45:0/2295179010 learned_addr learned my addr 172.21.15.45:0/2295179010 (peer_addr_for_me v2:172.21.15.45:0/0)
2023-12-16T21:33:40.195 INFO:teuthology.orchestra.run.smithi045.stdout:/usr/bin/ceph: stderr
2023-12-16T21:33:39.594+0000 7f7946ffd700 1 -- 172.21.15.45:0/2295179010 --> [v2:172.21.15.45:3300/0,v1:172.21.15.45:6789/0] -- mon_subscribe({config=0+,monmap=0+}) v3 -- 0x7f79300094f0 con 0x7f7948103990
2023-12-16T21:33:40.195 INFO:teuthology.orchestra.run.smithi045.stdout:/usr/bin/ceph: stderr
2023-12-16T21:33:39.595+0000 7f7946ffd700 1 --2- 172.21.15.45:0/2295179010 >> [v2:172.21.15.45:3300/0,v1:172.21.15.45:6789/0] conn(0x7f7948103990 0x7f79481031d0 secure :-1 s=READY pgs=81 cs=0 l=1 rev1=1 crypto rx=0x7f7930011b60 tx=0x7f7930009250 comp rx=0 tx=0).ready entity=mon.0 client_cookie=0 server_cookie=0 in_seq=0 out_seq=0
2023-12-16T21:33:40.195 INFO:teuthology.orchestra.run.smithi045.stdout:/usr/bin/ceph: stderr
2023-12-16T21:33:39.595+0000 7f793f7fe700 1 -- 172.21.15.45:0/2295179010 <== mon.0 v2:172.21.15.45:3300/0 1 ==== mon_map magic: 0 v1 ==== 229+0+0 (secure 0 0 0) 0x7f7930010850 con 0x7f7948103990
2023-12-16T21:33:40.195 INFO:teuthology.orchestra.run.smithi045.stdout:/usr/bin/ceph: stderr
2023-12-16T21:33:39.595+0000 7f793f7fe700 1 -- 172.21.15.45:0/2295179010 <== mon.0 v2:172.21.15.45:3300/0 2 ==== config(26 keys) v1 ==== 1074+0+0 (secure 0 0 0) 0x7f7930010e60 con 0x7f7948103990
2023-12-16T21:33:40.195 INFO:teuthology.orchestra.run.smithi045.stdout:/usr/bin/ceph: stderr
2023-12-16T21:33:39.595+0000 7f794d978700 1 -- 172.21.15.45:0/2295179010 --> [v2:172.21.15.45:3300/0,v1:172.21.15.45:6789/0] -- mon_subscribe({mgrmap=0+}) v3 -- 0x7f7948101850 con 0x7f7948103990
2023-12-16T21:33:40.195 INFO:teuthology.orchestra.run.smithi045.stdout:/usr/bin/ceph: stderr
2023-12-16T21:33:39.595+0000 7f793f7fe700 1 -- 172.21.15.45:0/2295179010 <== mon.0 v2:172.21.15.45:3300/0 3 ==== mon_map magic: 0 v1 ==== 229+0+0 (secure 0 0 0) 0x7f793001ae20 con 0x7f7948103990
2023-12-16T21:33:40.195 INFO:teuthology.orchestra.run.smithi045.stdout:/usr/bin/ceph: stderr
2023-12-16T21:33:39.595+0000 7f794d978700 1 -- 172.21.15.45:0/2295179010 --> [v2:172.21.15.45:3300/0,v1:172.21.15.45:6789/0] -- mon_subscribe({osdmap=0}) v3 -- 0x7f7948101c60 con 0x7f7948103990
2023-12-16T21:33:40.195 INFO:teuthology.orchestra.run.smithi045.stdout:/usr/bin/ceph: stderr
2023-12-16T21:33:39.596+0000 7f793f7fe700 1 -- 172.21.15.45:0/2295179010 <== mon.0 v2:172.21.15.45:3300/0 4 ==== mgrmap(e 11) v1 ==== 43188+0+0 (secure 0 0 0) 0x7f793002d3f0 con 0x7f7948103990
2023-12-16T21:33:40.195 INFO:teuthology.orchestra.run.smithi045.stdout:/usr/bin/ceph: stderr
2023-12-16T21:33:39.596+0000 7f794d978700 1 -- 172.21.15.45:0/2295179010 --> [v2:172.21.15.45:3300/0,v1:172.21.15.45:6789/0] -- mon_command({"prefix": "get_command_descriptions"} v 0) v1 -- 0x7f794804bb80 con 0x7f7948103990
2023-12-16T21:33:40.195 INFO:teuthology.orchestra.run.smithi045.stdout:/usr/bin/ceph: stderr
2023-12-16T21:33:39.596+0000 7f793f7fe700 1 --2- 172.21.15.45:0/2295179010 >> [v2:172.21.15.45:6800/2215417738,v1:172.21.15.45:6801/2215417738] conn(0x7f7934036510 0x7f79340389c0 unknown :-1 s=NONE pgs=0 cs=0 l=1 rev1=0 crypto rx=0 tx=0 comp rx=0 tx=0).connect
2023-12-16T21:33:40.195 INFO:teuthology.orchestra.run.smithi045.stdout:/usr/bin/ceph: stderr
2023-12-16T21:33:39.596+0000 7f793f7fe700 1 -- 172.21.15.45:0/2295179010 <== mon.0 v2:172.21.15.45:3300/0 5 ==== osd_map(3..3 src has 1..3) v4 ==== 1151+0+0 (secure 0 0 0) 0x7f793004a1c0 con 0x7f7948103990
2023-12-16T21:33:40.195 INFO:teuthology.orchestra.run.smithi045.stdout:/usr/bin/ceph: stderr
2023-12-16T21:33:39.596+0000 7f79467fc700 1 --2- 172.21.15.45:0/2295179010 >> [v2:172.21.15.45:6800/2215417738,v1:172.21.15.45:6801/2215417738] conn(0x7f7934036510 0x7f79340389c0 unknown :-1 s=BANNER_CONNECTING pgs=0 cs=0 l=1 rev1=0 crypto rx=0 tx=0 comp rx=0 tx=0)._handle_peer_banner_payload supported=3 required=0
2023-12-16T21:33:40.195 INFO:teuthology.orchestra.run.smithi045.stdout:/usr/bin/ceph: stderr
2023-12-16T21:33:39.597+0000 7f79467fc700 1 --2- 172.21.15.45:0/2295179010 >> [v2:172.21.15.45:6800/2215417738,v1:172.21.15.45:6801/2215417738] conn(0x7f7934036510 0x7f79340389c0 secure :-1 s=READY pgs=7 cs=0 l=1 rev1=1 crypto rx=0x7f7938009990 tx=0x7f7938006e40 comp rx=0 tx=0).ready entity=mgr.14162 client_cookie=0 server_cookie=0 in_seq=0 out_seq=0
2023-12-16T21:33:40.195 INFO:teuthology.orchestra.run.smithi045.stdout:/usr/bin/ceph: stderr
2023-12-16T21:33:39.601+0000 7f793f7fe700 1 -- 172.21.15.45:0/2295179010 <== mon.0 v2:172.21.15.45:3300/0 6 ==== mon_command_ack([{"prefix": "get_command_descriptions"}]=0 v0) v1 ==== 72+0+174570 (secure 0 0 0) 0x7f793002b6b0 con 0x7f7948103990
2023-12-16T21:33:40.196 INFO:teuthology.orchestra.run.smithi045.stdout:/usr/bin/ceph: stderr
2023-12-16T21:33:39.846+0000 7f794d978700 1 -- 172.21.15.45:0/2295179010 --> [v2:172.21.15.45:6800/2215417738,v1:172.21.15.45:6801/2215417738] -- mgr_command(tid 0: {"prefix": "dashboard create-self-signed-cert", "target": ["mon-mgr", ""]}) v1 -- 0x7f794810ae20 con 0x7f7934036510
2023-12-16T21:33:40.196 INFO:teuthology.orchestra.run.smithi045.stdout:/usr/bin/ceph: stderr
2023-12-16T21:33:39.939+0000 7f793f7fe700 1 -- 172.21.15.45:0/2295179010 <== mgr.14162 v2:172.21.15.45:6800/2215417738 1 ==== mgr_command_reply(tid 0: 0 ) v1 ==== 8+0+32 (secure 0 0 0) 0x7f794810ae20 con 0x7f7934036510
2023-12-16T21:33:40.196 INFO:teuthology.orchestra.run.smithi045.stdout:/usr/bin/ceph: stderr
2023-12-16T21:33:39.941+0000 7f794d978700 1 -- 172.21.15.45:0/2295179010 >> [v2:172.21.15.45:6800/2215417738,v1:172.21.15.45:6801/2215417738] conn(0x7f7934036510 msgr2=0x7f79340389c0 secure :-1 s=STATE_CONNECTION_ESTABLISHED l=1).mark_down
2023-12-16T21:33:40.196 INFO:teuthology.orchestra.run.smithi045.stdout:/usr/bin/ceph: stderr
2023-12-16T21:33:39.941+0000 7f794d978700 1 --2- 172.21.15.45:0/2295179010 >> [v2:172.21.15.45:6800/2215417738,v1:172.21.15.45:6801/2215417738] conn(0x7f7934036510 0x7f79340389c0 secure :-1 s=READY pgs=7 cs=0 l=1 rev1=1 crypto rx=0x7f7938009990 tx=0x7f7938006e40 comp rx=0 tx=0).stop
2023-12-16T21:33:40.196 INFO:teuthology.orchestra.run.smithi045.stdout:/usr/bin/ceph: stderr
2023-12-16T21:33:39.941+0000 7f794d978700 1 -- 172.21.15.45:0/2295179010 >> [v2:172.21.15.45:3300/0,v1:172.21.15.45:6789/0] conn(0x7f7948103990 msgr2=0x7f79481031d0 secure :-1 s=STATE_CONNECTION_ESTABLISHED l=1).mark_down
2023-12-16T21:33:40.196 INFO:teuthology.orchestra.run.smithi045.stdout:/usr/bin/ceph: stderr
2023-12-16T21:33:39.941+0000 7f794d978700 1 --2- 172.21.15.45:0/2295179010 >> [v2:172.21.15.45:3300/0,v1:172.21.15.45:6789/0] conn(0x7f7948103990 0x7f79481031d0 secure :-1 s=READY pgs=81 cs=0 l=1 rev1=1 crypto rx=0x7f7930011b60 tx=0x7f7930009250 comp rx=0 tx=0).stop
2023-12-16T21:33:40.196 INFO:teuthology.orchestra.run.smithi045.stdout:/usr/bin/ceph: stderr
2023-12-16T21:33:39.941+0000 7f794d978700 1 -- 172.21.15.45:0/2295179010 shutdown_connections
2023-12-16T21:33:40.196 INFO:teuthology.orchestra.run.smithi045.stdout:/usr/bin/ceph: stderr
2023-12-16T21:33:39.941+0000 7f794d978700 1 --2- 172.21.15.45:0/2295179010 >> [v2:172.21.15.45:6800/2215417738,v1:172.21.15.45:6801/2215417738] conn(0x7f7934036510 0x7f79340389c0 unknown :-1 s=CLOSED pgs=7 cs=0 l=1 rev1=1 crypto rx=0 tx=0 comp rx=0 tx=0).stop
2023-12-16T21:33:40.196 INFO:teuthology.orchestra.run.smithi045.stdout:/usr/bin/ceph: stderr
2023-12-16T21:33:39.941+0000 7f794d978700 1 --2- 172.21.15.45:0/2295179010 >> [v2:172.21.15.45:3300/0,v1:172.21.15.45:6789/0] conn(0x7f7948103990 0x7f79481031d0 unknown :-1 s=CLOSED pgs=81 cs=0 l=1 rev1=1 crypto rx=0 tx=0 comp rx=0 tx=0).stop
2023-12-16T21:33:40.196 INFO:teuthology.orchestra.run.smithi045.stdout:/usr/bin/ceph: stderr
2023-12-16T21:33:39.941+0000 7f794d978700 1 -- 172.21.15.45:0/2295179010 >> 172.21.15.45:0/2295179010 conn(0x7f79480fc0b0 msgr2=0x7f79480fe490 unknown :-1 s=STATE_NONE l=0).mark_down
2023-12-16T21:33:40.196 INFO:teuthology.orchestra.run.smithi045.stdout:/usr/bin/ceph: stderr
2023-12-16T21:33:39.941+0000 7f794d978700 1 -- 172.21.15.45:0/2295179010 shutdown_connections
2023-12-16T21:33:40.196 INFO:teuthology.orchestra.run.smithi045.stdout:/usr/bin/ceph: stderr
2023-12-16T21:33:39.941+0000 7f794d978700 1 -- 172.21.15.45:0/2295179010 wait complete.
2023-12-16T21:33:40.196 INFO:teuthology.orchestra.run.smithi045.stdout:Creating initial admin user...
2023-12-16T21:33:40.475 INFO:journalctl@ceph.mon.smithi045.smithi045.stdout:Dec 16 21:33:40 smithi045 ceph-mon[80763]: [16/Dec/2023:21:33:39] ENGINE Bus STARTING
2023-12-16T21:33:40.476 INFO:journalctl@ceph.mon.smithi045.smithi045.stdout:Dec 16 21:33:40 smithi045 ceph-mon[80763]: [16/Dec/2023:21:33:39] ENGINE Serving on https://172.21.15.45:7150
2023-12-16T21:33:40.476 INFO:journalctl@ceph.mon.smithi045.smithi045.stdout:Dec 16 21:33:40 smithi045 ceph-mon[80763]: [16/Dec/2023:21:33:39] ENGINE Bus STARTED
2023-12-16T21:33:40.476 INFO:journalctl@ceph.mon.smithi045.smithi045.stdout:Dec 16 21:33:40 smithi045 ceph-mon[80763]: from='mgr.14162 172.21.15.45:0/142909557' entity='mgr.smithi045.nhtmwc'
2023-12-16T21:33:40.476 INFO:journalctl@ceph.mon.smithi045.smithi045.stdout:Dec 16 21:33:40 smithi045 ceph-mon[80763]: from='mgr.14162 172.21.15.45:0/142909557' entity='mgr.smithi045.nhtmwc'
2023-12-16T21:33:40.476 INFO:journalctl@ceph.mon.smithi045.smithi045.stdout:Dec 16 21:33:40 smithi045 ceph-mon[80763]: from='mgr.14162 172.21.15.45:0/142909557' entity='mgr.smithi045.nhtmwc'
2023-12-16T21:33:40.476 INFO:journalctl@ceph.mon.smithi045.smithi045.stdout:Dec 16 21:33:40 smithi045 ceph-mon[80763]: from='mgr.14162 172.21.15.45:0/142909557' entity='mgr.smithi045.nhtmwc'
2023-12-16T21:33:41.210 INFO:teuthology.orchestra.run.smithi045.stdout:/usr/bin/ceph: stdout {"username": "admin", "password": "$2b$12$6eKsIsGrp.VoG3jI5gfjnuC0bT/T9zgFbEvt/DUQxOeUR3My1D/DK", "roles": ["administrator"], "name": null, "email": null, "lastUpdate": 1702762420, "enabled": true, "pwdExpirationDate": null, "pwdUpdateRequired": true}
2023-12-16T21:33:41.210 INFO:teuthology.orchestra.run.smithi045.stdout:/usr/bin/ceph: stderr
2023-12-16T21:33:40.493+0000 7fb8024a0700 1 Processor -- start
2023-12-16T21:33:41.210 INFO:teuthology.orchestra.run.smithi045.stdout:/usr/bin/ceph: stderr
2023-12-16T21:33:40.493+0000 7fb8024a0700 1 -- start start
2023-12-16T21:33:41.210 INFO:teuthology.orchestra.run.smithi045.stdout:/usr/bin/ceph: stderr
2023-12-16T21:33:40.493+0000 7fb8024a0700 1 --2- >> [v2:172.21.15.45:3300/0,v1:172.21.15.45:6789/0] conn(0x7fb7fc1011d0 0x7fb7fc1015e0 unknown :-1 s=NONE pgs=0 cs=0 l=0 rev1=0 crypto rx=0 tx=0 comp rx=0 tx=0).connect
2023-12-16T21:33:41.210 INFO:teuthology.orchestra.run.smithi045.stdout:/usr/bin/ceph: stderr
2023-12-16T21:33:40.493+0000 7fb8024a0700 1 -- --> [v2:172.21.15.45:3300/0,v1:172.21.15.45:6789/0] -- mon_getmap magic: 0 v1 -- 0x7fb7fc101b20 con 0x7fb7fc1011d0
2023-12-16T21:33:41.210 INFO:teuthology.orchestra.run.smithi045.stdout:/usr/bin/ceph: stderr
2023-12-16T21:33:40.493+0000 7fb7fbfff700 1 --2- >> [v2:172.21.15.45:3300/0,v1:172.21.15.45:6789/0] conn(0x7fb7fc1011d0 0x7fb7fc1015e0 unknown :-1 s=BANNER_CONNECTING pgs=0 cs=0 l=0 rev1=0 crypto rx=0 tx=0 comp rx=0 tx=0)._handle_peer_banner_payload supported=3 required=0
2023-12-16T21:33:41.210 INFO:teuthology.orchestra.run.smithi045.stdout:/usr/bin/ceph: stderr
2023-12-16T21:33:40.493+0000 7fb7fbfff700 1 --2- >> [v2:172.21.15.45:3300/0,v1:172.21.15.45:6789/0] conn(0x7fb7fc1011d0 0x7fb7fc1015e0 unknown :-1 s=HELLO_CONNECTING pgs=0 cs=0 l=0 rev1=1 crypto rx=0 tx=0 comp rx=0 tx=0).handle_hello peer v2:172.21.15.45:3300/0 says I am v2:172.21.15.45:57718/0 (socket says 172.21.15.45:57718)
2023-12-16T21:33:41.210 INFO:teuthology.orchestra.run.smithi045.stdout:/usr/bin/ceph: stderr
2023-12-16T21:33:40.493+0000 7fb7fbfff700 1 -- 172.21.15.45:0/1231703181 learned_addr learned my addr 172.21.15.45:0/1231703181 (peer_addr_for_me v2:172.21.15.45:0/0)
2023-12-16T21:33:41.210 INFO:teuthology.orchestra.run.smithi045.stdout:/usr/bin/ceph: stderr
2023-12-16T21:33:40.493+0000 7fb7fbfff700 1 -- 172.21.15.45:0/1231703181 --> [v2:172.21.15.45:3300/0,v1:172.21.15.45:6789/0] -- mon_subscribe({config=0+,monmap=0+}) v3 -- 0x7fb7fc101c60 con 0x7fb7fc1011d0
2023-12-16T21:33:41.211 INFO:teuthology.orchestra.run.smithi045.stdout:/usr/bin/ceph: stderr
2023-12-16T21:33:40.494+0000 7fb7fbfff700 1 --2- 172.21.15.45:0/1231703181 >> [v2:172.21.15.45:3300/0,v1:172.21.15.45:6789/0] conn(0x7fb7fc1011d0 0x7fb7fc1015e0 secure :-1 s=READY pgs=82 cs=0 l=1 rev1=1 crypto rx=0x7fb7ec0098e0 tx=0x7fb7ec009250 comp rx=0 tx=0).ready entity=mon.0 client_cookie=861b4b56bb735f9b server_cookie=0 in_seq=0 out_seq=0
2023-12-16T21:33:41.211 INFO:teuthology.orchestra.run.smithi045.stdout:/usr/bin/ceph: stderr
2023-12-16T21:33:40.494+0000 7fb7faffd700 1 -- 172.21.15.45:0/1231703181 <== mon.0 v2:172.21.15.45:3300/0 1 ==== mon_map magic: 0 v1 ==== 229+0+0 (secure 0 0 0) 0x7fb7ec00b860 con 0x7fb7fc1011d0
2023-12-16T21:33:41.211 INFO:teuthology.orchestra.run.smithi045.stdout:/usr/bin/ceph: stderr
2023-12-16T21:33:40.494+0000 7fb7faffd700 1 -- 172.21.15.45:0/1231703181 <== mon.0 v2:172.21.15.45:3300/0 2 ==== config(26 keys) v1 ==== 1074+0+0 (secure 0 0 0) 0x7fb7ec00be70 con 0x7fb7fc1011d0
2023-12-16T21:33:41.211 INFO:teuthology.orchestra.run.smithi045.stdout:/usr/bin/ceph: stderr
2023-12-16T21:33:40.494+0000 7fb7faffd700 1 -- 172.21.15.45:0/1231703181 <== mon.0 v2:172.21.15.45:3300/0 3 ==== mon_map magic: 0 v1 ==== 229+0+0 (secure 0 0 0) 0x7fb7ec010380 con 0x7fb7fc1011d0
2023-12-16T21:33:41.211 INFO:teuthology.orchestra.run.smithi045.stdout:/usr/bin/ceph: stderr
2023-12-16T21:33:40.494+0000 7fb8024a0700 1 -- 172.21.15.45:0/1231703181 >> [v2:172.21.15.45:3300/0,v1:172.21.15.45:6789/0] conn(0x7fb7fc1011d0 msgr2=0x7fb7fc1015e0 secure :-1 s=STATE_CONNECTION_ESTABLISHED l=1).mark_down
2023-12-16T21:33:41.211 INFO:teuthology.orchestra.run.smithi045.stdout:/usr/bin/ceph: stderr
2023-12-16T21:33:40.494+0000 7fb8024a0700 1 --2- 172.21.15.45:0/1231703181 >> [v2:172.21.15.45:3300/0,v1:172.21.15.45:6789/0] conn(0x7fb7fc1011d0 0x7fb7fc1015e0 secure :-1 s=READY pgs=82 cs=0 l=1 rev1=1 crypto rx=0x7fb7ec0098e0 tx=0x7fb7ec009250 comp rx=0 tx=0).stop
2023-12-16T21:33:41.211 INFO:teuthology.orchestra.run.smithi045.stdout:/usr/bin/ceph: stderr
2023-12-16T21:33:40.494+0000 7fb8024a0700 1 -- 172.21.15.45:0/1231703181 shutdown_connections
2023-12-16T21:33:41.211 INFO:teuthology.orchestra.run.smithi045.stdout:/usr/bin/ceph: stderr
2023-12-16T21:33:40.494+0000 7fb8024a0700 1 --2- 172.21.15.45:0/1231703181 >> [v2:172.21.15.45:3300/0,v1:172.21.15.45:6789/0] conn(0x7fb7fc1011d0 0x7fb7fc1015e0 unknown :-1 s=CLOSED pgs=82 cs=0 l=1 rev1=1 crypto rx=0 tx=0 comp rx=0 tx=0).stop
2023-12-16T21:33:41.211 INFO:teuthology.orchestra.run.smithi045.stdout:/usr/bin/ceph: stderr
2023-12-16T21:33:40.494+0000 7fb8024a0700 1 -- 172.21.15.45:0/1231703181 >> 172.21.15.45:0/1231703181 conn(0x7fb7fc0fc950 msgr2=0x7fb7fc0fed60 unknown :-1 s=STATE_NONE l=0).mark_down
2023-12-16T21:33:41.211 INFO:teuthology.orchestra.run.smithi045.stdout:/usr/bin/ceph: stderr
2023-12-16T21:33:40.494+0000 7fb8024a0700 1 -- 172.21.15.45:0/1231703181 shutdown_connections
2023-12-16T21:33:41.211 INFO:teuthology.orchestra.run.smithi045.stdout:/usr/bin/ceph: stderr
2023-12-16T21:33:40.494+0000 7fb8024a0700 1 -- 172.21.15.45:0/1231703181 wait complete.
2023-12-16T21:33:41.211 INFO:teuthology.orchestra.run.smithi045.stdout:/usr/bin/ceph: stderr
2023-12-16T21:33:40.495+0000 7fb8024a0700 1 Processor -- start
2023-12-16T21:33:41.211 INFO:teuthology.orchestra.run.smithi045.stdout:/usr/bin/ceph: stderr
2023-12-16T21:33:40.495+0000 7fb8024a0700 1 -- start start
2023-12-16T21:33:41.211 INFO:teuthology.orchestra.run.smithi045.stdout:/usr/bin/ceph: stderr
2023-12-16T21:33:40.495+0000 7fb8024a0700 1 --2- >> [v2:172.21.15.45:3300/0,v1:172.21.15.45:6789/0] conn(0x7fb7fc1011d0 0x7fb7fc1075b0 unknown :-1 s=NONE pgs=0 cs=0 l=1 rev1=0 crypto rx=0 tx=0 comp rx=0 tx=0).connect
2023-12-16T21:33:41.212 INFO:teuthology.orchestra.run.smithi045.stdout:/usr/bin/ceph: stderr
2023-12-16T21:33:40.495+0000 7fb8024a0700 1 -- --> [v2:172.21.15.45:3300/0,v1:172.21.15.45:6789/0] -- mon_getmap magic: 0 v1 -- 0x7fb7fc105a30 con 0x7fb7fc1011d0
2023-12-16T21:33:41.212 INFO:teuthology.orchestra.run.smithi045.stdout:/usr/bin/ceph: stderr
2023-12-16T21:33:40.495+0000 7fb7fbfff700 1 --2- >> [v2:172.21.15.45:3300/0,v1:172.21.15.45:6789/0] conn(0x7fb7fc1011d0 0x7fb7fc1075b0 unknown :-1 s=BANNER_CONNECTING pgs=0 cs=0 l=1 rev1=0 crypto rx=0 tx=0 comp rx=0 tx=0)._handle_peer_banner_payload supported=3 required=0
2023-12-16T21:33:41.212 INFO:teuthology.orchestra.run.smithi045.stdout:/usr/bin/ceph: stderr
2023-12-16T21:33:40.495+0000 7fb7fbfff700 1 --2- >> [v2:172.21.15.45:3300/0,v1:172.21.15.45:6789/0] conn(0x7fb7fc1011d0 0x7fb7fc1075b0 unknown :-1 s=HELLO_CONNECTING pgs=0 cs=0 l=1 rev1=1 crypto rx=0 tx=0 comp rx=0 tx=0).handle_hello peer v2:172.21.15.45:3300/0 says I am v2:172.21.15.45:57724/0 (socket says 172.21.15.45:57724)
2023-12-16T21:33:41.212 INFO:teuthology.orchestra.run.smithi045.stdout:/usr/bin/ceph: stderr
2023-12-16T21:33:40.495+0000 7fb7fbfff700 1 -- 172.21.15.45:0/3519543325 learned_addr learned my addr 172.21.15.45:0/3519543325 (peer_addr_for_me v2:172.21.15.45:0/0)
2023-12-16T21:33:41.212 INFO:teuthology.orchestra.run.smithi045.stdout:/usr/bin/ceph: stderr
2023-12-16T21:33:40.496+0000 7fb7fbfff700 1 -- 172.21.15.45:0/3519543325 --> [v2:172.21.15.45:3300/0,v1:172.21.15.45:6789/0] -- mon_subscribe({config=0+,monmap=0+}) v3 -- 0x7fb7ec0094f0 con 0x7fb7fc1011d0
2023-12-16T21:33:41.212 INFO:teuthology.orchestra.run.smithi045.stdout:/usr/bin/ceph: stderr
2023-12-16T21:33:40.496+0000 7fb7fbfff700 1 --2- 172.21.15.45:0/3519543325 >> [v2:172.21.15.45:3300/0,v1:172.21.15.45:6789/0] conn(0x7fb7fc1011d0 0x7fb7fc1075b0 secure :-1 s=READY pgs=83 cs=0 l=1 rev1=1 crypto rx=0x7fb7ec00c010 tx=0x7fb7ec009250 comp rx=0 tx=0).ready entity=mon.0 client_cookie=0 server_cookie=0 in_seq=0 out_seq=0
2023-12-16T21:33:41.213 INFO:teuthology.orchestra.run.smithi045.stdout:/usr/bin/ceph: stderr
2023-12-16T21:33:40.496+0000 7fb7f8ff9700 1 -- 172.21.15.45:0/3519543325 <== mon.0 v2:172.21.15.45:3300/0 1 ==== mon_map magic: 0 v1 ==== 229+0+0 (secure 0 0 0) 0x7fb7ec010960 con 0x7fb7fc1011d0
2023-12-16T21:33:41.213 INFO:teuthology.orchestra.run.smithi045.stdout:/usr/bin/ceph: stderr
2023-12-16T21:33:40.496+0000 7fb7f8ff9700 1 -- 172.21.15.45:0/3519543325 <== mon.0 v2:172.21.15.45:3300/0 2 ==== config(26 keys) v1 ==== 1074+0+0 (secure 0 0 0) 0x7fb7ec01a430 con 0x7fb7fc1011d0
2023-12-16T21:33:41.213 INFO:teuthology.orchestra.run.smithi045.stdout:/usr/bin/ceph: stderr
2023-12-16T21:33:40.496+0000 7fb8024a0700 1 -- 172.21.15.45:0/3519543325 --> [v2:172.21.15.45:3300/0,v1:172.21.15.45:6789/0] -- mon_subscribe({mgrmap=0+}) v3 -- 0x7fb7fc105c30 con 0x7fb7fc1011d0
2023-12-16T21:33:41.213 INFO:teuthology.orchestra.run.smithi045.stdout:/usr/bin/ceph: stderr
2023-12-16T21:33:40.496+0000 7fb7f8ff9700 1 -- 172.21.15.45:0/3519543325 <== mon.0 v2:172.21.15.45:3300/0 3 ==== mon_map magic: 0 v1 ==== 229+0+0 (secure 0 0 0) 0x7fb7ec019580 con 0x7fb7fc1011d0
2023-12-16T21:33:41.213 INFO:teuthology.orchestra.run.smithi045.stdout:/usr/bin/ceph: stderr
2023-12-16T21:33:40.496+0000 7fb8024a0700 1 -- 172.21.15.45:0/3519543325 --> [v2:172.21.15.45:3300/0,v1:172.21.15.45:6789/0] -- mon_subscribe({osdmap=0}) v3 -- 0x7fb7fc106040 con 0x7fb7fc1011d0
2023-12-16T21:33:41.214 INFO:teuthology.orchestra.run.smithi045.stdout:/usr/bin/ceph: stderr
2023-12-16T21:33:40.497+0000 7fb7f8ff9700 1 -- 172.21.15.45:0/3519543325 <== mon.0 v2:172.21.15.45:3300/0 4 ==== mgrmap(e 11) v1 ==== 43188+0+0 (secure 0 0 0) 0x7fb7ec0197b0 con 0x7fb7fc1011d0
2023-12-16T21:33:41.214 INFO:teuthology.orchestra.run.smithi045.stdout:/usr/bin/ceph: stderr
2023-12-16T21:33:40.497+0000 7fb7f8ff9700 1 --2- 172.21.15.45:0/3519543325 >> [v2:172.21.15.45:6800/2215417738,v1:172.21.15.45:6801/2215417738] conn(0x7fb7e4036570 0x7fb7e4038a20 unknown :-1 s=NONE pgs=0 cs=0 l=1 rev1=0 crypto rx=0 tx=0 comp rx=0 tx=0).connect
2023-12-16T21:33:41.214 INFO:teuthology.orchestra.run.smithi045.stdout:/usr/bin/ceph: stderr
2023-12-16T21:33:40.497+0000 7fb7f8ff9700 1 -- 172.21.15.45:0/3519543325 <== mon.0 v2:172.21.15.45:3300/0 5 ==== osd_map(3..3 src has 1..3) v4 ==== 1151+0+0 (secure 0 0 0) 0x7fb7ec04a2c0 con 0x7fb7fc1011d0
2023-12-16T21:33:41.214 INFO:teuthology.orchestra.run.smithi045.stdout:/usr/bin/ceph: stderr
2023-12-16T21:33:40.497+0000 7fb8024a0700 1 -- 172.21.15.45:0/3519543325 --> [v2:172.21.15.45:3300/0,v1:172.21.15.45:6789/0] -- mon_command({"prefix": "get_command_descriptions"} v 0) v1 -- 0x7fb7fc04bb80 con 0x7fb7fc1011d0
2023-12-16T21:33:41.214 INFO:teuthology.orchestra.run.smithi045.stdout:/usr/bin/ceph: stderr
2023-12-16T21:33:40.497+0000 7fb7fb7fe700 1 --2- 172.21.15.45:0/3519543325 >> [v2:172.21.15.45:6800/2215417738,v1:172.21.15.45:6801/2215417738] conn(0x7fb7e4036570 0x7fb7e4038a20 unknown :-1 s=BANNER_CONNECTING pgs=0 cs=0 l=1 rev1=0 crypto rx=0 tx=0 comp rx=0 tx=0)._handle_peer_banner_payload supported=3 required=0
2023-12-16T21:33:41.214 INFO:teuthology.orchestra.run.smithi045.stdout:/usr/bin/ceph: stderr
2023-12-16T21:33:40.497+0000 7fb7fb7fe700 1 --2- 172.21.15.45:0/3519543325 >> [v2:172.21.15.45:6800/2215417738,v1:172.21.15.45:6801/2215417738] conn(0x7fb7e4036570 0x7fb7e4038a20 secure :-1 s=READY pgs=8 cs=0 l=1 rev1=1 crypto rx=0x7fb7f0009990 tx=0x7fb7f0006e40 comp rx=0 tx=0).ready entity=mgr.14162 client_cookie=0 server_cookie=0 in_seq=0 out_seq=0
2023-12-16T21:33:41.214 INFO:teuthology.orchestra.run.smithi045.stdout:/usr/bin/ceph: stderr
2023-12-16T21:33:40.502+0000 7fb7f8ff9700 1 -- 172.21.15.45:0/3519543325 <== mon.0 v2:172.21.15.45:3300/0 6 ==== mon_command_ack([{"prefix": "get_command_descriptions"}]=0 v0) v1 ==== 72+0+174570 (secure 0 0 0) 0x7fb7ec019b50 con 0x7fb7fc1011d0
2023-12-16T21:33:41.214 INFO:teuthology.orchestra.run.smithi045.stdout:/usr/bin/ceph: stderr
2023-12-16T21:33:40.718+0000 7fb8024a0700 1 -- 172.21.15.45:0/3519543325 --> [v2:172.21.15.45:6800/2215417738,v1:172.21.15.45:6801/2215417738] -- mgr_command(tid 0: {"prefix": "dashboard ac-user-create", "username": "admin", "rolename": "administrator", "force_password": true, "pwd_update_required": true, "target": ["mon-mgr", ""]}) v1 -- 0x7fb7fc05f090 con 0x7fb7e4036570
2023-12-16T21:33:41.214 INFO:teuthology.orchestra.run.smithi045.stdout:/usr/bin/ceph: stderr
2023-12-16T21:33:40.940+0000 7fb7f8ff9700 1 -- 172.21.15.45:0/3519543325 <== mon.0 v2:172.21.15.45:3300/0 7 ==== mgrmap(e 12) v1 ==== 43294+0+0 (secure 0 0 0) 0x7fb7ec019d30 con 0x7fb7fc1011d0
2023-12-16T21:33:41.214 INFO:teuthology.orchestra.run.smithi045.stdout:/usr/bin/ceph: stderr
2023-12-16T21:33:40.964+0000 7fb7f8ff9700 1 -- 172.21.15.45:0/3519543325 <== mgr.14162 v2:172.21.15.45:6800/2215417738 1 ==== mgr_command_reply(tid 0: 0 ) v1 ==== 8+0+252 (secure 0 0 0) 0x7fb7fc05f090 con 0x7fb7e4036570
2023-12-16T21:33:41.215 INFO:teuthology.orchestra.run.smithi045.stdout:/usr/bin/ceph: stderr
2023-12-16T21:33:40.966+0000 7fb8024a0700 1 -- 172.21.15.45:0/3519543325 >> [v2:172.21.15.45:6800/2215417738,v1:172.21.15.45:6801/2215417738] conn(0x7fb7e4036570 msgr2=0x7fb7e4038a20 secure :-1 s=STATE_CONNECTION_ESTABLISHED l=1).mark_down
2023-12-16T21:33:41.215 INFO:teuthology.orchestra.run.smithi045.stdout:/usr/bin/ceph: stderr
2023-12-16T21:33:40.966+0000 7fb8024a0700 1 --2- 172.21.15.45:0/3519543325 >> [v2:172.21.15.45:6800/2215417738,v1:172.21.15.45:6801/2215417738] conn(0x7fb7e4036570 0x7fb7e4038a20 secure :-1 s=READY pgs=8 cs=0 l=1 rev1=1 crypto rx=0x7fb7f0009990 tx=0x7fb7f0006e40 comp rx=0 tx=0).stop
2023-12-16T21:33:41.215 INFO:teuthology.orchestra.run.smithi045.stdout:/usr/bin/ceph: stderr
2023-12-16T21:33:40.966+0000 7fb8024a0700 1 -- 172.21.15.45:0/3519543325 >> [v2:172.21.15.45:3300/0,v1:172.21.15.45:6789/0] conn(0x7fb7fc1011d0 msgr2=0x7fb7fc1075b0 secure :-1 s=STATE_CONNECTION_ESTABLISHED l=1).mark_down
2023-12-16T21:33:41.215 INFO:teuthology.orchestra.run.smithi045.stdout:/usr/bin/ceph: stderr
2023-12-16T21:33:40.966+0000 7fb8024a0700 1 --2- 172.21.15.45:0/3519543325 >> [v2:172.21.15.45:3300/0,v1:172.21.15.45:6789/0] conn(0x7fb7fc1011d0 0x7fb7fc1075b0 secure :-1 s=READY pgs=83 cs=0 l=1 rev1=1 crypto rx=0x7fb7ec00c010 tx=0x7fb7ec009250 comp rx=0 tx=0).stop
2023-12-16T21:33:41.215 INFO:teuthology.orchestra.run.smithi045.stdout:/usr/bin/ceph: stderr
2023-12-16T21:33:40.966+0000 7fb8024a0700 1 -- 172.21.15.45:0/3519543325 shutdown_connections
2023-12-16T21:33:41.215 INFO:teuthology.orchestra.run.smithi045.stdout:/usr/bin/ceph: stderr
2023-12-16T21:33:40.966+0000 7fb8024a0700 1 --2- 172.21.15.45:0/3519543325 >> [v2:172.21.15.45:6800/2215417738,v1:172.21.15.45:6801/2215417738] conn(0x7fb7e4036570 0x7fb7e4038a20 unknown :-1 s=CLOSED pgs=8 cs=0 l=1 rev1=1 crypto rx=0 tx=0 comp rx=0 tx=0).stop
2023-12-16T21:33:41.215 INFO:teuthology.orchestra.run.smithi045.stdout:/usr/bin/ceph: stderr
2023-12-16T21:33:40.966+0000 7fb8024a0700 1 --2- 172.21.15.45:0/3519543325 >> [v2:172.21.15.45:3300/0,v1:172.21.15.45:6789/0] conn(0x7fb7fc1011d0 0x7fb7fc1075b0 unknown :-1 s=CLOSED pgs=83 cs=0 l=1 rev1=1 crypto rx=0 tx=0 comp rx=0 tx=0).stop
2023-12-16T21:33:41.215 INFO:teuthology.orchestra.run.smithi045.stdout:/usr/bin/ceph: stderr
2023-12-16T21:33:40.966+0000 7fb8024a0700 1 -- 172.21.15.45:0/3519543325 >> 172.21.15.45:0/3519543325 conn(0x7fb7fc0fc950 msgr2=0x7fb7fc0767f0 unknown :-1 s=STATE_NONE l=0).mark_down
2023-12-16T21:33:41.215 INFO:teuthology.orchestra.run.smithi045.stdout:/usr/bin/ceph: stderr
2023-12-16T21:33:40.967+0000 7fb8024a0700 1 -- 172.21.15.45:0/3519543325 shutdown_connections
2023-12-16T21:33:41.215 INFO:teuthology.orchestra.run.smithi045.stdout:/usr/bin/ceph: stderr
2023-12-16T21:33:40.967+0000 7fb8024a0700 1 -- 172.21.15.45:0/3519543325 wait complete.
2023-12-16T21:33:41.215 INFO:teuthology.orchestra.run.smithi045.stdout:Fetching dashboard port number...
2023-12-16T21:33:41.451 INFO:journalctl@ceph.mon.smithi045.smithi045.stdout:Dec 16 21:33:41 smithi045 ceph-mon[80763]: from='client.14174 -' entity='client.admin' cmd=[{"prefix": "dashboard create-self-signed-cert", "target": ["mon-mgr", ""]}]: dispatch
2023-12-16T21:33:41.451 INFO:journalctl@ceph.mon.smithi045.smithi045.stdout:Dec 16 21:33:41 smithi045 ceph-mon[80763]: mgrmap e12: smithi045.nhtmwc(active, since 2s)
2023-12-16T21:33:41.451 INFO:journalctl@ceph.mon.smithi045.smithi045.stdout:Dec 16 21:33:41 smithi045 ceph-mon[80763]: from='mgr.14162 172.21.15.45:0/142909557' entity='mgr.smithi045.nhtmwc'
2023-12-16T21:33:41.934 INFO:teuthology.orchestra.run.smithi045.stdout:/usr/bin/ceph: stdout 8443
2023-12-16T21:33:41.934 INFO:teuthology.orchestra.run.smithi045.stdout:/usr/bin/ceph: stderr
2023-12-16T21:33:41.448+0000 7fb03b30a700 1 Processor -- start
2023-12-16T21:33:41.934 INFO:teuthology.orchestra.run.smithi045.stdout:/usr/bin/ceph: stderr
2023-12-16T21:33:41.449+0000 7fb03b30a700 1 -- start start
2023-12-16T21:33:41.934 INFO:teuthology.orchestra.run.smithi045.stdout:/usr/bin/ceph: stderr
2023-12-16T21:33:41.449+0000 7fb03b30a700 1 --2- >> [v2:172.21.15.45:3300/0,v1:172.21.15.45:6789/0] conn(0x7fb034076c60 0x7fb034104ea0 unknown :-1 s=NONE pgs=0 cs=0 l=0 rev1=0 crypto rx=0 tx=0 comp rx=0 tx=0).connect
2023-12-16T21:33:41.934 INFO:teuthology.orchestra.run.smithi045.stdout:/usr/bin/ceph: stderr
2023-12-16T21:33:41.449+0000 7fb03b30a700 1 -- --> [v2:172.21.15.45:3300/0,v1:172.21.15.45:6789/0] -- mon_getmap magic: 0 v1 -- 0x7fb0341053e0 con 0x7fb034076c60
2023-12-16T21:33:41.934 INFO:teuthology.orchestra.run.smithi045.stdout:/usr/bin/ceph: stderr
2023-12-16T21:33:41.449+0000 7fb0390a6700 1 --2- >> [v2:172.21.15.45:3300/0,v1:172.21.15.45:6789/0] conn(0x7fb034076c60 0x7fb034104ea0 unknown :-1 s=BANNER_CONNECTING pgs=0 cs=0 l=0 rev1=0 crypto rx=0 tx=0 comp rx=0 tx=0)._handle_peer_banner_payload supported=3 required=0
2023-12-16T21:33:41.934 INFO:teuthology.orchestra.run.smithi045.stdout:/usr/bin/ceph: stderr
2023-12-16T21:33:41.449+0000 7fb0390a6700 1 --2- >> [v2:172.21.15.45:3300/0,v1:172.21.15.45:6789/0] conn(0x7fb034076c60 0x7fb034104ea0 unknown :-1 s=HELLO_CONNECTING pgs=0 cs=0 l=0 rev1=1 crypto rx=0 tx=0 comp rx=0 tx=0).handle_hello peer v2:172.21.15.45:3300/0 says I am v2:172.21.15.45:57734/0 (socket says 172.21.15.45:57734)
2023-12-16T21:33:41.934 INFO:teuthology.orchestra.run.smithi045.stdout:/usr/bin/ceph: stderr
2023-12-16T21:33:41.449+0000 7fb0390a6700 1 -- 172.21.15.45:0/1638501023 learned_addr learned my addr 172.21.15.45:0/1638501023 (peer_addr_for_me v2:172.21.15.45:0/0)
2023-12-16T21:33:41.934 INFO:teuthology.orchestra.run.smithi045.stdout:/usr/bin/ceph: stderr
2023-12-16T21:33:41.449+0000 7fb0390a6700 1 -- 172.21.15.45:0/1638501023 --> [v2:172.21.15.45:3300/0,v1:172.21.15.45:6789/0] -- mon_subscribe({config=0+,monmap=0+}) v3 -- 0x7fb034105520 con 0x7fb034076c60
2023-12-16T21:33:41.934 INFO:teuthology.orchestra.run.smithi045.stdout:/usr/bin/ceph: stderr
2023-12-16T21:33:41.450+0000 7fb0390a6700 1 --2- 172.21.15.45:0/1638501023 >> [v2:172.21.15.45:3300/0,v1:172.21.15.45:6789/0] conn(0x7fb034076c60 0x7fb034104ea0 secure :-1 s=READY pgs=84 cs=0 l=1 rev1=1 crypto rx=0x7fb0300098e0 tx=0x7fb030009250 comp rx=0 tx=0).ready entity=mon.0 client_cookie=f96d4f28091e2b8c server_cookie=0 in_seq=0 out_seq=0
2023-12-16T21:33:41.934 INFO:teuthology.orchestra.run.smithi045.stdout:/usr/bin/ceph: stderr
2023-12-16T21:33:41.450+0000 7fb02bfff700 1 -- 172.21.15.45:0/1638501023 <== mon.0 v2:172.21.15.45:3300/0 1 ==== mon_map magic: 0 v1 ==== 229+0+0 (secure 0 0 0) 0x7fb03000b860 con 0x7fb034076c60
2023-12-16T21:33:41.934 INFO:teuthology.orchestra.run.smithi045.stdout:/usr/bin/ceph: stderr
2023-12-16T21:33:41.450+0000 7fb02bfff700 1 -- 172.21.15.45:0/1638501023 <== mon.0 v2:172.21.15.45:3300/0 2 ==== config(26 keys) v1 ==== 1074+0+0 (secure 0 0 0) 0x7fb03000be70 con 0x7fb034076c60
2023-12-16T21:33:41.935 INFO:teuthology.orchestra.run.smithi045.stdout:/usr/bin/ceph: stderr
2023-12-16T21:33:41.450+0000 7fb02bfff700 1 -- 172.21.15.45:0/1638501023 <== mon.0 v2:172.21.15.45:3300/0 3 ==== mon_map magic: 0 v1 ==== 229+0+0 (secure 0 0 0) 0x7fb030010380 con 0x7fb034076c60
2023-12-16T21:33:41.935 INFO:teuthology.orchestra.run.smithi045.stdout:/usr/bin/ceph: stderr
2023-12-16T21:33:41.450+0000 7fb03b30a700 1 -- 172.21.15.45:0/1638501023 >> [v2:172.21.15.45:3300/0,v1:172.21.15.45:6789/0] conn(0x7fb034076c60 msgr2=0x7fb034104ea0 secure :-1 s=STATE_CONNECTION_ESTABLISHED l=1).mark_down
2023-12-16T21:33:41.935 INFO:teuthology.orchestra.run.smithi045.stdout:/usr/bin/ceph: stderr
2023-12-16T21:33:41.450+0000 7fb03b30a700 1 --2- 172.21.15.45:0/1638501023 >> [v2:172.21.15.45:3300/0,v1:172.21.15.45:6789/0] conn(0x7fb034076c60 0x7fb034104ea0 secure :-1 s=READY pgs=84 cs=0 l=1 rev1=1 crypto rx=0x7fb0300098e0 tx=0x7fb030009250 comp rx=0 tx=0).stop
2023-12-16T21:33:41.935 INFO:teuthology.orchestra.run.smithi045.stdout:/usr/bin/ceph: stderr
2023-12-16T21:33:41.450+0000 7fb03b30a700 1 -- 172.21.15.45:0/1638501023 shutdown_connections
2023-12-16T21:33:41.935 INFO:teuthology.orchestra.run.smithi045.stdout:/usr/bin/ceph: stderr
2023-12-16T21:33:41.450+0000 7fb03b30a700 1 --2- 172.21.15.45:0/1638501023 >> [v2:172.21.15.45:3300/0,v1:172.21.15.45:6789/0] conn(0x7fb034076c60 0x7fb034104ea0 unknown :-1 s=CLOSED pgs=84 cs=0 l=1 rev1=1 crypto rx=0 tx=0 comp rx=0 tx=0).stop
2023-12-16T21:33:41.935 INFO:teuthology.orchestra.run.smithi045.stdout:/usr/bin/ceph: stderr
2023-12-16T21:33:41.450+0000 7fb03b30a700 1 -- 172.21.15.45:0/1638501023 >> 172.21.15.45:0/1638501023 conn(0x7fb0340fc950 msgr2=0x7fb0340fed60 unknown :-1 s=STATE_NONE l=0).mark_down
2023-12-16T21:33:41.935 INFO:teuthology.orchestra.run.smithi045.stdout:/usr/bin/ceph: stderr
2023-12-16T21:33:41.451+0000 7fb03b30a700 1 -- 172.21.15.45:0/1638501023 shutdown_connections
2023-12-16T21:33:41.935 INFO:teuthology.orchestra.run.smithi045.stdout:/usr/bin/ceph: stderr
2023-12-16T21:33:41.451+0000 7fb03b30a700 1 -- 172.21.15.45:0/1638501023 wait complete.
2023-12-16T21:33:41.935 INFO:teuthology.orchestra.run.smithi045.stdout:/usr/bin/ceph: stderr
2023-12-16T21:33:41.451+0000 7fb03b30a700 1 Processor -- start
2023-12-16T21:33:41.935 INFO:teuthology.orchestra.run.smithi045.stdout:/usr/bin/ceph: stderr
2023-12-16T21:33:41.451+0000 7fb03b30a700 1 -- start start
2023-12-16T21:33:41.935 INFO:teuthology.orchestra.run.smithi045.stdout:/usr/bin/ceph: stderr
2023-12-16T21:33:41.451+0000 7fb03b30a700 1 --2- >> [v2:172.21.15.45:3300/0,v1:172.21.15.45:6789/0] conn(0x7fb034076c60 0x7fb034102920 unknown :-1 s=NONE pgs=0 cs=0 l=1 rev1=0 crypto rx=0 tx=0 comp rx=0 tx=0).connect
2023-12-16T21:33:41.935 INFO:teuthology.orchestra.run.smithi045.stdout:/usr/bin/ceph: stderr
2023-12-16T21:33:41.451+0000 7fb03b30a700 1 -- --> [v2:172.21.15.45:3300/0,v1:172.21.15.45:6789/0] -- mon_getmap magic: 0 v1 -- 0x7fb034100da0 con 0x7fb034076c60
2023-12-16T21:33:41.935 INFO:teuthology.orchestra.run.smithi045.stdout:/usr/bin/ceph: stderr
2023-12-16T21:33:41.451+0000 7fb0390a6700 1 --2- >> [v2:172.21.15.45:3300/0,v1:172.21.15.45:6789/0] conn(0x7fb034076c60 0x7fb034102920 unknown :-1 s=BANNER_CONNECTING pgs=0 cs=0 l=1 rev1=0 crypto rx=0 tx=0 comp rx=0 tx=0)._handle_peer_banner_payload supported=3 required=0
2023-12-16T21:33:41.935 INFO:teuthology.orchestra.run.smithi045.stdout:/usr/bin/ceph: stderr
2023-12-16T21:33:41.451+0000 7fb0390a6700 1 --2- >> [v2:172.21.15.45:3300/0,v1:172.21.15.45:6789/0] conn(0x7fb034076c60 0x7fb034102920 unknown :-1 s=HELLO_CONNECTING pgs=0 cs=0 l=1 rev1=1 crypto rx=0 tx=0 comp rx=0 tx=0).handle_hello peer v2:172.21.15.45:3300/0 says I am v2:172.21.15.45:57744/0 (socket says 172.21.15.45:57744)
2023-12-16T21:33:41.935 INFO:teuthology.orchestra.run.smithi045.stdout:/usr/bin/ceph: stderr
2023-12-16T21:33:41.451+0000 7fb0390a6700 1 -- 172.21.15.45:0/4009726959 learned_addr learned my addr 172.21.15.45:0/4009726959 (peer_addr_for_me v2:172.21.15.45:0/0)
2023-12-16T21:33:41.936 INFO:teuthology.orchestra.run.smithi045.stdout:/usr/bin/ceph: stderr
2023-12-16T21:33:41.452+0000 7fb0390a6700 1 -- 172.21.15.45:0/4009726959 --> [v2:172.21.15.45:3300/0,v1:172.21.15.45:6789/0] -- mon_subscribe({config=0+,monmap=0+}) v3 -- 0x7fb0300094f0 con 0x7fb034076c60
2023-12-16T21:33:41.936 INFO:teuthology.orchestra.run.smithi045.stdout:/usr/bin/ceph: stderr
2023-12-16T21:33:41.452+0000 7fb0390a6700 1 --2- 172.21.15.45:0/4009726959 >> [v2:172.21.15.45:3300/0,v1:172.21.15.45:6789/0] conn(0x7fb034076c60 0x7fb034102920 secure :-1 s=READY pgs=85 cs=0 l=1 rev1=1 crypto rx=0x7fb030006d40 tx=0x7fb030009250 comp rx=0 tx=0).ready entity=mon.0 client_cookie=0 server_cookie=0 in_seq=0 out_seq=0
2023-12-16T21:33:41.936 INFO:teuthology.orchestra.run.smithi045.stdout:/usr/bin/ceph: stderr
2023-12-16T21:33:41.452+0000 7fb029ffb700 1 -- 172.21.15.45:0/4009726959 <== mon.0 v2:172.21.15.45:3300/0 1 ==== mon_map magic: 0 v1 ==== 229+0+0 (secure 0 0 0) 0x7fb030010960 con 0x7fb034076c60
2023-12-16T21:33:41.936 INFO:teuthology.orchestra.run.smithi045.stdout:/usr/bin/ceph: stderr
2023-12-16T21:33:41.452+0000 7fb029ffb700 1 -- 172.21.15.45:0/4009726959 <== mon.0 v2:172.21.15.45:3300/0 2 ==== config(26 keys) v1 ==== 1074+0+0 (secure 0 0 0) 0x7fb03001a430 con 0x7fb034076c60
2023-12-16T21:33:41.936 INFO:teuthology.orchestra.run.smithi045.stdout:/usr/bin/ceph: stderr
2023-12-16T21:33:41.452+0000 7fb03b30a700 1 -- 172.21.15.45:0/4009726959 --> [v2:172.21.15.45:3300/0,v1:172.21.15.45:6789/0] -- mon_subscribe({mgrmap=0+}) v3 -- 0x7fb034100fa0 con 0x7fb034076c60
2023-12-16T21:33:41.936 INFO:teuthology.orchestra.run.smithi045.stdout:/usr/bin/ceph: stderr
2023-12-16T21:33:41.452+0000 7fb029ffb700 1 -- 172.21.15.45:0/4009726959 <== mon.0 v2:172.21.15.45:3300/0 3 ==== mon_map magic: 0 v1 ==== 229+0+0 (secure 0 0 0) 0x7fb0300245b0 con 0x7fb034076c60
2023-12-16T21:33:41.936 INFO:teuthology.orchestra.run.smithi045.stdout:/usr/bin/ceph: stderr
2023-12-16T21:33:41.452+0000 7fb03b30a700 1 -- 172.21.15.45:0/4009726959 --> [v2:172.21.15.45:3300/0,v1:172.21.15.45:6789/0] -- mon_subscribe({osdmap=0}) v3 -- 0x7fb0341013b0 con 0x7fb034076c60
2023-12-16T21:33:41.936 INFO:teuthology.orchestra.run.smithi045.stdout:/usr/bin/ceph: stderr
2023-12-16T21:33:41.453+0000 7fb029ffb700 1 -- 172.21.15.45:0/4009726959 <== mon.0 v2:172.21.15.45:3300/0 4 ==== mgrmap(e 12) v1 ==== 43294+0+0 (secure 0 0 0) 0x7fb03002d3f0 con 0x7fb034076c60
2023-12-16T21:33:41.936 INFO:teuthology.orchestra.run.smithi045.stdout:/usr/bin/ceph: stderr
2023-12-16T21:33:41.453+0000 7fb03b30a700 1 -- 172.21.15.45:0/4009726959 --> [v2:172.21.15.45:3300/0,v1:172.21.15.45:6789/0] -- mon_command({"prefix": "get_command_descriptions"} v 0) v1 -- 0x7fb03410b180 con 0x7fb034076c60
2023-12-16T21:33:41.936 INFO:teuthology.orchestra.run.smithi045.stdout:/usr/bin/ceph: stderr
2023-12-16T21:33:41.453+0000 7fb029ffb700 1 --2- 172.21.15.45:0/4009726959 >> [v2:172.21.15.45:6800/2215417738,v1:172.21.15.45:6801/2215417738] conn(0x7fb020036640 0x7fb020038af0 unknown :-1 s=NONE pgs=0 cs=0 l=1 rev1=0 crypto rx=0 tx=0 comp rx=0 tx=0).connect
2023-12-16T21:33:41.936 INFO:teuthology.orchestra.run.smithi045.stdout:/usr/bin/ceph: stderr
2023-12-16T21:33:41.453+0000 7fb029ffb700 1 -- 172.21.15.45:0/4009726959 <== mon.0 v2:172.21.15.45:3300/0 5 ==== osd_map(3..3 src has 1..3) v4 ==== 1151+0+0 (secure 0 0 0) 0x7fb03004a280 con 0x7fb034076c60
2023-12-16T21:33:41.936 INFO:teuthology.orchestra.run.smithi045.stdout:/usr/bin/ceph: stderr
2023-12-16T21:33:41.453+0000 7fb0388a5700 1 --2- 172.21.15.45:0/4009726959 >> [v2:172.21.15.45:6800/2215417738,v1:172.21.15.45:6801/2215417738] conn(0x7fb020036640 0x7fb020038af0 unknown :-1 s=BANNER_CONNECTING pgs=0 cs=0 l=1 rev1=0 crypto rx=0 tx=0 comp rx=0 tx=0)._handle_peer_banner_payload supported=3 required=0
2023-12-16T21:33:41.936 INFO:teuthology.orchestra.run.smithi045.stdout:/usr/bin/ceph: stderr
2023-12-16T21:33:41.454+0000 7fb0388a5700 1 --2- 172.21.15.45:0/4009726959 >> [v2:172.21.15.45:6800/2215417738,v1:172.21.15.45:6801/2215417738] conn(0x7fb020036640 0x7fb020038af0 secure :-1 s=READY pgs=9 cs=0 l=1 rev1=1 crypto rx=0x7fb024009990 tx=0x7fb024006e40 comp rx=0 tx=0).ready entity=mgr.14162 client_cookie=0 server_cookie=0 in_seq=0 out_seq=0
2023-12-16T21:33:41.936 INFO:teuthology.orchestra.run.smithi045.stdout:/usr/bin/ceph: stderr
2023-12-16T21:33:41.458+0000 7fb029ffb700 1 -- 172.21.15.45:0/4009726959 <== mon.0 v2:172.21.15.45:3300/0 6 ==== mon_command_ack([{"prefix": "get_command_descriptions"}]=0 v0) v1 ==== 72+0+174570 (secure 0 0 0) 0x7fb03002b8e0 con 0x7fb034076c60
2023-12-16T21:33:41.937 INFO:teuthology.orchestra.run.smithi045.stdout:/usr/bin/ceph: stderr
2023-12-16T21:33:41.653+0000 7fb03b30a700 1 -- 172.21.15.45:0/4009726959 --> [v2:172.21.15.45:3300/0,v1:172.21.15.45:6789/0] -- mon_command({"prefix": "config get", "who": "mgr", "key": "mgr/dashboard/ssl_server_port"} v 0) v1 -- 0x7fb03404bb80 con 0x7fb034076c60
2023-12-16T21:33:41.937 INFO:teuthology.orchestra.run.smithi045.stdout:/usr/bin/ceph: stderr
2023-12-16T21:33:41.653+0000 7fb029ffb700 1 -- 172.21.15.45:0/4009726959 <== mon.0 v2:172.21.15.45:3300/0 7 ==== mon_command_ack([{"prefix": "config get", "who": "mgr", "key": "mgr/dashboard/ssl_server_port"}]=0 v8) v1 ==== 112+0+5 (secure 0 0 0) 0x7fb03002b2f0 con 0x7fb034076c60
2023-12-16T21:33:41.937 INFO:teuthology.orchestra.run.smithi045.stdout:/usr/bin/ceph: stderr
2023-12-16T21:33:41.655+0000 7fb03b30a700 1 -- 172.21.15.45:0/4009726959 >> [v2:172.21.15.45:6800/2215417738,v1:172.21.15.45:6801/2215417738] conn(0x7fb020036640 msgr2=0x7fb020038af0 secure :-1 s=STATE_CONNECTION_ESTABLISHED l=1).mark_down
2023-12-16T21:33:41.937 INFO:teuthology.orchestra.run.smithi045.stdout:/usr/bin/ceph: stderr
2023-12-16T21:33:41.655+0000 7fb03b30a700 1 --2- 172.21.15.45:0/4009726959 >> [v2:172.21.15.45:6800/2215417738,v1:172.21.15.45:6801/2215417738] conn(0x7fb020036640 0x7fb020038af0 secure :-1 s=READY pgs=9 cs=0 l=1 rev1=1 crypto rx=0x7fb024009990 tx=0x7fb024006e40 comp rx=0 tx=0).stop
2023-12-16T21:33:41.937 INFO:teuthology.orchestra.run.smithi045.stdout:/usr/bin/ceph: stderr
2023-12-16T21:33:41.655+0000 7fb03b30a700 1 -- 172.21.15.45:0/4009726959 >> [v2:172.21.15.45:3300/0,v1:172.21.15.45:6789/0] conn(0x7fb034076c60 msgr2=0x7fb034102920 secure :-1 s=STATE_CONNECTION_ESTABLISHED l=1).mark_down
2023-12-16T21:33:41.937 INFO:teuthology.orchestra.run.smithi045.stdout:/usr/bin/ceph: stderr
2023-12-16T21:33:41.655+0000 7fb03b30a700 1 --2- 172.21.15.45:0/4009726959 >> [v2:172.21.15.45:3300/0,v1:172.21.15.45:6789/0] conn(0x7fb034076c60 0x7fb034102920 secure :-1 s=READY pgs=85 cs=0 l=1 rev1=1 crypto rx=0x7fb030006d40 tx=0x7fb030009250 comp rx=0 tx=0).stop
2023-12-16T21:33:41.937 INFO:teuthology.orchestra.run.smithi045.stdout:/usr/bin/ceph: stderr
2023-12-16T21:33:41.655+0000 7fb03b30a700 1 -- 172.21.15.45:0/4009726959 shutdown_connections
2023-12-16T21:33:41.937 INFO:teuthology.orchestra.run.smithi045.stdout:/usr/bin/ceph: stderr
2023-12-16T21:33:41.655+0000 7fb03b30a700 1 --2- 172.21.15.45:0/4009726959 >> [v2:172.21.15.45:6800/2215417738,v1:172.21.15.45:6801/2215417738] conn(0x7fb020036640 0x7fb020038af0 unknown :-1 s=CLOSED pgs=9 cs=0 l=1 rev1=1 crypto rx=0 tx=0 comp rx=0 tx=0).stop
2023-12-16T21:33:41.937 INFO:teuthology.orchestra.run.smithi045.stdout:/usr/bin/ceph: stderr
2023-12-16T21:33:41.655+0000 7fb03b30a700 1 --2- 172.21.15.45:0/4009726959 >> [v2:172.21.15.45:3300/0,v1:172.21.15.45:6789/0] conn(0x7fb034076c60 0x7fb034102920 unknown :-1 s=CLOSED pgs=85 cs=0 l=1 rev1=1 crypto rx=0 tx=0 comp rx=0 tx=0).stop
2023-12-16T21:33:41.937 INFO:teuthology.orchestra.run.smithi045.stdout:/usr/bin/ceph: stderr
2023-12-16T21:33:41.655+0000 7fb03b30a700 1 -- 172.21.15.45:0/4009726959 >> 172.21.15.45:0/4009726959 conn(0x7fb0340fc950 msgr2=0x7fb0340fed10 unknown :-1 s=STATE_NONE l=0).mark_down
2023-12-16T21:33:41.937 INFO:teuthology.orchestra.run.smithi045.stdout:/usr/bin/ceph: stderr
2023-12-16T21:33:41.655+0000 7fb03b30a700 1 -- 172.21.15.45:0/4009726959 shutdown_connections
2023-12-16T21:33:41.937 INFO:teuthology.orchestra.run.smithi045.stdout:/usr/bin/ceph: stderr
2023-12-16T21:33:41.655+0000 7fb03b30a700 1 -- 172.21.15.45:0/4009726959 wait complete.
2023-12-16T21:33:41.941 INFO:teuthology.orchestra.run.smithi045.stdout:Non-zero exit code 1 from systemctl is-enabled firewalld.service
2023-12-16T21:33:41.941 INFO:teuthology.orchestra.run.smithi045.stdout:systemctl: stdout disabled
2023-12-16T21:33:41.948 INFO:teuthology.orchestra.run.smithi045.stdout:Non-zero exit code 3 from systemctl is-active firewalld.service
2023-12-16T21:33:41.948 INFO:teuthology.orchestra.run.smithi045.stdout:systemctl: stdout inactive
2023-12-16T21:33:41.948 INFO:teuthology.orchestra.run.smithi045.stdout:firewalld.service is not enabled
2023-12-16T21:33:41.948 INFO:teuthology.orchestra.run.smithi045.stdout:Not possible to open ports <[8443]>. firewalld.service is not available
2023-12-16T21:33:41.950 INFO:teuthology.orchestra.run.smithi045.stdout:Ceph Dashboard is now available at:
2023-12-16T21:33:41.950 INFO:teuthology.orchestra.run.smithi045.stdout:
2023-12-16T21:33:41.950 INFO:teuthology.orchestra.run.smithi045.stdout: URL: https://smithi045.front.sepia.ceph.com:8443/
2023-12-16T21:33:41.950 INFO:teuthology.orchestra.run.smithi045.stdout: User: admin
2023-12-16T21:33:41.951 INFO:teuthology.orchestra.run.smithi045.stdout: Password: fxnj1ckyz6
2023-12-16T21:33:41.951 INFO:teuthology.orchestra.run.smithi045.stdout:
2023-12-16T21:33:41.951 INFO:teuthology.orchestra.run.smithi045.stdout:Saving cluster configuration to /var/lib/ceph/88ff363c-9c5a-11ee-95a5-87774f69a715/config directory
2023-12-16T21:33:41.951 INFO:teuthology.orchestra.run.smithi045.stdout:Enabling autotune for osd_memory_target
2023-12-16T21:33:42.608 INFO:journalctl@ceph.mon.smithi045.smithi045.stdout:Dec 16 21:33:42 smithi045 ceph-mon[80763]: from='client.14176 -' entity='client.admin' cmd=[{"prefix": "dashboard ac-user-create", "username": "admin", "rolename": "administrator", "force_password": true, "pwd_update_required": true, "target": ["mon-mgr", ""]}]: dispatch
2023-12-16T21:33:42.609 INFO:journalctl@ceph.mon.smithi045.smithi045.stdout:Dec 16 21:33:42 smithi045 ceph-mon[80763]: from='client.? 172.21.15.45:0/4009726959' entity='client.admin' cmd=[{"prefix": "config get", "who": "mgr", "key": "mgr/dashboard/ssl_server_port"}]: dispatch
2023-12-16T21:33:42.616 INFO:teuthology.orchestra.run.smithi045.stdout:/usr/bin/ceph: stderr
2023-12-16T21:33:42.183+0000 7fda7ec19700 1 Processor -- start
2023-12-16T21:33:42.616 INFO:teuthology.orchestra.run.smithi045.stdout:/usr/bin/ceph: stderr
2023-12-16T21:33:42.183+0000 7fda7ec19700 1 -- start start
2023-12-16T21:33:42.617 INFO:teuthology.orchestra.run.smithi045.stdout:/usr/bin/ceph: stderr
2023-12-16T21:33:42.184+0000 7fda7ec19700 1 --2- >> [v2:172.21.15.45:3300/0,v1:172.21.15.45:6789/0] conn(0x7fda78076be0 0x7fda78104f20 unknown :-1 s=NONE pgs=0 cs=0 l=0 rev1=0 crypto rx=0 tx=0 comp rx=0 tx=0).connect
2023-12-16T21:33:42.617 INFO:teuthology.orchestra.run.smithi045.stdout:/usr/bin/ceph: stderr
2023-12-16T21:33:42.184+0000 7fda7ec19700 1 -- --> [v2:172.21.15.45:3300/0,v1:172.21.15.45:6789/0] -- mon_getmap magic: 0 v1 -- 0x7fda78105460 con 0x7fda78076be0
2023-12-16T21:33:42.617 INFO:teuthology.orchestra.run.smithi045.stdout:/usr/bin/ceph: stderr
2023-12-16T21:33:42.184+0000 7fda7c9b5700 1 --2- >> [v2:172.21.15.45:3300/0,v1:172.21.15.45:6789/0] conn(0x7fda78076be0 0x7fda78104f20 unknown :-1 s=BANNER_CONNECTING pgs=0 cs=0 l=0 rev1=0 crypto rx=0 tx=0 comp rx=0 tx=0)._handle_peer_banner_payload supported=3 required=0
2023-12-16T21:33:42.617 INFO:teuthology.orchestra.run.smithi045.stdout:/usr/bin/ceph: stderr
2023-12-16T21:33:42.184+0000 7fda7c9b5700 1 --2- >> [v2:172.21.15.45:3300/0,v1:172.21.15.45:6789/0] conn(0x7fda78076be0 0x7fda78104f20 unknown :-1 s=HELLO_CONNECTING pgs=0 cs=0 l=0 rev1=1 crypto rx=0 tx=0 comp rx=0 tx=0).handle_hello peer v2:172.21.15.45:3300/0 says I am v2:172.21.15.45:57756/0 (socket says 172.21.15.45:57756)
2023-12-16T21:33:42.617 INFO:teuthology.orchestra.run.smithi045.stdout:/usr/bin/ceph: stderr
2023-12-16T21:33:42.184+0000 7fda7c9b5700 1 -- 172.21.15.45:0/3159196820 learned_addr learned my addr 172.21.15.45:0/3159196820 (peer_addr_for_me v2:172.21.15.45:0/0)
2023-12-16T21:33:42.617 INFO:teuthology.orchestra.run.smithi045.stdout:/usr/bin/ceph: stderr
2023-12-16T21:33:42.184+0000 7fda7c9b5700 1 -- 172.21.15.45:0/3159196820 --> [v2:172.21.15.45:3300/0,v1:172.21.15.45:6789/0] -- mon_subscribe({config=0+,monmap=0+}) v3 -- 0x7fda781055a0 con 0x7fda78076be0
2023-12-16T21:33:42.617 INFO:teuthology.orchestra.run.smithi045.stdout:/usr/bin/ceph: stderr
2023-12-16T21:33:42.184+0000 7fda7c9b5700 1 --2- 172.21.15.45:0/3159196820 >> [v2:172.21.15.45:3300/0,v1:172.21.15.45:6789/0] conn(0x7fda78076be0 0x7fda78104f20 secure :-1 s=READY pgs=86 cs=0 l=1 rev1=1 crypto rx=0x7fda6c0098e0 tx=0x7fda6c009250 comp rx=0 tx=0).ready entity=mon.0 client_cookie=baec9b221bca4c67 server_cookie=0 in_seq=0 out_seq=0
2023-12-16T21:33:42.617 INFO:teuthology.orchestra.run.smithi045.stdout:/usr/bin/ceph: stderr
2023-12-16T21:33:42.184+0000 7fda777fe700 1 -- 172.21.15.45:0/3159196820 <== mon.0 v2:172.21.15.45:3300/0 1 ==== mon_map magic: 0 v1 ==== 229+0+0 (secure 0 0 0) 0x7fda6c00b860 con 0x7fda78076be0
2023-12-16T21:33:42.617 INFO:teuthology.orchestra.run.smithi045.stdout:/usr/bin/ceph: stderr
2023-12-16T21:33:42.184+0000 7fda777fe700 1 -- 172.21.15.45:0/3159196820 <== mon.0 v2:172.21.15.45:3300/0 2 ==== config(26 keys) v1 ==== 1074+0+0 (secure 0 0 0) 0x7fda6c00be70 con 0x7fda78076be0
2023-12-16T21:33:42.617 INFO:teuthology.orchestra.run.smithi045.stdout:/usr/bin/ceph: stderr
2023-12-16T21:33:42.184+0000 7fda777fe700 1 -- 172.21.15.45:0/3159196820 <== mon.0 v2:172.21.15.45:3300/0 3 ==== mon_map magic: 0 v1 ==== 229+0+0 (secure 0 0 0) 0x7fda6c010380 con 0x7fda78076be0
2023-12-16T21:33:42.617 INFO:teuthology.orchestra.run.smithi045.stdout:/usr/bin/ceph: stderr
2023-12-16T21:33:42.185+0000 7fda7ec19700 1 -- 172.21.15.45:0/3159196820 >> [v2:172.21.15.45:3300/0,v1:172.21.15.45:6789/0] conn(0x7fda78076be0 msgr2=0x7fda78104f20 secure :-1 s=STATE_CONNECTION_ESTABLISHED l=1).mark_down
2023-12-16T21:33:42.617 INFO:teuthology.orchestra.run.smithi045.stdout:/usr/bin/ceph: stderr
