2023-12-16T22:19:56.691 INFO:teuthology.orchestra.run.smithi106.stdout:/usr/bin/ceph: stderr
2023-12-16T22:19:56.388+0000 7f025c33b700 1 -- 172.21.15.106:0/3717416710 wait complete.
2023-12-16T22:19:57.434 INFO:journalctl@ceph.mon.smithi106.smithi106.stdout:Dec 16 22:19:57 smithi106 ceph-mon[81011]: from='client.? 172.21.15.106:0/3717416710' entity='client.admin' cmd='[{"prefix": "mgr module enable", "module": "dashboard"}]': finished
2023-12-16T22:19:57.435 INFO:journalctl@ceph.mon.smithi106.smithi106.stdout:Dec 16 22:19:57 smithi106 ceph-mon[81011]: mgrmap e9: smithi106.ciccsw(active, since 16s)
2023-12-16T22:19:57.435 INFO:journalctl@ceph.mon.smithi106.smithi106.stdout:Dec 16 22:19:57 smithi106 ceph-mon[81011]: from='client.? 172.21.15.106:0/3501989842' entity='client.admin' cmd=[{"prefix": "mgr stat"}]: dispatch
2023-12-16T22:19:57.443 INFO:teuthology.orchestra.run.smithi106.stdout:/usr/bin/ceph: stdout {
2023-12-16T22:19:57.443 INFO:teuthology.orchestra.run.smithi106.stdout:/usr/bin/ceph: stdout "epoch": 9,
2023-12-16T22:19:57.443 INFO:teuthology.orchestra.run.smithi106.stdout:/usr/bin/ceph: stdout "available": true,
2023-12-16T22:19:57.443 INFO:teuthology.orchestra.run.smithi106.stdout:/usr/bin/ceph: stdout "active_name": "smithi106.ciccsw",
2023-12-16T22:19:57.444 INFO:teuthology.orchestra.run.smithi106.stdout:/usr/bin/ceph: stdout "num_standby": 0
2023-12-16T22:19:57.444 INFO:teuthology.orchestra.run.smithi106.stdout:/usr/bin/ceph: stdout }
2023-12-16T22:19:57.444 INFO:teuthology.orchestra.run.smithi106.stdout:/usr/bin/ceph: stderr
2023-12-16T22:19:56.912+0000 7f9fa690e700 1 Processor -- start
2023-12-16T22:19:57.444 INFO:teuthology.orchestra.run.smithi106.stdout:/usr/bin/ceph: stderr
2023-12-16T22:19:56.912+0000 7f9fa690e700 1 -- start start
2023-12-16T22:19:57.444 INFO:teuthology.orchestra.run.smithi106.stdout:/usr/bin/ceph: stderr
2023-12-16T22:19:56.912+0000 7f9fa690e700 1 --2- >> [v2:172.21.15.106:3300/0,v1:172.21.15.106:6789/0] conn(0x7f9fa0076ba0 0x7f9fa0104f50 unknown :-1 s=NONE pgs=0 cs=0 l=0 rev1=0 crypto rx=0 tx=0 comp rx=0 tx=0).connect
2023-12-16T22:19:57.444 INFO:teuthology.orchestra.run.smithi106.stdout:/usr/bin/ceph: stderr
2023-12-16T22:19:56.912+0000 7f9fa690e700 1 -- --> [v2:172.21.15.106:3300/0,v1:172.21.15.106:6789/0] -- mon_getmap magic: 0 v1 -- 0x7f9fa0105490 con 0x7f9fa0076ba0
2023-12-16T22:19:57.444 INFO:teuthology.orchestra.run.smithi106.stdout:/usr/bin/ceph: stderr
2023-12-16T22:19:56.912+0000 7f9f9ffff700 1 --2- >> [v2:172.21.15.106:3300/0,v1:172.21.15.106:6789/0] conn(0x7f9fa0076ba0 0x7f9fa0104f50 unknown :-1 s=BANNER_CONNECTING pgs=0 cs=0 l=0 rev1=0 crypto rx=0 tx=0 comp rx=0 tx=0)._handle_peer_banner_payload supported=3 required=0
2023-12-16T22:19:57.444 INFO:teuthology.orchestra.run.smithi106.stdout:/usr/bin/ceph: stderr
2023-12-16T22:19:56.912+0000 7f9f9ffff700 1 --2- >> [v2:172.21.15.106:3300/0,v1:172.21.15.106:6789/0] conn(0x7f9fa0076ba0 0x7f9fa0104f50 unknown :-1 s=HELLO_CONNECTING pgs=0 cs=0 l=0 rev1=1 crypto rx=0 tx=0 comp rx=0 tx=0).handle_hello peer v2:172.21.15.106:3300/0 says I am v2:172.21.15.106:40890/0 (socket says 172.21.15.106:40890)
2023-12-16T22:19:57.444 INFO:teuthology.orchestra.run.smithi106.stdout:/usr/bin/ceph: stderr
2023-12-16T22:19:56.912+0000 7f9f9ffff700 1 -- 172.21.15.106:0/1508447087 learned_addr learned my addr 172.21.15.106:0/1508447087 (peer_addr_for_me v2:172.21.15.106:0/0)
2023-12-16T22:19:57.444 INFO:teuthology.orchestra.run.smithi106.stdout:/usr/bin/ceph: stderr
2023-12-16T22:19:56.913+0000 7f9f9ffff700 1 -- 172.21.15.106:0/1508447087 --> [v2:172.21.15.106:3300/0,v1:172.21.15.106:6789/0] -- mon_subscribe({config=0+,monmap=0+}) v3 -- 0x7f9fa01055d0 con 0x7f9fa0076ba0
2023-12-16T22:19:57.445 INFO:teuthology.orchestra.run.smithi106.stdout:/usr/bin/ceph: stderr
2023-12-16T22:19:56.913+0000 7f9f9ffff700 1 --2- 172.21.15.106:0/1508447087 >> [v2:172.21.15.106:3300/0,v1:172.21.15.106:6789/0] conn(0x7f9fa0076ba0 0x7f9fa0104f50 secure :-1 s=READY pgs=69 cs=0 l=1 rev1=1 crypto rx=0x7f9f900098e0 tx=0x7f9f90009250 comp rx=0 tx=0).ready entity=mon.0 client_cookie=268b5b83741d6959 server_cookie=0 in_seq=0 out_seq=0
2023-12-16T22:19:57.445 INFO:teuthology.orchestra.run.smithi106.stdout:/usr/bin/ceph: stderr
2023-12-16T22:19:56.913+0000 7f9f9effd700 1 -- 172.21.15.106:0/1508447087 <== mon.0 v2:172.21.15.106:3300/0 1 ==== mon_map magic: 0 v1 ==== 229+0+0 (secure 0 0 0) 0x7f9f9000b8f0 con 0x7f9fa0076ba0
2023-12-16T22:19:57.445 INFO:teuthology.orchestra.run.smithi106.stdout:/usr/bin/ceph: stderr
2023-12-16T22:19:56.913+0000 7f9f9effd700 1 -- 172.21.15.106:0/1508447087 <== mon.0 v2:172.21.15.106:3300/0 2 ==== config(26 keys) v1 ==== 1074+0+0 (secure 0 0 0) 0x7f9f90011420 con 0x7f9fa0076ba0
2023-12-16T22:19:57.445 INFO:teuthology.orchestra.run.smithi106.stdout:/usr/bin/ceph: stderr
2023-12-16T22:19:56.913+0000 7f9f9effd700 1 -- 172.21.15.106:0/1508447087 <== mon.0 v2:172.21.15.106:3300/0 3 ==== mon_map magic: 0 v1 ==== 229+0+0 (secure 0 0 0) 0x7f9f90010540 con 0x7f9fa0076ba0
2023-12-16T22:19:57.445 INFO:teuthology.orchestra.run.smithi106.stdout:/usr/bin/ceph: stderr
2023-12-16T22:19:56.913+0000 7f9fa690e700 1 -- 172.21.15.106:0/1508447087 >> [v2:172.21.15.106:3300/0,v1:172.21.15.106:6789/0] conn(0x7f9fa0076ba0 msgr2=0x7f9fa0104f50 secure :-1 s=STATE_CONNECTION_ESTABLISHED l=1).mark_down
2023-12-16T22:19:57.445 INFO:teuthology.orchestra.run.smithi106.stdout:/usr/bin/ceph: stderr
2023-12-16T22:19:56.913+0000 7f9fa690e700 1 --2- 172.21.15.106:0/1508447087 >> [v2:172.21.15.106:3300/0,v1:172.21.15.106:6789/0] conn(0x7f9fa0076ba0 0x7f9fa0104f50 secure :-1 s=READY pgs=69 cs=0 l=1 rev1=1 crypto rx=0x7f9f900098e0 tx=0x7f9f90009250 comp rx=0 tx=0).stop
2023-12-16T22:19:57.445 INFO:teuthology.orchestra.run.smithi106.stdout:/usr/bin/ceph: stderr
2023-12-16T22:19:56.914+0000 7f9fa690e700 1 -- 172.21.15.106:0/1508447087 shutdown_connections
2023-12-16T22:19:57.445 INFO:teuthology.orchestra.run.smithi106.stdout:/usr/bin/ceph: stderr
2023-12-16T22:19:56.914+0000 7f9fa690e700 1 --2- 172.21.15.106:0/1508447087 >> [v2:172.21.15.106:3300/0,v1:172.21.15.106:6789/0] conn(0x7f9fa0076ba0 0x7f9fa0104f50 unknown :-1 s=CLOSED pgs=69 cs=0 l=1 rev1=1 crypto rx=0 tx=0 comp rx=0 tx=0).stop
2023-12-16T22:19:57.445 INFO:teuthology.orchestra.run.smithi106.stdout:/usr/bin/ceph: stderr
2023-12-16T22:19:56.914+0000 7f9fa690e700 1 -- 172.21.15.106:0/1508447087 >> 172.21.15.106:0/1508447087 conn(0x7f9fa00fc980 msgr2=0x7f9fa00fed90 unknown :-1 s=STATE_NONE l=0).mark_down
2023-12-16T22:19:57.445 INFO:teuthology.orchestra.run.smithi106.stdout:/usr/bin/ceph: stderr
2023-12-16T22:19:56.914+0000 7f9fa690e700 1 -- 172.21.15.106:0/1508447087 shutdown_connections
2023-12-16T22:19:57.445 INFO:teuthology.orchestra.run.smithi106.stdout:/usr/bin/ceph: stderr
2023-12-16T22:19:56.914+0000 7f9fa690e700 1 -- 172.21.15.106:0/1508447087 wait complete.
2023-12-16T22:19:57.445 INFO:teuthology.orchestra.run.smithi106.stdout:/usr/bin/ceph: stderr
2023-12-16T22:19:56.914+0000 7f9fa690e700 1 Processor -- start
2023-12-16T22:19:57.445 INFO:teuthology.orchestra.run.smithi106.stdout:/usr/bin/ceph: stderr
2023-12-16T22:19:56.914+0000 7f9fa690e700 1 -- start start
2023-12-16T22:19:57.446 INFO:teuthology.orchestra.run.smithi106.stdout:/usr/bin/ceph: stderr
2023-12-16T22:19:56.914+0000 7f9fa690e700 1 --2- >> [v2:172.21.15.106:3300/0,v1:172.21.15.106:6789/0] conn(0x7f9fa0076ba0 0x7f9fa0111210 unknown :-1 s=NONE pgs=0 cs=0 l=1 rev1=0 crypto rx=0 tx=0 comp rx=0 tx=0).connect
2023-12-16T22:19:57.446 INFO:teuthology.orchestra.run.smithi106.stdout:/usr/bin/ceph: stderr
2023-12-16T22:19:56.914+0000 7f9fa690e700 1 -- --> [v2:172.21.15.106:3300/0,v1:172.21.15.106:6789/0] -- mon_getmap magic: 0 v1 -- 0x7f9fa0111750 con 0x7f9fa0076ba0
2023-12-16T22:19:57.446 INFO:teuthology.orchestra.run.smithi106.stdout:/usr/bin/ceph: stderr
2023-12-16T22:19:56.915+0000 7f9f9ffff700 1 --2- >> [v2:172.21.15.106:3300/0,v1:172.21.15.106:6789/0] conn(0x7f9fa0076ba0 0x7f9fa0111210 unknown :-1 s=BANNER_CONNECTING pgs=0 cs=0 l=1 rev1=0 crypto rx=0 tx=0 comp rx=0 tx=0)._handle_peer_banner_payload supported=3 required=0
2023-12-16T22:19:57.446 INFO:teuthology.orchestra.run.smithi106.stdout:/usr/bin/ceph: stderr
2023-12-16T22:19:56.915+0000 7f9f9ffff700 1 --2- >> [v2:172.21.15.106:3300/0,v1:172.21.15.106:6789/0] conn(0x7f9fa0076ba0 0x7f9fa0111210 unknown :-1 s=HELLO_CONNECTING pgs=0 cs=0 l=1 rev1=1 crypto rx=0 tx=0 comp rx=0 tx=0).handle_hello peer v2:172.21.15.106:3300/0 says I am v2:172.21.15.106:40900/0 (socket says 172.21.15.106:40900)
2023-12-16T22:19:57.446 INFO:teuthology.orchestra.run.smithi106.stdout:/usr/bin/ceph: stderr
2023-12-16T22:19:56.915+0000 7f9f9ffff700 1 -- 172.21.15.106:0/3501989842 learned_addr learned my addr 172.21.15.106:0/3501989842 (peer_addr_for_me v2:172.21.15.106:0/0)
2023-12-16T22:19:57.446 INFO:teuthology.orchestra.run.smithi106.stdout:/usr/bin/ceph: stderr
2023-12-16T22:19:56.915+0000 7f9f9ffff700 1 -- 172.21.15.106:0/3501989842 --> [v2:172.21.15.106:3300/0,v1:172.21.15.106:6789/0] -- mon_subscribe({config=0+,monmap=0+}) v3 -- 0x7f9f900094f0 con 0x7f9fa0076ba0
2023-12-16T22:19:57.446 INFO:teuthology.orchestra.run.smithi106.stdout:/usr/bin/ceph: stderr
2023-12-16T22:19:56.915+0000 7f9f9ffff700 1 --2- 172.21.15.106:0/3501989842 >> [v2:172.21.15.106:3300/0,v1:172.21.15.106:6789/0] conn(0x7f9fa0076ba0 0x7f9fa0111210 secure :-1 s=READY pgs=70 cs=0 l=1 rev1=1 crypto rx=0x7f9f90003080 tx=0x7f9f90009250 comp rx=0 tx=0).ready entity=mon.0 client_cookie=0 server_cookie=0 in_seq=0 out_seq=0
2023-12-16T22:19:57.446 INFO:teuthology.orchestra.run.smithi106.stdout:/usr/bin/ceph: stderr
2023-12-16T22:19:56.915+0000 7f9f9cff9700 1 -- 172.21.15.106:0/3501989842 <== mon.0 v2:172.21.15.106:3300/0 1 ==== mon_map magic: 0 v1 ==== 229+0+0 (secure 0 0 0) 0x7f9f9000be30 con 0x7f9fa0076ba0
2023-12-16T22:19:57.446 INFO:teuthology.orchestra.run.smithi106.stdout:/usr/bin/ceph: stderr
2023-12-16T22:19:56.915+0000 7f9f9cff9700 1 -- 172.21.15.106:0/3501989842 <== mon.0 v2:172.21.15.106:3300/0 2 ==== config(26 keys) v1 ==== 1074+0+0 (secure 0 0 0) 0x7f9f90010c60 con 0x7f9fa0076ba0
2023-12-16T22:19:57.447 INFO:teuthology.orchestra.run.smithi106.stdout:/usr/bin/ceph: stderr
2023-12-16T22:19:56.915+0000 7f9fa690e700 1 -- 172.21.15.106:0/3501989842 --> [v2:172.21.15.106:3300/0,v1:172.21.15.106:6789/0] -- mon_subscribe({mgrmap=0+}) v3 -- 0x7f9fa0111950 con 0x7f9fa0076ba0
2023-12-16T22:19:57.447 INFO:teuthology.orchestra.run.smithi106.stdout:/usr/bin/ceph: stderr
2023-12-16T22:19:56.915+0000 7f9f9cff9700 1 -- 172.21.15.106:0/3501989842 <== mon.0 v2:172.21.15.106:3300/0 3 ==== mon_map magic: 0 v1 ==== 229+0+0 (secure 0 0 0) 0x7f9f90024d20 con 0x7f9fa0076ba0
2023-12-16T22:19:57.447 INFO:teuthology.orchestra.run.smithi106.stdout:/usr/bin/ceph: stderr
2023-12-16T22:19:56.915+0000 7f9fa690e700 1 -- 172.21.15.106:0/3501989842 --> [v2:172.21.15.106:3300/0,v1:172.21.15.106:6789/0] -- mon_subscribe({osdmap=0}) v3 -- 0x7f9fa0111d60 con 0x7f9fa0076ba0
2023-12-16T22:19:57.447 INFO:teuthology.orchestra.run.smithi106.stdout:/usr/bin/ceph: stderr
2023-12-16T22:19:56.916+0000 7f9fa690e700 1 -- 172.21.15.106:0/3501989842 --> [v2:172.21.15.106:3300/0,v1:172.21.15.106:6789/0] -- mon_command({"prefix": "get_command_descriptions"} v 0) v1 -- 0x7f9fa004bb80 con 0x7f9fa0076ba0
2023-12-16T22:19:57.447 INFO:teuthology.orchestra.run.smithi106.stdout:/usr/bin/ceph: stderr
2023-12-16T22:19:56.916+0000 7f9f9cff9700 1 -- 172.21.15.106:0/3501989842 <== mon.0 v2:172.21.15.106:3300/0 4 ==== mgrmap(e 9) v1 ==== 43294+0+0 (secure 0 0 0) 0x7f9f9001a430 con 0x7f9fa0076ba0
2023-12-16T22:19:57.447 INFO:teuthology.orchestra.run.smithi106.stdout:/usr/bin/ceph: stderr
2023-12-16T22:19:56.916+0000 7f9f9cff9700 1 --2- 172.21.15.106:0/3501989842 >> [v2:172.21.15.106:6800/328738391,v1:172.21.15.106:6801/328738391] conn(0x7f9f88036640 0x7f9f88038af0 unknown :-1 s=NONE pgs=0 cs=0 l=1 rev1=0 crypto rx=0 tx=0 comp rx=0 tx=0).connect
2023-12-16T22:19:57.447 INFO:teuthology.orchestra.run.smithi106.stdout:/usr/bin/ceph: stderr
2023-12-16T22:19:56.916+0000 7f9f9cff9700 1 -- 172.21.15.106:0/3501989842 <== mon.0 v2:172.21.15.106:3300/0 5 ==== osd_map(2..2 src has 1..2) v4 ==== 936+0+0 (secure 0 0 0) 0x7f9f9004a3f0 con 0x7f9fa0076ba0
2023-12-16T22:19:57.447 INFO:teuthology.orchestra.run.smithi106.stdout:/usr/bin/ceph: stderr
2023-12-16T22:19:56.916+0000 7f9f9f7fe700 1 -- 172.21.15.106:0/3501989842 >> [v2:172.21.15.106:6800/328738391,v1:172.21.15.106:6801/328738391] conn(0x7f9f88036640 msgr2=0x7f9f88038af0 unknown :-1 s=STATE_CONNECTING_RE l=1).process reconnect failed to v2:172.21.15.106:6800/328738391
2023-12-16T22:19:57.447 INFO:teuthology.orchestra.run.smithi106.stdout:/usr/bin/ceph: stderr
2023-12-16T22:19:56.917+0000 7f9f9f7fe700 1 --2- 172.21.15.106:0/3501989842 >> [v2:172.21.15.106:6800/328738391,v1:172.21.15.106:6801/328738391] conn(0x7f9f88036640 0x7f9f88038af0 unknown :-1 s=START_CONNECT pgs=0 cs=0 l=1 rev1=0 crypto rx=0 tx=0 comp rx=0 tx=0)._fault waiting 0.200000
2023-12-16T22:19:57.447 INFO:teuthology.orchestra.run.smithi106.stdout:/usr/bin/ceph: stderr
2023-12-16T22:19:56.924+0000 7f9f9cff9700 1 -- 172.21.15.106:0/3501989842 <== mon.0 v2:172.21.15.106:3300/0 6 ==== mon_command_ack([{"prefix": "get_command_descriptions"}]=0 v0) v1 ==== 72+0+174570 (secure 0 0 0) 0x7f9f90023d80 con 0x7f9fa0076ba0
2023-12-16T22:19:57.447 INFO:teuthology.orchestra.run.smithi106.stdout:/usr/bin/ceph: stderr
2023-12-16T22:19:57.118+0000 7f9f9f7fe700 1 -- 172.21.15.106:0/3501989842 >> [v2:172.21.15.106:6800/328738391,v1:172.21.15.106:6801/328738391] conn(0x7f9f88036640 msgr2=0x7f9f88038af0 unknown :-1 s=STATE_CONNECTING_RE l=1).process reconnect failed to v2:172.21.15.106:6800/328738391
2023-12-16T22:19:57.447 INFO:teuthology.orchestra.run.smithi106.stdout:/usr/bin/ceph: stderr
2023-12-16T22:19:57.118+0000 7f9f9f7fe700 1 --2- 172.21.15.106:0/3501989842 >> [v2:172.21.15.106:6800/328738391,v1:172.21.15.106:6801/328738391] conn(0x7f9f88036640 0x7f9f88038af0 unknown :-1 s=START_CONNECT pgs=0 cs=0 l=1 rev1=0 crypto rx=0 tx=0 comp rx=0 tx=0)._fault waiting 0.400000
2023-12-16T22:19:57.447 INFO:teuthology.orchestra.run.smithi106.stdout:/usr/bin/ceph: stderr
2023-12-16T22:19:57.169+0000 7f9fa690e700 1 -- 172.21.15.106:0/3501989842 --> [v2:172.21.15.106:3300/0,v1:172.21.15.106:6789/0] -- mon_command({"prefix": "mgr stat"} v 0) v1 -- 0x7f9fa010af80 con 0x7f9fa0076ba0
2023-12-16T22:19:57.447 INFO:teuthology.orchestra.run.smithi106.stdout:/usr/bin/ceph: stderr
2023-12-16T22:19:57.170+0000 7f9f9cff9700 1 -- 172.21.15.106:0/3501989842 <== mon.0 v2:172.21.15.106:3300/0 7 ==== mon_command_ack([{"prefix": "mgr stat"}]=0 v9) v1 ==== 56+0+103 (secure 0 0 0) 0x7f9f90023ba0 con 0x7f9fa0076ba0
2023-12-16T22:19:57.447 INFO:teuthology.orchestra.run.smithi106.stdout:/usr/bin/ceph: stderr
2023-12-16T22:19:57.172+0000 7f9fa690e700 1 -- 172.21.15.106:0/3501989842 >> [v2:172.21.15.106:6800/328738391,v1:172.21.15.106:6801/328738391] conn(0x7f9f88036640 msgr2=0x7f9f88038af0 unknown :-1 s=STATE_CONNECTING l=1).mark_down
2023-12-16T22:19:57.448 INFO:teuthology.orchestra.run.smithi106.stdout:/usr/bin/ceph: stderr
2023-12-16T22:19:57.172+0000 7f9fa690e700 1 --2- 172.21.15.106:0/3501989842 >> [v2:172.21.15.106:6800/328738391,v1:172.21.15.106:6801/328738391] conn(0x7f9f88036640 0x7f9f88038af0 unknown :-1 s=START_CONNECT pgs=0 cs=0 l=1 rev1=0 crypto rx=0 tx=0 comp rx=0 tx=0).stop
2023-12-16T22:19:57.448 INFO:teuthology.orchestra.run.smithi106.stdout:/usr/bin/ceph: stderr
2023-12-16T22:19:57.172+0000 7f9fa690e700 1 -- 172.21.15.106:0/3501989842 >> [v2:172.21.15.106:3300/0,v1:172.21.15.106:6789/0] conn(0x7f9fa0076ba0 msgr2=0x7f9fa0111210 secure :-1 s=STATE_CONNECTION_ESTABLISHED l=1).mark_down
2023-12-16T22:19:57.448 INFO:teuthology.orchestra.run.smithi106.stdout:/usr/bin/ceph: stderr
2023-12-16T22:19:57.172+0000 7f9fa690e700 1 --2- 172.21.15.106:0/3501989842 >> [v2:172.21.15.106:3300/0,v1:172.21.15.106:6789/0] conn(0x7f9fa0076ba0 0x7f9fa0111210 secure :-1 s=READY pgs=70 cs=0 l=1 rev1=1 crypto rx=0x7f9f90003080 tx=0x7f9f90009250 comp rx=0 tx=0).stop
2023-12-16T22:19:57.448 INFO:teuthology.orchestra.run.smithi106.stdout:/usr/bin/ceph: stderr
2023-12-16T22:19:57.172+0000 7f9fa690e700 1 -- 172.21.15.106:0/3501989842 shutdown_connections
2023-12-16T22:19:57.448 INFO:teuthology.orchestra.run.smithi106.stdout:/usr/bin/ceph: stderr
2023-12-16T22:19:57.172+0000 7f9fa690e700 1 --2- 172.21.15.106:0/3501989842 >> [v2:172.21.15.106:6800/328738391,v1:172.21.15.106:6801/328738391] conn(0x7f9f88036640 0x7f9f88038af0 unknown :-1 s=CLOSED pgs=0 cs=0 l=1 rev1=0 crypto rx=0 tx=0 comp rx=0 tx=0).stop
2023-12-16T22:19:57.448 INFO:teuthology.orchestra.run.smithi106.stdout:/usr/bin/ceph: stderr
2023-12-16T22:19:57.172+0000 7f9fa690e700 1 --2- 172.21.15.106:0/3501989842 >> [v2:172.21.15.106:3300/0,v1:172.21.15.106:6789/0] conn(0x7f9fa0076ba0 0x7f9fa0111210 unknown :-1 s=CLOSED pgs=70 cs=0 l=1 rev1=1 crypto rx=0 tx=0 comp rx=0 tx=0).stop
2023-12-16T22:19:57.448 INFO:teuthology.orchestra.run.smithi106.stdout:/usr/bin/ceph: stderr
2023-12-16T22:19:57.172+0000 7f9fa690e700 1 -- 172.21.15.106:0/3501989842 >> 172.21.15.106:0/3501989842 conn(0x7f9fa00fc980 msgr2=0x7f9fa00fe1b0 unknown :-1 s=STATE_NONE l=0).mark_down
2023-12-16T22:19:57.448 INFO:teuthology.orchestra.run.smithi106.stdout:/usr/bin/ceph: stderr
2023-12-16T22:19:57.172+0000 7f9fa690e700 1 -- 172.21.15.106:0/3501989842 shutdown_connections
2023-12-16T22:19:57.448 INFO:teuthology.orchestra.run.smithi106.stdout:/usr/bin/ceph: stderr
2023-12-16T22:19:57.172+0000 7f9fa690e700 1 -- 172.21.15.106:0/3501989842 wait complete.
2023-12-16T22:19:57.448 INFO:teuthology.orchestra.run.smithi106.stdout:Waiting for the mgr to restart...
2023-12-16T22:19:57.448 INFO:teuthology.orchestra.run.smithi106.stdout:Waiting for mgr epoch 9...
2023-12-16T22:20:03.339 INFO:journalctl@ceph.mon.smithi106.smithi106.stdout:Dec 16 22:20:03 smithi106 ceph-mon[81011]: Active manager daemon smithi106.ciccsw restarted
2023-12-16T22:20:03.339 INFO:journalctl@ceph.mon.smithi106.smithi106.stdout:Dec 16 22:20:03 smithi106 ceph-mon[81011]: Activating manager daemon smithi106.ciccsw
2023-12-16T22:20:03.339 INFO:journalctl@ceph.mon.smithi106.smithi106.stdout:Dec 16 22:20:03 smithi106 ceph-mon[81011]: osdmap e3: 0 total, 0 up, 0 in
2023-12-16T22:20:03.339 INFO:journalctl@ceph.mon.smithi106.smithi106.stdout:Dec 16 22:20:03 smithi106 ceph-mon[81011]: mgrmap e10: smithi106.ciccsw(active, starting, since 0.00341758s)
2023-12-16T22:20:03.340 INFO:journalctl@ceph.mon.smithi106.smithi106.stdout:Dec 16 22:20:03 smithi106 ceph-mon[81011]: from='mgr.14162 172.21.15.106:0/3125468752' entity='mgr.smithi106.ciccsw' cmd=[{"prefix": "mon metadata", "id": "smithi106"}]: dispatch
2023-12-16T22:20:03.340 INFO:journalctl@ceph.mon.smithi106.smithi106.stdout:Dec 16 22:20:03 smithi106 ceph-mon[81011]: from='mgr.14162 172.21.15.106:0/3125468752' entity='mgr.smithi106.ciccsw' cmd=[{"prefix": "mgr metadata", "who": "smithi106.ciccsw", "id": "smithi106.ciccsw"}]: dispatch
2023-12-16T22:20:03.340 INFO:journalctl@ceph.mon.smithi106.smithi106.stdout:Dec 16 22:20:03 smithi106 ceph-mon[81011]: from='mgr.14162 172.21.15.106:0/3125468752' entity='mgr.smithi106.ciccsw' cmd=[{"prefix": "mds metadata"}]: dispatch
2023-12-16T22:20:03.340 INFO:journalctl@ceph.mon.smithi106.smithi106.stdout:Dec 16 22:20:03 smithi106 ceph-mon[81011]: from='mgr.14162 172.21.15.106:0/3125468752' entity='mgr.smithi106.ciccsw' cmd=[{"prefix": "osd metadata"}]: dispatch
2023-12-16T22:20:03.340 INFO:journalctl@ceph.mon.smithi106.smithi106.stdout:Dec 16 22:20:03 smithi106 ceph-mon[81011]: from='mgr.14162 172.21.15.106:0/3125468752' entity='mgr.smithi106.ciccsw' cmd=[{"prefix": "mon metadata"}]: dispatch
2023-12-16T22:20:03.340 INFO:journalctl@ceph.mon.smithi106.smithi106.stdout:Dec 16 22:20:03 smithi106 ceph-mon[81011]: Manager daemon smithi106.ciccsw is now available
2023-12-16T22:20:03.340 INFO:journalctl@ceph.mon.smithi106.smithi106.stdout:Dec 16 22:20:03 smithi106 ceph-mon[81011]: from='mgr.14162 172.21.15.106:0/3125468752' entity='mgr.smithi106.ciccsw' cmd=[{"prefix": "config dump", "format": "json"}]: dispatch
2023-12-16T22:20:03.340 INFO:journalctl@ceph.mon.smithi106.smithi106.stdout:Dec 16 22:20:03 smithi106 ceph-mon[81011]: from='mgr.14162 172.21.15.106:0/3125468752' entity='mgr.smithi106.ciccsw' cmd=[{"prefix": "config dump", "format": "json"}]: dispatch
2023-12-16T22:20:04.339 INFO:journalctl@ceph.mon.smithi106.smithi106.stdout:Dec 16 22:20:04 smithi106 ceph-mon[81011]: from='mgr.14162 172.21.15.106:0/3125468752' entity='mgr.smithi106.ciccsw' cmd=[{"prefix":"config rm","who":"mgr","name":"mgr/rbd_support/smithi106.ciccsw/mirror_snapshot_schedule"}]: dispatch
2023-12-16T22:20:04.339 INFO:journalctl@ceph.mon.smithi106.smithi106.stdout:Dec 16 22:20:04 smithi106 ceph-mon[81011]: from='mgr.14162 172.21.15.106:0/3125468752' entity='mgr.smithi106.ciccsw' cmd=[{"prefix":"config rm","who":"mgr","name":"mgr/rbd_support/smithi106.ciccsw/trash_purge_schedule"}]: dispatch
2023-12-16T22:20:04.339 INFO:journalctl@ceph.mon.smithi106.smithi106.stdout:Dec 16 22:20:04 smithi106 ceph-mon[81011]: from='mgr.14162 172.21.15.106:0/3125468752' entity='mgr.smithi106.ciccsw'
2023-12-16T22:20:04.339 INFO:journalctl@ceph.mon.smithi106.smithi106.stdout:Dec 16 22:20:04 smithi106 ceph-mon[81011]: mgrmap e11: smithi106.ciccsw(active, since 1.00607s)
2023-12-16T22:20:04.339 INFO:journalctl@ceph.mon.smithi106.smithi106.stdout:Dec 16 22:20:04 smithi106 ceph-mon[81011]: from='mgr.14162 172.21.15.106:0/3125468752' entity='mgr.smithi106.ciccsw'
2023-12-16T22:20:04.366 INFO:teuthology.orchestra.run.smithi106.stdout:/usr/bin/ceph: stdout {
2023-12-16T22:20:04.367 INFO:teuthology.orchestra.run.smithi106.stdout:/usr/bin/ceph: stdout "mgrmap_epoch": 11,
2023-12-16T22:20:04.367 INFO:teuthology.orchestra.run.smithi106.stdout:/usr/bin/ceph: stdout "initialized": true
2023-12-16T22:20:04.367 INFO:teuthology.orchestra.run.smithi106.stdout:/usr/bin/ceph: stdout }
2023-12-16T22:20:04.367 INFO:teuthology.orchestra.run.smithi106.stdout:/usr/bin/ceph: stderr
2023-12-16T22:19:57.679+0000 7f29ca6f5700 1 Processor -- start
2023-12-16T22:20:04.367 INFO:teuthology.orchestra.run.smithi106.stdout:/usr/bin/ceph: stderr
2023-12-16T22:19:57.679+0000 7f29ca6f5700 1 -- start start
2023-12-16T22:20:04.367 INFO:teuthology.orchestra.run.smithi106.stdout:/usr/bin/ceph: stderr
2023-12-16T22:19:57.679+0000 7f29ca6f5700 1 --2- >> [v2:172.21.15.106:3300/0,v1:172.21.15.106:6789/0] conn(0x7f29c41039c0 0x7f29c4103dd0 unknown :-1 s=NONE pgs=0 cs=0 l=0 rev1=0 crypto rx=0 tx=0 comp rx=0 tx=0).connect
2023-12-16T22:20:04.367 INFO:teuthology.orchestra.run.smithi106.stdout:/usr/bin/ceph: stderr
2023-12-16T22:19:57.679+0000 7f29ca6f5700 1 -- --> [v2:172.21.15.106:3300/0,v1:172.21.15.106:6789/0] -- mon_getmap magic: 0 v1 -- 0x7f29c4104310 con 0x7f29c41039c0
2023-12-16T22:20:04.367 INFO:teuthology.orchestra.run.smithi106.stdout:/usr/bin/ceph: stderr
2023-12-16T22:19:57.679+0000 7f29c3fff700 1 --2- >> [v2:172.21.15.106:3300/0,v1:172.21.15.106:6789/0] conn(0x7f29c41039c0 0x7f29c4103dd0 unknown :-1 s=BANNER_CONNECTING pgs=0 cs=0 l=0 rev1=0 crypto rx=0 tx=0 comp rx=0 tx=0)._handle_peer_banner_payload supported=3 required=0
2023-12-16T22:20:04.367 INFO:teuthology.orchestra.run.smithi106.stdout:/usr/bin/ceph: stderr
2023-12-16T22:19:57.679+0000 7f29c3fff700 1 --2- >> [v2:172.21.15.106:3300/0,v1:172.21.15.106:6789/0] conn(0x7f29c41039c0 0x7f29c4103dd0 unknown :-1 s=HELLO_CONNECTING pgs=0 cs=0 l=0 rev1=1 crypto rx=0 tx=0 comp rx=0 tx=0).handle_hello peer v2:172.21.15.106:3300/0 says I am v2:172.21.15.106:40914/0 (socket says 172.21.15.106:40914)
2023-12-16T22:20:04.367 INFO:teuthology.orchestra.run.smithi106.stdout:/usr/bin/ceph: stderr
2023-12-16T22:19:57.679+0000 7f29c3fff700 1 -- 172.21.15.106:0/1355292004 learned_addr learned my addr 172.21.15.106:0/1355292004 (peer_addr_for_me v2:172.21.15.106:0/0)
2023-12-16T22:20:04.367 INFO:teuthology.orchestra.run.smithi106.stdout:/usr/bin/ceph: stderr
2023-12-16T22:19:57.680+0000 7f29c3fff700 1 -- 172.21.15.106:0/1355292004 --> [v2:172.21.15.106:3300/0,v1:172.21.15.106:6789/0] -- mon_subscribe({config=0+,monmap=0+}) v3 -- 0x7f29c4101fb0 con 0x7f29c41039c0
2023-12-16T22:20:04.367 INFO:teuthology.orchestra.run.smithi106.stdout:/usr/bin/ceph: stderr
2023-12-16T22:19:57.680+0000 7f29c3fff700 1 --2- 172.21.15.106:0/1355292004 >> [v2:172.21.15.106:3300/0,v1:172.21.15.106:6789/0] conn(0x7f29c41039c0 0x7f29c4103dd0 secure :-1 s=READY pgs=71 cs=0 l=1 rev1=1 crypto rx=0x7f29b80098e0 tx=0x7f29b8009250 comp rx=0 tx=0).ready entity=mon.0 client_cookie=676eebcd28bbc299 server_cookie=0 in_seq=0 out_seq=0
2023-12-16T22:20:04.367 INFO:teuthology.orchestra.run.smithi106.stdout:/usr/bin/ceph: stderr
2023-12-16T22:19:57.680+0000 7f29c2ffd700 1 -- 172.21.15.106:0/1355292004 <== mon.0 v2:172.21.15.106:3300/0 1 ==== mon_map magic: 0 v1 ==== 229+0+0 (secure 0 0 0) 0x7f29b800b860 con 0x7f29c41039c0
2023-12-16T22:20:04.367 INFO:teuthology.orchestra.run.smithi106.stdout:/usr/bin/ceph: stderr
2023-12-16T22:19:57.680+0000 7f29c2ffd700 1 -- 172.21.15.106:0/1355292004 <== mon.0 v2:172.21.15.106:3300/0 2 ==== config(26 keys) v1 ==== 1074+0+0 (secure 0 0 0) 0x7f29b800be70 con 0x7f29c41039c0
2023-12-16T22:20:04.368 INFO:teuthology.orchestra.run.smithi106.stdout:/usr/bin/ceph: stderr
2023-12-16T22:19:57.680+0000 7f29c2ffd700 1 -- 172.21.15.106:0/1355292004 <== mon.0 v2:172.21.15.106:3300/0 3 ==== mon_map magic: 0 v1 ==== 229+0+0 (secure 0 0 0) 0x7f29b8010380 con 0x7f29c41039c0
2023-12-16T22:20:04.368 INFO:teuthology.orchestra.run.smithi106.stdout:/usr/bin/ceph: stderr
2023-12-16T22:19:57.681+0000 7f29ca6f5700 1 -- 172.21.15.106:0/1355292004 >> [v2:172.21.15.106:3300/0,v1:172.21.15.106:6789/0] conn(0x7f29c41039c0 msgr2=0x7f29c4103dd0 secure :-1 s=STATE_CONNECTION_ESTABLISHED l=1).mark_down
2023-12-16T22:20:04.368 INFO:teuthology.orchestra.run.smithi106.stdout:/usr/bin/ceph: stderr
2023-12-16T22:19:57.681+0000 7f29ca6f5700 1 --2- 172.21.15.106:0/1355292004 >> [v2:172.21.15.106:3300/0,v1:172.21.15.106:6789/0] conn(0x7f29c41039c0 0x7f29c4103dd0 secure :-1 s=READY pgs=71 cs=0 l=1 rev1=1 crypto rx=0x7f29b80098e0 tx=0x7f29b8009250 comp rx=0 tx=0).stop
2023-12-16T22:20:04.368 INFO:teuthology.orchestra.run.smithi106.stdout:/usr/bin/ceph: stderr
2023-12-16T22:19:57.681+0000 7f29ca6f5700 1 -- 172.21.15.106:0/1355292004 shutdown_connections
2023-12-16T22:20:04.368 INFO:teuthology.orchestra.run.smithi106.stdout:/usr/bin/ceph: stderr
2023-12-16T22:19:57.681+0000 7f29ca6f5700 1 --2- 172.21.15.106:0/1355292004 >> [v2:172.21.15.106:3300/0,v1:172.21.15.106:6789/0] conn(0x7f29c41039c0 0x7f29c4103dd0 unknown :-1 s=CLOSED pgs=71 cs=0 l=1 rev1=1 crypto rx=0 tx=0 comp rx=0 tx=0).stop
2023-12-16T22:20:04.368 INFO:teuthology.orchestra.run.smithi106.stdout:/usr/bin/ceph: stderr
2023-12-16T22:19:57.681+0000 7f29ca6f5700 1 -- 172.21.15.106:0/1355292004 >> 172.21.15.106:0/1355292004 conn(0x7f29c40fda40 msgr2=0x7f29c40ffe70 unknown :-1 s=STATE_NONE l=0).mark_down
2023-12-16T22:20:04.368 INFO:teuthology.orchestra.run.smithi106.stdout:/usr/bin/ceph: stderr
2023-12-16T22:19:57.681+0000 7f29ca6f5700 1 -- 172.21.15.106:0/1355292004 shutdown_connections
2023-12-16T22:20:04.368 INFO:teuthology.orchestra.run.smithi106.stdout:/usr/bin/ceph: stderr
2023-12-16T22:19:57.681+0000 7f29ca6f5700 1 -- 172.21.15.106:0/1355292004 wait complete.
2023-12-16T22:20:04.368 INFO:teuthology.orchestra.run.smithi106.stdout:/usr/bin/ceph: stderr
2023-12-16T22:19:57.681+0000 7f29ca6f5700 1 Processor -- start
2023-12-16T22:20:04.368 INFO:teuthology.orchestra.run.smithi106.stdout:/usr/bin/ceph: stderr
2023-12-16T22:19:57.682+0000 7f29ca6f5700 1 -- start start
2023-12-16T22:20:04.368 INFO:teuthology.orchestra.run.smithi106.stdout:/usr/bin/ceph: stderr
2023-12-16T22:19:57.682+0000 7f29ca6f5700 1 --2- >> [v2:172.21.15.106:3300/0,v1:172.21.15.106:6789/0] conn(0x7f29c41039c0 0x7f29c4111130 unknown :-1 s=NONE pgs=0 cs=0 l=1 rev1=0 crypto rx=0 tx=0 comp rx=0 tx=0).connect
2023-12-16T22:20:04.368 INFO:teuthology.orchestra.run.smithi106.stdout:/usr/bin/ceph: stderr
2023-12-16T22:19:57.682+0000 7f29ca6f5700 1 -- --> [v2:172.21.15.106:3300/0,v1:172.21.15.106:6789/0] -- mon_getmap magic: 0 v1 -- 0x7f29c4111670 con 0x7f29c41039c0
2023-12-16T22:20:04.368 INFO:teuthology.orchestra.run.smithi106.stdout:/usr/bin/ceph: stderr
2023-12-16T22:19:57.682+0000 7f29c3fff700 1 --2- >> [v2:172.21.15.106:3300/0,v1:172.21.15.106:6789/0] conn(0x7f29c41039c0 0x7f29c4111130 unknown :-1 s=BANNER_CONNECTING pgs=0 cs=0 l=1 rev1=0 crypto rx=0 tx=0 comp rx=0 tx=0)._handle_peer_banner_payload supported=3 required=0
2023-12-16T22:20:04.368 INFO:teuthology.orchestra.run.smithi106.stdout:/usr/bin/ceph: stderr
2023-12-16T22:19:57.682+0000 7f29c3fff700 1 --2- >> [v2:172.21.15.106:3300/0,v1:172.21.15.106:6789/0] conn(0x7f29c41039c0 0x7f29c4111130 unknown :-1 s=HELLO_CONNECTING pgs=0 cs=0 l=1 rev1=1 crypto rx=0 tx=0 comp rx=0 tx=0).handle_hello peer v2:172.21.15.106:3300/0 says I am v2:172.21.15.106:40924/0 (socket says 172.21.15.106:40924)
2023-12-16T22:20:04.369 INFO:teuthology.orchestra.run.smithi106.stdout:/usr/bin/ceph: stderr
2023-12-16T22:19:57.682+0000 7f29c3fff700 1 -- 172.21.15.106:0/3805980444 learned_addr learned my addr 172.21.15.106:0/3805980444 (peer_addr_for_me v2:172.21.15.106:0/0)
2023-12-16T22:20:04.369 INFO:teuthology.orchestra.run.smithi106.stdout:/usr/bin/ceph: stderr
2023-12-16T22:19:57.682+0000 7f29c3fff700 1 -- 172.21.15.106:0/3805980444 --> [v2:172.21.15.106:3300/0,v1:172.21.15.106:6789/0] -- mon_subscribe({config=0+,monmap=0+}) v3 -- 0x7f29b80094f0 con 0x7f29c41039c0
2023-12-16T22:20:04.369 INFO:teuthology.orchestra.run.smithi106.stdout:/usr/bin/ceph: stderr
2023-12-16T22:19:57.682+0000 7f29c3fff700 1 --2- 172.21.15.106:0/3805980444 >> [v2:172.21.15.106:3300/0,v1:172.21.15.106:6789/0] conn(0x7f29c41039c0 0x7f29c4111130 secure :-1 s=READY pgs=72 cs=0 l=1 rev1=1 crypto rx=0x7f29b800bac0 tx=0x7f29b8009250 comp rx=0 tx=0).ready entity=mon.0 client_cookie=0 server_cookie=0 in_seq=0 out_seq=0
2023-12-16T22:20:04.369 INFO:teuthology.orchestra.run.smithi106.stdout:/usr/bin/ceph: stderr
2023-12-16T22:19:57.682+0000 7f29c0ff9700 1 -- 172.21.15.106:0/3805980444 <== mon.0 v2:172.21.15.106:3300/0 1 ==== mon_map magic: 0 v1 ==== 229+0+0 (secure 0 0 0) 0x7f29b80109b0 con 0x7f29c41039c0
2023-12-16T22:20:04.369 INFO:teuthology.orchestra.run.smithi106.stdout:/usr/bin/ceph: stderr
2023-12-16T22:19:57.683+0000 7f29c0ff9700 1 -- 172.21.15.106:0/3805980444 <== mon.0 v2:172.21.15.106:3300/0 2 ==== config(26 keys) v1 ==== 1074+0+0 (secure 0 0 0) 0x7f29b801a430 con 0x7f29c41039c0
2023-12-16T22:20:04.369 INFO:teuthology.orchestra.run.smithi106.stdout:/usr/bin/ceph: stderr
2023-12-16T22:19:57.683+0000 7f29ca6f5700 1 -- 172.21.15.106:0/3805980444 --> [v2:172.21.15.106:3300/0,v1:172.21.15.106:6789/0] -- mon_subscribe({mgrmap=0+}) v3 -- 0x7f29c4111870 con 0x7f29c41039c0
2023-12-16T22:20:04.369 INFO:teuthology.orchestra.run.smithi106.stdout:/usr/bin/ceph: stderr
2023-12-16T22:19:57.683+0000 7f29c0ff9700 1 -- 172.21.15.106:0/3805980444 <== mon.0 v2:172.21.15.106:3300/0 3 ==== mon_map magic: 0 v1 ==== 229+0+0 (secure 0 0 0) 0x7f29b80245b0 con 0x7f29c41039c0
2023-12-16T22:20:04.369 INFO:teuthology.orchestra.run.smithi106.stdout:/usr/bin/ceph: stderr
2023-12-16T22:19:57.683+0000 7f29ca6f5700 1 -- 172.21.15.106:0/3805980444 --> [v2:172.21.15.106:3300/0,v1:172.21.15.106:6789/0] -- mon_subscribe({osdmap=0}) v3 -- 0x7f29c4111c80 con 0x7f29c41039c0
2023-12-16T22:20:04.369 INFO:teuthology.orchestra.run.smithi106.stdout:/usr/bin/ceph: stderr
2023-12-16T22:19:57.683+0000 7f29c0ff9700 1 -- 172.21.15.106:0/3805980444 <== mon.0 v2:172.21.15.106:3300/0 4 ==== mgrmap(e 9) v1 ==== 43294+0+0 (secure 0 0 0) 0x7f29b8024820 con 0x7f29c41039c0
2023-12-16T22:20:04.369 INFO:teuthology.orchestra.run.smithi106.stdout:/usr/bin/ceph: stderr
2023-12-16T22:19:57.684+0000 7f29c0ff9700 1 --2- 172.21.15.106:0/3805980444 >> [v2:172.21.15.106:6800/328738391,v1:172.21.15.106:6801/328738391] conn(0x7f29ac036640 0x7f29ac038af0 unknown :-1 s=NONE pgs=0 cs=0 l=1 rev1=0 crypto rx=0 tx=0 comp rx=0 tx=0).connect
2023-12-16T22:20:04.369 INFO:teuthology.orchestra.run.smithi106.stdout:/usr/bin/ceph: stderr
2023-12-16T22:19:57.684+0000 7f29ca6f5700 1 -- 172.21.15.106:0/3805980444 --> [v2:172.21.15.106:6800/328738391,v1:172.21.15.106:6801/328738391] -- command(tid 0: {"prefix": "get_command_descriptions"}) v1 -- 0x7f29c405f270 con 0x7f29ac036640
2023-12-16T22:20:04.369 INFO:teuthology.orchestra.run.smithi106.stdout:/usr/bin/ceph: stderr
2023-12-16T22:19:57.684+0000 7f29c0ff9700 1 -- 172.21.15.106:0/3805980444 <== mon.0 v2:172.21.15.106:3300/0 5 ==== osd_map(2..2 src has 1..2) v4 ==== 936+0+0 (secure 0 0 0) 0x7f29b804a940 con 0x7f29c41039c0
2023-12-16T22:20:04.369 INFO:teuthology.orchestra.run.smithi106.stdout:/usr/bin/ceph: stderr
2023-12-16T22:19:57.684+0000 7f29c37fe700 1 -- 172.21.15.106:0/3805980444 >> [v2:172.21.15.106:6800/328738391,v1:172.21.15.106:6801/328738391] conn(0x7f29ac036640 msgr2=0x7f29ac038af0 unknown :-1 s=STATE_CONNECTING_RE l=1).process reconnect failed to v2:172.21.15.106:6800/328738391
2023-12-16T22:20:04.369 INFO:teuthology.orchestra.run.smithi106.stdout:/usr/bin/ceph: stderr
2023-12-16T22:19:57.684+0000 7f29c37fe700 1 --2- 172.21.15.106:0/3805980444 >> [v2:172.21.15.106:6800/328738391,v1:172.21.15.106:6801/328738391] conn(0x7f29ac036640 0x7f29ac038af0 unknown :-1 s=START_CONNECT pgs=0 cs=0 l=1 rev1=0 crypto rx=0 tx=0 comp rx=0 tx=0)._fault waiting 0.200000
2023-12-16T22:20:04.370 INFO:teuthology.orchestra.run.smithi106.stdout:/usr/bin/ceph: stderr
2023-12-16T22:19:57.885+0000 7f29c37fe700 1 -- 172.21.15.106:0/3805980444 >> [v2:172.21.15.106:6800/328738391,v1:172.21.15.106:6801/328738391] conn(0x7f29ac036640 msgr2=0x7f29ac038af0 unknown :-1 s=STATE_CONNECTING_RE l=1).process reconnect failed to v2:172.21.15.106:6800/328738391
2023-12-16T22:20:04.370 INFO:teuthology.orchestra.run.smithi106.stdout:/usr/bin/ceph: stderr
2023-12-16T22:19:57.885+0000 7f29c37fe700 1 --2- 172.21.15.106:0/3805980444 >> [v2:172.21.15.106:6800/328738391,v1:172.21.15.106:6801/328738391] conn(0x7f29ac036640 0x7f29ac038af0 unknown :-1 s=START_CONNECT pgs=0 cs=0 l=1 rev1=0 crypto rx=0 tx=0 comp rx=0 tx=0)._fault waiting 0.400000
2023-12-16T22:20:04.370 INFO:teuthology.orchestra.run.smithi106.stdout:/usr/bin/ceph: stderr
2023-12-16T22:19:58.286+0000 7f29c37fe700 1 -- 172.21.15.106:0/3805980444 >> [v2:172.21.15.106:6800/328738391,v1:172.21.15.106:6801/328738391] conn(0x7f29ac036640 msgr2=0x7f29ac038af0 unknown :-1 s=STATE_CONNECTING_RE l=1).process reconnect failed to v2:172.21.15.106:6800/328738391
2023-12-16T22:20:04.370 INFO:teuthology.orchestra.run.smithi106.stdout:/usr/bin/ceph: stderr
2023-12-16T22:19:58.286+0000 7f29c37fe700 1 --2- 172.21.15.106:0/3805980444 >> [v2:172.21.15.106:6800/328738391,v1:172.21.15.106:6801/328738391] conn(0x7f29ac036640 0x7f29ac038af0 unknown :-1 s=START_CONNECT pgs=0 cs=0 l=1 rev1=0 crypto rx=0 tx=0 comp rx=0 tx=0)._fault waiting 0.800000
2023-12-16T22:20:04.370 INFO:teuthology.orchestra.run.smithi106.stdout:/usr/bin/ceph: stderr
2023-12-16T22:19:59.087+0000 7f29c37fe700 1 -- 172.21.15.106:0/3805980444 >> [v2:172.21.15.106:6800/328738391,v1:172.21.15.106:6801/328738391] conn(0x7f29ac036640 msgr2=0x7f29ac038af0 unknown :-1 s=STATE_CONNECTING_RE l=1).process reconnect failed to v2:172.21.15.106:6800/328738391
2023-12-16T22:20:04.370 INFO:teuthology.orchestra.run.smithi106.stdout:/usr/bin/ceph: stderr
2023-12-16T22:19:59.087+0000 7f29c37fe700 1 --2- 172.21.15.106:0/3805980444 >> [v2:172.21.15.106:6800/328738391,v1:172.21.15.106:6801/328738391] conn(0x7f29ac036640 0x7f29ac038af0 unknown :-1 s=START_CONNECT pgs=0 cs=0 l=1 rev1=0 crypto rx=0 tx=0 comp rx=0 tx=0)._fault waiting 1.600000
2023-12-16T22:20:04.370 INFO:teuthology.orchestra.run.smithi106.stdout:/usr/bin/ceph: stderr
2023-12-16T22:20:00.688+0000 7f29c37fe700 1 -- 172.21.15.106:0/3805980444 >> [v2:172.21.15.106:6800/328738391,v1:172.21.15.106:6801/328738391] conn(0x7f29ac036640 msgr2=0x7f29ac038af0 unknown :-1 s=STATE_CONNECTING_RE l=1).process reconnect failed to v2:172.21.15.106:6800/328738391
2023-12-16T22:20:04.370 INFO:teuthology.orchestra.run.smithi106.stdout:/usr/bin/ceph: stderr
2023-12-16T22:20:00.688+0000 7f29c37fe700 1 --2- 172.21.15.106:0/3805980444 >> [v2:172.21.15.106:6800/328738391,v1:172.21.15.106:6801/328738391] conn(0x7f29ac036640 0x7f29ac038af0 unknown :-1 s=START_CONNECT pgs=0 cs=0 l=1 rev1=0 crypto rx=0 tx=0 comp rx=0 tx=0)._fault waiting 3.200000
2023-12-16T22:20:04.370 INFO:teuthology.orchestra.run.smithi106.stdout:/usr/bin/ceph: stderr
2023-12-16T22:20:02.969+0000 7f29c0ff9700 1 -- 172.21.15.106:0/3805980444 <== mon.0 v2:172.21.15.106:3300/0 6 ==== mgrmap(e 10) v1 ==== 43061+0+0 (secure 0 0 0) 0x7f29b802e960 con 0x7f29c41039c0
2023-12-16T22:20:04.370 INFO:teuthology.orchestra.run.smithi106.stdout:/usr/bin/ceph: stderr
2023-12-16T22:20:02.969+0000 7f29c0ff9700 1 -- 172.21.15.106:0/3805980444 >> [v2:172.21.15.106:6800/328738391,v1:172.21.15.106:6801/328738391] conn(0x7f29ac036640 msgr2=0x7f29ac038af0 unknown :-1 s=STATE_CONNECTING l=1).mark_down
2023-12-16T22:20:04.370 INFO:teuthology.orchestra.run.smithi106.stdout:/usr/bin/ceph: stderr
2023-12-16T22:20:02.969+0000 7f29c0ff9700 1 --2- 172.21.15.106:0/3805980444 >> [v2:172.21.15.106:6800/328738391,v1:172.21.15.106:6801/328738391] conn(0x7f29ac036640 0x7f29ac038af0 unknown :-1 s=START_CONNECT pgs=0 cs=0 l=1 rev1=0 crypto rx=0 tx=0 comp rx=0 tx=0).stop
2023-12-16T22:20:04.370 INFO:teuthology.orchestra.run.smithi106.stdout:/usr/bin/ceph: stderr
2023-12-16T22:20:03.970+0000 7f29c0ff9700 1 -- 172.21.15.106:0/3805980444 <== mon.0 v2:172.21.15.106:3300/0 7 ==== mgrmap(e 11) v1 ==== 43188+0+0 (secure 0 0 0) 0x7f29b801bd40 con 0x7f29c41039c0
2023-12-16T22:20:04.370 INFO:teuthology.orchestra.run.smithi106.stdout:/usr/bin/ceph: stderr
2023-12-16T22:20:03.970+0000 7f29c0ff9700 1 --2- 172.21.15.106:0/3805980444 >> [v2:172.21.15.106:6800/735068566,v1:172.21.15.106:6801/735068566] conn(0x7f29ac039f40 0x7f29ac03c320 unknown :-1 s=NONE pgs=0 cs=0 l=1 rev1=0 crypto rx=0 tx=0 comp rx=0 tx=0).connect
2023-12-16T22:20:04.370 INFO:teuthology.orchestra.run.smithi106.stdout:/usr/bin/ceph: stderr
2023-12-16T22:20:03.971+0000 7f29c0ff9700 1 -- 172.21.15.106:0/3805980444 --> [v2:172.21.15.106:6800/735068566,v1:172.21.15.106:6801/735068566] -- command(tid 0: {"prefix": "get_command_descriptions"}) v1 -- 0x7f29c405f270 con 0x7f29ac039f40
2023-12-16T22:20:04.371 INFO:teuthology.orchestra.run.smithi106.stdout:/usr/bin/ceph: stderr
2023-12-16T22:20:03.971+0000 7f29c37fe700 1 --2- 172.21.15.106:0/3805980444 >> [v2:172.21.15.106:6800/735068566,v1:172.21.15.106:6801/735068566] conn(0x7f29ac039f40 0x7f29ac03c320 unknown :-1 s=BANNER_CONNECTING pgs=0 cs=0 l=1 rev1=0 crypto rx=0 tx=0 comp rx=0 tx=0)._handle_peer_banner_payload supported=3 required=0
2023-12-16T22:20:04.371 INFO:teuthology.orchestra.run.smithi106.stdout:/usr/bin/ceph: stderr
2023-12-16T22:20:03.972+0000 7f29c37fe700 1 --2- 172.21.15.106:0/3805980444 >> [v2:172.21.15.106:6800/735068566,v1:172.21.15.106:6801/735068566] conn(0x7f29ac039f40 0x7f29ac03c320 secure :-1 s=READY pgs=1 cs=0 l=1 rev1=1 crypto rx=0x7f29b40039d0 tx=0x7f29b40092f0 comp rx=0 tx=0).ready entity=mgr.14162 client_cookie=0 server_cookie=0 in_seq=0 out_seq=0
2023-12-16T22:20:04.371 INFO:teuthology.orchestra.run.smithi106.stdout:/usr/bin/ceph: stderr
2023-12-16T22:20:03.972+0000 7f29c0ff9700 1 -- 172.21.15.106:0/3805980444 <== mgr.14162 v2:172.21.15.106:6800/735068566 1 ==== command_reply(tid 0: 0 ) v1 ==== 8+0+6549 (secure 0 0 0) 0x7f29c405f270 con 0x7f29ac039f40
2023-12-16T22:20:04.371 INFO:teuthology.orchestra.run.smithi106.stdout:/usr/bin/ceph: stderr
2023-12-16T22:20:03.978+0000 7f29ca6f5700 1 -- 172.21.15.106:0/3805980444 --> [v2:172.21.15.106:6800/735068566,v1:172.21.15.106:6801/735068566] -- command(tid 1: {"prefix": "mgr_status"}) v1 -- 0x7f29c4102d30 con 0x7f29ac039f40
2023-12-16T22:20:04.371 INFO:teuthology.orchestra.run.smithi106.stdout:/usr/bin/ceph: stderr
2023-12-16T22:20:03.978+0000 7f29c0ff9700 1 -- 172.21.15.106:0/3805980444 <== mgr.14162 v2:172.21.15.106:6800/735068566 2 ==== command_reply(tid 1: 0 ) v1 ==== 8+0+52 (secure 0 0 0) 0x7f29c4102d30 con 0x7f29ac039f40
2023-12-16T22:20:04.371 INFO:teuthology.orchestra.run.smithi106.stdout:/usr/bin/ceph: stderr
2023-12-16T22:20:03.979+0000 7f29ca6f5700 1 -- 172.21.15.106:0/3805980444 >> [v2:172.21.15.106:6800/735068566,v1:172.21.15.106:6801/735068566] conn(0x7f29ac039f40 msgr2=0x7f29ac03c320 secure :-1 s=STATE_CONNECTION_ESTABLISHED l=1).mark_down
2023-12-16T22:20:04.371 INFO:teuthology.orchestra.run.smithi106.stdout:/usr/bin/ceph: stderr
2023-12-16T22:20:03.979+0000 7f29ca6f5700 1 --2- 172.21.15.106:0/3805980444 >> [v2:172.21.15.106:6800/735068566,v1:172.21.15.106:6801/735068566] conn(0x7f29ac039f40 0x7f29ac03c320 secure :-1 s=READY pgs=1 cs=0 l=1 rev1=1 crypto rx=0x7f29b40039d0 tx=0x7f29b40092f0 comp rx=0 tx=0).stop
2023-12-16T22:20:04.371 INFO:teuthology.orchestra.run.smithi106.stdout:/usr/bin/ceph: stderr
2023-12-16T22:20:03.979+0000 7f29ca6f5700 1 -- 172.21.15.106:0/3805980444 >> [v2:172.21.15.106:3300/0,v1:172.21.15.106:6789/0] conn(0x7f29c41039c0 msgr2=0x7f29c4111130 secure :-1 s=STATE_CONNECTION_ESTABLISHED l=1).mark_down
2023-12-16T22:20:04.371 INFO:teuthology.orchestra.run.smithi106.stdout:/usr/bin/ceph: stderr
2023-12-16T22:20:03.979+0000 7f29ca6f5700 1 --2- 172.21.15.106:0/3805980444 >> [v2:172.21.15.106:3300/0,v1:172.21.15.106:6789/0] conn(0x7f29c41039c0 0x7f29c4111130 secure :-1 s=READY pgs=72 cs=0 l=1 rev1=1 crypto rx=0x7f29b800bac0 tx=0x7f29b8009250 comp rx=0 tx=0).stop
2023-12-16T22:20:04.371 INFO:teuthology.orchestra.run.smithi106.stdout:/usr/bin/ceph: stderr
2023-12-16T22:20:03.979+0000 7f29ca6f5700 1 -- 172.21.15.106:0/3805980444 shutdown_connections
2023-12-16T22:20:04.371 INFO:teuthology.orchestra.run.smithi106.stdout:/usr/bin/ceph: stderr
2023-12-16T22:20:03.979+0000 7f29ca6f5700 1 --2- 172.21.15.106:0/3805980444 >> [v2:172.21.15.106:6800/735068566,v1:172.21.15.106:6801/735068566] conn(0x7f29ac039f40 0x7f29ac03c320 unknown :-1 s=CLOSED pgs=1 cs=0 l=1 rev1=1 crypto rx=0 tx=0 comp rx=0 tx=0).stop
2023-12-16T22:20:04.371 INFO:teuthology.orchestra.run.smithi106.stdout:/usr/bin/ceph: stderr
2023-12-16T22:20:03.979+0000 7f29ca6f5700 1 --2- 172.21.15.106:0/3805980444 >> [v2:172.21.15.106:3300/0,v1:172.21.15.106:6789/0] conn(0x7f29c41039c0 0x7f29c4111130 unknown :-1 s=CLOSED pgs=72 cs=0 l=1 rev1=1 crypto rx=0 tx=0 comp rx=0 tx=0).stop
2023-12-16T22:20:04.371 INFO:teuthology.orchestra.run.smithi106.stdout:/usr/bin/ceph: stderr
2023-12-16T22:20:03.979+0000 7f29ca6f5700 1 --2- 172.21.15.106:0/3805980444 >> [v2:172.21.15.106:6800/328738391,v1:172.21.15.106:6801/328738391] conn(0x7f29ac036640 0x7f29ac038af0 unknown :-1 s=CLOSED pgs=0 cs=0 l=1 rev1=0 crypto rx=0 tx=0 comp rx=0 tx=0).stop
2023-12-16T22:20:04.371 INFO:teuthology.orchestra.run.smithi106.stdout:/usr/bin/ceph: stderr
2023-12-16T22:20:03.979+0000 7f29ca6f5700 1 -- 172.21.15.106:0/3805980444 >> 172.21.15.106:0/3805980444 conn(0x7f29c40fda40 msgr2=0x7f29c40ff1c0 unknown :-1 s=STATE_NONE l=0).mark_down
2023-12-16T22:20:04.371 INFO:teuthology.orchestra.run.smithi106.stdout:/usr/bin/ceph: stderr
2023-12-16T22:20:03.979+0000 7f29ca6f5700 1 -- 172.21.15.106:0/3805980444 shutdown_connections
2023-12-16T22:20:04.372 INFO:teuthology.orchestra.run.smithi106.stdout:/usr/bin/ceph: stderr
2023-12-16T22:20:03.979+0000 7f29ca6f5700 1 -- 172.21.15.106:0/3805980444 wait complete.
2023-12-16T22:20:04.372 INFO:teuthology.orchestra.run.smithi106.stdout:mgr epoch 9 is available
2023-12-16T22:20:04.372 INFO:teuthology.orchestra.run.smithi106.stdout:Generating a dashboard self-signed certificate...
2023-12-16T22:20:05.098 INFO:teuthology.orchestra.run.smithi106.stdout:/usr/bin/ceph: stdout Self-signed certificate created
2023-12-16T22:20:05.099 INFO:teuthology.orchestra.run.smithi106.stdout:/usr/bin/ceph: stderr
2023-12-16T22:20:04.597+0000 7ff76ac5f700 1 Processor -- start
2023-12-16T22:20:05.099 INFO:teuthology.orchestra.run.smithi106.stdout:/usr/bin/ceph: stderr
2023-12-16T22:20:04.597+0000 7ff76ac5f700 1 -- start start
2023-12-16T22:20:05.099 INFO:teuthology.orchestra.run.smithi106.stdout:/usr/bin/ceph: stderr
2023-12-16T22:20:04.597+0000 7ff76ac5f700 1 --2- >> [v2:172.21.15.106:3300/0,v1:172.21.15.106:6789/0] conn(0x7ff7641022d0 0x7ff7641026e0 unknown :-1 s=NONE pgs=0 cs=0 l=0 rev1=0 crypto rx=0 tx=0 comp rx=0 tx=0).connect
2023-12-16T22:20:05.099 INFO:teuthology.orchestra.run.smithi106.stdout:/usr/bin/ceph: stderr
2023-12-16T22:20:04.597+0000 7ff76ac5f700 1 -- --> [v2:172.21.15.106:3300/0,v1:172.21.15.106:6789/0] -- mon_getmap magic: 0 v1 -- 0x7ff764102c20 con 0x7ff7641022d0
2023-12-16T22:20:05.099 INFO:teuthology.orchestra.run.smithi106.stdout:/usr/bin/ceph: stderr
2023-12-16T22:20:04.598+0000 7ff7689fb700 1 --2- >> [v2:172.21.15.106:3300/0,v1:172.21.15.106:6789/0] conn(0x7ff7641022d0 0x7ff7641026e0 unknown :-1 s=BANNER_CONNECTING pgs=0 cs=0 l=0 rev1=0 crypto rx=0 tx=0 comp rx=0 tx=0)._handle_peer_banner_payload supported=3 required=0
2023-12-16T22:20:05.099 INFO:teuthology.orchestra.run.smithi106.stdout:/usr/bin/ceph: stderr
2023-12-16T22:20:04.598+0000 7ff7689fb700 1 --2- >> [v2:172.21.15.106:3300/0,v1:172.21.15.106:6789/0] conn(0x7ff7641022d0 0x7ff7641026e0 unknown :-1 s=HELLO_CONNECTING pgs=0 cs=0 l=0 rev1=1 crypto rx=0 tx=0 comp rx=0 tx=0).handle_hello peer v2:172.21.15.106:3300/0 says I am v2:172.21.15.106:59358/0 (socket says 172.21.15.106:59358)
2023-12-16T22:20:05.099 INFO:teuthology.orchestra.run.smithi106.stdout:/usr/bin/ceph: stderr
2023-12-16T22:20:04.598+0000 7ff7689fb700 1 -- 172.21.15.106:0/1595015918 learned_addr learned my addr 172.21.15.106:0/1595015918 (peer_addr_for_me v2:172.21.15.106:0/0)
2023-12-16T22:20:05.099 INFO:teuthology.orchestra.run.smithi106.stdout:/usr/bin/ceph: stderr
2023-12-16T22:20:04.598+0000 7ff7689fb700 1 -- 172.21.15.106:0/1595015918 --> [v2:172.21.15.106:3300/0,v1:172.21.15.106:6789/0] -- mon_subscribe({config=0+,monmap=0+}) v3 -- 0x7ff764102d60 con 0x7ff7641022d0
2023-12-16T22:20:05.099 INFO:teuthology.orchestra.run.smithi106.stdout:/usr/bin/ceph: stderr
2023-12-16T22:20:04.598+0000 7ff7689fb700 1 --2- 172.21.15.106:0/1595015918 >> [v2:172.21.15.106:3300/0,v1:172.21.15.106:6789/0] conn(0x7ff7641022d0 0x7ff7641026e0 secure :-1 s=READY pgs=80 cs=0 l=1 rev1=1 crypto rx=0x7ff75c009e50 tx=0x7ff75c009840 comp rx=0 tx=0).ready entity=mon.0 client_cookie=e6361724b97e1c53 server_cookie=0 in_seq=0 out_seq=0
2023-12-16T22:20:05.099 INFO:teuthology.orchestra.run.smithi106.stdout:/usr/bin/ceph: stderr
2023-12-16T22:20:04.598+0000 7ff7637fe700 1 -- 172.21.15.106:0/1595015918 <== mon.0 v2:172.21.15.106:3300/0 1 ==== mon_map magic: 0 v1 ==== 229+0+0 (secure 0 0 0) 0x7ff75c0092e0 con 0x7ff7641022d0
2023-12-16T22:20:05.099 INFO:teuthology.orchestra.run.smithi106.stdout:/usr/bin/ceph: stderr
2023-12-16T22:20:04.598+0000 7ff7637fe700 1 -- 172.21.15.106:0/1595015918 <== mon.0 v2:172.21.15.106:3300/0 2 ==== config(26 keys) v1 ==== 1074+0+0 (secure 0 0 0) 0x7ff75c012430 con 0x7ff7641022d0
2023-12-16T22:20:05.099 INFO:teuthology.orchestra.run.smithi106.stdout:/usr/bin/ceph: stderr
2023-12-16T22:20:04.598+0000 7ff7637fe700 1 -- 172.21.15.106:0/1595015918 <== mon.0 v2:172.21.15.106:3300/0 3 ==== mon_map magic: 0 v1 ==== 229+0+0 (secure 0 0 0) 0x7ff75c0075c0 con 0x7ff7641022d0
2023-12-16T22:20:05.100 INFO:teuthology.orchestra.run.smithi106.stdout:/usr/bin/ceph: stderr
2023-12-16T22:20:04.599+0000 7ff76ac5f700 1 -- 172.21.15.106:0/1595015918 >> [v2:172.21.15.106:3300/0,v1:172.21.15.106:6789/0] conn(0x7ff7641022d0 msgr2=0x7ff7641026e0 secure :-1 s=STATE_CONNECTION_ESTABLISHED l=1).mark_down
2023-12-16T22:20:05.100 INFO:teuthology.orchestra.run.smithi106.stdout:/usr/bin/ceph: stderr
2023-12-16T22:20:04.599+0000 7ff76ac5f700 1 --2- 172.21.15.106:0/1595015918 >> [v2:172.21.15.106:3300/0,v1:172.21.15.106:6789/0] conn(0x7ff7641022d0 0x7ff7641026e0 secure :-1 s=READY pgs=80 cs=0 l=1 rev1=1 crypto rx=0x7ff75c009e50 tx=0x7ff75c009840 comp rx=0 tx=0).stop
2023-12-16T22:20:05.100 INFO:teuthology.orchestra.run.smithi106.stdout:/usr/bin/ceph: stderr
2023-12-16T22:20:04.599+0000 7ff76ac5f700 1 -- 172.21.15.106:0/1595015918 shutdown_connections
2023-12-16T22:20:05.100 INFO:teuthology.orchestra.run.smithi106.stdout:/usr/bin/ceph: stderr
2023-12-16T22:20:04.599+0000 7ff76ac5f700 1 --2- 172.21.15.106:0/1595015918 >> [v2:172.21.15.106:3300/0,v1:172.21.15.106:6789/0] conn(0x7ff7641022d0 0x7ff7641026e0 unknown :-1 s=CLOSED pgs=80 cs=0 l=1 rev1=1 crypto rx=0 tx=0 comp rx=0 tx=0).stop
2023-12-16T22:20:05.100 INFO:teuthology.orchestra.run.smithi106.stdout:/usr/bin/ceph: stderr
2023-12-16T22:20:04.599+0000 7ff76ac5f700 1 -- 172.21.15.106:0/1595015918 >> 172.21.15.106:0/1595015918 conn(0x7ff7640fda50 msgr2=0x7ff7640ffe60 unknown :-1 s=STATE_NONE l=0).mark_down
2023-12-16T22:20:05.100 INFO:teuthology.orchestra.run.smithi106.stdout:/usr/bin/ceph: stderr
2023-12-16T22:20:04.599+0000 7ff76ac5f700 1 -- 172.21.15.106:0/1595015918 shutdown_connections
2023-12-16T22:20:05.100 INFO:teuthology.orchestra.run.smithi106.stdout:/usr/bin/ceph: stderr
2023-12-16T22:20:04.599+0000 7ff76ac5f700 1 -- 172.21.15.106:0/1595015918 wait complete.
2023-12-16T22:20:05.100 INFO:teuthology.orchestra.run.smithi106.stdout:/usr/bin/ceph: stderr
2023-12-16T22:20:04.600+0000 7ff76ac5f700 1 Processor -- start
2023-12-16T22:20:05.100 INFO:teuthology.orchestra.run.smithi106.stdout:/usr/bin/ceph: stderr
2023-12-16T22:20:04.600+0000 7ff76ac5f700 1 -- start start
2023-12-16T22:20:05.100 INFO:teuthology.orchestra.run.smithi106.stdout:/usr/bin/ceph: stderr
2023-12-16T22:20:04.600+0000 7ff76ac5f700 1 --2- >> [v2:172.21.15.106:3300/0,v1:172.21.15.106:6789/0] conn(0x7ff7641022d0 0x7ff764111180 unknown :-1 s=NONE pgs=0 cs=0 l=1 rev1=0 crypto rx=0 tx=0 comp rx=0 tx=0).connect
