2023-12-16T22:19:48.657+0000 7f54d1d02700 1 -- 172.21.15.106:0/1835978477 >> [v2:172.21.15.106:3300/0,v1:172.21.15.106:6789/0] conn(0x7f54cc1022b0 msgr2=0x7f54cc078d10 secure :-1 s=STATE_CONNECTION_ESTABLISHED l=1).mark_down
2023-12-16T22:19:49.029 INFO:teuthology.orchestra.run.smithi106.stdout:/usr/bin/ceph: stderr
2023-12-16T22:19:48.657+0000 7f54d1d02700 1 --2- 172.21.15.106:0/1835978477 >> [v2:172.21.15.106:3300/0,v1:172.21.15.106:6789/0] conn(0x7f54cc1022b0 0x7f54cc078d10 secure :-1 s=READY pgs=48 cs=0 l=1 rev1=1 crypto rx=0x7f54c4000c00 tx=0x7f54c4009250 comp rx=0 tx=0).stop
2023-12-16T22:19:49.029 INFO:teuthology.orchestra.run.smithi106.stdout:/usr/bin/ceph: stderr
2023-12-16T22:19:48.657+0000 7f54d1d02700 1 -- 172.21.15.106:0/1835978477 shutdown_connections
2023-12-16T22:19:49.029 INFO:teuthology.orchestra.run.smithi106.stdout:/usr/bin/ceph: stderr
2023-12-16T22:19:48.657+0000 7f54d1d02700 1 --2- 172.21.15.106:0/1835978477 >> [v2:172.21.15.106:6800/328738391,v1:172.21.15.106:6801/328738391] conn(0x7f54b4036640 0x7f54b4038af0 unknown :-1 s=CLOSED pgs=12 cs=0 l=1 rev1=1 crypto rx=0 tx=0 comp rx=0 tx=0).stop
2023-12-16T22:19:49.029 INFO:teuthology.orchestra.run.smithi106.stdout:/usr/bin/ceph: stderr
2023-12-16T22:19:48.657+0000 7f54d1d02700 1 --2- 172.21.15.106:0/1835978477 >> [v2:172.21.15.106:3300/0,v1:172.21.15.106:6789/0] conn(0x7f54cc1022b0 0x7f54cc078d10 unknown :-1 s=CLOSED pgs=48 cs=0 l=1 rev1=1 crypto rx=0 tx=0 comp rx=0 tx=0).stop
2023-12-16T22:19:49.029 INFO:teuthology.orchestra.run.smithi106.stdout:/usr/bin/ceph: stderr
2023-12-16T22:19:48.657+0000 7f54d1d02700 1 -- 172.21.15.106:0/1835978477 >> 172.21.15.106:0/1835978477 conn(0x7f54cc0fda10 msgr2=0x7f54cc0ff1e0 unknown :-1 s=STATE_NONE l=0).mark_down
2023-12-16T22:19:49.029 INFO:teuthology.orchestra.run.smithi106.stdout:/usr/bin/ceph: stderr
2023-12-16T22:19:48.658+0000 7f54d1d02700 1 -- 172.21.15.106:0/1835978477 shutdown_connections
2023-12-16T22:19:49.029 INFO:teuthology.orchestra.run.smithi106.stdout:/usr/bin/ceph: stderr
2023-12-16T22:19:48.658+0000 7f54d1d02700 1 -- 172.21.15.106:0/1835978477 wait complete.
2023-12-16T22:19:49.029 INFO:teuthology.orchestra.run.smithi106.stdout:Deploying mgr service with default placement...
2023-12-16T22:19:49.818 INFO:teuthology.orchestra.run.smithi106.stdout:/usr/bin/ceph: stdout Scheduled mgr update...
2023-12-16T22:19:49.818 INFO:teuthology.orchestra.run.smithi106.stdout:/usr/bin/ceph: stderr
2023-12-16T22:19:49.260+0000 7f0cdd264700 1 Processor -- start
2023-12-16T22:19:49.818 INFO:teuthology.orchestra.run.smithi106.stdout:/usr/bin/ceph: stderr
2023-12-16T22:19:49.260+0000 7f0cdd264700 1 -- start start
2023-12-16T22:19:49.818 INFO:teuthology.orchestra.run.smithi106.stdout:/usr/bin/ceph: stderr
2023-12-16T22:19:49.260+0000 7f0cdd264700 1 --2- >> [v2:172.21.15.106:3300/0,v1:172.21.15.106:6789/0] conn(0x7f0cd81022b0 0x7f0cd81026c0 unknown :-1 s=NONE pgs=0 cs=0 l=0 rev1=0 crypto rx=0 tx=0 comp rx=0 tx=0).connect
2023-12-16T22:19:49.819 INFO:teuthology.orchestra.run.smithi106.stdout:/usr/bin/ceph: stderr
2023-12-16T22:19:49.260+0000 7f0cdd264700 1 -- --> [v2:172.21.15.106:3300/0,v1:172.21.15.106:6789/0] -- mon_getmap magic: 0 v1 -- 0x7f0cd8102c00 con 0x7f0cd81022b0
2023-12-16T22:19:49.819 INFO:teuthology.orchestra.run.smithi106.stdout:/usr/bin/ceph: stderr
2023-12-16T22:19:49.261+0000 7f0cd6ffd700 1 --2- >> [v2:172.21.15.106:3300/0,v1:172.21.15.106:6789/0] conn(0x7f0cd81022b0 0x7f0cd81026c0 unknown :-1 s=BANNER_CONNECTING pgs=0 cs=0 l=0 rev1=0 crypto rx=0 tx=0 comp rx=0 tx=0)._handle_peer_banner_payload supported=3 required=0
2023-12-16T22:19:49.819 INFO:teuthology.orchestra.run.smithi106.stdout:/usr/bin/ceph: stderr
2023-12-16T22:19:49.261+0000 7f0cd6ffd700 1 --2- >> [v2:172.21.15.106:3300/0,v1:172.21.15.106:6789/0] conn(0x7f0cd81022b0 0x7f0cd81026c0 unknown :-1 s=HELLO_CONNECTING pgs=0 cs=0 l=0 rev1=1 crypto rx=0 tx=0 comp rx=0 tx=0).handle_hello peer v2:172.21.15.106:3300/0 says I am v2:172.21.15.106:57312/0 (socket says 172.21.15.106:57312)
2023-12-16T22:19:49.819 INFO:teuthology.orchestra.run.smithi106.stdout:/usr/bin/ceph: stderr
2023-12-16T22:19:49.261+0000 7f0cd6ffd700 1 -- 172.21.15.106:0/3845271077 learned_addr learned my addr 172.21.15.106:0/3845271077 (peer_addr_for_me v2:172.21.15.106:0/0)
2023-12-16T22:19:49.819 INFO:teuthology.orchestra.run.smithi106.stdout:/usr/bin/ceph: stderr
2023-12-16T22:19:49.261+0000 7f0cd6ffd700 1 -- 172.21.15.106:0/3845271077 --> [v2:172.21.15.106:3300/0,v1:172.21.15.106:6789/0] -- mon_subscribe({config=0+,monmap=0+}) v3 -- 0x7f0cd8102d40 con 0x7f0cd81022b0
2023-12-16T22:19:49.819 INFO:teuthology.orchestra.run.smithi106.stdout:/usr/bin/ceph: stderr
2023-12-16T22:19:49.261+0000 7f0cd6ffd700 1 --2- 172.21.15.106:0/3845271077 >> [v2:172.21.15.106:3300/0,v1:172.21.15.106:6789/0] conn(0x7f0cd81022b0 0x7f0cd81026c0 secure :-1 s=READY pgs=49 cs=0 l=1 rev1=1 crypto rx=0x7f0cd0009e50 tx=0x7f0cd0009840 comp rx=0 tx=0).ready entity=mon.0 client_cookie=12204756c1d67865 server_cookie=0 in_seq=0 out_seq=0
2023-12-16T22:19:49.819 INFO:teuthology.orchestra.run.smithi106.stdout:/usr/bin/ceph: stderr
2023-12-16T22:19:49.261+0000 7f0cd5ffb700 1 -- 172.21.15.106:0/3845271077 <== mon.0 v2:172.21.15.106:3300/0 1 ==== mon_map magic: 0 v1 ==== 229+0+0 (secure 0 0 0) 0x7f0cd00092e0 con 0x7f0cd81022b0
2023-12-16T22:19:49.819 INFO:teuthology.orchestra.run.smithi106.stdout:/usr/bin/ceph: stderr
2023-12-16T22:19:49.261+0000 7f0cd5ffb700 1 -- 172.21.15.106:0/3845271077 <== mon.0 v2:172.21.15.106:3300/0 2 ==== config(26 keys) v1 ==== 1009+0+0 (secure 0 0 0) 0x7f0cd000be90 con 0x7f0cd81022b0
2023-12-16T22:19:49.819 INFO:teuthology.orchestra.run.smithi106.stdout:/usr/bin/ceph: stderr
2023-12-16T22:19:49.261+0000 7f0cd5ffb700 1 -- 172.21.15.106:0/3845271077 <== mon.0 v2:172.21.15.106:3300/0 3 ==== mon_map magic: 0 v1 ==== 229+0+0 (secure 0 0 0) 0x7f0cd0007400 con 0x7f0cd81022b0
2023-12-16T22:19:49.819 INFO:teuthology.orchestra.run.smithi106.stdout:/usr/bin/ceph: stderr
2023-12-16T22:19:49.262+0000 7f0cdd264700 1 -- 172.21.15.106:0/3845271077 >> [v2:172.21.15.106:3300/0,v1:172.21.15.106:6789/0] conn(0x7f0cd81022b0 msgr2=0x7f0cd81026c0 secure :-1 s=STATE_CONNECTION_ESTABLISHED l=1).mark_down
2023-12-16T22:19:49.819 INFO:teuthology.orchestra.run.smithi106.stdout:/usr/bin/ceph: stderr
2023-12-16T22:19:49.262+0000 7f0cdd264700 1 --2- 172.21.15.106:0/3845271077 >> [v2:172.21.15.106:3300/0,v1:172.21.15.106:6789/0] conn(0x7f0cd81022b0 0x7f0cd81026c0 secure :-1 s=READY pgs=49 cs=0 l=1 rev1=1 crypto rx=0x7f0cd0009e50 tx=0x7f0cd0009840 comp rx=0 tx=0).stop
2023-12-16T22:19:49.819 INFO:teuthology.orchestra.run.smithi106.stdout:/usr/bin/ceph: stderr
2023-12-16T22:19:49.262+0000 7f0cdd264700 1 -- 172.21.15.106:0/3845271077 shutdown_connections
2023-12-16T22:19:49.819 INFO:teuthology.orchestra.run.smithi106.stdout:/usr/bin/ceph: stderr
2023-12-16T22:19:49.262+0000 7f0cdd264700 1 --2- 172.21.15.106:0/3845271077 >> [v2:172.21.15.106:3300/0,v1:172.21.15.106:6789/0] conn(0x7f0cd81022b0 0x7f0cd81026c0 unknown :-1 s=CLOSED pgs=49 cs=0 l=1 rev1=1 crypto rx=0 tx=0 comp rx=0 tx=0).stop
2023-12-16T22:19:49.819 INFO:teuthology.orchestra.run.smithi106.stdout:/usr/bin/ceph: stderr
2023-12-16T22:19:49.262+0000 7f0cdd264700 1 -- 172.21.15.106:0/3845271077 >> 172.21.15.106:0/3845271077 conn(0x7f0cd80fda10 msgr2=0x7f0cd80ffe40 unknown :-1 s=STATE_NONE l=0).mark_down
2023-12-16T22:19:49.819 INFO:teuthology.orchestra.run.smithi106.stdout:/usr/bin/ceph: stderr
2023-12-16T22:19:49.262+0000 7f0cdd264700 1 -- 172.21.15.106:0/3845271077 shutdown_connections
2023-12-16T22:19:49.820 INFO:teuthology.orchestra.run.smithi106.stdout:/usr/bin/ceph: stderr
2023-12-16T22:19:49.262+0000 7f0cdd264700 1 -- 172.21.15.106:0/3845271077 wait complete.
2023-12-16T22:19:49.820 INFO:teuthology.orchestra.run.smithi106.stdout:/usr/bin/ceph: stderr
2023-12-16T22:19:49.262+0000 7f0cdd264700 1 Processor -- start
2023-12-16T22:19:49.820 INFO:teuthology.orchestra.run.smithi106.stdout:/usr/bin/ceph: stderr
2023-12-16T22:19:49.263+0000 7f0cdd264700 1 -- start start
2023-12-16T22:19:49.820 INFO:teuthology.orchestra.run.smithi106.stdout:/usr/bin/ceph: stderr
2023-12-16T22:19:49.263+0000 7f0cdd264700 1 --2- >> [v2:172.21.15.106:3300/0,v1:172.21.15.106:6789/0] conn(0x7f0cd81022b0 0x7f0cd81110e0 unknown :-1 s=NONE pgs=0 cs=0 l=1 rev1=0 crypto rx=0 tx=0 comp rx=0 tx=0).connect
2023-12-16T22:19:49.820 INFO:teuthology.orchestra.run.smithi106.stdout:/usr/bin/ceph: stderr
2023-12-16T22:19:49.263+0000 7f0cdd264700 1 -- --> [v2:172.21.15.106:3300/0,v1:172.21.15.106:6789/0] -- mon_getmap magic: 0 v1 -- 0x7f0cd8111620 con 0x7f0cd81022b0
2023-12-16T22:19:49.820 INFO:teuthology.orchestra.run.smithi106.stdout:/usr/bin/ceph: stderr
2023-12-16T22:19:49.263+0000 7f0cd6ffd700 1 --2- >> [v2:172.21.15.106:3300/0,v1:172.21.15.106:6789/0] conn(0x7f0cd81022b0 0x7f0cd81110e0 unknown :-1 s=BANNER_CONNECTING pgs=0 cs=0 l=1 rev1=0 crypto rx=0 tx=0 comp rx=0 tx=0)._handle_peer_banner_payload supported=3 required=0
2023-12-16T22:19:49.820 INFO:teuthology.orchestra.run.smithi106.stdout:/usr/bin/ceph: stderr
2023-12-16T22:19:49.263+0000 7f0cd6ffd700 1 --2- >> [v2:172.21.15.106:3300/0,v1:172.21.15.106:6789/0] conn(0x7f0cd81022b0 0x7f0cd81110e0 unknown :-1 s=HELLO_CONNECTING pgs=0 cs=0 l=1 rev1=1 crypto rx=0 tx=0 comp rx=0 tx=0).handle_hello peer v2:172.21.15.106:3300/0 says I am v2:172.21.15.106:57316/0 (socket says 172.21.15.106:57316)
2023-12-16T22:19:49.820 INFO:teuthology.orchestra.run.smithi106.stdout:/usr/bin/ceph: stderr
2023-12-16T22:19:49.263+0000 7f0cd6ffd700 1 -- 172.21.15.106:0/2091954601 learned_addr learned my addr 172.21.15.106:0/2091954601 (peer_addr_for_me v2:172.21.15.106:0/0)
2023-12-16T22:19:49.820 INFO:teuthology.orchestra.run.smithi106.stdout:/usr/bin/ceph: stderr
2023-12-16T22:19:49.263+0000 7f0cd6ffd700 1 -- 172.21.15.106:0/2091954601 --> [v2:172.21.15.106:3300/0,v1:172.21.15.106:6789/0] -- mon_subscribe({config=0+,monmap=0+}) v3 -- 0x7f0cd0009ae0 con 0x7f0cd81022b0
2023-12-16T22:19:49.820 INFO:teuthology.orchestra.run.smithi106.stdout:/usr/bin/ceph: stderr
2023-12-16T22:19:49.263+0000 7f0cd6ffd700 1 --2- 172.21.15.106:0/2091954601 >> [v2:172.21.15.106:3300/0,v1:172.21.15.106:6789/0] conn(0x7f0cd81022b0 0x7f0cd81110e0 secure :-1 s=READY pgs=50 cs=0 l=1 rev1=1 crypto rx=0x7f0cd000bc50 tx=0x7f0cd0009840 comp rx=0 tx=0).ready entity=mon.0 client_cookie=0 server_cookie=0 in_seq=0 out_seq=0
2023-12-16T22:19:49.820 INFO:teuthology.orchestra.run.smithi106.stdout:/usr/bin/ceph: stderr
2023-12-16T22:19:49.263+0000 7f0cbf7fe700 1 -- 172.21.15.106:0/2091954601 <== mon.0 v2:172.21.15.106:3300/0 1 ==== mon_map magic: 0 v1 ==== 229+0+0 (secure 0 0 0) 0x7f0cd0007670 con 0x7f0cd81022b0
2023-12-16T22:19:49.820 INFO:teuthology.orchestra.run.smithi106.stdout:/usr/bin/ceph: stderr
2023-12-16T22:19:49.263+0000 7f0cbf7fe700 1 -- 172.21.15.106:0/2091954601 <== mon.0 v2:172.21.15.106:3300/0 2 ==== config(26 keys) v1 ==== 1009+0+0 (secure 0 0 0) 0x7f0cd0007c40 con 0x7f0cd81022b0
2023-12-16T22:19:49.820 INFO:teuthology.orchestra.run.smithi106.stdout:/usr/bin/ceph: stderr
2023-12-16T22:19:49.263+0000 7f0cdd264700 1 -- 172.21.15.106:0/2091954601 --> [v2:172.21.15.106:3300/0,v1:172.21.15.106:6789/0] -- mon_subscribe({mgrmap=0+}) v3 -- 0x7f0cd8111820 con 0x7f0cd81022b0
2023-12-16T22:19:49.820 INFO:teuthology.orchestra.run.smithi106.stdout:/usr/bin/ceph: stderr
2023-12-16T22:19:49.263+0000 7f0cbf7fe700 1 -- 172.21.15.106:0/2091954601 <== mon.0 v2:172.21.15.106:3300/0 3 ==== mon_map magic: 0 v1 ==== 229+0+0 (secure 0 0 0) 0x7f0cd001cc00 con 0x7f0cd81022b0
2023-12-16T22:19:49.820 INFO:teuthology.orchestra.run.smithi106.stdout:/usr/bin/ceph: stderr
2023-12-16T22:19:49.263+0000 7f0cdd264700 1 -- 172.21.15.106:0/2091954601 --> [v2:172.21.15.106:3300/0,v1:172.21.15.106:6789/0] -- mon_subscribe({osdmap=0}) v3 -- 0x7f0cd81124c0 con 0x7f0cd81022b0
2023-12-16T22:19:49.821 INFO:teuthology.orchestra.run.smithi106.stdout:/usr/bin/ceph: stderr
2023-12-16T22:19:49.264+0000 7f0cbf7fe700 1 -- 172.21.15.106:0/2091954601 <== mon.0 v2:172.21.15.106:3300/0 4 ==== mgrmap(e 8) v1 ==== 43281+0+0 (secure 0 0 0) 0x7f0cd0019070 con 0x7f0cd81022b0
2023-12-16T22:19:49.821 INFO:teuthology.orchestra.run.smithi106.stdout:/usr/bin/ceph: stderr
2023-12-16T22:19:49.264+0000 7f0cdd264700 1 -- 172.21.15.106:0/2091954601 --> [v2:172.21.15.106:3300/0,v1:172.21.15.106:6789/0] -- mon_command({"prefix": "get_command_descriptions"} v 0) v1 -- 0x7f0cd8111c90 con 0x7f0cd81022b0
2023-12-16T22:19:49.821 INFO:teuthology.orchestra.run.smithi106.stdout:/usr/bin/ceph: stderr
2023-12-16T22:19:49.264+0000 7f0cbf7fe700 1 --2- 172.21.15.106:0/2091954601 >> [v2:172.21.15.106:6800/328738391,v1:172.21.15.106:6801/328738391] conn(0x7f0cc00365f0 0x7f0cc0038aa0 unknown :-1 s=NONE pgs=0 cs=0 l=1 rev1=0 crypto rx=0 tx=0 comp rx=0 tx=0).connect
2023-12-16T22:19:49.821 INFO:teuthology.orchestra.run.smithi106.stdout:/usr/bin/ceph: stderr
2023-12-16T22:19:49.264+0000 7f0cbf7fe700 1 -- 172.21.15.106:0/2091954601 <== mon.0 v2:172.21.15.106:3300/0 5 ==== osd_map(2..2 src has 1..2) v4 ==== 936+0+0 (secure 0 0 0) 0x7f0cd004a220 con 0x7f0cd81022b0
2023-12-16T22:19:49.821 INFO:teuthology.orchestra.run.smithi106.stdout:/usr/bin/ceph: stderr
2023-12-16T22:19:49.265+0000 7f0cd67fc700 1 --2- 172.21.15.106:0/2091954601 >> [v2:172.21.15.106:6800/328738391,v1:172.21.15.106:6801/328738391] conn(0x7f0cc00365f0 0x7f0cc0038aa0 unknown :-1 s=BANNER_CONNECTING pgs=0 cs=0 l=1 rev1=0 crypto rx=0 tx=0 comp rx=0 tx=0)._handle_peer_banner_payload supported=3 required=0
2023-12-16T22:19:49.821 INFO:teuthology.orchestra.run.smithi106.stdout:/usr/bin/ceph: stderr
2023-12-16T22:19:49.265+0000 7f0cd67fc700 1 --2- 172.21.15.106:0/2091954601 >> [v2:172.21.15.106:6800/328738391,v1:172.21.15.106:6801/328738391] conn(0x7f0cc00365f0 0x7f0cc0038aa0 secure :-1 s=READY pgs=13 cs=0 l=1 rev1=1 crypto rx=0x7f0ccc009990 tx=0x7f0ccc006e40 comp rx=0 tx=0).ready entity=mgr.14120 client_cookie=0 server_cookie=0 in_seq=0 out_seq=0
2023-12-16T22:19:49.821 INFO:teuthology.orchestra.run.smithi106.stdout:/usr/bin/ceph: stderr
2023-12-16T22:19:49.269+0000 7f0cbf7fe700 1 -- 172.21.15.106:0/2091954601 <== mon.0 v2:172.21.15.106:3300/0 6 ==== mon_command_ack([{"prefix": "get_command_descriptions"}]=0 v0) v1 ==== 72+0+174570 (secure 0 0 0) 0x7f0cd0019910 con 0x7f0cd81022b0
2023-12-16T22:19:49.821 INFO:teuthology.orchestra.run.smithi106.stdout:/usr/bin/ceph: stderr
2023-12-16T22:19:49.473+0000 7f0cdd264700 1 -- 172.21.15.106:0/2091954601 --> [v2:172.21.15.106:6800/328738391,v1:172.21.15.106:6801/328738391] -- mgr_command(tid 0: {"prefix": "orch apply", "service_type": "mgr", "target": ["mon-mgr", ""]}) v1 -- 0x7f0cd81127c0 con 0x7f0cc00365f0
2023-12-16T22:19:49.821 INFO:teuthology.orchestra.run.smithi106.stdout:/usr/bin/ceph: stderr
2023-12-16T22:19:49.478+0000 7f0cbf7fe700 1 -- 172.21.15.106:0/2091954601 <== mgr.14120 v2:172.21.15.106:6800/328738391 1 ==== mgr_command_reply(tid 0: 0 ) v1 ==== 8+0+24 (secure 0 0 0) 0x7f0cd81127c0 con 0x7f0cc00365f0
2023-12-16T22:19:49.821 INFO:teuthology.orchestra.run.smithi106.stdout:/usr/bin/ceph: stderr
2023-12-16T22:19:49.480+0000 7f0cdd264700 1 -- 172.21.15.106:0/2091954601 >> [v2:172.21.15.106:6800/328738391,v1:172.21.15.106:6801/328738391] conn(0x7f0cc00365f0 msgr2=0x7f0cc0038aa0 secure :-1 s=STATE_CONNECTION_ESTABLISHED l=1).mark_down
2023-12-16T22:19:49.821 INFO:teuthology.orchestra.run.smithi106.stdout:/usr/bin/ceph: stderr
2023-12-16T22:19:49.480+0000 7f0cdd264700 1 --2- 172.21.15.106:0/2091954601 >> [v2:172.21.15.106:6800/328738391,v1:172.21.15.106:6801/328738391] conn(0x7f0cc00365f0 0x7f0cc0038aa0 secure :-1 s=READY pgs=13 cs=0 l=1 rev1=1 crypto rx=0x7f0ccc009990 tx=0x7f0ccc006e40 comp rx=0 tx=0).stop
2023-12-16T22:19:49.821 INFO:teuthology.orchestra.run.smithi106.stdout:/usr/bin/ceph: stderr
2023-12-16T22:19:49.480+0000 7f0cdd264700 1 -- 172.21.15.106:0/2091954601 >> [v2:172.21.15.106:3300/0,v1:172.21.15.106:6789/0] conn(0x7f0cd81022b0 msgr2=0x7f0cd81110e0 secure :-1 s=STATE_CONNECTION_ESTABLISHED l=1).mark_down
2023-12-16T22:19:49.821 INFO:teuthology.orchestra.run.smithi106.stdout:/usr/bin/ceph: stderr
2023-12-16T22:19:49.480+0000 7f0cdd264700 1 --2- 172.21.15.106:0/2091954601 >> [v2:172.21.15.106:3300/0,v1:172.21.15.106:6789/0] conn(0x7f0cd81022b0 0x7f0cd81110e0 secure :-1 s=READY pgs=50 cs=0 l=1 rev1=1 crypto rx=0x7f0cd000bc50 tx=0x7f0cd0009840 comp rx=0 tx=0).stop
2023-12-16T22:19:49.821 INFO:teuthology.orchestra.run.smithi106.stdout:/usr/bin/ceph: stderr
2023-12-16T22:19:49.480+0000 7f0cdd264700 1 -- 172.21.15.106:0/2091954601 shutdown_connections
2023-12-16T22:19:49.822 INFO:teuthology.orchestra.run.smithi106.stdout:/usr/bin/ceph: stderr
2023-12-16T22:19:49.480+0000 7f0cdd264700 1 --2- 172.21.15.106:0/2091954601 >> [v2:172.21.15.106:6800/328738391,v1:172.21.15.106:6801/328738391] conn(0x7f0cc00365f0 0x7f0cc0038aa0 unknown :-1 s=CLOSED pgs=13 cs=0 l=1 rev1=1 crypto rx=0 tx=0 comp rx=0 tx=0).stop
2023-12-16T22:19:49.822 INFO:teuthology.orchestra.run.smithi106.stdout:/usr/bin/ceph: stderr
2023-12-16T22:19:49.480+0000 7f0cdd264700 1 --2- 172.21.15.106:0/2091954601 >> [v2:172.21.15.106:3300/0,v1:172.21.15.106:6789/0] conn(0x7f0cd81022b0 0x7f0cd81110e0 unknown :-1 s=CLOSED pgs=50 cs=0 l=1 rev1=1 crypto rx=0 tx=0 comp rx=0 tx=0).stop
2023-12-16T22:19:49.822 INFO:teuthology.orchestra.run.smithi106.stdout:/usr/bin/ceph: stderr
2023-12-16T22:19:49.480+0000 7f0cdd264700 1 -- 172.21.15.106:0/2091954601 >> 172.21.15.106:0/2091954601 conn(0x7f0cd80fda10 msgr2=0x7f0cd80ff1b0 unknown :-1 s=STATE_NONE l=0).mark_down
2023-12-16T22:19:49.822 INFO:teuthology.orchestra.run.smithi106.stdout:/usr/bin/ceph: stderr
2023-12-16T22:19:49.480+0000 7f0cdd264700 1 -- 172.21.15.106:0/2091954601 shutdown_connections
2023-12-16T22:19:49.822 INFO:teuthology.orchestra.run.smithi106.stdout:/usr/bin/ceph: stderr
2023-12-16T22:19:49.480+0000 7f0cdd264700 1 -- 172.21.15.106:0/2091954601 wait complete.
2023-12-16T22:19:49.822 INFO:teuthology.orchestra.run.smithi106.stdout:Deploying crash service with default placement...
2023-12-16T22:19:49.983 INFO:journalctl@ceph.mon.smithi106.smithi106.stdout:Dec 16 22:19:49 smithi106 ceph-mon[81011]: from='client.14142 -' entity='client.admin' cmd=[{"prefix": "orch apply", "service_type": "mon", "target": ["mon-mgr", ""]}]: dispatch
2023-12-16T22:19:49.983 INFO:journalctl@ceph.mon.smithi106.smithi106.stdout:Dec 16 22:19:49 smithi106 ceph-mon[81011]: Saving service mon spec with placement count:5
2023-12-16T22:19:49.984 INFO:journalctl@ceph.mon.smithi106.smithi106.stdout:Dec 16 22:19:49 smithi106 ceph-mon[81011]: from='mgr.14120 172.21.15.106:0/1069284559' entity='mgr.smithi106.ciccsw'
2023-12-16T22:19:49.984 INFO:journalctl@ceph.mon.smithi106.smithi106.stdout:Dec 16 22:19:49 smithi106 ceph-mon[81011]: from='client.14144 -' entity='client.admin' cmd=[{"prefix": "orch apply", "service_type": "mgr", "target": ["mon-mgr", ""]}]: dispatch
2023-12-16T22:19:49.984 INFO:journalctl@ceph.mon.smithi106.smithi106.stdout:Dec 16 22:19:49 smithi106 ceph-mon[81011]: Saving service mgr spec with placement count:2
2023-12-16T22:19:49.984 INFO:journalctl@ceph.mon.smithi106.smithi106.stdout:Dec 16 22:19:49 smithi106 ceph-mon[81011]: from='mgr.14120 172.21.15.106:0/1069284559' entity='mgr.smithi106.ciccsw'
2023-12-16T22:19:50.700 INFO:teuthology.orchestra.run.smithi106.stdout:/usr/bin/ceph: stdout Scheduled crash update...
2023-12-16T22:19:50.701 INFO:teuthology.orchestra.run.smithi106.stdout:/usr/bin/ceph: stderr
2023-12-16T22:19:50.214+0000 7f79114c2700 1 Processor -- start
2023-12-16T22:19:50.701 INFO:teuthology.orchestra.run.smithi106.stdout:/usr/bin/ceph: stderr
2023-12-16T22:19:50.214+0000 7f79114c2700 1 -- start start
2023-12-16T22:19:50.701 INFO:teuthology.orchestra.run.smithi106.stdout:/usr/bin/ceph: stderr
2023-12-16T22:19:50.214+0000 7f79114c2700 1 --2- >> [v2:172.21.15.106:3300/0,v1:172.21.15.106:6789/0] conn(0x7f790c1038f0 0x7f790c103d00 unknown :-1 s=NONE pgs=0 cs=0 l=0 rev1=0 crypto rx=0 tx=0 comp rx=0 tx=0).connect
2023-12-16T22:19:50.701 INFO:teuthology.orchestra.run.smithi106.stdout:/usr/bin/ceph: stderr
2023-12-16T22:19:50.214+0000 7f79114c2700 1 -- --> [v2:172.21.15.106:3300/0,v1:172.21.15.106:6789/0] -- mon_getmap magic: 0 v1 -- 0x7f790c104240 con 0x7f790c1038f0
2023-12-16T22:19:50.701 INFO:teuthology.orchestra.run.smithi106.stdout:/usr/bin/ceph: stderr
2023-12-16T22:19:50.215+0000 7f790affd700 1 --2- >> [v2:172.21.15.106:3300/0,v1:172.21.15.106:6789/0] conn(0x7f790c1038f0 0x7f790c103d00 unknown :-1 s=BANNER_CONNECTING pgs=0 cs=0 l=0 rev1=0 crypto rx=0 tx=0 comp rx=0 tx=0)._handle_peer_banner_payload supported=3 required=0
2023-12-16T22:19:50.701 INFO:teuthology.orchestra.run.smithi106.stdout:/usr/bin/ceph: stderr
2023-12-16T22:19:50.215+0000 7f790affd700 1 --2- >> [v2:172.21.15.106:3300/0,v1:172.21.15.106:6789/0] conn(0x7f790c1038f0 0x7f790c103d00 unknown :-1 s=HELLO_CONNECTING pgs=0 cs=0 l=0 rev1=1 crypto rx=0 tx=0 comp rx=0 tx=0).handle_hello peer v2:172.21.15.106:3300/0 says I am v2:172.21.15.106:57318/0 (socket says 172.21.15.106:57318)
2023-12-16T22:19:50.701 INFO:teuthology.orchestra.run.smithi106.stdout:/usr/bin/ceph: stderr
2023-12-16T22:19:50.215+0000 7f790affd700 1 -- 172.21.15.106:0/2329355603 learned_addr learned my addr 172.21.15.106:0/2329355603 (peer_addr_for_me v2:172.21.15.106:0/0)
2023-12-16T22:19:50.701 INFO:teuthology.orchestra.run.smithi106.stdout:/usr/bin/ceph: stderr
2023-12-16T22:19:50.215+0000 7f790affd700 1 -- 172.21.15.106:0/2329355603 --> [v2:172.21.15.106:3300/0,v1:172.21.15.106:6789/0] -- mon_subscribe({config=0+,monmap=0+}) v3 -- 0x7f790c104380 con 0x7f790c1038f0
2023-12-16T22:19:50.702 INFO:teuthology.orchestra.run.smithi106.stdout:/usr/bin/ceph: stderr
2023-12-16T22:19:50.215+0000 7f790affd700 1 --2- 172.21.15.106:0/2329355603 >> [v2:172.21.15.106:3300/0,v1:172.21.15.106:6789/0] conn(0x7f790c1038f0 0x7f790c103d00 secure :-1 s=READY pgs=51 cs=0 l=1 rev1=1 crypto rx=0x7f78f40098e0 tx=0x7f78f4009250 comp rx=0 tx=0).ready entity=mon.0 client_cookie=bfcc587c825c5d10 server_cookie=0 in_seq=0 out_seq=0
2023-12-16T22:19:50.702 INFO:teuthology.orchestra.run.smithi106.stdout:/usr/bin/ceph: stderr
2023-12-16T22:19:50.215+0000 7f7909ffb700 1 -- 172.21.15.106:0/2329355603 <== mon.0 v2:172.21.15.106:3300/0 1 ==== mon_map magic: 0 v1 ==== 229+0+0 (secure 0 0 0) 0x7f78f400b860 con 0x7f790c1038f0
2023-12-16T22:19:50.702 INFO:teuthology.orchestra.run.smithi106.stdout:/usr/bin/ceph: stderr
2023-12-16T22:19:50.215+0000 7f7909ffb700 1 -- 172.21.15.106:0/2329355603 <== mon.0 v2:172.21.15.106:3300/0 2 ==== config(26 keys) v1 ==== 1074+0+0 (secure 0 0 0) 0x7f78f400be70 con 0x7f790c1038f0
2023-12-16T22:19:50.702 INFO:teuthology.orchestra.run.smithi106.stdout:/usr/bin/ceph: stderr
2023-12-16T22:19:50.215+0000 7f7909ffb700 1 -- 172.21.15.106:0/2329355603 <== mon.0 v2:172.21.15.106:3300/0 3 ==== mon_map magic: 0 v1 ==== 229+0+0 (secure 0 0 0) 0x7f78f4010380 con 0x7f790c1038f0
2023-12-16T22:19:50.702 INFO:teuthology.orchestra.run.smithi106.stdout:/usr/bin/ceph: stderr
2023-12-16T22:19:50.216+0000 7f79114c2700 1 -- 172.21.15.106:0/2329355603 >> [v2:172.21.15.106:3300/0,v1:172.21.15.106:6789/0] conn(0x7f790c1038f0 msgr2=0x7f790c103d00 secure :-1 s=STATE_CONNECTION_ESTABLISHED l=1).mark_down
2023-12-16T22:19:50.702 INFO:teuthology.orchestra.run.smithi106.stdout:/usr/bin/ceph: stderr
2023-12-16T22:19:50.216+0000 7f79114c2700 1 --2- 172.21.15.106:0/2329355603 >> [v2:172.21.15.106:3300/0,v1:172.21.15.106:6789/0] conn(0x7f790c1038f0 0x7f790c103d00 secure :-1 s=READY pgs=51 cs=0 l=1 rev1=1 crypto rx=0x7f78f40098e0 tx=0x7f78f4009250 comp rx=0 tx=0).stop
2023-12-16T22:19:50.702 INFO:teuthology.orchestra.run.smithi106.stdout:/usr/bin/ceph: stderr
2023-12-16T22:19:50.216+0000 7f79114c2700 1 -- 172.21.15.106:0/2329355603 shutdown_connections
2023-12-16T22:19:50.702 INFO:teuthology.orchestra.run.smithi106.stdout:/usr/bin/ceph: stderr
2023-12-16T22:19:50.216+0000 7f79114c2700 1 --2- 172.21.15.106:0/2329355603 >> [v2:172.21.15.106:3300/0,v1:172.21.15.106:6789/0] conn(0x7f790c1038f0 0x7f790c103d00 unknown :-1 s=CLOSED pgs=51 cs=0 l=1 rev1=1 crypto rx=0 tx=0 comp rx=0 tx=0).stop
2023-12-16T22:19:50.702 INFO:teuthology.orchestra.run.smithi106.stdout:/usr/bin/ceph: stderr
2023-12-16T22:19:50.216+0000 7f79114c2700 1 -- 172.21.15.106:0/2329355603 >> 172.21.15.106:0/2329355603 conn(0x7f790c0fc0b0 msgr2=0x7f790c0fe4e0 unknown :-1 s=STATE_NONE l=0).mark_down
2023-12-16T22:19:50.702 INFO:teuthology.orchestra.run.smithi106.stdout:/usr/bin/ceph: stderr
2023-12-16T22:19:50.216+0000 7f79114c2700 1 -- 172.21.15.106:0/2329355603 shutdown_connections
2023-12-16T22:19:50.702 INFO:teuthology.orchestra.run.smithi106.stdout:/usr/bin/ceph: stderr
2023-12-16T22:19:50.216+0000 7f79114c2700 1 -- 172.21.15.106:0/2329355603 wait complete.
2023-12-16T22:19:50.702 INFO:teuthology.orchestra.run.smithi106.stdout:/usr/bin/ceph: stderr
2023-12-16T22:19:50.217+0000 7f79114c2700 1 Processor -- start
2023-12-16T22:19:50.702 INFO:teuthology.orchestra.run.smithi106.stdout:/usr/bin/ceph: stderr
2023-12-16T22:19:50.217+0000 7f79114c2700 1 -- start start
2023-12-16T22:19:50.703 INFO:teuthology.orchestra.run.smithi106.stdout:/usr/bin/ceph: stderr
2023-12-16T22:19:50.217+0000 7f79114c2700 1 --2- >> [v2:172.21.15.106:3300/0,v1:172.21.15.106:6789/0] conn(0x7f790c1038f0 0x7f790c103130 unknown :-1 s=NONE pgs=0 cs=0 l=1 rev1=0 crypto rx=0 tx=0 comp rx=0 tx=0).connect
2023-12-16T22:19:50.703 INFO:teuthology.orchestra.run.smithi106.stdout:/usr/bin/ceph: stderr
2023-12-16T22:19:50.217+0000 7f79114c2700 1 -- --> [v2:172.21.15.106:3300/0,v1:172.21.15.106:6789/0] -- mon_getmap magic: 0 v1 -- 0x7f790c1015b0 con 0x7f790c1038f0
2023-12-16T22:19:50.703 INFO:teuthology.orchestra.run.smithi106.stdout:/usr/bin/ceph: stderr
2023-12-16T22:19:50.217+0000 7f790affd700 1 --2- >> [v2:172.21.15.106:3300/0,v1:172.21.15.106:6789/0] conn(0x7f790c1038f0 0x7f790c103130 unknown :-1 s=BANNER_CONNECTING pgs=0 cs=0 l=1 rev1=0 crypto rx=0 tx=0 comp rx=0 tx=0)._handle_peer_banner_payload supported=3 required=0
2023-12-16T22:19:50.703 INFO:teuthology.orchestra.run.smithi106.stdout:/usr/bin/ceph: stderr
2023-12-16T22:19:50.217+0000 7f790affd700 1 --2- >> [v2:172.21.15.106:3300/0,v1:172.21.15.106:6789/0] conn(0x7f790c1038f0 0x7f790c103130 unknown :-1 s=HELLO_CONNECTING pgs=0 cs=0 l=1 rev1=1 crypto rx=0 tx=0 comp rx=0 tx=0).handle_hello peer v2:172.21.15.106:3300/0 says I am v2:172.21.15.106:57334/0 (socket says 172.21.15.106:57334)
2023-12-16T22:19:50.703 INFO:teuthology.orchestra.run.smithi106.stdout:/usr/bin/ceph: stderr
2023-12-16T22:19:50.217+0000 7f790affd700 1 -- 172.21.15.106:0/500782928 learned_addr learned my addr 172.21.15.106:0/500782928 (peer_addr_for_me v2:172.21.15.106:0/0)
2023-12-16T22:19:50.703 INFO:teuthology.orchestra.run.smithi106.stdout:/usr/bin/ceph: stderr
2023-12-16T22:19:50.217+0000 7f790affd700 1 -- 172.21.15.106:0/500782928 --> [v2:172.21.15.106:3300/0,v1:172.21.15.106:6789/0] -- mon_subscribe({config=0+,monmap=0+}) v3 -- 0x7f78f40094f0 con 0x7f790c1038f0
2023-12-16T22:19:50.703 INFO:teuthology.orchestra.run.smithi106.stdout:/usr/bin/ceph: stderr
2023-12-16T22:19:50.218+0000 7f790affd700 1 --2- 172.21.15.106:0/500782928 >> [v2:172.21.15.106:3300/0,v1:172.21.15.106:6789/0] conn(0x7f790c1038f0 0x7f790c103130 secure :-1 s=READY pgs=52 cs=0 l=1 rev1=1 crypto rx=0x7f78f400c010 tx=0x7f78f4009250 comp rx=0 tx=0).ready entity=mon.0 client_cookie=0 server_cookie=0 in_seq=0 out_seq=0
2023-12-16T22:19:50.703 INFO:teuthology.orchestra.run.smithi106.stdout:/usr/bin/ceph: stderr
2023-12-16T22:19:50.218+0000 7f79037fe700 1 -- 172.21.15.106:0/500782928 <== mon.0 v2:172.21.15.106:3300/0 1 ==== mon_map magic: 0 v1 ==== 229+0+0 (secure 0 0 0) 0x7f78f4010960 con 0x7f790c1038f0
2023-12-16T22:19:50.703 INFO:teuthology.orchestra.run.smithi106.stdout:/usr/bin/ceph: stderr
2023-12-16T22:19:50.218+0000 7f79037fe700 1 -- 172.21.15.106:0/500782928 <== mon.0 v2:172.21.15.106:3300/0 2 ==== config(26 keys) v1 ==== 1074+0+0 (secure 0 0 0) 0x7f78f401a430 con 0x7f790c1038f0
2023-12-16T22:19:50.703 INFO:teuthology.orchestra.run.smithi106.stdout:/usr/bin/ceph: stderr
2023-12-16T22:19:50.218+0000 7f79114c2700 1 -- 172.21.15.106:0/500782928 --> [v2:172.21.15.106:3300/0,v1:172.21.15.106:6789/0] -- mon_subscribe({mgrmap=0+}) v3 -- 0x7f790c1017b0 con 0x7f790c1038f0
2023-12-16T22:19:50.703 INFO:teuthology.orchestra.run.smithi106.stdout:/usr/bin/ceph: stderr
2023-12-16T22:19:50.218+0000 7f79037fe700 1 -- 172.21.15.106:0/500782928 <== mon.0 v2:172.21.15.106:3300/0 3 ==== mon_map magic: 0 v1 ==== 229+0+0 (secure 0 0 0) 0x7f78f4019580 con 0x7f790c1038f0
2023-12-16T22:19:50.703 INFO:teuthology.orchestra.run.smithi106.stdout:/usr/bin/ceph: stderr
2023-12-16T22:19:50.218+0000 7f79114c2700 1 -- 172.21.15.106:0/500782928 --> [v2:172.21.15.106:3300/0,v1:172.21.15.106:6789/0] -- mon_subscribe({osdmap=0}) v3 -- 0x7f790c101bc0 con 0x7f790c1038f0
2023-12-16T22:19:50.703 INFO:teuthology.orchestra.run.smithi106.stdout:/usr/bin/ceph: stderr
2023-12-16T22:19:50.219+0000 7f79037fe700 1 -- 172.21.15.106:0/500782928 <== mon.0 v2:172.21.15.106:3300/0 4 ==== mgrmap(e 8) v1 ==== 43281+0+0 (secure 0 0 0) 0x7f78f4019800 con 0x7f790c1038f0
2023-12-16T22:19:50.703 INFO:teuthology.orchestra.run.smithi106.stdout:/usr/bin/ceph: stderr
2023-12-16T22:19:50.219+0000 7f79037fe700 1 --2- 172.21.15.106:0/500782928 >> [v2:172.21.15.106:6800/328738391,v1:172.21.15.106:6801/328738391] conn(0x7f78f80365f0 0x7f78f8038aa0 unknown :-1 s=NONE pgs=0 cs=0 l=1 rev1=0 crypto rx=0 tx=0 comp rx=0 tx=0).connect
2023-12-16T22:19:50.703 INFO:teuthology.orchestra.run.smithi106.stdout:/usr/bin/ceph: stderr
2023-12-16T22:19:50.219+0000 7f79037fe700 1 -- 172.21.15.106:0/500782928 <== mon.0 v2:172.21.15.106:3300/0 5 ==== osd_map(2..2 src has 1..2) v4 ==== 936+0+0 (secure 0 0 0) 0x7f78f404a400 con 0x7f790c1038f0
2023-12-16T22:19:50.704 INFO:teuthology.orchestra.run.smithi106.stdout:/usr/bin/ceph: stderr
2023-12-16T22:19:50.219+0000 7f790a7fc700 1 --2- 172.21.15.106:0/500782928 >> [v2:172.21.15.106:6800/328738391,v1:172.21.15.106:6801/328738391] conn(0x7f78f80365f0 0x7f78f8038aa0 unknown :-1 s=BANNER_CONNECTING pgs=0 cs=0 l=1 rev1=0 crypto rx=0 tx=0 comp rx=0 tx=0)._handle_peer_banner_payload supported=3 required=0
2023-12-16T22:19:50.704 INFO:teuthology.orchestra.run.smithi106.stdout:/usr/bin/ceph: stderr
2023-12-16T22:19:50.219+0000 7f79114c2700 1 -- 172.21.15.106:0/500782928 --> [v2:172.21.15.106:3300/0,v1:172.21.15.106:6789/0] -- mon_command({"prefix": "get_command_descriptions"} v 0) v1 -- 0x7f790c05f270 con 0x7f790c1038f0
2023-12-16T22:19:50.704 INFO:teuthology.orchestra.run.smithi106.stdout:/usr/bin/ceph: stderr
2023-12-16T22:19:50.219+0000 7f790a7fc700 1 --2- 172.21.15.106:0/500782928 >> [v2:172.21.15.106:6800/328738391,v1:172.21.15.106:6801/328738391] conn(0x7f78f80365f0 0x7f78f8038aa0 secure :-1 s=READY pgs=14 cs=0 l=1 rev1=1 crypto rx=0x7f78fc009990 tx=0x7f78fc006e40 comp rx=0 tx=0).ready entity=mgr.14120 client_cookie=0 server_cookie=0 in_seq=0 out_seq=0
2023-12-16T22:19:50.704 INFO:teuthology.orchestra.run.smithi106.stdout:/usr/bin/ceph: stderr
2023-12-16T22:19:50.224+0000 7f79037fe700 1 -- 172.21.15.106:0/500782928 <== mon.0 v2:172.21.15.106:3300/0 6 ==== mon_command_ack([{"prefix": "get_command_descriptions"}]=0 v0) v1 ==== 72+0+174570 (secure 0 0 0) 0x7f78f402bb50 con 0x7f790c1038f0
2023-12-16T22:19:50.704 INFO:teuthology.orchestra.run.smithi106.stdout:/usr/bin/ceph: stderr
2023-12-16T22:19:50.449+0000 7f79114c2700 1 -- 172.21.15.106:0/500782928 --> [v2:172.21.15.106:6800/328738391,v1:172.21.15.106:6801/328738391] -- mgr_command(tid 0: {"prefix": "orch apply", "service_type": "crash", "target": ["mon-mgr", ""]}) v1 -- 0x7f790c10acd0 con 0x7f78f80365f0
2023-12-16T22:19:50.704 INFO:teuthology.orchestra.run.smithi106.stdout:/usr/bin/ceph: stderr
2023-12-16T22:19:50.456+0000 7f79037fe700 1 -- 172.21.15.106:0/500782928 <== mgr.14120 v2:172.21.15.106:6800/328738391 1 ==== mgr_command_reply(tid 0: 0 ) v1 ==== 8+0+26 (secure 0 0 0) 0x7f790c10acd0 con 0x7f78f80365f0
2023-12-16T22:19:50.704 INFO:teuthology.orchestra.run.smithi106.stdout:/usr/bin/ceph: stderr
2023-12-16T22:19:50.458+0000 7f79114c2700 1 -- 172.21.15.106:0/500782928 >> [v2:172.21.15.106:6800/328738391,v1:172.21.15.106:6801/328738391] conn(0x7f78f80365f0 msgr2=0x7f78f8038aa0 secure :-1 s=STATE_CONNECTION_ESTABLISHED l=1).mark_down
2023-12-16T22:19:50.704 INFO:teuthology.orchestra.run.smithi106.stdout:/usr/bin/ceph: stderr
2023-12-16T22:19:50.458+0000 7f79114c2700 1 --2- 172.21.15.106:0/500782928 >> [v2:172.21.15.106:6800/328738391,v1:172.21.15.106:6801/328738391] conn(0x7f78f80365f0 0x7f78f8038aa0 secure :-1 s=READY pgs=14 cs=0 l=1 rev1=1 crypto rx=0x7f78fc009990 tx=0x7f78fc006e40 comp rx=0 tx=0).stop
2023-12-16T22:19:50.704 INFO:teuthology.orchestra.run.smithi106.stdout:/usr/bin/ceph: stderr
2023-12-16T22:19:50.458+0000 7f79114c2700 1 -- 172.21.15.106:0/500782928 >> [v2:172.21.15.106:3300/0,v1:172.21.15.106:6789/0] conn(0x7f790c1038f0 msgr2=0x7f790c103130 secure :-1 s=STATE_CONNECTION_ESTABLISHED l=1).mark_down
2023-12-16T22:19:50.704 INFO:teuthology.orchestra.run.smithi106.stdout:/usr/bin/ceph: stderr
2023-12-16T22:19:50.458+0000 7f79114c2700 1 --2- 172.21.15.106:0/500782928 >> [v2:172.21.15.106:3300/0,v1:172.21.15.106:6789/0] conn(0x7f790c1038f0 0x7f790c103130 secure :-1 s=READY pgs=52 cs=0 l=1 rev1=1 crypto rx=0x7f78f400c010 tx=0x7f78f4009250 comp rx=0 tx=0).stop
2023-12-16T22:19:50.704 INFO:teuthology.orchestra.run.smithi106.stdout:/usr/bin/ceph: stderr
2023-12-16T22:19:50.458+0000 7f79114c2700 1 -- 172.21.15.106:0/500782928 shutdown_connections
2023-12-16T22:19:50.704 INFO:teuthology.orchestra.run.smithi106.stdout:/usr/bin/ceph: stderr
2023-12-16T22:19:50.458+0000 7f79114c2700 1 --2- 172.21.15.106:0/500782928 >> [v2:172.21.15.106:6800/328738391,v1:172.21.15.106:6801/328738391] conn(0x7f78f80365f0 0x7f78f8038aa0 unknown :-1 s=CLOSED pgs=14 cs=0 l=1 rev1=1 crypto rx=0 tx=0 comp rx=0 tx=0).stop
2023-12-16T22:19:50.704 INFO:teuthology.orchestra.run.smithi106.stdout:/usr/bin/ceph: stderr
2023-12-16T22:19:50.458+0000 7f79114c2700 1 --2- 172.21.15.106:0/500782928 >> [v2:172.21.15.106:3300/0,v1:172.21.15.106:6789/0] conn(0x7f790c1038f0 0x7f790c103130 unknown :-1 s=CLOSED pgs=52 cs=0 l=1 rev1=1 crypto rx=0 tx=0 comp rx=0 tx=0).stop
2023-12-16T22:19:50.704 INFO:teuthology.orchestra.run.smithi106.stdout:/usr/bin/ceph: stderr
2023-12-16T22:19:50.458+0000 7f79114c2700 1 -- 172.21.15.106:0/500782928 >> 172.21.15.106:0/500782928 conn(0x7f790c0fc0b0 msgr2=0x7f790c0fe480 unknown :-1 s=STATE_NONE l=0).mark_down
2023-12-16T22:19:50.705 INFO:teuthology.orchestra.run.smithi106.stdout:/usr/bin/ceph: stderr
2023-12-16T22:19:50.458+0000 7f79114c2700 1 -- 172.21.15.106:0/500782928 shutdown_connections
2023-12-16T22:19:50.705 INFO:teuthology.orchestra.run.smithi106.stdout:/usr/bin/ceph: stderr
2023-12-16T22:19:50.458+0000 7f79114c2700 1 -- 172.21.15.106:0/500782928 wait complete.
2023-12-16T22:19:50.705 INFO:teuthology.orchestra.run.smithi106.stdout:Deploying prometheus service with default placement...
2023-12-16T22:19:51.084 INFO:journalctl@ceph.mon.smithi106.smithi106.stdout:Dec 16 22:19:51 smithi106 ceph-mon[81011]: from='mgr.14120 172.21.15.106:0/1069284559' entity='mgr.smithi106.ciccsw'
2023-12-16T22:19:51.084 INFO:journalctl@ceph.mon.smithi106.smithi106.stdout:Dec 16 22:19:51 smithi106 ceph-mon[81011]: from='mgr.14120 172.21.15.106:0/1069284559' entity='mgr.smithi106.ciccsw'
2023-12-16T22:19:51.084 INFO:journalctl@ceph.mon.smithi106.smithi106.stdout:Dec 16 22:19:51 smithi106 ceph-mon[81011]: from='client.14146 -' entity='client.admin' cmd=[{"prefix": "orch apply", "service_type": "crash", "target": ["mon-mgr", ""]}]: dispatch
2023-12-16T22:19:51.084 INFO:journalctl@ceph.mon.smithi106.smithi106.stdout:Dec 16 22:19:51 smithi106 ceph-mon[81011]: Saving service crash spec with placement *
2023-12-16T22:19:51.084 INFO:journalctl@ceph.mon.smithi106.smithi106.stdout:Dec 16 22:19:51 smithi106 ceph-mon[81011]: from='mgr.14120 172.21.15.106:0/1069284559' entity='mgr.smithi106.ciccsw'
2023-12-16T22:19:51.658 INFO:teuthology.orchestra.run.smithi106.stdout:/usr/bin/ceph: stdout Scheduled prometheus update...
2023-12-16T22:19:51.658 INFO:teuthology.orchestra.run.smithi106.stdout:/usr/bin/ceph: stderr
2023-12-16T22:19:51.001+0000 7f2a0341b700 1 Processor -- start
2023-12-16T22:19:51.658 INFO:teuthology.orchestra.run.smithi106.stdout:/usr/bin/ceph: stderr
2023-12-16T22:19:51.001+0000 7f2a0341b700 1 -- start start
2023-12-16T22:19:51.658 INFO:teuthology.orchestra.run.smithi106.stdout:/usr/bin/ceph: stderr
2023-12-16T22:19:51.002+0000 7f2a0341b700 1 --2- >> [v2:172.21.15.106:3300/0,v1:172.21.15.106:6789/0] conn(0x7f29fc078d00 0x7f29fc077210 unknown :-1 s=NONE pgs=0 cs=0 l=0 rev1=0 crypto rx=0 tx=0 comp rx=0 tx=0).connect
2023-12-16T22:19:51.658 INFO:teuthology.orchestra.run.smithi106.stdout:/usr/bin/ceph: stderr
2023-12-16T22:19:51.002+0000 7f2a0341b700 1 -- --> [v2:172.21.15.106:3300/0,v1:172.21.15.106:6789/0] -- mon_getmap magic: 0 v1 -- 0x7f29fc079110 con 0x7f29fc078d00
2023-12-16T22:19:51.658 INFO:teuthology.orchestra.run.smithi106.stdout:/usr/bin/ceph: stderr
2023-12-16T22:19:51.002+0000 7f2a011b7700 1 --2- >> [v2:172.21.15.106:3300/0,v1:172.21.15.106:6789/0] conn(0x7f29fc078d00 0x7f29fc077210 unknown :-1 s=BANNER_CONNECTING pgs=0 cs=0 l=0 rev1=0 crypto rx=0 tx=0 comp rx=0 tx=0)._handle_peer_banner_payload supported=3 required=0
2023-12-16T22:19:51.659 INFO:teuthology.orchestra.run.smithi106.stdout:/usr/bin/ceph: stderr
2023-12-16T22:19:51.002+0000 7f2a011b7700 1 --2- >> [v2:172.21.15.106:3300/0,v1:172.21.15.106:6789/0] conn(0x7f29fc078d00 0x7f29fc077210 unknown :-1 s=HELLO_CONNECTING pgs=0 cs=0 l=0 rev1=1 crypto rx=0 tx=0 comp rx=0 tx=0).handle_hello peer v2:172.21.15.106:3300/0 says I am v2:172.21.15.106:40782/0 (socket says 172.21.15.106:40782)
2023-12-16T22:19:51.659 INFO:teuthology.orchestra.run.smithi106.stdout:/usr/bin/ceph: stderr
2023-12-16T22:19:51.002+0000 7f2a011b7700 1 -- 172.21.15.106:0/3819466447 learned_addr learned my addr 172.21.15.106:0/3819466447 (peer_addr_for_me v2:172.21.15.106:0/0)
2023-12-16T22:19:51.659 INFO:teuthology.orchestra.run.smithi106.stdout:/usr/bin/ceph: stderr
2023-12-16T22:19:51.002+0000 7f2a011b7700 1 -- 172.21.15.106:0/3819466447 --> [v2:172.21.15.106:3300/0,v1:172.21.15.106:6789/0] -- mon_subscribe({config=0+,monmap=0+}) v3 -- 0x7f29fc077750 con 0x7f29fc078d00
2023-12-16T22:19:51.659 INFO:teuthology.orchestra.run.smithi106.stdout:/usr/bin/ceph: stderr
2023-12-16T22:19:51.002+0000 7f2a011b7700 1 --2- 172.21.15.106:0/3819466447 >> [v2:172.21.15.106:3300/0,v1:172.21.15.106:6789/0] conn(0x7f29fc078d00 0x7f29fc077210 secure :-1 s=READY pgs=53 cs=0 l=1 rev1=1 crypto rx=0x7f29f80098e0 tx=0x7f29f8009250 comp rx=0 tx=0).ready entity=mon.0 client_cookie=c8e9a8d924f5384d server_cookie=0 in_seq=0 out_seq=0
2023-12-16T22:19:51.659 INFO:teuthology.orchestra.run.smithi106.stdout:/usr/bin/ceph: stderr
2023-12-16T22:19:51.002+0000 7f29f3fff700 1 -- 172.21.15.106:0/3819466447 <== mon.0 v2:172.21.15.106:3300/0 1 ==== mon_map magic: 0 v1 ==== 229+0+0 (secure 0 0 0) 0x7f29f800b860 con 0x7f29fc078d00
2023-12-16T22:19:51.659 INFO:teuthology.orchestra.run.smithi106.stdout:/usr/bin/ceph: stderr
2023-12-16T22:19:51.002+0000 7f29f3fff700 1 -- 172.21.15.106:0/3819466447 <== mon.0 v2:172.21.15.106:3300/0 2 ==== config(26 keys) v1 ==== 1074+0+0 (secure 0 0 0) 0x7f29f800be70 con 0x7f29fc078d00
2023-12-16T22:19:51.659 INFO:teuthology.orchestra.run.smithi106.stdout:/usr/bin/ceph: stderr
2023-12-16T22:19:51.003+0000 7f29f3fff700 1 -- 172.21.15.106:0/3819466447 <== mon.0 v2:172.21.15.106:3300/0 3 ==== mon_map magic: 0 v1 ==== 229+0+0 (secure 0 0 0) 0x7f29f8010380 con 0x7f29fc078d00
2023-12-16T22:19:51.659 INFO:teuthology.orchestra.run.smithi106.stdout:/usr/bin/ceph: stderr
2023-12-16T22:19:51.003+0000 7f2a0341b700 1 -- 172.21.15.106:0/3819466447 >> [v2:172.21.15.106:3300/0,v1:172.21.15.106:6789/0] conn(0x7f29fc078d00 msgr2=0x7f29fc077210 secure :-1 s=STATE_CONNECTION_ESTABLISHED l=1).mark_down
2023-12-16T22:19:51.659 INFO:teuthology.orchestra.run.smithi106.stdout:/usr/bin/ceph: stderr
2023-12-16T22:19:51.003+0000 7f2a0341b700 1 --2- 172.21.15.106:0/3819466447 >> [v2:172.21.15.106:3300/0,v1:172.21.15.106:6789/0] conn(0x7f29fc078d00 0x7f29fc077210 secure :-1 s=READY pgs=53 cs=0 l=1 rev1=1 crypto rx=0x7f29f80098e0 tx=0x7f29f8009250 comp rx=0 tx=0).stop
2023-12-16T22:19:51.659 INFO:teuthology.orchestra.run.smithi106.stdout:/usr/bin/ceph: stderr
2023-12-16T22:19:51.003+0000 7f2a0341b700 1 -- 172.21.15.106:0/3819466447 shutdown_connections
2023-12-16T22:19:51.659 INFO:teuthology.orchestra.run.smithi106.stdout:/usr/bin/ceph: stderr
2023-12-16T22:19:51.003+0000 7f2a0341b700 1 --2- 172.21.15.106:0/3819466447 >> [v2:172.21.15.106:3300/0,v1:172.21.15.106:6789/0] conn(0x7f29fc078d00 0x7f29fc077210 unknown :-1 s=CLOSED pgs=53 cs=0 l=1 rev1=1 crypto rx=0 tx=0 comp rx=0 tx=0).stop
2023-12-16T22:19:51.659 INFO:teuthology.orchestra.run.smithi106.stdout:/usr/bin/ceph: stderr
2023-12-16T22:19:51.003+0000 7f2a0341b700 1 -- 172.21.15.106:0/3819466447 >> 172.21.15.106:0/3819466447 conn(0x7f29fc0fd9b0 msgr2=0x7f29fc0ffde0 unknown :-1 s=STATE_NONE l=0).mark_down
2023-12-16T22:19:51.659 INFO:teuthology.orchestra.run.smithi106.stdout:/usr/bin/ceph: stderr
2023-12-16T22:19:51.003+0000 7f2a0341b700 1 -- 172.21.15.106:0/3819466447 shutdown_connections
2023-12-16T22:19:51.659 INFO:teuthology.orchestra.run.smithi106.stdout:/usr/bin/ceph: stderr
2023-12-16T22:19:51.003+0000 7f2a0341b700 1 -- 172.21.15.106:0/3819466447 wait complete.
2023-12-16T22:19:51.660 INFO:teuthology.orchestra.run.smithi106.stdout:/usr/bin/ceph: stderr
2023-12-16T22:19:51.004+0000 7f2a0341b700 1 Processor -- start
2023-12-16T22:19:51.660 INFO:teuthology.orchestra.run.smithi106.stdout:/usr/bin/ceph: stderr
2023-12-16T22:19:51.004+0000 7f2a0341b700 1 -- start start
2023-12-16T22:19:51.660 INFO:teuthology.orchestra.run.smithi106.stdout:/usr/bin/ceph: stderr
2023-12-16T22:19:51.004+0000 7f2a0341b700 1 --2- >> [v2:172.21.15.106:3300/0,v1:172.21.15.106:6789/0] conn(0x7f29fc078d00 0x7f29fc1132c0 unknown :-1 s=NONE pgs=0 cs=0 l=1 rev1=0 crypto rx=0 tx=0 comp rx=0 tx=0).connect
2023-12-16T22:19:51.660 INFO:teuthology.orchestra.run.smithi106.stdout:/usr/bin/ceph: stderr
2023-12-16T22:19:51.004+0000 7f2a0341b700 1 -- --> [v2:172.21.15.106:3300/0,v1:172.21.15.106:6789/0] -- mon_getmap magic: 0 v1 -- 0x7f29fc113800 con 0x7f29fc078d00
2023-12-16T22:19:51.660 INFO:teuthology.orchestra.run.smithi106.stdout:/usr/bin/ceph: stderr
2023-12-16T22:19:51.004+0000 7f2a011b7700 1 --2- >> [v2:172.21.15.106:3300/0,v1:172.21.15.106:6789/0] conn(0x7f29fc078d00 0x7f29fc1132c0 unknown :-1 s=BANNER_CONNECTING pgs=0 cs=0 l=1 rev1=0 crypto rx=0 tx=0 comp rx=0 tx=0)._handle_peer_banner_payload supported=3 required=0
2023-12-16T22:19:51.660 INFO:teuthology.orchestra.run.smithi106.stdout:/usr/bin/ceph: stderr
2023-12-16T22:19:51.004+0000 7f2a011b7700 1 --2- >> [v2:172.21.15.106:3300/0,v1:172.21.15.106:6789/0] conn(0x7f29fc078d00 0x7f29fc1132c0 unknown :-1 s=HELLO_CONNECTING pgs=0 cs=0 l=1 rev1=1 crypto rx=0 tx=0 comp rx=0 tx=0).handle_hello peer v2:172.21.15.106:3300/0 says I am v2:172.21.15.106:40784/0 (socket says 172.21.15.106:40784)
2023-12-16T22:19:51.660 INFO:teuthology.orchestra.run.smithi106.stdout:/usr/bin/ceph: stderr
2023-12-16T22:19:51.004+0000 7f2a011b7700 1 -- 172.21.15.106:0/2167490780 learned_addr learned my addr 172.21.15.106:0/2167490780 (peer_addr_for_me v2:172.21.15.106:0/0)
2023-12-16T22:19:51.660 INFO:teuthology.orchestra.run.smithi106.stdout:/usr/bin/ceph: stderr
2023-12-16T22:19:51.004+0000 7f2a011b7700 1 -- 172.21.15.106:0/2167490780 --> [v2:172.21.15.106:3300/0,v1:172.21.15.106:6789/0] -- mon_subscribe({config=0+,monmap=0+}) v3 -- 0x7f29f80094f0 con 0x7f29fc078d00
2023-12-16T22:19:51.660 INFO:teuthology.orchestra.run.smithi106.stdout:/usr/bin/ceph: stderr
2023-12-16T22:19:51.005+0000 7f2a011b7700 1 --2- 172.21.15.106:0/2167490780 >> [v2:172.21.15.106:3300/0,v1:172.21.15.106:6789/0] conn(0x7f29fc078d00 0x7f29fc1132c0 secure :-1 s=READY pgs=54 cs=0 l=1 rev1=1 crypto rx=0x7f29f8006d40 tx=0x7f29f8009250 comp rx=0 tx=0).ready entity=mon.0 client_cookie=0 server_cookie=0 in_seq=0 out_seq=0
2023-12-16T22:19:51.660 INFO:teuthology.orchestra.run.smithi106.stdout:/usr/bin/ceph: stderr
2023-12-16T22:19:51.005+0000 7f29f1ffb700 1 -- 172.21.15.106:0/2167490780 <== mon.0 v2:172.21.15.106:3300/0 1 ==== mon_map magic: 0 v1 ==== 229+0+0 (secure 0 0 0) 0x7f29f8010960 con 0x7f29fc078d00
2023-12-16T22:19:51.660 INFO:teuthology.orchestra.run.smithi106.stdout:/usr/bin/ceph: stderr
2023-12-16T22:19:51.005+0000 7f29f1ffb700 1 -- 172.21.15.106:0/2167490780 <== mon.0 v2:172.21.15.106:3300/0 2 ==== config(26 keys) v1 ==== 1074+0+0 (secure 0 0 0) 0x7f29f801a430 con 0x7f29fc078d00
2023-12-16T22:19:51.660 INFO:teuthology.orchestra.run.smithi106.stdout:/usr/bin/ceph: stderr
2023-12-16T22:19:51.005+0000 7f29f1ffb700 1 -- 172.21.15.106:0/2167490780 <== mon.0 v2:172.21.15.106:3300/0 3 ==== mon_map magic: 0 v1 ==== 229+0+0 (secure 0 0 0) 0x7f29f80245b0 con 0x7f29fc078d00
2023-12-16T22:19:51.660 INFO:teuthology.orchestra.run.smithi106.stdout:/usr/bin/ceph: stderr
2023-12-16T22:19:51.005+0000 7f2a0341b700 1 -- 172.21.15.106:0/2167490780 --> [v2:172.21.15.106:3300/0,v1:172.21.15.106:6789/0] -- mon_subscribe({mgrmap=0+}) v3 -- 0x7f29fc113a00 con 0x7f29fc078d00
2023-12-16T22:19:51.660 INFO:teuthology.orchestra.run.smithi106.stdout:/usr/bin/ceph: stderr
2023-12-16T22:19:51.005+0000 7f2a0341b700 1 -- 172.21.15.106:0/2167490780 --> [v2:172.21.15.106:3300/0,v1:172.21.15.106:6789/0] -- mon_subscribe({osdmap=0}) v3 -- 0x7f29fc113e10 con 0x7f29fc078d00
2023-12-16T22:19:51.660 INFO:teuthology.orchestra.run.smithi106.stdout:/usr/bin/ceph: stderr
2023-12-16T22:19:51.006+0000 7f29f1ffb700 1 -- 172.21.15.106:0/2167490780 <== mon.0 v2:172.21.15.106:3300/0 4 ==== mgrmap(e 8) v1 ==== 43281+0+0 (secure 0 0 0) 0x7f29f801a9f0 con 0x7f29fc078d00
2023-12-16T22:19:51.661 INFO:teuthology.orchestra.run.smithi106.stdout:/usr/bin/ceph: stderr
2023-12-16T22:19:51.006+0000 7f29f1ffb700 1 --2- 172.21.15.106:0/2167490780 >> [v2:172.21.15.106:6800/328738391,v1:172.21.15.106:6801/328738391] conn(0x7f29e8036640 0x7f29e8038af0 unknown :-1 s=NONE pgs=0 cs=0 l=1 rev1=0 crypto rx=0 tx=0 comp rx=0 tx=0).connect
2023-12-16T22:19:51.661 INFO:teuthology.orchestra.run.smithi106.stdout:/usr/bin/ceph: stderr
2023-12-16T22:19:51.006+0000 7f29f1ffb700 1 -- 172.21.15.106:0/2167490780 <== mon.0 v2:172.21.15.106:3300/0 5 ==== osd_map(2..2 src has 1..2) v4 ==== 936+0+0 (secure 0 0 0) 0x7f29f804a090 con 0x7f29fc078d00
2023-12-16T22:19:51.661 INFO:teuthology.orchestra.run.smithi106.stdout:/usr/bin/ceph: stderr
2023-12-16T22:19:51.006+0000 7f2a0341b700 1 -- 172.21.15.106:0/2167490780 --> [v2:172.21.15.106:3300/0,v1:172.21.15.106:6789/0] -- mon_command({"prefix": "get_command_descriptions"} v 0) v1 -- 0x7f29fc04bb80 con 0x7f29fc078d00
2023-12-16T22:19:51.661 INFO:teuthology.orchestra.run.smithi106.stdout:/usr/bin/ceph: stderr
2023-12-16T22:19:51.006+0000 7f2a009b6700 1 --2- 172.21.15.106:0/2167490780 >> [v2:172.21.15.106:6800/328738391,v1:172.21.15.106:6801/328738391] conn(0x7f29e8036640 0x7f29e8038af0 unknown :-1 s=BANNER_CONNECTING pgs=0 cs=0 l=1 rev1=0 crypto rx=0 tx=0 comp rx=0 tx=0)._handle_peer_banner_payload supported=3 required=0
2023-12-16T22:19:51.661 INFO:teuthology.orchestra.run.smithi106.stdout:/usr/bin/ceph: stderr
2023-12-16T22:19:51.007+0000 7f2a009b6700 1 --2- 172.21.15.106:0/2167490780 >> [v2:172.21.15.106:6800/328738391,v1:172.21.15.106:6801/328738391] conn(0x7f29e8036640 0x7f29e8038af0 secure :-1 s=READY pgs=15 cs=0 l=1 rev1=1 crypto rx=0x7f29ec009990 tx=0x7f29ec006e40 comp rx=0 tx=0).ready entity=mgr.14120 client_cookie=0 server_cookie=0 in_seq=0 out_seq=0
2023-12-16T22:19:51.661 INFO:teuthology.orchestra.run.smithi106.stdout:/usr/bin/ceph: stderr
2023-12-16T22:19:51.011+0000 7f29f1ffb700 1 -- 172.21.15.106:0/2167490780 <== mon.0 v2:172.21.15.106:3300/0 6 ==== mon_command_ack([{"prefix": "get_command_descriptions"}]=0 v0) v1 ==== 72+0+174570 (secure 0 0 0) 0x7f29f802b8c0 con 0x7f29fc078d00
2023-12-16T22:19:51.661 INFO:teuthology.orchestra.run.smithi106.stdout:/usr/bin/ceph: stderr
2023-12-16T22:19:51.214+0000 7f2a0341b700 1 -- 172.21.15.106:0/2167490780 --> [v2:172.21.15.106:6800/328738391,v1:172.21.15.106:6801/328738391] -- mgr_command(tid 0: {"prefix": "orch apply", "service_type": "prometheus", "target": ["mon-mgr", ""]}) v1 -- 0x7f29fc10d150 con 0x7f29e8036640
2023-12-16T22:19:51.661 INFO:teuthology.orchestra.run.smithi106.stdout:/usr/bin/ceph: stderr
2023-12-16T22:19:51.220+0000 7f29f1ffb700 1 -- 172.21.15.106:0/2167490780 <== mgr.14120 v2:172.21.15.106:6800/328738391 1 ==== mgr_command_reply(tid 0: 0 ) v1 ==== 8+0+31 (secure 0 0 0) 0x7f29fc10d150 con 0x7f29e8036640
2023-12-16T22:19:51.661 INFO:teuthology.orchestra.run.smithi106.stdout:/usr/bin/ceph: stderr
2023-12-16T22:19:51.223+0000 7f2a0341b700 1 -- 172.21.15.106:0/2167490780 >> [v2:172.21.15.106:6800/328738391,v1:172.21.15.106:6801/328738391] conn(0x7f29e8036640 msgr2=0x7f29e8038af0 secure :-1 s=STATE_CONNECTION_ESTABLISHED l=1).mark_down
2023-12-16T22:19:51.661 INFO:teuthology.orchestra.run.smithi106.stdout:/usr/bin/ceph: stderr
2023-12-16T22:19:51.223+0000 7f2a0341b700 1 --2- 172.21.15.106:0/2167490780 >> [v2:172.21.15.106:6800/328738391,v1:172.21.15.106:6801/328738391] conn(0x7f29e8036640 0x7f29e8038af0 secure :-1 s=READY pgs=15 cs=0 l=1 rev1=1 crypto rx=0x7f29ec009990 tx=0x7f29ec006e40 comp rx=0 tx=0).stop
2023-12-16T22:19:51.661 INFO:teuthology.orchestra.run.smithi106.stdout:/usr/bin/ceph: stderr
2023-12-16T22:19:51.223+0000 7f2a0341b700 1 -- 172.21.15.106:0/2167490780 >> [v2:172.21.15.106:3300/0,v1:172.21.15.106:6789/0] conn(0x7f29fc078d00 msgr2=0x7f29fc1132c0 secure :-1 s=STATE_CONNECTION_ESTABLISHED l=1).mark_down
