2023-12-16T22:19:41.006+0000 7f4996136700 1 --2- 172.21.15.106:0/3480435692 >> [v2:172.21.15.106:6800/306235553,v1:172.21.15.106:6801/306235553] conn(0x7f49780365f0 0x7f4978038aa0 unknown :-1 s=CLOSED pgs=0 cs=0 l=1 rev1=0 crypto rx=0 tx=0 comp rx=0 tx=0).stop
2023-12-16T22:19:41.248 INFO:teuthology.orchestra.run.smithi106.stdout:/usr/bin/ceph: stderr
2023-12-16T22:19:41.007+0000 7f4996136700 1 -- 172.21.15.106:0/3480435692 >> 172.21.15.106:0/3480435692 conn(0x7f49900fc970 msgr2=0x7f49900fe170 unknown :-1 s=STATE_NONE l=0).mark_down
2023-12-16T22:19:41.248 INFO:teuthology.orchestra.run.smithi106.stdout:/usr/bin/ceph: stderr
2023-12-16T22:19:41.007+0000 7f4996136700 1 -- 172.21.15.106:0/3480435692 shutdown_connections
2023-12-16T22:19:41.248 INFO:teuthology.orchestra.run.smithi106.stdout:/usr/bin/ceph: stderr
2023-12-16T22:19:41.007+0000 7f4996136700 1 -- 172.21.15.106:0/3480435692 wait complete.
2023-12-16T22:19:41.248 INFO:teuthology.orchestra.run.smithi106.stdout:mgr epoch 5 is available
2023-12-16T22:19:41.248 INFO:teuthology.orchestra.run.smithi106.stdout:Setting orchestrator backend to cephadm...
2023-12-16T22:19:41.301 INFO:journalctl@ceph.mon.smithi106.smithi106.stdout:Dec 16 22:19:41 smithi106 ceph-mon[81011]: Found migration_current of "None". Setting to last migration.
2023-12-16T22:19:41.301 INFO:journalctl@ceph.mon.smithi106.smithi106.stdout:Dec 16 22:19:41 smithi106 ceph-mon[81011]: from='mgr.14120 172.21.15.106:0/1069284559' entity='mgr.smithi106.ciccsw' cmd=[{"prefix":"config rm","who":"mgr","name":"mgr/rbd_support/smithi106.ciccsw/mirror_snapshot_schedule"}]: dispatch
2023-12-16T22:19:41.301 INFO:journalctl@ceph.mon.smithi106.smithi106.stdout:Dec 16 22:19:41 smithi106 ceph-mon[81011]: from='mgr.14120 172.21.15.106:0/1069284559' entity='mgr.smithi106.ciccsw' cmd=[{"prefix":"config rm","who":"mgr","name":"mgr/rbd_support/smithi106.ciccsw/trash_purge_schedule"}]: dispatch
2023-12-16T22:19:41.302 INFO:journalctl@ceph.mon.smithi106.smithi106.stdout:Dec 16 22:19:41 smithi106 ceph-mon[81011]: mgrmap e7: smithi106.ciccsw(active, since 1.00543s)
2023-12-16T22:19:41.926 INFO:teuthology.orchestra.run.smithi106.stdout:/usr/bin/ceph: stderr
2023-12-16T22:19:41.479+0000 7f78d50d4700 1 Processor -- start
2023-12-16T22:19:41.926 INFO:teuthology.orchestra.run.smithi106.stdout:/usr/bin/ceph: stderr
2023-12-16T22:19:41.479+0000 7f78d50d4700 1 -- start start
2023-12-16T22:19:41.926 INFO:teuthology.orchestra.run.smithi106.stdout:/usr/bin/ceph: stderr
2023-12-16T22:19:41.479+0000 7f78d50d4700 1 --2- >> [v2:172.21.15.106:3300/0,v1:172.21.15.106:6789/0] conn(0x7f78d0078e00 0x7f78d0077210 unknown :-1 s=NONE pgs=0 cs=0 l=0 rev1=0 crypto rx=0 tx=0 comp rx=0 tx=0).connect
2023-12-16T22:19:41.926 INFO:teuthology.orchestra.run.smithi106.stdout:/usr/bin/ceph: stderr
2023-12-16T22:19:41.479+0000 7f78d50d4700 1 -- --> [v2:172.21.15.106:3300/0,v1:172.21.15.106:6789/0] -- mon_getmap magic: 0 v1 -- 0x7f78d0077750 con 0x7f78d0078e00
2023-12-16T22:19:41.926 INFO:teuthology.orchestra.run.smithi106.stdout:/usr/bin/ceph: stderr
2023-12-16T22:19:41.479+0000 7f78ced9d700 1 --2- >> [v2:172.21.15.106:3300/0,v1:172.21.15.106:6789/0] conn(0x7f78d0078e00 0x7f78d0077210 unknown :-1 s=BANNER_CONNECTING pgs=0 cs=0 l=0 rev1=0 crypto rx=0 tx=0 comp rx=0 tx=0)._handle_peer_banner_payload supported=3 required=0
2023-12-16T22:19:41.926 INFO:teuthology.orchestra.run.smithi106.stdout:/usr/bin/ceph: stderr
2023-12-16T22:19:41.480+0000 7f78ced9d700 1 --2- >> [v2:172.21.15.106:3300/0,v1:172.21.15.106:6789/0] conn(0x7f78d0078e00 0x7f78d0077210 unknown :-1 s=HELLO_CONNECTING pgs=0 cs=0 l=0 rev1=1 crypto rx=0 tx=0 comp rx=0 tx=0).handle_hello peer v2:172.21.15.106:3300/0 says I am v2:172.21.15.106:57160/0 (socket says 172.21.15.106:57160)
2023-12-16T22:19:41.926 INFO:teuthology.orchestra.run.smithi106.stdout:/usr/bin/ceph: stderr
2023-12-16T22:19:41.480+0000 7f78ced9d700 1 -- 172.21.15.106:0/493054052 learned_addr learned my addr 172.21.15.106:0/493054052 (peer_addr_for_me v2:172.21.15.106:0/0)
2023-12-16T22:19:41.926 INFO:teuthology.orchestra.run.smithi106.stdout:/usr/bin/ceph: stderr
2023-12-16T22:19:41.480+0000 7f78ced9d700 1 -- 172.21.15.106:0/493054052 --> [v2:172.21.15.106:3300/0,v1:172.21.15.106:6789/0] -- mon_subscribe({config=0+,monmap=0+}) v3 -- 0x7f78d0077890 con 0x7f78d0078e00
2023-12-16T22:19:41.926 INFO:teuthology.orchestra.run.smithi106.stdout:/usr/bin/ceph: stderr
2023-12-16T22:19:41.480+0000 7f78ced9d700 1 --2- 172.21.15.106:0/493054052 >> [v2:172.21.15.106:3300/0,v1:172.21.15.106:6789/0] conn(0x7f78d0078e00 0x7f78d0077210 secure :-1 s=READY pgs=37 cs=0 l=1 rev1=1 crypto rx=0x7f78c40098e0 tx=0x7f78c4009250 comp rx=0 tx=0).ready entity=mon.0 client_cookie=fa0208054eb4f4ac server_cookie=0 in_seq=0 out_seq=0
2023-12-16T22:19:41.926 INFO:teuthology.orchestra.run.smithi106.stdout:/usr/bin/ceph: stderr
2023-12-16T22:19:41.480+0000 7f78cdd9b700 1 -- 172.21.15.106:0/493054052 <== mon.0 v2:172.21.15.106:3300/0 1 ==== mon_map magic: 0 v1 ==== 229+0+0 (secure 0 0 0) 0x7f78c400b860 con 0x7f78d0078e00
2023-12-16T22:19:41.927 INFO:teuthology.orchestra.run.smithi106.stdout:/usr/bin/ceph: stderr
2023-12-16T22:19:41.480+0000 7f78cdd9b700 1 -- 172.21.15.106:0/493054052 <== mon.0 v2:172.21.15.106:3300/0 2 ==== config(26 keys) v1 ==== 1009+0+0 (secure 0 0 0) 0x7f78c400be30 con 0x7f78d0078e00
2023-12-16T22:19:41.927 INFO:teuthology.orchestra.run.smithi106.stdout:/usr/bin/ceph: stderr
2023-12-16T22:19:41.480+0000 7f78cdd9b700 1 -- 172.21.15.106:0/493054052 <== mon.0 v2:172.21.15.106:3300/0 3 ==== mon_map magic: 0 v1 ==== 229+0+0 (secure 0 0 0) 0x7f78c4010380 con 0x7f78d0078e00
2023-12-16T22:19:41.927 INFO:teuthology.orchestra.run.smithi106.stdout:/usr/bin/ceph: stderr
2023-12-16T22:19:41.481+0000 7f78d50d4700 1 -- 172.21.15.106:0/493054052 >> [v2:172.21.15.106:3300/0,v1:172.21.15.106:6789/0] conn(0x7f78d0078e00 msgr2=0x7f78d0077210 secure :-1 s=STATE_CONNECTION_ESTABLISHED l=1).mark_down
2023-12-16T22:19:41.927 INFO:teuthology.orchestra.run.smithi106.stdout:/usr/bin/ceph: stderr
2023-12-16T22:19:41.481+0000 7f78d50d4700 1 --2- 172.21.15.106:0/493054052 >> [v2:172.21.15.106:3300/0,v1:172.21.15.106:6789/0] conn(0x7f78d0078e00 0x7f78d0077210 secure :-1 s=READY pgs=37 cs=0 l=1 rev1=1 crypto rx=0x7f78c40098e0 tx=0x7f78c4009250 comp rx=0 tx=0).stop
2023-12-16T22:19:41.927 INFO:teuthology.orchestra.run.smithi106.stdout:/usr/bin/ceph: stderr
2023-12-16T22:19:41.481+0000 7f78d50d4700 1 -- 172.21.15.106:0/493054052 shutdown_connections
2023-12-16T22:19:41.927 INFO:teuthology.orchestra.run.smithi106.stdout:/usr/bin/ceph: stderr
2023-12-16T22:19:41.481+0000 7f78d50d4700 1 --2- 172.21.15.106:0/493054052 >> [v2:172.21.15.106:3300/0,v1:172.21.15.106:6789/0] conn(0x7f78d0078e00 0x7f78d0077210 unknown :-1 s=CLOSED pgs=37 cs=0 l=1 rev1=1 crypto rx=0 tx=0 comp rx=0 tx=0).stop
2023-12-16T22:19:41.927 INFO:teuthology.orchestra.run.smithi106.stdout:/usr/bin/ceph: stderr
2023-12-16T22:19:41.481+0000 7f78d50d4700 1 -- 172.21.15.106:0/493054052 >> 172.21.15.106:0/493054052 conn(0x7f78d00fda40 msgr2=0x7f78d00ffe70 unknown :-1 s=STATE_NONE l=0).mark_down
2023-12-16T22:19:41.927 INFO:teuthology.orchestra.run.smithi106.stdout:/usr/bin/ceph: stderr
2023-12-16T22:19:41.481+0000 7f78d50d4700 1 -- 172.21.15.106:0/493054052 shutdown_connections
2023-12-16T22:19:41.927 INFO:teuthology.orchestra.run.smithi106.stdout:/usr/bin/ceph: stderr
2023-12-16T22:19:41.481+0000 7f78d50d4700 1 -- 172.21.15.106:0/493054052 wait complete.
2023-12-16T22:19:41.927 INFO:teuthology.orchestra.run.smithi106.stdout:/usr/bin/ceph: stderr
2023-12-16T22:19:41.481+0000 7f78d50d4700 1 Processor -- start
2023-12-16T22:19:41.927 INFO:teuthology.orchestra.run.smithi106.stdout:/usr/bin/ceph: stderr
2023-12-16T22:19:41.481+0000 7f78d50d4700 1 -- start start
2023-12-16T22:19:41.927 INFO:teuthology.orchestra.run.smithi106.stdout:/usr/bin/ceph: stderr
2023-12-16T22:19:41.481+0000 7f78d50d4700 1 --2- >> [v2:172.21.15.106:3300/0,v1:172.21.15.106:6789/0] conn(0x7f78d0078e00 0x7f78d0113310 unknown :-1 s=NONE pgs=0 cs=0 l=1 rev1=0 crypto rx=0 tx=0 comp rx=0 tx=0).connect
2023-12-16T22:19:41.927 INFO:teuthology.orchestra.run.smithi106.stdout:/usr/bin/ceph: stderr
2023-12-16T22:19:41.481+0000 7f78d50d4700 1 -- --> [v2:172.21.15.106:3300/0,v1:172.21.15.106:6789/0] -- mon_getmap magic: 0 v1 -- 0x7f78d0113850 con 0x7f78d0078e00
2023-12-16T22:19:41.927 INFO:teuthology.orchestra.run.smithi106.stdout:/usr/bin/ceph: stderr
2023-12-16T22:19:41.482+0000 7f78ced9d700 1 --2- >> [v2:172.21.15.106:3300/0,v1:172.21.15.106:6789/0] conn(0x7f78d0078e00 0x7f78d0113310 unknown :-1 s=BANNER_CONNECTING pgs=0 cs=0 l=1 rev1=0 crypto rx=0 tx=0 comp rx=0 tx=0)._handle_peer_banner_payload supported=3 required=0
2023-12-16T22:19:41.927 INFO:teuthology.orchestra.run.smithi106.stdout:/usr/bin/ceph: stderr
2023-12-16T22:19:41.482+0000 7f78ced9d700 1 --2- >> [v2:172.21.15.106:3300/0,v1:172.21.15.106:6789/0] conn(0x7f78d0078e00 0x7f78d0113310 unknown :-1 s=HELLO_CONNECTING pgs=0 cs=0 l=1 rev1=1 crypto rx=0 tx=0 comp rx=0 tx=0).handle_hello peer v2:172.21.15.106:3300/0 says I am v2:172.21.15.106:57176/0 (socket says 172.21.15.106:57176)
2023-12-16T22:19:41.928 INFO:teuthology.orchestra.run.smithi106.stdout:/usr/bin/ceph: stderr
2023-12-16T22:19:41.482+0000 7f78ced9d700 1 -- 172.21.15.106:0/2143526876 learned_addr learned my addr 172.21.15.106:0/2143526876 (peer_addr_for_me v2:172.21.15.106:0/0)
2023-12-16T22:19:41.928 INFO:teuthology.orchestra.run.smithi106.stdout:/usr/bin/ceph: stderr
2023-12-16T22:19:41.482+0000 7f78ced9d700 1 -- 172.21.15.106:0/2143526876 --> [v2:172.21.15.106:3300/0,v1:172.21.15.106:6789/0] -- mon_subscribe({config=0+,monmap=0+}) v3 -- 0x7f78c40094f0 con 0x7f78d0078e00
2023-12-16T22:19:41.928 INFO:teuthology.orchestra.run.smithi106.stdout:/usr/bin/ceph: stderr
2023-12-16T22:19:41.482+0000 7f78ced9d700 1 --2- 172.21.15.106:0/2143526876 >> [v2:172.21.15.106:3300/0,v1:172.21.15.106:6789/0] conn(0x7f78d0078e00 0x7f78d0113310 secure :-1 s=READY pgs=38 cs=0 l=1 rev1=1 crypto rx=0x7f78c40090b0 tx=0x7f78c4009250 comp rx=0 tx=0).ready entity=mon.0 client_cookie=0 server_cookie=0 in_seq=0 out_seq=0
2023-12-16T22:19:41.928 INFO:teuthology.orchestra.run.smithi106.stdout:/usr/bin/ceph: stderr
2023-12-16T22:19:41.482+0000 7f78b77fe700 1 -- 172.21.15.106:0/2143526876 <== mon.0 v2:172.21.15.106:3300/0 1 ==== mon_map magic: 0 v1 ==== 229+0+0 (secure 0 0 0) 0x7f78c4010a80 con 0x7f78d0078e00
2023-12-16T22:19:41.928 INFO:teuthology.orchestra.run.smithi106.stdout:/usr/bin/ceph: stderr
2023-12-16T22:19:41.482+0000 7f78b77fe700 1 -- 172.21.15.106:0/2143526876 <== mon.0 v2:172.21.15.106:3300/0 2 ==== config(26 keys) v1 ==== 1009+0+0 (secure 0 0 0) 0x7f78c401a430 con 0x7f78d0078e00
2023-12-16T22:19:41.928 INFO:teuthology.orchestra.run.smithi106.stdout:/usr/bin/ceph: stderr
2023-12-16T22:19:41.482+0000 7f78d50d4700 1 -- 172.21.15.106:0/2143526876 --> [v2:172.21.15.106:3300/0,v1:172.21.15.106:6789/0] -- mon_subscribe({mgrmap=0+}) v3 -- 0x7f78d0113a50 con 0x7f78d0078e00
2023-12-16T22:19:41.928 INFO:teuthology.orchestra.run.smithi106.stdout:/usr/bin/ceph: stderr
2023-12-16T22:19:41.482+0000 7f78b77fe700 1 -- 172.21.15.106:0/2143526876 <== mon.0 v2:172.21.15.106:3300/0 3 ==== mon_map magic: 0 v1 ==== 229+0+0 (secure 0 0 0) 0x7f78c40245b0 con 0x7f78d0078e00
2023-12-16T22:19:41.928 INFO:teuthology.orchestra.run.smithi106.stdout:/usr/bin/ceph: stderr
2023-12-16T22:19:41.482+0000 7f78d50d4700 1 -- 172.21.15.106:0/2143526876 --> [v2:172.21.15.106:3300/0,v1:172.21.15.106:6789/0] -- mon_subscribe({osdmap=0}) v3 -- 0x7f78d0113e60 con 0x7f78d0078e00
2023-12-16T22:19:41.928 INFO:teuthology.orchestra.run.smithi106.stdout:/usr/bin/ceph: stderr
2023-12-16T22:19:41.483+0000 7f78b77fe700 1 -- 172.21.15.106:0/2143526876 <== mon.0 v2:172.21.15.106:3300/0 4 ==== mgrmap(e 7) v1 ==== 43175+0+0 (secure 0 0 0) 0x7f78c401a5a0 con 0x7f78d0078e00
2023-12-16T22:19:41.928 INFO:teuthology.orchestra.run.smithi106.stdout:/usr/bin/ceph: stderr
2023-12-16T22:19:41.483+0000 7f78d50d4700 1 -- 172.21.15.106:0/2143526876 --> [v2:172.21.15.106:3300/0,v1:172.21.15.106:6789/0] -- mon_command({"prefix": "get_command_descriptions"} v 0) v1 -- 0x7f78d0108640 con 0x7f78d0078e00
2023-12-16T22:19:41.928 INFO:teuthology.orchestra.run.smithi106.stdout:/usr/bin/ceph: stderr
2023-12-16T22:19:41.483+0000 7f78b77fe700 1 --2- 172.21.15.106:0/2143526876 >> [v2:172.21.15.106:6800/328738391,v1:172.21.15.106:6801/328738391] conn(0x7f78b80364c0 0x7f78b8038970 unknown :-1 s=NONE pgs=0 cs=0 l=1 rev1=0 crypto rx=0 tx=0 comp rx=0 tx=0).connect
2023-12-16T22:19:41.928 INFO:teuthology.orchestra.run.smithi106.stdout:/usr/bin/ceph: stderr
2023-12-16T22:19:41.483+0000 7f78b77fe700 1 -- 172.21.15.106:0/2143526876 <== mon.0 v2:172.21.15.106:3300/0 5 ==== osd_map(2..2 src has 1..2) v4 ==== 936+0+0 (secure 0 0 0) 0x7f78c404a120 con 0x7f78d0078e00
2023-12-16T22:19:41.928 INFO:teuthology.orchestra.run.smithi106.stdout:/usr/bin/ceph: stderr
2023-12-16T22:19:41.483+0000 7f78ce59c700 1 --2- 172.21.15.106:0/2143526876 >> [v2:172.21.15.106:6800/328738391,v1:172.21.15.106:6801/328738391] conn(0x7f78b80364c0 0x7f78b8038970 unknown :-1 s=BANNER_CONNECTING pgs=0 cs=0 l=1 rev1=0 crypto rx=0 tx=0 comp rx=0 tx=0)._handle_peer_banner_payload supported=3 required=0
2023-12-16T22:19:41.928 INFO:teuthology.orchestra.run.smithi106.stdout:/usr/bin/ceph: stderr
2023-12-16T22:19:41.484+0000 7f78ce59c700 1 --2- 172.21.15.106:0/2143526876 >> [v2:172.21.15.106:6800/328738391,v1:172.21.15.106:6801/328738391] conn(0x7f78b80364c0 0x7f78b8038970 secure :-1 s=READY pgs=7 cs=0 l=1 rev1=1 crypto rx=0x7f78c0009990 tx=0x7f78c0006e40 comp rx=0 tx=0).ready entity=mgr.14120 client_cookie=0 server_cookie=0 in_seq=0 out_seq=0
2023-12-16T22:19:41.928 INFO:teuthology.orchestra.run.smithi106.stdout:/usr/bin/ceph: stderr
2023-12-16T22:19:41.488+0000 7f78b77fe700 1 -- 172.21.15.106:0/2143526876 <== mon.0 v2:172.21.15.106:3300/0 6 ==== mon_command_ack([{"prefix": "get_command_descriptions"}]=0 v0) v1 ==== 72+0+174570 (secure 0 0 0) 0x7f78c402b8c0 con 0x7f78d0078e00
2023-12-16T22:19:41.929 INFO:teuthology.orchestra.run.smithi106.stdout:/usr/bin/ceph: stderr
2023-12-16T22:19:41.687+0000 7f78d50d4700 1 -- 172.21.15.106:0/2143526876 --> [v2:172.21.15.106:6800/328738391,v1:172.21.15.106:6801/328738391] -- mgr_command(tid 0: {"prefix": "orch set backend", "module_name": "cephadm", "target": ["mon-mgr", ""]}) v1 -- 0x7f78d010cfe0 con 0x7f78b80364c0
2023-12-16T22:19:41.929 INFO:teuthology.orchestra.run.smithi106.stdout:/usr/bin/ceph: stderr
2023-12-16T22:19:41.693+0000 7f78b77fe700 1 -- 172.21.15.106:0/2143526876 <== mgr.14120 v2:172.21.15.106:6800/328738391 1 ==== mgr_command_reply(tid 0: 0 ) v1 ==== 8+0+0 (secure 0 0 0) 0x7f78d010cfe0 con 0x7f78b80364c0
2023-12-16T22:19:41.929 INFO:teuthology.orchestra.run.smithi106.stdout:/usr/bin/ceph: stderr
2023-12-16T22:19:41.695+0000 7f78d50d4700 1 -- 172.21.15.106:0/2143526876 >> [v2:172.21.15.106:6800/328738391,v1:172.21.15.106:6801/328738391] conn(0x7f78b80364c0 msgr2=0x7f78b8038970 secure :-1 s=STATE_CONNECTION_ESTABLISHED l=1).mark_down
2023-12-16T22:19:41.929 INFO:teuthology.orchestra.run.smithi106.stdout:/usr/bin/ceph: stderr
2023-12-16T22:19:41.695+0000 7f78d50d4700 1 --2- 172.21.15.106:0/2143526876 >> [v2:172.21.15.106:6800/328738391,v1:172.21.15.106:6801/328738391] conn(0x7f78b80364c0 0x7f78b8038970 secure :-1 s=READY pgs=7 cs=0 l=1 rev1=1 crypto rx=0x7f78c0009990 tx=0x7f78c0006e40 comp rx=0 tx=0).stop
2023-12-16T22:19:41.929 INFO:teuthology.orchestra.run.smithi106.stdout:/usr/bin/ceph: stderr
2023-12-16T22:19:41.695+0000 7f78d50d4700 1 -- 172.21.15.106:0/2143526876 >> [v2:172.21.15.106:3300/0,v1:172.21.15.106:6789/0] conn(0x7f78d0078e00 msgr2=0x7f78d0113310 secure :-1 s=STATE_CONNECTION_ESTABLISHED l=1).mark_down
2023-12-16T22:19:41.929 INFO:teuthology.orchestra.run.smithi106.stdout:/usr/bin/ceph: stderr
2023-12-16T22:19:41.695+0000 7f78d50d4700 1 --2- 172.21.15.106:0/2143526876 >> [v2:172.21.15.106:3300/0,v1:172.21.15.106:6789/0] conn(0x7f78d0078e00 0x7f78d0113310 secure :-1 s=READY pgs=38 cs=0 l=1 rev1=1 crypto rx=0x7f78c40090b0 tx=0x7f78c4009250 comp rx=0 tx=0).stop
2023-12-16T22:19:41.929 INFO:teuthology.orchestra.run.smithi106.stdout:/usr/bin/ceph: stderr
2023-12-16T22:19:41.695+0000 7f78d50d4700 1 -- 172.21.15.106:0/2143526876 shutdown_connections
2023-12-16T22:19:41.929 INFO:teuthology.orchestra.run.smithi106.stdout:/usr/bin/ceph: stderr
2023-12-16T22:19:41.695+0000 7f78d50d4700 1 --2- 172.21.15.106:0/2143526876 >> [v2:172.21.15.106:6800/328738391,v1:172.21.15.106:6801/328738391] conn(0x7f78b80364c0 0x7f78b8038970 unknown :-1 s=CLOSED pgs=7 cs=0 l=1 rev1=1 crypto rx=0 tx=0 comp rx=0 tx=0).stop
2023-12-16T22:19:41.929 INFO:teuthology.orchestra.run.smithi106.stdout:/usr/bin/ceph: stderr
2023-12-16T22:19:41.695+0000 7f78d50d4700 1 --2- 172.21.15.106:0/2143526876 >> [v2:172.21.15.106:3300/0,v1:172.21.15.106:6789/0] conn(0x7f78d0078e00 0x7f78d0113310 unknown :-1 s=CLOSED pgs=38 cs=0 l=1 rev1=1 crypto rx=0 tx=0 comp rx=0 tx=0).stop
2023-12-16T22:19:41.929 INFO:teuthology.orchestra.run.smithi106.stdout:/usr/bin/ceph: stderr
2023-12-16T22:19:41.695+0000 7f78d50d4700 1 -- 172.21.15.106:0/2143526876 >> 172.21.15.106:0/2143526876 conn(0x7f78d00fda40 msgr2=0x7f78d00ffe20 unknown :-1 s=STATE_NONE l=0).mark_down
2023-12-16T22:19:41.929 INFO:teuthology.orchestra.run.smithi106.stdout:/usr/bin/ceph: stderr
2023-12-16T22:19:41.696+0000 7f78d50d4700 1 -- 172.21.15.106:0/2143526876 shutdown_connections
2023-12-16T22:19:41.929 INFO:teuthology.orchestra.run.smithi106.stdout:/usr/bin/ceph: stderr
2023-12-16T22:19:41.696+0000 7f78d50d4700 1 -- 172.21.15.106:0/2143526876 wait complete.
2023-12-16T22:19:42.339 INFO:journalctl@ceph.mon.smithi106.smithi106.stdout:Dec 16 22:19:42 smithi106 ceph-mon[81011]: [16/Dec/2023:22:19:40] ENGINE Bus STARTING
2023-12-16T22:19:42.339 INFO:journalctl@ceph.mon.smithi106.smithi106.stdout:Dec 16 22:19:42 smithi106 ceph-mon[81011]: from='client.14124 -' entity='client.admin' cmd=[{"prefix": "get_command_descriptions"}]: dispatch
2023-12-16T22:19:42.339 INFO:journalctl@ceph.mon.smithi106.smithi106.stdout:Dec 16 22:19:42 smithi106 ceph-mon[81011]: from='client.14124 -' entity='client.admin' cmd=[{"prefix": "mgr_status"}]: dispatch
2023-12-16T22:19:42.339 INFO:journalctl@ceph.mon.smithi106.smithi106.stdout:Dec 16 22:19:42 smithi106 ceph-mon[81011]: [16/Dec/2023:22:19:41] ENGINE Serving on https://172.21.15.106:7150
2023-12-16T22:19:42.339 INFO:journalctl@ceph.mon.smithi106.smithi106.stdout:Dec 16 22:19:42 smithi106 ceph-mon[81011]: [16/Dec/2023:22:19:41] ENGINE Bus STARTED
2023-12-16T22:19:42.339 INFO:journalctl@ceph.mon.smithi106.smithi106.stdout:Dec 16 22:19:42 smithi106 ceph-mon[81011]: from='mgr.14120 172.21.15.106:0/1069284559' entity='mgr.smithi106.ciccsw'
2023-12-16T22:19:42.339 INFO:journalctl@ceph.mon.smithi106.smithi106.stdout:Dec 16 22:19:42 smithi106 ceph-mon[81011]: from='mgr.14120 172.21.15.106:0/1069284559' entity='mgr.smithi106.ciccsw' cmd=[{"prefix": "config dump", "format": "json"}]: dispatch
2023-12-16T22:19:42.339 INFO:journalctl@ceph.mon.smithi106.smithi106.stdout:Dec 16 22:19:42 smithi106 ceph-mon[81011]: from='mgr.14120 172.21.15.106:0/1069284559' entity='mgr.smithi106.ciccsw'
2023-12-16T22:19:42.339 INFO:journalctl@ceph.mon.smithi106.smithi106.stdout:Dec 16 22:19:42 smithi106 ceph-mon[81011]: from='mgr.14120 172.21.15.106:0/1069284559' entity='mgr.smithi106.ciccsw' cmd=[{"prefix": "config dump", "format": "json"}]: dispatch
2023-12-16T22:19:42.601 INFO:teuthology.orchestra.run.smithi106.stdout:/usr/bin/ceph: stdout value unchanged
2023-12-16T22:19:42.601 INFO:teuthology.orchestra.run.smithi106.stdout:/usr/bin/ceph: stderr
2023-12-16T22:19:42.172+0000 7f2dce82d700 1 Processor -- start
2023-12-16T22:19:42.601 INFO:teuthology.orchestra.run.smithi106.stdout:/usr/bin/ceph: stderr
2023-12-16T22:19:42.172+0000 7f2dce82d700 1 -- start start
2023-12-16T22:19:42.601 INFO:teuthology.orchestra.run.smithi106.stdout:/usr/bin/ceph: stderr
2023-12-16T22:19:42.172+0000 7f2dce82d700 1 --2- >> [v2:172.21.15.106:3300/0,v1:172.21.15.106:6789/0] conn(0x7f2dc8102920 0x7f2dc8102d30 unknown :-1 s=NONE pgs=0 cs=0 l=0 rev1=0 crypto rx=0 tx=0 comp rx=0 tx=0).connect
2023-12-16T22:19:42.601 INFO:teuthology.orchestra.run.smithi106.stdout:/usr/bin/ceph: stderr
2023-12-16T22:19:42.172+0000 7f2dce82d700 1 -- --> [v2:172.21.15.106:3300/0,v1:172.21.15.106:6789/0] -- mon_getmap magic: 0 v1 -- 0x7f2dc8103270 con 0x7f2dc8102920
2023-12-16T22:19:42.602 INFO:teuthology.orchestra.run.smithi106.stdout:/usr/bin/ceph: stderr
2023-12-16T22:19:42.172+0000 7f2dc7fff700 1 --2- >> [v2:172.21.15.106:3300/0,v1:172.21.15.106:6789/0] conn(0x7f2dc8102920 0x7f2dc8102d30 unknown :-1 s=BANNER_CONNECTING pgs=0 cs=0 l=0 rev1=0 crypto rx=0 tx=0 comp rx=0 tx=0)._handle_peer_banner_payload supported=3 required=0
2023-12-16T22:19:42.602 INFO:teuthology.orchestra.run.smithi106.stdout:/usr/bin/ceph: stderr
2023-12-16T22:19:42.172+0000 7f2dc7fff700 1 --2- >> [v2:172.21.15.106:3300/0,v1:172.21.15.106:6789/0] conn(0x7f2dc8102920 0x7f2dc8102d30 unknown :-1 s=HELLO_CONNECTING pgs=0 cs=0 l=0 rev1=1 crypto rx=0 tx=0 comp rx=0 tx=0).handle_hello peer v2:172.21.15.106:3300/0 says I am v2:172.21.15.106:57192/0 (socket says 172.21.15.106:57192)
2023-12-16T22:19:42.602 INFO:teuthology.orchestra.run.smithi106.stdout:/usr/bin/ceph: stderr
2023-12-16T22:19:42.172+0000 7f2dc7fff700 1 -- 172.21.15.106:0/2898659423 learned_addr learned my addr 172.21.15.106:0/2898659423 (peer_addr_for_me v2:172.21.15.106:0/0)
2023-12-16T22:19:42.602 INFO:teuthology.orchestra.run.smithi106.stdout:/usr/bin/ceph: stderr
2023-12-16T22:19:42.172+0000 7f2dc7fff700 1 -- 172.21.15.106:0/2898659423 --> [v2:172.21.15.106:3300/0,v1:172.21.15.106:6789/0] -- mon_subscribe({config=0+,monmap=0+}) v3 -- 0x7f2dc81033b0 con 0x7f2dc8102920
2023-12-16T22:19:42.602 INFO:teuthology.orchestra.run.smithi106.stdout:/usr/bin/ceph: stderr
2023-12-16T22:19:42.173+0000 7f2dc7fff700 1 --2- 172.21.15.106:0/2898659423 >> [v2:172.21.15.106:3300/0,v1:172.21.15.106:6789/0] conn(0x7f2dc8102920 0x7f2dc8102d30 secure :-1 s=READY pgs=39 cs=0 l=1 rev1=1 crypto rx=0x7f2db80098e0 tx=0x7f2db8009250 comp rx=0 tx=0).ready entity=mon.0 client_cookie=97df665937f5c9b3 server_cookie=0 in_seq=0 out_seq=0
2023-12-16T22:19:42.602 INFO:teuthology.orchestra.run.smithi106.stdout:/usr/bin/ceph: stderr
2023-12-16T22:19:42.173+0000 7f2dc6ffd700 1 -- 172.21.15.106:0/2898659423 <== mon.0 v2:172.21.15.106:3300/0 1 ==== mon_map magic: 0 v1 ==== 229+0+0 (secure 0 0 0) 0x7f2db800b860 con 0x7f2dc8102920
2023-12-16T22:19:42.602 INFO:teuthology.orchestra.run.smithi106.stdout:/usr/bin/ceph: stderr
2023-12-16T22:19:42.173+0000 7f2dc6ffd700 1 -- 172.21.15.106:0/2898659423 <== mon.0 v2:172.21.15.106:3300/0 2 ==== config(26 keys) v1 ==== 1009+0+0 (secure 0 0 0) 0x7f2db800be30 con 0x7f2dc8102920
2023-12-16T22:19:42.602 INFO:teuthology.orchestra.run.smithi106.stdout:/usr/bin/ceph: stderr
2023-12-16T22:19:42.173+0000 7f2dc6ffd700 1 -- 172.21.15.106:0/2898659423 <== mon.0 v2:172.21.15.106:3300/0 3 ==== mon_map magic: 0 v1 ==== 229+0+0 (secure 0 0 0) 0x7f2db8010380 con 0x7f2dc8102920
2023-12-16T22:19:42.602 INFO:teuthology.orchestra.run.smithi106.stdout:/usr/bin/ceph: stderr
2023-12-16T22:19:42.173+0000 7f2dce82d700 1 -- 172.21.15.106:0/2898659423 >> [v2:172.21.15.106:3300/0,v1:172.21.15.106:6789/0] conn(0x7f2dc8102920 msgr2=0x7f2dc8102d30 secure :-1 s=STATE_CONNECTION_ESTABLISHED l=1).mark_down
2023-12-16T22:19:42.602 INFO:teuthology.orchestra.run.smithi106.stdout:/usr/bin/ceph: stderr
2023-12-16T22:19:42.173+0000 7f2dce82d700 1 --2- 172.21.15.106:0/2898659423 >> [v2:172.21.15.106:3300/0,v1:172.21.15.106:6789/0] conn(0x7f2dc8102920 0x7f2dc8102d30 secure :-1 s=READY pgs=39 cs=0 l=1 rev1=1 crypto rx=0x7f2db80098e0 tx=0x7f2db8009250 comp rx=0 tx=0).stop
2023-12-16T22:19:42.602 INFO:teuthology.orchestra.run.smithi106.stdout:/usr/bin/ceph: stderr
2023-12-16T22:19:42.173+0000 7f2dce82d700 1 -- 172.21.15.106:0/2898659423 shutdown_connections
2023-12-16T22:19:42.602 INFO:teuthology.orchestra.run.smithi106.stdout:/usr/bin/ceph: stderr
2023-12-16T22:19:42.173+0000 7f2dce82d700 1 --2- 172.21.15.106:0/2898659423 >> [v2:172.21.15.106:3300/0,v1:172.21.15.106:6789/0] conn(0x7f2dc8102920 0x7f2dc8102d30 unknown :-1 s=CLOSED pgs=39 cs=0 l=1 rev1=1 crypto rx=0 tx=0 comp rx=0 tx=0).stop
2023-12-16T22:19:42.602 INFO:teuthology.orchestra.run.smithi106.stdout:/usr/bin/ceph: stderr
2023-12-16T22:19:42.173+0000 7f2dce82d700 1 -- 172.21.15.106:0/2898659423 >> 172.21.15.106:0/2898659423 conn(0x7f2dc80fc0b0 msgr2=0x7f2dc80fe4e0 unknown :-1 s=STATE_NONE l=0).mark_down
2023-12-16T22:19:42.602 INFO:teuthology.orchestra.run.smithi106.stdout:/usr/bin/ceph: stderr
2023-12-16T22:19:42.173+0000 7f2dce82d700 1 -- 172.21.15.106:0/2898659423 shutdown_connections
2023-12-16T22:19:42.602 INFO:teuthology.orchestra.run.smithi106.stdout:/usr/bin/ceph: stderr
2023-12-16T22:19:42.173+0000 7f2dce82d700 1 -- 172.21.15.106:0/2898659423 wait complete.
2023-12-16T22:19:42.603 INFO:teuthology.orchestra.run.smithi106.stdout:/usr/bin/ceph: stderr
2023-12-16T22:19:42.174+0000 7f2dce82d700 1 Processor -- start
2023-12-16T22:19:42.603 INFO:teuthology.orchestra.run.smithi106.stdout:/usr/bin/ceph: stderr
2023-12-16T22:19:42.174+0000 7f2dce82d700 1 -- start start
2023-12-16T22:19:42.603 INFO:teuthology.orchestra.run.smithi106.stdout:/usr/bin/ceph: stderr
2023-12-16T22:19:42.174+0000 7f2dce82d700 1 --2- >> [v2:172.21.15.106:3300/0,v1:172.21.15.106:6789/0] conn(0x7f2dc8102920 0x7f2dc8113360 unknown :-1 s=NONE pgs=0 cs=0 l=1 rev1=0 crypto rx=0 tx=0 comp rx=0 tx=0).connect
2023-12-16T22:19:42.603 INFO:teuthology.orchestra.run.smithi106.stdout:/usr/bin/ceph: stderr
2023-12-16T22:19:42.174+0000 7f2dce82d700 1 -- --> [v2:172.21.15.106:3300/0,v1:172.21.15.106:6789/0] -- mon_getmap magic: 0 v1 -- 0x7f2dc81138a0 con 0x7f2dc8102920
2023-12-16T22:19:42.603 INFO:teuthology.orchestra.run.smithi106.stdout:/usr/bin/ceph: stderr
2023-12-16T22:19:42.174+0000 7f2dc7fff700 1 --2- >> [v2:172.21.15.106:3300/0,v1:172.21.15.106:6789/0] conn(0x7f2dc8102920 0x7f2dc8113360 unknown :-1 s=BANNER_CONNECTING pgs=0 cs=0 l=1 rev1=0 crypto rx=0 tx=0 comp rx=0 tx=0)._handle_peer_banner_payload supported=3 required=0
2023-12-16T22:19:42.603 INFO:teuthology.orchestra.run.smithi106.stdout:/usr/bin/ceph: stderr
2023-12-16T22:19:42.174+0000 7f2dc7fff700 1 --2- >> [v2:172.21.15.106:3300/0,v1:172.21.15.106:6789/0] conn(0x7f2dc8102920 0x7f2dc8113360 unknown :-1 s=HELLO_CONNECTING pgs=0 cs=0 l=1 rev1=1 crypto rx=0 tx=0 comp rx=0 tx=0).handle_hello peer v2:172.21.15.106:3300/0 says I am v2:172.21.15.106:57208/0 (socket says 172.21.15.106:57208)
2023-12-16T22:19:42.603 INFO:teuthology.orchestra.run.smithi106.stdout:/usr/bin/ceph: stderr
2023-12-16T22:19:42.174+0000 7f2dc7fff700 1 -- 172.21.15.106:0/2635312089 learned_addr learned my addr 172.21.15.106:0/2635312089 (peer_addr_for_me v2:172.21.15.106:0/0)
2023-12-16T22:19:42.603 INFO:teuthology.orchestra.run.smithi106.stdout:/usr/bin/ceph: stderr
2023-12-16T22:19:42.174+0000 7f2dc7fff700 1 -- 172.21.15.106:0/2635312089 --> [v2:172.21.15.106:3300/0,v1:172.21.15.106:6789/0] -- mon_subscribe({config=0+,monmap=0+}) v3 -- 0x7f2db80094f0 con 0x7f2dc8102920
2023-12-16T22:19:42.603 INFO:teuthology.orchestra.run.smithi106.stdout:/usr/bin/ceph: stderr
2023-12-16T22:19:42.175+0000 7f2dc7fff700 1 --2- 172.21.15.106:0/2635312089 >> [v2:172.21.15.106:3300/0,v1:172.21.15.106:6789/0] conn(0x7f2dc8102920 0x7f2dc8113360 secure :-1 s=READY pgs=40 cs=0 l=1 rev1=1 crypto rx=0x7f2db8000c00 tx=0x7f2db8009250 comp rx=0 tx=0).ready entity=mon.0 client_cookie=0 server_cookie=0 in_seq=0 out_seq=0
2023-12-16T22:19:42.603 INFO:teuthology.orchestra.run.smithi106.stdout:/usr/bin/ceph: stderr
2023-12-16T22:19:42.175+0000 7f2dc4ff9700 1 -- 172.21.15.106:0/2635312089 <== mon.0 v2:172.21.15.106:3300/0 1 ==== mon_map magic: 0 v1 ==== 229+0+0 (secure 0 0 0) 0x7f2db8010a80 con 0x7f2dc8102920
2023-12-16T22:19:42.603 INFO:teuthology.orchestra.run.smithi106.stdout:/usr/bin/ceph: stderr
2023-12-16T22:19:42.175+0000 7f2dc4ff9700 1 -- 172.21.15.106:0/2635312089 <== mon.0 v2:172.21.15.106:3300/0 2 ==== config(26 keys) v1 ==== 1009+0+0 (secure 0 0 0) 0x7f2db801a430 con 0x7f2dc8102920
2023-12-16T22:19:42.603 INFO:teuthology.orchestra.run.smithi106.stdout:/usr/bin/ceph: stderr
2023-12-16T22:19:42.175+0000 7f2dce82d700 1 -- 172.21.15.106:0/2635312089 --> [v2:172.21.15.106:3300/0,v1:172.21.15.106:6789/0] -- mon_subscribe({mgrmap=0+}) v3 -- 0x7f2dc8113aa0 con 0x7f2dc8102920
2023-12-16T22:19:42.603 INFO:teuthology.orchestra.run.smithi106.stdout:/usr/bin/ceph: stderr
2023-12-16T22:19:42.175+0000 7f2dc4ff9700 1 -- 172.21.15.106:0/2635312089 <== mon.0 v2:172.21.15.106:3300/0 3 ==== mon_map magic: 0 v1 ==== 229+0+0 (secure 0 0 0) 0x7f2db80245b0 con 0x7f2dc8102920
2023-12-16T22:19:42.603 INFO:teuthology.orchestra.run.smithi106.stdout:/usr/bin/ceph: stderr
2023-12-16T22:19:42.175+0000 7f2dce82d700 1 -- 172.21.15.106:0/2635312089 --> [v2:172.21.15.106:3300/0,v1:172.21.15.106:6789/0] -- mon_subscribe({osdmap=0}) v3 -- 0x7f2dc8113eb0 con 0x7f2dc8102920
2023-12-16T22:19:42.604 INFO:teuthology.orchestra.run.smithi106.stdout:/usr/bin/ceph: stderr
2023-12-16T22:19:42.176+0000 7f2dc4ff9700 1 -- 172.21.15.106:0/2635312089 <== mon.0 v2:172.21.15.106:3300/0 4 ==== mgrmap(e 7) v1 ==== 43175+0+0 (secure 0 0 0) 0x7f2db80247f0 con 0x7f2dc8102920
2023-12-16T22:19:42.604 INFO:teuthology.orchestra.run.smithi106.stdout:/usr/bin/ceph: stderr
2023-12-16T22:19:42.176+0000 7f2dc4ff9700 1 --2- 172.21.15.106:0/2635312089 >> [v2:172.21.15.106:6800/328738391,v1:172.21.15.106:6801/328738391] conn(0x7f2db00364c0 0x7f2db0038970 unknown :-1 s=NONE pgs=0 cs=0 l=1 rev1=0 crypto rx=0 tx=0 comp rx=0 tx=0).connect
2023-12-16T22:19:42.604 INFO:teuthology.orchestra.run.smithi106.stdout:/usr/bin/ceph: stderr
2023-12-16T22:19:42.176+0000 7f2dc4ff9700 1 -- 172.21.15.106:0/2635312089 <== mon.0 v2:172.21.15.106:3300/0 5 ==== osd_map(2..2 src has 1..2) v4 ==== 936+0+0 (secure 0 0 0) 0x7f2db804a9d0 con 0x7f2dc8102920
2023-12-16T22:19:42.604 INFO:teuthology.orchestra.run.smithi106.stdout:/usr/bin/ceph: stderr
2023-12-16T22:19:42.176+0000 7f2dce82d700 1 -- 172.21.15.106:0/2635312089 --> [v2:172.21.15.106:3300/0,v1:172.21.15.106:6789/0] -- mon_command({"prefix": "get_command_descriptions"} v 0) v1 -- 0x7f2dc804bb80 con 0x7f2dc8102920
2023-12-16T22:19:42.604 INFO:teuthology.orchestra.run.smithi106.stdout:/usr/bin/ceph: stderr
2023-12-16T22:19:42.176+0000 7f2dc77fe700 1 --2- 172.21.15.106:0/2635312089 >> [v2:172.21.15.106:6800/328738391,v1:172.21.15.106:6801/328738391] conn(0x7f2db00364c0 0x7f2db0038970 unknown :-1 s=BANNER_CONNECTING pgs=0 cs=0 l=1 rev1=0 crypto rx=0 tx=0 comp rx=0 tx=0)._handle_peer_banner_payload supported=3 required=0
2023-12-16T22:19:42.604 INFO:teuthology.orchestra.run.smithi106.stdout:/usr/bin/ceph: stderr
2023-12-16T22:19:42.176+0000 7f2dc77fe700 1 --2- 172.21.15.106:0/2635312089 >> [v2:172.21.15.106:6800/328738391,v1:172.21.15.106:6801/328738391] conn(0x7f2db00364c0 0x7f2db0038970 secure :-1 s=READY pgs=8 cs=0 l=1 rev1=1 crypto rx=0x7f2dbc009990 tx=0x7f2dbc006e40 comp rx=0 tx=0).ready entity=mgr.14120 client_cookie=0 server_cookie=0 in_seq=0 out_seq=0
2023-12-16T22:19:42.604 INFO:teuthology.orchestra.run.smithi106.stdout:/usr/bin/ceph: stderr
2023-12-16T22:19:42.181+0000 7f2dc4ff9700 1 -- 172.21.15.106:0/2635312089 <== mon.0 v2:172.21.15.106:3300/0 6 ==== mon_command_ack([{"prefix": "get_command_descriptions"}]=0 v0) v1 ==== 72+0+174570 (secure 0 0 0) 0x7f2db8018350 con 0x7f2dc8102920
2023-12-16T22:19:42.604 INFO:teuthology.orchestra.run.smithi106.stdout:/usr/bin/ceph: stderr
2023-12-16T22:19:42.369+0000 7f2dce82d700 1 -- 172.21.15.106:0/2635312089 --> [v2:172.21.15.106:6800/328738391,v1:172.21.15.106:6801/328738391] -- mgr_command(tid 0: {"prefix": "cephadm set-user", "user": "root", "target": ["mon-mgr", ""]}) v1 -- 0x7f2dc810cf70 con 0x7f2db00364c0
2023-12-16T22:19:42.604 INFO:teuthology.orchestra.run.smithi106.stdout:/usr/bin/ceph: stderr
2023-12-16T22:19:42.370+0000 7f2dc4ff9700 1 -- 172.21.15.106:0/2635312089 <== mgr.14120 v2:172.21.15.106:6800/328738391 1 ==== mgr_command_reply(tid 0: 0 ) v1 ==== 8+0+16 (secure 0 0 0) 0x7f2dc810cf70 con 0x7f2db00364c0
2023-12-16T22:19:42.604 INFO:teuthology.orchestra.run.smithi106.stdout:/usr/bin/ceph: stderr
2023-12-16T22:19:42.372+0000 7f2dce82d700 1 -- 172.21.15.106:0/2635312089 >> [v2:172.21.15.106:6800/328738391,v1:172.21.15.106:6801/328738391] conn(0x7f2db00364c0 msgr2=0x7f2db0038970 secure :-1 s=STATE_CONNECTION_ESTABLISHED l=1).mark_down
2023-12-16T22:19:42.604 INFO:teuthology.orchestra.run.smithi106.stdout:/usr/bin/ceph: stderr
2023-12-16T22:19:42.372+0000 7f2dce82d700 1 --2- 172.21.15.106:0/2635312089 >> [v2:172.21.15.106:6800/328738391,v1:172.21.15.106:6801/328738391] conn(0x7f2db00364c0 0x7f2db0038970 secure :-1 s=READY pgs=8 cs=0 l=1 rev1=1 crypto rx=0x7f2dbc009990 tx=0x7f2dbc006e40 comp rx=0 tx=0).stop
2023-12-16T22:19:42.604 INFO:teuthology.orchestra.run.smithi106.stdout:/usr/bin/ceph: stderr
2023-12-16T22:19:42.372+0000 7f2dce82d700 1 -- 172.21.15.106:0/2635312089 >> [v2:172.21.15.106:3300/0,v1:172.21.15.106:6789/0] conn(0x7f2dc8102920 msgr2=0x7f2dc8113360 secure :-1 s=STATE_CONNECTION_ESTABLISHED l=1).mark_down
2023-12-16T22:19:42.604 INFO:teuthology.orchestra.run.smithi106.stdout:/usr/bin/ceph: stderr
2023-12-16T22:19:42.372+0000 7f2dce82d700 1 --2- 172.21.15.106:0/2635312089 >> [v2:172.21.15.106:3300/0,v1:172.21.15.106:6789/0] conn(0x7f2dc8102920 0x7f2dc8113360 secure :-1 s=READY pgs=40 cs=0 l=1 rev1=1 crypto rx=0x7f2db8000c00 tx=0x7f2db8009250 comp rx=0 tx=0).stop
2023-12-16T22:19:42.604 INFO:teuthology.orchestra.run.smithi106.stdout:/usr/bin/ceph: stderr
2023-12-16T22:19:42.372+0000 7f2dce82d700 1 -- 172.21.15.106:0/2635312089 shutdown_connections
2023-12-16T22:19:42.604 INFO:teuthology.orchestra.run.smithi106.stdout:/usr/bin/ceph: stderr
2023-12-16T22:19:42.372+0000 7f2dce82d700 1 --2- 172.21.15.106:0/2635312089 >> [v2:172.21.15.106:6800/328738391,v1:172.21.15.106:6801/328738391] conn(0x7f2db00364c0 0x7f2db0038970 unknown :-1 s=CLOSED pgs=8 cs=0 l=1 rev1=1 crypto rx=0 tx=0 comp rx=0 tx=0).stop
2023-12-16T22:19:42.605 INFO:teuthology.orchestra.run.smithi106.stdout:/usr/bin/ceph: stderr
2023-12-16T22:19:42.372+0000 7f2dce82d700 1 --2- 172.21.15.106:0/2635312089 >> [v2:172.21.15.106:3300/0,v1:172.21.15.106:6789/0] conn(0x7f2dc8102920 0x7f2dc8113360 unknown :-1 s=CLOSED pgs=40 cs=0 l=1 rev1=1 crypto rx=0 tx=0 comp rx=0 tx=0).stop
2023-12-16T22:19:42.605 INFO:teuthology.orchestra.run.smithi106.stdout:/usr/bin/ceph: stderr
2023-12-16T22:19:42.372+0000 7f2dce82d700 1 -- 172.21.15.106:0/2635312089 >> 172.21.15.106:0/2635312089 conn(0x7f2dc80fc0b0 msgr2=0x7f2dc80fe4b0 unknown :-1 s=STATE_NONE l=0).mark_down
2023-12-16T22:19:42.605 INFO:teuthology.orchestra.run.smithi106.stdout:/usr/bin/ceph: stderr
2023-12-16T22:19:42.372+0000 7f2dce82d700 1 -- 172.21.15.106:0/2635312089 shutdown_connections
2023-12-16T22:19:42.605 INFO:teuthology.orchestra.run.smithi106.stdout:/usr/bin/ceph: stderr
2023-12-16T22:19:42.372+0000 7f2dce82d700 1 -- 172.21.15.106:0/2635312089 wait complete.
2023-12-16T22:19:42.605 INFO:teuthology.orchestra.run.smithi106.stdout:Generating ssh key...
2023-12-16T22:19:43.339 INFO:journalctl@ceph.mon.smithi106.smithi106.stdout:Dec 16 22:19:43 smithi106 ceph-mon[81011]: from='client.14132 -' entity='client.admin' cmd=[{"prefix": "orch set backend", "module_name": "cephadm", "target": ["mon-mgr", ""]}]: dispatch
2023-12-16T22:19:43.339 INFO:journalctl@ceph.mon.smithi106.smithi106.stdout:Dec 16 22:19:43 smithi106 ceph-mon[81011]: from='client.14134 -' entity='client.admin' cmd=[{"prefix": "cephadm set-user", "user": "root", "target": ["mon-mgr", ""]}]: dispatch
2023-12-16T22:19:43.339 INFO:journalctl@ceph.mon.smithi106.smithi106.stdout:Dec 16 22:19:43 smithi106 ceph-mon[81011]: mgrmap e8: smithi106.ciccsw(active, since 2s)
2023-12-16T22:19:43.493 INFO:teuthology.orchestra.run.smithi106.stdout:/usr/bin/ceph: stderr
2023-12-16T22:19:42.819+0000 7fb060888700 1 Processor -- start
2023-12-16T22:19:43.493 INFO:teuthology.orchestra.run.smithi106.stdout:/usr/bin/ceph: stderr
2023-12-16T22:19:42.819+0000 7fb060888700 1 -- start start
2023-12-16T22:19:43.493 INFO:teuthology.orchestra.run.smithi106.stdout:/usr/bin/ceph: stderr
2023-12-16T22:19:42.819+0000 7fb060888700 1 --2- >> [v2:172.21.15.106:3300/0,v1:172.21.15.106:6789/0] conn(0x7fb05c1022b0 0x7fb05c1026c0 unknown :-1 s=NONE pgs=0 cs=0 l=0 rev1=0 crypto rx=0 tx=0 comp rx=0 tx=0).connect
2023-12-16T22:19:43.493 INFO:teuthology.orchestra.run.smithi106.stdout:/usr/bin/ceph: stderr
2023-12-16T22:19:42.819+0000 7fb060888700 1 -- --> [v2:172.21.15.106:3300/0,v1:172.21.15.106:6789/0] -- mon_getmap magic: 0 v1 -- 0x7fb05c102c00 con 0x7fb05c1022b0
2023-12-16T22:19:43.493 INFO:teuthology.orchestra.run.smithi106.stdout:/usr/bin/ceph: stderr
2023-12-16T22:19:42.820+0000 7fb05a59c700 1 --2- >> [v2:172.21.15.106:3300/0,v1:172.21.15.106:6789/0] conn(0x7fb05c1022b0 0x7fb05c1026c0 unknown :-1 s=BANNER_CONNECTING pgs=0 cs=0 l=0 rev1=0 crypto rx=0 tx=0 comp rx=0 tx=0)._handle_peer_banner_payload supported=3 required=0
2023-12-16T22:19:43.493 INFO:teuthology.orchestra.run.smithi106.stdout:/usr/bin/ceph: stderr
2023-12-16T22:19:42.820+0000 7fb05a59c700 1 --2- >> [v2:172.21.15.106:3300/0,v1:172.21.15.106:6789/0] conn(0x7fb05c1022b0 0x7fb05c1026c0 unknown :-1 s=HELLO_CONNECTING pgs=0 cs=0 l=0 rev1=1 crypto rx=0 tx=0 comp rx=0 tx=0).handle_hello peer v2:172.21.15.106:3300/0 says I am v2:172.21.15.106:57218/0 (socket says 172.21.15.106:57218)
2023-12-16T22:19:43.493 INFO:teuthology.orchestra.run.smithi106.stdout:/usr/bin/ceph: stderr
2023-12-16T22:19:42.820+0000 7fb05a59c700 1 -- 172.21.15.106:0/1777484109 learned_addr learned my addr 172.21.15.106:0/1777484109 (peer_addr_for_me v2:172.21.15.106:0/0)
2023-12-16T22:19:43.493 INFO:teuthology.orchestra.run.smithi106.stdout:/usr/bin/ceph: stderr
2023-12-16T22:19:42.820+0000 7fb05a59c700 1 -- 172.21.15.106:0/1777484109 --> [v2:172.21.15.106:3300/0,v1:172.21.15.106:6789/0] -- mon_subscribe({config=0+,monmap=0+}) v3 -- 0x7fb05c102d40 con 0x7fb05c1022b0
2023-12-16T22:19:43.493 INFO:teuthology.orchestra.run.smithi106.stdout:/usr/bin/ceph: stderr
2023-12-16T22:19:42.820+0000 7fb05a59c700 1 --2- 172.21.15.106:0/1777484109 >> [v2:172.21.15.106:3300/0,v1:172.21.15.106:6789/0] conn(0x7fb05c1022b0 0x7fb05c1026c0 secure :-1 s=READY pgs=41 cs=0 l=1 rev1=1 crypto rx=0x7fb04c0098e0 tx=0x7fb04c009250 comp rx=0 tx=0).ready entity=mon.0 client_cookie=7926604ba8607e7c server_cookie=0 in_seq=0 out_seq=0
2023-12-16T22:19:43.493 INFO:teuthology.orchestra.run.smithi106.stdout:/usr/bin/ceph: stderr
2023-12-16T22:19:42.820+0000 7fb05959a700 1 -- 172.21.15.106:0/1777484109 <== mon.0 v2:172.21.15.106:3300/0 1 ==== mon_map magic: 0 v1 ==== 229+0+0 (secure 0 0 0) 0x7fb04c00b860 con 0x7fb05c1022b0
2023-12-16T22:19:43.493 INFO:teuthology.orchestra.run.smithi106.stdout:/usr/bin/ceph: stderr
2023-12-16T22:19:42.820+0000 7fb05959a700 1 -- 172.21.15.106:0/1777484109 <== mon.0 v2:172.21.15.106:3300/0 2 ==== config(26 keys) v1 ==== 1009+0+0 (secure 0 0 0) 0x7fb04c00be30 con 0x7fb05c1022b0
2023-12-16T22:19:43.494 INFO:teuthology.orchestra.run.smithi106.stdout:/usr/bin/ceph: stderr
2023-12-16T22:19:42.820+0000 7fb05959a700 1 -- 172.21.15.106:0/1777484109 <== mon.0 v2:172.21.15.106:3300/0 3 ==== mon_map magic: 0 v1 ==== 229+0+0 (secure 0 0 0) 0x7fb04c010380 con 0x7fb05c1022b0
2023-12-16T22:19:43.494 INFO:teuthology.orchestra.run.smithi106.stdout:/usr/bin/ceph: stderr
2023-12-16T22:19:42.821+0000 7fb060888700 1 -- 172.21.15.106:0/1777484109 >> [v2:172.21.15.106:3300/0,v1:172.21.15.106:6789/0] conn(0x7fb05c1022b0 msgr2=0x7fb05c1026c0 secure :-1 s=STATE_CONNECTION_ESTABLISHED l=1).mark_down
2023-12-16T22:19:43.494 INFO:teuthology.orchestra.run.smithi106.stdout:/usr/bin/ceph: stderr
2023-12-16T22:19:42.821+0000 7fb060888700 1 --2- 172.21.15.106:0/1777484109 >> [v2:172.21.15.106:3300/0,v1:172.21.15.106:6789/0] conn(0x7fb05c1022b0 0x7fb05c1026c0 secure :-1 s=READY pgs=41 cs=0 l=1 rev1=1 crypto rx=0x7fb04c0098e0 tx=0x7fb04c009250 comp rx=0 tx=0).stop
2023-12-16T22:19:43.494 INFO:teuthology.orchestra.run.smithi106.stdout:/usr/bin/ceph: stderr
2023-12-16T22:19:42.821+0000 7fb060888700 1 -- 172.21.15.106:0/1777484109 shutdown_connections
2023-12-16T22:19:43.494 INFO:teuthology.orchestra.run.smithi106.stdout:/usr/bin/ceph: stderr
2023-12-16T22:19:42.821+0000 7fb060888700 1 --2- 172.21.15.106:0/1777484109 >> [v2:172.21.15.106:3300/0,v1:172.21.15.106:6789/0] conn(0x7fb05c1022b0 0x7fb05c1026c0 unknown :-1 s=CLOSED pgs=41 cs=0 l=1 rev1=1 crypto rx=0 tx=0 comp rx=0 tx=0).stop
2023-12-16T22:19:43.494 INFO:teuthology.orchestra.run.smithi106.stdout:/usr/bin/ceph: stderr
2023-12-16T22:19:42.821+0000 7fb060888700 1 -- 172.21.15.106:0/1777484109 >> 172.21.15.106:0/1777484109 conn(0x7fb05c0fda10 msgr2=0x7fb05c0ffe40 unknown :-1 s=STATE_NONE l=0).mark_down
2023-12-16T22:19:43.494 INFO:teuthology.orchestra.run.smithi106.stdout:/usr/bin/ceph: stderr
2023-12-16T22:19:42.821+0000 7fb060888700 1 -- 172.21.15.106:0/1777484109 shutdown_connections
2023-12-16T22:19:43.494 INFO:teuthology.orchestra.run.smithi106.stdout:/usr/bin/ceph: stderr
2023-12-16T22:19:42.821+0000 7fb060888700 1 -- 172.21.15.106:0/1777484109 wait complete.
2023-12-16T22:19:43.494 INFO:teuthology.orchestra.run.smithi106.stdout:/usr/bin/ceph: stderr
2023-12-16T22:19:42.821+0000 7fb060888700 1 Processor -- start
2023-12-16T22:19:43.494 INFO:teuthology.orchestra.run.smithi106.stdout:/usr/bin/ceph: stderr
2023-12-16T22:19:42.821+0000 7fb060888700 1 -- start start
2023-12-16T22:19:43.494 INFO:teuthology.orchestra.run.smithi106.stdout:/usr/bin/ceph: stderr
2023-12-16T22:19:42.821+0000 7fb060888700 1 --2- >> [v2:172.21.15.106:3300/0,v1:172.21.15.106:6789/0] conn(0x7fb05c1022b0 0x7fb05c078d10 unknown :-1 s=NONE pgs=0 cs=0 l=1 rev1=0 crypto rx=0 tx=0 comp rx=0 tx=0).connect
2023-12-16T22:19:43.494 INFO:teuthology.orchestra.run.smithi106.stdout:/usr/bin/ceph: stderr
2023-12-16T22:19:42.821+0000 7fb060888700 1 -- --> [v2:172.21.15.106:3300/0,v1:172.21.15.106:6789/0] -- mon_getmap magic: 0 v1 -- 0x7fb05c077190 con 0x7fb05c1022b0
2023-12-16T22:19:43.494 INFO:teuthology.orchestra.run.smithi106.stdout:/usr/bin/ceph: stderr
2023-12-16T22:19:42.822+0000 7fb05a59c700 1 --2- >> [v2:172.21.15.106:3300/0,v1:172.21.15.106:6789/0] conn(0x7fb05c1022b0 0x7fb05c078d10 unknown :-1 s=BANNER_CONNECTING pgs=0 cs=0 l=1 rev1=0 crypto rx=0 tx=0 comp rx=0 tx=0)._handle_peer_banner_payload supported=3 required=0
2023-12-16T22:19:43.494 INFO:teuthology.orchestra.run.smithi106.stdout:/usr/bin/ceph: stderr
2023-12-16T22:19:42.822+0000 7fb05a59c700 1 --2- >> [v2:172.21.15.106:3300/0,v1:172.21.15.106:6789/0] conn(0x7fb05c1022b0 0x7fb05c078d10 unknown :-1 s=HELLO_CONNECTING pgs=0 cs=0 l=1 rev1=1 crypto rx=0 tx=0 comp rx=0 tx=0).handle_hello peer v2:172.21.15.106:3300/0 says I am v2:172.21.15.106:57232/0 (socket says 172.21.15.106:57232)
2023-12-16T22:19:43.495 INFO:teuthology.orchestra.run.smithi106.stdout:/usr/bin/ceph: stderr
2023-12-16T22:19:42.822+0000 7fb05a59c700 1 -- 172.21.15.106:0/3458910247 learned_addr learned my addr 172.21.15.106:0/3458910247 (peer_addr_for_me v2:172.21.15.106:0/0)
2023-12-16T22:19:43.495 INFO:teuthology.orchestra.run.smithi106.stdout:/usr/bin/ceph: stderr
2023-12-16T22:19:42.822+0000 7fb05a59c700 1 -- 172.21.15.106:0/3458910247 --> [v2:172.21.15.106:3300/0,v1:172.21.15.106:6789/0] -- mon_subscribe({config=0+,monmap=0+}) v3 -- 0x7fb04c0094f0 con 0x7fb05c1022b0
2023-12-16T22:19:43.495 INFO:teuthology.orchestra.run.smithi106.stdout:/usr/bin/ceph: stderr
2023-12-16T22:19:42.822+0000 7fb05a59c700 1 --2- 172.21.15.106:0/3458910247 >> [v2:172.21.15.106:3300/0,v1:172.21.15.106:6789/0] conn(0x7fb05c1022b0 0x7fb05c078d10 secure :-1 s=READY pgs=42 cs=0 l=1 rev1=1 crypto rx=0x7fb04c000c00 tx=0x7fb04c009250 comp rx=0 tx=0).ready entity=mon.0 client_cookie=0 server_cookie=0 in_seq=0 out_seq=0
2023-12-16T22:19:43.495 INFO:teuthology.orchestra.run.smithi106.stdout:/usr/bin/ceph: stderr
2023-12-16T22:19:42.822+0000 7fb04affd700 1 -- 172.21.15.106:0/3458910247 <== mon.0 v2:172.21.15.106:3300/0 1 ==== mon_map magic: 0 v1 ==== 229+0+0 (secure 0 0 0) 0x7fb04c010a80 con 0x7fb05c1022b0
2023-12-16T22:19:43.495 INFO:teuthology.orchestra.run.smithi106.stdout:/usr/bin/ceph: stderr
2023-12-16T22:19:42.822+0000 7fb04affd700 1 -- 172.21.15.106:0/3458910247 <== mon.0 v2:172.21.15.106:3300/0 2 ==== config(26 keys) v1 ==== 1009+0+0 (secure 0 0 0) 0x7fb04c01a430 con 0x7fb05c1022b0
2023-12-16T22:19:43.495 INFO:teuthology.orchestra.run.smithi106.stdout:/usr/bin/ceph: stderr
2023-12-16T22:19:42.822+0000 7fb060888700 1 -- 172.21.15.106:0/3458910247 --> [v2:172.21.15.106:3300/0,v1:172.21.15.106:6789/0] -- mon_subscribe({mgrmap=0+}) v3 -- 0x7fb05c077390 con 0x7fb05c1022b0
2023-12-16T22:19:43.495 INFO:teuthology.orchestra.run.smithi106.stdout:/usr/bin/ceph: stderr
2023-12-16T22:19:42.822+0000 7fb04affd700 1 -- 172.21.15.106:0/3458910247 <== mon.0 v2:172.21.15.106:3300/0 3 ==== mon_map magic: 0 v1 ==== 229+0+0 (secure 0 0 0) 0x7fb04c0245b0 con 0x7fb05c1022b0
2023-12-16T22:19:43.495 INFO:teuthology.orchestra.run.smithi106.stdout:/usr/bin/ceph: stderr
2023-12-16T22:19:42.822+0000 7fb060888700 1 -- 172.21.15.106:0/3458910247 --> [v2:172.21.15.106:3300/0,v1:172.21.15.106:6789/0] -- mon_subscribe({osdmap=0}) v3 -- 0x7fb05c0777a0 con 0x7fb05c1022b0
2023-12-16T22:19:43.495 INFO:teuthology.orchestra.run.smithi106.stdout:/usr/bin/ceph: stderr
2023-12-16T22:19:42.823+0000 7fb04affd700 1 -- 172.21.15.106:0/3458910247 <== mon.0 v2:172.21.15.106:3300/0 4 ==== mgrmap(e 8) v1 ==== 43281+0+0 (secure 0 0 0) 0x7fb04c0247a0 con 0x7fb05c1022b0
2023-12-16T22:19:43.495 INFO:teuthology.orchestra.run.smithi106.stdout:/usr/bin/ceph: stderr
2023-12-16T22:19:42.823+0000 7fb060888700 1 -- 172.21.15.106:0/3458910247 --> [v2:172.21.15.106:3300/0,v1:172.21.15.106:6789/0] -- mon_command({"prefix": "get_command_descriptions"} v 0) v1 -- 0x7fb05c04bb80 con 0x7fb05c1022b0
2023-12-16T22:19:43.495 INFO:teuthology.orchestra.run.smithi106.stdout:/usr/bin/ceph: stderr
2023-12-16T22:19:42.823+0000 7fb04affd700 1 --2- 172.21.15.106:0/3458910247 >> [v2:172.21.15.106:6800/328738391,v1:172.21.15.106:6801/328738391] conn(0x7fb044036640 0x7fb044038af0 unknown :-1 s=NONE pgs=0 cs=0 l=1 rev1=0 crypto rx=0 tx=0 comp rx=0 tx=0).connect
2023-12-16T22:19:43.495 INFO:teuthology.orchestra.run.smithi106.stdout:/usr/bin/ceph: stderr
2023-12-16T22:19:42.823+0000 7fb04affd700 1 -- 172.21.15.106:0/3458910247 <== mon.0 v2:172.21.15.106:3300/0 5 ==== osd_map(2..2 src has 1..2) v4 ==== 936+0+0 (secure 0 0 0) 0x7fb04c04acf0 con 0x7fb05c1022b0
2023-12-16T22:19:43.495 INFO:teuthology.orchestra.run.smithi106.stdout:/usr/bin/ceph: stderr
2023-12-16T22:19:42.823+0000 7fb059d9b700 1 --2- 172.21.15.106:0/3458910247 >> [v2:172.21.15.106:6800/328738391,v1:172.21.15.106:6801/328738391] conn(0x7fb044036640 0x7fb044038af0 unknown :-1 s=BANNER_CONNECTING pgs=0 cs=0 l=1 rev1=0 crypto rx=0 tx=0 comp rx=0 tx=0)._handle_peer_banner_payload supported=3 required=0
2023-12-16T22:19:43.495 INFO:teuthology.orchestra.run.smithi106.stdout:/usr/bin/ceph: stderr
2023-12-16T22:19:42.823+0000 7fb059d9b700 1 --2- 172.21.15.106:0/3458910247 >> [v2:172.21.15.106:6800/328738391,v1:172.21.15.106:6801/328738391] conn(0x7fb044036640 0x7fb044038af0 secure :-1 s=READY pgs=9 cs=0 l=1 rev1=1 crypto rx=0x7fb050009990 tx=0x7fb050006e40 comp rx=0 tx=0).ready entity=mgr.14120 client_cookie=0 server_cookie=0 in_seq=0 out_seq=0
2023-12-16T22:19:43.496 INFO:teuthology.orchestra.run.smithi106.stdout:/usr/bin/ceph: stderr
2023-12-16T22:19:42.828+0000 7fb04affd700 1 -- 172.21.15.106:0/3458910247 <== mon.0 v2:172.21.15.106:3300/0 6 ==== mon_command_ack([{"prefix": "get_command_descriptions"}]=0 v0) v1 ==== 72+0+174570 (secure 0 0 0) 0x7fb04c018350 con 0x7fb05c1022b0
2023-12-16T22:19:43.496 INFO:teuthology.orchestra.run.smithi106.stdout:/usr/bin/ceph: stderr
2023-12-16T22:19:43.012+0000 7fb060888700 1 -- 172.21.15.106:0/3458910247 --> [v2:172.21.15.106:6800/328738391,v1:172.21.15.106:6801/328738391] -- mgr_command(tid 0: {"prefix": "cephadm generate-key", "target": ["mon-mgr", ""]}) v1 -- 0x7fb05c10ada0 con 0x7fb044036640
2023-12-16T22:19:43.496 INFO:teuthology.orchestra.run.smithi106.stdout:/usr/bin/ceph: stderr
2023-12-16T22:19:43.238+0000 7fb04affd700 1 -- 172.21.15.106:0/3458910247 <== mgr.14120 v2:172.21.15.106:6800/328738391 1 ==== mgr_command_reply(tid 0: 0 ) v1 ==== 8+0+0 (secure 0 0 0) 0x7fb05c10ada0 con 0x7fb044036640
2023-12-16T22:19:43.496 INFO:teuthology.orchestra.run.smithi106.stdout:/usr/bin/ceph: stderr
2023-12-16T22:19:43.240+0000 7fb060888700 1 -- 172.21.15.106:0/3458910247 >> [v2:172.21.15.106:6800/328738391,v1:172.21.15.106:6801/328738391] conn(0x7fb044036640 msgr2=0x7fb044038af0 secure :-1 s=STATE_CONNECTION_ESTABLISHED l=1).mark_down
2023-12-16T22:19:43.496 INFO:teuthology.orchestra.run.smithi106.stdout:/usr/bin/ceph: stderr
2023-12-16T22:19:43.240+0000 7fb060888700 1 --2- 172.21.15.106:0/3458910247 >> [v2:172.21.15.106:6800/328738391,v1:172.21.15.106:6801/328738391] conn(0x7fb044036640 0x7fb044038af0 secure :-1 s=READY pgs=9 cs=0 l=1 rev1=1 crypto rx=0x7fb050009990 tx=0x7fb050006e40 comp rx=0 tx=0).stop
2023-12-16T22:19:43.496 INFO:teuthology.orchestra.run.smithi106.stdout:/usr/bin/ceph: stderr
2023-12-16T22:19:43.240+0000 7fb060888700 1 -- 172.21.15.106:0/3458910247 >> [v2:172.21.15.106:3300/0,v1:172.21.15.106:6789/0] conn(0x7fb05c1022b0 msgr2=0x7fb05c078d10 secure :-1 s=STATE_CONNECTION_ESTABLISHED l=1).mark_down
2023-12-16T22:19:43.496 INFO:teuthology.orchestra.run.smithi106.stdout:/usr/bin/ceph: stderr
