2023-12-16T22:19:54.129 INFO:teuthology.orchestra.run.smithi106.stdout:/usr/bin/ceph: stderr
2023-12-16T22:19:53.590+0000 7f37cef05700 1 --2- 172.21.15.106:0/858080474 >> [v2:172.21.15.106:6800/328738391,v1:172.21.15.106:6801/328738391] conn(0x7f37b8038870 0x7f37b803ad20 unknown :-1 s=CLOSED pgs=18 cs=0 l=1 rev1=1 crypto rx=0 tx=0 comp rx=0 tx=0).stop
2023-12-16T22:19:54.129 INFO:teuthology.orchestra.run.smithi106.stdout:/usr/bin/ceph: stderr
2023-12-16T22:19:53.590+0000 7f37cef05700 1 --2- 172.21.15.106:0/858080474 >> [v2:172.21.15.106:3300/0,v1:172.21.15.106:6789/0] conn(0x7f37c81011d0 0x7f37c810ef80 unknown :-1 s=CLOSED pgs=60 cs=0 l=1 rev1=1 crypto rx=0 tx=0 comp rx=0 tx=0).stop
2023-12-16T22:19:54.129 INFO:teuthology.orchestra.run.smithi106.stdout:/usr/bin/ceph: stderr
2023-12-16T22:19:53.590+0000 7f37cef05700 1 -- 172.21.15.106:0/858080474 >> 172.21.15.106:0/858080474 conn(0x7f37c80fc970 msgr2=0x7f37c8105f40 unknown :-1 s=STATE_NONE l=0).mark_down
2023-12-16T22:19:54.130 INFO:teuthology.orchestra.run.smithi106.stdout:/usr/bin/ceph: stderr
2023-12-16T22:19:53.590+0000 7f37cef05700 1 -- 172.21.15.106:0/858080474 shutdown_connections
2023-12-16T22:19:54.130 INFO:teuthology.orchestra.run.smithi106.stdout:/usr/bin/ceph: stderr
2023-12-16T22:19:53.590+0000 7f37cef05700 1 -- 172.21.15.106:0/858080474 wait complete.
2023-12-16T22:19:54.382 INFO:journalctl@ceph.mon.smithi106.smithi106.stdout:Dec 16 22:19:54 smithi106 ceph-mon[81011]: from='client.14152 -' entity='client.admin' cmd=[{"prefix": "orch apply", "service_type": "node-exporter", "target": ["mon-mgr", ""]}]: dispatch
2023-12-16T22:19:54.382 INFO:journalctl@ceph.mon.smithi106.smithi106.stdout:Dec 16 22:19:54 smithi106 ceph-mon[81011]: Saving service node-exporter spec with placement *
2023-12-16T22:19:54.382 INFO:journalctl@ceph.mon.smithi106.smithi106.stdout:Dec 16 22:19:54 smithi106 ceph-mon[81011]: from='mgr.14120 172.21.15.106:0/1069284559' entity='mgr.smithi106.ciccsw'
2023-12-16T22:19:54.959 INFO:teuthology.orchestra.run.smithi106.stdout:/usr/bin/ceph: stderr
2023-12-16T22:19:54.522+0000 7fdc99bf2700 1 Processor -- start
2023-12-16T22:19:54.960 INFO:teuthology.orchestra.run.smithi106.stdout:/usr/bin/ceph: stderr
2023-12-16T22:19:54.522+0000 7fdc99bf2700 1 -- start start
2023-12-16T22:19:54.960 INFO:teuthology.orchestra.run.smithi106.stdout:/usr/bin/ceph: stderr
2023-12-16T22:19:54.522+0000 7fdc99bf2700 1 --2- >> [v2:172.21.15.106:3300/0,v1:172.21.15.106:6789/0] conn(0x7fdc941039c0 0x7fdc94103dd0 unknown :-1 s=NONE pgs=0 cs=0 l=0 rev1=0 crypto rx=0 tx=0 comp rx=0 tx=0).connect
2023-12-16T22:19:54.960 INFO:teuthology.orchestra.run.smithi106.stdout:/usr/bin/ceph: stderr
2023-12-16T22:19:54.522+0000 7fdc99bf2700 1 -- --> [v2:172.21.15.106:3300/0,v1:172.21.15.106:6789/0] -- mon_getmap magic: 0 v1 -- 0x7fdc94104310 con 0x7fdc941039c0
2023-12-16T22:19:54.960 INFO:teuthology.orchestra.run.smithi106.stdout:/usr/bin/ceph: stderr
2023-12-16T22:19:54.522+0000 7fdc937fe700 1 --2- >> [v2:172.21.15.106:3300/0,v1:172.21.15.106:6789/0] conn(0x7fdc941039c0 0x7fdc94103dd0 unknown :-1 s=BANNER_CONNECTING pgs=0 cs=0 l=0 rev1=0 crypto rx=0 tx=0 comp rx=0 tx=0)._handle_peer_banner_payload supported=3 required=0
2023-12-16T22:19:54.960 INFO:teuthology.orchestra.run.smithi106.stdout:/usr/bin/ceph: stderr
2023-12-16T22:19:54.522+0000 7fdc937fe700 1 --2- >> [v2:172.21.15.106:3300/0,v1:172.21.15.106:6789/0] conn(0x7fdc941039c0 0x7fdc94103dd0 unknown :-1 s=HELLO_CONNECTING pgs=0 cs=0 l=0 rev1=1 crypto rx=0 tx=0 comp rx=0 tx=0).handle_hello peer v2:172.21.15.106:3300/0 says I am v2:172.21.15.106:40830/0 (socket says 172.21.15.106:40830)
2023-12-16T22:19:54.960 INFO:teuthology.orchestra.run.smithi106.stdout:/usr/bin/ceph: stderr
2023-12-16T22:19:54.522+0000 7fdc937fe700 1 -- 172.21.15.106:0/1678809527 learned_addr learned my addr 172.21.15.106:0/1678809527 (peer_addr_for_me v2:172.21.15.106:0/0)
2023-12-16T22:19:54.960 INFO:teuthology.orchestra.run.smithi106.stdout:/usr/bin/ceph: stderr
2023-12-16T22:19:54.523+0000 7fdc937fe700 1 -- 172.21.15.106:0/1678809527 --> [v2:172.21.15.106:3300/0,v1:172.21.15.106:6789/0] -- mon_subscribe({config=0+,monmap=0+}) v3 -- 0x7fdc94101fb0 con 0x7fdc941039c0
2023-12-16T22:19:54.960 INFO:teuthology.orchestra.run.smithi106.stdout:/usr/bin/ceph: stderr
2023-12-16T22:19:54.523+0000 7fdc937fe700 1 --2- 172.21.15.106:0/1678809527 >> [v2:172.21.15.106:3300/0,v1:172.21.15.106:6789/0] conn(0x7fdc941039c0 0x7fdc94103dd0 secure :-1 s=READY pgs=61 cs=0 l=1 rev1=1 crypto rx=0x7fdc840098e0 tx=0x7fdc84009250 comp rx=0 tx=0).ready entity=mon.0 client_cookie=fcf90ee792a2dcb0 server_cookie=0 in_seq=0 out_seq=0
2023-12-16T22:19:54.960 INFO:teuthology.orchestra.run.smithi106.stdout:/usr/bin/ceph: stderr
2023-12-16T22:19:54.523+0000 7fdc927fc700 1 -- 172.21.15.106:0/1678809527 <== mon.0 v2:172.21.15.106:3300/0 1 ==== mon_map magic: 0 v1 ==== 229+0+0 (secure 0 0 0) 0x7fdc8400b860 con 0x7fdc941039c0
2023-12-16T22:19:54.960 INFO:teuthology.orchestra.run.smithi106.stdout:/usr/bin/ceph: stderr
2023-12-16T22:19:54.523+0000 7fdc927fc700 1 -- 172.21.15.106:0/1678809527 <== mon.0 v2:172.21.15.106:3300/0 2 ==== config(26 keys) v1 ==== 1074+0+0 (secure 0 0 0) 0x7fdc8400be70 con 0x7fdc941039c0
2023-12-16T22:19:54.960 INFO:teuthology.orchestra.run.smithi106.stdout:/usr/bin/ceph: stderr
2023-12-16T22:19:54.523+0000 7fdc927fc700 1 -- 172.21.15.106:0/1678809527 <== mon.0 v2:172.21.15.106:3300/0 3 ==== mon_map magic: 0 v1 ==== 229+0+0 (secure 0 0 0) 0x7fdc84010380 con 0x7fdc941039c0
2023-12-16T22:19:54.960 INFO:teuthology.orchestra.run.smithi106.stdout:/usr/bin/ceph: stderr
2023-12-16T22:19:54.523+0000 7fdc99bf2700 1 -- 172.21.15.106:0/1678809527 >> [v2:172.21.15.106:3300/0,v1:172.21.15.106:6789/0] conn(0x7fdc941039c0 msgr2=0x7fdc94103dd0 secure :-1 s=STATE_CONNECTION_ESTABLISHED l=1).mark_down
2023-12-16T22:19:54.961 INFO:teuthology.orchestra.run.smithi106.stdout:/usr/bin/ceph: stderr
2023-12-16T22:19:54.523+0000 7fdc99bf2700 1 --2- 172.21.15.106:0/1678809527 >> [v2:172.21.15.106:3300/0,v1:172.21.15.106:6789/0] conn(0x7fdc941039c0 0x7fdc94103dd0 secure :-1 s=READY pgs=61 cs=0 l=1 rev1=1 crypto rx=0x7fdc840098e0 tx=0x7fdc84009250 comp rx=0 tx=0).stop
2023-12-16T22:19:54.961 INFO:teuthology.orchestra.run.smithi106.stdout:/usr/bin/ceph: stderr
2023-12-16T22:19:54.523+0000 7fdc99bf2700 1 -- 172.21.15.106:0/1678809527 shutdown_connections
2023-12-16T22:19:54.961 INFO:teuthology.orchestra.run.smithi106.stdout:/usr/bin/ceph: stderr
2023-12-16T22:19:54.523+0000 7fdc99bf2700 1 --2- 172.21.15.106:0/1678809527 >> [v2:172.21.15.106:3300/0,v1:172.21.15.106:6789/0] conn(0x7fdc941039c0 0x7fdc94103dd0 unknown :-1 s=CLOSED pgs=61 cs=0 l=1 rev1=1 crypto rx=0 tx=0 comp rx=0 tx=0).stop
2023-12-16T22:19:54.961 INFO:teuthology.orchestra.run.smithi106.stdout:/usr/bin/ceph: stderr
2023-12-16T22:19:54.523+0000 7fdc99bf2700 1 -- 172.21.15.106:0/1678809527 >> 172.21.15.106:0/1678809527 conn(0x7fdc940fda40 msgr2=0x7fdc940ffe70 unknown :-1 s=STATE_NONE l=0).mark_down
2023-12-16T22:19:54.961 INFO:teuthology.orchestra.run.smithi106.stdout:/usr/bin/ceph: stderr
2023-12-16T22:19:54.524+0000 7fdc99bf2700 1 -- 172.21.15.106:0/1678809527 shutdown_connections
2023-12-16T22:19:54.961 INFO:teuthology.orchestra.run.smithi106.stdout:/usr/bin/ceph: stderr
2023-12-16T22:19:54.524+0000 7fdc99bf2700 1 -- 172.21.15.106:0/1678809527 wait complete.
2023-12-16T22:19:54.961 INFO:teuthology.orchestra.run.smithi106.stdout:/usr/bin/ceph: stderr
2023-12-16T22:19:54.524+0000 7fdc99bf2700 1 Processor -- start
2023-12-16T22:19:54.961 INFO:teuthology.orchestra.run.smithi106.stdout:/usr/bin/ceph: stderr
2023-12-16T22:19:54.524+0000 7fdc99bf2700 1 -- start start
2023-12-16T22:19:54.961 INFO:teuthology.orchestra.run.smithi106.stdout:/usr/bin/ceph: stderr
2023-12-16T22:19:54.524+0000 7fdc99bf2700 1 --2- >> [v2:172.21.15.106:3300/0,v1:172.21.15.106:6789/0] conn(0x7fdc941039c0 0x7fdc94111130 unknown :-1 s=NONE pgs=0 cs=0 l=1 rev1=0 crypto rx=0 tx=0 comp rx=0 tx=0).connect
2023-12-16T22:19:54.961 INFO:teuthology.orchestra.run.smithi106.stdout:/usr/bin/ceph: stderr
2023-12-16T22:19:54.524+0000 7fdc99bf2700 1 -- --> [v2:172.21.15.106:3300/0,v1:172.21.15.106:6789/0] -- mon_getmap magic: 0 v1 -- 0x7fdc94111670 con 0x7fdc941039c0
2023-12-16T22:19:54.961 INFO:teuthology.orchestra.run.smithi106.stdout:/usr/bin/ceph: stderr
2023-12-16T22:19:54.524+0000 7fdc937fe700 1 --2- >> [v2:172.21.15.106:3300/0,v1:172.21.15.106:6789/0] conn(0x7fdc941039c0 0x7fdc94111130 unknown :-1 s=BANNER_CONNECTING pgs=0 cs=0 l=1 rev1=0 crypto rx=0 tx=0 comp rx=0 tx=0)._handle_peer_banner_payload supported=3 required=0
2023-12-16T22:19:54.961 INFO:teuthology.orchestra.run.smithi106.stdout:/usr/bin/ceph: stderr
2023-12-16T22:19:54.524+0000 7fdc937fe700 1 --2- >> [v2:172.21.15.106:3300/0,v1:172.21.15.106:6789/0] conn(0x7fdc941039c0 0x7fdc94111130 unknown :-1 s=HELLO_CONNECTING pgs=0 cs=0 l=1 rev1=1 crypto rx=0 tx=0 comp rx=0 tx=0).handle_hello peer v2:172.21.15.106:3300/0 says I am v2:172.21.15.106:40844/0 (socket says 172.21.15.106:40844)
2023-12-16T22:19:54.962 INFO:teuthology.orchestra.run.smithi106.stdout:/usr/bin/ceph: stderr
2023-12-16T22:19:54.524+0000 7fdc937fe700 1 -- 172.21.15.106:0/89583763 learned_addr learned my addr 172.21.15.106:0/89583763 (peer_addr_for_me v2:172.21.15.106:0/0)
2023-12-16T22:19:54.962 INFO:teuthology.orchestra.run.smithi106.stdout:/usr/bin/ceph: stderr
2023-12-16T22:19:54.525+0000 7fdc937fe700 1 -- 172.21.15.106:0/89583763 --> [v2:172.21.15.106:3300/0,v1:172.21.15.106:6789/0] -- mon_subscribe({config=0+,monmap=0+}) v3 -- 0x7fdc840094f0 con 0x7fdc941039c0
2023-12-16T22:19:54.962 INFO:teuthology.orchestra.run.smithi106.stdout:/usr/bin/ceph: stderr
2023-12-16T22:19:54.525+0000 7fdc937fe700 1 --2- 172.21.15.106:0/89583763 >> [v2:172.21.15.106:3300/0,v1:172.21.15.106:6789/0] conn(0x7fdc941039c0 0x7fdc94111130 secure :-1 s=READY pgs=62 cs=0 l=1 rev1=1 crypto rx=0x7fdc84003080 tx=0x7fdc84009250 comp rx=0 tx=0).ready entity=mon.0 client_cookie=0 server_cookie=0 in_seq=0 out_seq=0
2023-12-16T22:19:54.962 INFO:teuthology.orchestra.run.smithi106.stdout:/usr/bin/ceph: stderr
2023-12-16T22:19:54.525+0000 7fdc7bfff700 1 -- 172.21.15.106:0/89583763 <== mon.0 v2:172.21.15.106:3300/0 1 ==== mon_map magic: 0 v1 ==== 229+0+0 (secure 0 0 0) 0x7fdc84010800 con 0x7fdc941039c0
2023-12-16T22:19:54.962 INFO:teuthology.orchestra.run.smithi106.stdout:/usr/bin/ceph: stderr
2023-12-16T22:19:54.525+0000 7fdc7bfff700 1 -- 172.21.15.106:0/89583763 <== mon.0 v2:172.21.15.106:3300/0 2 ==== config(26 keys) v1 ==== 1074+0+0 (secure 0 0 0) 0x7fdc84010e10 con 0x7fdc941039c0
2023-12-16T22:19:54.962 INFO:teuthology.orchestra.run.smithi106.stdout:/usr/bin/ceph: stderr
2023-12-16T22:19:54.525+0000 7fdc99bf2700 1 -- 172.21.15.106:0/89583763 --> [v2:172.21.15.106:3300/0,v1:172.21.15.106:6789/0] -- mon_subscribe({mgrmap=0+}) v3 -- 0x7fdc94111870 con 0x7fdc941039c0
2023-12-16T22:19:54.962 INFO:teuthology.orchestra.run.smithi106.stdout:/usr/bin/ceph: stderr
2023-12-16T22:19:54.525+0000 7fdc7bfff700 1 -- 172.21.15.106:0/89583763 <== mon.0 v2:172.21.15.106:3300/0 3 ==== mon_map magic: 0 v1 ==== 229+0+0 (secure 0 0 0) 0x7fdc8401a430 con 0x7fdc941039c0
2023-12-16T22:19:54.962 INFO:teuthology.orchestra.run.smithi106.stdout:/usr/bin/ceph: stderr
2023-12-16T22:19:54.525+0000 7fdc99bf2700 1 -- 172.21.15.106:0/89583763 --> [v2:172.21.15.106:3300/0,v1:172.21.15.106:6789/0] -- mon_subscribe({osdmap=0}) v3 -- 0x7fdc94111c80 con 0x7fdc941039c0
2023-12-16T22:19:54.962 INFO:teuthology.orchestra.run.smithi106.stdout:/usr/bin/ceph: stderr
2023-12-16T22:19:54.526+0000 7fdc7bfff700 1 -- 172.21.15.106:0/89583763 <== mon.0 v2:172.21.15.106:3300/0 4 ==== mgrmap(e 8) v1 ==== 43281+0+0 (secure 0 0 0) 0x7fdc8401a660 con 0x7fdc941039c0
2023-12-16T22:19:54.962 INFO:teuthology.orchestra.run.smithi106.stdout:/usr/bin/ceph: stderr
2023-12-16T22:19:54.526+0000 7fdc99bf2700 1 -- 172.21.15.106:0/89583763 --> [v2:172.21.15.106:3300/0,v1:172.21.15.106:6789/0] -- mon_command({"prefix": "get_command_descriptions"} v 0) v1 -- 0x7fdc94102d30 con 0x7fdc941039c0
2023-12-16T22:19:54.962 INFO:teuthology.orchestra.run.smithi106.stdout:/usr/bin/ceph: stderr
2023-12-16T22:19:54.526+0000 7fdc7bfff700 1 --2- 172.21.15.106:0/89583763 >> [v2:172.21.15.106:6800/328738391,v1:172.21.15.106:6801/328738391] conn(0x7fdc7c036640 0x7fdc7c038af0 unknown :-1 s=NONE pgs=0 cs=0 l=1 rev1=0 crypto rx=0 tx=0 comp rx=0 tx=0).connect
2023-12-16T22:19:54.963 INFO:teuthology.orchestra.run.smithi106.stdout:/usr/bin/ceph: stderr
2023-12-16T22:19:54.526+0000 7fdc7bfff700 1 -- 172.21.15.106:0/89583763 <== mon.0 v2:172.21.15.106:3300/0 5 ==== osd_map(2..2 src has 1..2) v4 ==== 936+0+0 (secure 0 0 0) 0x7fdc8404a6e0 con 0x7fdc941039c0
2023-12-16T22:19:54.963 INFO:teuthology.orchestra.run.smithi106.stdout:/usr/bin/ceph: stderr
2023-12-16T22:19:54.526+0000 7fdc92ffd700 1 --2- 172.21.15.106:0/89583763 >> [v2:172.21.15.106:6800/328738391,v1:172.21.15.106:6801/328738391] conn(0x7fdc7c036640 0x7fdc7c038af0 unknown :-1 s=BANNER_CONNECTING pgs=0 cs=0 l=1 rev1=0 crypto rx=0 tx=0 comp rx=0 tx=0)._handle_peer_banner_payload supported=3 required=0
2023-12-16T22:19:54.963 INFO:teuthology.orchestra.run.smithi106.stdout:/usr/bin/ceph: stderr
2023-12-16T22:19:54.527+0000 7fdc92ffd700 1 --2- 172.21.15.106:0/89583763 >> [v2:172.21.15.106:6800/328738391,v1:172.21.15.106:6801/328738391] conn(0x7fdc7c036640 0x7fdc7c038af0 secure :-1 s=READY pgs=19 cs=0 l=1 rev1=1 crypto rx=0x7fdc88009990 tx=0x7fdc88006e40 comp rx=0 tx=0).ready entity=mgr.14120 client_cookie=0 server_cookie=0 in_seq=0 out_seq=0
2023-12-16T22:19:54.963 INFO:teuthology.orchestra.run.smithi106.stdout:/usr/bin/ceph: stderr
2023-12-16T22:19:54.531+0000 7fdc7bfff700 1 -- 172.21.15.106:0/89583763 <== mon.0 v2:172.21.15.106:3300/0 6 ==== mon_command_ack([{"prefix": "get_command_descriptions"}]=0 v0) v1 ==== 72+0+174570 (secure 0 0 0) 0x7fdc84018d20 con 0x7fdc941039c0
2023-12-16T22:19:54.963 INFO:teuthology.orchestra.run.smithi106.stdout:/usr/bin/ceph: stderr
2023-12-16T22:19:54.713+0000 7fdc99bf2700 1 -- 172.21.15.106:0/89583763 --> [v2:172.21.15.106:3300/0,v1:172.21.15.106:6789/0] -- mon_command([{prefix=config set, name=mgr/cephadm/container_init}] v 0) v1 -- 0x7fdc9404bb80 con 0x7fdc941039c0
2023-12-16T22:19:54.963 INFO:teuthology.orchestra.run.smithi106.stdout:/usr/bin/ceph: stderr
2023-12-16T22:19:54.716+0000 7fdc7bfff700 1 -- 172.21.15.106:0/89583763 <== mon.0 v2:172.21.15.106:3300/0 7 ==== mon_command_ack([{prefix=config set, name=mgr/cephadm/container_init}]=0 v7)=0 v7) v1 ==== 142+0+0 (secure 0 0 0) 0x7fdc84018b40 con 0x7fdc941039c0
2023-12-16T22:19:54.963 INFO:teuthology.orchestra.run.smithi106.stdout:/usr/bin/ceph: stderr
2023-12-16T22:19:54.719+0000 7fdc99bf2700 1 -- 172.21.15.106:0/89583763 >> [v2:172.21.15.106:6800/328738391,v1:172.21.15.106:6801/328738391] conn(0x7fdc7c036640 msgr2=0x7fdc7c038af0 secure :-1 s=STATE_CONNECTION_ESTABLISHED l=1).mark_down
2023-12-16T22:19:54.963 INFO:teuthology.orchestra.run.smithi106.stdout:/usr/bin/ceph: stderr
2023-12-16T22:19:54.719+0000 7fdc99bf2700 1 --2- 172.21.15.106:0/89583763 >> [v2:172.21.15.106:6800/328738391,v1:172.21.15.106:6801/328738391] conn(0x7fdc7c036640 0x7fdc7c038af0 secure :-1 s=READY pgs=19 cs=0 l=1 rev1=1 crypto rx=0x7fdc88009990 tx=0x7fdc88006e40 comp rx=0 tx=0).stop
2023-12-16T22:19:54.963 INFO:teuthology.orchestra.run.smithi106.stdout:/usr/bin/ceph: stderr
2023-12-16T22:19:54.719+0000 7fdc99bf2700 1 -- 172.21.15.106:0/89583763 >> [v2:172.21.15.106:3300/0,v1:172.21.15.106:6789/0] conn(0x7fdc941039c0 msgr2=0x7fdc94111130 secure :-1 s=STATE_CONNECTION_ESTABLISHED l=1).mark_down
2023-12-16T22:19:54.963 INFO:teuthology.orchestra.run.smithi106.stdout:/usr/bin/ceph: stderr
2023-12-16T22:19:54.719+0000 7fdc99bf2700 1 --2- 172.21.15.106:0/89583763 >> [v2:172.21.15.106:3300/0,v1:172.21.15.106:6789/0] conn(0x7fdc941039c0 0x7fdc94111130 secure :-1 s=READY pgs=62 cs=0 l=1 rev1=1 crypto rx=0x7fdc84003080 tx=0x7fdc84009250 comp rx=0 tx=0).stop
2023-12-16T22:19:54.963 INFO:teuthology.orchestra.run.smithi106.stdout:/usr/bin/ceph: stderr
2023-12-16T22:19:54.719+0000 7fdc99bf2700 1 -- 172.21.15.106:0/89583763 shutdown_connections
2023-12-16T22:19:54.963 INFO:teuthology.orchestra.run.smithi106.stdout:/usr/bin/ceph: stderr
2023-12-16T22:19:54.719+0000 7fdc99bf2700 1 --2- 172.21.15.106:0/89583763 >> [v2:172.21.15.106:6800/328738391,v1:172.21.15.106:6801/328738391] conn(0x7fdc7c036640 0x7fdc7c038af0 unknown :-1 s=CLOSED pgs=19 cs=0 l=1 rev1=1 crypto rx=0 tx=0 comp rx=0 tx=0).stop
2023-12-16T22:19:54.964 INFO:teuthology.orchestra.run.smithi106.stdout:/usr/bin/ceph: stderr
2023-12-16T22:19:54.719+0000 7fdc99bf2700 1 --2- 172.21.15.106:0/89583763 >> [v2:172.21.15.106:3300/0,v1:172.21.15.106:6789/0] conn(0x7fdc941039c0 0x7fdc94111130 unknown :-1 s=CLOSED pgs=62 cs=0 l=1 rev1=1 crypto rx=0 tx=0 comp rx=0 tx=0).stop
2023-12-16T22:19:54.964 INFO:teuthology.orchestra.run.smithi106.stdout:/usr/bin/ceph: stderr
2023-12-16T22:19:54.719+0000 7fdc99bf2700 1 -- 172.21.15.106:0/89583763 >> 172.21.15.106:0/89583763 conn(0x7fdc940fda40 msgr2=0x7fdc940ff190 unknown :-1 s=STATE_NONE l=0).mark_down
2023-12-16T22:19:54.964 INFO:teuthology.orchestra.run.smithi106.stdout:/usr/bin/ceph: stderr
2023-12-16T22:19:54.719+0000 7fdc99bf2700 1 -- 172.21.15.106:0/89583763 shutdown_connections
2023-12-16T22:19:54.964 INFO:teuthology.orchestra.run.smithi106.stdout:/usr/bin/ceph: stderr
2023-12-16T22:19:54.719+0000 7fdc99bf2700 1 -- 172.21.15.106:0/89583763 wait complete.
2023-12-16T22:19:55.338 INFO:journalctl@ceph.mon.smithi106.smithi106.stdout:Dec 16 22:19:55 smithi106 ceph-mon[81011]: from='client.14154 -' entity='client.admin' cmd=[{"prefix": "orch apply", "service_type": "alertmanager", "target": ["mon-mgr", ""]}]: dispatch
2023-12-16T22:19:55.339 INFO:journalctl@ceph.mon.smithi106.smithi106.stdout:Dec 16 22:19:55 smithi106 ceph-mon[81011]: Saving service alertmanager spec with placement count:1
2023-12-16T22:19:55.339 INFO:journalctl@ceph.mon.smithi106.smithi106.stdout:Dec 16 22:19:55 smithi106 ceph-mon[81011]: from='client.? 172.21.15.106:0/89583763' entity='client.admin'
2023-12-16T22:19:55.616 INFO:teuthology.orchestra.run.smithi106.stdout:/usr/bin/ceph: stderr
2023-12-16T22:19:55.179+0000 7f9deea53700 1 Processor -- start
2023-12-16T22:19:55.616 INFO:teuthology.orchestra.run.smithi106.stdout:/usr/bin/ceph: stderr
2023-12-16T22:19:55.179+0000 7f9deea53700 1 -- start start
2023-12-16T22:19:55.616 INFO:teuthology.orchestra.run.smithi106.stdout:/usr/bin/ceph: stderr
2023-12-16T22:19:55.180+0000 7f9deea53700 1 --2- >> [v2:172.21.15.106:3300/0,v1:172.21.15.106:6789/0] conn(0x7f9de8070f40 0x7f9de8104f60 unknown :-1 s=NONE pgs=0 cs=0 l=0 rev1=0 crypto rx=0 tx=0 comp rx=0 tx=0).connect
2023-12-16T22:19:55.616 INFO:teuthology.orchestra.run.smithi106.stdout:/usr/bin/ceph: stderr
2023-12-16T22:19:55.180+0000 7f9deea53700 1 -- --> [v2:172.21.15.106:3300/0,v1:172.21.15.106:6789/0] -- mon_getmap magic: 0 v1 -- 0x7f9de81054a0 con 0x7f9de8070f40
2023-12-16T22:19:55.616 INFO:teuthology.orchestra.run.smithi106.stdout:/usr/bin/ceph: stderr
2023-12-16T22:19:55.180+0000 7f9de7fff700 1 --2- >> [v2:172.21.15.106:3300/0,v1:172.21.15.106:6789/0] conn(0x7f9de8070f40 0x7f9de8104f60 unknown :-1 s=BANNER_CONNECTING pgs=0 cs=0 l=0 rev1=0 crypto rx=0 tx=0 comp rx=0 tx=0)._handle_peer_banner_payload supported=3 required=0
2023-12-16T22:19:55.616 INFO:teuthology.orchestra.run.smithi106.stdout:/usr/bin/ceph: stderr
2023-12-16T22:19:55.180+0000 7f9de7fff700 1 --2- >> [v2:172.21.15.106:3300/0,v1:172.21.15.106:6789/0] conn(0x7f9de8070f40 0x7f9de8104f60 unknown :-1 s=HELLO_CONNECTING pgs=0 cs=0 l=0 rev1=1 crypto rx=0 tx=0 comp rx=0 tx=0).handle_hello peer v2:172.21.15.106:3300/0 says I am v2:172.21.15.106:40852/0 (socket says 172.21.15.106:40852)
2023-12-16T22:19:55.617 INFO:teuthology.orchestra.run.smithi106.stdout:/usr/bin/ceph: stderr
2023-12-16T22:19:55.180+0000 7f9de7fff700 1 -- 172.21.15.106:0/2503917679 learned_addr learned my addr 172.21.15.106:0/2503917679 (peer_addr_for_me v2:172.21.15.106:0/0)
2023-12-16T22:19:55.617 INFO:teuthology.orchestra.run.smithi106.stdout:/usr/bin/ceph: stderr
2023-12-16T22:19:55.180+0000 7f9de7fff700 1 -- 172.21.15.106:0/2503917679 --> [v2:172.21.15.106:3300/0,v1:172.21.15.106:6789/0] -- mon_subscribe({config=0+,monmap=0+}) v3 -- 0x7f9de81055e0 con 0x7f9de8070f40
2023-12-16T22:19:55.617 INFO:teuthology.orchestra.run.smithi106.stdout:/usr/bin/ceph: stderr
2023-12-16T22:19:55.180+0000 7f9de7fff700 1 --2- 172.21.15.106:0/2503917679 >> [v2:172.21.15.106:3300/0,v1:172.21.15.106:6789/0] conn(0x7f9de8070f40 0x7f9de8104f60 secure :-1 s=READY pgs=63 cs=0 l=1 rev1=1 crypto rx=0x7f9dd80098e0 tx=0x7f9dd8009250 comp rx=0 tx=0).ready entity=mon.0 client_cookie=80fa1791425c52c1 server_cookie=0 in_seq=0 out_seq=0
2023-12-16T22:19:55.617 INFO:teuthology.orchestra.run.smithi106.stdout:/usr/bin/ceph: stderr
2023-12-16T22:19:55.180+0000 7f9de6ffd700 1 -- 172.21.15.106:0/2503917679 <== mon.0 v2:172.21.15.106:3300/0 1 ==== mon_map magic: 0 v1 ==== 229+0+0 (secure 0 0 0) 0x7f9dd800b8f0 con 0x7f9de8070f40
2023-12-16T22:19:55.617 INFO:teuthology.orchestra.run.smithi106.stdout:/usr/bin/ceph: stderr
2023-12-16T22:19:55.180+0000 7f9de6ffd700 1 -- 172.21.15.106:0/2503917679 <== mon.0 v2:172.21.15.106:3300/0 2 ==== config(26 keys) v1 ==== 1074+0+0 (secure 0 0 0) 0x7f9dd8011420 con 0x7f9de8070f40
2023-12-16T22:19:55.617 INFO:teuthology.orchestra.run.smithi106.stdout:/usr/bin/ceph: stderr
2023-12-16T22:19:55.180+0000 7f9de6ffd700 1 -- 172.21.15.106:0/2503917679 <== mon.0 v2:172.21.15.106:3300/0 3 ==== mon_map magic: 0 v1 ==== 229+0+0 (secure 0 0 0) 0x7f9dd8010540 con 0x7f9de8070f40
2023-12-16T22:19:55.617 INFO:teuthology.orchestra.run.smithi106.stdout:/usr/bin/ceph: stderr
2023-12-16T22:19:55.181+0000 7f9deea53700 1 -- 172.21.15.106:0/2503917679 >> [v2:172.21.15.106:3300/0,v1:172.21.15.106:6789/0] conn(0x7f9de8070f40 msgr2=0x7f9de8104f60 secure :-1 s=STATE_CONNECTION_ESTABLISHED l=1).mark_down
2023-12-16T22:19:55.617 INFO:teuthology.orchestra.run.smithi106.stdout:/usr/bin/ceph: stderr
2023-12-16T22:19:55.181+0000 7f9deea53700 1 --2- 172.21.15.106:0/2503917679 >> [v2:172.21.15.106:3300/0,v1:172.21.15.106:6789/0] conn(0x7f9de8070f40 0x7f9de8104f60 secure :-1 s=READY pgs=63 cs=0 l=1 rev1=1 crypto rx=0x7f9dd80098e0 tx=0x7f9dd8009250 comp rx=0 tx=0).stop
2023-12-16T22:19:55.617 INFO:teuthology.orchestra.run.smithi106.stdout:/usr/bin/ceph: stderr
2023-12-16T22:19:55.181+0000 7f9deea53700 1 -- 172.21.15.106:0/2503917679 shutdown_connections
2023-12-16T22:19:55.617 INFO:teuthology.orchestra.run.smithi106.stdout:/usr/bin/ceph: stderr
2023-12-16T22:19:55.181+0000 7f9deea53700 1 --2- 172.21.15.106:0/2503917679 >> [v2:172.21.15.106:3300/0,v1:172.21.15.106:6789/0] conn(0x7f9de8070f40 0x7f9de8104f60 unknown :-1 s=CLOSED pgs=63 cs=0 l=1 rev1=1 crypto rx=0 tx=0 comp rx=0 tx=0).stop
2023-12-16T22:19:55.617 INFO:teuthology.orchestra.run.smithi106.stdout:/usr/bin/ceph: stderr
2023-12-16T22:19:55.181+0000 7f9deea53700 1 -- 172.21.15.106:0/2503917679 >> 172.21.15.106:0/2503917679 conn(0x7f9de80fc970 msgr2=0x7f9de80fed80 unknown :-1 s=STATE_NONE l=0).mark_down
2023-12-16T22:19:55.617 INFO:teuthology.orchestra.run.smithi106.stdout:/usr/bin/ceph: stderr
2023-12-16T22:19:55.181+0000 7f9deea53700 1 -- 172.21.15.106:0/2503917679 shutdown_connections
2023-12-16T22:19:55.617 INFO:teuthology.orchestra.run.smithi106.stdout:/usr/bin/ceph: stderr
2023-12-16T22:19:55.181+0000 7f9deea53700 1 -- 172.21.15.106:0/2503917679 wait complete.
2023-12-16T22:19:55.617 INFO:teuthology.orchestra.run.smithi106.stdout:/usr/bin/ceph: stderr
2023-12-16T22:19:55.182+0000 7f9deea53700 1 Processor -- start
2023-12-16T22:19:55.618 INFO:teuthology.orchestra.run.smithi106.stdout:/usr/bin/ceph: stderr
2023-12-16T22:19:55.182+0000 7f9deea53700 1 -- start start
2023-12-16T22:19:55.618 INFO:teuthology.orchestra.run.smithi106.stdout:/usr/bin/ceph: stderr
2023-12-16T22:19:55.182+0000 7f9deea53700 1 --2- >> [v2:172.21.15.106:3300/0,v1:172.21.15.106:6789/0] conn(0x7f9de8070f40 0x7f9de8111240 unknown :-1 s=NONE pgs=0 cs=0 l=1 rev1=0 crypto rx=0 tx=0 comp rx=0 tx=0).connect
2023-12-16T22:19:55.618 INFO:teuthology.orchestra.run.smithi106.stdout:/usr/bin/ceph: stderr
2023-12-16T22:19:55.182+0000 7f9deea53700 1 -- --> [v2:172.21.15.106:3300/0,v1:172.21.15.106:6789/0] -- mon_getmap magic: 0 v1 -- 0x7f9de8111780 con 0x7f9de8070f40
2023-12-16T22:19:55.618 INFO:teuthology.orchestra.run.smithi106.stdout:/usr/bin/ceph: stderr
2023-12-16T22:19:55.182+0000 7f9de7fff700 1 --2- >> [v2:172.21.15.106:3300/0,v1:172.21.15.106:6789/0] conn(0x7f9de8070f40 0x7f9de8111240 unknown :-1 s=BANNER_CONNECTING pgs=0 cs=0 l=1 rev1=0 crypto rx=0 tx=0 comp rx=0 tx=0)._handle_peer_banner_payload supported=3 required=0
2023-12-16T22:19:55.618 INFO:teuthology.orchestra.run.smithi106.stdout:/usr/bin/ceph: stderr
2023-12-16T22:19:55.182+0000 7f9de7fff700 1 --2- >> [v2:172.21.15.106:3300/0,v1:172.21.15.106:6789/0] conn(0x7f9de8070f40 0x7f9de8111240 unknown :-1 s=HELLO_CONNECTING pgs=0 cs=0 l=1 rev1=1 crypto rx=0 tx=0 comp rx=0 tx=0).handle_hello peer v2:172.21.15.106:3300/0 says I am v2:172.21.15.106:40860/0 (socket says 172.21.15.106:40860)
2023-12-16T22:19:55.618 INFO:teuthology.orchestra.run.smithi106.stdout:/usr/bin/ceph: stderr
2023-12-16T22:19:55.182+0000 7f9de7fff700 1 -- 172.21.15.106:0/3343228658 learned_addr learned my addr 172.21.15.106:0/3343228658 (peer_addr_for_me v2:172.21.15.106:0/0)
2023-12-16T22:19:55.618 INFO:teuthology.orchestra.run.smithi106.stdout:/usr/bin/ceph: stderr
2023-12-16T22:19:55.182+0000 7f9de7fff700 1 -- 172.21.15.106:0/3343228658 --> [v2:172.21.15.106:3300/0,v1:172.21.15.106:6789/0] -- mon_subscribe({config=0+,monmap=0+}) v3 -- 0x7f9dd80094f0 con 0x7f9de8070f40
2023-12-16T22:19:55.618 INFO:teuthology.orchestra.run.smithi106.stdout:/usr/bin/ceph: stderr
2023-12-16T22:19:55.182+0000 7f9de7fff700 1 --2- 172.21.15.106:0/3343228658 >> [v2:172.21.15.106:3300/0,v1:172.21.15.106:6789/0] conn(0x7f9de8070f40 0x7f9de8111240 secure :-1 s=READY pgs=64 cs=0 l=1 rev1=1 crypto rx=0x7f9dd8003080 tx=0x7f9dd8009250 comp rx=0 tx=0).ready entity=mon.0 client_cookie=0 server_cookie=0 in_seq=0 out_seq=0
2023-12-16T22:19:55.618 INFO:teuthology.orchestra.run.smithi106.stdout:/usr/bin/ceph: stderr
2023-12-16T22:19:55.183+0000 7f9de4ff9700 1 -- 172.21.15.106:0/3343228658 <== mon.0 v2:172.21.15.106:3300/0 1 ==== mon_map magic: 0 v1 ==== 229+0+0 (secure 0 0 0) 0x7f9dd800beb0 con 0x7f9de8070f40
2023-12-16T22:19:55.618 INFO:teuthology.orchestra.run.smithi106.stdout:/usr/bin/ceph: stderr
2023-12-16T22:19:55.183+0000 7f9de4ff9700 1 -- 172.21.15.106:0/3343228658 <== mon.0 v2:172.21.15.106:3300/0 2 ==== config(26 keys) v1 ==== 1074+0+0 (secure 0 0 0) 0x7f9dd8010cb0 con 0x7f9de8070f40
2023-12-16T22:19:55.618 INFO:teuthology.orchestra.run.smithi106.stdout:/usr/bin/ceph: stderr
2023-12-16T22:19:55.183+0000 7f9deea53700 1 -- 172.21.15.106:0/3343228658 --> [v2:172.21.15.106:3300/0,v1:172.21.15.106:6789/0] -- mon_subscribe({mgrmap=0+}) v3 -- 0x7f9de8111980 con 0x7f9de8070f40
2023-12-16T22:19:55.618 INFO:teuthology.orchestra.run.smithi106.stdout:/usr/bin/ceph: stderr
2023-12-16T22:19:55.183+0000 7f9de4ff9700 1 -- 172.21.15.106:0/3343228658 <== mon.0 v2:172.21.15.106:3300/0 3 ==== mon_map magic: 0 v1 ==== 229+0+0 (secure 0 0 0) 0x7f9dd801ae20 con 0x7f9de8070f40
2023-12-16T22:19:55.618 INFO:teuthology.orchestra.run.smithi106.stdout:/usr/bin/ceph: stderr
2023-12-16T22:19:55.183+0000 7f9deea53700 1 -- 172.21.15.106:0/3343228658 --> [v2:172.21.15.106:3300/0,v1:172.21.15.106:6789/0] -- mon_subscribe({osdmap=0}) v3 -- 0x7f9de8111d90 con 0x7f9de8070f40
2023-12-16T22:19:55.618 INFO:teuthology.orchestra.run.smithi106.stdout:/usr/bin/ceph: stderr
2023-12-16T22:19:55.183+0000 7f9de4ff9700 1 -- 172.21.15.106:0/3343228658 <== mon.0 v2:172.21.15.106:3300/0 4 ==== mgrmap(e 8) v1 ==== 43281+0+0 (secure 0 0 0) 0x7f9dd802e440 con 0x7f9de8070f40
2023-12-16T22:19:55.618 INFO:teuthology.orchestra.run.smithi106.stdout:/usr/bin/ceph: stderr
2023-12-16T22:19:55.184+0000 7f9de4ff9700 1 --2- 172.21.15.106:0/3343228658 >> [v2:172.21.15.106:6800/328738391,v1:172.21.15.106:6801/328738391] conn(0x7f9dd00365f0 0x7f9dd0038aa0 unknown :-1 s=NONE pgs=0 cs=0 l=1 rev1=0 crypto rx=0 tx=0 comp rx=0 tx=0).connect
2023-12-16T22:19:55.619 INFO:teuthology.orchestra.run.smithi106.stdout:/usr/bin/ceph: stderr
2023-12-16T22:19:55.184+0000 7f9deea53700 1 -- 172.21.15.106:0/3343228658 --> [v2:172.21.15.106:3300/0,v1:172.21.15.106:6789/0] -- mon_command({"prefix": "get_command_descriptions"} v 0) v1 -- 0x7f9de804bb80 con 0x7f9de8070f40
2023-12-16T22:19:55.619 INFO:teuthology.orchestra.run.smithi106.stdout:/usr/bin/ceph: stderr
2023-12-16T22:19:55.184+0000 7f9de4ff9700 1 -- 172.21.15.106:0/3343228658 <== mon.0 v2:172.21.15.106:3300/0 5 ==== osd_map(2..2 src has 1..2) v4 ==== 936+0+0 (secure 0 0 0) 0x7f9dd804a2e0 con 0x7f9de8070f40
2023-12-16T22:19:55.619 INFO:teuthology.orchestra.run.smithi106.stdout:/usr/bin/ceph: stderr
2023-12-16T22:19:55.184+0000 7f9de77fe700 1 --2- 172.21.15.106:0/3343228658 >> [v2:172.21.15.106:6800/328738391,v1:172.21.15.106:6801/328738391] conn(0x7f9dd00365f0 0x7f9dd0038aa0 unknown :-1 s=BANNER_CONNECTING pgs=0 cs=0 l=1 rev1=0 crypto rx=0 tx=0 comp rx=0 tx=0)._handle_peer_banner_payload supported=3 required=0
2023-12-16T22:19:55.619 INFO:teuthology.orchestra.run.smithi106.stdout:/usr/bin/ceph: stderr
2023-12-16T22:19:55.184+0000 7f9de77fe700 1 --2- 172.21.15.106:0/3343228658 >> [v2:172.21.15.106:6800/328738391,v1:172.21.15.106:6801/328738391] conn(0x7f9dd00365f0 0x7f9dd0038aa0 secure :-1 s=READY pgs=20 cs=0 l=1 rev1=1 crypto rx=0x7f9ddc009990 tx=0x7f9ddc006e40 comp rx=0 tx=0).ready entity=mgr.14120 client_cookie=0 server_cookie=0 in_seq=0 out_seq=0
2023-12-16T22:19:55.619 INFO:teuthology.orchestra.run.smithi106.stdout:/usr/bin/ceph: stderr
2023-12-16T22:19:55.188+0000 7f9de4ff9700 1 -- 172.21.15.106:0/3343228658 <== mon.0 v2:172.21.15.106:3300/0 6 ==== mon_command_ack([{"prefix": "get_command_descriptions"}]=0 v0) v1 ==== 72+0+174570 (secure 0 0 0) 0x7f9dd8018940 con 0x7f9de8070f40
2023-12-16T22:19:55.619 INFO:teuthology.orchestra.run.smithi106.stdout:/usr/bin/ceph: stderr
2023-12-16T22:19:55.379+0000 7f9deea53700 1 -- 172.21.15.106:0/3343228658 --> [v2:172.21.15.106:3300/0,v1:172.21.15.106:6789/0] -- mon_command([{prefix=config set, name=mgr/dashboard/ssl_server_port}] v 0) v1 -- 0x7f9de8106300 con 0x7f9de8070f40
2023-12-16T22:19:55.619 INFO:teuthology.orchestra.run.smithi106.stdout:/usr/bin/ceph: stderr
2023-12-16T22:19:55.384+0000 7f9de4ff9700 1 -- 172.21.15.106:0/3343228658 <== mon.0 v2:172.21.15.106:3300/0 7 ==== mon_command_ack([{prefix=config set, name=mgr/dashboard/ssl_server_port}]=0 v8)=0 v8) v1 ==== 130+0+0 (secure 0 0 0) 0x7f9dd8018350 con 0x7f9de8070f40
2023-12-16T22:19:55.619 INFO:teuthology.orchestra.run.smithi106.stdout:/usr/bin/ceph: stderr
2023-12-16T22:19:55.386+0000 7f9deea53700 1 -- 172.21.15.106:0/3343228658 >> [v2:172.21.15.106:6800/328738391,v1:172.21.15.106:6801/328738391] conn(0x7f9dd00365f0 msgr2=0x7f9dd0038aa0 secure :-1 s=STATE_CONNECTION_ESTABLISHED l=1).mark_down
2023-12-16T22:19:55.619 INFO:teuthology.orchestra.run.smithi106.stdout:/usr/bin/ceph: stderr
2023-12-16T22:19:55.386+0000 7f9deea53700 1 --2- 172.21.15.106:0/3343228658 >> [v2:172.21.15.106:6800/328738391,v1:172.21.15.106:6801/328738391] conn(0x7f9dd00365f0 0x7f9dd0038aa0 secure :-1 s=READY pgs=20 cs=0 l=1 rev1=1 crypto rx=0x7f9ddc009990 tx=0x7f9ddc006e40 comp rx=0 tx=0).stop
2023-12-16T22:19:55.619 INFO:teuthology.orchestra.run.smithi106.stdout:/usr/bin/ceph: stderr
2023-12-16T22:19:55.386+0000 7f9deea53700 1 -- 172.21.15.106:0/3343228658 >> [v2:172.21.15.106:3300/0,v1:172.21.15.106:6789/0] conn(0x7f9de8070f40 msgr2=0x7f9de8111240 secure :-1 s=STATE_CONNECTION_ESTABLISHED l=1).mark_down
2023-12-16T22:19:55.619 INFO:teuthology.orchestra.run.smithi106.stdout:/usr/bin/ceph: stderr
2023-12-16T22:19:55.386+0000 7f9deea53700 1 --2- 172.21.15.106:0/3343228658 >> [v2:172.21.15.106:3300/0,v1:172.21.15.106:6789/0] conn(0x7f9de8070f40 0x7f9de8111240 secure :-1 s=READY pgs=64 cs=0 l=1 rev1=1 crypto rx=0x7f9dd8003080 tx=0x7f9dd8009250 comp rx=0 tx=0).stop
2023-12-16T22:19:55.619 INFO:teuthology.orchestra.run.smithi106.stdout:/usr/bin/ceph: stderr
2023-12-16T22:19:55.386+0000 7f9deea53700 1 -- 172.21.15.106:0/3343228658 shutdown_connections
2023-12-16T22:19:55.619 INFO:teuthology.orchestra.run.smithi106.stdout:/usr/bin/ceph: stderr
2023-12-16T22:19:55.386+0000 7f9deea53700 1 --2- 172.21.15.106:0/3343228658 >> [v2:172.21.15.106:6800/328738391,v1:172.21.15.106:6801/328738391] conn(0x7f9dd00365f0 0x7f9dd0038aa0 unknown :-1 s=CLOSED pgs=20 cs=0 l=1 rev1=1 crypto rx=0 tx=0 comp rx=0 tx=0).stop
2023-12-16T22:19:55.619 INFO:teuthology.orchestra.run.smithi106.stdout:/usr/bin/ceph: stderr
2023-12-16T22:19:55.386+0000 7f9deea53700 1 --2- 172.21.15.106:0/3343228658 >> [v2:172.21.15.106:3300/0,v1:172.21.15.106:6789/0] conn(0x7f9de8070f40 0x7f9de8111240 unknown :-1 s=CLOSED pgs=64 cs=0 l=1 rev1=1 crypto rx=0 tx=0 comp rx=0 tx=0).stop
2023-12-16T22:19:55.620 INFO:teuthology.orchestra.run.smithi106.stdout:/usr/bin/ceph: stderr
2023-12-16T22:19:55.386+0000 7f9deea53700 1 -- 172.21.15.106:0/3343228658 >> 172.21.15.106:0/3343228658 conn(0x7f9de80fc970 msgr2=0x7f9de80fe1c0 unknown :-1 s=STATE_NONE l=0).mark_down
2023-12-16T22:19:55.620 INFO:teuthology.orchestra.run.smithi106.stdout:/usr/bin/ceph: stderr
2023-12-16T22:19:55.387+0000 7f9deea53700 1 -- 172.21.15.106:0/3343228658 shutdown_connections
2023-12-16T22:19:55.620 INFO:teuthology.orchestra.run.smithi106.stdout:/usr/bin/ceph: stderr
2023-12-16T22:19:55.387+0000 7f9deea53700 1 -- 172.21.15.106:0/3343228658 wait complete.
2023-12-16T22:19:55.620 INFO:teuthology.orchestra.run.smithi106.stdout:Enabling the dashboard module...
2023-12-16T22:19:56.674 INFO:journalctl@ceph.mon.smithi106.smithi106.stdout:Dec 16 22:19:56 smithi106 ceph-mon[81011]: from='client.? 172.21.15.106:0/3343228658' entity='client.admin'
2023-12-16T22:19:56.674 INFO:journalctl@ceph.mon.smithi106.smithi106.stdout:Dec 16 22:19:56 smithi106 ceph-mon[81011]: from='client.? 172.21.15.106:0/3717416710' entity='client.admin' cmd=[{"prefix": "mgr module enable", "module": "dashboard"}]: dispatch
2023-12-16T22:19:56.678 INFO:teuthology.orchestra.run.smithi106.stdout:/usr/bin/ceph: stderr
2023-12-16T22:19:55.861+0000 7f025c33b700 1 Processor -- start
2023-12-16T22:19:56.685 INFO:teuthology.orchestra.run.smithi106.stdout:/usr/bin/ceph: stderr
2023-12-16T22:19:55.861+0000 7f025c33b700 1 -- start start
2023-12-16T22:19:56.687 INFO:teuthology.orchestra.run.smithi106.stdout:/usr/bin/ceph: stderr
2023-12-16T22:19:55.862+0000 7f025c33b700 1 --2- >> [v2:172.21.15.106:3300/0,v1:172.21.15.106:6789/0] conn(0x7f02541039c0 0x7f0254103dd0 unknown :-1 s=NONE pgs=0 cs=0 l=0 rev1=0 crypto rx=0 tx=0 comp rx=0 tx=0).connect
2023-12-16T22:19:56.687 INFO:teuthology.orchestra.run.smithi106.stdout:/usr/bin/ceph: stderr
2023-12-16T22:19:55.862+0000 7f025c33b700 1 -- --> [v2:172.21.15.106:3300/0,v1:172.21.15.106:6789/0] -- mon_getmap magic: 0 v1 -- 0x7f0254104310 con 0x7f02541039c0
2023-12-16T22:19:56.687 INFO:teuthology.orchestra.run.smithi106.stdout:/usr/bin/ceph: stderr
2023-12-16T22:19:55.862+0000 7f025a0d7700 1 --2- >> [v2:172.21.15.106:3300/0,v1:172.21.15.106:6789/0] conn(0x7f02541039c0 0x7f0254103dd0 unknown :-1 s=BANNER_CONNECTING pgs=0 cs=0 l=0 rev1=0 crypto rx=0 tx=0 comp rx=0 tx=0)._handle_peer_banner_payload supported=3 required=0
2023-12-16T22:19:56.687 INFO:teuthology.orchestra.run.smithi106.stdout:/usr/bin/ceph: stderr
2023-12-16T22:19:55.862+0000 7f025a0d7700 1 --2- >> [v2:172.21.15.106:3300/0,v1:172.21.15.106:6789/0] conn(0x7f02541039c0 0x7f0254103dd0 unknown :-1 s=HELLO_CONNECTING pgs=0 cs=0 l=0 rev1=1 crypto rx=0 tx=0 comp rx=0 tx=0).handle_hello peer v2:172.21.15.106:3300/0 says I am v2:172.21.15.106:40864/0 (socket says 172.21.15.106:40864)
2023-12-16T22:19:56.687 INFO:teuthology.orchestra.run.smithi106.stdout:/usr/bin/ceph: stderr
2023-12-16T22:19:55.862+0000 7f025a0d7700 1 -- 172.21.15.106:0/2464997954 learned_addr learned my addr 172.21.15.106:0/2464997954 (peer_addr_for_me v2:172.21.15.106:0/0)
2023-12-16T22:19:56.687 INFO:teuthology.orchestra.run.smithi106.stdout:/usr/bin/ceph: stderr
2023-12-16T22:19:55.862+0000 7f025a0d7700 1 -- 172.21.15.106:0/2464997954 --> [v2:172.21.15.106:3300/0,v1:172.21.15.106:6789/0] -- mon_subscribe({config=0+,monmap=0+}) v3 -- 0x7f0254101fb0 con 0x7f02541039c0
2023-12-16T22:19:56.687 INFO:teuthology.orchestra.run.smithi106.stdout:/usr/bin/ceph: stderr
2023-12-16T22:19:55.862+0000 7f025a0d7700 1 --2- 172.21.15.106:0/2464997954 >> [v2:172.21.15.106:3300/0,v1:172.21.15.106:6789/0] conn(0x7f02541039c0 0x7f0254103dd0 secure :-1 s=READY pgs=65 cs=0 l=1 rev1=1 crypto rx=0x7f02440098e0 tx=0x7f0244009250 comp rx=0 tx=0).ready entity=mon.0 client_cookie=924645133dab53b9 server_cookie=0 in_seq=0 out_seq=0
2023-12-16T22:19:56.687 INFO:teuthology.orchestra.run.smithi106.stdout:/usr/bin/ceph: stderr
2023-12-16T22:19:55.863+0000 7f02590d5700 1 -- 172.21.15.106:0/2464997954 <== mon.0 v2:172.21.15.106:3300/0 1 ==== mon_map magic: 0 v1 ==== 229+0+0 (secure 0 0 0) 0x7f024400b860 con 0x7f02541039c0
2023-12-16T22:19:56.687 INFO:teuthology.orchestra.run.smithi106.stdout:/usr/bin/ceph: stderr
2023-12-16T22:19:55.863+0000 7f02590d5700 1 -- 172.21.15.106:0/2464997954 <== mon.0 v2:172.21.15.106:3300/0 2 ==== config(26 keys) v1 ==== 1074+0+0 (secure 0 0 0) 0x7f024400be70 con 0x7f02541039c0
2023-12-16T22:19:56.688 INFO:teuthology.orchestra.run.smithi106.stdout:/usr/bin/ceph: stderr
2023-12-16T22:19:55.863+0000 7f02590d5700 1 -- 172.21.15.106:0/2464997954 <== mon.0 v2:172.21.15.106:3300/0 3 ==== mon_map magic: 0 v1 ==== 229+0+0 (secure 0 0 0) 0x7f0244010380 con 0x7f02541039c0
2023-12-16T22:19:56.688 INFO:teuthology.orchestra.run.smithi106.stdout:/usr/bin/ceph: stderr
2023-12-16T22:19:55.863+0000 7f025c33b700 1 -- 172.21.15.106:0/2464997954 >> [v2:172.21.15.106:3300/0,v1:172.21.15.106:6789/0] conn(0x7f02541039c0 msgr2=0x7f0254103dd0 secure :-1 s=STATE_CONNECTION_ESTABLISHED l=1).mark_down
2023-12-16T22:19:56.688 INFO:teuthology.orchestra.run.smithi106.stdout:/usr/bin/ceph: stderr
2023-12-16T22:19:55.863+0000 7f025c33b700 1 --2- 172.21.15.106:0/2464997954 >> [v2:172.21.15.106:3300/0,v1:172.21.15.106:6789/0] conn(0x7f02541039c0 0x7f0254103dd0 secure :-1 s=READY pgs=65 cs=0 l=1 rev1=1 crypto rx=0x7f02440098e0 tx=0x7f0244009250 comp rx=0 tx=0).stop
2023-12-16T22:19:56.688 INFO:teuthology.orchestra.run.smithi106.stdout:/usr/bin/ceph: stderr
2023-12-16T22:19:55.863+0000 7f025c33b700 1 -- 172.21.15.106:0/2464997954 shutdown_connections
2023-12-16T22:19:56.688 INFO:teuthology.orchestra.run.smithi106.stdout:/usr/bin/ceph: stderr
2023-12-16T22:19:55.863+0000 7f025c33b700 1 --2- 172.21.15.106:0/2464997954 >> [v2:172.21.15.106:3300/0,v1:172.21.15.106:6789/0] conn(0x7f02541039c0 0x7f0254103dd0 unknown :-1 s=CLOSED pgs=65 cs=0 l=1 rev1=1 crypto rx=0 tx=0 comp rx=0 tx=0).stop
2023-12-16T22:19:56.688 INFO:teuthology.orchestra.run.smithi106.stdout:/usr/bin/ceph: stderr
2023-12-16T22:19:55.863+0000 7f025c33b700 1 -- 172.21.15.106:0/2464997954 >> 172.21.15.106:0/2464997954 conn(0x7f02540fda40 msgr2=0x7f02540ffe70 unknown :-1 s=STATE_NONE l=0).mark_down
2023-12-16T22:19:56.688 INFO:teuthology.orchestra.run.smithi106.stdout:/usr/bin/ceph: stderr
2023-12-16T22:19:55.863+0000 7f025c33b700 1 -- 172.21.15.106:0/2464997954 shutdown_connections
2023-12-16T22:19:56.688 INFO:teuthology.orchestra.run.smithi106.stdout:/usr/bin/ceph: stderr
2023-12-16T22:19:55.863+0000 7f025c33b700 1 -- 172.21.15.106:0/2464997954 wait complete.
2023-12-16T22:19:56.688 INFO:teuthology.orchestra.run.smithi106.stdout:/usr/bin/ceph: stderr
2023-12-16T22:19:55.864+0000 7f025c33b700 1 Processor -- start
2023-12-16T22:19:56.688 INFO:teuthology.orchestra.run.smithi106.stdout:/usr/bin/ceph: stderr
2023-12-16T22:19:55.864+0000 7f025c33b700 1 -- start start
2023-12-16T22:19:56.688 INFO:teuthology.orchestra.run.smithi106.stdout:/usr/bin/ceph: stderr
2023-12-16T22:19:55.864+0000 7f025c33b700 1 --2- >> [v2:172.21.15.106:3300/0,v1:172.21.15.106:6789/0] conn(0x7f02541039c0 0x7f0254078d10 unknown :-1 s=NONE pgs=0 cs=0 l=1 rev1=0 crypto rx=0 tx=0 comp rx=0 tx=0).connect
2023-12-16T22:19:56.688 INFO:teuthology.orchestra.run.smithi106.stdout:/usr/bin/ceph: stderr
2023-12-16T22:19:55.864+0000 7f025c33b700 1 -- --> [v2:172.21.15.106:3300/0,v1:172.21.15.106:6789/0] -- mon_getmap magic: 0 v1 -- 0x7f0254077190 con 0x7f02541039c0
2023-12-16T22:19:56.688 INFO:teuthology.orchestra.run.smithi106.stdout:/usr/bin/ceph: stderr
2023-12-16T22:19:55.864+0000 7f025a0d7700 1 --2- >> [v2:172.21.15.106:3300/0,v1:172.21.15.106:6789/0] conn(0x7f02541039c0 0x7f0254078d10 unknown :-1 s=BANNER_CONNECTING pgs=0 cs=0 l=1 rev1=0 crypto rx=0 tx=0 comp rx=0 tx=0)._handle_peer_banner_payload supported=3 required=0
2023-12-16T22:19:56.689 INFO:teuthology.orchestra.run.smithi106.stdout:/usr/bin/ceph: stderr
2023-12-16T22:19:55.864+0000 7f025a0d7700 1 --2- >> [v2:172.21.15.106:3300/0,v1:172.21.15.106:6789/0] conn(0x7f02541039c0 0x7f0254078d10 unknown :-1 s=HELLO_CONNECTING pgs=0 cs=0 l=1 rev1=1 crypto rx=0 tx=0 comp rx=0 tx=0).handle_hello peer v2:172.21.15.106:3300/0 says I am v2:172.21.15.106:40878/0 (socket says 172.21.15.106:40878)
2023-12-16T22:19:56.689 INFO:teuthology.orchestra.run.smithi106.stdout:/usr/bin/ceph: stderr
2023-12-16T22:19:55.864+0000 7f025a0d7700 1 -- 172.21.15.106:0/3717416710 learned_addr learned my addr 172.21.15.106:0/3717416710 (peer_addr_for_me v2:172.21.15.106:0/0)
2023-12-16T22:19:56.689 INFO:teuthology.orchestra.run.smithi106.stdout:/usr/bin/ceph: stderr
2023-12-16T22:19:55.864+0000 7f025a0d7700 1 -- 172.21.15.106:0/3717416710 --> [v2:172.21.15.106:3300/0,v1:172.21.15.106:6789/0] -- mon_subscribe({config=0+,monmap=0+}) v3 -- 0x7f02440094f0 con 0x7f02541039c0
2023-12-16T22:19:56.689 INFO:teuthology.orchestra.run.smithi106.stdout:/usr/bin/ceph: stderr
2023-12-16T22:19:55.864+0000 7f025a0d7700 1 --2- 172.21.15.106:0/3717416710 >> [v2:172.21.15.106:3300/0,v1:172.21.15.106:6789/0] conn(0x7f02541039c0 0x7f0254078d10 secure :-1 s=READY pgs=66 cs=0 l=1 rev1=1 crypto rx=0x7f024400bac0 tx=0x7f0244009250 comp rx=0 tx=0).ready entity=mon.0 client_cookie=0 server_cookie=0 in_seq=0 out_seq=0
2023-12-16T22:19:56.689 INFO:teuthology.orchestra.run.smithi106.stdout:/usr/bin/ceph: stderr
2023-12-16T22:19:55.865+0000 7f024affd700 1 -- 172.21.15.106:0/3717416710 <== mon.0 v2:172.21.15.106:3300/0 1 ==== mon_map magic: 0 v1 ==== 229+0+0 (secure 0 0 0) 0x7f02440109b0 con 0x7f02541039c0
2023-12-16T22:19:56.689 INFO:teuthology.orchestra.run.smithi106.stdout:/usr/bin/ceph: stderr
2023-12-16T22:19:55.865+0000 7f024affd700 1 -- 172.21.15.106:0/3717416710 <== mon.0 v2:172.21.15.106:3300/0 2 ==== config(26 keys) v1 ==== 1074+0+0 (secure 0 0 0) 0x7f024401a430 con 0x7f02541039c0
2023-12-16T22:19:56.689 INFO:teuthology.orchestra.run.smithi106.stdout:/usr/bin/ceph: stderr
2023-12-16T22:19:55.865+0000 7f025c33b700 1 -- 172.21.15.106:0/3717416710 --> [v2:172.21.15.106:3300/0,v1:172.21.15.106:6789/0] -- mon_subscribe({mgrmap=0+}) v3 -- 0x7f0254077390 con 0x7f02541039c0
2023-12-16T22:19:56.689 INFO:teuthology.orchestra.run.smithi106.stdout:/usr/bin/ceph: stderr
2023-12-16T22:19:55.865+0000 7f024affd700 1 -- 172.21.15.106:0/3717416710 <== mon.0 v2:172.21.15.106:3300/0 3 ==== mon_map magic: 0 v1 ==== 229+0+0 (secure 0 0 0) 0x7f02440245b0 con 0x7f02541039c0
2023-12-16T22:19:56.689 INFO:teuthology.orchestra.run.smithi106.stdout:/usr/bin/ceph: stderr
2023-12-16T22:19:55.865+0000 7f025c33b700 1 -- 172.21.15.106:0/3717416710 --> [v2:172.21.15.106:3300/0,v1:172.21.15.106:6789/0] -- mon_subscribe({osdmap=0}) v3 -- 0x7f02540777a0 con 0x7f02541039c0
2023-12-16T22:19:56.689 INFO:teuthology.orchestra.run.smithi106.stdout:/usr/bin/ceph: stderr
2023-12-16T22:19:55.865+0000 7f024affd700 1 -- 172.21.15.106:0/3717416710 <== mon.0 v2:172.21.15.106:3300/0 4 ==== mgrmap(e 8) v1 ==== 43281+0+0 (secure 0 0 0) 0x7f0244010b10 con 0x7f02541039c0
2023-12-16T22:19:56.689 INFO:teuthology.orchestra.run.smithi106.stdout:/usr/bin/ceph: stderr
2023-12-16T22:19:55.865+0000 7f025c33b700 1 -- 172.21.15.106:0/3717416710 --> [v2:172.21.15.106:3300/0,v1:172.21.15.106:6789/0] -- mon_command({"prefix": "get_command_descriptions"} v 0) v1 -- 0x7f025405f270 con 0x7f02541039c0
2023-12-16T22:19:56.689 INFO:teuthology.orchestra.run.smithi106.stdout:/usr/bin/ceph: stderr
2023-12-16T22:19:55.866+0000 7f024affd700 1 --2- 172.21.15.106:0/3717416710 >> [v2:172.21.15.106:6800/328738391,v1:172.21.15.106:6801/328738391] conn(0x7f0240036640 0x7f0240038af0 unknown :-1 s=NONE pgs=0 cs=0 l=1 rev1=0 crypto rx=0 tx=0 comp rx=0 tx=0).connect
2023-12-16T22:19:56.689 INFO:teuthology.orchestra.run.smithi106.stdout:/usr/bin/ceph: stderr
2023-12-16T22:19:55.866+0000 7f024affd700 1 -- 172.21.15.106:0/3717416710 <== mon.0 v2:172.21.15.106:3300/0 5 ==== osd_map(2..2 src has 1..2) v4 ==== 936+0+0 (secure 0 0 0) 0x7f024404a530 con 0x7f02541039c0
2023-12-16T22:19:56.690 INFO:teuthology.orchestra.run.smithi106.stdout:/usr/bin/ceph: stderr
2023-12-16T22:19:55.866+0000 7f02598d6700 1 --2- 172.21.15.106:0/3717416710 >> [v2:172.21.15.106:6800/328738391,v1:172.21.15.106:6801/328738391] conn(0x7f0240036640 0x7f0240038af0 unknown :-1 s=BANNER_CONNECTING pgs=0 cs=0 l=1 rev1=0 crypto rx=0 tx=0 comp rx=0 tx=0)._handle_peer_banner_payload supported=3 required=0
2023-12-16T22:19:56.690 INFO:teuthology.orchestra.run.smithi106.stdout:/usr/bin/ceph: stderr
2023-12-16T22:19:55.866+0000 7f02598d6700 1 --2- 172.21.15.106:0/3717416710 >> [v2:172.21.15.106:6800/328738391,v1:172.21.15.106:6801/328738391] conn(0x7f0240036640 0x7f0240038af0 secure :-1 s=READY pgs=21 cs=0 l=1 rev1=1 crypto rx=0x7f0250009990 tx=0x7f0250006e40 comp rx=0 tx=0).ready entity=mgr.14120 client_cookie=0 server_cookie=0 in_seq=0 out_seq=0
2023-12-16T22:19:56.690 INFO:teuthology.orchestra.run.smithi106.stdout:/usr/bin/ceph: stderr
2023-12-16T22:19:55.870+0000 7f024affd700 1 -- 172.21.15.106:0/3717416710 <== mon.0 v2:172.21.15.106:3300/0 6 ==== mon_command_ack([{"prefix": "get_command_descriptions"}]=0 v0) v1 ==== 72+0+174570 (secure 0 0 0) 0x7f024401a9f0 con 0x7f02541039c0
2023-12-16T22:19:56.690 INFO:teuthology.orchestra.run.smithi106.stdout:/usr/bin/ceph: stderr
2023-12-16T22:19:56.111+0000 7f025c33b700 1 -- 172.21.15.106:0/3717416710 --> [v2:172.21.15.106:3300/0,v1:172.21.15.106:6789/0] -- mon_command({"prefix": "mgr module enable", "module": "dashboard"} v 0) v1 -- 0x7f0254102d30 con 0x7f02541039c0
2023-12-16T22:19:56.690 INFO:teuthology.orchestra.run.smithi106.stdout:/usr/bin/ceph: stderr
2023-12-16T22:19:56.384+0000 7f024affd700 1 -- 172.21.15.106:0/3717416710 <== mon.0 v2:172.21.15.106:3300/0 7 ==== mgrmap(e 9) v1 ==== 43294+0+0 (secure 0 0 0) 0x7f0244010dc0 con 0x7f02541039c0
2023-12-16T22:19:56.690 INFO:teuthology.orchestra.run.smithi106.stdout:/usr/bin/ceph: stderr
2023-12-16T22:19:56.386+0000 7f024affd700 1 -- 172.21.15.106:0/3717416710 <== mon.0 v2:172.21.15.106:3300/0 8 ==== mon_command_ack([{"prefix": "mgr module enable", "module": "dashboard"}]=0 v9) v1 ==== 88+0+0 (secure 0 0 0) 0x7f0244018530 con 0x7f02541039c0
2023-12-16T22:19:56.690 INFO:teuthology.orchestra.run.smithi106.stdout:/usr/bin/ceph: stderr
2023-12-16T22:19:56.388+0000 7f025c33b700 1 -- 172.21.15.106:0/3717416710 >> [v2:172.21.15.106:6800/328738391,v1:172.21.15.106:6801/328738391] conn(0x7f0240036640 msgr2=0x7f0240038af0 secure :-1 s=STATE_CONNECTION_ESTABLISHED l=1).mark_down
2023-12-16T22:19:56.690 INFO:teuthology.orchestra.run.smithi106.stdout:/usr/bin/ceph: stderr
2023-12-16T22:19:56.388+0000 7f025c33b700 1 --2- 172.21.15.106:0/3717416710 >> [v2:172.21.15.106:6800/328738391,v1:172.21.15.106:6801/328738391] conn(0x7f0240036640 0x7f0240038af0 secure :-1 s=READY pgs=21 cs=0 l=1 rev1=1 crypto rx=0x7f0250009990 tx=0x7f0250006e40 comp rx=0 tx=0).stop
2023-12-16T22:19:56.690 INFO:teuthology.orchestra.run.smithi106.stdout:/usr/bin/ceph: stderr
2023-12-16T22:19:56.388+0000 7f025c33b700 1 -- 172.21.15.106:0/3717416710 >> [v2:172.21.15.106:3300/0,v1:172.21.15.106:6789/0] conn(0x7f02541039c0 msgr2=0x7f0254078d10 secure :-1 s=STATE_CONNECTION_ESTABLISHED l=1).mark_down
2023-12-16T22:19:56.690 INFO:teuthology.orchestra.run.smithi106.stdout:/usr/bin/ceph: stderr
2023-12-16T22:19:56.388+0000 7f025c33b700 1 --2- 172.21.15.106:0/3717416710 >> [v2:172.21.15.106:3300/0,v1:172.21.15.106:6789/0] conn(0x7f02541039c0 0x7f0254078d10 secure :-1 s=READY pgs=66 cs=0 l=1 rev1=1 crypto rx=0x7f024400bac0 tx=0x7f0244009250 comp rx=0 tx=0).stop
2023-12-16T22:19:56.690 INFO:teuthology.orchestra.run.smithi106.stdout:/usr/bin/ceph: stderr
2023-12-16T22:19:56.388+0000 7f025c33b700 1 -- 172.21.15.106:0/3717416710 shutdown_connections
2023-12-16T22:19:56.690 INFO:teuthology.orchestra.run.smithi106.stdout:/usr/bin/ceph: stderr
2023-12-16T22:19:56.388+0000 7f025c33b700 1 --2- 172.21.15.106:0/3717416710 >> [v2:172.21.15.106:6800/328738391,v1:172.21.15.106:6801/328738391] conn(0x7f0240036640 0x7f0240038af0 unknown :-1 s=CLOSED pgs=21 cs=0 l=1 rev1=1 crypto rx=0 tx=0 comp rx=0 tx=0).stop
2023-12-16T22:19:56.690 INFO:teuthology.orchestra.run.smithi106.stdout:/usr/bin/ceph: stderr
2023-12-16T22:19:56.388+0000 7f025c33b700 1 --2- 172.21.15.106:0/3717416710 >> [v2:172.21.15.106:3300/0,v1:172.21.15.106:6789/0] conn(0x7f02541039c0 0x7f0254078d10 unknown :-1 s=CLOSED pgs=66 cs=0 l=1 rev1=1 crypto rx=0 tx=0 comp rx=0 tx=0).stop
2023-12-16T22:19:56.690 INFO:teuthology.orchestra.run.smithi106.stdout:/usr/bin/ceph: stderr
2023-12-16T22:19:56.388+0000 7f025c33b700 1 -- 172.21.15.106:0/3717416710 >> 172.21.15.106:0/3717416710 conn(0x7f02540fda40 msgr2=0x7f02540ff190 unknown :-1 s=STATE_NONE l=0).mark_down
2023-12-16T22:19:56.690 INFO:teuthology.orchestra.run.smithi106.stdout:/usr/bin/ceph: stderr
2023-12-16T22:19:56.388+0000 7f025c33b700 1 -- 172.21.15.106:0/3717416710 shutdown_connections
