2023-12-19T18:39:46.889 INFO:teuthology.orchestra.run.smithi059.stdout:/usr/bin/ceph: stderr
2023-12-19T18:39:46.078+0000 7f93dfc7d700 1 -- start start
2023-12-19T18:39:46.889 INFO:teuthology.orchestra.run.smithi059.stdout:/usr/bin/ceph: stderr
2023-12-19T18:39:46.078+0000 7f93dfc7d700 1 --2- >> [v2:172.21.15.59:3300/0,v1:172.21.15.59:6789/0] conn(0x7f93d81039c0 0x7f93d8103dd0 unknown :-1 s=NONE pgs=0 cs=0 l=0 rev1=0 crypto rx=0 tx=0 comp rx=0 tx=0).connect
2023-12-19T18:39:46.889 INFO:teuthology.orchestra.run.smithi059.stdout:/usr/bin/ceph: stderr
2023-12-19T18:39:46.078+0000 7f93dfc7d700 1 -- --> [v2:172.21.15.59:3300/0,v1:172.21.15.59:6789/0] -- mon_getmap magic: 0 v1 -- 0x7f93d8104310 con 0x7f93d81039c0
2023-12-19T18:39:46.889 INFO:teuthology.orchestra.run.smithi059.stdout:/usr/bin/ceph: stderr
2023-12-19T18:39:46.078+0000 7f93dda19700 1 --2- >> [v2:172.21.15.59:3300/0,v1:172.21.15.59:6789/0] conn(0x7f93d81039c0 0x7f93d8103dd0 unknown :-1 s=BANNER_CONNECTING pgs=0 cs=0 l=0 rev1=0 crypto rx=0 tx=0 comp rx=0 tx=0)._handle_peer_banner_payload supported=3 required=0
2023-12-19T18:39:46.890 INFO:teuthology.orchestra.run.smithi059.stdout:/usr/bin/ceph: stderr
2023-12-19T18:39:46.078+0000 7f93dda19700 1 --2- >> [v2:172.21.15.59:3300/0,v1:172.21.15.59:6789/0] conn(0x7f93d81039c0 0x7f93d8103dd0 unknown :-1 s=HELLO_CONNECTING pgs=0 cs=0 l=0 rev1=1 crypto rx=0 tx=0 comp rx=0 tx=0).handle_hello peer v2:172.21.15.59:3300/0 says I am v2:172.21.15.59:45576/0 (socket says 172.21.15.59:45576)
2023-12-19T18:39:46.890 INFO:teuthology.orchestra.run.smithi059.stdout:/usr/bin/ceph: stderr
2023-12-19T18:39:46.078+0000 7f93dda19700 1 -- 172.21.15.59:0/351973835 learned_addr learned my addr 172.21.15.59:0/351973835 (peer_addr_for_me v2:172.21.15.59:0/0)
2023-12-19T18:39:46.890 INFO:teuthology.orchestra.run.smithi059.stdout:/usr/bin/ceph: stderr
2023-12-19T18:39:46.078+0000 7f93dda19700 1 -- 172.21.15.59:0/351973835 --> [v2:172.21.15.59:3300/0,v1:172.21.15.59:6789/0] -- mon_subscribe({config=0+,monmap=0+}) v3 -- 0x7f93d8101fb0 con 0x7f93d81039c0
2023-12-19T18:39:46.890 INFO:teuthology.orchestra.run.smithi059.stdout:/usr/bin/ceph: stderr
2023-12-19T18:39:46.078+0000 7f93dda19700 1 --2- 172.21.15.59:0/351973835 >> [v2:172.21.15.59:3300/0,v1:172.21.15.59:6789/0] conn(0x7f93d81039c0 0x7f93d8103dd0 secure :-1 s=READY pgs=55 cs=0 l=1 rev1=1 crypto rx=0x7f93d40098e0 tx=0x7f93d4009250 comp rx=0 tx=0).ready entity=mon.0 client_cookie=d5a2a26dfa24a96c server_cookie=0 in_seq=0 out_seq=0
2023-12-19T18:39:46.890 INFO:teuthology.orchestra.run.smithi059.stdout:/usr/bin/ceph: stderr
2023-12-19T18:39:46.079+0000 7f93dca17700 1 -- 172.21.15.59:0/351973835 <== mon.0 v2:172.21.15.59:3300/0 1 ==== mon_map magic: 0 v1 ==== 229+0+0 (secure 0 0 0) 0x7f93d400b860 con 0x7f93d81039c0
2023-12-19T18:39:46.890 INFO:teuthology.orchestra.run.smithi059.stdout:/usr/bin/ceph: stderr
2023-12-19T18:39:46.079+0000 7f93dca17700 1 -- 172.21.15.59:0/351973835 <== mon.0 v2:172.21.15.59:3300/0 2 ==== config(26 keys) v1 ==== 1074+0+0 (secure 0 0 0) 0x7f93d400be70 con 0x7f93d81039c0
2023-12-19T18:39:46.890 INFO:teuthology.orchestra.run.smithi059.stdout:/usr/bin/ceph: stderr
2023-12-19T18:39:46.079+0000 7f93dca17700 1 -- 172.21.15.59:0/351973835 <== mon.0 v2:172.21.15.59:3300/0 3 ==== mon_map magic: 0 v1 ==== 229+0+0 (secure 0 0 0) 0x7f93d4010380 con 0x7f93d81039c0
2023-12-19T18:39:46.890 INFO:teuthology.orchestra.run.smithi059.stdout:/usr/bin/ceph: stderr
2023-12-19T18:39:46.079+0000 7f93dfc7d700 1 -- 172.21.15.59:0/351973835 >> [v2:172.21.15.59:3300/0,v1:172.21.15.59:6789/0] conn(0x7f93d81039c0 msgr2=0x7f93d8103dd0 secure :-1 s=STATE_CONNECTION_ESTABLISHED l=1).mark_down
2023-12-19T18:39:46.890 INFO:teuthology.orchestra.run.smithi059.stdout:/usr/bin/ceph: stderr
2023-12-19T18:39:46.079+0000 7f93dfc7d700 1 --2- 172.21.15.59:0/351973835 >> [v2:172.21.15.59:3300/0,v1:172.21.15.59:6789/0] conn(0x7f93d81039c0 0x7f93d8103dd0 secure :-1 s=READY pgs=55 cs=0 l=1 rev1=1 crypto rx=0x7f93d40098e0 tx=0x7f93d4009250 comp rx=0 tx=0).stop
2023-12-19T18:39:46.890 INFO:teuthology.orchestra.run.smithi059.stdout:/usr/bin/ceph: stderr
2023-12-19T18:39:46.079+0000 7f93dfc7d700 1 -- 172.21.15.59:0/351973835 shutdown_connections
2023-12-19T18:39:46.890 INFO:teuthology.orchestra.run.smithi059.stdout:/usr/bin/ceph: stderr
2023-12-19T18:39:46.079+0000 7f93dfc7d700 1 --2- 172.21.15.59:0/351973835 >> [v2:172.21.15.59:3300/0,v1:172.21.15.59:6789/0] conn(0x7f93d81039c0 0x7f93d8103dd0 unknown :-1 s=CLOSED pgs=55 cs=0 l=1 rev1=1 crypto rx=0 tx=0 comp rx=0 tx=0).stop
2023-12-19T18:39:46.890 INFO:teuthology.orchestra.run.smithi059.stdout:/usr/bin/ceph: stderr
2023-12-19T18:39:46.079+0000 7f93dfc7d700 1 -- 172.21.15.59:0/351973835 >> 172.21.15.59:0/351973835 conn(0x7f93d80fda40 msgr2=0x7f93d80ffe70 unknown :-1 s=STATE_NONE l=0).mark_down
2023-12-19T18:39:46.890 INFO:teuthology.orchestra.run.smithi059.stdout:/usr/bin/ceph: stderr
2023-12-19T18:39:46.079+0000 7f93dfc7d700 1 -- 172.21.15.59:0/351973835 shutdown_connections
2023-12-19T18:39:46.890 INFO:teuthology.orchestra.run.smithi059.stdout:/usr/bin/ceph: stderr
2023-12-19T18:39:46.079+0000 7f93dfc7d700 1 -- 172.21.15.59:0/351973835 wait complete.
2023-12-19T18:39:46.890 INFO:teuthology.orchestra.run.smithi059.stdout:/usr/bin/ceph: stderr
2023-12-19T18:39:46.080+0000 7f93dfc7d700 1 Processor -- start
2023-12-19T18:39:46.891 INFO:teuthology.orchestra.run.smithi059.stdout:/usr/bin/ceph: stderr
2023-12-19T18:39:46.080+0000 7f93dfc7d700 1 -- start start
2023-12-19T18:39:46.891 INFO:teuthology.orchestra.run.smithi059.stdout:/usr/bin/ceph: stderr
2023-12-19T18:39:46.080+0000 7f93dfc7d700 1 --2- >> [v2:172.21.15.59:3300/0,v1:172.21.15.59:6789/0] conn(0x7f93d81039c0 0x7f93d8111130 unknown :-1 s=NONE pgs=0 cs=0 l=1 rev1=0 crypto rx=0 tx=0 comp rx=0 tx=0).connect
2023-12-19T18:39:46.891 INFO:teuthology.orchestra.run.smithi059.stdout:/usr/bin/ceph: stderr
2023-12-19T18:39:46.080+0000 7f93dfc7d700 1 -- --> [v2:172.21.15.59:3300/0,v1:172.21.15.59:6789/0] -- mon_getmap magic: 0 v1 -- 0x7f93d8111670 con 0x7f93d81039c0
2023-12-19T18:39:46.891 INFO:teuthology.orchestra.run.smithi059.stdout:/usr/bin/ceph: stderr
2023-12-19T18:39:46.080+0000 7f93dda19700 1 --2- >> [v2:172.21.15.59:3300/0,v1:172.21.15.59:6789/0] conn(0x7f93d81039c0 0x7f93d8111130 unknown :-1 s=BANNER_CONNECTING pgs=0 cs=0 l=1 rev1=0 crypto rx=0 tx=0 comp rx=0 tx=0)._handle_peer_banner_payload supported=3 required=0
2023-12-19T18:39:46.891 INFO:teuthology.orchestra.run.smithi059.stdout:/usr/bin/ceph: stderr
2023-12-19T18:39:46.080+0000 7f93dda19700 1 --2- >> [v2:172.21.15.59:3300/0,v1:172.21.15.59:6789/0] conn(0x7f93d81039c0 0x7f93d8111130 unknown :-1 s=HELLO_CONNECTING pgs=0 cs=0 l=1 rev1=1 crypto rx=0 tx=0 comp rx=0 tx=0).handle_hello peer v2:172.21.15.59:3300/0 says I am v2:172.21.15.59:45588/0 (socket says 172.21.15.59:45588)
2023-12-19T18:39:46.891 INFO:teuthology.orchestra.run.smithi059.stdout:/usr/bin/ceph: stderr
2023-12-19T18:39:46.080+0000 7f93dda19700 1 -- 172.21.15.59:0/523537498 learned_addr learned my addr 172.21.15.59:0/523537498 (peer_addr_for_me v2:172.21.15.59:0/0)
2023-12-19T18:39:46.891 INFO:teuthology.orchestra.run.smithi059.stdout:/usr/bin/ceph: stderr
2023-12-19T18:39:46.080+0000 7f93dda19700 1 -- 172.21.15.59:0/523537498 --> [v2:172.21.15.59:3300/0,v1:172.21.15.59:6789/0] -- mon_subscribe({config=0+,monmap=0+}) v3 -- 0x7f93d40094f0 con 0x7f93d81039c0
2023-12-19T18:39:46.891 INFO:teuthology.orchestra.run.smithi059.stdout:/usr/bin/ceph: stderr
2023-12-19T18:39:46.080+0000 7f93dda19700 1 --2- 172.21.15.59:0/523537498 >> [v2:172.21.15.59:3300/0,v1:172.21.15.59:6789/0] conn(0x7f93d81039c0 0x7f93d8111130 secure :-1 s=READY pgs=56 cs=0 l=1 rev1=1 crypto rx=0x7f93d400bac0 tx=0x7f93d4009250 comp rx=0 tx=0).ready entity=mon.0 client_cookie=0 server_cookie=0 in_seq=0 out_seq=0
2023-12-19T18:39:46.891 INFO:teuthology.orchestra.run.smithi059.stdout:/usr/bin/ceph: stderr
2023-12-19T18:39:46.081+0000 7f93ce7fc700 1 -- 172.21.15.59:0/523537498 <== mon.0 v2:172.21.15.59:3300/0 1 ==== mon_map magic: 0 v1 ==== 229+0+0 (secure 0 0 0) 0x7f93d40109b0 con 0x7f93d81039c0
2023-12-19T18:39:46.891 INFO:teuthology.orchestra.run.smithi059.stdout:/usr/bin/ceph: stderr
2023-12-19T18:39:46.081+0000 7f93dfc7d700 1 -- 172.21.15.59:0/523537498 --> [v2:172.21.15.59:3300/0,v1:172.21.15.59:6789/0] -- mon_subscribe({mgrmap=0+}) v3 -- 0x7f93d8111870 con 0x7f93d81039c0
2023-12-19T18:39:46.891 INFO:teuthology.orchestra.run.smithi059.stdout:/usr/bin/ceph: stderr
2023-12-19T18:39:46.081+0000 7f93ce7fc700 1 -- 172.21.15.59:0/523537498 <== mon.0 v2:172.21.15.59:3300/0 2 ==== config(26 keys) v1 ==== 1074+0+0 (secure 0 0 0) 0x7f93d401a430 con 0x7f93d81039c0
2023-12-19T18:39:46.891 INFO:teuthology.orchestra.run.smithi059.stdout:/usr/bin/ceph: stderr
2023-12-19T18:39:46.081+0000 7f93ce7fc700 1 -- 172.21.15.59:0/523537498 <== mon.0 v2:172.21.15.59:3300/0 3 ==== mon_map magic: 0 v1 ==== 229+0+0 (secure 0 0 0) 0x7f93d40245b0 con 0x7f93d81039c0
2023-12-19T18:39:46.891 INFO:teuthology.orchestra.run.smithi059.stdout:/usr/bin/ceph: stderr
2023-12-19T18:39:46.081+0000 7f93dfc7d700 1 -- 172.21.15.59:0/523537498 --> [v2:172.21.15.59:3300/0,v1:172.21.15.59:6789/0] -- mon_subscribe({osdmap=0}) v3 -- 0x7f93d8111c80 con 0x7f93d81039c0
2023-12-19T18:39:46.891 INFO:teuthology.orchestra.run.smithi059.stdout:/usr/bin/ceph: stderr
2023-12-19T18:39:46.081+0000 7f93ce7fc700 1 -- 172.21.15.59:0/523537498 <== mon.0 v2:172.21.15.59:3300/0 4 ==== mgrmap(e 8) v1 ==== 43281+0+0 (secure 0 0 0) 0x7f93d4024820 con 0x7f93d81039c0
2023-12-19T18:39:46.891 INFO:teuthology.orchestra.run.smithi059.stdout:/usr/bin/ceph: stderr
2023-12-19T18:39:46.082+0000 7f93dfc7d700 1 -- 172.21.15.59:0/523537498 --> [v2:172.21.15.59:3300/0,v1:172.21.15.59:6789/0] -- mon_command({"prefix": "get_command_descriptions"} v 0) v1 -- 0x7f93d8102d30 con 0x7f93d81039c0
2023-12-19T18:39:46.892 INFO:teuthology.orchestra.run.smithi059.stdout:/usr/bin/ceph: stderr
2023-12-19T18:39:46.082+0000 7f93ce7fc700 1 --2- 172.21.15.59:0/523537498 >> [v2:172.21.15.59:6800/2067989811,v1:172.21.15.59:6801/2067989811] conn(0x7f93c40365f0 0x7f93c4038aa0 unknown :-1 s=NONE pgs=0 cs=0 l=1 rev1=0 crypto rx=0 tx=0 comp rx=0 tx=0).connect
2023-12-19T18:39:46.892 INFO:teuthology.orchestra.run.smithi059.stdout:/usr/bin/ceph: stderr
2023-12-19T18:39:46.082+0000 7f93ce7fc700 1 -- 172.21.15.59:0/523537498 <== mon.0 v2:172.21.15.59:3300/0 5 ==== osd_map(2..2 src has 1..2) v4 ==== 936+0+0 (secure 0 0 0) 0x7f93d404a6e0 con 0x7f93d81039c0
2023-12-19T18:39:46.892 INFO:teuthology.orchestra.run.smithi059.stdout:/usr/bin/ceph: stderr
2023-12-19T18:39:46.082+0000 7f93dd218700 1 --2- 172.21.15.59:0/523537498 >> [v2:172.21.15.59:6800/2067989811,v1:172.21.15.59:6801/2067989811] conn(0x7f93c40365f0 0x7f93c4038aa0 unknown :-1 s=BANNER_CONNECTING pgs=0 cs=0 l=1 rev1=0 crypto rx=0 tx=0 comp rx=0 tx=0)._handle_peer_banner_payload supported=3 required=0
2023-12-19T18:39:46.892 INFO:teuthology.orchestra.run.smithi059.stdout:/usr/bin/ceph: stderr
2023-12-19T18:39:46.082+0000 7f93dd218700 1 --2- 172.21.15.59:0/523537498 >> [v2:172.21.15.59:6800/2067989811,v1:172.21.15.59:6801/2067989811] conn(0x7f93c40365f0 0x7f93c4038aa0 secure :-1 s=READY pgs=17 cs=0 l=1 rev1=1 crypto rx=0x7f93c8009990 tx=0x7f93c8006e40 comp rx=0 tx=0).ready entity=mgr.14118 client_cookie=0 server_cookie=0 in_seq=0 out_seq=0
2023-12-19T18:39:46.892 INFO:teuthology.orchestra.run.smithi059.stdout:/usr/bin/ceph: stderr
2023-12-19T18:39:46.086+0000 7f93ce7fc700 1 -- 172.21.15.59:0/523537498 <== mon.0 v2:172.21.15.59:3300/0 6 ==== mon_command_ack([{"prefix": "get_command_descriptions"}]=0 v0) v1 ==== 72+0+174570 (secure 0 0 0) 0x7f93d4010b10 con 0x7f93d81039c0
2023-12-19T18:39:46.892 INFO:teuthology.orchestra.run.smithi059.stdout:/usr/bin/ceph: stderr
2023-12-19T18:39:46.295+0000 7f93dfc7d700 1 -- 172.21.15.59:0/523537498 --> [v2:172.21.15.59:6800/2067989811,v1:172.21.15.59:6801/2067989811] -- mgr_command(tid 0: {"prefix": "orch apply", "service_type": "node-exporter", "target": ["mon-mgr", ""]}) v1 -- 0x7f93d810ae30 con 0x7f93c40365f0
2023-12-19T18:39:46.892 INFO:teuthology.orchestra.run.smithi059.stdout:/usr/bin/ceph: stderr
2023-12-19T18:39:46.299+0000 7f93ce7fc700 1 -- 172.21.15.59:0/523537498 <== mgr.14118 v2:172.21.15.59:6800/2067989811 1 ==== mgr_command_reply(tid 0: 0 ) v1 ==== 8+0+34 (secure 0 0 0) 0x7f93d810ae30 con 0x7f93c40365f0
2023-12-19T18:39:46.892 INFO:teuthology.orchestra.run.smithi059.stdout:/usr/bin/ceph: stderr
2023-12-19T18:39:46.301+0000 7f93dfc7d700 1 -- 172.21.15.59:0/523537498 >> [v2:172.21.15.59:6800/2067989811,v1:172.21.15.59:6801/2067989811] conn(0x7f93c40365f0 msgr2=0x7f93c4038aa0 secure :-1 s=STATE_CONNECTION_ESTABLISHED l=1).mark_down
2023-12-19T18:39:46.892 INFO:teuthology.orchestra.run.smithi059.stdout:/usr/bin/ceph: stderr
2023-12-19T18:39:46.301+0000 7f93dfc7d700 1 --2- 172.21.15.59:0/523537498 >> [v2:172.21.15.59:6800/2067989811,v1:172.21.15.59:6801/2067989811] conn(0x7f93c40365f0 0x7f93c4038aa0 secure :-1 s=READY pgs=17 cs=0 l=1 rev1=1 crypto rx=0x7f93c8009990 tx=0x7f93c8006e40 comp rx=0 tx=0).stop
2023-12-19T18:39:46.892 INFO:teuthology.orchestra.run.smithi059.stdout:/usr/bin/ceph: stderr
2023-12-19T18:39:46.301+0000 7f93dfc7d700 1 -- 172.21.15.59:0/523537498 >> [v2:172.21.15.59:3300/0,v1:172.21.15.59:6789/0] conn(0x7f93d81039c0 msgr2=0x7f93d8111130 secure :-1 s=STATE_CONNECTION_ESTABLISHED l=1).mark_down
2023-12-19T18:39:46.892 INFO:teuthology.orchestra.run.smithi059.stdout:/usr/bin/ceph: stderr
2023-12-19T18:39:46.301+0000 7f93dfc7d700 1 --2- 172.21.15.59:0/523537498 >> [v2:172.21.15.59:3300/0,v1:172.21.15.59:6789/0] conn(0x7f93d81039c0 0x7f93d8111130 secure :-1 s=READY pgs=56 cs=0 l=1 rev1=1 crypto rx=0x7f93d400bac0 tx=0x7f93d4009250 comp rx=0 tx=0).stop
2023-12-19T18:39:46.892 INFO:teuthology.orchestra.run.smithi059.stdout:/usr/bin/ceph: stderr
2023-12-19T18:39:46.301+0000 7f93dfc7d700 1 -- 172.21.15.59:0/523537498 shutdown_connections
2023-12-19T18:39:46.892 INFO:teuthology.orchestra.run.smithi059.stdout:/usr/bin/ceph: stderr
2023-12-19T18:39:46.301+0000 7f93dfc7d700 1 --2- 172.21.15.59:0/523537498 >> [v2:172.21.15.59:6800/2067989811,v1:172.21.15.59:6801/2067989811] conn(0x7f93c40365f0 0x7f93c4038aa0 unknown :-1 s=CLOSED pgs=17 cs=0 l=1 rev1=1 crypto rx=0 tx=0 comp rx=0 tx=0).stop
2023-12-19T18:39:46.893 INFO:teuthology.orchestra.run.smithi059.stdout:/usr/bin/ceph: stderr
2023-12-19T18:39:46.301+0000 7f93dfc7d700 1 --2- 172.21.15.59:0/523537498 >> [v2:172.21.15.59:3300/0,v1:172.21.15.59:6789/0] conn(0x7f93d81039c0 0x7f93d8111130 unknown :-1 s=CLOSED pgs=56 cs=0 l=1 rev1=1 crypto rx=0 tx=0 comp rx=0 tx=0).stop
2023-12-19T18:39:46.893 INFO:teuthology.orchestra.run.smithi059.stdout:/usr/bin/ceph: stderr
2023-12-19T18:39:46.301+0000 7f93dfc7d700 1 -- 172.21.15.59:0/523537498 >> 172.21.15.59:0/523537498 conn(0x7f93d80fda40 msgr2=0x7f93d80ff1c0 unknown :-1 s=STATE_NONE l=0).mark_down
2023-12-19T18:39:46.893 INFO:teuthology.orchestra.run.smithi059.stdout:/usr/bin/ceph: stderr
2023-12-19T18:39:46.301+0000 7f93dfc7d700 1 -- 172.21.15.59:0/523537498 shutdown_connections
2023-12-19T18:39:46.893 INFO:teuthology.orchestra.run.smithi059.stdout:/usr/bin/ceph: stderr
2023-12-19T18:39:46.301+0000 7f93dfc7d700 1 -- 172.21.15.59:0/523537498 wait complete.
2023-12-19T18:39:46.893 INFO:teuthology.orchestra.run.smithi059.stdout:Deploying alertmanager service with default placement...
2023-12-19T18:39:47.483 INFO:journalctl@ceph.mon.smithi059.smithi059.stdout:Dec 19 18:39:47 smithi059 ceph-mon[80661]: from='client.14150 -' entity='client.admin' cmd=[{"prefix": "orch apply", "service_type": "node-exporter", "target": ["mon-mgr", ""]}]: dispatch
2023-12-19T18:39:47.483 INFO:journalctl@ceph.mon.smithi059.smithi059.stdout:Dec 19 18:39:47 smithi059 ceph-mon[80661]: Saving service node-exporter spec with placement *
2023-12-19T18:39:47.483 INFO:journalctl@ceph.mon.smithi059.smithi059.stdout:Dec 19 18:39:47 smithi059 ceph-mon[80661]: from='mgr.14118 172.21.15.59:0/1203771061' entity='mgr.smithi059.ccbnob'
2023-12-19T18:39:48.065 INFO:teuthology.orchestra.run.smithi059.stdout:/usr/bin/ceph: stdout Scheduled alertmanager update...
2023-12-19T18:39:48.065 INFO:teuthology.orchestra.run.smithi059.stdout:/usr/bin/ceph: stderr
2023-12-19T18:39:47.253+0000 7fb41294f700 1 Processor -- start
2023-12-19T18:39:48.065 INFO:teuthology.orchestra.run.smithi059.stdout:/usr/bin/ceph: stderr
2023-12-19T18:39:47.253+0000 7fb41294f700 1 -- start start
2023-12-19T18:39:48.065 INFO:teuthology.orchestra.run.smithi059.stdout:/usr/bin/ceph: stderr
2023-12-19T18:39:47.253+0000 7fb41294f700 1 --2- >> [v2:172.21.15.59:3300/0,v1:172.21.15.59:6789/0] conn(0x7fb40c1039c0 0x7fb40c103dd0 unknown :-1 s=NONE pgs=0 cs=0 l=0 rev1=0 crypto rx=0 tx=0 comp rx=0 tx=0).connect
2023-12-19T18:39:48.066 INFO:teuthology.orchestra.run.smithi059.stdout:/usr/bin/ceph: stderr
2023-12-19T18:39:47.253+0000 7fb41294f700 1 -- --> [v2:172.21.15.59:3300/0,v1:172.21.15.59:6789/0] -- mon_getmap magic: 0 v1 -- 0x7fb40c104310 con 0x7fb40c1039c0
2023-12-19T18:39:48.066 INFO:teuthology.orchestra.run.smithi059.stdout:/usr/bin/ceph: stderr
2023-12-19T18:39:47.253+0000 7fb40bfff700 1 --2- >> [v2:172.21.15.59:3300/0,v1:172.21.15.59:6789/0] conn(0x7fb40c1039c0 0x7fb40c103dd0 unknown :-1 s=BANNER_CONNECTING pgs=0 cs=0 l=0 rev1=0 crypto rx=0 tx=0 comp rx=0 tx=0)._handle_peer_banner_payload supported=3 required=0
2023-12-19T18:39:48.066 INFO:teuthology.orchestra.run.smithi059.stdout:/usr/bin/ceph: stderr
2023-12-19T18:39:47.253+0000 7fb40bfff700 1 --2- >> [v2:172.21.15.59:3300/0,v1:172.21.15.59:6789/0] conn(0x7fb40c1039c0 0x7fb40c103dd0 unknown :-1 s=HELLO_CONNECTING pgs=0 cs=0 l=0 rev1=1 crypto rx=0 tx=0 comp rx=0 tx=0).handle_hello peer v2:172.21.15.59:3300/0 says I am v2:172.21.15.59:45598/0 (socket says 172.21.15.59:45598)
2023-12-19T18:39:48.066 INFO:teuthology.orchestra.run.smithi059.stdout:/usr/bin/ceph: stderr
2023-12-19T18:39:47.253+0000 7fb40bfff700 1 -- 172.21.15.59:0/1120438309 learned_addr learned my addr 172.21.15.59:0/1120438309 (peer_addr_for_me v2:172.21.15.59:0/0)
2023-12-19T18:39:48.070 INFO:teuthology.orchestra.run.smithi059.stdout:/usr/bin/ceph: stderr
2023-12-19T18:39:47.253+0000 7fb40bfff700 1 -- 172.21.15.59:0/1120438309 --> [v2:172.21.15.59:3300/0,v1:172.21.15.59:6789/0] -- mon_subscribe({config=0+,monmap=0+}) v3 -- 0x7fb40c101fb0 con 0x7fb40c1039c0
2023-12-19T18:39:48.070 INFO:teuthology.orchestra.run.smithi059.stdout:/usr/bin/ceph: stderr
2023-12-19T18:39:47.253+0000 7fb40bfff700 1 --2- 172.21.15.59:0/1120438309 >> [v2:172.21.15.59:3300/0,v1:172.21.15.59:6789/0] conn(0x7fb40c1039c0 0x7fb40c103dd0 secure :-1 s=READY pgs=57 cs=0 l=1 rev1=1 crypto rx=0x7fb3fc0098e0 tx=0x7fb3fc009250 comp rx=0 tx=0).ready entity=mon.0 client_cookie=e0ff981a54bafe71 server_cookie=0 in_seq=0 out_seq=0
2023-12-19T18:39:48.070 INFO:teuthology.orchestra.run.smithi059.stdout:/usr/bin/ceph: stderr
2023-12-19T18:39:47.254+0000 7fb40affd700 1 -- 172.21.15.59:0/1120438309 <== mon.0 v2:172.21.15.59:3300/0 1 ==== mon_map magic: 0 v1 ==== 229+0+0 (secure 0 0 0) 0x7fb3fc00b860 con 0x7fb40c1039c0
2023-12-19T18:39:48.070 INFO:teuthology.orchestra.run.smithi059.stdout:/usr/bin/ceph: stderr
2023-12-19T18:39:47.254+0000 7fb40affd700 1 -- 172.21.15.59:0/1120438309 <== mon.0 v2:172.21.15.59:3300/0 2 ==== config(26 keys) v1 ==== 1074+0+0 (secure 0 0 0) 0x7fb3fc00be70 con 0x7fb40c1039c0
2023-12-19T18:39:48.070 INFO:teuthology.orchestra.run.smithi059.stdout:/usr/bin/ceph: stderr
2023-12-19T18:39:47.254+0000 7fb40affd700 1 -- 172.21.15.59:0/1120438309 <== mon.0 v2:172.21.15.59:3300/0 3 ==== mon_map magic: 0 v1 ==== 229+0+0 (secure 0 0 0) 0x7fb3fc010380 con 0x7fb40c1039c0
2023-12-19T18:39:48.070 INFO:teuthology.orchestra.run.smithi059.stdout:/usr/bin/ceph: stderr
2023-12-19T18:39:47.254+0000 7fb41294f700 1 -- 172.21.15.59:0/1120438309 >> [v2:172.21.15.59:3300/0,v1:172.21.15.59:6789/0] conn(0x7fb40c1039c0 msgr2=0x7fb40c103dd0 secure :-1 s=STATE_CONNECTION_ESTABLISHED l=1).mark_down
2023-12-19T18:39:48.070 INFO:teuthology.orchestra.run.smithi059.stdout:/usr/bin/ceph: stderr
2023-12-19T18:39:47.254+0000 7fb41294f700 1 --2- 172.21.15.59:0/1120438309 >> [v2:172.21.15.59:3300/0,v1:172.21.15.59:6789/0] conn(0x7fb40c1039c0 0x7fb40c103dd0 secure :-1 s=READY pgs=57 cs=0 l=1 rev1=1 crypto rx=0x7fb3fc0098e0 tx=0x7fb3fc009250 comp rx=0 tx=0).stop
2023-12-19T18:39:48.071 INFO:teuthology.orchestra.run.smithi059.stdout:/usr/bin/ceph: stderr
2023-12-19T18:39:47.254+0000 7fb41294f700 1 -- 172.21.15.59:0/1120438309 shutdown_connections
2023-12-19T18:39:48.071 INFO:teuthology.orchestra.run.smithi059.stdout:/usr/bin/ceph: stderr
2023-12-19T18:39:47.254+0000 7fb41294f700 1 --2- 172.21.15.59:0/1120438309 >> [v2:172.21.15.59:3300/0,v1:172.21.15.59:6789/0] conn(0x7fb40c1039c0 0x7fb40c103dd0 unknown :-1 s=CLOSED pgs=57 cs=0 l=1 rev1=1 crypto rx=0 tx=0 comp rx=0 tx=0).stop
2023-12-19T18:39:48.071 INFO:teuthology.orchestra.run.smithi059.stdout:/usr/bin/ceph: stderr
2023-12-19T18:39:47.254+0000 7fb41294f700 1 -- 172.21.15.59:0/1120438309 >> 172.21.15.59:0/1120438309 conn(0x7fb40c0fda40 msgr2=0x7fb40c0ffe70 unknown :-1 s=STATE_NONE l=0).mark_down
2023-12-19T18:39:48.071 INFO:teuthology.orchestra.run.smithi059.stdout:/usr/bin/ceph: stderr
2023-12-19T18:39:47.254+0000 7fb41294f700 1 -- 172.21.15.59:0/1120438309 shutdown_connections
2023-12-19T18:39:48.071 INFO:teuthology.orchestra.run.smithi059.stdout:/usr/bin/ceph: stderr
2023-12-19T18:39:47.254+0000 7fb41294f700 1 -- 172.21.15.59:0/1120438309 wait complete.
2023-12-19T18:39:48.071 INFO:teuthology.orchestra.run.smithi059.stdout:/usr/bin/ceph: stderr
2023-12-19T18:39:47.255+0000 7fb41294f700 1 Processor -- start
2023-12-19T18:39:48.071 INFO:teuthology.orchestra.run.smithi059.stdout:/usr/bin/ceph: stderr
2023-12-19T18:39:47.255+0000 7fb41294f700 1 -- start start
2023-12-19T18:39:48.071 INFO:teuthology.orchestra.run.smithi059.stdout:/usr/bin/ceph: stderr
2023-12-19T18:39:47.255+0000 7fb41294f700 1 --2- >> [v2:172.21.15.59:3300/0,v1:172.21.15.59:6789/0] conn(0x7fb40c1039c0 0x7fb40c078d10 unknown :-1 s=NONE pgs=0 cs=0 l=1 rev1=0 crypto rx=0 tx=0 comp rx=0 tx=0).connect
2023-12-19T18:39:48.071 INFO:teuthology.orchestra.run.smithi059.stdout:/usr/bin/ceph: stderr
2023-12-19T18:39:47.255+0000 7fb41294f700 1 -- --> [v2:172.21.15.59:3300/0,v1:172.21.15.59:6789/0] -- mon_getmap magic: 0 v1 -- 0x7fb40c077190 con 0x7fb40c1039c0
2023-12-19T18:39:48.071 INFO:teuthology.orchestra.run.smithi059.stdout:/usr/bin/ceph: stderr
2023-12-19T18:39:47.255+0000 7fb40bfff700 1 --2- >> [v2:172.21.15.59:3300/0,v1:172.21.15.59:6789/0] conn(0x7fb40c1039c0 0x7fb40c078d10 unknown :-1 s=BANNER_CONNECTING pgs=0 cs=0 l=1 rev1=0 crypto rx=0 tx=0 comp rx=0 tx=0)._handle_peer_banner_payload supported=3 required=0
2023-12-19T18:39:48.071 INFO:teuthology.orchestra.run.smithi059.stdout:/usr/bin/ceph: stderr
2023-12-19T18:39:47.255+0000 7fb40bfff700 1 --2- >> [v2:172.21.15.59:3300/0,v1:172.21.15.59:6789/0] conn(0x7fb40c1039c0 0x7fb40c078d10 unknown :-1 s=HELLO_CONNECTING pgs=0 cs=0 l=1 rev1=1 crypto rx=0 tx=0 comp rx=0 tx=0).handle_hello peer v2:172.21.15.59:3300/0 says I am v2:172.21.15.59:45604/0 (socket says 172.21.15.59:45604)
2023-12-19T18:39:48.071 INFO:teuthology.orchestra.run.smithi059.stdout:/usr/bin/ceph: stderr
2023-12-19T18:39:47.255+0000 7fb40bfff700 1 -- 172.21.15.59:0/1966128611 learned_addr learned my addr 172.21.15.59:0/1966128611 (peer_addr_for_me v2:172.21.15.59:0/0)
2023-12-19T18:39:48.071 INFO:teuthology.orchestra.run.smithi059.stdout:/usr/bin/ceph: stderr
2023-12-19T18:39:47.256+0000 7fb40bfff700 1 -- 172.21.15.59:0/1966128611 --> [v2:172.21.15.59:3300/0,v1:172.21.15.59:6789/0] -- mon_subscribe({config=0+,monmap=0+}) v3 -- 0x7fb3fc0094f0 con 0x7fb40c1039c0
2023-12-19T18:39:48.071 INFO:teuthology.orchestra.run.smithi059.stdout:/usr/bin/ceph: stderr
2023-12-19T18:39:47.256+0000 7fb40bfff700 1 --2- 172.21.15.59:0/1966128611 >> [v2:172.21.15.59:3300/0,v1:172.21.15.59:6789/0] conn(0x7fb40c1039c0 0x7fb40c078d10 secure :-1 s=READY pgs=58 cs=0 l=1 rev1=1 crypto rx=0x7fb3fc00bac0 tx=0x7fb3fc009250 comp rx=0 tx=0).ready entity=mon.0 client_cookie=0 server_cookie=0 in_seq=0 out_seq=0
2023-12-19T18:39:48.072 INFO:teuthology.orchestra.run.smithi059.stdout:/usr/bin/ceph: stderr
2023-12-19T18:39:47.256+0000 7fb408ff9700 1 -- 172.21.15.59:0/1966128611 <== mon.0 v2:172.21.15.59:3300/0 1 ==== mon_map magic: 0 v1 ==== 229+0+0 (secure 0 0 0) 0x7fb3fc0109b0 con 0x7fb40c1039c0
2023-12-19T18:39:48.072 INFO:teuthology.orchestra.run.smithi059.stdout:/usr/bin/ceph: stderr
2023-12-19T18:39:47.256+0000 7fb41294f700 1 -- 172.21.15.59:0/1966128611 --> [v2:172.21.15.59:3300/0,v1:172.21.15.59:6789/0] -- mon_subscribe({mgrmap=0+}) v3 -- 0x7fb40c077390 con 0x7fb40c1039c0
2023-12-19T18:39:48.072 INFO:teuthology.orchestra.run.smithi059.stdout:/usr/bin/ceph: stderr
2023-12-19T18:39:47.256+0000 7fb408ff9700 1 -- 172.21.15.59:0/1966128611 <== mon.0 v2:172.21.15.59:3300/0 2 ==== config(26 keys) v1 ==== 1074+0+0 (secure 0 0 0) 0x7fb3fc01a430 con 0x7fb40c1039c0
2023-12-19T18:39:48.072 INFO:teuthology.orchestra.run.smithi059.stdout:/usr/bin/ceph: stderr
2023-12-19T18:39:47.256+0000 7fb408ff9700 1 -- 172.21.15.59:0/1966128611 <== mon.0 v2:172.21.15.59:3300/0 3 ==== mon_map magic: 0 v1 ==== 229+0+0 (secure 0 0 0) 0x7fb3fc0245b0 con 0x7fb40c1039c0
2023-12-19T18:39:48.072 INFO:teuthology.orchestra.run.smithi059.stdout:/usr/bin/ceph: stderr
2023-12-19T18:39:47.256+0000 7fb41294f700 1 -- 172.21.15.59:0/1966128611 --> [v2:172.21.15.59:3300/0,v1:172.21.15.59:6789/0] -- mon_subscribe({osdmap=0}) v3 -- 0x7fb40c0777a0 con 0x7fb40c1039c0
2023-12-19T18:39:48.072 INFO:teuthology.orchestra.run.smithi059.stdout:/usr/bin/ceph: stderr
2023-12-19T18:39:47.257+0000 7fb408ff9700 1 -- 172.21.15.59:0/1966128611 <== mon.0 v2:172.21.15.59:3300/0 4 ==== mgrmap(e 8) v1 ==== 43281+0+0 (secure 0 0 0) 0x7fb3fc024820 con 0x7fb40c1039c0
2023-12-19T18:39:48.072 INFO:teuthology.orchestra.run.smithi059.stdout:/usr/bin/ceph: stderr
2023-12-19T18:39:47.257+0000 7fb41294f700 1 -- 172.21.15.59:0/1966128611 --> [v2:172.21.15.59:3300/0,v1:172.21.15.59:6789/0] -- mon_command({"prefix": "get_command_descriptions"} v 0) v1 -- 0x7fb40c10b190 con 0x7fb40c1039c0
2023-12-19T18:39:48.072 INFO:teuthology.orchestra.run.smithi059.stdout:/usr/bin/ceph: stderr
2023-12-19T18:39:47.257+0000 7fb408ff9700 1 --2- 172.21.15.59:0/1966128611 >> [v2:172.21.15.59:6800/2067989811,v1:172.21.15.59:6801/2067989811] conn(0x7fb3f40365f0 0x7fb3f4038aa0 unknown :-1 s=NONE pgs=0 cs=0 l=1 rev1=0 crypto rx=0 tx=0 comp rx=0 tx=0).connect
2023-12-19T18:39:48.072 INFO:teuthology.orchestra.run.smithi059.stdout:/usr/bin/ceph: stderr
2023-12-19T18:39:47.257+0000 7fb408ff9700 1 -- 172.21.15.59:0/1966128611 <== mon.0 v2:172.21.15.59:3300/0 5 ==== osd_map(2..2 src has 1..2) v4 ==== 936+0+0 (secure 0 0 0) 0x7fb3fc04a580 con 0x7fb40c1039c0
2023-12-19T18:39:48.072 INFO:teuthology.orchestra.run.smithi059.stdout:/usr/bin/ceph: stderr
2023-12-19T18:39:47.257+0000 7fb40b7fe700 1 --2- 172.21.15.59:0/1966128611 >> [v2:172.21.15.59:6800/2067989811,v1:172.21.15.59:6801/2067989811] conn(0x7fb3f40365f0 0x7fb3f4038aa0 unknown :-1 s=BANNER_CONNECTING pgs=0 cs=0 l=1 rev1=0 crypto rx=0 tx=0 comp rx=0 tx=0)._handle_peer_banner_payload supported=3 required=0
2023-12-19T18:39:48.072 INFO:teuthology.orchestra.run.smithi059.stdout:/usr/bin/ceph: stderr
2023-12-19T18:39:47.258+0000 7fb40b7fe700 1 --2- 172.21.15.59:0/1966128611 >> [v2:172.21.15.59:6800/2067989811,v1:172.21.15.59:6801/2067989811] conn(0x7fb3f40365f0 0x7fb3f4038aa0 secure :-1 s=READY pgs=18 cs=0 l=1 rev1=1 crypto rx=0x7fb400009990 tx=0x7fb400006e40 comp rx=0 tx=0).ready entity=mgr.14118 client_cookie=0 server_cookie=0 in_seq=0 out_seq=0
2023-12-19T18:39:48.072 INFO:teuthology.orchestra.run.smithi059.stdout:/usr/bin/ceph: stderr
2023-12-19T18:39:47.262+0000 7fb408ff9700 1 -- 172.21.15.59:0/1966128611 <== mon.0 v2:172.21.15.59:3300/0 6 ==== mon_command_ack([{"prefix": "get_command_descriptions"}]=0 v0) v1 ==== 72+0+174570 (secure 0 0 0) 0x7fb3fc018940 con 0x7fb40c1039c0
2023-12-19T18:39:48.072 INFO:teuthology.orchestra.run.smithi059.stdout:/usr/bin/ceph: stderr
2023-12-19T18:39:47.474+0000 7fb41294f700 1 -- 172.21.15.59:0/1966128611 --> [v2:172.21.15.59:6800/2067989811,v1:172.21.15.59:6801/2067989811] -- mgr_command(tid 0: {"prefix": "orch apply", "service_type": "alertmanager", "target": ["mon-mgr", ""]}) v1 -- 0x7fb40c077aa0 con 0x7fb3f40365f0
2023-12-19T18:39:48.072 INFO:teuthology.orchestra.run.smithi059.stdout:/usr/bin/ceph: stderr
2023-12-19T18:39:47.481+0000 7fb408ff9700 1 -- 172.21.15.59:0/1966128611 <== mgr.14118 v2:172.21.15.59:6800/2067989811 1 ==== mgr_command_reply(tid 0: 0 ) v1 ==== 8+0+33 (secure 0 0 0) 0x7fb40c077aa0 con 0x7fb3f40365f0
2023-12-19T18:39:48.072 INFO:teuthology.orchestra.run.smithi059.stdout:/usr/bin/ceph: stderr
2023-12-19T18:39:47.483+0000 7fb41294f700 1 -- 172.21.15.59:0/1966128611 >> [v2:172.21.15.59:6800/2067989811,v1:172.21.15.59:6801/2067989811] conn(0x7fb3f40365f0 msgr2=0x7fb3f4038aa0 secure :-1 s=STATE_CONNECTION_ESTABLISHED l=1).mark_down
2023-12-19T18:39:48.073 INFO:teuthology.orchestra.run.smithi059.stdout:/usr/bin/ceph: stderr
2023-12-19T18:39:47.483+0000 7fb41294f700 1 --2- 172.21.15.59:0/1966128611 >> [v2:172.21.15.59:6800/2067989811,v1:172.21.15.59:6801/2067989811] conn(0x7fb3f40365f0 0x7fb3f4038aa0 secure :-1 s=READY pgs=18 cs=0 l=1 rev1=1 crypto rx=0x7fb400009990 tx=0x7fb400006e40 comp rx=0 tx=0).stop
2023-12-19T18:39:48.073 INFO:teuthology.orchestra.run.smithi059.stdout:/usr/bin/ceph: stderr
2023-12-19T18:39:47.483+0000 7fb41294f700 1 -- 172.21.15.59:0/1966128611 >> [v2:172.21.15.59:3300/0,v1:172.21.15.59:6789/0] conn(0x7fb40c1039c0 msgr2=0x7fb40c078d10 secure :-1 s=STATE_CONNECTION_ESTABLISHED l=1).mark_down
2023-12-19T18:39:48.073 INFO:teuthology.orchestra.run.smithi059.stdout:/usr/bin/ceph: stderr
2023-12-19T18:39:47.483+0000 7fb41294f700 1 --2- 172.21.15.59:0/1966128611 >> [v2:172.21.15.59:3300/0,v1:172.21.15.59:6789/0] conn(0x7fb40c1039c0 0x7fb40c078d10 secure :-1 s=READY pgs=58 cs=0 l=1 rev1=1 crypto rx=0x7fb3fc00bac0 tx=0x7fb3fc009250 comp rx=0 tx=0).stop
2023-12-19T18:39:48.073 INFO:teuthology.orchestra.run.smithi059.stdout:/usr/bin/ceph: stderr
2023-12-19T18:39:47.483+0000 7fb41294f700 1 -- 172.21.15.59:0/1966128611 shutdown_connections
2023-12-19T18:39:48.073 INFO:teuthology.orchestra.run.smithi059.stdout:/usr/bin/ceph: stderr
2023-12-19T18:39:47.483+0000 7fb41294f700 1 --2- 172.21.15.59:0/1966128611 >> [v2:172.21.15.59:6800/2067989811,v1:172.21.15.59:6801/2067989811] conn(0x7fb3f40365f0 0x7fb3f4038aa0 unknown :-1 s=CLOSED pgs=18 cs=0 l=1 rev1=1 crypto rx=0 tx=0 comp rx=0 tx=0).stop
2023-12-19T18:39:48.073 INFO:teuthology.orchestra.run.smithi059.stdout:/usr/bin/ceph: stderr
2023-12-19T18:39:47.483+0000 7fb41294f700 1 --2- 172.21.15.59:0/1966128611 >> [v2:172.21.15.59:3300/0,v1:172.21.15.59:6789/0] conn(0x7fb40c1039c0 0x7fb40c078d10 unknown :-1 s=CLOSED pgs=58 cs=0 l=1 rev1=1 crypto rx=0 tx=0 comp rx=0 tx=0).stop
2023-12-19T18:39:48.073 INFO:teuthology.orchestra.run.smithi059.stdout:/usr/bin/ceph: stderr
2023-12-19T18:39:47.483+0000 7fb41294f700 1 -- 172.21.15.59:0/1966128611 >> 172.21.15.59:0/1966128611 conn(0x7fb40c0fda40 msgr2=0x7fb40c0ff1c0 unknown :-1 s=STATE_NONE l=0).mark_down
2023-12-19T18:39:48.073 INFO:teuthology.orchestra.run.smithi059.stdout:/usr/bin/ceph: stderr
2023-12-19T18:39:47.483+0000 7fb41294f700 1 -- 172.21.15.59:0/1966128611 shutdown_connections
2023-12-19T18:39:48.073 INFO:teuthology.orchestra.run.smithi059.stdout:/usr/bin/ceph: stderr
2023-12-19T18:39:47.484+0000 7fb41294f700 1 -- 172.21.15.59:0/1966128611 wait complete.
2023-12-19T18:39:48.664 INFO:journalctl@ceph.mon.smithi059.smithi059.stdout:Dec 19 18:39:48 smithi059 ceph-mon[80661]: pgmap v3: 0 pgs: ; 0 B data, 0 B used, 0 B / 0 B avail
2023-12-19T18:39:48.664 INFO:journalctl@ceph.mon.smithi059.smithi059.stdout:Dec 19 18:39:48 smithi059 ceph-mon[80661]: from='client.14152 -' entity='client.admin' cmd=[{"prefix": "orch apply", "service_type": "alertmanager", "target": ["mon-mgr", ""]}]: dispatch
2023-12-19T18:39:48.664 INFO:journalctl@ceph.mon.smithi059.smithi059.stdout:Dec 19 18:39:48 smithi059 ceph-mon[80661]: Saving service alertmanager spec with placement count:1
2023-12-19T18:39:48.664 INFO:journalctl@ceph.mon.smithi059.smithi059.stdout:Dec 19 18:39:48 smithi059 ceph-mon[80661]: from='mgr.14118 172.21.15.59:0/1203771061' entity='mgr.smithi059.ccbnob'
2023-12-19T18:39:49.176 INFO:teuthology.orchestra.run.smithi059.stdout:/usr/bin/ceph: stderr
2023-12-19T18:39:48.459+0000 7fb028501700 1 Processor -- start
2023-12-19T18:39:49.176 INFO:teuthology.orchestra.run.smithi059.stdout:/usr/bin/ceph: stderr
2023-12-19T18:39:48.459+0000 7fb028501700 1 -- start start
2023-12-19T18:39:49.177 INFO:teuthology.orchestra.run.smithi059.stdout:/usr/bin/ceph: stderr
2023-12-19T18:39:48.459+0000 7fb028501700 1 --2- >> [v2:172.21.15.59:3300/0,v1:172.21.15.59:6789/0] conn(0x7fb0201039c0 0x7fb020103dd0 unknown :-1 s=NONE pgs=0 cs=0 l=0 rev1=0 crypto rx=0 tx=0 comp rx=0 tx=0).connect
2023-12-19T18:39:49.177 INFO:teuthology.orchestra.run.smithi059.stdout:/usr/bin/ceph: stderr
2023-12-19T18:39:48.459+0000 7fb028501700 1 -- --> [v2:172.21.15.59:3300/0,v1:172.21.15.59:6789/0] -- mon_getmap magic: 0 v1 -- 0x7fb020104310 con 0x7fb0201039c0
2023-12-19T18:39:49.177 INFO:teuthology.orchestra.run.smithi059.stdout:/usr/bin/ceph: stderr
2023-12-19T18:39:48.459+0000 7fb02629d700 1 --2- >> [v2:172.21.15.59:3300/0,v1:172.21.15.59:6789/0] conn(0x7fb0201039c0 0x7fb020103dd0 unknown :-1 s=BANNER_CONNECTING pgs=0 cs=0 l=0 rev1=0 crypto rx=0 tx=0 comp rx=0 tx=0)._handle_peer_banner_payload supported=3 required=0
2023-12-19T18:39:49.177 INFO:teuthology.orchestra.run.smithi059.stdout:/usr/bin/ceph: stderr
2023-12-19T18:39:48.459+0000 7fb02629d700 1 --2- >> [v2:172.21.15.59:3300/0,v1:172.21.15.59:6789/0] conn(0x7fb0201039c0 0x7fb020103dd0 unknown :-1 s=HELLO_CONNECTING pgs=0 cs=0 l=0 rev1=1 crypto rx=0 tx=0 comp rx=0 tx=0).handle_hello peer v2:172.21.15.59:3300/0 says I am v2:172.21.15.59:45614/0 (socket says 172.21.15.59:45614)
2023-12-19T18:39:49.177 INFO:teuthology.orchestra.run.smithi059.stdout:/usr/bin/ceph: stderr
2023-12-19T18:39:48.459+0000 7fb02629d700 1 -- 172.21.15.59:0/548080121 learned_addr learned my addr 172.21.15.59:0/548080121 (peer_addr_for_me v2:172.21.15.59:0/0)
2023-12-19T18:39:49.177 INFO:teuthology.orchestra.run.smithi059.stdout:/usr/bin/ceph: stderr
2023-12-19T18:39:48.459+0000 7fb02629d700 1 -- 172.21.15.59:0/548080121 --> [v2:172.21.15.59:3300/0,v1:172.21.15.59:6789/0] -- mon_subscribe({config=0+,monmap=0+}) v3 -- 0x7fb020101fb0 con 0x7fb0201039c0
2023-12-19T18:39:49.177 INFO:teuthology.orchestra.run.smithi059.stdout:/usr/bin/ceph: stderr
2023-12-19T18:39:48.460+0000 7fb02629d700 1 --2- 172.21.15.59:0/548080121 >> [v2:172.21.15.59:3300/0,v1:172.21.15.59:6789/0] conn(0x7fb0201039c0 0x7fb020103dd0 secure :-1 s=READY pgs=59 cs=0 l=1 rev1=1 crypto rx=0x7fb01c0098e0 tx=0x7fb01c009250 comp rx=0 tx=0).ready entity=mon.0 client_cookie=8e3ab7a6a8f5a710 server_cookie=0 in_seq=0 out_seq=0
2023-12-19T18:39:49.177 INFO:teuthology.orchestra.run.smithi059.stdout:/usr/bin/ceph: stderr
2023-12-19T18:39:48.460+0000 7fb02529b700 1 -- 172.21.15.59:0/548080121 <== mon.0 v2:172.21.15.59:3300/0 1 ==== mon_map magic: 0 v1 ==== 229+0+0 (secure 0 0 0) 0x7fb01c00b860 con 0x7fb0201039c0
2023-12-19T18:39:49.177 INFO:teuthology.orchestra.run.smithi059.stdout:/usr/bin/ceph: stderr
2023-12-19T18:39:48.460+0000 7fb02529b700 1 -- 172.21.15.59:0/548080121 <== mon.0 v2:172.21.15.59:3300/0 2 ==== config(26 keys) v1 ==== 1074+0+0 (secure 0 0 0) 0x7fb01c00be70 con 0x7fb0201039c0
2023-12-19T18:39:49.177 INFO:teuthology.orchestra.run.smithi059.stdout:/usr/bin/ceph: stderr
2023-12-19T18:39:48.460+0000 7fb02529b700 1 -- 172.21.15.59:0/548080121 <== mon.0 v2:172.21.15.59:3300/0 3 ==== mon_map magic: 0 v1 ==== 229+0+0 (secure 0 0 0) 0x7fb01c010380 con 0x7fb0201039c0
2023-12-19T18:39:49.177 INFO:teuthology.orchestra.run.smithi059.stdout:/usr/bin/ceph: stderr
2023-12-19T18:39:48.461+0000 7fb028501700 1 -- 172.21.15.59:0/548080121 >> [v2:172.21.15.59:3300/0,v1:172.21.15.59:6789/0] conn(0x7fb0201039c0 msgr2=0x7fb020103dd0 secure :-1 s=STATE_CONNECTION_ESTABLISHED l=1).mark_down
2023-12-19T18:39:49.177 INFO:teuthology.orchestra.run.smithi059.stdout:/usr/bin/ceph: stderr
2023-12-19T18:39:48.461+0000 7fb028501700 1 --2- 172.21.15.59:0/548080121 >> [v2:172.21.15.59:3300/0,v1:172.21.15.59:6789/0] conn(0x7fb0201039c0 0x7fb020103dd0 secure :-1 s=READY pgs=59 cs=0 l=1 rev1=1 crypto rx=0x7fb01c0098e0 tx=0x7fb01c009250 comp rx=0 tx=0).stop
2023-12-19T18:39:49.178 INFO:teuthology.orchestra.run.smithi059.stdout:/usr/bin/ceph: stderr
2023-12-19T18:39:48.461+0000 7fb028501700 1 -- 172.21.15.59:0/548080121 shutdown_connections
2023-12-19T18:39:49.178 INFO:teuthology.orchestra.run.smithi059.stdout:/usr/bin/ceph: stderr
2023-12-19T18:39:48.461+0000 7fb028501700 1 --2- 172.21.15.59:0/548080121 >> [v2:172.21.15.59:3300/0,v1:172.21.15.59:6789/0] conn(0x7fb0201039c0 0x7fb020103dd0 unknown :-1 s=CLOSED pgs=59 cs=0 l=1 rev1=1 crypto rx=0 tx=0 comp rx=0 tx=0).stop
2023-12-19T18:39:49.178 INFO:teuthology.orchestra.run.smithi059.stdout:/usr/bin/ceph: stderr
2023-12-19T18:39:48.461+0000 7fb028501700 1 -- 172.21.15.59:0/548080121 >> 172.21.15.59:0/548080121 conn(0x7fb0200fda40 msgr2=0x7fb0200ffe70 unknown :-1 s=STATE_NONE l=0).mark_down
2023-12-19T18:39:49.178 INFO:teuthology.orchestra.run.smithi059.stdout:/usr/bin/ceph: stderr
2023-12-19T18:39:48.461+0000 7fb028501700 1 -- 172.21.15.59:0/548080121 shutdown_connections
2023-12-19T18:39:49.178 INFO:teuthology.orchestra.run.smithi059.stdout:/usr/bin/ceph: stderr
2023-12-19T18:39:48.461+0000 7fb028501700 1 -- 172.21.15.59:0/548080121 wait complete.
2023-12-19T18:39:49.178 INFO:teuthology.orchestra.run.smithi059.stdout:/usr/bin/ceph: stderr
2023-12-19T18:39:48.461+0000 7fb028501700 1 Processor -- start
2023-12-19T18:39:49.178 INFO:teuthology.orchestra.run.smithi059.stdout:/usr/bin/ceph: stderr
2023-12-19T18:39:48.461+0000 7fb028501700 1 -- start start
2023-12-19T18:39:49.178 INFO:teuthology.orchestra.run.smithi059.stdout:/usr/bin/ceph: stderr
2023-12-19T18:39:48.462+0000 7fb028501700 1 --2- >> [v2:172.21.15.59:3300/0,v1:172.21.15.59:6789/0] conn(0x7fb0201039c0 0x7fb020078d10 unknown :-1 s=NONE pgs=0 cs=0 l=1 rev1=0 crypto rx=0 tx=0 comp rx=0 tx=0).connect
2023-12-19T18:39:49.178 INFO:teuthology.orchestra.run.smithi059.stdout:/usr/bin/ceph: stderr
2023-12-19T18:39:48.462+0000 7fb028501700 1 -- --> [v2:172.21.15.59:3300/0,v1:172.21.15.59:6789/0] -- mon_getmap magic: 0 v1 -- 0x7fb020077190 con 0x7fb0201039c0
2023-12-19T18:39:49.178 INFO:teuthology.orchestra.run.smithi059.stdout:/usr/bin/ceph: stderr
2023-12-19T18:39:48.462+0000 7fb02629d700 1 --2- >> [v2:172.21.15.59:3300/0,v1:172.21.15.59:6789/0] conn(0x7fb0201039c0 0x7fb020078d10 unknown :-1 s=BANNER_CONNECTING pgs=0 cs=0 l=1 rev1=0 crypto rx=0 tx=0 comp rx=0 tx=0)._handle_peer_banner_payload supported=3 required=0
2023-12-19T18:39:49.178 INFO:teuthology.orchestra.run.smithi059.stdout:/usr/bin/ceph: stderr
2023-12-19T18:39:48.462+0000 7fb02629d700 1 --2- >> [v2:172.21.15.59:3300/0,v1:172.21.15.59:6789/0] conn(0x7fb0201039c0 0x7fb020078d10 unknown :-1 s=HELLO_CONNECTING pgs=0 cs=0 l=1 rev1=1 crypto rx=0 tx=0 comp rx=0 tx=0).handle_hello peer v2:172.21.15.59:3300/0 says I am v2:172.21.15.59:45626/0 (socket says 172.21.15.59:45626)
2023-12-19T18:39:49.178 INFO:teuthology.orchestra.run.smithi059.stdout:/usr/bin/ceph: stderr
2023-12-19T18:39:48.462+0000 7fb02629d700 1 -- 172.21.15.59:0/2325333884 learned_addr learned my addr 172.21.15.59:0/2325333884 (peer_addr_for_me v2:172.21.15.59:0/0)
2023-12-19T18:39:49.178 INFO:teuthology.orchestra.run.smithi059.stdout:/usr/bin/ceph: stderr
2023-12-19T18:39:48.462+0000 7fb02629d700 1 -- 172.21.15.59:0/2325333884 --> [v2:172.21.15.59:3300/0,v1:172.21.15.59:6789/0] -- mon_subscribe({config=0+,monmap=0+}) v3 -- 0x7fb01c0094f0 con 0x7fb0201039c0
2023-12-19T18:39:49.178 INFO:teuthology.orchestra.run.smithi059.stdout:/usr/bin/ceph: stderr
2023-12-19T18:39:48.462+0000 7fb02629d700 1 --2- 172.21.15.59:0/2325333884 >> [v2:172.21.15.59:3300/0,v1:172.21.15.59:6789/0] conn(0x7fb0201039c0 0x7fb020078d10 secure :-1 s=READY pgs=60 cs=0 l=1 rev1=1 crypto rx=0x7fb01c003080 tx=0x7fb01c009250 comp rx=0 tx=0).ready entity=mon.0 client_cookie=0 server_cookie=0 in_seq=0 out_seq=0
2023-12-19T18:39:49.179 INFO:teuthology.orchestra.run.smithi059.stdout:/usr/bin/ceph: stderr
2023-12-19T18:39:48.462+0000 7fb016ffd700 1 -- 172.21.15.59:0/2325333884 <== mon.0 v2:172.21.15.59:3300/0 1 ==== mon_map magic: 0 v1 ==== 229+0+0 (secure 0 0 0) 0x7fb01c010800 con 0x7fb0201039c0
2023-12-19T18:39:49.179 INFO:teuthology.orchestra.run.smithi059.stdout:/usr/bin/ceph: stderr
2023-12-19T18:39:48.462+0000 7fb016ffd700 1 -- 172.21.15.59:0/2325333884 <== mon.0 v2:172.21.15.59:3300/0 2 ==== config(26 keys) v1 ==== 1074+0+0 (secure 0 0 0) 0x7fb01c010e10 con 0x7fb0201039c0
2023-12-19T18:39:49.179 INFO:teuthology.orchestra.run.smithi059.stdout:/usr/bin/ceph: stderr
2023-12-19T18:39:48.462+0000 7fb028501700 1 -- 172.21.15.59:0/2325333884 --> [v2:172.21.15.59:3300/0,v1:172.21.15.59:6789/0] -- mon_subscribe({mgrmap=0+}) v3 -- 0x7fb020077390 con 0x7fb0201039c0
2023-12-19T18:39:49.180 INFO:teuthology.orchestra.run.smithi059.stdout:/usr/bin/ceph: stderr
2023-12-19T18:39:48.462+0000 7fb016ffd700 1 -- 172.21.15.59:0/2325333884 <== mon.0 v2:172.21.15.59:3300/0 3 ==== mon_map magic: 0 v1 ==== 229+0+0 (secure 0 0 0) 0x7fb01c01a430 con 0x7fb0201039c0
2023-12-19T18:39:49.180 INFO:teuthology.orchestra.run.smithi059.stdout:/usr/bin/ceph: stderr
2023-12-19T18:39:48.462+0000 7fb028501700 1 -- 172.21.15.59:0/2325333884 --> [v2:172.21.15.59:3300/0,v1:172.21.15.59:6789/0] -- mon_subscribe({osdmap=0}) v3 -- 0x7fb0200777a0 con 0x7fb0201039c0
2023-12-19T18:39:49.180 INFO:teuthology.orchestra.run.smithi059.stdout:/usr/bin/ceph: stderr
2023-12-19T18:39:48.463+0000 7fb016ffd700 1 -- 172.21.15.59:0/2325333884 <== mon.0 v2:172.21.15.59:3300/0 4 ==== mgrmap(e 8) v1 ==== 43281+0+0 (secure 0 0 0) 0x7fb01c024790 con 0x7fb0201039c0
2023-12-19T18:39:49.180 INFO:teuthology.orchestra.run.smithi059.stdout:/usr/bin/ceph: stderr
2023-12-19T18:39:48.463+0000 7fb028501700 1 -- 172.21.15.59:0/2325333884 --> [v2:172.21.15.59:3300/0,v1:172.21.15.59:6789/0] -- mon_command({"prefix": "get_command_descriptions"} v 0) v1 -- 0x7fb02005f270 con 0x7fb0201039c0
2023-12-19T18:39:49.180 INFO:teuthology.orchestra.run.smithi059.stdout:/usr/bin/ceph: stderr
2023-12-19T18:39:48.463+0000 7fb016ffd700 1 --2- 172.21.15.59:0/2325333884 >> [v2:172.21.15.59:6800/2067989811,v1:172.21.15.59:6801/2067989811] conn(0x7fb00c036640 0x7fb00c038af0 unknown :-1 s=NONE pgs=0 cs=0 l=1 rev1=0 crypto rx=0 tx=0 comp rx=0 tx=0).connect
2023-12-19T18:39:49.180 INFO:teuthology.orchestra.run.smithi059.stdout:/usr/bin/ceph: stderr
2023-12-19T18:39:48.463+0000 7fb016ffd700 1 -- 172.21.15.59:0/2325333884 <== mon.0 v2:172.21.15.59:3300/0 5 ==== osd_map(2..2 src has 1..2) v4 ==== 936+0+0 (secure 0 0 0) 0x7fb01c04a5e0 con 0x7fb0201039c0
2023-12-19T18:39:49.180 INFO:teuthology.orchestra.run.smithi059.stdout:/usr/bin/ceph: stderr
2023-12-19T18:39:48.464+0000 7fb025a9c700 1 --2- 172.21.15.59:0/2325333884 >> [v2:172.21.15.59:6800/2067989811,v1:172.21.15.59:6801/2067989811] conn(0x7fb00c036640 0x7fb00c038af0 unknown :-1 s=BANNER_CONNECTING pgs=0 cs=0 l=1 rev1=0 crypto rx=0 tx=0 comp rx=0 tx=0)._handle_peer_banner_payload supported=3 required=0
2023-12-19T18:39:49.180 INFO:teuthology.orchestra.run.smithi059.stdout:/usr/bin/ceph: stderr
2023-12-19T18:39:48.464+0000 7fb025a9c700 1 --2- 172.21.15.59:0/2325333884 >> [v2:172.21.15.59:6800/2067989811,v1:172.21.15.59:6801/2067989811] conn(0x7fb00c036640 0x7fb00c038af0 secure :-1 s=READY pgs=19 cs=0 l=1 rev1=1 crypto rx=0x7fb010009990 tx=0x7fb010006e40 comp rx=0 tx=0).ready entity=mgr.14118 client_cookie=0 server_cookie=0 in_seq=0 out_seq=0
2023-12-19T18:39:49.180 INFO:teuthology.orchestra.run.smithi059.stdout:/usr/bin/ceph: stderr
2023-12-19T18:39:48.468+0000 7fb016ffd700 1 -- 172.21.15.59:0/2325333884 <== mon.0 v2:172.21.15.59:3300/0 6 ==== mon_command_ack([{"prefix": "get_command_descriptions"}]=0 v0) v1 ==== 72+0+174570 (secure 0 0 0) 0x7fb01c024440 con 0x7fb0201039c0
2023-12-19T18:39:49.181 INFO:teuthology.orchestra.run.smithi059.stdout:/usr/bin/ceph: stderr
2023-12-19T18:39:48.664+0000 7fb028501700 1 -- 172.21.15.59:0/2325333884 --> [v2:172.21.15.59:3300/0,v1:172.21.15.59:6789/0] -- mon_command([{prefix=config set, name=mgr/cephadm/container_init}] v 0) v1 -- 0x7fb020077c20 con 0x7fb0201039c0
2023-12-19T18:39:49.181 INFO:teuthology.orchestra.run.smithi059.stdout:/usr/bin/ceph: stderr
2023-12-19T18:39:48.668+0000 7fb016ffd700 1 -- 172.21.15.59:0/2325333884 <== mon.0 v2:172.21.15.59:3300/0 7 ==== mon_command_ack([{prefix=config set, name=mgr/cephadm/container_init}]=0 v7)=0 v7) v1 ==== 142+0+0 (secure 0 0 0) 0x7fb01c022340 con 0x7fb0201039c0
2023-12-19T18:39:49.181 INFO:teuthology.orchestra.run.smithi059.stdout:/usr/bin/ceph: stderr
2023-12-19T18:39:48.670+0000 7fb028501700 1 -- 172.21.15.59:0/2325333884 >> [v2:172.21.15.59:6800/2067989811,v1:172.21.15.59:6801/2067989811] conn(0x7fb00c036640 msgr2=0x7fb00c038af0 secure :-1 s=STATE_CONNECTION_ESTABLISHED l=1).mark_down
2023-12-19T18:39:49.181 INFO:teuthology.orchestra.run.smithi059.stdout:/usr/bin/ceph: stderr
2023-12-19T18:39:48.670+0000 7fb028501700 1 --2- 172.21.15.59:0/2325333884 >> [v2:172.21.15.59:6800/2067989811,v1:172.21.15.59:6801/2067989811] conn(0x7fb00c036640 0x7fb00c038af0 secure :-1 s=READY pgs=19 cs=0 l=1 rev1=1 crypto rx=0x7fb010009990 tx=0x7fb010006e40 comp rx=0 tx=0).stop
2023-12-19T18:39:49.181 INFO:teuthology.orchestra.run.smithi059.stdout:/usr/bin/ceph: stderr
2023-12-19T18:39:48.670+0000 7fb028501700 1 -- 172.21.15.59:0/2325333884 >> [v2:172.21.15.59:3300/0,v1:172.21.15.59:6789/0] conn(0x7fb0201039c0 msgr2=0x7fb020078d10 secure :-1 s=STATE_CONNECTION_ESTABLISHED l=1).mark_down
2023-12-19T18:39:49.181 INFO:teuthology.orchestra.run.smithi059.stdout:/usr/bin/ceph: stderr
2023-12-19T18:39:48.670+0000 7fb028501700 1 --2- 172.21.15.59:0/2325333884 >> [v2:172.21.15.59:3300/0,v1:172.21.15.59:6789/0] conn(0x7fb0201039c0 0x7fb020078d10 secure :-1 s=READY pgs=60 cs=0 l=1 rev1=1 crypto rx=0x7fb01c003080 tx=0x7fb01c009250 comp rx=0 tx=0).stop
2023-12-19T18:39:49.181 INFO:teuthology.orchestra.run.smithi059.stdout:/usr/bin/ceph: stderr
2023-12-19T18:39:48.670+0000 7fb028501700 1 -- 172.21.15.59:0/2325333884 shutdown_connections
2023-12-19T18:39:49.181 INFO:teuthology.orchestra.run.smithi059.stdout:/usr/bin/ceph: stderr
2023-12-19T18:39:48.670+0000 7fb028501700 1 --2- 172.21.15.59:0/2325333884 >> [v2:172.21.15.59:6800/2067989811,v1:172.21.15.59:6801/2067989811] conn(0x7fb00c036640 0x7fb00c038af0 unknown :-1 s=CLOSED pgs=19 cs=0 l=1 rev1=1 crypto rx=0 tx=0 comp rx=0 tx=0).stop
2023-12-19T18:39:49.181 INFO:teuthology.orchestra.run.smithi059.stdout:/usr/bin/ceph: stderr
2023-12-19T18:39:48.670+0000 7fb028501700 1 --2- 172.21.15.59:0/2325333884 >> [v2:172.21.15.59:3300/0,v1:172.21.15.59:6789/0] conn(0x7fb0201039c0 0x7fb020078d10 unknown :-1 s=CLOSED pgs=60 cs=0 l=1 rev1=1 crypto rx=0 tx=0 comp rx=0 tx=0).stop
2023-12-19T18:39:49.181 INFO:teuthology.orchestra.run.smithi059.stdout:/usr/bin/ceph: stderr
2023-12-19T18:39:48.670+0000 7fb028501700 1 -- 172.21.15.59:0/2325333884 >> 172.21.15.59:0/2325333884 conn(0x7fb0200fda40 msgr2=0x7fb0200ff190 unknown :-1 s=STATE_NONE l=0).mark_down
2023-12-19T18:39:49.181 INFO:teuthology.orchestra.run.smithi059.stdout:/usr/bin/ceph: stderr
2023-12-19T18:39:48.670+0000 7fb028501700 1 -- 172.21.15.59:0/2325333884 shutdown_connections
2023-12-19T18:39:49.181 INFO:teuthology.orchestra.run.smithi059.stdout:/usr/bin/ceph: stderr
2023-12-19T18:39:48.670+0000 7fb028501700 1 -- 172.21.15.59:0/2325333884 wait complete.
2023-12-19T18:39:49.808 INFO:journalctl@ceph.mon.smithi059.smithi059.stdout:Dec 19 18:39:49 smithi059 ceph-mon[80661]: from='client.? 172.21.15.59:0/2325333884' entity='client.admin'
2023-12-19T18:39:49.808 INFO:journalctl@ceph.mon.smithi059.smithi059.stdout:Dec 19 18:39:49 smithi059 ceph-mon[80661]: pgmap v4: 0 pgs: ; 0 B data, 0 B used, 0 B / 0 B avail
2023-12-19T18:39:50.454 INFO:teuthology.orchestra.run.smithi059.stdout:/usr/bin/ceph: stderr
2023-12-19T18:39:49.599+0000 7f68661f3700 1 Processor -- start
2023-12-19T18:39:50.460 INFO:teuthology.orchestra.run.smithi059.stdout:/usr/bin/ceph: stderr
2023-12-19T18:39:49.600+0000 7f68661f3700 1 -- start start
2023-12-19T18:39:50.460 INFO:teuthology.orchestra.run.smithi059.stdout:/usr/bin/ceph: stderr
2023-12-19T18:39:49.600+0000 7f68661f3700 1 --2- >> [v2:172.21.15.59:3300/0,v1:172.21.15.59:6789/0] conn(0x7f6860070fc0 0x7f6860104ee0 unknown :-1 s=NONE pgs=0 cs=0 l=0 rev1=0 crypto rx=0 tx=0 comp rx=0 tx=0).connect
2023-12-19T18:39:50.460 INFO:teuthology.orchestra.run.smithi059.stdout:/usr/bin/ceph: stderr
2023-12-19T18:39:49.600+0000 7f68661f3700 1 -- --> [v2:172.21.15.59:3300/0,v1:172.21.15.59:6789/0] -- mon_getmap magic: 0 v1 -- 0x7f6860105420 con 0x7f6860070fc0
2023-12-19T18:39:50.460 INFO:teuthology.orchestra.run.smithi059.stdout:/usr/bin/ceph: stderr
2023-12-19T18:39:49.600+0000 7f685f7fe700 1 --2- >> [v2:172.21.15.59:3300/0,v1:172.21.15.59:6789/0] conn(0x7f6860070fc0 0x7f6860104ee0 unknown :-1 s=BANNER_CONNECTING pgs=0 cs=0 l=0 rev1=0 crypto rx=0 tx=0 comp rx=0 tx=0)._handle_peer_banner_payload supported=3 required=0
2023-12-19T18:39:50.460 INFO:teuthology.orchestra.run.smithi059.stdout:/usr/bin/ceph: stderr
2023-12-19T18:39:49.600+0000 7f685f7fe700 1 --2- >> [v2:172.21.15.59:3300/0,v1:172.21.15.59:6789/0] conn(0x7f6860070fc0 0x7f6860104ee0 unknown :-1 s=HELLO_CONNECTING pgs=0 cs=0 l=0 rev1=1 crypto rx=0 tx=0 comp rx=0 tx=0).handle_hello peer v2:172.21.15.59:3300/0 says I am v2:172.21.15.59:45628/0 (socket says 172.21.15.59:45628)
