2023-12-19T18:40:03.495 INFO:teuthology.orchestra.run.smithi059.stdout:/usr/bin/ceph: stderr
2023-12-19T18:40:02.024+0000 7f42e6ffd700 1 -- 172.21.15.59:0/1888398999 <== mon.0 v2:172.21.15.59:3300/0 1 ==== mon_map magic: 0 v1 ==== 229+0+0 (secure 0 0 0) 0x7f42ec010960 con 0x7f42f01011d0
2023-12-19T18:40:03.495 INFO:teuthology.orchestra.run.smithi059.stdout:/usr/bin/ceph: stderr
2023-12-19T18:40:02.024+0000 7f42f85ed700 1 -- 172.21.15.59:0/1888398999 --> [v2:172.21.15.59:3300/0,v1:172.21.15.59:6789/0] -- mon_subscribe({mgrmap=0+}) v3 -- 0x7f42f0076bf0 con 0x7f42f01011d0
2023-12-19T18:40:03.496 INFO:teuthology.orchestra.run.smithi059.stdout:/usr/bin/ceph: stderr
2023-12-19T18:40:02.024+0000 7f42e6ffd700 1 -- 172.21.15.59:0/1888398999 <== mon.0 v2:172.21.15.59:3300/0 2 ==== config(26 keys) v1 ==== 1074+0+0 (secure 0 0 0) 0x7f42ec01a430 con 0x7f42f01011d0
2023-12-19T18:40:03.496 INFO:teuthology.orchestra.run.smithi059.stdout:/usr/bin/ceph: stderr
2023-12-19T18:40:02.024+0000 7f42e6ffd700 1 -- 172.21.15.59:0/1888398999 <== mon.0 v2:172.21.15.59:3300/0 3 ==== mon_map magic: 0 v1 ==== 229+0+0 (secure 0 0 0) 0x7f42ec019580 con 0x7f42f01011d0
2023-12-19T18:40:03.496 INFO:teuthology.orchestra.run.smithi059.stdout:/usr/bin/ceph: stderr
2023-12-19T18:40:02.024+0000 7f42f85ed700 1 -- 172.21.15.59:0/1888398999 --> [v2:172.21.15.59:3300/0,v1:172.21.15.59:6789/0] -- mon_subscribe({osdmap=0}) v3 -- 0x7f42f01167d0 con 0x7f42f01011d0
2023-12-19T18:40:03.496 INFO:teuthology.orchestra.run.smithi059.stdout:/usr/bin/ceph: stderr
2023-12-19T18:40:02.025+0000 7f42e6ffd700 1 -- 172.21.15.59:0/1888398999 <== mon.0 v2:172.21.15.59:3300/0 4 ==== mgrmap(e 12) v1 ==== 43294+0+0 (secure 0 0 0) 0x7f42ec0197b0 con 0x7f42f01011d0
2023-12-19T18:40:03.496 INFO:teuthology.orchestra.run.smithi059.stdout:/usr/bin/ceph: stderr
2023-12-19T18:40:02.025+0000 7f42f85ed700 1 -- 172.21.15.59:0/1888398999 --> [v2:172.21.15.59:3300/0,v1:172.21.15.59:6789/0] -- mon_command({"prefix": "get_command_descriptions"} v 0) v1 -- 0x7f42f010a090 con 0x7f42f01011d0
2023-12-19T18:40:03.496 INFO:teuthology.orchestra.run.smithi059.stdout:/usr/bin/ceph: stderr
2023-12-19T18:40:02.025+0000 7f42e6ffd700 1 --2- 172.21.15.59:0/1888398999 >> [v2:172.21.15.59:6800/6145510,v1:172.21.15.59:6801/6145510] conn(0x7f42dc036690 0x7f42dc038b40 unknown :-1 s=NONE pgs=0 cs=0 l=1 rev1=0 crypto rx=0 tx=0 comp rx=0 tx=0).connect
2023-12-19T18:40:03.496 INFO:teuthology.orchestra.run.smithi059.stdout:/usr/bin/ceph: stderr
2023-12-19T18:40:02.026+0000 7f42e6ffd700 1 -- 172.21.15.59:0/1888398999 <== mon.0 v2:172.21.15.59:3300/0 5 ==== osd_map(3..3 src has 1..3) v4 ==== 1151+0+0 (secure 0 0 0) 0x7f42ec04a490 con 0x7f42f01011d0
2023-12-19T18:40:03.496 INFO:teuthology.orchestra.run.smithi059.stdout:/usr/bin/ceph: stderr
2023-12-19T18:40:02.026+0000 7f42f5b88700 1 --2- 172.21.15.59:0/1888398999 >> [v2:172.21.15.59:6800/6145510,v1:172.21.15.59:6801/6145510] conn(0x7f42dc036690 0x7f42dc038b40 unknown :-1 s=BANNER_CONNECTING pgs=0 cs=0 l=1 rev1=0 crypto rx=0 tx=0 comp rx=0 tx=0)._handle_peer_banner_payload supported=3 required=0
2023-12-19T18:40:03.496 INFO:teuthology.orchestra.run.smithi059.stdout:/usr/bin/ceph: stderr
2023-12-19T18:40:02.026+0000 7f42f5b88700 1 --2- 172.21.15.59:0/1888398999 >> [v2:172.21.15.59:6800/6145510,v1:172.21.15.59:6801/6145510] conn(0x7f42dc036690 0x7f42dc038b40 secure :-1 s=READY pgs=8 cs=0 l=1 rev1=1 crypto rx=0x7f42e0009990 tx=0x7f42e0006e40 comp rx=0 tx=0).ready entity=mgr.14160 client_cookie=0 server_cookie=0 in_seq=0 out_seq=0
2023-12-19T18:40:03.496 INFO:teuthology.orchestra.run.smithi059.stdout:/usr/bin/ceph: stderr
2023-12-19T18:40:02.034+0000 7f42e6ffd700 1 -- 172.21.15.59:0/1888398999 <== mon.0 v2:172.21.15.59:3300/0 6 ==== mon_command_ack([{"prefix": "get_command_descriptions"}]=0 v0) v1 ==== 72+0+174570 (secure 0 0 0) 0x7f42ec02b950 con 0x7f42f01011d0
2023-12-19T18:40:03.496 INFO:teuthology.orchestra.run.smithi059.stdout:/usr/bin/ceph: stderr
2023-12-19T18:40:02.253+0000 7f42f85ed700 1 -- 172.21.15.59:0/1888398999 --> [v2:172.21.15.59:6800/6145510,v1:172.21.15.59:6801/6145510] -- mgr_command(tid 0: {"prefix": "dashboard ac-user-create", "username": "admin", "rolename": "administrator", "force_password": true, "pwd_update_required": true, "target": ["mon-mgr", ""]}) v1 -- 0x7f42f005f090 con 0x7f42dc036690
2023-12-19T18:40:03.496 INFO:teuthology.orchestra.run.smithi059.stdout:/usr/bin/ceph: stderr
2023-12-19T18:40:02.500+0000 7f42e6ffd700 1 -- 172.21.15.59:0/1888398999 <== mgr.14160 v2:172.21.15.59:6800/6145510 1 ==== mgr_command_reply(tid 0: 0 ) v1 ==== 8+0+252 (secure 0 0 0) 0x7f42f005f090 con 0x7f42dc036690
2023-12-19T18:40:03.496 INFO:teuthology.orchestra.run.smithi059.stdout:/usr/bin/ceph: stderr
2023-12-19T18:40:02.502+0000 7f42f85ed700 1 -- 172.21.15.59:0/1888398999 >> [v2:172.21.15.59:6800/6145510,v1:172.21.15.59:6801/6145510] conn(0x7f42dc036690 msgr2=0x7f42dc038b40 secure :-1 s=STATE_CONNECTION_ESTABLISHED l=1).mark_down
2023-12-19T18:40:03.496 INFO:teuthology.orchestra.run.smithi059.stdout:/usr/bin/ceph: stderr
2023-12-19T18:40:02.502+0000 7f42f85ed700 1 --2- 172.21.15.59:0/1888398999 >> [v2:172.21.15.59:6800/6145510,v1:172.21.15.59:6801/6145510] conn(0x7f42dc036690 0x7f42dc038b40 secure :-1 s=READY pgs=8 cs=0 l=1 rev1=1 crypto rx=0x7f42e0009990 tx=0x7f42e0006e40 comp rx=0 tx=0).stop
2023-12-19T18:40:03.497 INFO:teuthology.orchestra.run.smithi059.stdout:/usr/bin/ceph: stderr
2023-12-19T18:40:02.502+0000 7f42f85ed700 1 -- 172.21.15.59:0/1888398999 >> [v2:172.21.15.59:3300/0,v1:172.21.15.59:6789/0] conn(0x7f42f01011d0 msgr2=0x7f42f0116290 secure :-1 s=STATE_CONNECTION_ESTABLISHED l=1).mark_down
2023-12-19T18:40:03.497 INFO:teuthology.orchestra.run.smithi059.stdout:/usr/bin/ceph: stderr
2023-12-19T18:40:02.502+0000 7f42f85ed700 1 --2- 172.21.15.59:0/1888398999 >> [v2:172.21.15.59:3300/0,v1:172.21.15.59:6789/0] conn(0x7f42f01011d0 0x7f42f0116290 secure :-1 s=READY pgs=81 cs=0 l=1 rev1=1 crypto rx=0x7f42ec00c010 tx=0x7f42ec009250 comp rx=0 tx=0).stop
2023-12-19T18:40:03.497 INFO:teuthology.orchestra.run.smithi059.stdout:/usr/bin/ceph: stderr
2023-12-19T18:40:02.502+0000 7f42f85ed700 1 -- 172.21.15.59:0/1888398999 shutdown_connections
2023-12-19T18:40:03.497 INFO:teuthology.orchestra.run.smithi059.stdout:/usr/bin/ceph: stderr
2023-12-19T18:40:02.502+0000 7f42f85ed700 1 --2- 172.21.15.59:0/1888398999 >> [v2:172.21.15.59:6800/6145510,v1:172.21.15.59:6801/6145510] conn(0x7f42dc036690 0x7f42dc038b40 unknown :-1 s=CLOSED pgs=8 cs=0 l=1 rev1=1 crypto rx=0 tx=0 comp rx=0 tx=0).stop
2023-12-19T18:40:03.497 INFO:teuthology.orchestra.run.smithi059.stdout:/usr/bin/ceph: stderr
2023-12-19T18:40:02.502+0000 7f42f85ed700 1 --2- 172.21.15.59:0/1888398999 >> [v2:172.21.15.59:3300/0,v1:172.21.15.59:6789/0] conn(0x7f42f01011d0 0x7f42f0116290 unknown :-1 s=CLOSED pgs=81 cs=0 l=1 rev1=1 crypto rx=0 tx=0 comp rx=0 tx=0).stop
2023-12-19T18:40:03.497 INFO:teuthology.orchestra.run.smithi059.stdout:/usr/bin/ceph: stderr
2023-12-19T18:40:02.502+0000 7f42f85ed700 1 -- 172.21.15.59:0/1888398999 >> 172.21.15.59:0/1888398999 conn(0x7f42f00fc950 msgr2=0x7f42f00fe150 unknown :-1 s=STATE_NONE l=0).mark_down
2023-12-19T18:40:03.497 INFO:teuthology.orchestra.run.smithi059.stdout:/usr/bin/ceph: stderr
2023-12-19T18:40:02.502+0000 7f42f85ed700 1 -- 172.21.15.59:0/1888398999 shutdown_connections
2023-12-19T18:40:03.497 INFO:teuthology.orchestra.run.smithi059.stdout:/usr/bin/ceph: stderr
2023-12-19T18:40:02.502+0000 7f42f85ed700 1 -- 172.21.15.59:0/1888398999 wait complete.
2023-12-19T18:40:03.497 INFO:teuthology.orchestra.run.smithi059.stdout:Fetching dashboard port number...
2023-12-19T18:40:03.805 INFO:journalctl@ceph.mon.smithi059.smithi059.stdout:Dec 19 18:40:03 smithi059 ceph-mon[80661]: from='client.14174 -' entity='client.admin' cmd=[{"prefix": "dashboard ac-user-create", "username": "admin", "rolename": "administrator", "force_password": true, "pwd_update_required": true, "target": ["mon-mgr", ""]}]: dispatch
2023-12-19T18:40:03.805 INFO:journalctl@ceph.mon.smithi059.smithi059.stdout:Dec 19 18:40:03 smithi059 ceph-mon[80661]: from='mgr.14160 172.21.15.59:0/2718720707' entity='mgr.smithi059.ccbnob'
2023-12-19T18:40:04.658 INFO:teuthology.orchestra.run.smithi059.stdout:/usr/bin/ceph: stdout 8443
2023-12-19T18:40:04.658 INFO:teuthology.orchestra.run.smithi059.stdout:/usr/bin/ceph: stderr
2023-12-19T18:40:03.911+0000 7f6c98519700 1 Processor -- start
2023-12-19T18:40:04.658 INFO:teuthology.orchestra.run.smithi059.stdout:/usr/bin/ceph: stderr
2023-12-19T18:40:03.912+0000 7f6c98519700 1 -- start start
2023-12-19T18:40:04.659 INFO:teuthology.orchestra.run.smithi059.stdout:/usr/bin/ceph: stderr
2023-12-19T18:40:03.912+0000 7f6c98519700 1 --2- >> [v2:172.21.15.59:3300/0,v1:172.21.15.59:6789/0] conn(0x7f6c901027b0 0x7f6c90102bc0 unknown :-1 s=NONE pgs=0 cs=0 l=0 rev1=0 crypto rx=0 tx=0 comp rx=0 tx=0).connect
2023-12-19T18:40:04.659 INFO:teuthology.orchestra.run.smithi059.stdout:/usr/bin/ceph: stderr
2023-12-19T18:40:03.912+0000 7f6c98519700 1 -- --> [v2:172.21.15.59:3300/0,v1:172.21.15.59:6789/0] -- mon_getmap magic: 0 v1 -- 0x7f6c90103100 con 0x7f6c901027b0
2023-12-19T18:40:04.659 INFO:teuthology.orchestra.run.smithi059.stdout:/usr/bin/ceph: stderr
2023-12-19T18:40:03.912+0000 7f6c962b5700 1 --2- >> [v2:172.21.15.59:3300/0,v1:172.21.15.59:6789/0] conn(0x7f6c901027b0 0x7f6c90102bc0 unknown :-1 s=BANNER_CONNECTING pgs=0 cs=0 l=0 rev1=0 crypto rx=0 tx=0 comp rx=0 tx=0)._handle_peer_banner_payload supported=3 required=0
2023-12-19T18:40:04.659 INFO:teuthology.orchestra.run.smithi059.stdout:/usr/bin/ceph: stderr
2023-12-19T18:40:03.912+0000 7f6c962b5700 1 --2- >> [v2:172.21.15.59:3300/0,v1:172.21.15.59:6789/0] conn(0x7f6c901027b0 0x7f6c90102bc0 unknown :-1 s=HELLO_CONNECTING pgs=0 cs=0 l=0 rev1=1 crypto rx=0 tx=0 comp rx=0 tx=0).handle_hello peer v2:172.21.15.59:3300/0 says I am v2:172.21.15.59:36794/0 (socket says 172.21.15.59:36794)
2023-12-19T18:40:04.659 INFO:teuthology.orchestra.run.smithi059.stdout:/usr/bin/ceph: stderr
2023-12-19T18:40:03.912+0000 7f6c962b5700 1 -- 172.21.15.59:0/3485519388 learned_addr learned my addr 172.21.15.59:0/3485519388 (peer_addr_for_me v2:172.21.15.59:0/0)
2023-12-19T18:40:04.659 INFO:teuthology.orchestra.run.smithi059.stdout:/usr/bin/ceph: stderr
2023-12-19T18:40:03.912+0000 7f6c962b5700 1 -- 172.21.15.59:0/3485519388 --> [v2:172.21.15.59:3300/0,v1:172.21.15.59:6789/0] -- mon_subscribe({config=0+,monmap=0+}) v3 -- 0x7f6c90103240 con 0x7f6c901027b0
2023-12-19T18:40:04.659 INFO:teuthology.orchestra.run.smithi059.stdout:/usr/bin/ceph: stderr
2023-12-19T18:40:03.913+0000 7f6c962b5700 1 --2- 172.21.15.59:0/3485519388 >> [v2:172.21.15.59:3300/0,v1:172.21.15.59:6789/0] conn(0x7f6c901027b0 0x7f6c90102bc0 secure :-1 s=READY pgs=82 cs=0 l=1 rev1=1 crypto rx=0x7f6c8c0098e0 tx=0x7f6c8c009250 comp rx=0 tx=0).ready entity=mon.0 client_cookie=3461d53db46716f4 server_cookie=0 in_seq=0 out_seq=0
2023-12-19T18:40:04.659 INFO:teuthology.orchestra.run.smithi059.stdout:/usr/bin/ceph: stderr
2023-12-19T18:40:03.913+0000 7f6c952b3700 1 -- 172.21.15.59:0/3485519388 <== mon.0 v2:172.21.15.59:3300/0 1 ==== mon_map magic: 0 v1 ==== 229+0+0 (secure 0 0 0) 0x7f6c8c00b860 con 0x7f6c901027b0
2023-12-19T18:40:04.659 INFO:teuthology.orchestra.run.smithi059.stdout:/usr/bin/ceph: stderr
2023-12-19T18:40:03.913+0000 7f6c952b3700 1 -- 172.21.15.59:0/3485519388 <== mon.0 v2:172.21.15.59:3300/0 2 ==== config(26 keys) v1 ==== 1074+0+0 (secure 0 0 0) 0x7f6c8c00be70 con 0x7f6c901027b0
2023-12-19T18:40:04.659 INFO:teuthology.orchestra.run.smithi059.stdout:/usr/bin/ceph: stderr
2023-12-19T18:40:03.913+0000 7f6c952b3700 1 -- 172.21.15.59:0/3485519388 <== mon.0 v2:172.21.15.59:3300/0 3 ==== mon_map magic: 0 v1 ==== 229+0+0 (secure 0 0 0) 0x7f6c8c010380 con 0x7f6c901027b0
2023-12-19T18:40:04.659 INFO:teuthology.orchestra.run.smithi059.stdout:/usr/bin/ceph: stderr
2023-12-19T18:40:03.913+0000 7f6c98519700 1 -- 172.21.15.59:0/3485519388 >> [v2:172.21.15.59:3300/0,v1:172.21.15.59:6789/0] conn(0x7f6c901027b0 msgr2=0x7f6c90102bc0 secure :-1 s=STATE_CONNECTION_ESTABLISHED l=1).mark_down
2023-12-19T18:40:04.659 INFO:teuthology.orchestra.run.smithi059.stdout:/usr/bin/ceph: stderr
2023-12-19T18:40:03.913+0000 7f6c98519700 1 --2- 172.21.15.59:0/3485519388 >> [v2:172.21.15.59:3300/0,v1:172.21.15.59:6789/0] conn(0x7f6c901027b0 0x7f6c90102bc0 secure :-1 s=READY pgs=82 cs=0 l=1 rev1=1 crypto rx=0x7f6c8c0098e0 tx=0x7f6c8c009250 comp rx=0 tx=0).stop
2023-12-19T18:40:04.659 INFO:teuthology.orchestra.run.smithi059.stdout:/usr/bin/ceph: stderr
2023-12-19T18:40:03.913+0000 7f6c98519700 1 -- 172.21.15.59:0/3485519388 shutdown_connections
2023-12-19T18:40:04.659 INFO:teuthology.orchestra.run.smithi059.stdout:/usr/bin/ceph: stderr
2023-12-19T18:40:03.913+0000 7f6c98519700 1 --2- 172.21.15.59:0/3485519388 >> [v2:172.21.15.59:3300/0,v1:172.21.15.59:6789/0] conn(0x7f6c901027b0 0x7f6c90102bc0 unknown :-1 s=CLOSED pgs=82 cs=0 l=1 rev1=1 crypto rx=0 tx=0 comp rx=0 tx=0).stop
2023-12-19T18:40:04.660 INFO:teuthology.orchestra.run.smithi059.stdout:/usr/bin/ceph: stderr
2023-12-19T18:40:03.913+0000 7f6c98519700 1 -- 172.21.15.59:0/3485519388 >> 172.21.15.59:0/3485519388 conn(0x7f6c900fc0b0 msgr2=0x7f6c900fe4e0 unknown :-1 s=STATE_NONE l=0).mark_down
2023-12-19T18:40:04.660 INFO:teuthology.orchestra.run.smithi059.stdout:/usr/bin/ceph: stderr
2023-12-19T18:40:03.913+0000 7f6c98519700 1 -- 172.21.15.59:0/3485519388 shutdown_connections
2023-12-19T18:40:04.660 INFO:teuthology.orchestra.run.smithi059.stdout:/usr/bin/ceph: stderr
2023-12-19T18:40:03.913+0000 7f6c98519700 1 -- 172.21.15.59:0/3485519388 wait complete.
2023-12-19T18:40:04.660 INFO:teuthology.orchestra.run.smithi059.stdout:/usr/bin/ceph: stderr
2023-12-19T18:40:03.914+0000 7f6c98519700 1 Processor -- start
2023-12-19T18:40:04.660 INFO:teuthology.orchestra.run.smithi059.stdout:/usr/bin/ceph: stderr
2023-12-19T18:40:03.914+0000 7f6c98519700 1 -- start start
2023-12-19T18:40:04.660 INFO:teuthology.orchestra.run.smithi059.stdout:/usr/bin/ceph: stderr
2023-12-19T18:40:03.914+0000 7f6c98519700 1 --2- >> [v2:172.21.15.59:3300/0,v1:172.21.15.59:6789/0] conn(0x7f6c901027b0 0x7f6c901133b0 unknown :-1 s=NONE pgs=0 cs=0 l=1 rev1=0 crypto rx=0 tx=0 comp rx=0 tx=0).connect
2023-12-19T18:40:04.660 INFO:teuthology.orchestra.run.smithi059.stdout:/usr/bin/ceph: stderr
2023-12-19T18:40:03.914+0000 7f6c98519700 1 -- --> [v2:172.21.15.59:3300/0,v1:172.21.15.59:6789/0] -- mon_getmap magic: 0 v1 -- 0x7f6c901138f0 con 0x7f6c901027b0
2023-12-19T18:40:04.660 INFO:teuthology.orchestra.run.smithi059.stdout:/usr/bin/ceph: stderr
2023-12-19T18:40:03.914+0000 7f6c962b5700 1 --2- >> [v2:172.21.15.59:3300/0,v1:172.21.15.59:6789/0] conn(0x7f6c901027b0 0x7f6c901133b0 unknown :-1 s=BANNER_CONNECTING pgs=0 cs=0 l=1 rev1=0 crypto rx=0 tx=0 comp rx=0 tx=0)._handle_peer_banner_payload supported=3 required=0
2023-12-19T18:40:04.660 INFO:teuthology.orchestra.run.smithi059.stdout:/usr/bin/ceph: stderr
2023-12-19T18:40:03.914+0000 7f6c962b5700 1 --2- >> [v2:172.21.15.59:3300/0,v1:172.21.15.59:6789/0] conn(0x7f6c901027b0 0x7f6c901133b0 unknown :-1 s=HELLO_CONNECTING pgs=0 cs=0 l=1 rev1=1 crypto rx=0 tx=0 comp rx=0 tx=0).handle_hello peer v2:172.21.15.59:3300/0 says I am v2:172.21.15.59:36796/0 (socket says 172.21.15.59:36796)
2023-12-19T18:40:04.660 INFO:teuthology.orchestra.run.smithi059.stdout:/usr/bin/ceph: stderr
2023-12-19T18:40:03.914+0000 7f6c962b5700 1 -- 172.21.15.59:0/2355982578 learned_addr learned my addr 172.21.15.59:0/2355982578 (peer_addr_for_me v2:172.21.15.59:0/0)
2023-12-19T18:40:04.660 INFO:teuthology.orchestra.run.smithi059.stdout:/usr/bin/ceph: stderr
2023-12-19T18:40:03.915+0000 7f6c962b5700 1 -- 172.21.15.59:0/2355982578 --> [v2:172.21.15.59:3300/0,v1:172.21.15.59:6789/0] -- mon_subscribe({config=0+,monmap=0+}) v3 -- 0x7f6c8c0094f0 con 0x7f6c901027b0
2023-12-19T18:40:04.660 INFO:teuthology.orchestra.run.smithi059.stdout:/usr/bin/ceph: stderr
2023-12-19T18:40:03.915+0000 7f6c962b5700 1 --2- 172.21.15.59:0/2355982578 >> [v2:172.21.15.59:3300/0,v1:172.21.15.59:6789/0] conn(0x7f6c901027b0 0x7f6c901133b0 secure :-1 s=READY pgs=83 cs=0 l=1 rev1=1 crypto rx=0x7f6c8c011b60 tx=0x7f6c8c009250 comp rx=0 tx=0).ready entity=mon.0 client_cookie=0 server_cookie=0 in_seq=0 out_seq=0
2023-12-19T18:40:04.660 INFO:teuthology.orchestra.run.smithi059.stdout:/usr/bin/ceph: stderr
2023-12-19T18:40:03.915+0000 7f6c82ffd700 1 -- 172.21.15.59:0/2355982578 <== mon.0 v2:172.21.15.59:3300/0 1 ==== mon_map magic: 0 v1 ==== 229+0+0 (secure 0 0 0) 0x7f6c8c010850 con 0x7f6c901027b0
2023-12-19T18:40:04.660 INFO:teuthology.orchestra.run.smithi059.stdout:/usr/bin/ceph: stderr
2023-12-19T18:40:03.915+0000 7f6c82ffd700 1 -- 172.21.15.59:0/2355982578 <== mon.0 v2:172.21.15.59:3300/0 2 ==== config(26 keys) v1 ==== 1074+0+0 (secure 0 0 0) 0x7f6c8c010e60 con 0x7f6c901027b0
2023-12-19T18:40:04.660 INFO:teuthology.orchestra.run.smithi059.stdout:/usr/bin/ceph: stderr
2023-12-19T18:40:03.915+0000 7f6c82ffd700 1 -- 172.21.15.59:0/2355982578 <== mon.0 v2:172.21.15.59:3300/0 3 ==== mon_map magic: 0 v1 ==== 229+0+0 (secure 0 0 0) 0x7f6c8c01ae20 con 0x7f6c901027b0
2023-12-19T18:40:04.661 INFO:teuthology.orchestra.run.smithi059.stdout:/usr/bin/ceph: stderr
2023-12-19T18:40:03.915+0000 7f6c98519700 1 -- 172.21.15.59:0/2355982578 --> [v2:172.21.15.59:3300/0,v1:172.21.15.59:6789/0] -- mon_subscribe({mgrmap=0+}) v3 -- 0x7f6c90113af0 con 0x7f6c901027b0
2023-12-19T18:40:04.661 INFO:teuthology.orchestra.run.smithi059.stdout:/usr/bin/ceph: stderr
2023-12-19T18:40:03.915+0000 7f6c98519700 1 -- 172.21.15.59:0/2355982578 --> [v2:172.21.15.59:3300/0,v1:172.21.15.59:6789/0] -- mon_subscribe({osdmap=0}) v3 -- 0x7f6c90113f00 con 0x7f6c901027b0
2023-12-19T18:40:04.661 INFO:teuthology.orchestra.run.smithi059.stdout:/usr/bin/ceph: stderr
2023-12-19T18:40:03.916+0000 7f6c82ffd700 1 -- 172.21.15.59:0/2355982578 <== mon.0 v2:172.21.15.59:3300/0 4 ==== mgrmap(e 12) v1 ==== 43294+0+0 (secure 0 0 0) 0x7f6c8c0109b0 con 0x7f6c901027b0
2023-12-19T18:40:04.661 INFO:teuthology.orchestra.run.smithi059.stdout:/usr/bin/ceph: stderr
2023-12-19T18:40:03.916+0000 7f6c98519700 1 -- 172.21.15.59:0/2355982578 --> [v2:172.21.15.59:3300/0,v1:172.21.15.59:6789/0] -- mon_command({"prefix": "get_command_descriptions"} v 0) v1 -- 0x7f6c9004bb80 con 0x7f6c901027b0
2023-12-19T18:40:04.661 INFO:teuthology.orchestra.run.smithi059.stdout:/usr/bin/ceph: stderr
2023-12-19T18:40:03.916+0000 7f6c82ffd700 1 --2- 172.21.15.59:0/2355982578 >> [v2:172.21.15.59:6800/6145510,v1:172.21.15.59:6801/6145510] conn(0x7f6c7c036620 0x7f6c7c038ad0 unknown :-1 s=NONE pgs=0 cs=0 l=1 rev1=0 crypto rx=0 tx=0 comp rx=0 tx=0).connect
2023-12-19T18:40:04.661 INFO:teuthology.orchestra.run.smithi059.stdout:/usr/bin/ceph: stderr
2023-12-19T18:40:03.916+0000 7f6c82ffd700 1 -- 172.21.15.59:0/2355982578 <== mon.0 v2:172.21.15.59:3300/0 5 ==== osd_map(3..3 src has 1..3) v4 ==== 1151+0+0 (secure 0 0 0) 0x7f6c8c04a360 con 0x7f6c901027b0
2023-12-19T18:40:04.661 INFO:teuthology.orchestra.run.smithi059.stdout:/usr/bin/ceph: stderr
2023-12-19T18:40:03.916+0000 7f6c95ab4700 1 --2- 172.21.15.59:0/2355982578 >> [v2:172.21.15.59:6800/6145510,v1:172.21.15.59:6801/6145510] conn(0x7f6c7c036620 0x7f6c7c038ad0 unknown :-1 s=BANNER_CONNECTING pgs=0 cs=0 l=1 rev1=0 crypto rx=0 tx=0 comp rx=0 tx=0)._handle_peer_banner_payload supported=3 required=0
2023-12-19T18:40:04.661 INFO:teuthology.orchestra.run.smithi059.stdout:/usr/bin/ceph: stderr
2023-12-19T18:40:03.917+0000 7f6c95ab4700 1 --2- 172.21.15.59:0/2355982578 >> [v2:172.21.15.59:6800/6145510,v1:172.21.15.59:6801/6145510] conn(0x7f6c7c036620 0x7f6c7c038ad0 secure :-1 s=READY pgs=9 cs=0 l=1 rev1=1 crypto rx=0x7f6c84009990 tx=0x7f6c84006e40 comp rx=0 tx=0).ready entity=mgr.14160 client_cookie=0 server_cookie=0 in_seq=0 out_seq=0
2023-12-19T18:40:04.661 INFO:teuthology.orchestra.run.smithi059.stdout:/usr/bin/ceph: stderr
2023-12-19T18:40:03.921+0000 7f6c82ffd700 1 -- 172.21.15.59:0/2355982578 <== mon.0 v2:172.21.15.59:3300/0 6 ==== mon_command_ack([{"prefix": "get_command_descriptions"}]=0 v0) v1 ==== 72+0+174570 (secure 0 0 0) 0x7f6c8c02b940 con 0x7f6c901027b0
2023-12-19T18:40:04.661 INFO:teuthology.orchestra.run.smithi059.stdout:/usr/bin/ceph: stderr
2023-12-19T18:40:04.117+0000 7f6c98519700 1 -- 172.21.15.59:0/2355982578 --> [v2:172.21.15.59:3300/0,v1:172.21.15.59:6789/0] -- mon_command({"prefix": "config get", "who": "mgr", "key": "mgr/dashboard/ssl_server_port"} v 0) v1 -- 0x7f6c90101fe0 con 0x7f6c901027b0
2023-12-19T18:40:04.661 INFO:teuthology.orchestra.run.smithi059.stdout:/usr/bin/ceph: stderr
2023-12-19T18:40:04.118+0000 7f6c82ffd700 1 -- 172.21.15.59:0/2355982578 <== mon.0 v2:172.21.15.59:3300/0 7 ==== mon_command_ack([{"prefix": "config get", "who": "mgr", "key": "mgr/dashboard/ssl_server_port"}]=0 v8) v1 ==== 112+0+5 (secure 0 0 0) 0x7f6c8c02b760 con 0x7f6c901027b0
2023-12-19T18:40:04.661 INFO:teuthology.orchestra.run.smithi059.stdout:/usr/bin/ceph: stderr
2023-12-19T18:40:04.120+0000 7f6c98519700 1 -- 172.21.15.59:0/2355982578 >> [v2:172.21.15.59:6800/6145510,v1:172.21.15.59:6801/6145510] conn(0x7f6c7c036620 msgr2=0x7f6c7c038ad0 secure :-1 s=STATE_CONNECTION_ESTABLISHED l=1).mark_down
2023-12-19T18:40:04.661 INFO:teuthology.orchestra.run.smithi059.stdout:/usr/bin/ceph: stderr
2023-12-19T18:40:04.120+0000 7f6c98519700 1 --2- 172.21.15.59:0/2355982578 >> [v2:172.21.15.59:6800/6145510,v1:172.21.15.59:6801/6145510] conn(0x7f6c7c036620 0x7f6c7c038ad0 secure :-1 s=READY pgs=9 cs=0 l=1 rev1=1 crypto rx=0x7f6c84009990 tx=0x7f6c84006e40 comp rx=0 tx=0).stop
2023-12-19T18:40:04.662 INFO:teuthology.orchestra.run.smithi059.stdout:/usr/bin/ceph: stderr
2023-12-19T18:40:04.120+0000 7f6c98519700 1 -- 172.21.15.59:0/2355982578 >> [v2:172.21.15.59:3300/0,v1:172.21.15.59:6789/0] conn(0x7f6c901027b0 msgr2=0x7f6c901133b0 secure :-1 s=STATE_CONNECTION_ESTABLISHED l=1).mark_down
2023-12-19T18:40:04.662 INFO:teuthology.orchestra.run.smithi059.stdout:/usr/bin/ceph: stderr
2023-12-19T18:40:04.120+0000 7f6c98519700 1 --2- 172.21.15.59:0/2355982578 >> [v2:172.21.15.59:3300/0,v1:172.21.15.59:6789/0] conn(0x7f6c901027b0 0x7f6c901133b0 secure :-1 s=READY pgs=83 cs=0 l=1 rev1=1 crypto rx=0x7f6c8c011b60 tx=0x7f6c8c009250 comp rx=0 tx=0).stop
2023-12-19T18:40:04.662 INFO:teuthology.orchestra.run.smithi059.stdout:/usr/bin/ceph: stderr
2023-12-19T18:40:04.120+0000 7f6c98519700 1 -- 172.21.15.59:0/2355982578 shutdown_connections
2023-12-19T18:40:04.662 INFO:teuthology.orchestra.run.smithi059.stdout:/usr/bin/ceph: stderr
2023-12-19T18:40:04.120+0000 7f6c98519700 1 --2- 172.21.15.59:0/2355982578 >> [v2:172.21.15.59:6800/6145510,v1:172.21.15.59:6801/6145510] conn(0x7f6c7c036620 0x7f6c7c038ad0 unknown :-1 s=CLOSED pgs=9 cs=0 l=1 rev1=1 crypto rx=0 tx=0 comp rx=0 tx=0).stop
2023-12-19T18:40:04.662 INFO:teuthology.orchestra.run.smithi059.stdout:/usr/bin/ceph: stderr
2023-12-19T18:40:04.120+0000 7f6c98519700 1 --2- 172.21.15.59:0/2355982578 >> [v2:172.21.15.59:3300/0,v1:172.21.15.59:6789/0] conn(0x7f6c901027b0 0x7f6c901133b0 unknown :-1 s=CLOSED pgs=83 cs=0 l=1 rev1=1 crypto rx=0 tx=0 comp rx=0 tx=0).stop
2023-12-19T18:40:04.662 INFO:teuthology.orchestra.run.smithi059.stdout:/usr/bin/ceph: stderr
2023-12-19T18:40:04.120+0000 7f6c98519700 1 -- 172.21.15.59:0/2355982578 >> 172.21.15.59:0/2355982578 conn(0x7f6c900fc0b0 msgr2=0x7f6c90105fe0 unknown :-1 s=STATE_NONE l=0).mark_down
2023-12-19T18:40:04.662 INFO:teuthology.orchestra.run.smithi059.stdout:/usr/bin/ceph: stderr
2023-12-19T18:40:04.120+0000 7f6c98519700 1 -- 172.21.15.59:0/2355982578 shutdown_connections
2023-12-19T18:40:04.662 INFO:teuthology.orchestra.run.smithi059.stdout:/usr/bin/ceph: stderr
2023-12-19T18:40:04.120+0000 7f6c98519700 1 -- 172.21.15.59:0/2355982578 wait complete.
2023-12-19T18:40:04.666 INFO:teuthology.orchestra.run.smithi059.stdout:Non-zero exit code 1 from systemctl is-enabled firewalld.service
2023-12-19T18:40:04.666 INFO:teuthology.orchestra.run.smithi059.stdout:systemctl: stdout disabled
2023-12-19T18:40:04.674 INFO:teuthology.orchestra.run.smithi059.stdout:Non-zero exit code 3 from systemctl is-active firewalld.service
2023-12-19T18:40:04.674 INFO:teuthology.orchestra.run.smithi059.stdout:systemctl: stdout inactive
2023-12-19T18:40:04.674 INFO:teuthology.orchestra.run.smithi059.stdout:firewalld.service is not enabled
2023-12-19T18:40:04.674 INFO:teuthology.orchestra.run.smithi059.stdout:Not possible to open ports <[8443]>. firewalld.service is not available
2023-12-19T18:40:04.676 INFO:teuthology.orchestra.run.smithi059.stdout:Ceph Dashboard is now available at:
2023-12-19T18:40:04.676 INFO:teuthology.orchestra.run.smithi059.stdout:
2023-12-19T18:40:04.677 INFO:teuthology.orchestra.run.smithi059.stdout: URL: https://smithi059.front.sepia.ceph.com:8443/
2023-12-19T18:40:04.677 INFO:teuthology.orchestra.run.smithi059.stdout: User: admin
2023-12-19T18:40:04.677 INFO:teuthology.orchestra.run.smithi059.stdout: Password: 08u9jbbh6y
2023-12-19T18:40:04.677 INFO:teuthology.orchestra.run.smithi059.stdout:
2023-12-19T18:40:04.677 INFO:teuthology.orchestra.run.smithi059.stdout:Saving cluster configuration to /var/lib/ceph/bf854274-9e9d-11ee-95a5-87774f69a715/config directory
2023-12-19T18:40:04.677 INFO:teuthology.orchestra.run.smithi059.stdout:Enabling autotune for osd_memory_target
2023-12-19T18:40:04.802 INFO:journalctl@ceph.mon.smithi059.smithi059.stdout:Dec 19 18:40:04 smithi059 ceph-mon[80661]: from='client.? 172.21.15.59:0/2355982578' entity='client.admin' cmd=[{"prefix": "config get", "who": "mgr", "key": "mgr/dashboard/ssl_server_port"}]: dispatch
2023-12-19T18:40:05.839 INFO:teuthology.orchestra.run.smithi059.stdout:/usr/bin/ceph: stderr
2023-12-19T18:40:05.084+0000 7fa851741700 1 Processor -- start
2023-12-19T18:40:05.839 INFO:teuthology.orchestra.run.smithi059.stdout:/usr/bin/ceph: stderr
2023-12-19T18:40:05.084+0000 7fa851741700 1 -- start start
2023-12-19T18:40:05.839 INFO:teuthology.orchestra.run.smithi059.stdout:/usr/bin/ceph: stderr
2023-12-19T18:40:05.084+0000 7fa851741700 1 --2- >> [v2:172.21.15.59:3300/0,v1:172.21.15.59:6789/0] conn(0x7fa84c1011d0 0x7fa84c1015e0 unknown :-1 s=NONE pgs=0 cs=0 l=0 rev1=0 crypto rx=0 tx=0 comp rx=0 tx=0).connect
2023-12-19T18:40:05.839 INFO:teuthology.orchestra.run.smithi059.stdout:/usr/bin/ceph: stderr
2023-12-19T18:40:05.084+0000 7fa851741700 1 -- --> [v2:172.21.15.59:3300/0,v1:172.21.15.59:6789/0] -- mon_getmap magic: 0 v1 -- 0x7fa84c101b20 con 0x7fa84c1011d0
2023-12-19T18:40:05.839 INFO:teuthology.orchestra.run.smithi059.stdout:/usr/bin/ceph: stderr
2023-12-19T18:40:05.084+0000 7fa84affd700 1 --2- >> [v2:172.21.15.59:3300/0,v1:172.21.15.59:6789/0] conn(0x7fa84c1011d0 0x7fa84c1015e0 unknown :-1 s=BANNER_CONNECTING pgs=0 cs=0 l=0 rev1=0 crypto rx=0 tx=0 comp rx=0 tx=0)._handle_peer_banner_payload supported=3 required=0
2023-12-19T18:40:05.839 INFO:teuthology.orchestra.run.smithi059.stdout:/usr/bin/ceph: stderr
2023-12-19T18:40:05.084+0000 7fa84affd700 1 --2- >> [v2:172.21.15.59:3300/0,v1:172.21.15.59:6789/0] conn(0x7fa84c1011d0 0x7fa84c1015e0 unknown :-1 s=HELLO_CONNECTING pgs=0 cs=0 l=0 rev1=1 crypto rx=0 tx=0 comp rx=0 tx=0).handle_hello peer v2:172.21.15.59:3300/0 says I am v2:172.21.15.59:36804/0 (socket says 172.21.15.59:36804)
2023-12-19T18:40:05.839 INFO:teuthology.orchestra.run.smithi059.stdout:/usr/bin/ceph: stderr
2023-12-19T18:40:05.084+0000 7fa84affd700 1 -- 172.21.15.59:0/3628838039 learned_addr learned my addr 172.21.15.59:0/3628838039 (peer_addr_for_me v2:172.21.15.59:0/0)
2023-12-19T18:40:05.839 INFO:teuthology.orchestra.run.smithi059.stdout:/usr/bin/ceph: stderr
2023-12-19T18:40:05.085+0000 7fa84affd700 1 -- 172.21.15.59:0/3628838039 --> [v2:172.21.15.59:3300/0,v1:172.21.15.59:6789/0] -- mon_subscribe({config=0+,monmap=0+}) v3 -- 0x7fa84c101c60 con 0x7fa84c1011d0
2023-12-19T18:40:05.839 INFO:teuthology.orchestra.run.smithi059.stdout:/usr/bin/ceph: stderr
2023-12-19T18:40:05.085+0000 7fa84affd700 1 --2- 172.21.15.59:0/3628838039 >> [v2:172.21.15.59:3300/0,v1:172.21.15.59:6789/0] conn(0x7fa84c1011d0 0x7fa84c1015e0 secure :-1 s=READY pgs=84 cs=0 l=1 rev1=1 crypto rx=0x7fa83c009e50 tx=0x7fa83c009840 comp rx=0 tx=0).ready entity=mon.0 client_cookie=20b185084a643125 server_cookie=0 in_seq=0 out_seq=0
2023-12-19T18:40:05.840 INFO:teuthology.orchestra.run.smithi059.stdout:/usr/bin/ceph: stderr
2023-12-19T18:40:05.085+0000 7fa849ffb700 1 -- 172.21.15.59:0/3628838039 <== mon.0 v2:172.21.15.59:3300/0 1 ==== mon_map magic: 0 v1 ==== 229+0+0 (secure 0 0 0) 0x7fa83c0092e0 con 0x7fa84c1011d0
2023-12-19T18:40:05.840 INFO:teuthology.orchestra.run.smithi059.stdout:/usr/bin/ceph: stderr
2023-12-19T18:40:05.085+0000 7fa849ffb700 1 -- 172.21.15.59:0/3628838039 <== mon.0 v2:172.21.15.59:3300/0 2 ==== config(26 keys) v1 ==== 1074+0+0 (secure 0 0 0) 0x7fa83c012430 con 0x7fa84c1011d0
2023-12-19T18:40:05.840 INFO:teuthology.orchestra.run.smithi059.stdout:/usr/bin/ceph: stderr
2023-12-19T18:40:05.085+0000 7fa849ffb700 1 -- 172.21.15.59:0/3628838039 <== mon.0 v2:172.21.15.59:3300/0 3 ==== mon_map magic: 0 v1 ==== 229+0+0 (secure 0 0 0) 0x7fa83c0075c0 con 0x7fa84c1011d0
2023-12-19T18:40:05.840 INFO:teuthology.orchestra.run.smithi059.stdout:/usr/bin/ceph: stderr
2023-12-19T18:40:05.086+0000 7fa851741700 1 -- 172.21.15.59:0/3628838039 >> [v2:172.21.15.59:3300/0,v1:172.21.15.59:6789/0] conn(0x7fa84c1011d0 msgr2=0x7fa84c1015e0 secure :-1 s=STATE_CONNECTION_ESTABLISHED l=1).mark_down
2023-12-19T18:40:05.840 INFO:teuthology.orchestra.run.smithi059.stdout:/usr/bin/ceph: stderr
2023-12-19T18:40:05.086+0000 7fa851741700 1 --2- 172.21.15.59:0/3628838039 >> [v2:172.21.15.59:3300/0,v1:172.21.15.59:6789/0] conn(0x7fa84c1011d0 0x7fa84c1015e0 secure :-1 s=READY pgs=84 cs=0 l=1 rev1=1 crypto rx=0x7fa83c009e50 tx=0x7fa83c009840 comp rx=0 tx=0).stop
2023-12-19T18:40:05.840 INFO:teuthology.orchestra.run.smithi059.stdout:/usr/bin/ceph: stderr
2023-12-19T18:40:05.086+0000 7fa851741700 1 -- 172.21.15.59:0/3628838039 shutdown_connections
2023-12-19T18:40:05.840 INFO:teuthology.orchestra.run.smithi059.stdout:/usr/bin/ceph: stderr
2023-12-19T18:40:05.086+0000 7fa851741700 1 --2- 172.21.15.59:0/3628838039 >> [v2:172.21.15.59:3300/0,v1:172.21.15.59:6789/0] conn(0x7fa84c1011d0 0x7fa84c1015e0 unknown :-1 s=CLOSED pgs=84 cs=0 l=1 rev1=1 crypto rx=0 tx=0 comp rx=0 tx=0).stop
2023-12-19T18:40:05.840 INFO:teuthology.orchestra.run.smithi059.stdout:/usr/bin/ceph: stderr
2023-12-19T18:40:05.086+0000 7fa851741700 1 -- 172.21.15.59:0/3628838039 >> 172.21.15.59:0/3628838039 conn(0x7fa84c0fc970 msgr2=0x7fa84c0fed80 unknown :-1 s=STATE_NONE l=0).mark_down
2023-12-19T18:40:05.840 INFO:teuthology.orchestra.run.smithi059.stdout:/usr/bin/ceph: stderr
2023-12-19T18:40:05.086+0000 7fa851741700 1 -- 172.21.15.59:0/3628838039 shutdown_connections
2023-12-19T18:40:05.840 INFO:teuthology.orchestra.run.smithi059.stdout:/usr/bin/ceph: stderr
2023-12-19T18:40:05.086+0000 7fa851741700 1 -- 172.21.15.59:0/3628838039 wait complete.
2023-12-19T18:40:05.840 INFO:teuthology.orchestra.run.smithi059.stdout:/usr/bin/ceph: stderr
2023-12-19T18:40:05.087+0000 7fa851741700 1 Processor -- start
2023-12-19T18:40:05.840 INFO:teuthology.orchestra.run.smithi059.stdout:/usr/bin/ceph: stderr
2023-12-19T18:40:05.087+0000 7fa851741700 1 -- start start
2023-12-19T18:40:05.840 INFO:teuthology.orchestra.run.smithi059.stdout:/usr/bin/ceph: stderr
2023-12-19T18:40:05.087+0000 7fa851741700 1 --2- >> [v2:172.21.15.59:3300/0,v1:172.21.15.59:6789/0] conn(0x7fa84c1011d0 0x7fa84c1111f0 unknown :-1 s=NONE pgs=0 cs=0 l=1 rev1=0 crypto rx=0 tx=0 comp rx=0 tx=0).connect
2023-12-19T18:40:05.840 INFO:teuthology.orchestra.run.smithi059.stdout:/usr/bin/ceph: stderr
2023-12-19T18:40:05.087+0000 7fa851741700 1 -- --> [v2:172.21.15.59:3300/0,v1:172.21.15.59:6789/0] -- mon_getmap magic: 0 v1 -- 0x7fa84c111730 con 0x7fa84c1011d0
2023-12-19T18:40:05.841 INFO:teuthology.orchestra.run.smithi059.stdout:/usr/bin/ceph: stderr
2023-12-19T18:40:05.087+0000 7fa84affd700 1 --2- >> [v2:172.21.15.59:3300/0,v1:172.21.15.59:6789/0] conn(0x7fa84c1011d0 0x7fa84c1111f0 unknown :-1 s=BANNER_CONNECTING pgs=0 cs=0 l=1 rev1=0 crypto rx=0 tx=0 comp rx=0 tx=0)._handle_peer_banner_payload supported=3 required=0
2023-12-19T18:40:05.841 INFO:teuthology.orchestra.run.smithi059.stdout:/usr/bin/ceph: stderr
2023-12-19T18:40:05.087+0000 7fa84affd700 1 --2- >> [v2:172.21.15.59:3300/0,v1:172.21.15.59:6789/0] conn(0x7fa84c1011d0 0x7fa84c1111f0 unknown :-1 s=HELLO_CONNECTING pgs=0 cs=0 l=1 rev1=1 crypto rx=0 tx=0 comp rx=0 tx=0).handle_hello peer v2:172.21.15.59:3300/0 says I am v2:172.21.15.59:36816/0 (socket says 172.21.15.59:36816)
2023-12-19T18:40:05.841 INFO:teuthology.orchestra.run.smithi059.stdout:/usr/bin/ceph: stderr
2023-12-19T18:40:05.087+0000 7fa84affd700 1 -- 172.21.15.59:0/1304263414 learned_addr learned my addr 172.21.15.59:0/1304263414 (peer_addr_for_me v2:172.21.15.59:0/0)
2023-12-19T18:40:05.841 INFO:teuthology.orchestra.run.smithi059.stdout:/usr/bin/ceph: stderr
2023-12-19T18:40:05.087+0000 7fa84affd700 1 -- 172.21.15.59:0/1304263414 --> [v2:172.21.15.59:3300/0,v1:172.21.15.59:6789/0] -- mon_subscribe({config=0+,monmap=0+}) v3 -- 0x7fa83c009ae0 con 0x7fa84c1011d0
2023-12-19T18:40:05.841 INFO:teuthology.orchestra.run.smithi059.stdout:/usr/bin/ceph: stderr
2023-12-19T18:40:05.087+0000 7fa84affd700 1 --2- 172.21.15.59:0/1304263414 >> [v2:172.21.15.59:3300/0,v1:172.21.15.59:6789/0] conn(0x7fa84c1011d0 0x7fa84c1111f0 secure :-1 s=READY pgs=85 cs=0 l=1 rev1=1 crypto rx=0x7fa83c0127d0 tx=0x7fa83c009840 comp rx=0 tx=0).ready entity=mon.0 client_cookie=0 server_cookie=0 in_seq=0 out_seq=0
2023-12-19T18:40:05.841 INFO:teuthology.orchestra.run.smithi059.stdout:/usr/bin/ceph: stderr
2023-12-19T18:40:05.087+0000 7fa8437fe700 1 -- 172.21.15.59:0/1304263414 <== mon.0 v2:172.21.15.59:3300/0 1 ==== mon_map magic: 0 v1 ==== 229+0+0 (secure 0 0 0) 0x7fa83c0092e0 con 0x7fa84c1011d0
2023-12-19T18:40:05.841 INFO:teuthology.orchestra.run.smithi059.stdout:/usr/bin/ceph: stderr
2023-12-19T18:40:05.087+0000 7fa8437fe700 1 -- 172.21.15.59:0/1304263414 <== mon.0 v2:172.21.15.59:3300/0 2 ==== config(26 keys) v1 ==== 1074+0+0 (secure 0 0 0) 0x7fa83c007ce0 con 0x7fa84c1011d0
2023-12-19T18:40:05.841 INFO:teuthology.orchestra.run.smithi059.stdout:/usr/bin/ceph: stderr
2023-12-19T18:40:05.088+0000 7fa851741700 1 -- 172.21.15.59:0/1304263414 --> [v2:172.21.15.59:3300/0,v1:172.21.15.59:6789/0] -- mon_subscribe({mgrmap=0+}) v3 -- 0x7fa84c111930 con 0x7fa84c1011d0
2023-12-19T18:40:05.841 INFO:teuthology.orchestra.run.smithi059.stdout:/usr/bin/ceph: stderr
2023-12-19T18:40:05.088+0000 7fa8437fe700 1 -- 172.21.15.59:0/1304263414 <== mon.0 v2:172.21.15.59:3300/0 3 ==== mon_map magic: 0 v1 ==== 229+0+0 (secure 0 0 0) 0x7fa83c01c910 con 0x7fa84c1011d0
2023-12-19T18:40:05.841 INFO:teuthology.orchestra.run.smithi059.stdout:/usr/bin/ceph: stderr
2023-12-19T18:40:05.088+0000 7fa851741700 1 -- 172.21.15.59:0/1304263414 --> [v2:172.21.15.59:3300/0,v1:172.21.15.59:6789/0] -- mon_subscribe({osdmap=0}) v3 -- 0x7fa84c1125d0 con 0x7fa84c1011d0
2023-12-19T18:40:05.842 INFO:teuthology.orchestra.run.smithi059.stdout:/usr/bin/ceph: stderr
2023-12-19T18:40:05.088+0000 7fa8437fe700 1 -- 172.21.15.59:0/1304263414 <== mon.0 v2:172.21.15.59:3300/0 4 ==== mgrmap(e 12) v1 ==== 43294+0+0 (secure 0 0 0) 0x7fa83c019070 con 0x7fa84c1011d0
2023-12-19T18:40:05.842 INFO:teuthology.orchestra.run.smithi059.stdout:/usr/bin/ceph: stderr
2023-12-19T18:40:05.089+0000 7fa8437fe700 1 --2- 172.21.15.59:0/1304263414 >> [v2:172.21.15.59:6800/6145510,v1:172.21.15.59:6801/6145510] conn(0x7fa838036640 0x7fa838038af0 unknown :-1 s=NONE pgs=0 cs=0 l=1 rev1=0 crypto rx=0 tx=0 comp rx=0 tx=0).connect
2023-12-19T18:40:05.842 INFO:teuthology.orchestra.run.smithi059.stdout:/usr/bin/ceph: stderr
2023-12-19T18:40:05.089+0000 7fa8437fe700 1 -- 172.21.15.59:0/1304263414 <== mon.0 v2:172.21.15.59:3300/0 5 ==== osd_map(3..3 src has 1..3) v4 ==== 1151+0+0 (secure 0 0 0) 0x7fa83c049f10 con 0x7fa84c1011d0
2023-12-19T18:40:05.842 INFO:teuthology.orchestra.run.smithi059.stdout:/usr/bin/ceph: stderr
2023-12-19T18:40:05.089+0000 7fa851741700 1 -- 172.21.15.59:0/1304263414 --> [v2:172.21.15.59:3300/0,v1:172.21.15.59:6789/0] -- mon_command({"prefix": "get_command_descriptions"} v 0) v1 -- 0x7fa84c05f270 con 0x7fa84c1011d0
2023-12-19T18:40:05.842 INFO:teuthology.orchestra.run.smithi059.stdout:/usr/bin/ceph: stderr
2023-12-19T18:40:05.089+0000 7fa84a7fc700 1 --2- 172.21.15.59:0/1304263414 >> [v2:172.21.15.59:6800/6145510,v1:172.21.15.59:6801/6145510] conn(0x7fa838036640 0x7fa838038af0 unknown :-1 s=BANNER_CONNECTING pgs=0 cs=0 l=1 rev1=0 crypto rx=0 tx=0 comp rx=0 tx=0)._handle_peer_banner_payload supported=3 required=0
2023-12-19T18:40:05.842 INFO:teuthology.orchestra.run.smithi059.stdout:/usr/bin/ceph: stderr
2023-12-19T18:40:05.089+0000 7fa84a7fc700 1 --2- 172.21.15.59:0/1304263414 >> [v2:172.21.15.59:6800/6145510,v1:172.21.15.59:6801/6145510] conn(0x7fa838036640 0x7fa838038af0 secure :-1 s=READY pgs=10 cs=0 l=1 rev1=1 crypto rx=0x7fa834009990 tx=0x7fa834006e40 comp rx=0 tx=0).ready entity=mgr.14160 client_cookie=0 server_cookie=0 in_seq=0 out_seq=0
2023-12-19T18:40:05.842 INFO:teuthology.orchestra.run.smithi059.stdout:/usr/bin/ceph: stderr
2023-12-19T18:40:05.093+0000 7fa8437fe700 1 -- 172.21.15.59:0/1304263414 <== mon.0 v2:172.21.15.59:3300/0 6 ==== mon_command_ack([{"prefix": "get_command_descriptions"}]=0 v0) v1 ==== 72+0+174570 (secure 0 0 0) 0x7fa83c017020 con 0x7fa84c1011d0
2023-12-19T18:40:05.842 INFO:teuthology.orchestra.run.smithi059.stdout:/usr/bin/ceph: stderr
2023-12-19T18:40:05.290+0000 7fa851741700 1 -- 172.21.15.59:0/1304263414 --> [v2:172.21.15.59:3300/0,v1:172.21.15.59:6789/0] -- mon_command([{prefix=config set, name=osd_memory_target_autotune}] v 0) v1 -- 0x7fa84c04bb80 con 0x7fa84c1011d0
2023-12-19T18:40:05.842 INFO:teuthology.orchestra.run.smithi059.stdout:/usr/bin/ceph: stderr
2023-12-19T18:40:05.291+0000 7fa8437fe700 1 -- 172.21.15.59:0/1304263414 <== mon.0 v2:172.21.15.59:3300/0 7 ==== mon_command_ack([{prefix=config set, name=osd_memory_target_autotune}]=0 v8)=0 v8) v1 ==== 127+0+0 (secure 0 0 0) 0x7fa83c019910 con 0x7fa84c1011d0
2023-12-19T18:40:05.842 INFO:teuthology.orchestra.run.smithi059.stdout:/usr/bin/ceph: stderr
2023-12-19T18:40:05.293+0000 7fa851741700 1 -- 172.21.15.59:0/1304263414 >> [v2:172.21.15.59:6800/6145510,v1:172.21.15.59:6801/6145510] conn(0x7fa838036640 msgr2=0x7fa838038af0 secure :-1 s=STATE_CONNECTION_ESTABLISHED l=1).mark_down
2023-12-19T18:40:05.842 INFO:teuthology.orchestra.run.smithi059.stdout:/usr/bin/ceph: stderr
2023-12-19T18:40:05.293+0000 7fa851741700 1 --2- 172.21.15.59:0/1304263414 >> [v2:172.21.15.59:6800/6145510,v1:172.21.15.59:6801/6145510] conn(0x7fa838036640 0x7fa838038af0 secure :-1 s=READY pgs=10 cs=0 l=1 rev1=1 crypto rx=0x7fa834009990 tx=0x7fa834006e40 comp rx=0 tx=0).stop
2023-12-19T18:40:05.842 INFO:teuthology.orchestra.run.smithi059.stdout:/usr/bin/ceph: stderr
2023-12-19T18:40:05.293+0000 7fa851741700 1 -- 172.21.15.59:0/1304263414 >> [v2:172.21.15.59:3300/0,v1:172.21.15.59:6789/0] conn(0x7fa84c1011d0 msgr2=0x7fa84c1111f0 secure :-1 s=STATE_CONNECTION_ESTABLISHED l=1).mark_down
2023-12-19T18:40:05.843 INFO:teuthology.orchestra.run.smithi059.stdout:/usr/bin/ceph: stderr
2023-12-19T18:40:05.293+0000 7fa851741700 1 --2- 172.21.15.59:0/1304263414 >> [v2:172.21.15.59:3300/0,v1:172.21.15.59:6789/0] conn(0x7fa84c1011d0 0x7fa84c1111f0 secure :-1 s=READY pgs=85 cs=0 l=1 rev1=1 crypto rx=0x7fa83c0127d0 tx=0x7fa83c009840 comp rx=0 tx=0).stop
2023-12-19T18:40:05.843 INFO:teuthology.orchestra.run.smithi059.stdout:/usr/bin/ceph: stderr
2023-12-19T18:40:05.293+0000 7fa851741700 1 -- 172.21.15.59:0/1304263414 shutdown_connections
2023-12-19T18:40:05.843 INFO:teuthology.orchestra.run.smithi059.stdout:/usr/bin/ceph: stderr
2023-12-19T18:40:05.293+0000 7fa851741700 1 --2- 172.21.15.59:0/1304263414 >> [v2:172.21.15.59:6800/6145510,v1:172.21.15.59:6801/6145510] conn(0x7fa838036640 0x7fa838038af0 unknown :-1 s=CLOSED pgs=10 cs=0 l=1 rev1=1 crypto rx=0 tx=0 comp rx=0 tx=0).stop
2023-12-19T18:40:05.843 INFO:teuthology.orchestra.run.smithi059.stdout:/usr/bin/ceph: stderr
2023-12-19T18:40:05.293+0000 7fa851741700 1 --2- 172.21.15.59:0/1304263414 >> [v2:172.21.15.59:3300/0,v1:172.21.15.59:6789/0] conn(0x7fa84c1011d0 0x7fa84c1111f0 unknown :-1 s=CLOSED pgs=85 cs=0 l=1 rev1=1 crypto rx=0 tx=0 comp rx=0 tx=0).stop
2023-12-19T18:40:05.843 INFO:teuthology.orchestra.run.smithi059.stdout:/usr/bin/ceph: stderr
2023-12-19T18:40:05.293+0000 7fa851741700 1 -- 172.21.15.59:0/1304263414 >> 172.21.15.59:0/1304263414 conn(0x7fa84c0fc970 msgr2=0x7fa84c0fe190 unknown :-1 s=STATE_NONE l=0).mark_down
2023-12-19T18:40:05.843 INFO:teuthology.orchestra.run.smithi059.stdout:/usr/bin/ceph: stderr
2023-12-19T18:40:05.293+0000 7fa851741700 1 -- 172.21.15.59:0/1304263414 shutdown_connections
2023-12-19T18:40:05.843 INFO:teuthology.orchestra.run.smithi059.stdout:/usr/bin/ceph: stderr
2023-12-19T18:40:05.293+0000 7fa851741700 1 -- 172.21.15.59:0/1304263414 wait complete.
2023-12-19T18:40:06.862 INFO:journalctl@ceph.mon.smithi059.smithi059.stdout:Dec 19 18:40:06 smithi059 ceph-mon[80661]: mgrmap e13: smithi059.ccbnob(active, since 6s)
2023-12-19T18:40:07.113 INFO:teuthology.orchestra.run.smithi059.stdout:/usr/bin/ceph: stderr
2023-12-19T18:40:06.244+0000 7f03ec555700 1 Processor -- start
2023-12-19T18:40:07.113 INFO:teuthology.orchestra.run.smithi059.stdout:/usr/bin/ceph: stderr
2023-12-19T18:40:06.244+0000 7f03ec555700 1 -- start start
2023-12-19T18:40:07.113 INFO:teuthology.orchestra.run.smithi059.stdout:/usr/bin/ceph: stderr
2023-12-19T18:40:06.245+0000 7f03ec555700 1 --2- >> [v2:172.21.15.59:3300/0,v1:172.21.15.59:6789/0] conn(0x7f03e4078e20 0x7f03e4077230 unknown :-1 s=NONE pgs=0 cs=0 l=0 rev1=0 crypto rx=0 tx=0 comp rx=0 tx=0).connect
2023-12-19T18:40:07.113 INFO:teuthology.orchestra.run.smithi059.stdout:/usr/bin/ceph: stderr
2023-12-19T18:40:06.245+0000 7f03ec555700 1 -- --> [v2:172.21.15.59:3300/0,v1:172.21.15.59:6789/0] -- mon_getmap magic: 0 v1 -- 0x7f03e4077770 con 0x7f03e4078e20
2023-12-19T18:40:07.113 INFO:teuthology.orchestra.run.smithi059.stdout:/usr/bin/ceph: stderr
2023-12-19T18:40:06.245+0000 7f03ea2f1700 1 --2- >> [v2:172.21.15.59:3300/0,v1:172.21.15.59:6789/0] conn(0x7f03e4078e20 0x7f03e4077230 unknown :-1 s=BANNER_CONNECTING pgs=0 cs=0 l=0 rev1=0 crypto rx=0 tx=0 comp rx=0 tx=0)._handle_peer_banner_payload supported=3 required=0
2023-12-19T18:40:07.113 INFO:teuthology.orchestra.run.smithi059.stdout:/usr/bin/ceph: stderr
2023-12-19T18:40:06.245+0000 7f03ea2f1700 1 --2- >> [v2:172.21.15.59:3300/0,v1:172.21.15.59:6789/0] conn(0x7f03e4078e20 0x7f03e4077230 unknown :-1 s=HELLO_CONNECTING pgs=0 cs=0 l=0 rev1=1 crypto rx=0 tx=0 comp rx=0 tx=0).handle_hello peer v2:172.21.15.59:3300/0 says I am v2:172.21.15.59:36822/0 (socket says 172.21.15.59:36822)
2023-12-19T18:40:07.113 INFO:teuthology.orchestra.run.smithi059.stdout:/usr/bin/ceph: stderr
2023-12-19T18:40:06.245+0000 7f03ea2f1700 1 -- 172.21.15.59:0/746026473 learned_addr learned my addr 172.21.15.59:0/746026473 (peer_addr_for_me v2:172.21.15.59:0/0)
2023-12-19T18:40:07.114 INFO:teuthology.orchestra.run.smithi059.stdout:/usr/bin/ceph: stderr
2023-12-19T18:40:06.245+0000 7f03ea2f1700 1 -- 172.21.15.59:0/746026473 --> [v2:172.21.15.59:3300/0,v1:172.21.15.59:6789/0] -- mon_subscribe({config=0+,monmap=0+}) v3 -- 0x7f03e40778b0 con 0x7f03e4078e20
2023-12-19T18:40:07.114 INFO:teuthology.orchestra.run.smithi059.stdout:/usr/bin/ceph: stderr
2023-12-19T18:40:06.245+0000 7f03ea2f1700 1 --2- 172.21.15.59:0/746026473 >> [v2:172.21.15.59:3300/0,v1:172.21.15.59:6789/0] conn(0x7f03e4078e20 0x7f03e4077230 secure :-1 s=READY pgs=86 cs=0 l=1 rev1=1 crypto rx=0x7f03d40098e0 tx=0x7f03d4009250 comp rx=0 tx=0).ready entity=mon.0 client_cookie=cf3c888fe16618a server_cookie=0 in_seq=0 out_seq=0
2023-12-19T18:40:07.114 INFO:teuthology.orchestra.run.smithi059.stdout:/usr/bin/ceph: stderr
2023-12-19T18:40:06.246+0000 7f03e92ef700 1 -- 172.21.15.59:0/746026473 <== mon.0 v2:172.21.15.59:3300/0 1 ==== mon_map magic: 0 v1 ==== 229+0+0 (secure 0 0 0) 0x7f03d400b860 con 0x7f03e4078e20
2023-12-19T18:40:07.114 INFO:teuthology.orchestra.run.smithi059.stdout:/usr/bin/ceph: stderr
2023-12-19T18:40:06.246+0000 7f03e92ef700 1 -- 172.21.15.59:0/746026473 <== mon.0 v2:172.21.15.59:3300/0 2 ==== config(26 keys) v1 ==== 1074+0+0 (secure 0 0 0) 0x7f03d400be70 con 0x7f03e4078e20
2023-12-19T18:40:07.114 INFO:teuthology.orchestra.run.smithi059.stdout:/usr/bin/ceph: stderr
2023-12-19T18:40:06.246+0000 7f03e92ef700 1 -- 172.21.15.59:0/746026473 <== mon.0 v2:172.21.15.59:3300/0 3 ==== mon_map magic: 0 v1 ==== 229+0+0 (secure 0 0 0) 0x7f03d4010380 con 0x7f03e4078e20
2023-12-19T18:40:07.114 INFO:teuthology.orchestra.run.smithi059.stdout:/usr/bin/ceph: stderr
2023-12-19T18:40:06.246+0000 7f03ec555700 1 -- 172.21.15.59:0/746026473 >> [v2:172.21.15.59:3300/0,v1:172.21.15.59:6789/0] conn(0x7f03e4078e20 msgr2=0x7f03e4077230 secure :-1 s=STATE_CONNECTION_ESTABLISHED l=1).mark_down
2023-12-19T18:40:07.114 INFO:teuthology.orchestra.run.smithi059.stdout:/usr/bin/ceph: stderr
2023-12-19T18:40:06.246+0000 7f03ec555700 1 --2- 172.21.15.59:0/746026473 >> [v2:172.21.15.59:3300/0,v1:172.21.15.59:6789/0] conn(0x7f03e4078e20 0x7f03e4077230 secure :-1 s=READY pgs=86 cs=0 l=1 rev1=1 crypto rx=0x7f03d40098e0 tx=0x7f03d4009250 comp rx=0 tx=0).stop
2023-12-19T18:40:07.114 INFO:teuthology.orchestra.run.smithi059.stdout:/usr/bin/ceph: stderr
2023-12-19T18:40:06.246+0000 7f03ec555700 1 -- 172.21.15.59:0/746026473 shutdown_connections
2023-12-19T18:40:07.115 INFO:teuthology.orchestra.run.smithi059.stdout:/usr/bin/ceph: stderr
2023-12-19T18:40:06.246+0000 7f03ec555700 1 --2- 172.21.15.59:0/746026473 >> [v2:172.21.15.59:3300/0,v1:172.21.15.59:6789/0] conn(0x7f03e4078e20 0x7f03e4077230 unknown :-1 s=CLOSED pgs=86 cs=0 l=1 rev1=1 crypto rx=0 tx=0 comp rx=0 tx=0).stop
2023-12-19T18:40:07.115 INFO:teuthology.orchestra.run.smithi059.stdout:/usr/bin/ceph: stderr
2023-12-19T18:40:06.246+0000 7f03ec555700 1 -- 172.21.15.59:0/746026473 >> 172.21.15.59:0/746026473 conn(0x7f03e40fda40 msgr2=0x7f03e40ffe70 unknown :-1 s=STATE_NONE l=0).mark_down
2023-12-19T18:40:07.115 INFO:teuthology.orchestra.run.smithi059.stdout:/usr/bin/ceph: stderr
2023-12-19T18:40:06.246+0000 7f03ec555700 1 -- 172.21.15.59:0/746026473 shutdown_connections
2023-12-19T18:40:07.115 INFO:teuthology.orchestra.run.smithi059.stdout:/usr/bin/ceph: stderr
2023-12-19T18:40:06.246+0000 7f03ec555700 1 -- 172.21.15.59:0/746026473 wait complete.
2023-12-19T18:40:07.115 INFO:teuthology.orchestra.run.smithi059.stdout:/usr/bin/ceph: stderr
2023-12-19T18:40:06.247+0000 7f03ec555700 1 Processor -- start
2023-12-19T18:40:07.115 INFO:teuthology.orchestra.run.smithi059.stdout:/usr/bin/ceph: stderr
2023-12-19T18:40:06.247+0000 7f03ec555700 1 -- start start
2023-12-19T18:40:07.115 INFO:teuthology.orchestra.run.smithi059.stdout:/usr/bin/ceph: stderr
2023-12-19T18:40:06.247+0000 7f03ec555700 1 --2- >> [v2:172.21.15.59:3300/0,v1:172.21.15.59:6789/0] conn(0x7f03e4078e20 0x7f03e4113360 unknown :-1 s=NONE pgs=0 cs=0 l=1 rev1=0 crypto rx=0 tx=0 comp rx=0 tx=0).connect
2023-12-19T18:40:07.116 INFO:teuthology.orchestra.run.smithi059.stdout:/usr/bin/ceph: stderr
2023-12-19T18:40:06.247+0000 7f03ec555700 1 -- --> [v2:172.21.15.59:3300/0,v1:172.21.15.59:6789/0] -- mon_getmap magic: 0 v1 -- 0x7f03e41138a0 con 0x7f03e4078e20
2023-12-19T18:40:07.116 INFO:teuthology.orchestra.run.smithi059.stdout:/usr/bin/ceph: stderr
2023-12-19T18:40:06.247+0000 7f03ea2f1700 1 --2- >> [v2:172.21.15.59:3300/0,v1:172.21.15.59:6789/0] conn(0x7f03e4078e20 0x7f03e4113360 unknown :-1 s=BANNER_CONNECTING pgs=0 cs=0 l=1 rev1=0 crypto rx=0 tx=0 comp rx=0 tx=0)._handle_peer_banner_payload supported=3 required=0
2023-12-19T18:40:07.116 INFO:teuthology.orchestra.run.smithi059.stdout:/usr/bin/ceph: stderr
2023-12-19T18:40:06.247+0000 7f03ea2f1700 1 --2- >> [v2:172.21.15.59:3300/0,v1:172.21.15.59:6789/0] conn(0x7f03e4078e20 0x7f03e4113360 unknown :-1 s=HELLO_CONNECTING pgs=0 cs=0 l=1 rev1=1 crypto rx=0 tx=0 comp rx=0 tx=0).handle_hello peer v2:172.21.15.59:3300/0 says I am v2:172.21.15.59:36824/0 (socket says 172.21.15.59:36824)
2023-12-19T18:40:07.116 INFO:teuthology.orchestra.run.smithi059.stdout:/usr/bin/ceph: stderr
2023-12-19T18:40:06.247+0000 7f03ea2f1700 1 -- 172.21.15.59:0/2128198773 learned_addr learned my addr 172.21.15.59:0/2128198773 (peer_addr_for_me v2:172.21.15.59:0/0)
2023-12-19T18:40:07.116 INFO:teuthology.orchestra.run.smithi059.stdout:/usr/bin/ceph: stderr
2023-12-19T18:40:06.247+0000 7f03ea2f1700 1 -- 172.21.15.59:0/2128198773 --> [v2:172.21.15.59:3300/0,v1:172.21.15.59:6789/0] -- mon_subscribe({config=0+,monmap=0+}) v3 -- 0x7f03d40094f0 con 0x7f03e4078e20
2023-12-19T18:40:07.116 INFO:teuthology.orchestra.run.smithi059.stdout:/usr/bin/ceph: stderr
2023-12-19T18:40:06.248+0000 7f03ea2f1700 1 --2- 172.21.15.59:0/2128198773 >> [v2:172.21.15.59:3300/0,v1:172.21.15.59:6789/0] conn(0x7f03e4078e20 0x7f03e4113360 secure :-1 s=READY pgs=87 cs=0 l=1 rev1=1 crypto rx=0x7f03d400ba70 tx=0x7f03d4009250 comp rx=0 tx=0).ready entity=mon.0 client_cookie=0 server_cookie=0 in_seq=0 out_seq=0
2023-12-19T18:40:07.116 INFO:teuthology.orchestra.run.smithi059.stdout:/usr/bin/ceph: stderr
2023-12-19T18:40:06.248+0000 7f03daffd700 1 -- 172.21.15.59:0/2128198773 <== mon.0 v2:172.21.15.59:3300/0 1 ==== mon_map magic: 0 v1 ==== 229+0+0 (secure 0 0 0) 0x7f03d4010960 con 0x7f03e4078e20
2023-12-19T18:40:07.116 INFO:teuthology.orchestra.run.smithi059.stdout:/usr/bin/ceph: stderr
2023-12-19T18:40:06.248+0000 7f03daffd700 1 -- 172.21.15.59:0/2128198773 <== mon.0 v2:172.21.15.59:3300/0 2 ==== config(26 keys) v1 ==== 1074+0+0 (secure 0 0 0) 0x7f03d4024430 con 0x7f03e4078e20
2023-12-19T18:40:07.116 INFO:teuthology.orchestra.run.smithi059.stdout:/usr/bin/ceph: stderr
