2023-12-19T18:39:30.777 INFO:journalctl@ceph.mon.smithi059.smithi059.stdout:Dec 19 18:39:30 smithi059 ceph-mon[80661]: from='mgr.14118 172.21.15.59:0/1203771061' entity='mgr.smithi059.ccbnob' cmd=[{"prefix": "config dump", "format": "json"}]: dispatch
2023-12-19T18:39:30.777 INFO:journalctl@ceph.mon.smithi059.smithi059.stdout:Dec 19 18:39:30 smithi059 ceph-mon[80661]: from='mgr.14118 172.21.15.59:0/1203771061' entity='mgr.smithi059.ccbnob'
2023-12-19T18:39:30.777 INFO:journalctl@ceph.mon.smithi059.smithi059.stdout:Dec 19 18:39:30 smithi059 ceph-mon[80661]: from='mgr.14118 172.21.15.59:0/1203771061' entity='mgr.smithi059.ccbnob' cmd=[{"prefix": "config dump", "format": "json"}]: dispatch
2023-12-19T18:39:30.777 INFO:journalctl@ceph.mon.smithi059.smithi059.stdout:Dec 19 18:39:30 smithi059 ceph-mon[80661]: mgrmap e8: smithi059.ccbnob(active, since 3s)
2023-12-19T18:39:31.320 INFO:teuthology.orchestra.run.smithi059.stdout:/usr/bin/ceph: stdout value unchanged
2023-12-19T18:39:31.321 INFO:teuthology.orchestra.run.smithi059.stdout:/usr/bin/ceph: stderr
2023-12-19T18:39:30.571+0000 7ff1b4670700 1 Processor -- start
2023-12-19T18:39:31.321 INFO:teuthology.orchestra.run.smithi059.stdout:/usr/bin/ceph: stderr
2023-12-19T18:39:30.571+0000 7ff1b4670700 1 -- start start
2023-12-19T18:39:31.321 INFO:teuthology.orchestra.run.smithi059.stdout:/usr/bin/ceph: stderr
2023-12-19T18:39:30.571+0000 7ff1b4670700 1 --2- >> [v2:172.21.15.59:3300/0,v1:172.21.15.59:6789/0] conn(0x7ff1ac070fa0 0x7ff1ac104f00 unknown :-1 s=NONE pgs=0 cs=0 l=0 rev1=0 crypto rx=0 tx=0 comp rx=0 tx=0).connect
2023-12-19T18:39:31.321 INFO:teuthology.orchestra.run.smithi059.stdout:/usr/bin/ceph: stderr
2023-12-19T18:39:30.571+0000 7ff1b4670700 1 -- --> [v2:172.21.15.59:3300/0,v1:172.21.15.59:6789/0] -- mon_getmap magic: 0 v1 -- 0x7ff1ac105440 con 0x7ff1ac070fa0
2023-12-19T18:39:31.321 INFO:teuthology.orchestra.run.smithi059.stdout:/usr/bin/ceph: stderr
2023-12-19T18:39:30.572+0000 7ff1b240c700 1 --2- >> [v2:172.21.15.59:3300/0,v1:172.21.15.59:6789/0] conn(0x7ff1ac070fa0 0x7ff1ac104f00 unknown :-1 s=BANNER_CONNECTING pgs=0 cs=0 l=0 rev1=0 crypto rx=0 tx=0 comp rx=0 tx=0)._handle_peer_banner_payload supported=3 required=0
2023-12-19T18:39:31.321 INFO:teuthology.orchestra.run.smithi059.stdout:/usr/bin/ceph: stderr
2023-12-19T18:39:30.572+0000 7ff1b240c700 1 --2- >> [v2:172.21.15.59:3300/0,v1:172.21.15.59:6789/0] conn(0x7ff1ac070fa0 0x7ff1ac104f00 unknown :-1 s=HELLO_CONNECTING pgs=0 cs=0 l=0 rev1=1 crypto rx=0 tx=0 comp rx=0 tx=0).handle_hello peer v2:172.21.15.59:3300/0 says I am v2:172.21.15.59:38084/0 (socket says 172.21.15.59:38084)
2023-12-19T18:39:31.321 INFO:teuthology.orchestra.run.smithi059.stdout:/usr/bin/ceph: stderr
2023-12-19T18:39:30.572+0000 7ff1b240c700 1 -- 172.21.15.59:0/3887761711 learned_addr learned my addr 172.21.15.59:0/3887761711 (peer_addr_for_me v2:172.21.15.59:0/0)
2023-12-19T18:39:31.321 INFO:teuthology.orchestra.run.smithi059.stdout:/usr/bin/ceph: stderr
2023-12-19T18:39:30.572+0000 7ff1b240c700 1 -- 172.21.15.59:0/3887761711 --> [v2:172.21.15.59:3300/0,v1:172.21.15.59:6789/0] -- mon_subscribe({config=0+,monmap=0+}) v3 -- 0x7ff1ac105580 con 0x7ff1ac070fa0
2023-12-19T18:39:31.321 INFO:teuthology.orchestra.run.smithi059.stdout:/usr/bin/ceph: stderr
2023-12-19T18:39:30.572+0000 7ff1b240c700 1 --2- 172.21.15.59:0/3887761711 >> [v2:172.21.15.59:3300/0,v1:172.21.15.59:6789/0] conn(0x7ff1ac070fa0 0x7ff1ac104f00 secure :-1 s=READY pgs=37 cs=0 l=1 rev1=1 crypto rx=0x7ff19c009e50 tx=0x7ff19c009840 comp rx=0 tx=0).ready entity=mon.0 client_cookie=dd23cfb63fa7e194 server_cookie=0 in_seq=0 out_seq=0
2023-12-19T18:39:31.322 INFO:teuthology.orchestra.run.smithi059.stdout:/usr/bin/ceph: stderr
2023-12-19T18:39:30.572+0000 7ff1b140a700 1 -- 172.21.15.59:0/3887761711 <== mon.0 v2:172.21.15.59:3300/0 1 ==== mon_map magic: 0 v1 ==== 229+0+0 (secure 0 0 0) 0x7ff19c0092e0 con 0x7ff1ac070fa0
2023-12-19T18:39:31.322 INFO:teuthology.orchestra.run.smithi059.stdout:/usr/bin/ceph: stderr
2023-12-19T18:39:30.572+0000 7ff1b140a700 1 -- 172.21.15.59:0/3887761711 <== mon.0 v2:172.21.15.59:3300/0 2 ==== config(26 keys) v1 ==== 1009+0+0 (secure 0 0 0) 0x7ff19c00be90 con 0x7ff1ac070fa0
2023-12-19T18:39:31.322 INFO:teuthology.orchestra.run.smithi059.stdout:/usr/bin/ceph: stderr
2023-12-19T18:39:30.572+0000 7ff1b140a700 1 -- 172.21.15.59:0/3887761711 <== mon.0 v2:172.21.15.59:3300/0 3 ==== mon_map magic: 0 v1 ==== 229+0+0 (secure 0 0 0) 0x7ff19c007400 con 0x7ff1ac070fa0
2023-12-19T18:39:31.322 INFO:teuthology.orchestra.run.smithi059.stdout:/usr/bin/ceph: stderr
2023-12-19T18:39:30.573+0000 7ff1b4670700 1 -- 172.21.15.59:0/3887761711 >> [v2:172.21.15.59:3300/0,v1:172.21.15.59:6789/0] conn(0x7ff1ac070fa0 msgr2=0x7ff1ac104f00 secure :-1 s=STATE_CONNECTION_ESTABLISHED l=1).mark_down
2023-12-19T18:39:31.322 INFO:teuthology.orchestra.run.smithi059.stdout:/usr/bin/ceph: stderr
2023-12-19T18:39:30.573+0000 7ff1b4670700 1 --2- 172.21.15.59:0/3887761711 >> [v2:172.21.15.59:3300/0,v1:172.21.15.59:6789/0] conn(0x7ff1ac070fa0 0x7ff1ac104f00 secure :-1 s=READY pgs=37 cs=0 l=1 rev1=1 crypto rx=0x7ff19c009e50 tx=0x7ff19c009840 comp rx=0 tx=0).stop
2023-12-19T18:39:31.322 INFO:teuthology.orchestra.run.smithi059.stdout:/usr/bin/ceph: stderr
2023-12-19T18:39:30.573+0000 7ff1b4670700 1 -- 172.21.15.59:0/3887761711 shutdown_connections
2023-12-19T18:39:31.322 INFO:teuthology.orchestra.run.smithi059.stdout:/usr/bin/ceph: stderr
2023-12-19T18:39:30.573+0000 7ff1b4670700 1 --2- 172.21.15.59:0/3887761711 >> [v2:172.21.15.59:3300/0,v1:172.21.15.59:6789/0] conn(0x7ff1ac070fa0 0x7ff1ac104f00 unknown :-1 s=CLOSED pgs=37 cs=0 l=1 rev1=1 crypto rx=0 tx=0 comp rx=0 tx=0).stop
2023-12-19T18:39:31.322 INFO:teuthology.orchestra.run.smithi059.stdout:/usr/bin/ceph: stderr
2023-12-19T18:39:30.573+0000 7ff1b4670700 1 -- 172.21.15.59:0/3887761711 >> 172.21.15.59:0/3887761711 conn(0x7ff1ac0fc970 msgr2=0x7ff1ac0fed80 unknown :-1 s=STATE_NONE l=0).mark_down
2023-12-19T18:39:31.322 INFO:teuthology.orchestra.run.smithi059.stdout:/usr/bin/ceph: stderr
2023-12-19T18:39:30.573+0000 7ff1b4670700 1 -- 172.21.15.59:0/3887761711 shutdown_connections
2023-12-19T18:39:31.322 INFO:teuthology.orchestra.run.smithi059.stdout:/usr/bin/ceph: stderr
2023-12-19T18:39:30.573+0000 7ff1b4670700 1 -- 172.21.15.59:0/3887761711 wait complete.
2023-12-19T18:39:31.322 INFO:teuthology.orchestra.run.smithi059.stdout:/usr/bin/ceph: stderr
2023-12-19T18:39:30.574+0000 7ff1b4670700 1 Processor -- start
2023-12-19T18:39:31.323 INFO:teuthology.orchestra.run.smithi059.stdout:/usr/bin/ceph: stderr
2023-12-19T18:39:30.574+0000 7ff1b4670700 1 -- start start
2023-12-19T18:39:31.323 INFO:teuthology.orchestra.run.smithi059.stdout:/usr/bin/ceph: stderr
2023-12-19T18:39:30.574+0000 7ff1b4670700 1 --2- >> [v2:172.21.15.59:3300/0,v1:172.21.15.59:6789/0] conn(0x7ff1ac070fa0 0x7ff1ac102980 unknown :-1 s=NONE pgs=0 cs=0 l=1 rev1=0 crypto rx=0 tx=0 comp rx=0 tx=0).connect
2023-12-19T18:39:31.323 INFO:teuthology.orchestra.run.smithi059.stdout:/usr/bin/ceph: stderr
2023-12-19T18:39:30.574+0000 7ff1b4670700 1 -- --> [v2:172.21.15.59:3300/0,v1:172.21.15.59:6789/0] -- mon_getmap magic: 0 v1 -- 0x7ff1ac100e00 con 0x7ff1ac070fa0
2023-12-19T18:39:31.323 INFO:teuthology.orchestra.run.smithi059.stdout:/usr/bin/ceph: stderr
2023-12-19T18:39:30.574+0000 7ff1b240c700 1 --2- >> [v2:172.21.15.59:3300/0,v1:172.21.15.59:6789/0] conn(0x7ff1ac070fa0 0x7ff1ac102980 unknown :-1 s=BANNER_CONNECTING pgs=0 cs=0 l=1 rev1=0 crypto rx=0 tx=0 comp rx=0 tx=0)._handle_peer_banner_payload supported=3 required=0
2023-12-19T18:39:31.323 INFO:teuthology.orchestra.run.smithi059.stdout:/usr/bin/ceph: stderr
2023-12-19T18:39:30.574+0000 7ff1b240c700 1 --2- >> [v2:172.21.15.59:3300/0,v1:172.21.15.59:6789/0] conn(0x7ff1ac070fa0 0x7ff1ac102980 unknown :-1 s=HELLO_CONNECTING pgs=0 cs=0 l=1 rev1=1 crypto rx=0 tx=0 comp rx=0 tx=0).handle_hello peer v2:172.21.15.59:3300/0 says I am v2:172.21.15.59:38092/0 (socket says 172.21.15.59:38092)
2023-12-19T18:39:31.323 INFO:teuthology.orchestra.run.smithi059.stdout:/usr/bin/ceph: stderr
2023-12-19T18:39:30.574+0000 7ff1b240c700 1 -- 172.21.15.59:0/4130875547 learned_addr learned my addr 172.21.15.59:0/4130875547 (peer_addr_for_me v2:172.21.15.59:0/0)
2023-12-19T18:39:31.323 INFO:teuthology.orchestra.run.smithi059.stdout:/usr/bin/ceph: stderr
2023-12-19T18:39:30.574+0000 7ff1b240c700 1 -- 172.21.15.59:0/4130875547 --> [v2:172.21.15.59:3300/0,v1:172.21.15.59:6789/0] -- mon_subscribe({config=0+,monmap=0+}) v3 -- 0x7ff19c009ae0 con 0x7ff1ac070fa0
2023-12-19T18:39:31.323 INFO:teuthology.orchestra.run.smithi059.stdout:/usr/bin/ceph: stderr
2023-12-19T18:39:30.574+0000 7ff1b240c700 1 --2- 172.21.15.59:0/4130875547 >> [v2:172.21.15.59:3300/0,v1:172.21.15.59:6789/0] conn(0x7ff1ac070fa0 0x7ff1ac102980 secure :-1 s=READY pgs=38 cs=0 l=1 rev1=1 crypto rx=0x7ff19c009fd0 tx=0x7ff19c009840 comp rx=0 tx=0).ready entity=mon.0 client_cookie=0 server_cookie=0 in_seq=0 out_seq=0
2023-12-19T18:39:31.323 INFO:teuthology.orchestra.run.smithi059.stdout:/usr/bin/ceph: stderr
2023-12-19T18:39:30.574+0000 7ff1aaffd700 1 -- 172.21.15.59:0/4130875547 <== mon.0 v2:172.21.15.59:3300/0 1 ==== mon_map magic: 0 v1 ==== 229+0+0 (secure 0 0 0) 0x7ff19c007670 con 0x7ff1ac070fa0
2023-12-19T18:39:31.323 INFO:teuthology.orchestra.run.smithi059.stdout:/usr/bin/ceph: stderr
2023-12-19T18:39:30.574+0000 7ff1aaffd700 1 -- 172.21.15.59:0/4130875547 <== mon.0 v2:172.21.15.59:3300/0 2 ==== config(26 keys) v1 ==== 1009+0+0 (secure 0 0 0) 0x7ff19c007c40 con 0x7ff1ac070fa0
2023-12-19T18:39:31.323 INFO:teuthology.orchestra.run.smithi059.stdout:/usr/bin/ceph: stderr
2023-12-19T18:39:30.575+0000 7ff1b4670700 1 -- 172.21.15.59:0/4130875547 --> [v2:172.21.15.59:3300/0,v1:172.21.15.59:6789/0] -- mon_subscribe({mgrmap=0+}) v3 -- 0x7ff1ac101000 con 0x7ff1ac070fa0
2023-12-19T18:39:31.323 INFO:teuthology.orchestra.run.smithi059.stdout:/usr/bin/ceph: stderr
2023-12-19T18:39:30.575+0000 7ff1aaffd700 1 -- 172.21.15.59:0/4130875547 <== mon.0 v2:172.21.15.59:3300/0 3 ==== mon_map magic: 0 v1 ==== 229+0+0 (secure 0 0 0) 0x7ff19c01cb60 con 0x7ff1ac070fa0
2023-12-19T18:39:31.323 INFO:teuthology.orchestra.run.smithi059.stdout:/usr/bin/ceph: stderr
2023-12-19T18:39:30.575+0000 7ff1b4670700 1 -- 172.21.15.59:0/4130875547 --> [v2:172.21.15.59:3300/0,v1:172.21.15.59:6789/0] -- mon_subscribe({osdmap=0}) v3 -- 0x7ff1ac101470 con 0x7ff1ac070fa0
2023-12-19T18:39:31.323 INFO:teuthology.orchestra.run.smithi059.stdout:/usr/bin/ceph: stderr
2023-12-19T18:39:30.575+0000 7ff1aaffd700 1 -- 172.21.15.59:0/4130875547 <== mon.0 v2:172.21.15.59:3300/0 4 ==== mgrmap(e 8) v1 ==== 43281+0+0 (secure 0 0 0) 0x7ff19c019070 con 0x7ff1ac070fa0
2023-12-19T18:39:31.324 INFO:teuthology.orchestra.run.smithi059.stdout:/usr/bin/ceph: stderr
2023-12-19T18:39:30.575+0000 7ff1aaffd700 1 --2- 172.21.15.59:0/4130875547 >> [v2:172.21.15.59:6800/2067989811,v1:172.21.15.59:6801/2067989811] conn(0x7ff1940365f0 0x7ff194038aa0 unknown :-1 s=NONE pgs=0 cs=0 l=1 rev1=0 crypto rx=0 tx=0 comp rx=0 tx=0).connect
2023-12-19T18:39:31.324 INFO:teuthology.orchestra.run.smithi059.stdout:/usr/bin/ceph: stderr
2023-12-19T18:39:30.576+0000 7ff1aaffd700 1 -- 172.21.15.59:0/4130875547 <== mon.0 v2:172.21.15.59:3300/0 5 ==== osd_map(2..2 src has 1..2) v4 ==== 936+0+0 (secure 0 0 0) 0x7ff19c049f40 con 0x7ff1ac070fa0
2023-12-19T18:39:31.324 INFO:teuthology.orchestra.run.smithi059.stdout:/usr/bin/ceph: stderr
2023-12-19T18:39:30.576+0000 7ff1b4670700 1 -- 172.21.15.59:0/4130875547 --> [v2:172.21.15.59:3300/0,v1:172.21.15.59:6789/0] -- mon_command({"prefix": "get_command_descriptions"} v 0) v1 -- 0x7ff1ac10b140 con 0x7ff1ac070fa0
2023-12-19T18:39:31.324 INFO:teuthology.orchestra.run.smithi059.stdout:/usr/bin/ceph: stderr
2023-12-19T18:39:30.576+0000 7ff1b1c0b700 1 --2- 172.21.15.59:0/4130875547 >> [v2:172.21.15.59:6800/2067989811,v1:172.21.15.59:6801/2067989811] conn(0x7ff1940365f0 0x7ff194038aa0 unknown :-1 s=BANNER_CONNECTING pgs=0 cs=0 l=1 rev1=0 crypto rx=0 tx=0 comp rx=0 tx=0)._handle_peer_banner_payload supported=3 required=0
2023-12-19T18:39:31.324 INFO:teuthology.orchestra.run.smithi059.stdout:/usr/bin/ceph: stderr
2023-12-19T18:39:30.576+0000 7ff1b1c0b700 1 --2- 172.21.15.59:0/4130875547 >> [v2:172.21.15.59:6800/2067989811,v1:172.21.15.59:6801/2067989811] conn(0x7ff1940365f0 0x7ff194038aa0 secure :-1 s=READY pgs=8 cs=0 l=1 rev1=1 crypto rx=0x7ff1a0009990 tx=0x7ff1a0006e40 comp rx=0 tx=0).ready entity=mgr.14118 client_cookie=0 server_cookie=0 in_seq=0 out_seq=0
2023-12-19T18:39:31.324 INFO:teuthology.orchestra.run.smithi059.stdout:/usr/bin/ceph: stderr
2023-12-19T18:39:30.581+0000 7ff1aaffd700 1 -- 172.21.15.59:0/4130875547 <== mon.0 v2:172.21.15.59:3300/0 6 ==== mon_command_ack([{"prefix": "get_command_descriptions"}]=0 v0) v1 ==== 72+0+174570 (secure 0 0 0) 0x7ff19c017080 con 0x7ff1ac070fa0
2023-12-19T18:39:31.324 INFO:teuthology.orchestra.run.smithi059.stdout:/usr/bin/ceph: stderr
2023-12-19T18:39:30.777+0000 7ff1b4670700 1 -- 172.21.15.59:0/4130875547 --> [v2:172.21.15.59:6800/2067989811,v1:172.21.15.59:6801/2067989811] -- mgr_command(tid 0: {"prefix": "cephadm set-user", "user": "root", "target": ["mon-mgr", ""]}) v1 -- 0x7ff1ac1016b0 con 0x7ff1940365f0
2023-12-19T18:39:31.324 INFO:teuthology.orchestra.run.smithi059.stdout:/usr/bin/ceph: stderr
2023-12-19T18:39:30.778+0000 7ff1aaffd700 1 -- 172.21.15.59:0/4130875547 <== mgr.14118 v2:172.21.15.59:6800/2067989811 1 ==== mgr_command_reply(tid 0: 0 ) v1 ==== 8+0+16 (secure 0 0 0) 0x7ff1ac1016b0 con 0x7ff1940365f0
2023-12-19T18:39:31.324 INFO:teuthology.orchestra.run.smithi059.stdout:/usr/bin/ceph: stderr
2023-12-19T18:39:30.780+0000 7ff1b4670700 1 -- 172.21.15.59:0/4130875547 >> [v2:172.21.15.59:6800/2067989811,v1:172.21.15.59:6801/2067989811] conn(0x7ff1940365f0 msgr2=0x7ff194038aa0 secure :-1 s=STATE_CONNECTION_ESTABLISHED l=1).mark_down
2023-12-19T18:39:31.324 INFO:teuthology.orchestra.run.smithi059.stdout:/usr/bin/ceph: stderr
2023-12-19T18:39:30.780+0000 7ff1b4670700 1 --2- 172.21.15.59:0/4130875547 >> [v2:172.21.15.59:6800/2067989811,v1:172.21.15.59:6801/2067989811] conn(0x7ff1940365f0 0x7ff194038aa0 secure :-1 s=READY pgs=8 cs=0 l=1 rev1=1 crypto rx=0x7ff1a0009990 tx=0x7ff1a0006e40 comp rx=0 tx=0).stop
2023-12-19T18:39:31.324 INFO:teuthology.orchestra.run.smithi059.stdout:/usr/bin/ceph: stderr
2023-12-19T18:39:30.780+0000 7ff1b4670700 1 -- 172.21.15.59:0/4130875547 >> [v2:172.21.15.59:3300/0,v1:172.21.15.59:6789/0] conn(0x7ff1ac070fa0 msgr2=0x7ff1ac102980 secure :-1 s=STATE_CONNECTION_ESTABLISHED l=1).mark_down
2023-12-19T18:39:31.324 INFO:teuthology.orchestra.run.smithi059.stdout:/usr/bin/ceph: stderr
2023-12-19T18:39:30.780+0000 7ff1b4670700 1 --2- 172.21.15.59:0/4130875547 >> [v2:172.21.15.59:3300/0,v1:172.21.15.59:6789/0] conn(0x7ff1ac070fa0 0x7ff1ac102980 secure :-1 s=READY pgs=38 cs=0 l=1 rev1=1 crypto rx=0x7ff19c009fd0 tx=0x7ff19c009840 comp rx=0 tx=0).stop
2023-12-19T18:39:31.324 INFO:teuthology.orchestra.run.smithi059.stdout:/usr/bin/ceph: stderr
2023-12-19T18:39:30.780+0000 7ff1b4670700 1 -- 172.21.15.59:0/4130875547 shutdown_connections
2023-12-19T18:39:31.324 INFO:teuthology.orchestra.run.smithi059.stdout:/usr/bin/ceph: stderr
2023-12-19T18:39:30.780+0000 7ff1b4670700 1 --2- 172.21.15.59:0/4130875547 >> [v2:172.21.15.59:6800/2067989811,v1:172.21.15.59:6801/2067989811] conn(0x7ff1940365f0 0x7ff194038aa0 unknown :-1 s=CLOSED pgs=8 cs=0 l=1 rev1=1 crypto rx=0 tx=0 comp rx=0 tx=0).stop
2023-12-19T18:39:31.324 INFO:teuthology.orchestra.run.smithi059.stdout:/usr/bin/ceph: stderr
2023-12-19T18:39:30.780+0000 7ff1b4670700 1 --2- 172.21.15.59:0/4130875547 >> [v2:172.21.15.59:3300/0,v1:172.21.15.59:6789/0] conn(0x7ff1ac070fa0 0x7ff1ac102980 unknown :-1 s=CLOSED pgs=38 cs=0 l=1 rev1=1 crypto rx=0 tx=0 comp rx=0 tx=0).stop
2023-12-19T18:39:31.325 INFO:teuthology.orchestra.run.smithi059.stdout:/usr/bin/ceph: stderr
2023-12-19T18:39:30.780+0000 7ff1b4670700 1 -- 172.21.15.59:0/4130875547 >> 172.21.15.59:0/4130875547 conn(0x7ff1ac0fc970 msgr2=0x7ff1ac0fe1b0 unknown :-1 s=STATE_NONE l=0).mark_down
2023-12-19T18:39:31.325 INFO:teuthology.orchestra.run.smithi059.stdout:/usr/bin/ceph: stderr
2023-12-19T18:39:30.780+0000 7ff1b4670700 1 -- 172.21.15.59:0/4130875547 shutdown_connections
2023-12-19T18:39:31.325 INFO:teuthology.orchestra.run.smithi059.stdout:/usr/bin/ceph: stderr
2023-12-19T18:39:30.780+0000 7ff1b4670700 1 -- 172.21.15.59:0/4130875547 wait complete.
2023-12-19T18:39:31.325 INFO:teuthology.orchestra.run.smithi059.stdout:Generating ssh key...
2023-12-19T18:39:31.697 INFO:journalctl@ceph.mon.smithi059.smithi059.stdout:Dec 19 18:39:31 smithi059 ceph-mon[80661]: [19/Dec/2023:18:39:29] ENGINE Bus STARTING
2023-12-19T18:39:31.697 INFO:journalctl@ceph.mon.smithi059.smithi059.stdout:Dec 19 18:39:31 smithi059 ceph-mon[80661]: [19/Dec/2023:18:39:29] ENGINE Serving on https://172.21.15.59:7150
2023-12-19T18:39:31.697 INFO:journalctl@ceph.mon.smithi059.smithi059.stdout:Dec 19 18:39:31 smithi059 ceph-mon[80661]: [19/Dec/2023:18:39:29] ENGINE Bus STARTED
2023-12-19T18:39:32.844 INFO:journalctl@ceph.mon.smithi059.smithi059.stdout:Dec 19 18:39:32 smithi059 ceph-mon[80661]: from='client.14132 -' entity='client.admin' cmd=[{"prefix": "cephadm set-user", "user": "root", "target": ["mon-mgr", ""]}]: dispatch
2023-12-19T18:39:32.844 INFO:journalctl@ceph.mon.smithi059.smithi059.stdout:Dec 19 18:39:32 smithi059 ceph-mon[80661]: from='mgr.14118 172.21.15.59:0/1203771061' entity='mgr.smithi059.ccbnob'
2023-12-19T18:39:32.844 INFO:journalctl@ceph.mon.smithi059.smithi059.stdout:Dec 19 18:39:32 smithi059 ceph-mon[80661]: from='mgr.14118 172.21.15.59:0/1203771061' entity='mgr.smithi059.ccbnob'
2023-12-19T18:39:32.852 INFO:teuthology.orchestra.run.smithi059.stdout:/usr/bin/ceph: stderr
2023-12-19T18:39:31.806+0000 7f19ee8de700 1 Processor -- start
2023-12-19T18:39:32.852 INFO:teuthology.orchestra.run.smithi059.stdout:/usr/bin/ceph: stderr
2023-12-19T18:39:31.806+0000 7f19ee8de700 1 -- start start
2023-12-19T18:39:32.853 INFO:teuthology.orchestra.run.smithi059.stdout:/usr/bin/ceph: stderr
2023-12-19T18:39:31.806+0000 7f19ee8de700 1 --2- >> [v2:172.21.15.59:3300/0,v1:172.21.15.59:6789/0] conn(0x7f19e81039c0 0x7f19e8103dd0 unknown :-1 s=NONE pgs=0 cs=0 l=0 rev1=0 crypto rx=0 tx=0 comp rx=0 tx=0).connect
2023-12-19T18:39:32.853 INFO:teuthology.orchestra.run.smithi059.stdout:/usr/bin/ceph: stderr
2023-12-19T18:39:31.806+0000 7f19ee8de700 1 -- --> [v2:172.21.15.59:3300/0,v1:172.21.15.59:6789/0] -- mon_getmap magic: 0 v1 -- 0x7f19e8104310 con 0x7f19e81039c0
2023-12-19T18:39:32.853 INFO:teuthology.orchestra.run.smithi059.stdout:/usr/bin/ceph: stderr
2023-12-19T18:39:31.806+0000 7f19e7fff700 1 --2- >> [v2:172.21.15.59:3300/0,v1:172.21.15.59:6789/0] conn(0x7f19e81039c0 0x7f19e8103dd0 unknown :-1 s=BANNER_CONNECTING pgs=0 cs=0 l=0 rev1=0 crypto rx=0 tx=0 comp rx=0 tx=0)._handle_peer_banner_payload supported=3 required=0
2023-12-19T18:39:32.853 INFO:teuthology.orchestra.run.smithi059.stdout:/usr/bin/ceph: stderr
2023-12-19T18:39:31.806+0000 7f19e7fff700 1 --2- >> [v2:172.21.15.59:3300/0,v1:172.21.15.59:6789/0] conn(0x7f19e81039c0 0x7f19e8103dd0 unknown :-1 s=HELLO_CONNECTING pgs=0 cs=0 l=0 rev1=1 crypto rx=0 tx=0 comp rx=0 tx=0).handle_hello peer v2:172.21.15.59:3300/0 says I am v2:172.21.15.59:41308/0 (socket says 172.21.15.59:41308)
2023-12-19T18:39:32.854 INFO:teuthology.orchestra.run.smithi059.stdout:/usr/bin/ceph: stderr
2023-12-19T18:39:31.806+0000 7f19e7fff700 1 -- 172.21.15.59:0/4000581513 learned_addr learned my addr 172.21.15.59:0/4000581513 (peer_addr_for_me v2:172.21.15.59:0/0)
2023-12-19T18:39:32.854 INFO:teuthology.orchestra.run.smithi059.stdout:/usr/bin/ceph: stderr
2023-12-19T18:39:31.806+0000 7f19e7fff700 1 -- 172.21.15.59:0/4000581513 --> [v2:172.21.15.59:3300/0,v1:172.21.15.59:6789/0] -- mon_subscribe({config=0+,monmap=0+}) v3 -- 0x7f19e8101fb0 con 0x7f19e81039c0
2023-12-19T18:39:32.854 INFO:teuthology.orchestra.run.smithi059.stdout:/usr/bin/ceph: stderr
2023-12-19T18:39:31.806+0000 7f19e7fff700 1 --2- 172.21.15.59:0/4000581513 >> [v2:172.21.15.59:3300/0,v1:172.21.15.59:6789/0] conn(0x7f19e81039c0 0x7f19e8103dd0 secure :-1 s=READY pgs=39 cs=0 l=1 rev1=1 crypto rx=0x7f19d80098e0 tx=0x7f19d8009250 comp rx=0 tx=0).ready entity=mon.0 client_cookie=4043cac7445dbb0a server_cookie=0 in_seq=0 out_seq=0
2023-12-19T18:39:32.854 INFO:teuthology.orchestra.run.smithi059.stdout:/usr/bin/ceph: stderr
2023-12-19T18:39:31.807+0000 7f19e6ffd700 1 -- 172.21.15.59:0/4000581513 <== mon.0 v2:172.21.15.59:3300/0 1 ==== mon_map magic: 0 v1 ==== 229+0+0 (secure 0 0 0) 0x7f19d800b860 con 0x7f19e81039c0
2023-12-19T18:39:32.854 INFO:teuthology.orchestra.run.smithi059.stdout:/usr/bin/ceph: stderr
2023-12-19T18:39:31.807+0000 7f19e6ffd700 1 -- 172.21.15.59:0/4000581513 <== mon.0 v2:172.21.15.59:3300/0 2 ==== config(26 keys) v1 ==== 1009+0+0 (secure 0 0 0) 0x7f19d800be30 con 0x7f19e81039c0
2023-12-19T18:39:32.854 INFO:teuthology.orchestra.run.smithi059.stdout:/usr/bin/ceph: stderr
2023-12-19T18:39:31.807+0000 7f19e6ffd700 1 -- 172.21.15.59:0/4000581513 <== mon.0 v2:172.21.15.59:3300/0 3 ==== mon_map magic: 0 v1 ==== 229+0+0 (secure 0 0 0) 0x7f19d8010380 con 0x7f19e81039c0
2023-12-19T18:39:32.854 INFO:teuthology.orchestra.run.smithi059.stdout:/usr/bin/ceph: stderr
2023-12-19T18:39:31.807+0000 7f19ee8de700 1 -- 172.21.15.59:0/4000581513 >> [v2:172.21.15.59:3300/0,v1:172.21.15.59:6789/0] conn(0x7f19e81039c0 msgr2=0x7f19e8103dd0 secure :-1 s=STATE_CONNECTION_ESTABLISHED l=1).mark_down
2023-12-19T18:39:32.854 INFO:teuthology.orchestra.run.smithi059.stdout:/usr/bin/ceph: stderr
2023-12-19T18:39:31.807+0000 7f19ee8de700 1 --2- 172.21.15.59:0/4000581513 >> [v2:172.21.15.59:3300/0,v1:172.21.15.59:6789/0] conn(0x7f19e81039c0 0x7f19e8103dd0 secure :-1 s=READY pgs=39 cs=0 l=1 rev1=1 crypto rx=0x7f19d80098e0 tx=0x7f19d8009250 comp rx=0 tx=0).stop
2023-12-19T18:39:32.854 INFO:teuthology.orchestra.run.smithi059.stdout:/usr/bin/ceph: stderr
2023-12-19T18:39:31.807+0000 7f19ee8de700 1 -- 172.21.15.59:0/4000581513 shutdown_connections
2023-12-19T18:39:32.854 INFO:teuthology.orchestra.run.smithi059.stdout:/usr/bin/ceph: stderr
2023-12-19T18:39:31.807+0000 7f19ee8de700 1 --2- 172.21.15.59:0/4000581513 >> [v2:172.21.15.59:3300/0,v1:172.21.15.59:6789/0] conn(0x7f19e81039c0 0x7f19e8103dd0 unknown :-1 s=CLOSED pgs=39 cs=0 l=1 rev1=1 crypto rx=0 tx=0 comp rx=0 tx=0).stop
2023-12-19T18:39:32.855 INFO:teuthology.orchestra.run.smithi059.stdout:/usr/bin/ceph: stderr
2023-12-19T18:39:31.807+0000 7f19ee8de700 1 -- 172.21.15.59:0/4000581513 >> 172.21.15.59:0/4000581513 conn(0x7f19e80fda40 msgr2=0x7f19e80ffe70 unknown :-1 s=STATE_NONE l=0).mark_down
2023-12-19T18:39:32.855 INFO:teuthology.orchestra.run.smithi059.stdout:/usr/bin/ceph: stderr
2023-12-19T18:39:31.807+0000 7f19ee8de700 1 -- 172.21.15.59:0/4000581513 shutdown_connections
2023-12-19T18:39:32.855 INFO:teuthology.orchestra.run.smithi059.stdout:/usr/bin/ceph: stderr
2023-12-19T18:39:31.807+0000 7f19ee8de700 1 -- 172.21.15.59:0/4000581513 wait complete.
2023-12-19T18:39:32.855 INFO:teuthology.orchestra.run.smithi059.stdout:/usr/bin/ceph: stderr
2023-12-19T18:39:31.808+0000 7f19ee8de700 1 Processor -- start
2023-12-19T18:39:32.855 INFO:teuthology.orchestra.run.smithi059.stdout:/usr/bin/ceph: stderr
2023-12-19T18:39:31.808+0000 7f19ee8de700 1 -- start start
2023-12-19T18:39:32.855 INFO:teuthology.orchestra.run.smithi059.stdout:/usr/bin/ceph: stderr
2023-12-19T18:39:31.808+0000 7f19ee8de700 1 --2- >> [v2:172.21.15.59:3300/0,v1:172.21.15.59:6789/0] conn(0x7f19e81039c0 0x7f19e81110f0 unknown :-1 s=NONE pgs=0 cs=0 l=1 rev1=0 crypto rx=0 tx=0 comp rx=0 tx=0).connect
2023-12-19T18:39:32.855 INFO:teuthology.orchestra.run.smithi059.stdout:/usr/bin/ceph: stderr
2023-12-19T18:39:31.808+0000 7f19ee8de700 1 -- --> [v2:172.21.15.59:3300/0,v1:172.21.15.59:6789/0] -- mon_getmap magic: 0 v1 -- 0x7f19e8111630 con 0x7f19e81039c0
2023-12-19T18:39:32.855 INFO:teuthology.orchestra.run.smithi059.stdout:/usr/bin/ceph: stderr
2023-12-19T18:39:31.808+0000 7f19e7fff700 1 --2- >> [v2:172.21.15.59:3300/0,v1:172.21.15.59:6789/0] conn(0x7f19e81039c0 0x7f19e81110f0 unknown :-1 s=BANNER_CONNECTING pgs=0 cs=0 l=1 rev1=0 crypto rx=0 tx=0 comp rx=0 tx=0)._handle_peer_banner_payload supported=3 required=0
2023-12-19T18:39:32.855 INFO:teuthology.orchestra.run.smithi059.stdout:/usr/bin/ceph: stderr
2023-12-19T18:39:31.808+0000 7f19e7fff700 1 --2- >> [v2:172.21.15.59:3300/0,v1:172.21.15.59:6789/0] conn(0x7f19e81039c0 0x7f19e81110f0 unknown :-1 s=HELLO_CONNECTING pgs=0 cs=0 l=1 rev1=1 crypto rx=0 tx=0 comp rx=0 tx=0).handle_hello peer v2:172.21.15.59:3300/0 says I am v2:172.21.15.59:41314/0 (socket says 172.21.15.59:41314)
2023-12-19T18:39:32.855 INFO:teuthology.orchestra.run.smithi059.stdout:/usr/bin/ceph: stderr
2023-12-19T18:39:31.808+0000 7f19e7fff700 1 -- 172.21.15.59:0/3883984577 learned_addr learned my addr 172.21.15.59:0/3883984577 (peer_addr_for_me v2:172.21.15.59:0/0)
2023-12-19T18:39:32.855 INFO:teuthology.orchestra.run.smithi059.stdout:/usr/bin/ceph: stderr
2023-12-19T18:39:31.809+0000 7f19e7fff700 1 -- 172.21.15.59:0/3883984577 --> [v2:172.21.15.59:3300/0,v1:172.21.15.59:6789/0] -- mon_subscribe({config=0+,monmap=0+}) v3 -- 0x7f19d80094f0 con 0x7f19e81039c0
2023-12-19T18:39:32.855 INFO:teuthology.orchestra.run.smithi059.stdout:/usr/bin/ceph: stderr
2023-12-19T18:39:31.809+0000 7f19e7fff700 1 --2- 172.21.15.59:0/3883984577 >> [v2:172.21.15.59:3300/0,v1:172.21.15.59:6789/0] conn(0x7f19e81039c0 0x7f19e81110f0 secure :-1 s=READY pgs=40 cs=0 l=1 rev1=1 crypto rx=0x7f19d8006b00 tx=0x7f19d8009250 comp rx=0 tx=0).ready entity=mon.0 client_cookie=0 server_cookie=0 in_seq=0 out_seq=0
2023-12-19T18:39:32.855 INFO:teuthology.orchestra.run.smithi059.stdout:/usr/bin/ceph: stderr
2023-12-19T18:39:31.809+0000 7f19e4ff9700 1 -- 172.21.15.59:0/3883984577 <== mon.0 v2:172.21.15.59:3300/0 1 ==== mon_map magic: 0 v1 ==== 229+0+0 (secure 0 0 0) 0x7f19d80109b0 con 0x7f19e81039c0
2023-12-19T18:39:32.855 INFO:teuthology.orchestra.run.smithi059.stdout:/usr/bin/ceph: stderr
2023-12-19T18:39:31.809+0000 7f19e4ff9700 1 -- 172.21.15.59:0/3883984577 <== mon.0 v2:172.21.15.59:3300/0 2 ==== config(26 keys) v1 ==== 1009+0+0 (secure 0 0 0) 0x7f19d801a430 con 0x7f19e81039c0
2023-12-19T18:39:32.856 INFO:teuthology.orchestra.run.smithi059.stdout:/usr/bin/ceph: stderr
2023-12-19T18:39:31.809+0000 7f19ee8de700 1 -- 172.21.15.59:0/3883984577 --> [v2:172.21.15.59:3300/0,v1:172.21.15.59:6789/0] -- mon_subscribe({mgrmap=0+}) v3 -- 0x7f19e8111830 con 0x7f19e81039c0
2023-12-19T18:39:32.856 INFO:teuthology.orchestra.run.smithi059.stdout:/usr/bin/ceph: stderr
2023-12-19T18:39:31.809+0000 7f19e4ff9700 1 -- 172.21.15.59:0/3883984577 <== mon.0 v2:172.21.15.59:3300/0 3 ==== mon_map magic: 0 v1 ==== 229+0+0 (secure 0 0 0) 0x7f19d80245b0 con 0x7f19e81039c0
2023-12-19T18:39:32.856 INFO:teuthology.orchestra.run.smithi059.stdout:/usr/bin/ceph: stderr
2023-12-19T18:39:31.809+0000 7f19ee8de700 1 -- 172.21.15.59:0/3883984577 --> [v2:172.21.15.59:3300/0,v1:172.21.15.59:6789/0] -- mon_subscribe({osdmap=0}) v3 -- 0x7f19e8111c40 con 0x7f19e81039c0
2023-12-19T18:39:32.856 INFO:teuthology.orchestra.run.smithi059.stdout:/usr/bin/ceph: stderr
2023-12-19T18:39:31.810+0000 7f19e4ff9700 1 -- 172.21.15.59:0/3883984577 <== mon.0 v2:172.21.15.59:3300/0 4 ==== mgrmap(e 8) v1 ==== 43281+0+0 (secure 0 0 0) 0x7f19d80247e0 con 0x7f19e81039c0
2023-12-19T18:39:32.856 INFO:teuthology.orchestra.run.smithi059.stdout:/usr/bin/ceph: stderr
2023-12-19T18:39:31.810+0000 7f19ee8de700 1 -- 172.21.15.59:0/3883984577 --> [v2:172.21.15.59:3300/0,v1:172.21.15.59:6789/0] -- mon_command({"prefix": "get_command_descriptions"} v 0) v1 -- 0x7f19e8102d60 con 0x7f19e81039c0
2023-12-19T18:39:32.856 INFO:teuthology.orchestra.run.smithi059.stdout:/usr/bin/ceph: stderr
2023-12-19T18:39:31.810+0000 7f19e4ff9700 1 --2- 172.21.15.59:0/3883984577 >> [v2:172.21.15.59:6800/2067989811,v1:172.21.15.59:6801/2067989811] conn(0x7f19d4036640 0x7f19d4038af0 unknown :-1 s=NONE pgs=0 cs=0 l=1 rev1=0 crypto rx=0 tx=0 comp rx=0 tx=0).connect
2023-12-19T18:39:32.856 INFO:teuthology.orchestra.run.smithi059.stdout:/usr/bin/ceph: stderr
2023-12-19T18:39:31.810+0000 7f19e4ff9700 1 -- 172.21.15.59:0/3883984577 <== mon.0 v2:172.21.15.59:3300/0 5 ==== osd_map(2..2 src has 1..2) v4 ==== 936+0+0 (secure 0 0 0) 0x7f19d804ab80 con 0x7f19e81039c0
2023-12-19T18:39:32.856 INFO:teuthology.orchestra.run.smithi059.stdout:/usr/bin/ceph: stderr
2023-12-19T18:39:31.810+0000 7f19e77fe700 1 --2- 172.21.15.59:0/3883984577 >> [v2:172.21.15.59:6800/2067989811,v1:172.21.15.59:6801/2067989811] conn(0x7f19d4036640 0x7f19d4038af0 unknown :-1 s=BANNER_CONNECTING pgs=0 cs=0 l=1 rev1=0 crypto rx=0 tx=0 comp rx=0 tx=0)._handle_peer_banner_payload supported=3 required=0
2023-12-19T18:39:32.856 INFO:teuthology.orchestra.run.smithi059.stdout:/usr/bin/ceph: stderr
2023-12-19T18:39:31.811+0000 7f19e77fe700 1 --2- 172.21.15.59:0/3883984577 >> [v2:172.21.15.59:6800/2067989811,v1:172.21.15.59:6801/2067989811] conn(0x7f19d4036640 0x7f19d4038af0 secure :-1 s=READY pgs=9 cs=0 l=1 rev1=1 crypto rx=0x7f19d0009990 tx=0x7f19d0006e40 comp rx=0 tx=0).ready entity=mgr.14118 client_cookie=0 server_cookie=0 in_seq=0 out_seq=0
2023-12-19T18:39:32.856 INFO:teuthology.orchestra.run.smithi059.stdout:/usr/bin/ceph: stderr
2023-12-19T18:39:31.815+0000 7f19e4ff9700 1 -- 172.21.15.59:0/3883984577 <== mon.0 v2:172.21.15.59:3300/0 6 ==== mon_command_ack([{"prefix": "get_command_descriptions"}]=0 v0) v1 ==== 72+0+174570 (secure 0 0 0) 0x7f19d8018350 con 0x7f19e81039c0
2023-12-19T18:39:32.856 INFO:teuthology.orchestra.run.smithi059.stdout:/usr/bin/ceph: stderr
2023-12-19T18:39:32.014+0000 7f19ee8de700 1 -- 172.21.15.59:0/3883984577 --> [v2:172.21.15.59:6800/2067989811,v1:172.21.15.59:6801/2067989811] -- mgr_command(tid 0: {"prefix": "cephadm generate-key", "target": ["mon-mgr", ""]}) v1 -- 0x7f19e810adf0 con 0x7f19d4036640
2023-12-19T18:39:32.857 INFO:teuthology.orchestra.run.smithi059.stdout:/usr/bin/ceph: stderr
2023-12-19T18:39:32.303+0000 7f19e4ff9700 1 -- 172.21.15.59:0/3883984577 <== mgr.14118 v2:172.21.15.59:6800/2067989811 1 ==== mgr_command_reply(tid 0: 0 ) v1 ==== 8+0+0 (secure 0 0 0) 0x7f19e810adf0 con 0x7f19d4036640
2023-12-19T18:39:32.857 INFO:teuthology.orchestra.run.smithi059.stdout:/usr/bin/ceph: stderr
2023-12-19T18:39:32.305+0000 7f19ee8de700 1 -- 172.21.15.59:0/3883984577 >> [v2:172.21.15.59:6800/2067989811,v1:172.21.15.59:6801/2067989811] conn(0x7f19d4036640 msgr2=0x7f19d4038af0 secure :-1 s=STATE_CONNECTION_ESTABLISHED l=1).mark_down
2023-12-19T18:39:32.857 INFO:teuthology.orchestra.run.smithi059.stdout:/usr/bin/ceph: stderr
2023-12-19T18:39:32.305+0000 7f19ee8de700 1 --2- 172.21.15.59:0/3883984577 >> [v2:172.21.15.59:6800/2067989811,v1:172.21.15.59:6801/2067989811] conn(0x7f19d4036640 0x7f19d4038af0 secure :-1 s=READY pgs=9 cs=0 l=1 rev1=1 crypto rx=0x7f19d0009990 tx=0x7f19d0006e40 comp rx=0 tx=0).stop
2023-12-19T18:39:32.857 INFO:teuthology.orchestra.run.smithi059.stdout:/usr/bin/ceph: stderr
2023-12-19T18:39:32.305+0000 7f19ee8de700 1 -- 172.21.15.59:0/3883984577 >> [v2:172.21.15.59:3300/0,v1:172.21.15.59:6789/0] conn(0x7f19e81039c0 msgr2=0x7f19e81110f0 secure :-1 s=STATE_CONNECTION_ESTABLISHED l=1).mark_down
2023-12-19T18:39:32.857 INFO:teuthology.orchestra.run.smithi059.stdout:/usr/bin/ceph: stderr
2023-12-19T18:39:32.305+0000 7f19ee8de700 1 --2- 172.21.15.59:0/3883984577 >> [v2:172.21.15.59:3300/0,v1:172.21.15.59:6789/0] conn(0x7f19e81039c0 0x7f19e81110f0 secure :-1 s=READY pgs=40 cs=0 l=1 rev1=1 crypto rx=0x7f19d8006b00 tx=0x7f19d8009250 comp rx=0 tx=0).stop
2023-12-19T18:39:32.857 INFO:teuthology.orchestra.run.smithi059.stdout:/usr/bin/ceph: stderr
2023-12-19T18:39:32.305+0000 7f19ee8de700 1 -- 172.21.15.59:0/3883984577 shutdown_connections
2023-12-19T18:39:32.857 INFO:teuthology.orchestra.run.smithi059.stdout:/usr/bin/ceph: stderr
2023-12-19T18:39:32.305+0000 7f19ee8de700 1 --2- 172.21.15.59:0/3883984577 >> [v2:172.21.15.59:6800/2067989811,v1:172.21.15.59:6801/2067989811] conn(0x7f19d4036640 0x7f19d4038af0 unknown :-1 s=CLOSED pgs=9 cs=0 l=1 rev1=1 crypto rx=0 tx=0 comp rx=0 tx=0).stop
2023-12-19T18:39:32.857 INFO:teuthology.orchestra.run.smithi059.stdout:/usr/bin/ceph: stderr
2023-12-19T18:39:32.305+0000 7f19ee8de700 1 --2- 172.21.15.59:0/3883984577 >> [v2:172.21.15.59:3300/0,v1:172.21.15.59:6789/0] conn(0x7f19e81039c0 0x7f19e81110f0 unknown :-1 s=CLOSED pgs=40 cs=0 l=1 rev1=1 crypto rx=0 tx=0 comp rx=0 tx=0).stop
2023-12-19T18:39:32.857 INFO:teuthology.orchestra.run.smithi059.stdout:/usr/bin/ceph: stderr
2023-12-19T18:39:32.305+0000 7f19ee8de700 1 -- 172.21.15.59:0/3883984577 >> 172.21.15.59:0/3883984577 conn(0x7f19e80fda40 msgr2=0x7f19e80ff1c0 unknown :-1 s=STATE_NONE l=0).mark_down
2023-12-19T18:39:32.857 INFO:teuthology.orchestra.run.smithi059.stdout:/usr/bin/ceph: stderr
2023-12-19T18:39:32.305+0000 7f19ee8de700 1 -- 172.21.15.59:0/3883984577 shutdown_connections
2023-12-19T18:39:32.857 INFO:teuthology.orchestra.run.smithi059.stdout:/usr/bin/ceph: stderr
2023-12-19T18:39:32.305+0000 7f19ee8de700 1 -- 172.21.15.59:0/3883984577 wait complete.
2023-12-19T18:39:33.941 INFO:journalctl@ceph.mon.smithi059.smithi059.stdout:Dec 19 18:39:33 smithi059 ceph-mon[80661]: from='client.14134 -' entity='client.admin' cmd=[{"prefix": "cephadm generate-key", "target": ["mon-mgr", ""]}]: dispatch
2023-12-19T18:39:33.941 INFO:journalctl@ceph.mon.smithi059.smithi059.stdout:Dec 19 18:39:33 smithi059 ceph-mon[80661]: Generating ssh key...
2023-12-19T18:39:33.949 INFO:teuthology.orchestra.run.smithi059.stdout:/usr/bin/ceph: stdout ssh-rsa AAAAB3NzaC1yc2EAAAADAQABAAABgQDcZ741Eu8uRFJIzSVCG5g7wC+O6CkKG23f2dBASTDklVCRhViodR92fqpcBApSuyqD81p6nRoUvVgu29pS5q4J2KCWq2plNgEBnbBwinjbdjdmpFEPde+ze6U4vl2KcTs7kkK6SqHoZHwd8JkNzM4x+Fr+ijaNFVeyQzoNALsX2K5IYvpS7/PHkmN7nmhjNWpzsbyqDa0hWiC8qc0fWon4j1eS0pNV3RRuSrUdMAAAgPZMEZelXAmZRkgaXKjzCglomn2Ig1BcRiydUM+1iUz9Mhu6EAlvtFBDKT4VtgmQCs4Jn2tfOl2rti482QZaCp9iNhsO1q6G36O+nTN6vebHW5l6IcmegfozshZa8/s4Zx61r+XWmKGFOZjdOHxt4qp3VXMnlN/8aPTmd1oPpQHFID4p7zGlysKcj85L3iGoL0WIRvf+g1uOVSddpUJvAx+zvd0dSyRKZLyw+4ZiJvHImwyVeh8DSELGOeN/uWzFilrQ4lHBl1Lm/IYGtHPswhM= ceph-bf854274-9e9d-11ee-95a5-87774f69a715
2023-12-19T18:39:33.949 INFO:teuthology.orchestra.run.smithi059.stdout:/usr/bin/ceph: stderr
2023-12-19T18:39:33.263+0000 7ff4d6ff5700 1 Processor -- start
2023-12-19T18:39:33.949 INFO:teuthology.orchestra.run.smithi059.stdout:/usr/bin/ceph: stderr
2023-12-19T18:39:33.263+0000 7ff4d6ff5700 1 -- start start
2023-12-19T18:39:33.949 INFO:teuthology.orchestra.run.smithi059.stdout:/usr/bin/ceph: stderr
2023-12-19T18:39:33.263+0000 7ff4d6ff5700 1 --2- >> [v2:172.21.15.59:3300/0,v1:172.21.15.59:6789/0] conn(0x7ff4d01011d0 0x7ff4d01015e0 unknown :-1 s=NONE pgs=0 cs=0 l=0 rev1=0 crypto rx=0 tx=0 comp rx=0 tx=0).connect
2023-12-19T18:39:33.949 INFO:teuthology.orchestra.run.smithi059.stdout:/usr/bin/ceph: stderr
2023-12-19T18:39:33.263+0000 7ff4d6ff5700 1 -- --> [v2:172.21.15.59:3300/0,v1:172.21.15.59:6789/0] -- mon_getmap magic: 0 v1 -- 0x7ff4d0101b20 con 0x7ff4d01011d0
2023-12-19T18:39:33.949 INFO:teuthology.orchestra.run.smithi059.stdout:/usr/bin/ceph: stderr
2023-12-19T18:39:33.263+0000 7ff4d4d91700 1 --2- >> [v2:172.21.15.59:3300/0,v1:172.21.15.59:6789/0] conn(0x7ff4d01011d0 0x7ff4d01015e0 unknown :-1 s=BANNER_CONNECTING pgs=0 cs=0 l=0 rev1=0 crypto rx=0 tx=0 comp rx=0 tx=0)._handle_peer_banner_payload supported=3 required=0
2023-12-19T18:39:33.949 INFO:teuthology.orchestra.run.smithi059.stdout:/usr/bin/ceph: stderr
2023-12-19T18:39:33.263+0000 7ff4d4d91700 1 --2- >> [v2:172.21.15.59:3300/0,v1:172.21.15.59:6789/0] conn(0x7ff4d01011d0 0x7ff4d01015e0 unknown :-1 s=HELLO_CONNECTING pgs=0 cs=0 l=0 rev1=1 crypto rx=0 tx=0 comp rx=0 tx=0).handle_hello peer v2:172.21.15.59:3300/0 says I am v2:172.21.15.59:41320/0 (socket says 172.21.15.59:41320)
2023-12-19T18:39:33.949 INFO:teuthology.orchestra.run.smithi059.stdout:/usr/bin/ceph: stderr
2023-12-19T18:39:33.263+0000 7ff4d4d91700 1 -- 172.21.15.59:0/114999926 learned_addr learned my addr 172.21.15.59:0/114999926 (peer_addr_for_me v2:172.21.15.59:0/0)
2023-12-19T18:39:33.949 INFO:teuthology.orchestra.run.smithi059.stdout:/usr/bin/ceph: stderr
2023-12-19T18:39:33.263+0000 7ff4d4d91700 1 -- 172.21.15.59:0/114999926 --> [v2:172.21.15.59:3300/0,v1:172.21.15.59:6789/0] -- mon_subscribe({config=0+,monmap=0+}) v3 -- 0x7ff4d0101c60 con 0x7ff4d01011d0
2023-12-19T18:39:33.949 INFO:teuthology.orchestra.run.smithi059.stdout:/usr/bin/ceph: stderr
2023-12-19T18:39:33.264+0000 7ff4d4d91700 1 --2- 172.21.15.59:0/114999926 >> [v2:172.21.15.59:3300/0,v1:172.21.15.59:6789/0] conn(0x7ff4d01011d0 0x7ff4d01015e0 secure :-1 s=READY pgs=41 cs=0 l=1 rev1=1 crypto rx=0x7ff4c40098e0 tx=0x7ff4c4009250 comp rx=0 tx=0).ready entity=mon.0 client_cookie=6881c8fa9f5dfb5a server_cookie=0 in_seq=0 out_seq=0
2023-12-19T18:39:33.949 INFO:teuthology.orchestra.run.smithi059.stdout:/usr/bin/ceph: stderr
2023-12-19T18:39:33.264+0000 7ff4cf7fe700 1 -- 172.21.15.59:0/114999926 <== mon.0 v2:172.21.15.59:3300/0 1 ==== mon_map magic: 0 v1 ==== 229+0+0 (secure 0 0 0) 0x7ff4c400b860 con 0x7ff4d01011d0
2023-12-19T18:39:33.950 INFO:teuthology.orchestra.run.smithi059.stdout:/usr/bin/ceph: stderr
2023-12-19T18:39:33.264+0000 7ff4cf7fe700 1 -- 172.21.15.59:0/114999926 <== mon.0 v2:172.21.15.59:3300/0 2 ==== config(26 keys) v1 ==== 1009+0+0 (secure 0 0 0) 0x7ff4c400be30 con 0x7ff4d01011d0
2023-12-19T18:39:33.950 INFO:teuthology.orchestra.run.smithi059.stdout:/usr/bin/ceph: stderr
2023-12-19T18:39:33.264+0000 7ff4cf7fe700 1 -- 172.21.15.59:0/114999926 <== mon.0 v2:172.21.15.59:3300/0 3 ==== mon_map magic: 0 v1 ==== 229+0+0 (secure 0 0 0) 0x7ff4c4010380 con 0x7ff4d01011d0
2023-12-19T18:39:33.950 INFO:teuthology.orchestra.run.smithi059.stdout:/usr/bin/ceph: stderr
2023-12-19T18:39:33.264+0000 7ff4d6ff5700 1 -- 172.21.15.59:0/114999926 >> [v2:172.21.15.59:3300/0,v1:172.21.15.59:6789/0] conn(0x7ff4d01011d0 msgr2=0x7ff4d01015e0 secure :-1 s=STATE_CONNECTION_ESTABLISHED l=1).mark_down
2023-12-19T18:39:33.950 INFO:teuthology.orchestra.run.smithi059.stdout:/usr/bin/ceph: stderr
2023-12-19T18:39:33.264+0000 7ff4d6ff5700 1 --2- 172.21.15.59:0/114999926 >> [v2:172.21.15.59:3300/0,v1:172.21.15.59:6789/0] conn(0x7ff4d01011d0 0x7ff4d01015e0 secure :-1 s=READY pgs=41 cs=0 l=1 rev1=1 crypto rx=0x7ff4c40098e0 tx=0x7ff4c4009250 comp rx=0 tx=0).stop
2023-12-19T18:39:33.950 INFO:teuthology.orchestra.run.smithi059.stdout:/usr/bin/ceph: stderr
2023-12-19T18:39:33.264+0000 7ff4d6ff5700 1 -- 172.21.15.59:0/114999926 shutdown_connections
2023-12-19T18:39:33.950 INFO:teuthology.orchestra.run.smithi059.stdout:/usr/bin/ceph: stderr
2023-12-19T18:39:33.264+0000 7ff4d6ff5700 1 --2- 172.21.15.59:0/114999926 >> [v2:172.21.15.59:3300/0,v1:172.21.15.59:6789/0] conn(0x7ff4d01011d0 0x7ff4d01015e0 unknown :-1 s=CLOSED pgs=41 cs=0 l=1 rev1=1 crypto rx=0 tx=0 comp rx=0 tx=0).stop
2023-12-19T18:39:33.950 INFO:teuthology.orchestra.run.smithi059.stdout:/usr/bin/ceph: stderr
2023-12-19T18:39:33.264+0000 7ff4d6ff5700 1 -- 172.21.15.59:0/114999926 >> 172.21.15.59:0/114999926 conn(0x7ff4d00fc950 msgr2=0x7ff4d00fed60 unknown :-1 s=STATE_NONE l=0).mark_down
2023-12-19T18:39:33.950 INFO:teuthology.orchestra.run.smithi059.stdout:/usr/bin/ceph: stderr
2023-12-19T18:39:33.264+0000 7ff4d6ff5700 1 -- 172.21.15.59:0/114999926 shutdown_connections
2023-12-19T18:39:33.950 INFO:teuthology.orchestra.run.smithi059.stdout:/usr/bin/ceph: stderr
2023-12-19T18:39:33.264+0000 7ff4d6ff5700 1 -- 172.21.15.59:0/114999926 wait complete.
2023-12-19T18:39:33.950 INFO:teuthology.orchestra.run.smithi059.stdout:/usr/bin/ceph: stderr
2023-12-19T18:39:33.265+0000 7ff4d6ff5700 1 Processor -- start
2023-12-19T18:39:33.950 INFO:teuthology.orchestra.run.smithi059.stdout:/usr/bin/ceph: stderr
2023-12-19T18:39:33.265+0000 7ff4d6ff5700 1 -- start start
2023-12-19T18:39:33.950 INFO:teuthology.orchestra.run.smithi059.stdout:/usr/bin/ceph: stderr
2023-12-19T18:39:33.265+0000 7ff4d6ff5700 1 --2- >> [v2:172.21.15.59:3300/0,v1:172.21.15.59:6789/0] conn(0x7ff4d01011d0 0x7ff4d010ef40 unknown :-1 s=NONE pgs=0 cs=0 l=1 rev1=0 crypto rx=0 tx=0 comp rx=0 tx=0).connect
2023-12-19T18:39:33.950 INFO:teuthology.orchestra.run.smithi059.stdout:/usr/bin/ceph: stderr
2023-12-19T18:39:33.265+0000 7ff4d6ff5700 1 -- --> [v2:172.21.15.59:3300/0,v1:172.21.15.59:6789/0] -- mon_getmap magic: 0 v1 -- 0x7ff4d010f480 con 0x7ff4d01011d0
2023-12-19T18:39:33.950 INFO:teuthology.orchestra.run.smithi059.stdout:/usr/bin/ceph: stderr
2023-12-19T18:39:33.265+0000 7ff4d4d91700 1 --2- >> [v2:172.21.15.59:3300/0,v1:172.21.15.59:6789/0] conn(0x7ff4d01011d0 0x7ff4d010ef40 unknown :-1 s=BANNER_CONNECTING pgs=0 cs=0 l=1 rev1=0 crypto rx=0 tx=0 comp rx=0 tx=0)._handle_peer_banner_payload supported=3 required=0
2023-12-19T18:39:33.950 INFO:teuthology.orchestra.run.smithi059.stdout:/usr/bin/ceph: stderr
2023-12-19T18:39:33.265+0000 7ff4d4d91700 1 --2- >> [v2:172.21.15.59:3300/0,v1:172.21.15.59:6789/0] conn(0x7ff4d01011d0 0x7ff4d010ef40 unknown :-1 s=HELLO_CONNECTING pgs=0 cs=0 l=1 rev1=1 crypto rx=0 tx=0 comp rx=0 tx=0).handle_hello peer v2:172.21.15.59:3300/0 says I am v2:172.21.15.59:41322/0 (socket says 172.21.15.59:41322)
2023-12-19T18:39:33.951 INFO:teuthology.orchestra.run.smithi059.stdout:/usr/bin/ceph: stderr
2023-12-19T18:39:33.266+0000 7ff4d4d91700 1 -- 172.21.15.59:0/3396420963 learned_addr learned my addr 172.21.15.59:0/3396420963 (peer_addr_for_me v2:172.21.15.59:0/0)
2023-12-19T18:39:33.951 INFO:teuthology.orchestra.run.smithi059.stdout:/usr/bin/ceph: stderr
2023-12-19T18:39:33.266+0000 7ff4d4d91700 1 -- 172.21.15.59:0/3396420963 --> [v2:172.21.15.59:3300/0,v1:172.21.15.59:6789/0] -- mon_subscribe({config=0+,monmap=0+}) v3 -- 0x7ff4c40094f0 con 0x7ff4d01011d0
2023-12-19T18:39:33.951 INFO:teuthology.orchestra.run.smithi059.stdout:/usr/bin/ceph: stderr
2023-12-19T18:39:33.266+0000 7ff4d4d91700 1 --2- 172.21.15.59:0/3396420963 >> [v2:172.21.15.59:3300/0,v1:172.21.15.59:6789/0] conn(0x7ff4d01011d0 0x7ff4d010ef40 secure :-1 s=READY pgs=42 cs=0 l=1 rev1=1 crypto rx=0x7ff4c4006b00 tx=0x7ff4c4009250 comp rx=0 tx=0).ready entity=mon.0 client_cookie=0 server_cookie=0 in_seq=0 out_seq=0
2023-12-19T18:39:33.951 INFO:teuthology.orchestra.run.smithi059.stdout:/usr/bin/ceph: stderr
2023-12-19T18:39:33.266+0000 7ff4cd7fa700 1 -- 172.21.15.59:0/3396420963 <== mon.0 v2:172.21.15.59:3300/0 1 ==== mon_map magic: 0 v1 ==== 229+0+0 (secure 0 0 0) 0x7ff4c40109b0 con 0x7ff4d01011d0
2023-12-19T18:39:33.951 INFO:teuthology.orchestra.run.smithi059.stdout:/usr/bin/ceph: stderr
2023-12-19T18:39:33.266+0000 7ff4cd7fa700 1 -- 172.21.15.59:0/3396420963 <== mon.0 v2:172.21.15.59:3300/0 2 ==== config(26 keys) v1 ==== 1009+0+0 (secure 0 0 0) 0x7ff4c4024440 con 0x7ff4d01011d0
2023-12-19T18:39:33.951 INFO:teuthology.orchestra.run.smithi059.stdout:/usr/bin/ceph: stderr
2023-12-19T18:39:33.266+0000 7ff4d6ff5700 1 -- 172.21.15.59:0/3396420963 --> [v2:172.21.15.59:3300/0,v1:172.21.15.59:6789/0] -- mon_subscribe({mgrmap=0+}) v3 -- 0x7ff4d010f680 con 0x7ff4d01011d0
2023-12-19T18:39:33.951 INFO:teuthology.orchestra.run.smithi059.stdout:/usr/bin/ceph: stderr
2023-12-19T18:39:33.266+0000 7ff4cd7fa700 1 -- 172.21.15.59:0/3396420963 <== mon.0 v2:172.21.15.59:3300/0 3 ==== mon_map magic: 0 v1 ==== 229+0+0 (secure 0 0 0) 0x7ff4c401a5f0 con 0x7ff4d01011d0
2023-12-19T18:39:33.951 INFO:teuthology.orchestra.run.smithi059.stdout:/usr/bin/ceph: stderr
2023-12-19T18:39:33.266+0000 7ff4d6ff5700 1 -- 172.21.15.59:0/3396420963 --> [v2:172.21.15.59:3300/0,v1:172.21.15.59:6789/0] -- mon_subscribe({osdmap=0}) v3 -- 0x7ff4d010fa90 con 0x7ff4d01011d0
2023-12-19T18:39:33.951 INFO:teuthology.orchestra.run.smithi059.stdout:/usr/bin/ceph: stderr
2023-12-19T18:39:33.267+0000 7ff4cd7fa700 1 -- 172.21.15.59:0/3396420963 <== mon.0 v2:172.21.15.59:3300/0 4 ==== mgrmap(e 8) v1 ==== 43281+0+0 (secure 0 0 0) 0x7ff4c401a870 con 0x7ff4d01011d0
2023-12-19T18:39:33.951 INFO:teuthology.orchestra.run.smithi059.stdout:/usr/bin/ceph: stderr
2023-12-19T18:39:33.267+0000 7ff4cd7fa700 1 --2- 172.21.15.59:0/3396420963 >> [v2:172.21.15.59:6800/2067989811,v1:172.21.15.59:6801/2067989811] conn(0x7ff4c0036630 0x7ff4c0038ae0 unknown :-1 s=NONE pgs=0 cs=0 l=1 rev1=0 crypto rx=0 tx=0 comp rx=0 tx=0).connect
2023-12-19T18:39:33.951 INFO:teuthology.orchestra.run.smithi059.stdout:/usr/bin/ceph: stderr
2023-12-19T18:39:33.267+0000 7ff4d6ff5700 1 -- 172.21.15.59:0/3396420963 --> [v2:172.21.15.59:3300/0,v1:172.21.15.59:6789/0] -- mon_command({"prefix": "get_command_descriptions"} v 0) v1 -- 0x7ff4d004bb80 con 0x7ff4d01011d0
2023-12-19T18:39:33.951 INFO:teuthology.orchestra.run.smithi059.stdout:/usr/bin/ceph: stderr
2023-12-19T18:39:33.267+0000 7ff4cd7fa700 1 -- 172.21.15.59:0/3396420963 <== mon.0 v2:172.21.15.59:3300/0 5 ==== osd_map(2..2 src has 1..2) v4 ==== 936+0+0 (secure 0 0 0) 0x7ff4c404a5e0 con 0x7ff4d01011d0
2023-12-19T18:39:33.951 INFO:teuthology.orchestra.run.smithi059.stdout:/usr/bin/ceph: stderr
2023-12-19T18:39:33.267+0000 7ff4cffff700 1 --2- 172.21.15.59:0/3396420963 >> [v2:172.21.15.59:6800/2067989811,v1:172.21.15.59:6801/2067989811] conn(0x7ff4c0036630 0x7ff4c0038ae0 unknown :-1 s=BANNER_CONNECTING pgs=0 cs=0 l=1 rev1=0 crypto rx=0 tx=0 comp rx=0 tx=0)._handle_peer_banner_payload supported=3 required=0
2023-12-19T18:39:33.951 INFO:teuthology.orchestra.run.smithi059.stdout:/usr/bin/ceph: stderr
2023-12-19T18:39:33.268+0000 7ff4cffff700 1 --2- 172.21.15.59:0/3396420963 >> [v2:172.21.15.59:6800/2067989811,v1:172.21.15.59:6801/2067989811] conn(0x7ff4c0036630 0x7ff4c0038ae0 secure :-1 s=READY pgs=10 cs=0 l=1 rev1=1 crypto rx=0x7ff4bc009990 tx=0x7ff4bc006e40 comp rx=0 tx=0).ready entity=mgr.14118 client_cookie=0 server_cookie=0 in_seq=0 out_seq=0
2023-12-19T18:39:33.951 INFO:teuthology.orchestra.run.smithi059.stdout:/usr/bin/ceph: stderr
2023-12-19T18:39:33.272+0000 7ff4cd7fa700 1 -- 172.21.15.59:0/3396420963 <== mon.0 v2:172.21.15.59:3300/0 6 ==== mon_command_ack([{"prefix": "get_command_descriptions"}]=0 v0) v1 ==== 72+0+174570 (secure 0 0 0) 0x7ff4c4022340 con 0x7ff4d01011d0
2023-12-19T18:39:33.952 INFO:teuthology.orchestra.run.smithi059.stdout:/usr/bin/ceph: stderr
2023-12-19T18:39:33.467+0000 7ff4d6ff5700 1 -- 172.21.15.59:0/3396420963 --> [v2:172.21.15.59:6800/2067989811,v1:172.21.15.59:6801/2067989811] -- mgr_command(tid 0: {"prefix": "cephadm get-pub-key", "target": ["mon-mgr", ""]}) v1 -- 0x7ff4d0108c30 con 0x7ff4c0036630
2023-12-19T18:39:33.952 INFO:teuthology.orchestra.run.smithi059.stdout:/usr/bin/ceph: stderr
2023-12-19T18:39:33.468+0000 7ff4cd7fa700 1 -- 172.21.15.59:0/3396420963 <== mgr.14118 v2:172.21.15.59:6800/2067989811 1 ==== mgr_command_reply(tid 0: 0 ) v1 ==== 8+0+595 (secure 0 0 0) 0x7ff4d0108c30 con 0x7ff4c0036630
2023-12-19T18:39:33.952 INFO:teuthology.orchestra.run.smithi059.stdout:/usr/bin/ceph: stderr
2023-12-19T18:39:33.470+0000 7ff4d6ff5700 1 -- 172.21.15.59:0/3396420963 >> [v2:172.21.15.59:6800/2067989811,v1:172.21.15.59:6801/2067989811] conn(0x7ff4c0036630 msgr2=0x7ff4c0038ae0 secure :-1 s=STATE_CONNECTION_ESTABLISHED l=1).mark_down
2023-12-19T18:39:33.952 INFO:teuthology.orchestra.run.smithi059.stdout:/usr/bin/ceph: stderr
2023-12-19T18:39:33.470+0000 7ff4d6ff5700 1 --2- 172.21.15.59:0/3396420963 >> [v2:172.21.15.59:6800/2067989811,v1:172.21.15.59:6801/2067989811] conn(0x7ff4c0036630 0x7ff4c0038ae0 secure :-1 s=READY pgs=10 cs=0 l=1 rev1=1 crypto rx=0x7ff4bc009990 tx=0x7ff4bc006e40 comp rx=0 tx=0).stop
2023-12-19T18:39:33.952 INFO:teuthology.orchestra.run.smithi059.stdout:/usr/bin/ceph: stderr
2023-12-19T18:39:33.470+0000 7ff4d6ff5700 1 -- 172.21.15.59:0/3396420963 >> [v2:172.21.15.59:3300/0,v1:172.21.15.59:6789/0] conn(0x7ff4d01011d0 msgr2=0x7ff4d010ef40 secure :-1 s=STATE_CONNECTION_ESTABLISHED l=1).mark_down
2023-12-19T18:39:33.952 INFO:teuthology.orchestra.run.smithi059.stdout:/usr/bin/ceph: stderr
2023-12-19T18:39:33.470+0000 7ff4d6ff5700 1 --2- 172.21.15.59:0/3396420963 >> [v2:172.21.15.59:3300/0,v1:172.21.15.59:6789/0] conn(0x7ff4d01011d0 0x7ff4d010ef40 secure :-1 s=READY pgs=42 cs=0 l=1 rev1=1 crypto rx=0x7ff4c4006b00 tx=0x7ff4c4009250 comp rx=0 tx=0).stop
2023-12-19T18:39:33.952 INFO:teuthology.orchestra.run.smithi059.stdout:/usr/bin/ceph: stderr
2023-12-19T18:39:33.470+0000 7ff4d6ff5700 1 -- 172.21.15.59:0/3396420963 shutdown_connections
2023-12-19T18:39:33.952 INFO:teuthology.orchestra.run.smithi059.stdout:/usr/bin/ceph: stderr
2023-12-19T18:39:33.470+0000 7ff4d6ff5700 1 --2- 172.21.15.59:0/3396420963 >> [v2:172.21.15.59:6800/2067989811,v1:172.21.15.59:6801/2067989811] conn(0x7ff4c0036630 0x7ff4c0038ae0 unknown :-1 s=CLOSED pgs=10 cs=0 l=1 rev1=1 crypto rx=0 tx=0 comp rx=0 tx=0).stop
2023-12-19T18:39:33.952 INFO:teuthology.orchestra.run.smithi059.stdout:/usr/bin/ceph: stderr
2023-12-19T18:39:33.470+0000 7ff4d6ff5700 1 --2- 172.21.15.59:0/3396420963 >> [v2:172.21.15.59:3300/0,v1:172.21.15.59:6789/0] conn(0x7ff4d01011d0 0x7ff4d010ef40 unknown :-1 s=CLOSED pgs=42 cs=0 l=1 rev1=1 crypto rx=0 tx=0 comp rx=0 tx=0).stop
2023-12-19T18:39:33.952 INFO:teuthology.orchestra.run.smithi059.stdout:/usr/bin/ceph: stderr
2023-12-19T18:39:33.470+0000 7ff4d6ff5700 1 -- 172.21.15.59:0/3396420963 >> 172.21.15.59:0/3396420963 conn(0x7ff4d00fc950 msgr2=0x7ff4d0105f40 unknown :-1 s=STATE_NONE l=0).mark_down
2023-12-19T18:39:33.952 INFO:teuthology.orchestra.run.smithi059.stdout:/usr/bin/ceph: stderr
2023-12-19T18:39:33.470+0000 7ff4d6ff5700 1 -- 172.21.15.59:0/3396420963 shutdown_connections
2023-12-19T18:39:33.952 INFO:teuthology.orchestra.run.smithi059.stdout:/usr/bin/ceph: stderr
2023-12-19T18:39:33.470+0000 7ff4d6ff5700 1 -- 172.21.15.59:0/3396420963 wait complete.
2023-12-19T18:39:33.952 INFO:teuthology.orchestra.run.smithi059.stdout:Wrote public SSH key to /home/ubuntu/cephtest/ceph.pub
2023-12-19T18:39:33.952 INFO:teuthology.orchestra.run.smithi059.stdout:Adding key to root@localhost authorized_keys...
