2023-12-19T19:05:37.472 INFO:teuthology.orchestra.run.smithi055.stdout:/usr/bin/ceph: stderr
2023-12-19T19:05:36.900+0000 7f22b8bcb700 1 -- 172.21.15.55:0/2089774834 >> 172.21.15.55:0/2089774834 conn(0x7f22b40fc950 msgr2=0x7f22b40fed50 unknown :-1 s=STATE_NONE l=0).mark_down
2023-12-19T19:05:37.472 INFO:teuthology.orchestra.run.smithi055.stdout:/usr/bin/ceph: stderr
2023-12-19T19:05:36.901+0000 7f22b8bcb700 1 -- 172.21.15.55:0/2089774834 shutdown_connections
2023-12-19T19:05:37.472 INFO:teuthology.orchestra.run.smithi055.stdout:/usr/bin/ceph: stderr
2023-12-19T19:05:36.901+0000 7f22b8bcb700 1 -- 172.21.15.55:0/2089774834 wait complete.
2023-12-19T19:05:38.641 INFO:journalctl@ceph.mon.smithi055.smithi055.stdout:Dec 19 19:05:38 smithi055 ceph-mon[80978]: from='client.14136 -' entity='client.admin' cmd=[{"prefix": "cephadm generate-key", "target": ["mon-mgr", ""]}]: dispatch
2023-12-19T19:05:38.641 INFO:journalctl@ceph.mon.smithi055.smithi055.stdout:Dec 19 19:05:38 smithi055 ceph-mon[80978]: Generating ssh key...
2023-12-19T19:05:38.648 INFO:teuthology.orchestra.run.smithi055.stdout:/usr/bin/ceph: stdout ssh-rsa AAAAB3NzaC1yc2EAAAADAQABAAABgQCwZuGUl201Ipp4fIlxXhtPA4TLZy2TdN6TqKMc9rmWwmshCnBqdPRdT1FTJp3DpnwxhIVUpYHF946n30FZtd3T0cTtxfpZzUVoMQGjd6i3TTyz4xwdqncwuGsw5q+SSsf6bq3OmLGLkzljbyCT8YcPv6rfeO63W7FyA186KCz62w2dQTJVb+zhYnEFjkUA0iJY7mtN8lPsJjjDnm0FtTUcCkVu/PIKM4Sgh+qHyJHAPwh+hDW40HoPSDpdOIkw3Ec++d78m7jwo1QTTX3CaCoSK/+0AS2W6InNoTQej4HiXk5/ktgZULauH6Vsn9wVxwF4uOl3FY5t+bVHLSBRn0MWEjfzu2sWaO2vQkEkQhb7xKg9i3zUG9KBMg7XlD19payeUpoMZpWoFzNeDQ+ir1bVDFV1gKcOlNWlKbYInDTEjEmjfxmSGsf2fZoKl33dUmSTOslQQKfjC/EbmWa4O0OX/90Xb66+mfWlUTmp22+5+9lGNbOA3gfFsLmCwkvNteM= ceph-63de9ba6-9ea1-11ee-95a5-87774f69a715
2023-12-19T19:05:38.648 INFO:teuthology.orchestra.run.smithi055.stdout:/usr/bin/ceph: stderr
2023-12-19T19:05:37.859+0000 7fdef930b700 1 Processor -- start
2023-12-19T19:05:38.649 INFO:teuthology.orchestra.run.smithi055.stdout:/usr/bin/ceph: stderr
2023-12-19T19:05:37.859+0000 7fdef930b700 1 -- start start
2023-12-19T19:05:38.649 INFO:teuthology.orchestra.run.smithi055.stdout:/usr/bin/ceph: stderr
2023-12-19T19:05:37.859+0000 7fdef930b700 1 --2- >> [v2:172.21.15.55:3300/0,v1:172.21.15.55:6789/0] conn(0x7fdef4076c60 0x7fdef4104ea0 unknown :-1 s=NONE pgs=0 cs=0 l=0 rev1=0 crypto rx=0 tx=0 comp rx=0 tx=0).connect
2023-12-19T19:05:38.649 INFO:teuthology.orchestra.run.smithi055.stdout:/usr/bin/ceph: stderr
2023-12-19T19:05:37.859+0000 7fdef930b700 1 -- --> [v2:172.21.15.55:3300/0,v1:172.21.15.55:6789/0] -- mon_getmap magic: 0 v1 -- 0x7fdef41053e0 con 0x7fdef4076c60
2023-12-19T19:05:38.649 INFO:teuthology.orchestra.run.smithi055.stdout:/usr/bin/ceph: stderr
2023-12-19T19:05:37.859+0000 7fdef2ffd700 1 --2- >> [v2:172.21.15.55:3300/0,v1:172.21.15.55:6789/0] conn(0x7fdef4076c60 0x7fdef4104ea0 unknown :-1 s=BANNER_CONNECTING pgs=0 cs=0 l=0 rev1=0 crypto rx=0 tx=0 comp rx=0 tx=0)._handle_peer_banner_payload supported=3 required=0
2023-12-19T19:05:38.649 INFO:teuthology.orchestra.run.smithi055.stdout:/usr/bin/ceph: stderr
2023-12-19T19:05:37.859+0000 7fdef2ffd700 1 --2- >> [v2:172.21.15.55:3300/0,v1:172.21.15.55:6789/0] conn(0x7fdef4076c60 0x7fdef4104ea0 unknown :-1 s=HELLO_CONNECTING pgs=0 cs=0 l=0 rev1=1 crypto rx=0 tx=0 comp rx=0 tx=0).handle_hello peer v2:172.21.15.55:3300/0 says I am v2:172.21.15.55:58880/0 (socket says 172.21.15.55:58880)
2023-12-19T19:05:38.649 INFO:teuthology.orchestra.run.smithi055.stdout:/usr/bin/ceph: stderr
2023-12-19T19:05:37.859+0000 7fdef2ffd700 1 -- 172.21.15.55:0/3879761200 learned_addr learned my addr 172.21.15.55:0/3879761200 (peer_addr_for_me v2:172.21.15.55:0/0)
2023-12-19T19:05:38.649 INFO:teuthology.orchestra.run.smithi055.stdout:/usr/bin/ceph: stderr
2023-12-19T19:05:37.860+0000 7fdef2ffd700 1 -- 172.21.15.55:0/3879761200 --> [v2:172.21.15.55:3300/0,v1:172.21.15.55:6789/0] -- mon_subscribe({config=0+,monmap=0+}) v3 -- 0x7fdef4105520 con 0x7fdef4076c60
2023-12-19T19:05:38.649 INFO:teuthology.orchestra.run.smithi055.stdout:/usr/bin/ceph: stderr
2023-12-19T19:05:37.860+0000 7fdef2ffd700 1 --2- 172.21.15.55:0/3879761200 >> [v2:172.21.15.55:3300/0,v1:172.21.15.55:6789/0] conn(0x7fdef4076c60 0x7fdef4104ea0 secure :-1 s=READY pgs=43 cs=0 l=1 rev1=1 crypto rx=0x7fdee40098e0 tx=0x7fdee4009250 comp rx=0 tx=0).ready entity=mon.0 client_cookie=e77817495ca4d5aa server_cookie=0 in_seq=0 out_seq=0
2023-12-19T19:05:38.649 INFO:teuthology.orchestra.run.smithi055.stdout:/usr/bin/ceph: stderr
2023-12-19T19:05:37.860+0000 7fdef1ffb700 1 -- 172.21.15.55:0/3879761200 <== mon.0 v2:172.21.15.55:3300/0 1 ==== mon_map magic: 0 v1 ==== 229+0+0 (secure 0 0 0) 0x7fdee400b860 con 0x7fdef4076c60
2023-12-19T19:05:38.649 INFO:teuthology.orchestra.run.smithi055.stdout:/usr/bin/ceph: stderr
2023-12-19T19:05:37.860+0000 7fdef1ffb700 1 -- 172.21.15.55:0/3879761200 <== mon.0 v2:172.21.15.55:3300/0 2 ==== config(26 keys) v1 ==== 1009+0+0 (secure 0 0 0) 0x7fdee400be30 con 0x7fdef4076c60
2023-12-19T19:05:38.649 INFO:teuthology.orchestra.run.smithi055.stdout:/usr/bin/ceph: stderr
2023-12-19T19:05:37.860+0000 7fdef1ffb700 1 -- 172.21.15.55:0/3879761200 <== mon.0 v2:172.21.15.55:3300/0 3 ==== mon_map magic: 0 v1 ==== 229+0+0 (secure 0 0 0) 0x7fdee4010380 con 0x7fdef4076c60
2023-12-19T19:05:38.649 INFO:teuthology.orchestra.run.smithi055.stdout:/usr/bin/ceph: stderr
2023-12-19T19:05:37.861+0000 7fdef930b700 1 -- 172.21.15.55:0/3879761200 >> [v2:172.21.15.55:3300/0,v1:172.21.15.55:6789/0] conn(0x7fdef4076c60 msgr2=0x7fdef4104ea0 secure :-1 s=STATE_CONNECTION_ESTABLISHED l=1).mark_down
2023-12-19T19:05:38.649 INFO:teuthology.orchestra.run.smithi055.stdout:/usr/bin/ceph: stderr
2023-12-19T19:05:37.861+0000 7fdef930b700 1 --2- 172.21.15.55:0/3879761200 >> [v2:172.21.15.55:3300/0,v1:172.21.15.55:6789/0] conn(0x7fdef4076c60 0x7fdef4104ea0 secure :-1 s=READY pgs=43 cs=0 l=1 rev1=1 crypto rx=0x7fdee40098e0 tx=0x7fdee4009250 comp rx=0 tx=0).stop
2023-12-19T19:05:38.649 INFO:teuthology.orchestra.run.smithi055.stdout:/usr/bin/ceph: stderr
2023-12-19T19:05:37.861+0000 7fdef930b700 1 -- 172.21.15.55:0/3879761200 shutdown_connections
2023-12-19T19:05:38.649 INFO:teuthology.orchestra.run.smithi055.stdout:/usr/bin/ceph: stderr
2023-12-19T19:05:37.861+0000 7fdef930b700 1 --2- 172.21.15.55:0/3879761200 >> [v2:172.21.15.55:3300/0,v1:172.21.15.55:6789/0] conn(0x7fdef4076c60 0x7fdef4104ea0 unknown :-1 s=CLOSED pgs=43 cs=0 l=1 rev1=1 crypto rx=0 tx=0 comp rx=0 tx=0).stop
2023-12-19T19:05:38.650 INFO:teuthology.orchestra.run.smithi055.stdout:/usr/bin/ceph: stderr
2023-12-19T19:05:37.861+0000 7fdef930b700 1 -- 172.21.15.55:0/3879761200 >> 172.21.15.55:0/3879761200 conn(0x7fdef40fc950 msgr2=0x7fdef40fed60 unknown :-1 s=STATE_NONE l=0).mark_down
2023-12-19T19:05:38.650 INFO:teuthology.orchestra.run.smithi055.stdout:/usr/bin/ceph: stderr
2023-12-19T19:05:37.861+0000 7fdef930b700 1 -- 172.21.15.55:0/3879761200 shutdown_connections
2023-12-19T19:05:38.650 INFO:teuthology.orchestra.run.smithi055.stdout:/usr/bin/ceph: stderr
2023-12-19T19:05:37.861+0000 7fdef930b700 1 -- 172.21.15.55:0/3879761200 wait complete.
2023-12-19T19:05:38.650 INFO:teuthology.orchestra.run.smithi055.stdout:/usr/bin/ceph: stderr
2023-12-19T19:05:37.861+0000 7fdef930b700 1 Processor -- start
2023-12-19T19:05:38.650 INFO:teuthology.orchestra.run.smithi055.stdout:/usr/bin/ceph: stderr
2023-12-19T19:05:37.862+0000 7fdef930b700 1 -- start start
2023-12-19T19:05:38.650 INFO:teuthology.orchestra.run.smithi055.stdout:/usr/bin/ceph: stderr
2023-12-19T19:05:37.862+0000 7fdef930b700 1 --2- >> [v2:172.21.15.55:3300/0,v1:172.21.15.55:6789/0] conn(0x7fdef4076c60 0x7fdef4111150 unknown :-1 s=NONE pgs=0 cs=0 l=1 rev1=0 crypto rx=0 tx=0 comp rx=0 tx=0).connect
2023-12-19T19:05:38.650 INFO:teuthology.orchestra.run.smithi055.stdout:/usr/bin/ceph: stderr
2023-12-19T19:05:37.862+0000 7fdef930b700 1 -- --> [v2:172.21.15.55:3300/0,v1:172.21.15.55:6789/0] -- mon_getmap magic: 0 v1 -- 0x7fdef4111690 con 0x7fdef4076c60
2023-12-19T19:05:38.650 INFO:teuthology.orchestra.run.smithi055.stdout:/usr/bin/ceph: stderr
2023-12-19T19:05:37.862+0000 7fdef2ffd700 1 --2- >> [v2:172.21.15.55:3300/0,v1:172.21.15.55:6789/0] conn(0x7fdef4076c60 0x7fdef4111150 unknown :-1 s=BANNER_CONNECTING pgs=0 cs=0 l=1 rev1=0 crypto rx=0 tx=0 comp rx=0 tx=0)._handle_peer_banner_payload supported=3 required=0
2023-12-19T19:05:38.650 INFO:teuthology.orchestra.run.smithi055.stdout:/usr/bin/ceph: stderr
2023-12-19T19:05:37.862+0000 7fdef2ffd700 1 --2- >> [v2:172.21.15.55:3300/0,v1:172.21.15.55:6789/0] conn(0x7fdef4076c60 0x7fdef4111150 unknown :-1 s=HELLO_CONNECTING pgs=0 cs=0 l=1 rev1=1 crypto rx=0 tx=0 comp rx=0 tx=0).handle_hello peer v2:172.21.15.55:3300/0 says I am v2:172.21.15.55:58894/0 (socket says 172.21.15.55:58894)
2023-12-19T19:05:38.650 INFO:teuthology.orchestra.run.smithi055.stdout:/usr/bin/ceph: stderr
2023-12-19T19:05:37.862+0000 7fdef2ffd700 1 -- 172.21.15.55:0/173483721 learned_addr learned my addr 172.21.15.55:0/173483721 (peer_addr_for_me v2:172.21.15.55:0/0)
2023-12-19T19:05:38.650 INFO:teuthology.orchestra.run.smithi055.stdout:/usr/bin/ceph: stderr
2023-12-19T19:05:37.862+0000 7fdef2ffd700 1 -- 172.21.15.55:0/173483721 --> [v2:172.21.15.55:3300/0,v1:172.21.15.55:6789/0] -- mon_subscribe({config=0+,monmap=0+}) v3 -- 0x7fdee40094f0 con 0x7fdef4076c60
2023-12-19T19:05:38.650 INFO:teuthology.orchestra.run.smithi055.stdout:/usr/bin/ceph: stderr
2023-12-19T19:05:37.862+0000 7fdef2ffd700 1 --2- 172.21.15.55:0/173483721 >> [v2:172.21.15.55:3300/0,v1:172.21.15.55:6789/0] conn(0x7fdef4076c60 0x7fdef4111150 secure :-1 s=READY pgs=44 cs=0 l=1 rev1=1 crypto rx=0x7fdee4006b00 tx=0x7fdee4009250 comp rx=0 tx=0).ready entity=mon.0 client_cookie=0 server_cookie=0 in_seq=0 out_seq=0
2023-12-19T19:05:38.650 INFO:teuthology.orchestra.run.smithi055.stdout:/usr/bin/ceph: stderr
2023-12-19T19:05:37.862+0000 7fdedb7fe700 1 -- 172.21.15.55:0/173483721 <== mon.0 v2:172.21.15.55:3300/0 1 ==== mon_map magic: 0 v1 ==== 229+0+0 (secure 0 0 0) 0x7fdee4010a80 con 0x7fdef4076c60
2023-12-19T19:05:38.650 INFO:teuthology.orchestra.run.smithi055.stdout:/usr/bin/ceph: stderr
2023-12-19T19:05:37.863+0000 7fdedb7fe700 1 -- 172.21.15.55:0/173483721 <== mon.0 v2:172.21.15.55:3300/0 2 ==== config(26 keys) v1 ==== 1009+0+0 (secure 0 0 0) 0x7fdee401a430 con 0x7fdef4076c60
2023-12-19T19:05:38.650 INFO:teuthology.orchestra.run.smithi055.stdout:/usr/bin/ceph: stderr
2023-12-19T19:05:37.863+0000 7fdef930b700 1 -- 172.21.15.55:0/173483721 --> [v2:172.21.15.55:3300/0,v1:172.21.15.55:6789/0] -- mon_subscribe({mgrmap=0+}) v3 -- 0x7fdef4111890 con 0x7fdef4076c60
2023-12-19T19:05:38.651 INFO:teuthology.orchestra.run.smithi055.stdout:/usr/bin/ceph: stderr
2023-12-19T19:05:37.863+0000 7fdef930b700 1 -- 172.21.15.55:0/173483721 --> [v2:172.21.15.55:3300/0,v1:172.21.15.55:6789/0] -- mon_subscribe({osdmap=0}) v3 -- 0x7fdef4111ca0 con 0x7fdef4076c60
2023-12-19T19:05:38.651 INFO:teuthology.orchestra.run.smithi055.stdout:/usr/bin/ceph: stderr
2023-12-19T19:05:37.863+0000 7fdedb7fe700 1 -- 172.21.15.55:0/173483721 <== mon.0 v2:172.21.15.55:3300/0 3 ==== mon_map magic: 0 v1 ==== 229+0+0 (secure 0 0 0) 0x7fdee40245b0 con 0x7fdef4076c60
2023-12-19T19:05:38.651 INFO:teuthology.orchestra.run.smithi055.stdout:/usr/bin/ceph: stderr
2023-12-19T19:05:37.863+0000 7fdedb7fe700 1 -- 172.21.15.55:0/173483721 <== mon.0 v2:172.21.15.55:3300/0 4 ==== mgrmap(e 8) v1 ==== 43281+0+0 (secure 0 0 0) 0x7fdee4024830 con 0x7fdef4076c60
2023-12-19T19:05:38.651 INFO:teuthology.orchestra.run.smithi055.stdout:/usr/bin/ceph: stderr
2023-12-19T19:05:37.864+0000 7fdedb7fe700 1 --2- 172.21.15.55:0/173483721 >> [v2:172.21.15.55:6800/2922737294,v1:172.21.15.55:6801/2922737294] conn(0x7fdedc0365f0 0x7fdedc038aa0 unknown :-1 s=NONE pgs=0 cs=0 l=1 rev1=0 crypto rx=0 tx=0 comp rx=0 tx=0).connect
2023-12-19T19:05:38.651 INFO:teuthology.orchestra.run.smithi055.stdout:/usr/bin/ceph: stderr
2023-12-19T19:05:37.864+0000 7fdef930b700 1 -- 172.21.15.55:0/173483721 --> [v2:172.21.15.55:3300/0,v1:172.21.15.55:6789/0] -- mon_command({"prefix": "get_command_descriptions"} v 0) v1 -- 0x7fdef404bb80 con 0x7fdef4076c60
2023-12-19T19:05:38.651 INFO:teuthology.orchestra.run.smithi055.stdout:/usr/bin/ceph: stderr
2023-12-19T19:05:37.864+0000 7fdedb7fe700 1 -- 172.21.15.55:0/173483721 <== mon.0 v2:172.21.15.55:3300/0 5 ==== osd_map(2..2 src has 1..2) v4 ==== 936+0+0 (secure 0 0 0) 0x7fdee404acb0 con 0x7fdef4076c60
2023-12-19T19:05:38.651 INFO:teuthology.orchestra.run.smithi055.stdout:/usr/bin/ceph: stderr
2023-12-19T19:05:37.864+0000 7fdef27fc700 1 --2- 172.21.15.55:0/173483721 >> [v2:172.21.15.55:6800/2922737294,v1:172.21.15.55:6801/2922737294] conn(0x7fdedc0365f0 0x7fdedc038aa0 unknown :-1 s=BANNER_CONNECTING pgs=0 cs=0 l=1 rev1=0 crypto rx=0 tx=0 comp rx=0 tx=0)._handle_peer_banner_payload supported=3 required=0
2023-12-19T19:05:38.651 INFO:teuthology.orchestra.run.smithi055.stdout:/usr/bin/ceph: stderr
2023-12-19T19:05:37.864+0000 7fdef27fc700 1 --2- 172.21.15.55:0/173483721 >> [v2:172.21.15.55:6800/2922737294,v1:172.21.15.55:6801/2922737294] conn(0x7fdedc0365f0 0x7fdedc038aa0 secure :-1 s=READY pgs=10 cs=0 l=1 rev1=1 crypto rx=0x7fdee8009990 tx=0x7fdee8006e40 comp rx=0 tx=0).ready entity=mgr.14120 client_cookie=0 server_cookie=0 in_seq=0 out_seq=0
2023-12-19T19:05:38.651 INFO:teuthology.orchestra.run.smithi055.stdout:/usr/bin/ceph: stderr
2023-12-19T19:05:37.869+0000 7fdedb7fe700 1 -- 172.21.15.55:0/173483721 <== mon.0 v2:172.21.15.55:3300/0 6 ==== mon_command_ack([{"prefix": "get_command_descriptions"}]=0 v0) v1 ==== 72+0+174570 (secure 0 0 0) 0x7fdee4018350 con 0x7fdef4076c60
2023-12-19T19:05:38.651 INFO:teuthology.orchestra.run.smithi055.stdout:/usr/bin/ceph: stderr
2023-12-19T19:05:38.069+0000 7fdef930b700 1 -- 172.21.15.55:0/173483721 --> [v2:172.21.15.55:6800/2922737294,v1:172.21.15.55:6801/2922737294] -- mgr_command(tid 0: {"prefix": "cephadm get-pub-key", "target": ["mon-mgr", ""]}) v1 -- 0x7fdef40008d0 con 0x7fdedc0365f0
2023-12-19T19:05:38.651 INFO:teuthology.orchestra.run.smithi055.stdout:/usr/bin/ceph: stderr
2023-12-19T19:05:38.070+0000 7fdedb7fe700 1 -- 172.21.15.55:0/173483721 <== mgr.14120 v2:172.21.15.55:6800/2922737294 1 ==== mgr_command_reply(tid 0: 0 ) v1 ==== 8+0+595 (secure 0 0 0) 0x7fdef40008d0 con 0x7fdedc0365f0
2023-12-19T19:05:38.651 INFO:teuthology.orchestra.run.smithi055.stdout:/usr/bin/ceph: stderr
2023-12-19T19:05:38.072+0000 7fdef930b700 1 -- 172.21.15.55:0/173483721 >> [v2:172.21.15.55:6800/2922737294,v1:172.21.15.55:6801/2922737294] conn(0x7fdedc0365f0 msgr2=0x7fdedc038aa0 secure :-1 s=STATE_CONNECTION_ESTABLISHED l=1).mark_down
2023-12-19T19:05:38.651 INFO:teuthology.orchestra.run.smithi055.stdout:/usr/bin/ceph: stderr
2023-12-19T19:05:38.072+0000 7fdef930b700 1 --2- 172.21.15.55:0/173483721 >> [v2:172.21.15.55:6800/2922737294,v1:172.21.15.55:6801/2922737294] conn(0x7fdedc0365f0 0x7fdedc038aa0 secure :-1 s=READY pgs=10 cs=0 l=1 rev1=1 crypto rx=0x7fdee8009990 tx=0x7fdee8006e40 comp rx=0 tx=0).stop
2023-12-19T19:05:38.651 INFO:teuthology.orchestra.run.smithi055.stdout:/usr/bin/ceph: stderr
2023-12-19T19:05:38.072+0000 7fdef930b700 1 -- 172.21.15.55:0/173483721 >> [v2:172.21.15.55:3300/0,v1:172.21.15.55:6789/0] conn(0x7fdef4076c60 msgr2=0x7fdef4111150 secure :-1 s=STATE_CONNECTION_ESTABLISHED l=1).mark_down
2023-12-19T19:05:38.651 INFO:teuthology.orchestra.run.smithi055.stdout:/usr/bin/ceph: stderr
2023-12-19T19:05:38.072+0000 7fdef930b700 1 --2- 172.21.15.55:0/173483721 >> [v2:172.21.15.55:3300/0,v1:172.21.15.55:6789/0] conn(0x7fdef4076c60 0x7fdef4111150 secure :-1 s=READY pgs=44 cs=0 l=1 rev1=1 crypto rx=0x7fdee4006b00 tx=0x7fdee4009250 comp rx=0 tx=0).stop
2023-12-19T19:05:38.652 INFO:teuthology.orchestra.run.smithi055.stdout:/usr/bin/ceph: stderr
2023-12-19T19:05:38.072+0000 7fdef930b700 1 -- 172.21.15.55:0/173483721 shutdown_connections
2023-12-19T19:05:38.652 INFO:teuthology.orchestra.run.smithi055.stdout:/usr/bin/ceph: stderr
2023-12-19T19:05:38.072+0000 7fdef930b700 1 --2- 172.21.15.55:0/173483721 >> [v2:172.21.15.55:6800/2922737294,v1:172.21.15.55:6801/2922737294] conn(0x7fdedc0365f0 0x7fdedc038aa0 unknown :-1 s=CLOSED pgs=10 cs=0 l=1 rev1=1 crypto rx=0 tx=0 comp rx=0 tx=0).stop
2023-12-19T19:05:38.652 INFO:teuthology.orchestra.run.smithi055.stdout:/usr/bin/ceph: stderr
2023-12-19T19:05:38.072+0000 7fdef930b700 1 --2- 172.21.15.55:0/173483721 >> [v2:172.21.15.55:3300/0,v1:172.21.15.55:6789/0] conn(0x7fdef4076c60 0x7fdef4111150 unknown :-1 s=CLOSED pgs=44 cs=0 l=1 rev1=1 crypto rx=0 tx=0 comp rx=0 tx=0).stop
2023-12-19T19:05:38.652 INFO:teuthology.orchestra.run.smithi055.stdout:/usr/bin/ceph: stderr
2023-12-19T19:05:38.072+0000 7fdef930b700 1 -- 172.21.15.55:0/173483721 >> 172.21.15.55:0/173483721 conn(0x7fdef40fc950 msgr2=0x7fdef40fed50 unknown :-1 s=STATE_NONE l=0).mark_down
2023-12-19T19:05:38.652 INFO:teuthology.orchestra.run.smithi055.stdout:/usr/bin/ceph: stderr
2023-12-19T19:05:38.072+0000 7fdef930b700 1 -- 172.21.15.55:0/173483721 shutdown_connections
2023-12-19T19:05:38.652 INFO:teuthology.orchestra.run.smithi055.stdout:/usr/bin/ceph: stderr
2023-12-19T19:05:38.072+0000 7fdef930b700 1 -- 172.21.15.55:0/173483721 wait complete.
2023-12-19T19:05:38.652 INFO:teuthology.orchestra.run.smithi055.stdout:Wrote public SSH key to /home/ubuntu/cephtest/ceph.pub
2023-12-19T19:05:38.652 INFO:teuthology.orchestra.run.smithi055.stdout:Adding key to root@localhost authorized_keys...
2023-12-19T19:05:38.652 INFO:teuthology.orchestra.run.smithi055.stdout:Adding host smithi055...
2023-12-19T19:05:39.797 INFO:journalctl@ceph.mon.smithi055.smithi055.stdout:Dec 19 19:05:39 smithi055 ceph-mon[80978]: from='client.14138 -' entity='client.admin' cmd=[{"prefix": "cephadm get-pub-key", "target": ["mon-mgr", ""]}]: dispatch
2023-12-19T19:05:40.803 INFO:journalctl@ceph.mon.smithi055.smithi055.stdout:Dec 19 19:05:40 smithi055 ceph-mon[80978]: from='client.14140 -' entity='client.admin' cmd=[{"prefix": "orch host add", "hostname": "smithi055", "addr": "172.21.15.55", "target": ["mon-mgr", ""]}]: dispatch
2023-12-19T19:05:41.683 INFO:journalctl@ceph.mon.smithi055.smithi055.stdout:Dec 19 19:05:41 smithi055 ceph-mon[80978]: Deploying cephadm binary to smithi055
2023-12-19T19:05:41.683 INFO:journalctl@ceph.mon.smithi055.smithi055.stdout:Dec 19 19:05:41 smithi055 ceph-mon[80978]: from='mgr.14120 172.21.15.55:0/483842772' entity='mgr.smithi055.dwclvp'
2023-12-19T19:05:41.683 INFO:journalctl@ceph.mon.smithi055.smithi055.stdout:Dec 19 19:05:41 smithi055 ceph-mon[80978]: from='mgr.14120 172.21.15.55:0/483842772' entity='mgr.smithi055.dwclvp' cmd=[{"prefix": "config dump", "format": "json"}]: dispatch
2023-12-19T19:05:41.934 INFO:teuthology.orchestra.run.smithi055.stdout:/usr/bin/ceph: stdout Added host 'smithi055' with addr '172.21.15.55'
2023-12-19T19:05:41.934 INFO:teuthology.orchestra.run.smithi055.stdout:/usr/bin/ceph: stderr
2023-12-19T19:05:39.058+0000 7fa2d56ed700 1 Processor -- start
2023-12-19T19:05:41.934 INFO:teuthology.orchestra.run.smithi055.stdout:/usr/bin/ceph: stderr
2023-12-19T19:05:39.058+0000 7fa2d56ed700 1 -- start start
2023-12-19T19:05:41.934 INFO:teuthology.orchestra.run.smithi055.stdout:/usr/bin/ceph: stderr
2023-12-19T19:05:39.058+0000 7fa2d56ed700 1 --2- >> [v2:172.21.15.55:3300/0,v1:172.21.15.55:6789/0] conn(0x7fa2d0103970 0x7fa2d0103d80 unknown :-1 s=NONE pgs=0 cs=0 l=0 rev1=0 crypto rx=0 tx=0 comp rx=0 tx=0).connect
2023-12-19T19:05:41.934 INFO:teuthology.orchestra.run.smithi055.stdout:/usr/bin/ceph: stderr
2023-12-19T19:05:39.058+0000 7fa2d56ed700 1 -- --> [v2:172.21.15.55:3300/0,v1:172.21.15.55:6789/0] -- mon_getmap magic: 0 v1 -- 0x7fa2d01042c0 con 0x7fa2d0103970
2023-12-19T19:05:41.934 INFO:teuthology.orchestra.run.smithi055.stdout:/usr/bin/ceph: stderr
2023-12-19T19:05:39.058+0000 7fa2ceffd700 1 --2- >> [v2:172.21.15.55:3300/0,v1:172.21.15.55:6789/0] conn(0x7fa2d0103970 0x7fa2d0103d80 unknown :-1 s=BANNER_CONNECTING pgs=0 cs=0 l=0 rev1=0 crypto rx=0 tx=0 comp rx=0 tx=0)._handle_peer_banner_payload supported=3 required=0
2023-12-19T19:05:41.934 INFO:teuthology.orchestra.run.smithi055.stdout:/usr/bin/ceph: stderr
2023-12-19T19:05:39.059+0000 7fa2ceffd700 1 --2- >> [v2:172.21.15.55:3300/0,v1:172.21.15.55:6789/0] conn(0x7fa2d0103970 0x7fa2d0103d80 unknown :-1 s=HELLO_CONNECTING pgs=0 cs=0 l=0 rev1=1 crypto rx=0 tx=0 comp rx=0 tx=0).handle_hello peer v2:172.21.15.55:3300/0 says I am v2:172.21.15.55:58898/0 (socket says 172.21.15.55:58898)
2023-12-19T19:05:41.934 INFO:teuthology.orchestra.run.smithi055.stdout:/usr/bin/ceph: stderr
2023-12-19T19:05:39.059+0000 7fa2ceffd700 1 -- 172.21.15.55:0/1722084897 learned_addr learned my addr 172.21.15.55:0/1722084897 (peer_addr_for_me v2:172.21.15.55:0/0)
2023-12-19T19:05:41.934 INFO:teuthology.orchestra.run.smithi055.stdout:/usr/bin/ceph: stderr
2023-12-19T19:05:39.059+0000 7fa2ceffd700 1 -- 172.21.15.55:0/1722084897 --> [v2:172.21.15.55:3300/0,v1:172.21.15.55:6789/0] -- mon_subscribe({config=0+,monmap=0+}) v3 -- 0x7fa2d0104400 con 0x7fa2d0103970
2023-12-19T19:05:41.935 INFO:teuthology.orchestra.run.smithi055.stdout:/usr/bin/ceph: stderr
2023-12-19T19:05:39.059+0000 7fa2ceffd700 1 --2- 172.21.15.55:0/1722084897 >> [v2:172.21.15.55:3300/0,v1:172.21.15.55:6789/0] conn(0x7fa2d0103970 0x7fa2d0103d80 secure :-1 s=READY pgs=45 cs=0 l=1 rev1=1 crypto rx=0x7fa2c8009e50 tx=0x7fa2c8009840 comp rx=0 tx=0).ready entity=mon.0 client_cookie=4b1edf9a835a05d0 server_cookie=0 in_seq=0 out_seq=0
2023-12-19T19:05:41.935 INFO:teuthology.orchestra.run.smithi055.stdout:/usr/bin/ceph: stderr
2023-12-19T19:05:39.059+0000 7fa2cdffb700 1 -- 172.21.15.55:0/1722084897 <== mon.0 v2:172.21.15.55:3300/0 1 ==== mon_map magic: 0 v1 ==== 229+0+0 (secure 0 0 0) 0x7fa2c80092e0 con 0x7fa2d0103970
2023-12-19T19:05:41.935 INFO:teuthology.orchestra.run.smithi055.stdout:/usr/bin/ceph: stderr
2023-12-19T19:05:39.059+0000 7fa2cdffb700 1 -- 172.21.15.55:0/1722084897 <== mon.0 v2:172.21.15.55:3300/0 2 ==== config(26 keys) v1 ==== 1009+0+0 (secure 0 0 0) 0x7fa2c800be90 con 0x7fa2d0103970
2023-12-19T19:05:41.935 INFO:teuthology.orchestra.run.smithi055.stdout:/usr/bin/ceph: stderr
2023-12-19T19:05:39.059+0000 7fa2cdffb700 1 -- 172.21.15.55:0/1722084897 <== mon.0 v2:172.21.15.55:3300/0 3 ==== mon_map magic: 0 v1 ==== 229+0+0 (secure 0 0 0) 0x7fa2c8007400 con 0x7fa2d0103970
2023-12-19T19:05:41.935 INFO:teuthology.orchestra.run.smithi055.stdout:/usr/bin/ceph: stderr
2023-12-19T19:05:39.060+0000 7fa2d56ed700 1 -- 172.21.15.55:0/1722084897 >> [v2:172.21.15.55:3300/0,v1:172.21.15.55:6789/0] conn(0x7fa2d0103970 msgr2=0x7fa2d0103d80 secure :-1 s=STATE_CONNECTION_ESTABLISHED l=1).mark_down
2023-12-19T19:05:41.935 INFO:teuthology.orchestra.run.smithi055.stdout:/usr/bin/ceph: stderr
2023-12-19T19:05:39.060+0000 7fa2d56ed700 1 --2- 172.21.15.55:0/1722084897 >> [v2:172.21.15.55:3300/0,v1:172.21.15.55:6789/0] conn(0x7fa2d0103970 0x7fa2d0103d80 secure :-1 s=READY pgs=45 cs=0 l=1 rev1=1 crypto rx=0x7fa2c8009e50 tx=0x7fa2c8009840 comp rx=0 tx=0).stop
2023-12-19T19:05:41.935 INFO:teuthology.orchestra.run.smithi055.stdout:/usr/bin/ceph: stderr
2023-12-19T19:05:39.060+0000 7fa2d56ed700 1 -- 172.21.15.55:0/1722084897 shutdown_connections
2023-12-19T19:05:41.935 INFO:teuthology.orchestra.run.smithi055.stdout:/usr/bin/ceph: stderr
2023-12-19T19:05:39.060+0000 7fa2d56ed700 1 --2- 172.21.15.55:0/1722084897 >> [v2:172.21.15.55:3300/0,v1:172.21.15.55:6789/0] conn(0x7fa2d0103970 0x7fa2d0103d80 unknown :-1 s=CLOSED pgs=45 cs=0 l=1 rev1=1 crypto rx=0 tx=0 comp rx=0 tx=0).stop
2023-12-19T19:05:41.935 INFO:teuthology.orchestra.run.smithi055.stdout:/usr/bin/ceph: stderr
2023-12-19T19:05:39.060+0000 7fa2d56ed700 1 -- 172.21.15.55:0/1722084897 >> 172.21.15.55:0/1722084897 conn(0x7fa2d00fc0b0 msgr2=0x7fa2d00fe4e0 unknown :-1 s=STATE_NONE l=0).mark_down
2023-12-19T19:05:41.935 INFO:teuthology.orchestra.run.smithi055.stdout:/usr/bin/ceph: stderr
2023-12-19T19:05:39.060+0000 7fa2d56ed700 1 -- 172.21.15.55:0/1722084897 shutdown_connections
2023-12-19T19:05:41.935 INFO:teuthology.orchestra.run.smithi055.stdout:/usr/bin/ceph: stderr
2023-12-19T19:05:39.060+0000 7fa2d56ed700 1 -- 172.21.15.55:0/1722084897 wait complete.
2023-12-19T19:05:41.935 INFO:teuthology.orchestra.run.smithi055.stdout:/usr/bin/ceph: stderr
2023-12-19T19:05:39.060+0000 7fa2d56ed700 1 Processor -- start
2023-12-19T19:05:41.935 INFO:teuthology.orchestra.run.smithi055.stdout:/usr/bin/ceph: stderr
2023-12-19T19:05:39.061+0000 7fa2d56ed700 1 -- start start
2023-12-19T19:05:41.935 INFO:teuthology.orchestra.run.smithi055.stdout:/usr/bin/ceph: stderr
2023-12-19T19:05:39.061+0000 7fa2d56ed700 1 --2- >> [v2:172.21.15.55:3300/0,v1:172.21.15.55:6789/0] conn(0x7fa2d0103970 0x7fa2d01031b0 unknown :-1 s=NONE pgs=0 cs=0 l=1 rev1=0 crypto rx=0 tx=0 comp rx=0 tx=0).connect
2023-12-19T19:05:41.936 INFO:teuthology.orchestra.run.smithi055.stdout:/usr/bin/ceph: stderr
2023-12-19T19:05:39.061+0000 7fa2d56ed700 1 -- --> [v2:172.21.15.55:3300/0,v1:172.21.15.55:6789/0] -- mon_getmap magic: 0 v1 -- 0x7fa2d0101630 con 0x7fa2d0103970
2023-12-19T19:05:41.936 INFO:teuthology.orchestra.run.smithi055.stdout:/usr/bin/ceph: stderr
2023-12-19T19:05:39.061+0000 7fa2ceffd700 1 --2- >> [v2:172.21.15.55:3300/0,v1:172.21.15.55:6789/0] conn(0x7fa2d0103970 0x7fa2d01031b0 unknown :-1 s=BANNER_CONNECTING pgs=0 cs=0 l=1 rev1=0 crypto rx=0 tx=0 comp rx=0 tx=0)._handle_peer_banner_payload supported=3 required=0
2023-12-19T19:05:41.936 INFO:teuthology.orchestra.run.smithi055.stdout:/usr/bin/ceph: stderr
2023-12-19T19:05:39.061+0000 7fa2ceffd700 1 --2- >> [v2:172.21.15.55:3300/0,v1:172.21.15.55:6789/0] conn(0x7fa2d0103970 0x7fa2d01031b0 unknown :-1 s=HELLO_CONNECTING pgs=0 cs=0 l=1 rev1=1 crypto rx=0 tx=0 comp rx=0 tx=0).handle_hello peer v2:172.21.15.55:3300/0 says I am v2:172.21.15.55:58906/0 (socket says 172.21.15.55:58906)
2023-12-19T19:05:41.936 INFO:teuthology.orchestra.run.smithi055.stdout:/usr/bin/ceph: stderr
2023-12-19T19:05:39.061+0000 7fa2ceffd700 1 -- 172.21.15.55:0/2433586594 learned_addr learned my addr 172.21.15.55:0/2433586594 (peer_addr_for_me v2:172.21.15.55:0/0)
2023-12-19T19:05:41.936 INFO:teuthology.orchestra.run.smithi055.stdout:/usr/bin/ceph: stderr
2023-12-19T19:05:39.061+0000 7fa2ceffd700 1 -- 172.21.15.55:0/2433586594 --> [v2:172.21.15.55:3300/0,v1:172.21.15.55:6789/0] -- mon_subscribe({config=0+,monmap=0+}) v3 -- 0x7fa2c8009ae0 con 0x7fa2d0103970
2023-12-19T19:05:41.936 INFO:teuthology.orchestra.run.smithi055.stdout:/usr/bin/ceph: stderr
2023-12-19T19:05:39.061+0000 7fa2ceffd700 1 --2- 172.21.15.55:0/2433586594 >> [v2:172.21.15.55:3300/0,v1:172.21.15.55:6789/0] conn(0x7fa2d0103970 0x7fa2d01031b0 secure :-1 s=READY pgs=46 cs=0 l=1 rev1=1 crypto rx=0x7fa2c8009fd0 tx=0x7fa2c8009840 comp rx=0 tx=0).ready entity=mon.0 client_cookie=0 server_cookie=0 in_seq=0 out_seq=0
2023-12-19T19:05:41.936 INFO:teuthology.orchestra.run.smithi055.stdout:/usr/bin/ceph: stderr
2023-12-19T19:05:39.061+0000 7fa2c77fe700 1 -- 172.21.15.55:0/2433586594 <== mon.0 v2:172.21.15.55:3300/0 1 ==== mon_map magic: 0 v1 ==== 229+0+0 (secure 0 0 0) 0x7fa2c801c620 con 0x7fa2d0103970
2023-12-19T19:05:41.936 INFO:teuthology.orchestra.run.smithi055.stdout:/usr/bin/ceph: stderr
2023-12-19T19:05:39.061+0000 7fa2c77fe700 1 -- 172.21.15.55:0/2433586594 <== mon.0 v2:172.21.15.55:3300/0 2 ==== config(26 keys) v1 ==== 1009+0+0 (secure 0 0 0) 0x7fa2c801cbf0 con 0x7fa2d0103970
2023-12-19T19:05:41.936 INFO:teuthology.orchestra.run.smithi055.stdout:/usr/bin/ceph: stderr
2023-12-19T19:05:39.061+0000 7fa2d56ed700 1 -- 172.21.15.55:0/2433586594 --> [v2:172.21.15.55:3300/0,v1:172.21.15.55:6789/0] -- mon_subscribe({mgrmap=0+}) v3 -- 0x7fa2d0101830 con 0x7fa2d0103970
2023-12-19T19:05:41.936 INFO:teuthology.orchestra.run.smithi055.stdout:/usr/bin/ceph: stderr
2023-12-19T19:05:39.062+0000 7fa2c77fe700 1 -- 172.21.15.55:0/2433586594 <== mon.0 v2:172.21.15.55:3300/0 3 ==== mon_map magic: 0 v1 ==== 229+0+0 (secure 0 0 0) 0x7fa2c8007bd0 con 0x7fa2d0103970
2023-12-19T19:05:41.936 INFO:teuthology.orchestra.run.smithi055.stdout:/usr/bin/ceph: stderr
2023-12-19T19:05:39.062+0000 7fa2d56ed700 1 -- 172.21.15.55:0/2433586594 --> [v2:172.21.15.55:3300/0,v1:172.21.15.55:6789/0] -- mon_subscribe({osdmap=0}) v3 -- 0x7fa2d0101ca0 con 0x7fa2d0103970
2023-12-19T19:05:41.936 INFO:teuthology.orchestra.run.smithi055.stdout:/usr/bin/ceph: stderr
2023-12-19T19:05:39.062+0000 7fa2c77fe700 1 -- 172.21.15.55:0/2433586594 <== mon.0 v2:172.21.15.55:3300/0 4 ==== mgrmap(e 8) v1 ==== 43281+0+0 (secure 0 0 0) 0x7fa2c8019070 con 0x7fa2d0103970
2023-12-19T19:05:41.936 INFO:teuthology.orchestra.run.smithi055.stdout:/usr/bin/ceph: stderr
2023-12-19T19:05:39.062+0000 7fa2d56ed700 1 -- 172.21.15.55:0/2433586594 --> [v2:172.21.15.55:3300/0,v1:172.21.15.55:6789/0] -- mon_command({"prefix": "get_command_descriptions"} v 0) v1 -- 0x7fa2d010b150 con 0x7fa2d0103970
2023-12-19T19:05:41.936 INFO:teuthology.orchestra.run.smithi055.stdout:/usr/bin/ceph: stderr
2023-12-19T19:05:39.063+0000 7fa2c77fe700 1 --2- 172.21.15.55:0/2433586594 >> [v2:172.21.15.55:6800/2922737294,v1:172.21.15.55:6801/2922737294] conn(0x7fa2bc0365f0 0x7fa2bc038aa0 unknown :-1 s=NONE pgs=0 cs=0 l=1 rev1=0 crypto rx=0 tx=0 comp rx=0 tx=0).connect
2023-12-19T19:05:41.937 INFO:teuthology.orchestra.run.smithi055.stdout:/usr/bin/ceph: stderr
2023-12-19T19:05:39.063+0000 7fa2c77fe700 1 -- 172.21.15.55:0/2433586594 <== mon.0 v2:172.21.15.55:3300/0 5 ==== osd_map(2..2 src has 1..2) v4 ==== 936+0+0 (secure 0 0 0) 0x7fa2c8049e60 con 0x7fa2d0103970
2023-12-19T19:05:41.937 INFO:teuthology.orchestra.run.smithi055.stdout:/usr/bin/ceph: stderr
2023-12-19T19:05:39.063+0000 7fa2ce7fc700 1 --2- 172.21.15.55:0/2433586594 >> [v2:172.21.15.55:6800/2922737294,v1:172.21.15.55:6801/2922737294] conn(0x7fa2bc0365f0 0x7fa2bc038aa0 unknown :-1 s=BANNER_CONNECTING pgs=0 cs=0 l=1 rev1=0 crypto rx=0 tx=0 comp rx=0 tx=0)._handle_peer_banner_payload supported=3 required=0
2023-12-19T19:05:41.937 INFO:teuthology.orchestra.run.smithi055.stdout:/usr/bin/ceph: stderr
2023-12-19T19:05:39.063+0000 7fa2ce7fc700 1 --2- 172.21.15.55:0/2433586594 >> [v2:172.21.15.55:6800/2922737294,v1:172.21.15.55:6801/2922737294] conn(0x7fa2bc0365f0 0x7fa2bc038aa0 secure :-1 s=READY pgs=11 cs=0 l=1 rev1=1 crypto rx=0x7fa2b8009990 tx=0x7fa2b8006e40 comp rx=0 tx=0).ready entity=mgr.14120 client_cookie=0 server_cookie=0 in_seq=0 out_seq=0
2023-12-19T19:05:41.937 INFO:teuthology.orchestra.run.smithi055.stdout:/usr/bin/ceph: stderr
2023-12-19T19:05:39.067+0000 7fa2c77fe700 1 -- 172.21.15.55:0/2433586594 <== mon.0 v2:172.21.15.55:3300/0 6 ==== mon_command_ack([{"prefix": "get_command_descriptions"}]=0 v0) v1 ==== 72+0+174570 (secure 0 0 0) 0x7fa2c8019ac0 con 0x7fa2d0103970
2023-12-19T19:05:41.937 INFO:teuthology.orchestra.run.smithi055.stdout:/usr/bin/ceph: stderr
2023-12-19T19:05:39.266+0000 7fa2d56ed700 1 -- 172.21.15.55:0/2433586594 --> [v2:172.21.15.55:6800/2922737294,v1:172.21.15.55:6801/2922737294] -- mgr_command(tid 0: {"prefix": "orch host add", "hostname": "smithi055", "addr": "172.21.15.55", "target": ["mon-mgr", ""]}) v1 -- 0x7fa2d0101fa0 con 0x7fa2bc0365f0
2023-12-19T19:05:41.937 INFO:teuthology.orchestra.run.smithi055.stdout:/usr/bin/ceph: stderr
2023-12-19T19:05:41.349+0000 7fa2c77fe700 1 -- 172.21.15.55:0/2433586594 <== mgr.14120 v2:172.21.15.55:6800/2922737294 1 ==== mgr_command_reply(tid 0: 0 ) v1 ==== 8+0+48 (secure 0 0 0) 0x7fa2d0101fa0 con 0x7fa2bc0365f0
2023-12-19T19:05:41.937 INFO:teuthology.orchestra.run.smithi055.stdout:/usr/bin/ceph: stderr
2023-12-19T19:05:41.351+0000 7fa2d56ed700 1 -- 172.21.15.55:0/2433586594 >> [v2:172.21.15.55:6800/2922737294,v1:172.21.15.55:6801/2922737294] conn(0x7fa2bc0365f0 msgr2=0x7fa2bc038aa0 secure :-1 s=STATE_CONNECTION_ESTABLISHED l=1).mark_down
2023-12-19T19:05:41.937 INFO:teuthology.orchestra.run.smithi055.stdout:/usr/bin/ceph: stderr
2023-12-19T19:05:41.351+0000 7fa2d56ed700 1 --2- 172.21.15.55:0/2433586594 >> [v2:172.21.15.55:6800/2922737294,v1:172.21.15.55:6801/2922737294] conn(0x7fa2bc0365f0 0x7fa2bc038aa0 secure :-1 s=READY pgs=11 cs=0 l=1 rev1=1 crypto rx=0x7fa2b8009990 tx=0x7fa2b8006e40 comp rx=0 tx=0).stop
2023-12-19T19:05:41.937 INFO:teuthology.orchestra.run.smithi055.stdout:/usr/bin/ceph: stderr
2023-12-19T19:05:41.351+0000 7fa2d56ed700 1 -- 172.21.15.55:0/2433586594 >> [v2:172.21.15.55:3300/0,v1:172.21.15.55:6789/0] conn(0x7fa2d0103970 msgr2=0x7fa2d01031b0 secure :-1 s=STATE_CONNECTION_ESTABLISHED l=1).mark_down
2023-12-19T19:05:41.937 INFO:teuthology.orchestra.run.smithi055.stdout:/usr/bin/ceph: stderr
2023-12-19T19:05:41.351+0000 7fa2d56ed700 1 --2- 172.21.15.55:0/2433586594 >> [v2:172.21.15.55:3300/0,v1:172.21.15.55:6789/0] conn(0x7fa2d0103970 0x7fa2d01031b0 secure :-1 s=READY pgs=46 cs=0 l=1 rev1=1 crypto rx=0x7fa2c8009fd0 tx=0x7fa2c8009840 comp rx=0 tx=0).stop
2023-12-19T19:05:41.937 INFO:teuthology.orchestra.run.smithi055.stdout:/usr/bin/ceph: stderr
2023-12-19T19:05:41.351+0000 7fa2d56ed700 1 -- 172.21.15.55:0/2433586594 shutdown_connections
2023-12-19T19:05:41.938 INFO:teuthology.orchestra.run.smithi055.stdout:/usr/bin/ceph: stderr
2023-12-19T19:05:41.351+0000 7fa2d56ed700 1 --2- 172.21.15.55:0/2433586594 >> [v2:172.21.15.55:6800/2922737294,v1:172.21.15.55:6801/2922737294] conn(0x7fa2bc0365f0 0x7fa2bc038aa0 unknown :-1 s=CLOSED pgs=11 cs=0 l=1 rev1=1 crypto rx=0 tx=0 comp rx=0 tx=0).stop
2023-12-19T19:05:41.938 INFO:teuthology.orchestra.run.smithi055.stdout:/usr/bin/ceph: stderr
2023-12-19T19:05:41.351+0000 7fa2d56ed700 1 --2- 172.21.15.55:0/2433586594 >> [v2:172.21.15.55:3300/0,v1:172.21.15.55:6789/0] conn(0x7fa2d0103970 0x7fa2d01031b0 unknown :-1 s=CLOSED pgs=46 cs=0 l=1 rev1=1 crypto rx=0 tx=0 comp rx=0 tx=0).stop
2023-12-19T19:05:41.938 INFO:teuthology.orchestra.run.smithi055.stdout:/usr/bin/ceph: stderr
2023-12-19T19:05:41.351+0000 7fa2d56ed700 1 -- 172.21.15.55:0/2433586594 >> 172.21.15.55:0/2433586594 conn(0x7fa2d00fc0b0 msgr2=0x7fa2d00fe480 unknown :-1 s=STATE_NONE l=0).mark_down
2023-12-19T19:05:41.938 INFO:teuthology.orchestra.run.smithi055.stdout:/usr/bin/ceph: stderr
2023-12-19T19:05:41.352+0000 7fa2d56ed700 1 -- 172.21.15.55:0/2433586594 shutdown_connections
2023-12-19T19:05:41.938 INFO:teuthology.orchestra.run.smithi055.stdout:/usr/bin/ceph: stderr
2023-12-19T19:05:41.352+0000 7fa2d56ed700 1 -- 172.21.15.55:0/2433586594 wait complete.
2023-12-19T19:05:41.940 INFO:teuthology.orchestra.run.smithi055.stdout:Deploying mon service with default placement...
2023-12-19T19:05:42.589 INFO:journalctl@ceph.mon.smithi055.smithi055.stdout:Dec 19 19:05:42 smithi055 ceph-mon[80978]: Added host smithi055
2023-12-19T19:05:43.758 INFO:journalctl@ceph.mon.smithi055.smithi055.stdout:Dec 19 19:05:43 smithi055 ceph-mon[80978]: from='client.14142 -' entity='client.admin' cmd=[{"prefix": "orch apply", "service_type": "mon", "target": ["mon-mgr", ""]}]: dispatch
2023-12-19T19:05:43.758 INFO:journalctl@ceph.mon.smithi055.smithi055.stdout:Dec 19 19:05:43 smithi055 ceph-mon[80978]: Saving service mon spec with placement count:5
2023-12-19T19:05:43.758 INFO:journalctl@ceph.mon.smithi055.smithi055.stdout:Dec 19 19:05:43 smithi055 ceph-mon[80978]: from='mgr.14120 172.21.15.55:0/483842772' entity='mgr.smithi055.dwclvp'
2023-12-19T19:05:44.126 INFO:teuthology.orchestra.run.smithi055.stdout:/usr/bin/ceph: stdout Scheduled mon update...
2023-12-19T19:05:44.126 INFO:teuthology.orchestra.run.smithi055.stdout:/usr/bin/ceph: stderr
2023-12-19T19:05:42.351+0000 7fb241be2700 1 Processor -- start
2023-12-19T19:05:44.126 INFO:teuthology.orchestra.run.smithi055.stdout:/usr/bin/ceph: stderr
2023-12-19T19:05:42.351+0000 7fb241be2700 1 -- start start
2023-12-19T19:05:44.126 INFO:teuthology.orchestra.run.smithi055.stdout:/usr/bin/ceph: stderr
2023-12-19T19:05:42.351+0000 7fb241be2700 1 --2- >> [v2:172.21.15.55:3300/0,v1:172.21.15.55:6789/0] conn(0x7fb23c070f80 0x7fb23c107320 unknown :-1 s=NONE pgs=0 cs=0 l=0 rev1=0 crypto rx=0 tx=0 comp rx=0 tx=0).connect
2023-12-19T19:05:44.126 INFO:teuthology.orchestra.run.smithi055.stdout:/usr/bin/ceph: stderr
2023-12-19T19:05:42.351+0000 7fb241be2700 1 -- --> [v2:172.21.15.55:3300/0,v1:172.21.15.55:6789/0] -- mon_getmap magic: 0 v1 -- 0x7fb23c102d10 con 0x7fb23c070f80
2023-12-19T19:05:44.126 INFO:teuthology.orchestra.run.smithi055.stdout:/usr/bin/ceph: stderr
2023-12-19T19:05:42.352+0000 7fb23b7fe700 1 --2- >> [v2:172.21.15.55:3300/0,v1:172.21.15.55:6789/0] conn(0x7fb23c070f80 0x7fb23c107320 unknown :-1 s=BANNER_CONNECTING pgs=0 cs=0 l=0 rev1=0 crypto rx=0 tx=0 comp rx=0 tx=0)._handle_peer_banner_payload supported=3 required=0
2023-12-19T19:05:44.126 INFO:teuthology.orchestra.run.smithi055.stdout:/usr/bin/ceph: stderr
2023-12-19T19:05:42.352+0000 7fb23b7fe700 1 --2- >> [v2:172.21.15.55:3300/0,v1:172.21.15.55:6789/0] conn(0x7fb23c070f80 0x7fb23c107320 unknown :-1 s=HELLO_CONNECTING pgs=0 cs=0 l=0 rev1=1 crypto rx=0 tx=0 comp rx=0 tx=0).handle_hello peer v2:172.21.15.55:3300/0 says I am v2:172.21.15.55:58908/0 (socket says 172.21.15.55:58908)
2023-12-19T19:05:44.127 INFO:teuthology.orchestra.run.smithi055.stdout:/usr/bin/ceph: stderr
2023-12-19T19:05:42.352+0000 7fb23b7fe700 1 -- 172.21.15.55:0/2036533428 learned_addr learned my addr 172.21.15.55:0/2036533428 (peer_addr_for_me v2:172.21.15.55:0/0)
2023-12-19T19:05:44.127 INFO:teuthology.orchestra.run.smithi055.stdout:/usr/bin/ceph: stderr
2023-12-19T19:05:42.352+0000 7fb23b7fe700 1 -- 172.21.15.55:0/2036533428 --> [v2:172.21.15.55:3300/0,v1:172.21.15.55:6789/0] -- mon_subscribe({config=0+,monmap=0+}) v3 -- 0x7fb23c107860 con 0x7fb23c070f80
2023-12-19T19:05:44.127 INFO:teuthology.orchestra.run.smithi055.stdout:/usr/bin/ceph: stderr
2023-12-19T19:05:42.352+0000 7fb23b7fe700 1 --2- 172.21.15.55:0/2036533428 >> [v2:172.21.15.55:3300/0,v1:172.21.15.55:6789/0] conn(0x7fb23c070f80 0x7fb23c107320 secure :-1 s=READY pgs=47 cs=0 l=1 rev1=1 crypto rx=0x7fb22c009e50 tx=0x7fb22c009840 comp rx=0 tx=0).ready entity=mon.0 client_cookie=1d06c09a58831b96 server_cookie=0 in_seq=0 out_seq=0
2023-12-19T19:05:44.127 INFO:teuthology.orchestra.run.smithi055.stdout:/usr/bin/ceph: stderr
2023-12-19T19:05:42.352+0000 7fb23a7fc700 1 -- 172.21.15.55:0/2036533428 <== mon.0 v2:172.21.15.55:3300/0 1 ==== mon_map magic: 0 v1 ==== 229+0+0 (secure 0 0 0) 0x7fb22c0092e0 con 0x7fb23c070f80
2023-12-19T19:05:44.127 INFO:teuthology.orchestra.run.smithi055.stdout:/usr/bin/ceph: stderr
2023-12-19T19:05:42.352+0000 7fb23a7fc700 1 -- 172.21.15.55:0/2036533428 <== mon.0 v2:172.21.15.55:3300/0 2 ==== config(26 keys) v1 ==== 1009+0+0 (secure 0 0 0) 0x7fb22c00be90 con 0x7fb23c070f80
2023-12-19T19:05:44.127 INFO:teuthology.orchestra.run.smithi055.stdout:/usr/bin/ceph: stderr
2023-12-19T19:05:42.352+0000 7fb23a7fc700 1 -- 172.21.15.55:0/2036533428 <== mon.0 v2:172.21.15.55:3300/0 3 ==== mon_map magic: 0 v1 ==== 229+0+0 (secure 0 0 0) 0x7fb22c007400 con 0x7fb23c070f80
2023-12-19T19:05:44.127 INFO:teuthology.orchestra.run.smithi055.stdout:/usr/bin/ceph: stderr
2023-12-19T19:05:42.353+0000 7fb241be2700 1 -- 172.21.15.55:0/2036533428 >> [v2:172.21.15.55:3300/0,v1:172.21.15.55:6789/0] conn(0x7fb23c070f80 msgr2=0x7fb23c107320 secure :-1 s=STATE_CONNECTION_ESTABLISHED l=1).mark_down
2023-12-19T19:05:44.127 INFO:teuthology.orchestra.run.smithi055.stdout:/usr/bin/ceph: stderr
2023-12-19T19:05:42.353+0000 7fb241be2700 1 --2- 172.21.15.55:0/2036533428 >> [v2:172.21.15.55:3300/0,v1:172.21.15.55:6789/0] conn(0x7fb23c070f80 0x7fb23c107320 secure :-1 s=READY pgs=47 cs=0 l=1 rev1=1 crypto rx=0x7fb22c009e50 tx=0x7fb22c009840 comp rx=0 tx=0).stop
2023-12-19T19:05:44.127 INFO:teuthology.orchestra.run.smithi055.stdout:/usr/bin/ceph: stderr
2023-12-19T19:05:42.353+0000 7fb241be2700 1 -- 172.21.15.55:0/2036533428 shutdown_connections
2023-12-19T19:05:44.127 INFO:teuthology.orchestra.run.smithi055.stdout:/usr/bin/ceph: stderr
2023-12-19T19:05:42.353+0000 7fb241be2700 1 --2- 172.21.15.55:0/2036533428 >> [v2:172.21.15.55:3300/0,v1:172.21.15.55:6789/0] conn(0x7fb23c070f80 0x7fb23c107320 unknown :-1 s=CLOSED pgs=47 cs=0 l=1 rev1=1 crypto rx=0 tx=0 comp rx=0 tx=0).stop
2023-12-19T19:05:44.127 INFO:teuthology.orchestra.run.smithi055.stdout:/usr/bin/ceph: stderr
2023-12-19T19:05:42.353+0000 7fb241be2700 1 -- 172.21.15.55:0/2036533428 >> 172.21.15.55:0/2036533428 conn(0x7fb23c0fc970 msgr2=0x7fb23c0fed80 unknown :-1 s=STATE_NONE l=0).mark_down
2023-12-19T19:05:44.127 INFO:teuthology.orchestra.run.smithi055.stdout:/usr/bin/ceph: stderr
2023-12-19T19:05:42.353+0000 7fb241be2700 1 -- 172.21.15.55:0/2036533428 shutdown_connections
2023-12-19T19:05:44.127 INFO:teuthology.orchestra.run.smithi055.stdout:/usr/bin/ceph: stderr
2023-12-19T19:05:42.353+0000 7fb241be2700 1 -- 172.21.15.55:0/2036533428 wait complete.
2023-12-19T19:05:44.127 INFO:teuthology.orchestra.run.smithi055.stdout:/usr/bin/ceph: stderr
2023-12-19T19:05:42.353+0000 7fb241be2700 1 Processor -- start
2023-12-19T19:05:44.128 INFO:teuthology.orchestra.run.smithi055.stdout:/usr/bin/ceph: stderr
2023-12-19T19:05:42.354+0000 7fb241be2700 1 -- start start
2023-12-19T19:05:44.128 INFO:teuthology.orchestra.run.smithi055.stdout:/usr/bin/ceph: stderr
2023-12-19T19:05:42.354+0000 7fb241be2700 1 --2- >> [v2:172.21.15.55:3300/0,v1:172.21.15.55:6789/0] conn(0x7fb23c070f80 0x7fb23c1133a0 unknown :-1 s=NONE pgs=0 cs=0 l=1 rev1=0 crypto rx=0 tx=0 comp rx=0 tx=0).connect
2023-12-19T19:05:44.128 INFO:teuthology.orchestra.run.smithi055.stdout:/usr/bin/ceph: stderr
2023-12-19T19:05:42.354+0000 7fb241be2700 1 -- --> [v2:172.21.15.55:3300/0,v1:172.21.15.55:6789/0] -- mon_getmap magic: 0 v1 -- 0x7fb23c1138e0 con 0x7fb23c070f80
2023-12-19T19:05:44.128 INFO:teuthology.orchestra.run.smithi055.stdout:/usr/bin/ceph: stderr
2023-12-19T19:05:42.354+0000 7fb23b7fe700 1 --2- >> [v2:172.21.15.55:3300/0,v1:172.21.15.55:6789/0] conn(0x7fb23c070f80 0x7fb23c1133a0 unknown :-1 s=BANNER_CONNECTING pgs=0 cs=0 l=1 rev1=0 crypto rx=0 tx=0 comp rx=0 tx=0)._handle_peer_banner_payload supported=3 required=0
2023-12-19T19:05:44.128 INFO:teuthology.orchestra.run.smithi055.stdout:/usr/bin/ceph: stderr
2023-12-19T19:05:42.354+0000 7fb23b7fe700 1 --2- >> [v2:172.21.15.55:3300/0,v1:172.21.15.55:6789/0] conn(0x7fb23c070f80 0x7fb23c1133a0 unknown :-1 s=HELLO_CONNECTING pgs=0 cs=0 l=1 rev1=1 crypto rx=0 tx=0 comp rx=0 tx=0).handle_hello peer v2:172.21.15.55:3300/0 says I am v2:172.21.15.55:58910/0 (socket says 172.21.15.55:58910)
2023-12-19T19:05:44.128 INFO:teuthology.orchestra.run.smithi055.stdout:/usr/bin/ceph: stderr
2023-12-19T19:05:42.354+0000 7fb23b7fe700 1 -- 172.21.15.55:0/1579814070 learned_addr learned my addr 172.21.15.55:0/1579814070 (peer_addr_for_me v2:172.21.15.55:0/0)
2023-12-19T19:05:44.128 INFO:teuthology.orchestra.run.smithi055.stdout:/usr/bin/ceph: stderr
2023-12-19T19:05:42.354+0000 7fb23b7fe700 1 -- 172.21.15.55:0/1579814070 --> [v2:172.21.15.55:3300/0,v1:172.21.15.55:6789/0] -- mon_subscribe({config=0+,monmap=0+}) v3 -- 0x7fb22c009ae0 con 0x7fb23c070f80
2023-12-19T19:05:44.128 INFO:teuthology.orchestra.run.smithi055.stdout:/usr/bin/ceph: stderr
2023-12-19T19:05:42.354+0000 7fb23b7fe700 1 --2- 172.21.15.55:0/1579814070 >> [v2:172.21.15.55:3300/0,v1:172.21.15.55:6789/0] conn(0x7fb23c070f80 0x7fb23c1133a0 secure :-1 s=READY pgs=48 cs=0 l=1 rev1=1 crypto rx=0x7fb22c000f80 tx=0x7fb22c009840 comp rx=0 tx=0).ready entity=mon.0 client_cookie=0 server_cookie=0 in_seq=0 out_seq=0
2023-12-19T19:05:44.128 INFO:teuthology.orchestra.run.smithi055.stdout:/usr/bin/ceph: stderr
2023-12-19T19:05:42.355+0000 7fb223fff700 1 -- 172.21.15.55:0/1579814070 <== mon.0 v2:172.21.15.55:3300/0 1 ==== mon_map magic: 0 v1 ==== 229+0+0 (secure 0 0 0) 0x7fb22c01c620 con 0x7fb23c070f80
2023-12-19T19:05:44.128 INFO:teuthology.orchestra.run.smithi055.stdout:/usr/bin/ceph: stderr
2023-12-19T19:05:42.355+0000 7fb223fff700 1 -- 172.21.15.55:0/1579814070 <== mon.0 v2:172.21.15.55:3300/0 2 ==== config(26 keys) v1 ==== 1009+0+0 (secure 0 0 0) 0x7fb22c01cbf0 con 0x7fb23c070f80
2023-12-19T19:05:44.128 INFO:teuthology.orchestra.run.smithi055.stdout:/usr/bin/ceph: stderr
2023-12-19T19:05:42.355+0000 7fb241be2700 1 -- 172.21.15.55:0/1579814070 --> [v2:172.21.15.55:3300/0,v1:172.21.15.55:6789/0] -- mon_subscribe({mgrmap=0+}) v3 -- 0x7fb23c113ae0 con 0x7fb23c070f80
2023-12-19T19:05:44.128 INFO:teuthology.orchestra.run.smithi055.stdout:/usr/bin/ceph: stderr
2023-12-19T19:05:42.355+0000 7fb223fff700 1 -- 172.21.15.55:0/1579814070 <== mon.0 v2:172.21.15.55:3300/0 3 ==== mon_map magic: 0 v1 ==== 229+0+0 (secure 0 0 0) 0x7fb22c007b40 con 0x7fb23c070f80
2023-12-19T19:05:44.128 INFO:teuthology.orchestra.run.smithi055.stdout:/usr/bin/ceph: stderr
2023-12-19T19:05:42.355+0000 7fb241be2700 1 -- 172.21.15.55:0/1579814070 --> [v2:172.21.15.55:3300/0,v1:172.21.15.55:6789/0] -- mon_subscribe({osdmap=0}) v3 -- 0x7fb23c114780 con 0x7fb23c070f80
2023-12-19T19:05:44.128 INFO:teuthology.orchestra.run.smithi055.stdout:/usr/bin/ceph: stderr
2023-12-19T19:05:42.355+0000 7fb223fff700 1 -- 172.21.15.55:0/1579814070 <== mon.0 v2:172.21.15.55:3300/0 4 ==== mgrmap(e 8) v1 ==== 43281+0+0 (secure 0 0 0) 0x7fb22c019070 con 0x7fb23c070f80
2023-12-19T19:05:44.129 INFO:teuthology.orchestra.run.smithi055.stdout:/usr/bin/ceph: stderr
2023-12-19T19:05:42.356+0000 7fb223fff700 1 --2- 172.21.15.55:0/1579814070 >> [v2:172.21.15.55:6800/2922737294,v1:172.21.15.55:6801/2922737294] conn(0x7fb224036640 0x7fb224038af0 unknown :-1 s=NONE pgs=0 cs=0 l=1 rev1=0 crypto rx=0 tx=0 comp rx=0 tx=0).connect
2023-12-19T19:05:44.129 INFO:teuthology.orchestra.run.smithi055.stdout:/usr/bin/ceph: stderr
2023-12-19T19:05:42.356+0000 7fb223fff700 1 -- 172.21.15.55:0/1579814070 <== mon.0 v2:172.21.15.55:3300/0 5 ==== osd_map(2..2 src has 1..2) v4 ==== 936+0+0 (secure 0 0 0) 0x7fb22c049f10 con 0x7fb23c070f80
2023-12-19T19:05:44.129 INFO:teuthology.orchestra.run.smithi055.stdout:/usr/bin/ceph: stderr
2023-12-19T19:05:42.356+0000 7fb23affd700 1 --2- 172.21.15.55:0/1579814070 >> [v2:172.21.15.55:6800/2922737294,v1:172.21.15.55:6801/2922737294] conn(0x7fb224036640 0x7fb224038af0 unknown :-1 s=BANNER_CONNECTING pgs=0 cs=0 l=1 rev1=0 crypto rx=0 tx=0 comp rx=0 tx=0)._handle_peer_banner_payload supported=3 required=0
2023-12-19T19:05:44.129 INFO:teuthology.orchestra.run.smithi055.stdout:/usr/bin/ceph: stderr
2023-12-19T19:05:42.356+0000 7fb241be2700 1 -- 172.21.15.55:0/1579814070 --> [v2:172.21.15.55:3300/0,v1:172.21.15.55:6789/0] -- mon_command({"prefix": "get_command_descriptions"} v 0) v1 -- 0x7fb23c113f50 con 0x7fb23c070f80
2023-12-19T19:05:44.129 INFO:teuthology.orchestra.run.smithi055.stdout:/usr/bin/ceph: stderr
2023-12-19T19:05:42.356+0000 7fb23affd700 1 --2- 172.21.15.55:0/1579814070 >> [v2:172.21.15.55:6800/2922737294,v1:172.21.15.55:6801/2922737294] conn(0x7fb224036640 0x7fb224038af0 secure :-1 s=READY pgs=12 cs=0 l=1 rev1=1 crypto rx=0x7fb230009990 tx=0x7fb230006e40 comp rx=0 tx=0).ready entity=mgr.14120 client_cookie=0 server_cookie=0 in_seq=0 out_seq=0
2023-12-19T19:05:44.129 INFO:teuthology.orchestra.run.smithi055.stdout:/usr/bin/ceph: stderr
2023-12-19T19:05:42.361+0000 7fb223fff700 1 -- 172.21.15.55:0/1579814070 <== mon.0 v2:172.21.15.55:3300/0 6 ==== mon_command_ack([{"prefix": "get_command_descriptions"}]=0 v0) v1 ==== 72+0+174570 (secure 0 0 0) 0x7fb22c017080 con 0x7fb23c070f80
2023-12-19T19:05:44.129 INFO:teuthology.orchestra.run.smithi055.stdout:/usr/bin/ceph: stderr
2023-12-19T19:05:42.569+0000 7fb241be2700 1 -- 172.21.15.55:0/1579814070 --> [v2:172.21.15.55:6800/2922737294,v1:172.21.15.55:6801/2922737294] -- mgr_command(tid 0: {"prefix": "orch apply", "service_type": "mon", "target": ["mon-mgr", ""]}) v1 -- 0x7fb23c1149c0 con 0x7fb224036640
2023-12-19T19:05:44.129 INFO:teuthology.orchestra.run.smithi055.stdout:/usr/bin/ceph: stderr
2023-12-19T19:05:42.573+0000 7fb223fff700 1 -- 172.21.15.55:0/1579814070 <== mgr.14120 v2:172.21.15.55:6800/2922737294 1 ==== mgr_command_reply(tid 0: 0 ) v1 ==== 8+0+24 (secure 0 0 0) 0x7fb23c1149c0 con 0x7fb224036640
2023-12-19T19:05:44.129 INFO:teuthology.orchestra.run.smithi055.stdout:/usr/bin/ceph: stderr
2023-12-19T19:05:42.575+0000 7fb241be2700 1 -- 172.21.15.55:0/1579814070 >> [v2:172.21.15.55:6800/2922737294,v1:172.21.15.55:6801/2922737294] conn(0x7fb224036640 msgr2=0x7fb224038af0 secure :-1 s=STATE_CONNECTION_ESTABLISHED l=1).mark_down
2023-12-19T19:05:44.129 INFO:teuthology.orchestra.run.smithi055.stdout:/usr/bin/ceph: stderr
2023-12-19T19:05:42.575+0000 7fb241be2700 1 --2- 172.21.15.55:0/1579814070 >> [v2:172.21.15.55:6800/2922737294,v1:172.21.15.55:6801/2922737294] conn(0x7fb224036640 0x7fb224038af0 secure :-1 s=READY pgs=12 cs=0 l=1 rev1=1 crypto rx=0x7fb230009990 tx=0x7fb230006e40 comp rx=0 tx=0).stop
2023-12-19T19:05:44.129 INFO:teuthology.orchestra.run.smithi055.stdout:/usr/bin/ceph: stderr
2023-12-19T19:05:42.575+0000 7fb241be2700 1 -- 172.21.15.55:0/1579814070 >> [v2:172.21.15.55:3300/0,v1:172.21.15.55:6789/0] conn(0x7fb23c070f80 msgr2=0x7fb23c1133a0 secure :-1 s=STATE_CONNECTION_ESTABLISHED l=1).mark_down
2023-12-19T19:05:44.129 INFO:teuthology.orchestra.run.smithi055.stdout:/usr/bin/ceph: stderr
2023-12-19T19:05:42.575+0000 7fb241be2700 1 --2- 172.21.15.55:0/1579814070 >> [v2:172.21.15.55:3300/0,v1:172.21.15.55:6789/0] conn(0x7fb23c070f80 0x7fb23c1133a0 secure :-1 s=READY pgs=48 cs=0 l=1 rev1=1 crypto rx=0x7fb22c000f80 tx=0x7fb22c009840 comp rx=0 tx=0).stop
2023-12-19T19:05:44.129 INFO:teuthology.orchestra.run.smithi055.stdout:/usr/bin/ceph: stderr
2023-12-19T19:05:42.575+0000 7fb241be2700 1 -- 172.21.15.55:0/1579814070 shutdown_connections
2023-12-19T19:05:44.130 INFO:teuthology.orchestra.run.smithi055.stdout:/usr/bin/ceph: stderr
2023-12-19T19:05:42.575+0000 7fb241be2700 1 --2- 172.21.15.55:0/1579814070 >> [v2:172.21.15.55:6800/2922737294,v1:172.21.15.55:6801/2922737294] conn(0x7fb224036640 0x7fb224038af0 unknown :-1 s=CLOSED pgs=12 cs=0 l=1 rev1=1 crypto rx=0 tx=0 comp rx=0 tx=0).stop
2023-12-19T19:05:44.130 INFO:teuthology.orchestra.run.smithi055.stdout:/usr/bin/ceph: stderr
