2023-12-19T19:05:25.228+0000 7f17e27fc700 1 -- 172.21.15.55:0/2938168509 <== mon.0 v2:172.21.15.55:3300/0 2 ==== config(26 keys) v1 ==== 1009+0+0 (secure 0 0 0) 0x7f17e4024440 con 0x7f17f01022d0
2023-12-19T19:05:26.105 INFO:teuthology.orchestra.run.smithi055.stdout:/usr/bin/ceph: stderr
2023-12-19T19:05:25.228+0000 7f17f80f2700 1 -- 172.21.15.55:0/2938168509 --> [v2:172.21.15.55:3300/0,v1:172.21.15.55:6789/0] -- mon_subscribe({mgrmap=0+}) v3 -- 0x7f17f0076280 con 0x7f17f01022d0
2023-12-19T19:05:26.105 INFO:teuthology.orchestra.run.smithi055.stdout:/usr/bin/ceph: stderr
2023-12-19T19:05:25.228+0000 7f17e27fc700 1 -- 172.21.15.55:0/2938168509 <== mon.0 v2:172.21.15.55:3300/0 3 ==== mon_map magic: 0 v1 ==== 229+0+0 (secure 0 0 0) 0x7f17e401a5f0 con 0x7f17f01022d0
2023-12-19T19:05:26.105 INFO:teuthology.orchestra.run.smithi055.stdout:/usr/bin/ceph: stderr
2023-12-19T19:05:25.228+0000 7f17f80f2700 1 -- 172.21.15.55:0/2938168509 --> [v2:172.21.15.55:3300/0,v1:172.21.15.55:6789/0] -- mon_subscribe({osdmap=0}) v3 -- 0x7f17f0076690 con 0x7f17f01022d0
2023-12-19T19:05:26.105 INFO:teuthology.orchestra.run.smithi055.stdout:/usr/bin/ceph: stderr
2023-12-19T19:05:25.229+0000 7f17e27fc700 1 -- 172.21.15.55:0/2938168509 <== mon.0 v2:172.21.15.55:3300/0 4 ==== mgrmap(e 4) v1 ==== 43270+0+0 (secure 0 0 0) 0x7f17e4024990 con 0x7f17f01022d0
2023-12-19T19:05:26.105 INFO:teuthology.orchestra.run.smithi055.stdout:/usr/bin/ceph: stderr
2023-12-19T19:05:25.229+0000 7f17f80f2700 1 -- 172.21.15.55:0/2938168509 --> [v2:172.21.15.55:3300/0,v1:172.21.15.55:6789/0] -- mon_command({"prefix": "get_command_descriptions"} v 0) v1 -- 0x7f17f004bb80 con 0x7f17f01022d0
2023-12-19T19:05:26.105 INFO:teuthology.orchestra.run.smithi055.stdout:/usr/bin/ceph: stderr
2023-12-19T19:05:25.229+0000 7f17e27fc700 1 --2- 172.21.15.55:0/2938168509 >> [v2:172.21.15.55:6800/917343204,v1:172.21.15.55:6801/917343204] conn(0x7f17dc0365f0 0x7f17dc038aa0 unknown :-1 s=NONE pgs=0 cs=0 l=1 rev1=0 crypto rx=0 tx=0 comp rx=0 tx=0).connect
2023-12-19T19:05:26.105 INFO:teuthology.orchestra.run.smithi055.stdout:/usr/bin/ceph: stderr
2023-12-19T19:05:25.229+0000 7f17e27fc700 1 -- 172.21.15.55:0/2938168509 <== mon.0 v2:172.21.15.55:3300/0 5 ==== osd_map(1..1 src has 1..1) v4 ==== 721+0+0 (secure 0 0 0) 0x7f17e404a520 con 0x7f17f01022d0
2023-12-19T19:05:26.105 INFO:teuthology.orchestra.run.smithi055.stdout:/usr/bin/ceph: stderr
2023-12-19T19:05:25.229+0000 7f17f568d700 1 --2- 172.21.15.55:0/2938168509 >> [v2:172.21.15.55:6800/917343204,v1:172.21.15.55:6801/917343204] conn(0x7f17dc0365f0 0x7f17dc038aa0 unknown :-1 s=BANNER_CONNECTING pgs=0 cs=0 l=1 rev1=0 crypto rx=0 tx=0 comp rx=0 tx=0)._handle_peer_banner_payload supported=3 required=0
2023-12-19T19:05:26.105 INFO:teuthology.orchestra.run.smithi055.stdout:/usr/bin/ceph: stderr
2023-12-19T19:05:25.229+0000 7f17f568d700 1 --2- 172.21.15.55:0/2938168509 >> [v2:172.21.15.55:6800/917343204,v1:172.21.15.55:6801/917343204] conn(0x7f17dc0365f0 0x7f17dc038aa0 secure :-1 s=READY pgs=8 cs=0 l=1 rev1=1 crypto rx=0x7f17ec009990 tx=0x7f17ec006e40 comp rx=0 tx=0).ready entity=mgr.14100 client_cookie=0 server_cookie=0 in_seq=0 out_seq=0
2023-12-19T19:05:26.105 INFO:teuthology.orchestra.run.smithi055.stdout:/usr/bin/ceph: stderr
2023-12-19T19:05:25.234+0000 7f17e27fc700 1 -- 172.21.15.55:0/2938168509 <== mon.0 v2:172.21.15.55:3300/0 6 ==== mon_command_ack([{"prefix": "get_command_descriptions"}]=0 v0) v1 ==== 72+0+174570 (secure 0 0 0) 0x7f17e402d3f0 con 0x7f17f01022d0
2023-12-19T19:05:26.105 INFO:teuthology.orchestra.run.smithi055.stdout:/usr/bin/ceph: stderr
2023-12-19T19:05:25.484+0000 7f17f80f2700 1 -- 172.21.15.55:0/2938168509 --> [v2:172.21.15.55:3300/0,v1:172.21.15.55:6789/0] -- mon_command({"prefix": "mgr module enable", "module": "cephadm"} v 0) v1 -- 0x7f17f01040e0 con 0x7f17f01022d0
2023-12-19T19:05:26.105 INFO:teuthology.orchestra.run.smithi055.stdout:/usr/bin/ceph: stderr
2023-12-19T19:05:25.537+0000 7f17e27fc700 1 -- 172.21.15.55:0/2938168509 <== mon.0 v2:172.21.15.55:3300/0 7 ==== mgrmap(e 5) v1 ==== 43281+0+0 (secure 0 0 0) 0x7f17e400fda0 con 0x7f17f01022d0
2023-12-19T19:05:26.105 INFO:teuthology.orchestra.run.smithi055.stdout:/usr/bin/ceph: stderr
2023-12-19T19:05:25.538+0000 7f17e27fc700 1 -- 172.21.15.55:0/2938168509 <== mon.0 v2:172.21.15.55:3300/0 8 ==== mon_command_ack([{"prefix": "mgr module enable", "module": "cephadm"}]=0 v5) v1 ==== 86+0+0 (secure 0 0 0) 0x7f17e4018350 con 0x7f17f01022d0
2023-12-19T19:05:26.105 INFO:teuthology.orchestra.run.smithi055.stdout:/usr/bin/ceph: stderr
2023-12-19T19:05:25.540+0000 7f17f80f2700 1 -- 172.21.15.55:0/2938168509 >> [v2:172.21.15.55:6800/917343204,v1:172.21.15.55:6801/917343204] conn(0x7f17dc0365f0 msgr2=0x7f17dc038aa0 secure :-1 s=STATE_CONNECTION_ESTABLISHED l=1).mark_down
2023-12-19T19:05:26.105 INFO:teuthology.orchestra.run.smithi055.stdout:/usr/bin/ceph: stderr
2023-12-19T19:05:25.540+0000 7f17f80f2700 1 --2- 172.21.15.55:0/2938168509 >> [v2:172.21.15.55:6800/917343204,v1:172.21.15.55:6801/917343204] conn(0x7f17dc0365f0 0x7f17dc038aa0 secure :-1 s=READY pgs=8 cs=0 l=1 rev1=1 crypto rx=0x7f17ec009990 tx=0x7f17ec006e40 comp rx=0 tx=0).stop
2023-12-19T19:05:26.106 INFO:teuthology.orchestra.run.smithi055.stdout:/usr/bin/ceph: stderr
2023-12-19T19:05:25.540+0000 7f17f80f2700 1 -- 172.21.15.55:0/2938168509 >> [v2:172.21.15.55:3300/0,v1:172.21.15.55:6789/0] conn(0x7f17f01022d0 msgr2=0x7f17f0077c00 secure :-1 s=STATE_CONNECTION_ESTABLISHED l=1).mark_down
2023-12-19T19:05:26.106 INFO:teuthology.orchestra.run.smithi055.stdout:/usr/bin/ceph: stderr
2023-12-19T19:05:25.540+0000 7f17f80f2700 1 --2- 172.21.15.55:0/2938168509 >> [v2:172.21.15.55:3300/0,v1:172.21.15.55:6789/0] conn(0x7f17f01022d0 0x7f17f0077c00 secure :-1 s=READY pgs=23 cs=0 l=1 rev1=1 crypto rx=0x7f17e4006b00 tx=0x7f17e4009250 comp rx=0 tx=0).stop
2023-12-19T19:05:26.106 INFO:teuthology.orchestra.run.smithi055.stdout:/usr/bin/ceph: stderr
2023-12-19T19:05:25.540+0000 7f17f80f2700 1 -- 172.21.15.55:0/2938168509 shutdown_connections
2023-12-19T19:05:26.106 INFO:teuthology.orchestra.run.smithi055.stdout:/usr/bin/ceph: stderr
2023-12-19T19:05:25.540+0000 7f17f80f2700 1 --2- 172.21.15.55:0/2938168509 >> [v2:172.21.15.55:6800/917343204,v1:172.21.15.55:6801/917343204] conn(0x7f17dc0365f0 0x7f17dc038aa0 unknown :-1 s=CLOSED pgs=8 cs=0 l=1 rev1=1 crypto rx=0 tx=0 comp rx=0 tx=0).stop
2023-12-19T19:05:26.106 INFO:teuthology.orchestra.run.smithi055.stdout:/usr/bin/ceph: stderr
2023-12-19T19:05:25.540+0000 7f17f80f2700 1 --2- 172.21.15.55:0/2938168509 >> [v2:172.21.15.55:3300/0,v1:172.21.15.55:6789/0] conn(0x7f17f01022d0 0x7f17f0077c00 unknown :-1 s=CLOSED pgs=23 cs=0 l=1 rev1=1 crypto rx=0 tx=0 comp rx=0 tx=0).stop
2023-12-19T19:05:26.106 INFO:teuthology.orchestra.run.smithi055.stdout:/usr/bin/ceph: stderr
2023-12-19T19:05:25.540+0000 7f17f80f2700 1 -- 172.21.15.55:0/2938168509 >> 172.21.15.55:0/2938168509 conn(0x7f17f00fda50 msgr2=0x7f17f00ff250 unknown :-1 s=STATE_NONE l=0).mark_down
2023-12-19T19:05:26.106 INFO:teuthology.orchestra.run.smithi055.stdout:/usr/bin/ceph: stderr
2023-12-19T19:05:25.541+0000 7f17f80f2700 1 -- 172.21.15.55:0/2938168509 shutdown_connections
2023-12-19T19:05:26.106 INFO:teuthology.orchestra.run.smithi055.stdout:/usr/bin/ceph: stderr
2023-12-19T19:05:25.541+0000 7f17f80f2700 1 -- 172.21.15.55:0/2938168509 wait complete.
2023-12-19T19:05:26.711 INFO:journalctl@ceph.mon.smithi055.smithi055.stdout:Dec 19 19:05:26 smithi055 ceph-mon[80978]: from='client.? 172.21.15.55:0/2938168509' entity='client.admin' cmd='[{"prefix": "mgr module enable", "module": "cephadm"}]': finished
2023-12-19T19:05:26.711 INFO:journalctl@ceph.mon.smithi055.smithi055.stdout:Dec 19 19:05:26 smithi055 ceph-mon[80978]: mgrmap e5: smithi055.dwclvp(active, since 14s)
2023-12-19T19:05:27.336 INFO:teuthology.orchestra.run.smithi055.stdout:/usr/bin/ceph: stdout {
2023-12-19T19:05:27.337 INFO:teuthology.orchestra.run.smithi055.stdout:/usr/bin/ceph: stdout "epoch": 5,
2023-12-19T19:05:27.337 INFO:teuthology.orchestra.run.smithi055.stdout:/usr/bin/ceph: stdout "available": true,
2023-12-19T19:05:27.337 INFO:teuthology.orchestra.run.smithi055.stdout:/usr/bin/ceph: stdout "active_name": "smithi055.dwclvp",
2023-12-19T19:05:27.337 INFO:teuthology.orchestra.run.smithi055.stdout:/usr/bin/ceph: stdout "num_standby": 0
2023-12-19T19:05:27.337 INFO:teuthology.orchestra.run.smithi055.stdout:/usr/bin/ceph: stdout }
2023-12-19T19:05:27.337 INFO:teuthology.orchestra.run.smithi055.stdout:/usr/bin/ceph: stderr
2023-12-19T19:05:26.503+0000 7f9f11e1c700 1 Processor -- start
2023-12-19T19:05:27.337 INFO:teuthology.orchestra.run.smithi055.stdout:/usr/bin/ceph: stderr
2023-12-19T19:05:26.503+0000 7f9f11e1c700 1 -- start start
2023-12-19T19:05:27.337 INFO:teuthology.orchestra.run.smithi055.stdout:/usr/bin/ceph: stderr
2023-12-19T19:05:26.503+0000 7f9f11e1c700 1 --2- >> [v2:172.21.15.55:3300/0,v1:172.21.15.55:6789/0] conn(0x7f9f0c1022b0 0x7f9f0c1026c0 unknown :-1 s=NONE pgs=0 cs=0 l=0 rev1=0 crypto rx=0 tx=0 comp rx=0 tx=0).connect
2023-12-19T19:05:27.337 INFO:teuthology.orchestra.run.smithi055.stdout:/usr/bin/ceph: stderr
2023-12-19T19:05:26.503+0000 7f9f11e1c700 1 -- --> [v2:172.21.15.55:3300/0,v1:172.21.15.55:6789/0] -- mon_getmap magic: 0 v1 -- 0x7f9f0c102c00 con 0x7f9f0c1022b0
2023-12-19T19:05:27.337 INFO:teuthology.orchestra.run.smithi055.stdout:/usr/bin/ceph: stderr
2023-12-19T19:05:26.503+0000 7f9f0b7fe700 1 --2- >> [v2:172.21.15.55:3300/0,v1:172.21.15.55:6789/0] conn(0x7f9f0c1022b0 0x7f9f0c1026c0 unknown :-1 s=BANNER_CONNECTING pgs=0 cs=0 l=0 rev1=0 crypto rx=0 tx=0 comp rx=0 tx=0)._handle_peer_banner_payload supported=3 required=0
2023-12-19T19:05:27.337 INFO:teuthology.orchestra.run.smithi055.stdout:/usr/bin/ceph: stderr
2023-12-19T19:05:26.503+0000 7f9f0b7fe700 1 --2- >> [v2:172.21.15.55:3300/0,v1:172.21.15.55:6789/0] conn(0x7f9f0c1022b0 0x7f9f0c1026c0 unknown :-1 s=HELLO_CONNECTING pgs=0 cs=0 l=0 rev1=1 crypto rx=0 tx=0 comp rx=0 tx=0).handle_hello peer v2:172.21.15.55:3300/0 says I am v2:172.21.15.55:59462/0 (socket says 172.21.15.55:59462)
2023-12-19T19:05:27.337 INFO:teuthology.orchestra.run.smithi055.stdout:/usr/bin/ceph: stderr
2023-12-19T19:05:26.503+0000 7f9f0b7fe700 1 -- 172.21.15.55:0/182808544 learned_addr learned my addr 172.21.15.55:0/182808544 (peer_addr_for_me v2:172.21.15.55:0/0)
2023-12-19T19:05:27.337 INFO:teuthology.orchestra.run.smithi055.stdout:/usr/bin/ceph: stderr
2023-12-19T19:05:26.503+0000 7f9f0b7fe700 1 -- 172.21.15.55:0/182808544 --> [v2:172.21.15.55:3300/0,v1:172.21.15.55:6789/0] -- mon_subscribe({config=0+,monmap=0+}) v3 -- 0x7f9f0c102d40 con 0x7f9f0c1022b0
2023-12-19T19:05:27.338 INFO:teuthology.orchestra.run.smithi055.stdout:/usr/bin/ceph: stderr
2023-12-19T19:05:26.504+0000 7f9f0b7fe700 1 --2- 172.21.15.55:0/182808544 >> [v2:172.21.15.55:3300/0,v1:172.21.15.55:6789/0] conn(0x7f9f0c1022b0 0x7f9f0c1026c0 secure :-1 s=READY pgs=26 cs=0 l=1 rev1=1 crypto rx=0x7f9efc0098e0 tx=0x7f9efc009250 comp rx=0 tx=0).ready entity=mon.0 client_cookie=35b13b7ab6abdcee server_cookie=0 in_seq=0 out_seq=0
2023-12-19T19:05:27.338 INFO:teuthology.orchestra.run.smithi055.stdout:/usr/bin/ceph: stderr
2023-12-19T19:05:26.504+0000 7f9f0a7fc700 1 -- 172.21.15.55:0/182808544 <== mon.0 v2:172.21.15.55:3300/0 1 ==== mon_map magic: 0 v1 ==== 229+0+0 (secure 0 0 0) 0x7f9efc00b860 con 0x7f9f0c1022b0
2023-12-19T19:05:27.338 INFO:teuthology.orchestra.run.smithi055.stdout:/usr/bin/ceph: stderr
2023-12-19T19:05:26.504+0000 7f9f0a7fc700 1 -- 172.21.15.55:0/182808544 <== mon.0 v2:172.21.15.55:3300/0 2 ==== config(26 keys) v1 ==== 1009+0+0 (secure 0 0 0) 0x7f9efc00be30 con 0x7f9f0c1022b0
2023-12-19T19:05:27.338 INFO:teuthology.orchestra.run.smithi055.stdout:/usr/bin/ceph: stderr
2023-12-19T19:05:26.504+0000 7f9f0a7fc700 1 -- 172.21.15.55:0/182808544 <== mon.0 v2:172.21.15.55:3300/0 3 ==== mon_map magic: 0 v1 ==== 229+0+0 (secure 0 0 0) 0x7f9efc010380 con 0x7f9f0c1022b0
2023-12-19T19:05:27.338 INFO:teuthology.orchestra.run.smithi055.stdout:/usr/bin/ceph: stderr
2023-12-19T19:05:26.504+0000 7f9f11e1c700 1 -- 172.21.15.55:0/182808544 >> [v2:172.21.15.55:3300/0,v1:172.21.15.55:6789/0] conn(0x7f9f0c1022b0 msgr2=0x7f9f0c1026c0 secure :-1 s=STATE_CONNECTION_ESTABLISHED l=1).mark_down
2023-12-19T19:05:27.338 INFO:teuthology.orchestra.run.smithi055.stdout:/usr/bin/ceph: stderr
2023-12-19T19:05:26.504+0000 7f9f11e1c700 1 --2- 172.21.15.55:0/182808544 >> [v2:172.21.15.55:3300/0,v1:172.21.15.55:6789/0] conn(0x7f9f0c1022b0 0x7f9f0c1026c0 secure :-1 s=READY pgs=26 cs=0 l=1 rev1=1 crypto rx=0x7f9efc0098e0 tx=0x7f9efc009250 comp rx=0 tx=0).stop
2023-12-19T19:05:27.338 INFO:teuthology.orchestra.run.smithi055.stdout:/usr/bin/ceph: stderr
2023-12-19T19:05:26.504+0000 7f9f11e1c700 1 -- 172.21.15.55:0/182808544 shutdown_connections
2023-12-19T19:05:27.338 INFO:teuthology.orchestra.run.smithi055.stdout:/usr/bin/ceph: stderr
2023-12-19T19:05:26.504+0000 7f9f11e1c700 1 --2- 172.21.15.55:0/182808544 >> [v2:172.21.15.55:3300/0,v1:172.21.15.55:6789/0] conn(0x7f9f0c1022b0 0x7f9f0c1026c0 unknown :-1 s=CLOSED pgs=26 cs=0 l=1 rev1=1 crypto rx=0 tx=0 comp rx=0 tx=0).stop
2023-12-19T19:05:27.338 INFO:teuthology.orchestra.run.smithi055.stdout:/usr/bin/ceph: stderr
2023-12-19T19:05:26.504+0000 7f9f11e1c700 1 -- 172.21.15.55:0/182808544 >> 172.21.15.55:0/182808544 conn(0x7f9f0c0fda10 msgr2=0x7f9f0c0ffe40 unknown :-1 s=STATE_NONE l=0).mark_down
2023-12-19T19:05:27.338 INFO:teuthology.orchestra.run.smithi055.stdout:/usr/bin/ceph: stderr
2023-12-19T19:05:26.505+0000 7f9f11e1c700 1 -- 172.21.15.55:0/182808544 shutdown_connections
2023-12-19T19:05:27.338 INFO:teuthology.orchestra.run.smithi055.stdout:/usr/bin/ceph: stderr
2023-12-19T19:05:26.505+0000 7f9f11e1c700 1 -- 172.21.15.55:0/182808544 wait complete.
2023-12-19T19:05:27.338 INFO:teuthology.orchestra.run.smithi055.stdout:/usr/bin/ceph: stderr
2023-12-19T19:05:26.505+0000 7f9f11e1c700 1 Processor -- start
2023-12-19T19:05:27.338 INFO:teuthology.orchestra.run.smithi055.stdout:/usr/bin/ceph: stderr
2023-12-19T19:05:26.505+0000 7f9f11e1c700 1 -- start start
2023-12-19T19:05:27.338 INFO:teuthology.orchestra.run.smithi055.stdout:/usr/bin/ceph: stderr
2023-12-19T19:05:26.505+0000 7f9f11e1c700 1 --2- >> [v2:172.21.15.55:3300/0,v1:172.21.15.55:6789/0] conn(0x7f9f0c1022b0 0x7f9f0c078d10 unknown :-1 s=NONE pgs=0 cs=0 l=1 rev1=0 crypto rx=0 tx=0 comp rx=0 tx=0).connect
2023-12-19T19:05:27.338 INFO:teuthology.orchestra.run.smithi055.stdout:/usr/bin/ceph: stderr
2023-12-19T19:05:26.505+0000 7f9f11e1c700 1 -- --> [v2:172.21.15.55:3300/0,v1:172.21.15.55:6789/0] -- mon_getmap magic: 0 v1 -- 0x7f9f0c077190 con 0x7f9f0c1022b0
2023-12-19T19:05:27.338 INFO:teuthology.orchestra.run.smithi055.stdout:/usr/bin/ceph: stderr
2023-12-19T19:05:26.506+0000 7f9f0b7fe700 1 --2- >> [v2:172.21.15.55:3300/0,v1:172.21.15.55:6789/0] conn(0x7f9f0c1022b0 0x7f9f0c078d10 unknown :-1 s=BANNER_CONNECTING pgs=0 cs=0 l=1 rev1=0 crypto rx=0 tx=0 comp rx=0 tx=0)._handle_peer_banner_payload supported=3 required=0
2023-12-19T19:05:27.339 INFO:teuthology.orchestra.run.smithi055.stdout:/usr/bin/ceph: stderr
2023-12-19T19:05:26.506+0000 7f9f0b7fe700 1 --2- >> [v2:172.21.15.55:3300/0,v1:172.21.15.55:6789/0] conn(0x7f9f0c1022b0 0x7f9f0c078d10 unknown :-1 s=HELLO_CONNECTING pgs=0 cs=0 l=1 rev1=1 crypto rx=0 tx=0 comp rx=0 tx=0).handle_hello peer v2:172.21.15.55:3300/0 says I am v2:172.21.15.55:59478/0 (socket says 172.21.15.55:59478)
2023-12-19T19:05:27.339 INFO:teuthology.orchestra.run.smithi055.stdout:/usr/bin/ceph: stderr
2023-12-19T19:05:26.506+0000 7f9f0b7fe700 1 -- 172.21.15.55:0/1644151193 learned_addr learned my addr 172.21.15.55:0/1644151193 (peer_addr_for_me v2:172.21.15.55:0/0)
2023-12-19T19:05:27.339 INFO:teuthology.orchestra.run.smithi055.stdout:/usr/bin/ceph: stderr
2023-12-19T19:05:26.506+0000 7f9f0b7fe700 1 -- 172.21.15.55:0/1644151193 --> [v2:172.21.15.55:3300/0,v1:172.21.15.55:6789/0] -- mon_subscribe({config=0+,monmap=0+}) v3 -- 0x7f9efc0094f0 con 0x7f9f0c1022b0
2023-12-19T19:05:27.339 INFO:teuthology.orchestra.run.smithi055.stdout:/usr/bin/ceph: stderr
2023-12-19T19:05:26.506+0000 7f9f0b7fe700 1 --2- 172.21.15.55:0/1644151193 >> [v2:172.21.15.55:3300/0,v1:172.21.15.55:6789/0] conn(0x7f9f0c1022b0 0x7f9f0c078d10 secure :-1 s=READY pgs=27 cs=0 l=1 rev1=1 crypto rx=0x7f9efc000c00 tx=0x7f9efc009250 comp rx=0 tx=0).ready entity=mon.0 client_cookie=0 server_cookie=0 in_seq=0 out_seq=0
2023-12-19T19:05:27.339 INFO:teuthology.orchestra.run.smithi055.stdout:/usr/bin/ceph: stderr
2023-12-19T19:05:26.506+0000 7f9ef3fff700 1 -- 172.21.15.55:0/1644151193 <== mon.0 v2:172.21.15.55:3300/0 1 ==== mon_map magic: 0 v1 ==== 229+0+0 (secure 0 0 0) 0x7f9efc010a80 con 0x7f9f0c1022b0
2023-12-19T19:05:27.339 INFO:teuthology.orchestra.run.smithi055.stdout:/usr/bin/ceph: stderr
2023-12-19T19:05:26.506+0000 7f9ef3fff700 1 -- 172.21.15.55:0/1644151193 <== mon.0 v2:172.21.15.55:3300/0 2 ==== config(26 keys) v1 ==== 1009+0+0 (secure 0 0 0) 0x7f9efc01a430 con 0x7f9f0c1022b0
2023-12-19T19:05:27.339 INFO:teuthology.orchestra.run.smithi055.stdout:/usr/bin/ceph: stderr
2023-12-19T19:05:26.506+0000 7f9f11e1c700 1 -- 172.21.15.55:0/1644151193 --> [v2:172.21.15.55:3300/0,v1:172.21.15.55:6789/0] -- mon_subscribe({mgrmap=0+}) v3 -- 0x7f9f0c077390 con 0x7f9f0c1022b0
2023-12-19T19:05:27.339 INFO:teuthology.orchestra.run.smithi055.stdout:/usr/bin/ceph: stderr
2023-12-19T19:05:26.506+0000 7f9ef3fff700 1 -- 172.21.15.55:0/1644151193 <== mon.0 v2:172.21.15.55:3300/0 3 ==== mon_map magic: 0 v1 ==== 229+0+0 (secure 0 0 0) 0x7f9efc0245b0 con 0x7f9f0c1022b0
2023-12-19T19:05:27.339 INFO:teuthology.orchestra.run.smithi055.stdout:/usr/bin/ceph: stderr
2023-12-19T19:05:26.506+0000 7f9f11e1c700 1 -- 172.21.15.55:0/1644151193 --> [v2:172.21.15.55:3300/0,v1:172.21.15.55:6789/0] -- mon_subscribe({osdmap=0}) v3 -- 0x7f9f0c0777a0 con 0x7f9f0c1022b0
2023-12-19T19:05:27.339 INFO:teuthology.orchestra.run.smithi055.stdout:/usr/bin/ceph: stderr
2023-12-19T19:05:26.507+0000 7f9ef3fff700 1 -- 172.21.15.55:0/1644151193 <== mon.0 v2:172.21.15.55:3300/0 4 ==== mgrmap(e 5) v1 ==== 43281+0+0 (secure 0 0 0) 0x7f9efc0247a0 con 0x7f9f0c1022b0
2023-12-19T19:05:27.339 INFO:teuthology.orchestra.run.smithi055.stdout:/usr/bin/ceph: stderr
2023-12-19T19:05:26.507+0000 7f9f11e1c700 1 -- 172.21.15.55:0/1644151193 --> [v2:172.21.15.55:3300/0,v1:172.21.15.55:6789/0] -- mon_command({"prefix": "get_command_descriptions"} v 0) v1 -- 0x7f9f0c04bb80 con 0x7f9f0c1022b0
2023-12-19T19:05:27.339 INFO:teuthology.orchestra.run.smithi055.stdout:/usr/bin/ceph: stderr
2023-12-19T19:05:26.507+0000 7f9ef3fff700 1 --2- 172.21.15.55:0/1644151193 >> [v2:172.21.15.55:6800/917343204,v1:172.21.15.55:6801/917343204] conn(0x7f9ef4036640 0x7f9ef4038af0 unknown :-1 s=NONE pgs=0 cs=0 l=1 rev1=0 crypto rx=0 tx=0 comp rx=0 tx=0).connect
2023-12-19T19:05:27.339 INFO:teuthology.orchestra.run.smithi055.stdout:/usr/bin/ceph: stderr
2023-12-19T19:05:26.507+0000 7f9ef3fff700 1 -- 172.21.15.55:0/1644151193 <== mon.0 v2:172.21.15.55:3300/0 5 ==== osd_map(1..1 src has 1..1) v4 ==== 721+0+0 (secure 0 0 0) 0x7f9efc04ba90 con 0x7f9f0c1022b0
2023-12-19T19:05:27.339 INFO:teuthology.orchestra.run.smithi055.stdout:/usr/bin/ceph: stderr
2023-12-19T19:05:26.508+0000 7f9f0affd700 1 -- 172.21.15.55:0/1644151193 >> [v2:172.21.15.55:6800/917343204,v1:172.21.15.55:6801/917343204] conn(0x7f9ef4036640 msgr2=0x7f9ef4038af0 unknown :-1 s=STATE_CONNECTING_RE l=1).process reconnect failed to v2:172.21.15.55:6800/917343204
2023-12-19T19:05:27.339 INFO:teuthology.orchestra.run.smithi055.stdout:/usr/bin/ceph: stderr
2023-12-19T19:05:26.508+0000 7f9f0affd700 1 --2- 172.21.15.55:0/1644151193 >> [v2:172.21.15.55:6800/917343204,v1:172.21.15.55:6801/917343204] conn(0x7f9ef4036640 0x7f9ef4038af0 unknown :-1 s=START_CONNECT pgs=0 cs=0 l=1 rev1=0 crypto rx=0 tx=0 comp rx=0 tx=0)._fault waiting 0.200000
2023-12-19T19:05:27.340 INFO:teuthology.orchestra.run.smithi055.stdout:/usr/bin/ceph: stderr
2023-12-19T19:05:26.512+0000 7f9ef3fff700 1 -- 172.21.15.55:0/1644151193 <== mon.0 v2:172.21.15.55:3300/0 6 ==== mon_command_ack([{"prefix": "get_command_descriptions"}]=0 v0) v1 ==== 72+0+174570 (secure 0 0 0) 0x7f9efc018350 con 0x7f9f0c1022b0
2023-12-19T19:05:27.340 INFO:teuthology.orchestra.run.smithi055.stdout:/usr/bin/ceph: stderr
2023-12-19T19:05:26.709+0000 7f9f0affd700 1 -- 172.21.15.55:0/1644151193 >> [v2:172.21.15.55:6800/917343204,v1:172.21.15.55:6801/917343204] conn(0x7f9ef4036640 msgr2=0x7f9ef4038af0 unknown :-1 s=STATE_CONNECTING_RE l=1).process reconnect failed to v2:172.21.15.55:6800/917343204
2023-12-19T19:05:27.340 INFO:teuthology.orchestra.run.smithi055.stdout:/usr/bin/ceph: stderr
2023-12-19T19:05:26.709+0000 7f9f0affd700 1 --2- 172.21.15.55:0/1644151193 >> [v2:172.21.15.55:6800/917343204,v1:172.21.15.55:6801/917343204] conn(0x7f9ef4036640 0x7f9ef4038af0 unknown :-1 s=START_CONNECT pgs=0 cs=0 l=1 rev1=0 crypto rx=0 tx=0 comp rx=0 tx=0)._fault waiting 0.400000
2023-12-19T19:05:27.340 INFO:teuthology.orchestra.run.smithi055.stdout:/usr/bin/ceph: stderr
2023-12-19T19:05:26.762+0000 7f9f11e1c700 1 -- 172.21.15.55:0/1644151193 --> [v2:172.21.15.55:3300/0,v1:172.21.15.55:6789/0] -- mon_command({"prefix": "mgr stat"} v 0) v1 -- 0x7f9f0c10af20 con 0x7f9f0c1022b0
2023-12-19T19:05:27.340 INFO:teuthology.orchestra.run.smithi055.stdout:/usr/bin/ceph: stderr
2023-12-19T19:05:26.763+0000 7f9ef3fff700 1 -- 172.21.15.55:0/1644151193 <== mon.0 v2:172.21.15.55:3300/0 7 ==== mon_command_ack([{"prefix": "mgr stat"}]=0 v5) v1 ==== 56+0+103 (secure 0 0 0) 0x7f9efc023b80 con 0x7f9f0c1022b0
2023-12-19T19:05:27.340 INFO:teuthology.orchestra.run.smithi055.stdout:/usr/bin/ceph: stderr
2023-12-19T19:05:26.765+0000 7f9f11e1c700 1 -- 172.21.15.55:0/1644151193 >> [v2:172.21.15.55:6800/917343204,v1:172.21.15.55:6801/917343204] conn(0x7f9ef4036640 msgr2=0x7f9ef4038af0 unknown :-1 s=STATE_CONNECTING l=1).mark_down
2023-12-19T19:05:27.340 INFO:teuthology.orchestra.run.smithi055.stdout:/usr/bin/ceph: stderr
2023-12-19T19:05:26.765+0000 7f9f11e1c700 1 --2- 172.21.15.55:0/1644151193 >> [v2:172.21.15.55:6800/917343204,v1:172.21.15.55:6801/917343204] conn(0x7f9ef4036640 0x7f9ef4038af0 unknown :-1 s=START_CONNECT pgs=0 cs=0 l=1 rev1=0 crypto rx=0 tx=0 comp rx=0 tx=0).stop
2023-12-19T19:05:27.340 INFO:teuthology.orchestra.run.smithi055.stdout:/usr/bin/ceph: stderr
2023-12-19T19:05:26.765+0000 7f9f11e1c700 1 -- 172.21.15.55:0/1644151193 >> [v2:172.21.15.55:3300/0,v1:172.21.15.55:6789/0] conn(0x7f9f0c1022b0 msgr2=0x7f9f0c078d10 secure :-1 s=STATE_CONNECTION_ESTABLISHED l=1).mark_down
2023-12-19T19:05:27.340 INFO:teuthology.orchestra.run.smithi055.stdout:/usr/bin/ceph: stderr
2023-12-19T19:05:26.765+0000 7f9f11e1c700 1 --2- 172.21.15.55:0/1644151193 >> [v2:172.21.15.55:3300/0,v1:172.21.15.55:6789/0] conn(0x7f9f0c1022b0 0x7f9f0c078d10 secure :-1 s=READY pgs=27 cs=0 l=1 rev1=1 crypto rx=0x7f9efc000c00 tx=0x7f9efc009250 comp rx=0 tx=0).stop
2023-12-19T19:05:27.340 INFO:teuthology.orchestra.run.smithi055.stdout:/usr/bin/ceph: stderr
2023-12-19T19:05:26.765+0000 7f9f11e1c700 1 -- 172.21.15.55:0/1644151193 shutdown_connections
2023-12-19T19:05:27.340 INFO:teuthology.orchestra.run.smithi055.stdout:/usr/bin/ceph: stderr
2023-12-19T19:05:26.765+0000 7f9f11e1c700 1 --2- 172.21.15.55:0/1644151193 >> [v2:172.21.15.55:6800/917343204,v1:172.21.15.55:6801/917343204] conn(0x7f9ef4036640 0x7f9ef4038af0 unknown :-1 s=CLOSED pgs=0 cs=0 l=1 rev1=0 crypto rx=0 tx=0 comp rx=0 tx=0).stop
2023-12-19T19:05:27.340 INFO:teuthology.orchestra.run.smithi055.stdout:/usr/bin/ceph: stderr
2023-12-19T19:05:26.765+0000 7f9f11e1c700 1 --2- 172.21.15.55:0/1644151193 >> [v2:172.21.15.55:3300/0,v1:172.21.15.55:6789/0] conn(0x7f9f0c1022b0 0x7f9f0c078d10 unknown :-1 s=CLOSED pgs=27 cs=0 l=1 rev1=1 crypto rx=0 tx=0 comp rx=0 tx=0).stop
2023-12-19T19:05:27.340 INFO:teuthology.orchestra.run.smithi055.stdout:/usr/bin/ceph: stderr
2023-12-19T19:05:26.765+0000 7f9f11e1c700 1 -- 172.21.15.55:0/1644151193 >> 172.21.15.55:0/1644151193 conn(0x7f9f0c0fda10 msgr2=0x7f9f0c0ff1e0 unknown :-1 s=STATE_NONE l=0).mark_down
2023-12-19T19:05:27.340 INFO:teuthology.orchestra.run.smithi055.stdout:/usr/bin/ceph: stderr
2023-12-19T19:05:26.765+0000 7f9f11e1c700 1 -- 172.21.15.55:0/1644151193 shutdown_connections
2023-12-19T19:05:27.340 INFO:teuthology.orchestra.run.smithi055.stdout:/usr/bin/ceph: stderr
2023-12-19T19:05:26.765+0000 7f9f11e1c700 1 -- 172.21.15.55:0/1644151193 wait complete.
2023-12-19T19:05:27.340 INFO:teuthology.orchestra.run.smithi055.stdout:Waiting for the mgr to restart...
2023-12-19T19:05:27.341 INFO:teuthology.orchestra.run.smithi055.stdout:Waiting for mgr epoch 5...
2023-12-19T19:05:27.639 INFO:journalctl@ceph.mon.smithi055.smithi055.stdout:Dec 19 19:05:27 smithi055 ceph-mon[80978]: from='client.? 172.21.15.55:0/1644151193' entity='client.admin' cmd=[{"prefix": "mgr stat"}]: dispatch
2023-12-19T19:05:32.803 INFO:journalctl@ceph.mon.smithi055.smithi055.stdout:Dec 19 19:05:32 smithi055 ceph-mon[80978]: Active manager daemon smithi055.dwclvp restarted
2023-12-19T19:05:32.803 INFO:journalctl@ceph.mon.smithi055.smithi055.stdout:Dec 19 19:05:32 smithi055 ceph-mon[80978]: Activating manager daemon smithi055.dwclvp
2023-12-19T19:05:32.803 INFO:journalctl@ceph.mon.smithi055.smithi055.stdout:Dec 19 19:05:32 smithi055 ceph-mon[80978]: osdmap e2: 0 total, 0 up, 0 in
2023-12-19T19:05:32.804 INFO:journalctl@ceph.mon.smithi055.smithi055.stdout:Dec 19 19:05:32 smithi055 ceph-mon[80978]: mgrmap e6: smithi055.dwclvp(active, starting, since 0.00571825s)
2023-12-19T19:05:32.804 INFO:journalctl@ceph.mon.smithi055.smithi055.stdout:Dec 19 19:05:32 smithi055 ceph-mon[80978]: from='mgr.14120 172.21.15.55:0/483842772' entity='mgr.smithi055.dwclvp' cmd=[{"prefix": "mon metadata", "id": "smithi055"}]: dispatch
2023-12-19T19:05:32.804 INFO:journalctl@ceph.mon.smithi055.smithi055.stdout:Dec 19 19:05:32 smithi055 ceph-mon[80978]: from='mgr.14120 172.21.15.55:0/483842772' entity='mgr.smithi055.dwclvp' cmd=[{"prefix": "mgr metadata", "who": "smithi055.dwclvp", "id": "smithi055.dwclvp"}]: dispatch
2023-12-19T19:05:32.804 INFO:journalctl@ceph.mon.smithi055.smithi055.stdout:Dec 19 19:05:32 smithi055 ceph-mon[80978]: from='mgr.14120 172.21.15.55:0/483842772' entity='mgr.smithi055.dwclvp' cmd=[{"prefix": "mds metadata"}]: dispatch
2023-12-19T19:05:32.804 INFO:journalctl@ceph.mon.smithi055.smithi055.stdout:Dec 19 19:05:32 smithi055 ceph-mon[80978]: from='mgr.14120 172.21.15.55:0/483842772' entity='mgr.smithi055.dwclvp' cmd=[{"prefix": "osd metadata"}]: dispatch
2023-12-19T19:05:32.804 INFO:journalctl@ceph.mon.smithi055.smithi055.stdout:Dec 19 19:05:32 smithi055 ceph-mon[80978]: from='mgr.14120 172.21.15.55:0/483842772' entity='mgr.smithi055.dwclvp' cmd=[{"prefix": "mon metadata"}]: dispatch
2023-12-19T19:05:32.804 INFO:journalctl@ceph.mon.smithi055.smithi055.stdout:Dec 19 19:05:32 smithi055 ceph-mon[80978]: Manager daemon smithi055.dwclvp is now available
2023-12-19T19:05:32.804 INFO:journalctl@ceph.mon.smithi055.smithi055.stdout:Dec 19 19:05:32 smithi055 ceph-mon[80978]: from='mgr.14120 172.21.15.55:0/483842772' entity='mgr.smithi055.dwclvp'
2023-12-19T19:05:32.805 INFO:journalctl@ceph.mon.smithi055.smithi055.stdout:Dec 19 19:05:32 smithi055 ceph-mon[80978]: from='mgr.14120 172.21.15.55:0/483842772' entity='mgr.smithi055.dwclvp'
2023-12-19T19:05:32.805 INFO:journalctl@ceph.mon.smithi055.smithi055.stdout:Dec 19 19:05:32 smithi055 ceph-mon[80978]: from='mgr.14120 172.21.15.55:0/483842772' entity='mgr.smithi055.dwclvp' cmd=[{"prefix": "config dump", "format": "json"}]: dispatch
2023-12-19T19:05:32.805 INFO:journalctl@ceph.mon.smithi055.smithi055.stdout:Dec 19 19:05:32 smithi055 ceph-mon[80978]: from='mgr.14120 172.21.15.55:0/483842772' entity='mgr.smithi055.dwclvp' cmd=[{"prefix": "config dump", "format": "json"}]: dispatch
2023-12-19T19:05:33.660 INFO:journalctl@ceph.mon.smithi055.smithi055.stdout:Dec 19 19:05:33 smithi055 ceph-mon[80978]: Found migration_current of "None". Setting to last migration.
2023-12-19T19:05:33.660 INFO:journalctl@ceph.mon.smithi055.smithi055.stdout:Dec 19 19:05:33 smithi055 ceph-mon[80978]: from='mgr.14120 172.21.15.55:0/483842772' entity='mgr.smithi055.dwclvp' cmd=[{"prefix": "config dump", "format": "json"}]: dispatch
2023-12-19T19:05:33.660 INFO:journalctl@ceph.mon.smithi055.smithi055.stdout:Dec 19 19:05:33 smithi055 ceph-mon[80978]: from='mgr.14120 172.21.15.55:0/483842772' entity='mgr.smithi055.dwclvp' cmd=[{"prefix":"config rm","who":"mgr","name":"mgr/rbd_support/smithi055.dwclvp/mirror_snapshot_schedule"}]: dispatch
2023-12-19T19:05:33.660 INFO:journalctl@ceph.mon.smithi055.smithi055.stdout:Dec 19 19:05:33 smithi055 ceph-mon[80978]: from='mgr.14120 172.21.15.55:0/483842772' entity='mgr.smithi055.dwclvp' cmd=[{"prefix":"config rm","who":"mgr","name":"mgr/rbd_support/smithi055.dwclvp/trash_purge_schedule"}]: dispatch
2023-12-19T19:05:33.660 INFO:journalctl@ceph.mon.smithi055.smithi055.stdout:Dec 19 19:05:33 smithi055 ceph-mon[80978]: mgrmap e7: smithi055.dwclvp(active, since 1.00911s)
2023-12-19T19:05:33.947 INFO:teuthology.orchestra.run.smithi055.stdout:/usr/bin/ceph: stdout {
2023-12-19T19:05:33.954 INFO:teuthology.orchestra.run.smithi055.stdout:/usr/bin/ceph: stdout "mgrmap_epoch": 7,
2023-12-19T19:05:33.954 INFO:teuthology.orchestra.run.smithi055.stdout:/usr/bin/ceph: stdout "initialized": true
2023-12-19T19:05:33.954 INFO:teuthology.orchestra.run.smithi055.stdout:/usr/bin/ceph: stdout }
2023-12-19T19:05:33.955 INFO:teuthology.orchestra.run.smithi055.stdout:/usr/bin/ceph: stderr
2023-12-19T19:05:27.736+0000 7f82fe6ec700 1 Processor -- start
2023-12-19T19:05:33.955 INFO:teuthology.orchestra.run.smithi055.stdout:/usr/bin/ceph: stderr
2023-12-19T19:05:27.737+0000 7f82fe6ec700 1 -- start start
2023-12-19T19:05:33.955 INFO:teuthology.orchestra.run.smithi055.stdout:/usr/bin/ceph: stderr
2023-12-19T19:05:27.737+0000 7f82fe6ec700 1 --2- >> [v2:172.21.15.55:3300/0,v1:172.21.15.55:6789/0] conn(0x7f82f81011c0 0x7f82f81015d0 unknown :-1 s=NONE pgs=0 cs=0 l=0 rev1=0 crypto rx=0 tx=0 comp rx=0 tx=0).connect
2023-12-19T19:05:33.955 INFO:teuthology.orchestra.run.smithi055.stdout:/usr/bin/ceph: stderr
2023-12-19T19:05:27.737+0000 7f82fe6ec700 1 -- --> [v2:172.21.15.55:3300/0,v1:172.21.15.55:6789/0] -- mon_getmap magic: 0 v1 -- 0x7f82f8101b10 con 0x7f82f81011c0
2023-12-19T19:05:33.955 INFO:teuthology.orchestra.run.smithi055.stdout:/usr/bin/ceph: stderr
2023-12-19T19:05:27.737+0000 7f82f7fff700 1 --2- >> [v2:172.21.15.55:3300/0,v1:172.21.15.55:6789/0] conn(0x7f82f81011c0 0x7f82f81015d0 unknown :-1 s=BANNER_CONNECTING pgs=0 cs=0 l=0 rev1=0 crypto rx=0 tx=0 comp rx=0 tx=0)._handle_peer_banner_payload supported=3 required=0
2023-12-19T19:05:33.955 INFO:teuthology.orchestra.run.smithi055.stdout:/usr/bin/ceph: stderr
2023-12-19T19:05:27.737+0000 7f82f7fff700 1 --2- >> [v2:172.21.15.55:3300/0,v1:172.21.15.55:6789/0] conn(0x7f82f81011c0 0x7f82f81015d0 unknown :-1 s=HELLO_CONNECTING pgs=0 cs=0 l=0 rev1=1 crypto rx=0 tx=0 comp rx=0 tx=0).handle_hello peer v2:172.21.15.55:3300/0 says I am v2:172.21.15.55:39050/0 (socket says 172.21.15.55:39050)
2023-12-19T19:05:33.955 INFO:teuthology.orchestra.run.smithi055.stdout:/usr/bin/ceph: stderr
2023-12-19T19:05:27.737+0000 7f82f7fff700 1 -- 172.21.15.55:0/4249076580 learned_addr learned my addr 172.21.15.55:0/4249076580 (peer_addr_for_me v2:172.21.15.55:0/0)
2023-12-19T19:05:33.955 INFO:teuthology.orchestra.run.smithi055.stdout:/usr/bin/ceph: stderr
2023-12-19T19:05:27.737+0000 7f82f7fff700 1 -- 172.21.15.55:0/4249076580 --> [v2:172.21.15.55:3300/0,v1:172.21.15.55:6789/0] -- mon_subscribe({config=0+,monmap=0+}) v3 -- 0x7f82f8101c50 con 0x7f82f81011c0
2023-12-19T19:05:33.955 INFO:teuthology.orchestra.run.smithi055.stdout:/usr/bin/ceph: stderr
2023-12-19T19:05:27.737+0000 7f82f7fff700 1 --2- 172.21.15.55:0/4249076580 >> [v2:172.21.15.55:3300/0,v1:172.21.15.55:6789/0] conn(0x7f82f81011c0 0x7f82f81015d0 secure :-1 s=READY pgs=28 cs=0 l=1 rev1=1 crypto rx=0x7f82e80098e0 tx=0x7f82e8009250 comp rx=0 tx=0).ready entity=mon.0 client_cookie=251fab856fed8e78 server_cookie=0 in_seq=0 out_seq=0
2023-12-19T19:05:33.955 INFO:teuthology.orchestra.run.smithi055.stdout:/usr/bin/ceph: stderr
2023-12-19T19:05:27.738+0000 7f82f6ffd700 1 -- 172.21.15.55:0/4249076580 <== mon.0 v2:172.21.15.55:3300/0 1 ==== mon_map magic: 0 v1 ==== 229+0+0 (secure 0 0 0) 0x7f82e800b860 con 0x7f82f81011c0
2023-12-19T19:05:33.955 INFO:teuthology.orchestra.run.smithi055.stdout:/usr/bin/ceph: stderr
2023-12-19T19:05:27.738+0000 7f82f6ffd700 1 -- 172.21.15.55:0/4249076580 <== mon.0 v2:172.21.15.55:3300/0 2 ==== config(26 keys) v1 ==== 1009+0+0 (secure 0 0 0) 0x7f82e800be30 con 0x7f82f81011c0
2023-12-19T19:05:33.955 INFO:teuthology.orchestra.run.smithi055.stdout:/usr/bin/ceph: stderr
2023-12-19T19:05:27.738+0000 7f82f6ffd700 1 -- 172.21.15.55:0/4249076580 <== mon.0 v2:172.21.15.55:3300/0 3 ==== mon_map magic: 0 v1 ==== 229+0+0 (secure 0 0 0) 0x7f82e8010380 con 0x7f82f81011c0
2023-12-19T19:05:33.955 INFO:teuthology.orchestra.run.smithi055.stdout:/usr/bin/ceph: stderr
2023-12-19T19:05:27.738+0000 7f82fe6ec700 1 -- 172.21.15.55:0/4249076580 >> [v2:172.21.15.55:3300/0,v1:172.21.15.55:6789/0] conn(0x7f82f81011c0 msgr2=0x7f82f81015d0 secure :-1 s=STATE_CONNECTION_ESTABLISHED l=1).mark_down
2023-12-19T19:05:33.955 INFO:teuthology.orchestra.run.smithi055.stdout:/usr/bin/ceph: stderr
2023-12-19T19:05:27.738+0000 7f82fe6ec700 1 --2- 172.21.15.55:0/4249076580 >> [v2:172.21.15.55:3300/0,v1:172.21.15.55:6789/0] conn(0x7f82f81011c0 0x7f82f81015d0 secure :-1 s=READY pgs=28 cs=0 l=1 rev1=1 crypto rx=0x7f82e80098e0 tx=0x7f82e8009250 comp rx=0 tx=0).stop
2023-12-19T19:05:33.955 INFO:teuthology.orchestra.run.smithi055.stdout:/usr/bin/ceph: stderr
2023-12-19T19:05:27.738+0000 7f82fe6ec700 1 -- 172.21.15.55:0/4249076580 shutdown_connections
2023-12-19T19:05:33.956 INFO:teuthology.orchestra.run.smithi055.stdout:/usr/bin/ceph: stderr
2023-12-19T19:05:27.738+0000 7f82fe6ec700 1 --2- 172.21.15.55:0/4249076580 >> [v2:172.21.15.55:3300/0,v1:172.21.15.55:6789/0] conn(0x7f82f81011c0 0x7f82f81015d0 unknown :-1 s=CLOSED pgs=28 cs=0 l=1 rev1=1 crypto rx=0 tx=0 comp rx=0 tx=0).stop
2023-12-19T19:05:33.956 INFO:teuthology.orchestra.run.smithi055.stdout:/usr/bin/ceph: stderr
2023-12-19T19:05:27.738+0000 7f82fe6ec700 1 -- 172.21.15.55:0/4249076580 >> 172.21.15.55:0/4249076580 conn(0x7f82f80fc980 msgr2=0x7f82f80fed90 unknown :-1 s=STATE_NONE l=0).mark_down
2023-12-19T19:05:33.956 INFO:teuthology.orchestra.run.smithi055.stdout:/usr/bin/ceph: stderr
2023-12-19T19:05:27.738+0000 7f82fe6ec700 1 -- 172.21.15.55:0/4249076580 shutdown_connections
2023-12-19T19:05:33.956 INFO:teuthology.orchestra.run.smithi055.stdout:/usr/bin/ceph: stderr
2023-12-19T19:05:27.738+0000 7f82fe6ec700 1 -- 172.21.15.55:0/4249076580 wait complete.
2023-12-19T19:05:33.956 INFO:teuthology.orchestra.run.smithi055.stdout:/usr/bin/ceph: stderr
2023-12-19T19:05:27.739+0000 7f82fe6ec700 1 Processor -- start
2023-12-19T19:05:33.956 INFO:teuthology.orchestra.run.smithi055.stdout:/usr/bin/ceph: stderr
2023-12-19T19:05:27.739+0000 7f82fe6ec700 1 -- start start
2023-12-19T19:05:33.956 INFO:teuthology.orchestra.run.smithi055.stdout:/usr/bin/ceph: stderr
2023-12-19T19:05:27.739+0000 7f82fe6ec700 1 --2- >> [v2:172.21.15.55:3300/0,v1:172.21.15.55:6789/0] conn(0x7f82f81011c0 0x7f82f8107560 unknown :-1 s=NONE pgs=0 cs=0 l=1 rev1=0 crypto rx=0 tx=0 comp rx=0 tx=0).connect
2023-12-19T19:05:33.956 INFO:teuthology.orchestra.run.smithi055.stdout:/usr/bin/ceph: stderr
2023-12-19T19:05:27.739+0000 7f82fe6ec700 1 -- --> [v2:172.21.15.55:3300/0,v1:172.21.15.55:6789/0] -- mon_getmap magic: 0 v1 -- 0x7f82f81059e0 con 0x7f82f81011c0
2023-12-19T19:05:33.956 INFO:teuthology.orchestra.run.smithi055.stdout:/usr/bin/ceph: stderr
2023-12-19T19:05:27.739+0000 7f82f7fff700 1 --2- >> [v2:172.21.15.55:3300/0,v1:172.21.15.55:6789/0] conn(0x7f82f81011c0 0x7f82f8107560 unknown :-1 s=BANNER_CONNECTING pgs=0 cs=0 l=1 rev1=0 crypto rx=0 tx=0 comp rx=0 tx=0)._handle_peer_banner_payload supported=3 required=0
2023-12-19T19:05:33.956 INFO:teuthology.orchestra.run.smithi055.stdout:/usr/bin/ceph: stderr
2023-12-19T19:05:27.739+0000 7f82f7fff700 1 --2- >> [v2:172.21.15.55:3300/0,v1:172.21.15.55:6789/0] conn(0x7f82f81011c0 0x7f82f8107560 unknown :-1 s=HELLO_CONNECTING pgs=0 cs=0 l=1 rev1=1 crypto rx=0 tx=0 comp rx=0 tx=0).handle_hello peer v2:172.21.15.55:3300/0 says I am v2:172.21.15.55:39064/0 (socket says 172.21.15.55:39064)
2023-12-19T19:05:33.956 INFO:teuthology.orchestra.run.smithi055.stdout:/usr/bin/ceph: stderr
2023-12-19T19:05:27.739+0000 7f82f7fff700 1 -- 172.21.15.55:0/4140756602 learned_addr learned my addr 172.21.15.55:0/4140756602 (peer_addr_for_me v2:172.21.15.55:0/0)
2023-12-19T19:05:33.956 INFO:teuthology.orchestra.run.smithi055.stdout:/usr/bin/ceph: stderr
2023-12-19T19:05:27.740+0000 7f82f7fff700 1 -- 172.21.15.55:0/4140756602 --> [v2:172.21.15.55:3300/0,v1:172.21.15.55:6789/0] -- mon_subscribe({config=0+,monmap=0+}) v3 -- 0x7f82e80094f0 con 0x7f82f81011c0
2023-12-19T19:05:33.956 INFO:teuthology.orchestra.run.smithi055.stdout:/usr/bin/ceph: stderr
2023-12-19T19:05:27.740+0000 7f82f7fff700 1 --2- 172.21.15.55:0/4140756602 >> [v2:172.21.15.55:3300/0,v1:172.21.15.55:6789/0] conn(0x7f82f81011c0 0x7f82f8107560 secure :-1 s=READY pgs=29 cs=0 l=1 rev1=1 crypto rx=0x7f82e8006b00 tx=0x7f82e8009250 comp rx=0 tx=0).ready entity=mon.0 client_cookie=0 server_cookie=0 in_seq=0 out_seq=0
2023-12-19T19:05:33.956 INFO:teuthology.orchestra.run.smithi055.stdout:/usr/bin/ceph: stderr
2023-12-19T19:05:27.740+0000 7f82f4ff9700 1 -- 172.21.15.55:0/4140756602 <== mon.0 v2:172.21.15.55:3300/0 1 ==== mon_map magic: 0 v1 ==== 229+0+0 (secure 0 0 0) 0x7f82e80109b0 con 0x7f82f81011c0
2023-12-19T19:05:33.956 INFO:teuthology.orchestra.run.smithi055.stdout:/usr/bin/ceph: stderr
2023-12-19T19:05:27.740+0000 7f82fe6ec700 1 -- 172.21.15.55:0/4140756602 --> [v2:172.21.15.55:3300/0,v1:172.21.15.55:6789/0] -- mon_subscribe({mgrmap=0+}) v3 -- 0x7f82f8105be0 con 0x7f82f81011c0
2023-12-19T19:05:33.956 INFO:teuthology.orchestra.run.smithi055.stdout:/usr/bin/ceph: stderr
2023-12-19T19:05:27.740+0000 7f82f4ff9700 1 -- 172.21.15.55:0/4140756602 <== mon.0 v2:172.21.15.55:3300/0 2 ==== config(26 keys) v1 ==== 1009+0+0 (secure 0 0 0) 0x7f82e8024440 con 0x7f82f81011c0
2023-12-19T19:05:33.957 INFO:teuthology.orchestra.run.smithi055.stdout:/usr/bin/ceph: stderr
2023-12-19T19:05:27.740+0000 7f82f4ff9700 1 -- 172.21.15.55:0/4140756602 <== mon.0 v2:172.21.15.55:3300/0 3 ==== mon_map magic: 0 v1 ==== 229+0+0 (secure 0 0 0) 0x7f82e801a5f0 con 0x7f82f81011c0
2023-12-19T19:05:33.957 INFO:teuthology.orchestra.run.smithi055.stdout:/usr/bin/ceph: stderr
2023-12-19T19:05:27.740+0000 7f82fe6ec700 1 -- 172.21.15.55:0/4140756602 --> [v2:172.21.15.55:3300/0,v1:172.21.15.55:6789/0] -- mon_subscribe({osdmap=0}) v3 -- 0x7f82f8105ff0 con 0x7f82f81011c0
2023-12-19T19:05:33.957 INFO:teuthology.orchestra.run.smithi055.stdout:/usr/bin/ceph: stderr
2023-12-19T19:05:27.741+0000 7f82f4ff9700 1 -- 172.21.15.55:0/4140756602 <== mon.0 v2:172.21.15.55:3300/0 4 ==== mgrmap(e 5) v1 ==== 43281+0+0 (secure 0 0 0) 0x7f82e801a8b0 con 0x7f82f81011c0
2023-12-19T19:05:33.957 INFO:teuthology.orchestra.run.smithi055.stdout:/usr/bin/ceph: stderr
2023-12-19T19:05:27.741+0000 7f82f4ff9700 1 --2- 172.21.15.55:0/4140756602 >> [v2:172.21.15.55:6800/917343204,v1:172.21.15.55:6801/917343204] conn(0x7f82e00365f0 0x7f82e0038aa0 unknown :-1 s=NONE pgs=0 cs=0 l=1 rev1=0 crypto rx=0 tx=0 comp rx=0 tx=0).connect
2023-12-19T19:05:33.957 INFO:teuthology.orchestra.run.smithi055.stdout:/usr/bin/ceph: stderr
2023-12-19T19:05:27.741+0000 7f82f4ff9700 1 -- 172.21.15.55:0/4140756602 --> [v2:172.21.15.55:6800/917343204,v1:172.21.15.55:6801/917343204] -- command(tid 0: {"prefix": "get_command_descriptions"}) v1 -- 0x7f82e00391b0 con 0x7f82e00365f0
2023-12-19T19:05:33.957 INFO:teuthology.orchestra.run.smithi055.stdout:/usr/bin/ceph: stderr
2023-12-19T19:05:27.741+0000 7f82f4ff9700 1 -- 172.21.15.55:0/4140756602 <== mon.0 v2:172.21.15.55:3300/0 5 ==== osd_map(1..1 src has 1..1) v4 ==== 721+0+0 (secure 0 0 0) 0x7f82e804a610 con 0x7f82f81011c0
2023-12-19T19:05:33.957 INFO:teuthology.orchestra.run.smithi055.stdout:/usr/bin/ceph: stderr
2023-12-19T19:05:27.741+0000 7f82f77fe700 1 -- 172.21.15.55:0/4140756602 >> [v2:172.21.15.55:6800/917343204,v1:172.21.15.55:6801/917343204] conn(0x7f82e00365f0 msgr2=0x7f82e0038aa0 unknown :-1 s=STATE_CONNECTING_RE l=1).process reconnect failed to v2:172.21.15.55:6800/917343204
2023-12-19T19:05:33.957 INFO:teuthology.orchestra.run.smithi055.stdout:/usr/bin/ceph: stderr
2023-12-19T19:05:27.741+0000 7f82f77fe700 1 --2- 172.21.15.55:0/4140756602 >> [v2:172.21.15.55:6800/917343204,v1:172.21.15.55:6801/917343204] conn(0x7f82e00365f0 0x7f82e0038aa0 unknown :-1 s=START_CONNECT pgs=0 cs=0 l=1 rev1=0 crypto rx=0 tx=0 comp rx=0 tx=0)._fault waiting 0.200000
2023-12-19T19:05:33.957 INFO:teuthology.orchestra.run.smithi055.stdout:/usr/bin/ceph: stderr
2023-12-19T19:05:27.942+0000 7f82f77fe700 1 -- 172.21.15.55:0/4140756602 >> [v2:172.21.15.55:6800/917343204,v1:172.21.15.55:6801/917343204] conn(0x7f82e00365f0 msgr2=0x7f82e0038aa0 unknown :-1 s=STATE_CONNECTING_RE l=1).process reconnect failed to v2:172.21.15.55:6800/917343204
2023-12-19T19:05:33.957 INFO:teuthology.orchestra.run.smithi055.stdout:/usr/bin/ceph: stderr
2023-12-19T19:05:27.942+0000 7f82f77fe700 1 --2- 172.21.15.55:0/4140756602 >> [v2:172.21.15.55:6800/917343204,v1:172.21.15.55:6801/917343204] conn(0x7f82e00365f0 0x7f82e0038aa0 unknown :-1 s=START_CONNECT pgs=0 cs=0 l=1 rev1=0 crypto rx=0 tx=0 comp rx=0 tx=0)._fault waiting 0.400000
2023-12-19T19:05:33.957 INFO:teuthology.orchestra.run.smithi055.stdout:/usr/bin/ceph: stderr
2023-12-19T19:05:28.343+0000 7f82f77fe700 1 -- 172.21.15.55:0/4140756602 >> [v2:172.21.15.55:6800/917343204,v1:172.21.15.55:6801/917343204] conn(0x7f82e00365f0 msgr2=0x7f82e0038aa0 unknown :-1 s=STATE_CONNECTING_RE l=1).process reconnect failed to v2:172.21.15.55:6800/917343204
2023-12-19T19:05:33.957 INFO:teuthology.orchestra.run.smithi055.stdout:/usr/bin/ceph: stderr
2023-12-19T19:05:28.343+0000 7f82f77fe700 1 --2- 172.21.15.55:0/4140756602 >> [v2:172.21.15.55:6800/917343204,v1:172.21.15.55:6801/917343204] conn(0x7f82e00365f0 0x7f82e0038aa0 unknown :-1 s=START_CONNECT pgs=0 cs=0 l=1 rev1=0 crypto rx=0 tx=0 comp rx=0 tx=0)._fault waiting 0.800000
2023-12-19T19:05:33.957 INFO:teuthology.orchestra.run.smithi055.stdout:/usr/bin/ceph: stderr
2023-12-19T19:05:29.144+0000 7f82f77fe700 1 -- 172.21.15.55:0/4140756602 >> [v2:172.21.15.55:6800/917343204,v1:172.21.15.55:6801/917343204] conn(0x7f82e00365f0 msgr2=0x7f82e0038aa0 unknown :-1 s=STATE_CONNECTING_RE l=1).process reconnect failed to v2:172.21.15.55:6800/917343204
2023-12-19T19:05:33.957 INFO:teuthology.orchestra.run.smithi055.stdout:/usr/bin/ceph: stderr
2023-12-19T19:05:29.144+0000 7f82f77fe700 1 --2- 172.21.15.55:0/4140756602 >> [v2:172.21.15.55:6800/917343204,v1:172.21.15.55:6801/917343204] conn(0x7f82e00365f0 0x7f82e0038aa0 unknown :-1 s=START_CONNECT pgs=0 cs=0 l=1 rev1=0 crypto rx=0 tx=0 comp rx=0 tx=0)._fault waiting 1.600000
2023-12-19T19:05:33.958 INFO:teuthology.orchestra.run.smithi055.stdout:/usr/bin/ceph: stderr
2023-12-19T19:05:30.745+0000 7f82f77fe700 1 -- 172.21.15.55:0/4140756602 >> [v2:172.21.15.55:6800/917343204,v1:172.21.15.55:6801/917343204] conn(0x7f82e00365f0 msgr2=0x7f82e0038aa0 unknown :-1 s=STATE_CONNECTING_RE l=1).process reconnect failed to v2:172.21.15.55:6800/917343204
2023-12-19T19:05:33.958 INFO:teuthology.orchestra.run.smithi055.stdout:/usr/bin/ceph: stderr
2023-12-19T19:05:30.745+0000 7f82f77fe700 1 --2- 172.21.15.55:0/4140756602 >> [v2:172.21.15.55:6800/917343204,v1:172.21.15.55:6801/917343204] conn(0x7f82e00365f0 0x7f82e0038aa0 unknown :-1 s=START_CONNECT pgs=0 cs=0 l=1 rev1=0 crypto rx=0 tx=0 comp rx=0 tx=0)._fault waiting 3.200000
2023-12-19T19:05:33.958 INFO:teuthology.orchestra.run.smithi055.stdout:/usr/bin/ceph: stderr
2023-12-19T19:05:32.361+0000 7f82f4ff9700 1 -- 172.21.15.55:0/4140756602 <== mon.0 v2:172.21.15.55:3300/0 6 ==== mgrmap(e 6) v1 ==== 43048+0+0 (secure 0 0 0) 0x7f82e800fdc0 con 0x7f82f81011c0
2023-12-19T19:05:33.958 INFO:teuthology.orchestra.run.smithi055.stdout:/usr/bin/ceph: stderr
2023-12-19T19:05:32.361+0000 7f82f4ff9700 1 -- 172.21.15.55:0/4140756602 >> [v2:172.21.15.55:6800/917343204,v1:172.21.15.55:6801/917343204] conn(0x7f82e00365f0 msgr2=0x7f82e0038aa0 unknown :-1 s=STATE_CONNECTING l=1).mark_down
2023-12-19T19:05:33.958 INFO:teuthology.orchestra.run.smithi055.stdout:/usr/bin/ceph: stderr
2023-12-19T19:05:32.361+0000 7f82f4ff9700 1 --2- 172.21.15.55:0/4140756602 >> [v2:172.21.15.55:6800/917343204,v1:172.21.15.55:6801/917343204] conn(0x7f82e00365f0 0x7f82e0038aa0 unknown :-1 s=START_CONNECT pgs=0 cs=0 l=1 rev1=0 crypto rx=0 tx=0 comp rx=0 tx=0).stop
2023-12-19T19:05:33.958 INFO:teuthology.orchestra.run.smithi055.stdout:/usr/bin/ceph: stderr
2023-12-19T19:05:33.363+0000 7f82f4ff9700 1 -- 172.21.15.55:0/4140756602 <== mon.0 v2:172.21.15.55:3300/0 7 ==== mgrmap(e 7) v1 ==== 43175+0+0 (secure 0 0 0) 0x7f82e803aa40 con 0x7f82f81011c0
2023-12-19T19:05:33.958 INFO:teuthology.orchestra.run.smithi055.stdout:/usr/bin/ceph: stderr
2023-12-19T19:05:33.363+0000 7f82f4ff9700 1 --2- 172.21.15.55:0/4140756602 >> [v2:172.21.15.55:6800/2922737294,v1:172.21.15.55:6801/2922737294] conn(0x7f82e0039f60 0x7f82e003c340 unknown :-1 s=NONE pgs=0 cs=0 l=1 rev1=0 crypto rx=0 tx=0 comp rx=0 tx=0).connect
2023-12-19T19:05:33.958 INFO:teuthology.orchestra.run.smithi055.stdout:/usr/bin/ceph: stderr
2023-12-19T19:05:33.363+0000 7f82f4ff9700 1 -- 172.21.15.55:0/4140756602 --> [v2:172.21.15.55:6800/2922737294,v1:172.21.15.55:6801/2922737294] -- command(tid 0: {"prefix": "get_command_descriptions"}) v1 -- 0x7f82e00391b0 con 0x7f82e0039f60
2023-12-19T19:05:33.958 INFO:teuthology.orchestra.run.smithi055.stdout:/usr/bin/ceph: stderr
2023-12-19T19:05:33.364+0000 7f82f77fe700 1 --2- 172.21.15.55:0/4140756602 >> [v2:172.21.15.55:6800/2922737294,v1:172.21.15.55:6801/2922737294] conn(0x7f82e0039f60 0x7f82e003c340 unknown :-1 s=BANNER_CONNECTING pgs=0 cs=0 l=1 rev1=0 crypto rx=0 tx=0 comp rx=0 tx=0)._handle_peer_banner_payload supported=3 required=0
2023-12-19T19:05:33.958 INFO:teuthology.orchestra.run.smithi055.stdout:/usr/bin/ceph: stderr
2023-12-19T19:05:33.365+0000 7f82f77fe700 1 --2- 172.21.15.55:0/4140756602 >> [v2:172.21.15.55:6800/2922737294,v1:172.21.15.55:6801/2922737294] conn(0x7f82e0039f60 0x7f82e003c340 secure :-1 s=READY pgs=2 cs=0 l=1 rev1=1 crypto rx=0x7f82ec0039d0 tx=0x7f82ec009350 comp rx=0 tx=0).ready entity=mgr.14120 client_cookie=0 server_cookie=0 in_seq=0 out_seq=0
2023-12-19T19:05:33.958 INFO:teuthology.orchestra.run.smithi055.stdout:/usr/bin/ceph: stderr
2023-12-19T19:05:33.365+0000 7f82f4ff9700 1 -- 172.21.15.55:0/4140756602 <== mgr.14120 v2:172.21.15.55:6800/2922737294 1 ==== command_reply(tid 0: 0 ) v1 ==== 8+0+6549 (secure 0 0 0) 0x7f82e00391b0 con 0x7f82e0039f60
2023-12-19T19:05:33.958 INFO:teuthology.orchestra.run.smithi055.stdout:/usr/bin/ceph: stderr
2023-12-19T19:05:33.372+0000 7f82fe6ec700 1 -- 172.21.15.55:0/4140756602 --> [v2:172.21.15.55:6800/2922737294,v1:172.21.15.55:6801/2922737294] -- command(tid 1: {"prefix": "mgr_status"}) v1 -- 0x7f82f805f270 con 0x7f82e0039f60
2023-12-19T19:05:33.958 INFO:teuthology.orchestra.run.smithi055.stdout:/usr/bin/ceph: stderr
2023-12-19T19:05:33.372+0000 7f82f4ff9700 1 -- 172.21.15.55:0/4140756602 <== mgr.14120 v2:172.21.15.55:6800/2922737294 2 ==== command_reply(tid 1: 0 ) v1 ==== 8+0+51 (secure 0 0 0) 0x7f82f805f270 con 0x7f82e0039f60
2023-12-19T19:05:33.958 INFO:teuthology.orchestra.run.smithi055.stdout:/usr/bin/ceph: stderr
2023-12-19T19:05:33.372+0000 7f82fe6ec700 1 -- 172.21.15.55:0/4140756602 >> [v2:172.21.15.55:6800/2922737294,v1:172.21.15.55:6801/2922737294] conn(0x7f82e0039f60 msgr2=0x7f82e003c340 secure :-1 s=STATE_CONNECTION_ESTABLISHED l=1).mark_down
2023-12-19T19:05:33.958 INFO:teuthology.orchestra.run.smithi055.stdout:/usr/bin/ceph: stderr
2023-12-19T19:05:33.372+0000 7f82fe6ec700 1 --2- 172.21.15.55:0/4140756602 >> [v2:172.21.15.55:6800/2922737294,v1:172.21.15.55:6801/2922737294] conn(0x7f82e0039f60 0x7f82e003c340 secure :-1 s=READY pgs=2 cs=0 l=1 rev1=1 crypto rx=0x7f82ec0039d0 tx=0x7f82ec009350 comp rx=0 tx=0).stop
2023-12-19T19:05:33.959 INFO:teuthology.orchestra.run.smithi055.stdout:/usr/bin/ceph: stderr
2023-12-19T19:05:33.372+0000 7f82fe6ec700 1 -- 172.21.15.55:0/4140756602 >> [v2:172.21.15.55:3300/0,v1:172.21.15.55:6789/0] conn(0x7f82f81011c0 msgr2=0x7f82f8107560 secure :-1 s=STATE_CONNECTION_ESTABLISHED l=1).mark_down
2023-12-19T19:05:33.959 INFO:teuthology.orchestra.run.smithi055.stdout:/usr/bin/ceph: stderr
2023-12-19T19:05:33.372+0000 7f82fe6ec700 1 --2- 172.21.15.55:0/4140756602 >> [v2:172.21.15.55:3300/0,v1:172.21.15.55:6789/0] conn(0x7f82f81011c0 0x7f82f8107560 secure :-1 s=READY pgs=29 cs=0 l=1 rev1=1 crypto rx=0x7f82e8006b00 tx=0x7f82e8009250 comp rx=0 tx=0).stop
2023-12-19T19:05:33.959 INFO:teuthology.orchestra.run.smithi055.stdout:/usr/bin/ceph: stderr
2023-12-19T19:05:33.373+0000 7f82fe6ec700 1 -- 172.21.15.55:0/4140756602 shutdown_connections
2023-12-19T19:05:33.959 INFO:teuthology.orchestra.run.smithi055.stdout:/usr/bin/ceph: stderr
2023-12-19T19:05:33.373+0000 7f82fe6ec700 1 --2- 172.21.15.55:0/4140756602 >> [v2:172.21.15.55:6800/2922737294,v1:172.21.15.55:6801/2922737294] conn(0x7f82e0039f60 0x7f82e003c340 unknown :-1 s=CLOSED pgs=2 cs=0 l=1 rev1=1 crypto rx=0 tx=0 comp rx=0 tx=0).stop
2023-12-19T19:05:33.959 INFO:teuthology.orchestra.run.smithi055.stdout:/usr/bin/ceph: stderr
2023-12-19T19:05:33.373+0000 7f82fe6ec700 1 --2- 172.21.15.55:0/4140756602 >> [v2:172.21.15.55:3300/0,v1:172.21.15.55:6789/0] conn(0x7f82f81011c0 0x7f82f8107560 unknown :-1 s=CLOSED pgs=29 cs=0 l=1 rev1=1 crypto rx=0 tx=0 comp rx=0 tx=0).stop
2023-12-19T19:05:33.959 INFO:teuthology.orchestra.run.smithi055.stdout:/usr/bin/ceph: stderr
