2023-12-19T19:05:53.299 INFO:teuthology.orchestra.run.smithi055.stdout:/usr/bin/ceph: stderr
2023-12-19T19:05:52.508+0000 7f5e9925d700 1 Processor -- start
2023-12-19T19:05:53.299 INFO:teuthology.orchestra.run.smithi055.stdout:/usr/bin/ceph: stderr
2023-12-19T19:05:52.508+0000 7f5e9925d700 1 -- start start
2023-12-19T19:05:53.299 INFO:teuthology.orchestra.run.smithi055.stdout:/usr/bin/ceph: stderr
2023-12-19T19:05:52.508+0000 7f5e9925d700 1 --2- >> [v2:172.21.15.55:3300/0,v1:172.21.15.55:6789/0] conn(0x7f5e94076c20 0x7f5e94104ee0 unknown :-1 s=NONE pgs=0 cs=0 l=0 rev1=0 crypto rx=0 tx=0 comp rx=0 tx=0).connect
2023-12-19T19:05:53.299 INFO:teuthology.orchestra.run.smithi055.stdout:/usr/bin/ceph: stderr
2023-12-19T19:05:52.508+0000 7f5e9925d700 1 -- --> [v2:172.21.15.55:3300/0,v1:172.21.15.55:6789/0] -- mon_getmap magic: 0 v1 -- 0x7f5e94105420 con 0x7f5e94076c20
2023-12-19T19:05:53.299 INFO:teuthology.orchestra.run.smithi055.stdout:/usr/bin/ceph: stderr
2023-12-19T19:05:52.508+0000 7f5e92d9d700 1 --2- >> [v2:172.21.15.55:3300/0,v1:172.21.15.55:6789/0] conn(0x7f5e94076c20 0x7f5e94104ee0 unknown :-1 s=BANNER_CONNECTING pgs=0 cs=0 l=0 rev1=0 crypto rx=0 tx=0 comp rx=0 tx=0)._handle_peer_banner_payload supported=3 required=0
2023-12-19T19:05:53.299 INFO:teuthology.orchestra.run.smithi055.stdout:/usr/bin/ceph: stderr
2023-12-19T19:05:52.508+0000 7f5e92d9d700 1 --2- >> [v2:172.21.15.55:3300/0,v1:172.21.15.55:6789/0] conn(0x7f5e94076c20 0x7f5e94104ee0 unknown :-1 s=HELLO_CONNECTING pgs=0 cs=0 l=0 rev1=1 crypto rx=0 tx=0 comp rx=0 tx=0).handle_hello peer v2:172.21.15.55:3300/0 says I am v2:172.21.15.55:51428/0 (socket says 172.21.15.55:51428)
2023-12-19T19:05:53.299 INFO:teuthology.orchestra.run.smithi055.stdout:/usr/bin/ceph: stderr
2023-12-19T19:05:52.508+0000 7f5e92d9d700 1 -- 172.21.15.55:0/1298212427 learned_addr learned my addr 172.21.15.55:0/1298212427 (peer_addr_for_me v2:172.21.15.55:0/0)
2023-12-19T19:05:53.299 INFO:teuthology.orchestra.run.smithi055.stdout:/usr/bin/ceph: stderr
2023-12-19T19:05:52.509+0000 7f5e92d9d700 1 -- 172.21.15.55:0/1298212427 --> [v2:172.21.15.55:3300/0,v1:172.21.15.55:6789/0] -- mon_subscribe({config=0+,monmap=0+}) v3 -- 0x7f5e94105560 con 0x7f5e94076c20
2023-12-19T19:05:53.299 INFO:teuthology.orchestra.run.smithi055.stdout:/usr/bin/ceph: stderr
2023-12-19T19:05:52.509+0000 7f5e92d9d700 1 --2- 172.21.15.55:0/1298212427 >> [v2:172.21.15.55:3300/0,v1:172.21.15.55:6789/0] conn(0x7f5e94076c20 0x7f5e94104ee0 secure :-1 s=READY pgs=61 cs=0 l=1 rev1=1 crypto rx=0x7f5e840098e0 tx=0x7f5e84009250 comp rx=0 tx=0).ready entity=mon.0 client_cookie=1ca477aa70c735d1 server_cookie=0 in_seq=0 out_seq=0
2023-12-19T19:05:53.300 INFO:teuthology.orchestra.run.smithi055.stdout:/usr/bin/ceph: stderr
2023-12-19T19:05:52.509+0000 7f5e91d9b700 1 -- 172.21.15.55:0/1298212427 <== mon.0 v2:172.21.15.55:3300/0 1 ==== mon_map magic: 0 v1 ==== 229+0+0 (secure 0 0 0) 0x7f5e8400b860 con 0x7f5e94076c20
2023-12-19T19:05:53.300 INFO:teuthology.orchestra.run.smithi055.stdout:/usr/bin/ceph: stderr
2023-12-19T19:05:52.509+0000 7f5e91d9b700 1 -- 172.21.15.55:0/1298212427 <== mon.0 v2:172.21.15.55:3300/0 2 ==== config(26 keys) v1 ==== 1074+0+0 (secure 0 0 0) 0x7f5e8400be70 con 0x7f5e94076c20
2023-12-19T19:05:53.300 INFO:teuthology.orchestra.run.smithi055.stdout:/usr/bin/ceph: stderr
2023-12-19T19:05:52.509+0000 7f5e91d9b700 1 -- 172.21.15.55:0/1298212427 <== mon.0 v2:172.21.15.55:3300/0 3 ==== mon_map magic: 0 v1 ==== 229+0+0 (secure 0 0 0) 0x7f5e84010380 con 0x7f5e94076c20
2023-12-19T19:05:53.300 INFO:teuthology.orchestra.run.smithi055.stdout:/usr/bin/ceph: stderr
2023-12-19T19:05:52.510+0000 7f5e9925d700 1 -- 172.21.15.55:0/1298212427 >> [v2:172.21.15.55:3300/0,v1:172.21.15.55:6789/0] conn(0x7f5e94076c20 msgr2=0x7f5e94104ee0 secure :-1 s=STATE_CONNECTION_ESTABLISHED l=1).mark_down
2023-12-19T19:05:53.300 INFO:teuthology.orchestra.run.smithi055.stdout:/usr/bin/ceph: stderr
2023-12-19T19:05:52.510+0000 7f5e9925d700 1 --2- 172.21.15.55:0/1298212427 >> [v2:172.21.15.55:3300/0,v1:172.21.15.55:6789/0] conn(0x7f5e94076c20 0x7f5e94104ee0 secure :-1 s=READY pgs=61 cs=0 l=1 rev1=1 crypto rx=0x7f5e840098e0 tx=0x7f5e84009250 comp rx=0 tx=0).stop
2023-12-19T19:05:53.300 INFO:teuthology.orchestra.run.smithi055.stdout:/usr/bin/ceph: stderr
2023-12-19T19:05:52.510+0000 7f5e9925d700 1 -- 172.21.15.55:0/1298212427 shutdown_connections
2023-12-19T19:05:53.300 INFO:teuthology.orchestra.run.smithi055.stdout:/usr/bin/ceph: stderr
2023-12-19T19:05:52.510+0000 7f5e9925d700 1 --2- 172.21.15.55:0/1298212427 >> [v2:172.21.15.55:3300/0,v1:172.21.15.55:6789/0] conn(0x7f5e94076c20 0x7f5e94104ee0 unknown :-1 s=CLOSED pgs=61 cs=0 l=1 rev1=1 crypto rx=0 tx=0 comp rx=0 tx=0).stop
2023-12-19T19:05:53.300 INFO:teuthology.orchestra.run.smithi055.stdout:/usr/bin/ceph: stderr
2023-12-19T19:05:52.510+0000 7f5e9925d700 1 -- 172.21.15.55:0/1298212427 >> 172.21.15.55:0/1298212427 conn(0x7f5e940fc950 msgr2=0x7f5e940fed60 unknown :-1 s=STATE_NONE l=0).mark_down
2023-12-19T19:05:53.300 INFO:teuthology.orchestra.run.smithi055.stdout:/usr/bin/ceph: stderr
2023-12-19T19:05:52.510+0000 7f5e9925d700 1 -- 172.21.15.55:0/1298212427 shutdown_connections
2023-12-19T19:05:53.300 INFO:teuthology.orchestra.run.smithi055.stdout:/usr/bin/ceph: stderr
2023-12-19T19:05:52.510+0000 7f5e9925d700 1 -- 172.21.15.55:0/1298212427 wait complete.
2023-12-19T19:05:53.300 INFO:teuthology.orchestra.run.smithi055.stdout:/usr/bin/ceph: stderr
2023-12-19T19:05:52.510+0000 7f5e9925d700 1 Processor -- start
2023-12-19T19:05:53.300 INFO:teuthology.orchestra.run.smithi055.stdout:/usr/bin/ceph: stderr
2023-12-19T19:05:52.511+0000 7f5e9925d700 1 -- start start
2023-12-19T19:05:53.300 INFO:teuthology.orchestra.run.smithi055.stdout:/usr/bin/ceph: stderr
2023-12-19T19:05:52.511+0000 7f5e9925d700 1 --2- >> [v2:172.21.15.55:3300/0,v1:172.21.15.55:6789/0] conn(0x7f5e94076c20 0x7f5e941111c0 unknown :-1 s=NONE pgs=0 cs=0 l=1 rev1=0 crypto rx=0 tx=0 comp rx=0 tx=0).connect
2023-12-19T19:05:53.300 INFO:teuthology.orchestra.run.smithi055.stdout:/usr/bin/ceph: stderr
2023-12-19T19:05:52.511+0000 7f5e9925d700 1 -- --> [v2:172.21.15.55:3300/0,v1:172.21.15.55:6789/0] -- mon_getmap magic: 0 v1 -- 0x7f5e94111700 con 0x7f5e94076c20
2023-12-19T19:05:53.301 INFO:teuthology.orchestra.run.smithi055.stdout:/usr/bin/ceph: stderr
2023-12-19T19:05:52.511+0000 7f5e92d9d700 1 --2- >> [v2:172.21.15.55:3300/0,v1:172.21.15.55:6789/0] conn(0x7f5e94076c20 0x7f5e941111c0 unknown :-1 s=BANNER_CONNECTING pgs=0 cs=0 l=1 rev1=0 crypto rx=0 tx=0 comp rx=0 tx=0)._handle_peer_banner_payload supported=3 required=0
2023-12-19T19:05:53.301 INFO:teuthology.orchestra.run.smithi055.stdout:/usr/bin/ceph: stderr
2023-12-19T19:05:52.511+0000 7f5e92d9d700 1 --2- >> [v2:172.21.15.55:3300/0,v1:172.21.15.55:6789/0] conn(0x7f5e94076c20 0x7f5e941111c0 unknown :-1 s=HELLO_CONNECTING pgs=0 cs=0 l=1 rev1=1 crypto rx=0 tx=0 comp rx=0 tx=0).handle_hello peer v2:172.21.15.55:3300/0 says I am v2:172.21.15.55:51436/0 (socket says 172.21.15.55:51436)
2023-12-19T19:05:53.301 INFO:teuthology.orchestra.run.smithi055.stdout:/usr/bin/ceph: stderr
2023-12-19T19:05:52.511+0000 7f5e92d9d700 1 -- 172.21.15.55:0/3441249231 learned_addr learned my addr 172.21.15.55:0/3441249231 (peer_addr_for_me v2:172.21.15.55:0/0)
2023-12-19T19:05:53.301 INFO:teuthology.orchestra.run.smithi055.stdout:/usr/bin/ceph: stderr
2023-12-19T19:05:52.511+0000 7f5e92d9d700 1 -- 172.21.15.55:0/3441249231 --> [v2:172.21.15.55:3300/0,v1:172.21.15.55:6789/0] -- mon_subscribe({config=0+,monmap=0+}) v3 -- 0x7f5e840094f0 con 0x7f5e94076c20
2023-12-19T19:05:53.301 INFO:teuthology.orchestra.run.smithi055.stdout:/usr/bin/ceph: stderr
2023-12-19T19:05:52.511+0000 7f5e92d9d700 1 --2- 172.21.15.55:0/3441249231 >> [v2:172.21.15.55:3300/0,v1:172.21.15.55:6789/0] conn(0x7f5e94076c20 0x7f5e941111c0 secure :-1 s=READY pgs=62 cs=0 l=1 rev1=1 crypto rx=0x7f5e840094c0 tx=0x7f5e84009250 comp rx=0 tx=0).ready entity=mon.0 client_cookie=0 server_cookie=0 in_seq=0 out_seq=0
2023-12-19T19:05:53.301 INFO:teuthology.orchestra.run.smithi055.stdout:/usr/bin/ceph: stderr
2023-12-19T19:05:52.511+0000 7f5e7b7fe700 1 -- 172.21.15.55:0/3441249231 <== mon.0 v2:172.21.15.55:3300/0 1 ==== mon_map magic: 0 v1 ==== 229+0+0 (secure 0 0 0) 0x7f5e84010850 con 0x7f5e94076c20
2023-12-19T19:05:53.301 INFO:teuthology.orchestra.run.smithi055.stdout:/usr/bin/ceph: stderr
2023-12-19T19:05:52.511+0000 7f5e7b7fe700 1 -- 172.21.15.55:0/3441249231 <== mon.0 v2:172.21.15.55:3300/0 2 ==== config(26 keys) v1 ==== 1074+0+0 (secure 0 0 0) 0x7f5e84010e60 con 0x7f5e94076c20
2023-12-19T19:05:53.301 INFO:teuthology.orchestra.run.smithi055.stdout:/usr/bin/ceph: stderr
2023-12-19T19:05:52.511+0000 7f5e9925d700 1 -- 172.21.15.55:0/3441249231 --> [v2:172.21.15.55:3300/0,v1:172.21.15.55:6789/0] -- mon_subscribe({mgrmap=0+}) v3 -- 0x7f5e94111900 con 0x7f5e94076c20
2023-12-19T19:05:53.301 INFO:teuthology.orchestra.run.smithi055.stdout:/usr/bin/ceph: stderr
2023-12-19T19:05:52.512+0000 7f5e7b7fe700 1 -- 172.21.15.55:0/3441249231 <== mon.0 v2:172.21.15.55:3300/0 3 ==== mon_map magic: 0 v1 ==== 229+0+0 (secure 0 0 0) 0x7f5e8401a430 con 0x7f5e94076c20
2023-12-19T19:05:53.301 INFO:teuthology.orchestra.run.smithi055.stdout:/usr/bin/ceph: stderr
2023-12-19T19:05:52.512+0000 7f5e9925d700 1 -- 172.21.15.55:0/3441249231 --> [v2:172.21.15.55:3300/0,v1:172.21.15.55:6789/0] -- mon_subscribe({osdmap=0}) v3 -- 0x7f5e94111d10 con 0x7f5e94076c20
2023-12-19T19:05:53.301 INFO:teuthology.orchestra.run.smithi055.stdout:/usr/bin/ceph: stderr
2023-12-19T19:05:52.512+0000 7f5e7b7fe700 1 -- 172.21.15.55:0/3441249231 <== mon.0 v2:172.21.15.55:3300/0 4 ==== mgrmap(e 8) v1 ==== 43281+0+0 (secure 0 0 0) 0x7f5e8401a660 con 0x7f5e94076c20
2023-12-19T19:05:53.301 INFO:teuthology.orchestra.run.smithi055.stdout:/usr/bin/ceph: stderr
2023-12-19T19:05:52.512+0000 7f5e9925d700 1 -- 172.21.15.55:0/3441249231 --> [v2:172.21.15.55:3300/0,v1:172.21.15.55:6789/0] -- mon_command({"prefix": "get_command_descriptions"} v 0) v1 -- 0x7f5e9404bb80 con 0x7f5e94076c20
2023-12-19T19:05:53.301 INFO:teuthology.orchestra.run.smithi055.stdout:/usr/bin/ceph: stderr
2023-12-19T19:05:52.513+0000 7f5e7b7fe700 1 --2- 172.21.15.55:0/3441249231 >> [v2:172.21.15.55:6800/2922737294,v1:172.21.15.55:6801/2922737294] conn(0x7f5e7c036640 0x7f5e7c038af0 unknown :-1 s=NONE pgs=0 cs=0 l=1 rev1=0 crypto rx=0 tx=0 comp rx=0 tx=0).connect
2023-12-19T19:05:53.301 INFO:teuthology.orchestra.run.smithi055.stdout:/usr/bin/ceph: stderr
2023-12-19T19:05:52.513+0000 7f5e7b7fe700 1 -- 172.21.15.55:0/3441249231 <== mon.0 v2:172.21.15.55:3300/0 5 ==== osd_map(2..2 src has 1..2) v4 ==== 936+0+0 (secure 0 0 0) 0x7f5e8404a4c0 con 0x7f5e94076c20
2023-12-19T19:05:53.302 INFO:teuthology.orchestra.run.smithi055.stdout:/usr/bin/ceph: stderr
2023-12-19T19:05:52.513+0000 7f5e9259c700 1 --2- 172.21.15.55:0/3441249231 >> [v2:172.21.15.55:6800/2922737294,v1:172.21.15.55:6801/2922737294] conn(0x7f5e7c036640 0x7f5e7c038af0 unknown :-1 s=BANNER_CONNECTING pgs=0 cs=0 l=1 rev1=0 crypto rx=0 tx=0 comp rx=0 tx=0)._handle_peer_banner_payload supported=3 required=0
2023-12-19T19:05:53.302 INFO:teuthology.orchestra.run.smithi055.stdout:/usr/bin/ceph: stderr
2023-12-19T19:05:52.513+0000 7f5e9259c700 1 --2- 172.21.15.55:0/3441249231 >> [v2:172.21.15.55:6800/2922737294,v1:172.21.15.55:6801/2922737294] conn(0x7f5e7c036640 0x7f5e7c038af0 secure :-1 s=READY pgs=19 cs=0 l=1 rev1=1 crypto rx=0x7f5e88009990 tx=0x7f5e88006e40 comp rx=0 tx=0).ready entity=mgr.14120 client_cookie=0 server_cookie=0 in_seq=0 out_seq=0
2023-12-19T19:05:53.302 INFO:teuthology.orchestra.run.smithi055.stdout:/usr/bin/ceph: stderr
2023-12-19T19:05:52.517+0000 7f5e7b7fe700 1 -- 172.21.15.55:0/3441249231 <== mon.0 v2:172.21.15.55:3300/0 6 ==== mon_command_ack([{"prefix": "get_command_descriptions"}]=0 v0) v1 ==== 72+0+174570 (secure 0 0 0) 0x7f5e84023580 con 0x7f5e94076c20
2023-12-19T19:05:53.302 INFO:teuthology.orchestra.run.smithi055.stdout:/usr/bin/ceph: stderr
2023-12-19T19:05:52.713+0000 7f5e9925d700 1 -- 172.21.15.55:0/3441249231 --> [v2:172.21.15.55:3300/0,v1:172.21.15.55:6789/0] -- mon_command([{prefix=config set, name=mgr/cephadm/container_init}] v 0) v1 -- 0x7f5e941062e0 con 0x7f5e94076c20
2023-12-19T19:05:53.302 INFO:teuthology.orchestra.run.smithi055.stdout:/usr/bin/ceph: stderr
2023-12-19T19:05:52.720+0000 7f5e7b7fe700 1 -- 172.21.15.55:0/3441249231 <== mon.0 v2:172.21.15.55:3300/0 7 ==== mon_command_ack([{prefix=config set, name=mgr/cephadm/container_init}]=0 v7)=0 v7) v1 ==== 142+0+0 (secure 0 0 0) 0x7f5e840233a0 con 0x7f5e94076c20
2023-12-19T19:05:53.302 INFO:teuthology.orchestra.run.smithi055.stdout:/usr/bin/ceph: stderr
2023-12-19T19:05:52.723+0000 7f5e9925d700 1 -- 172.21.15.55:0/3441249231 >> [v2:172.21.15.55:6800/2922737294,v1:172.21.15.55:6801/2922737294] conn(0x7f5e7c036640 msgr2=0x7f5e7c038af0 secure :-1 s=STATE_CONNECTION_ESTABLISHED l=1).mark_down
2023-12-19T19:05:53.302 INFO:teuthology.orchestra.run.smithi055.stdout:/usr/bin/ceph: stderr
2023-12-19T19:05:52.723+0000 7f5e9925d700 1 --2- 172.21.15.55:0/3441249231 >> [v2:172.21.15.55:6800/2922737294,v1:172.21.15.55:6801/2922737294] conn(0x7f5e7c036640 0x7f5e7c038af0 secure :-1 s=READY pgs=19 cs=0 l=1 rev1=1 crypto rx=0x7f5e88009990 tx=0x7f5e88006e40 comp rx=0 tx=0).stop
2023-12-19T19:05:53.302 INFO:teuthology.orchestra.run.smithi055.stdout:/usr/bin/ceph: stderr
2023-12-19T19:05:52.723+0000 7f5e9925d700 1 -- 172.21.15.55:0/3441249231 >> [v2:172.21.15.55:3300/0,v1:172.21.15.55:6789/0] conn(0x7f5e94076c20 msgr2=0x7f5e941111c0 secure :-1 s=STATE_CONNECTION_ESTABLISHED l=1).mark_down
2023-12-19T19:05:53.302 INFO:teuthology.orchestra.run.smithi055.stdout:/usr/bin/ceph: stderr
2023-12-19T19:05:52.723+0000 7f5e9925d700 1 --2- 172.21.15.55:0/3441249231 >> [v2:172.21.15.55:3300/0,v1:172.21.15.55:6789/0] conn(0x7f5e94076c20 0x7f5e941111c0 secure :-1 s=READY pgs=62 cs=0 l=1 rev1=1 crypto rx=0x7f5e840094c0 tx=0x7f5e84009250 comp rx=0 tx=0).stop
2023-12-19T19:05:53.302 INFO:teuthology.orchestra.run.smithi055.stdout:/usr/bin/ceph: stderr
2023-12-19T19:05:52.723+0000 7f5e9925d700 1 -- 172.21.15.55:0/3441249231 shutdown_connections
2023-12-19T19:05:53.302 INFO:teuthology.orchestra.run.smithi055.stdout:/usr/bin/ceph: stderr
2023-12-19T19:05:52.723+0000 7f5e9925d700 1 --2- 172.21.15.55:0/3441249231 >> [v2:172.21.15.55:6800/2922737294,v1:172.21.15.55:6801/2922737294] conn(0x7f5e7c036640 0x7f5e7c038af0 unknown :-1 s=CLOSED pgs=19 cs=0 l=1 rev1=1 crypto rx=0 tx=0 comp rx=0 tx=0).stop
2023-12-19T19:05:53.302 INFO:teuthology.orchestra.run.smithi055.stdout:/usr/bin/ceph: stderr
2023-12-19T19:05:52.723+0000 7f5e9925d700 1 --2- 172.21.15.55:0/3441249231 >> [v2:172.21.15.55:3300/0,v1:172.21.15.55:6789/0] conn(0x7f5e94076c20 0x7f5e941111c0 unknown :-1 s=CLOSED pgs=62 cs=0 l=1 rev1=1 crypto rx=0 tx=0 comp rx=0 tx=0).stop
2023-12-19T19:05:53.302 INFO:teuthology.orchestra.run.smithi055.stdout:/usr/bin/ceph: stderr
2023-12-19T19:05:52.723+0000 7f5e9925d700 1 -- 172.21.15.55:0/3441249231 >> 172.21.15.55:0/3441249231 conn(0x7f5e940fc950 msgr2=0x7f5e940fed30 unknown :-1 s=STATE_NONE l=0).mark_down
2023-12-19T19:05:53.302 INFO:teuthology.orchestra.run.smithi055.stdout:/usr/bin/ceph: stderr
2023-12-19T19:05:52.723+0000 7f5e9925d700 1 -- 172.21.15.55:0/3441249231 shutdown_connections
2023-12-19T19:05:53.302 INFO:teuthology.orchestra.run.smithi055.stdout:/usr/bin/ceph: stderr
2023-12-19T19:05:52.723+0000 7f5e9925d700 1 -- 172.21.15.55:0/3441249231 wait complete.
2023-12-19T19:05:53.890 INFO:journalctl@ceph.mon.smithi055.smithi055.stdout:Dec 19 19:05:53 smithi055 ceph-mon[80978]: from='client.? 172.21.15.55:0/3441249231' entity='client.admin'
2023-12-19T19:05:54.506 INFO:teuthology.orchestra.run.smithi055.stdout:/usr/bin/ceph: stderr
2023-12-19T19:05:53.684+0000 7f2543bd4700 1 Processor -- start
2023-12-19T19:05:54.507 INFO:teuthology.orchestra.run.smithi055.stdout:/usr/bin/ceph: stderr
2023-12-19T19:05:53.684+0000 7f2543bd4700 1 -- start start
2023-12-19T19:05:54.507 INFO:teuthology.orchestra.run.smithi055.stdout:/usr/bin/ceph: stderr
2023-12-19T19:05:53.684+0000 7f2543bd4700 1 --2- >> [v2:172.21.15.55:3300/0,v1:172.21.15.55:6789/0] conn(0x7f253c1039c0 0x7f253c103dd0 unknown :-1 s=NONE pgs=0 cs=0 l=0 rev1=0 crypto rx=0 tx=0 comp rx=0 tx=0).connect
2023-12-19T19:05:54.507 INFO:teuthology.orchestra.run.smithi055.stdout:/usr/bin/ceph: stderr
2023-12-19T19:05:53.684+0000 7f2543bd4700 1 -- --> [v2:172.21.15.55:3300/0,v1:172.21.15.55:6789/0] -- mon_getmap magic: 0 v1 -- 0x7f253c104310 con 0x7f253c1039c0
2023-12-19T19:05:54.507 INFO:teuthology.orchestra.run.smithi055.stdout:/usr/bin/ceph: stderr
2023-12-19T19:05:53.684+0000 7f2541970700 1 --2- >> [v2:172.21.15.55:3300/0,v1:172.21.15.55:6789/0] conn(0x7f253c1039c0 0x7f253c103dd0 unknown :-1 s=BANNER_CONNECTING pgs=0 cs=0 l=0 rev1=0 crypto rx=0 tx=0 comp rx=0 tx=0)._handle_peer_banner_payload supported=3 required=0
2023-12-19T19:05:54.507 INFO:teuthology.orchestra.run.smithi055.stdout:/usr/bin/ceph: stderr
2023-12-19T19:05:53.684+0000 7f2541970700 1 --2- >> [v2:172.21.15.55:3300/0,v1:172.21.15.55:6789/0] conn(0x7f253c1039c0 0x7f253c103dd0 unknown :-1 s=HELLO_CONNECTING pgs=0 cs=0 l=0 rev1=1 crypto rx=0 tx=0 comp rx=0 tx=0).handle_hello peer v2:172.21.15.55:3300/0 says I am v2:172.21.15.55:51450/0 (socket says 172.21.15.55:51450)
2023-12-19T19:05:54.507 INFO:teuthology.orchestra.run.smithi055.stdout:/usr/bin/ceph: stderr
2023-12-19T19:05:53.684+0000 7f2541970700 1 -- 172.21.15.55:0/2532938688 learned_addr learned my addr 172.21.15.55:0/2532938688 (peer_addr_for_me v2:172.21.15.55:0/0)
2023-12-19T19:05:54.507 INFO:teuthology.orchestra.run.smithi055.stdout:/usr/bin/ceph: stderr
2023-12-19T19:05:53.685+0000 7f2541970700 1 -- 172.21.15.55:0/2532938688 --> [v2:172.21.15.55:3300/0,v1:172.21.15.55:6789/0] -- mon_subscribe({config=0+,monmap=0+}) v3 -- 0x7f253c101fb0 con 0x7f253c1039c0
2023-12-19T19:05:54.507 INFO:teuthology.orchestra.run.smithi055.stdout:/usr/bin/ceph: stderr
2023-12-19T19:05:53.685+0000 7f2541970700 1 --2- 172.21.15.55:0/2532938688 >> [v2:172.21.15.55:3300/0,v1:172.21.15.55:6789/0] conn(0x7f253c1039c0 0x7f253c103dd0 secure :-1 s=READY pgs=63 cs=0 l=1 rev1=1 crypto rx=0x7f25380098e0 tx=0x7f2538009250 comp rx=0 tx=0).ready entity=mon.0 client_cookie=493264f2723a9747 server_cookie=0 in_seq=0 out_seq=0
2023-12-19T19:05:54.507 INFO:teuthology.orchestra.run.smithi055.stdout:/usr/bin/ceph: stderr
2023-12-19T19:05:53.685+0000 7f254096e700 1 -- 172.21.15.55:0/2532938688 <== mon.0 v2:172.21.15.55:3300/0 1 ==== mon_map magic: 0 v1 ==== 229+0+0 (secure 0 0 0) 0x7f253800b860 con 0x7f253c1039c0
2023-12-19T19:05:54.507 INFO:teuthology.orchestra.run.smithi055.stdout:/usr/bin/ceph: stderr
2023-12-19T19:05:53.685+0000 7f254096e700 1 -- 172.21.15.55:0/2532938688 <== mon.0 v2:172.21.15.55:3300/0 2 ==== config(26 keys) v1 ==== 1074+0+0 (secure 0 0 0) 0x7f253800be70 con 0x7f253c1039c0
2023-12-19T19:05:54.507 INFO:teuthology.orchestra.run.smithi055.stdout:/usr/bin/ceph: stderr
2023-12-19T19:05:53.685+0000 7f254096e700 1 -- 172.21.15.55:0/2532938688 <== mon.0 v2:172.21.15.55:3300/0 3 ==== mon_map magic: 0 v1 ==== 229+0+0 (secure 0 0 0) 0x7f2538010380 con 0x7f253c1039c0
2023-12-19T19:05:54.507 INFO:teuthology.orchestra.run.smithi055.stdout:/usr/bin/ceph: stderr
2023-12-19T19:05:53.686+0000 7f2543bd4700 1 -- 172.21.15.55:0/2532938688 >> [v2:172.21.15.55:3300/0,v1:172.21.15.55:6789/0] conn(0x7f253c1039c0 msgr2=0x7f253c103dd0 secure :-1 s=STATE_CONNECTION_ESTABLISHED l=1).mark_down
2023-12-19T19:05:54.507 INFO:teuthology.orchestra.run.smithi055.stdout:/usr/bin/ceph: stderr
2023-12-19T19:05:53.686+0000 7f2543bd4700 1 --2- 172.21.15.55:0/2532938688 >> [v2:172.21.15.55:3300/0,v1:172.21.15.55:6789/0] conn(0x7f253c1039c0 0x7f253c103dd0 secure :-1 s=READY pgs=63 cs=0 l=1 rev1=1 crypto rx=0x7f25380098e0 tx=0x7f2538009250 comp rx=0 tx=0).stop
2023-12-19T19:05:54.507 INFO:teuthology.orchestra.run.smithi055.stdout:/usr/bin/ceph: stderr
2023-12-19T19:05:53.686+0000 7f2543bd4700 1 -- 172.21.15.55:0/2532938688 shutdown_connections
2023-12-19T19:05:54.508 INFO:teuthology.orchestra.run.smithi055.stdout:/usr/bin/ceph: stderr
2023-12-19T19:05:53.686+0000 7f2543bd4700 1 --2- 172.21.15.55:0/2532938688 >> [v2:172.21.15.55:3300/0,v1:172.21.15.55:6789/0] conn(0x7f253c1039c0 0x7f253c103dd0 unknown :-1 s=CLOSED pgs=63 cs=0 l=1 rev1=1 crypto rx=0 tx=0 comp rx=0 tx=0).stop
2023-12-19T19:05:54.508 INFO:teuthology.orchestra.run.smithi055.stdout:/usr/bin/ceph: stderr
2023-12-19T19:05:53.686+0000 7f2543bd4700 1 -- 172.21.15.55:0/2532938688 >> 172.21.15.55:0/2532938688 conn(0x7f253c0fda40 msgr2=0x7f253c0ffe70 unknown :-1 s=STATE_NONE l=0).mark_down
2023-12-19T19:05:54.508 INFO:teuthology.orchestra.run.smithi055.stdout:/usr/bin/ceph: stderr
2023-12-19T19:05:53.686+0000 7f2543bd4700 1 -- 172.21.15.55:0/2532938688 shutdown_connections
2023-12-19T19:05:54.508 INFO:teuthology.orchestra.run.smithi055.stdout:/usr/bin/ceph: stderr
2023-12-19T19:05:53.686+0000 7f2543bd4700 1 -- 172.21.15.55:0/2532938688 wait complete.
2023-12-19T19:05:54.508 INFO:teuthology.orchestra.run.smithi055.stdout:/usr/bin/ceph: stderr
2023-12-19T19:05:53.686+0000 7f2543bd4700 1 Processor -- start
2023-12-19T19:05:54.508 INFO:teuthology.orchestra.run.smithi055.stdout:/usr/bin/ceph: stderr
2023-12-19T19:05:53.686+0000 7f2543bd4700 1 -- start start
2023-12-19T19:05:54.508 INFO:teuthology.orchestra.run.smithi055.stdout:/usr/bin/ceph: stderr
2023-12-19T19:05:53.687+0000 7f2543bd4700 1 --2- >> [v2:172.21.15.55:3300/0,v1:172.21.15.55:6789/0] conn(0x7f253c1039c0 0x7f253c078d10 unknown :-1 s=NONE pgs=0 cs=0 l=1 rev1=0 crypto rx=0 tx=0 comp rx=0 tx=0).connect
2023-12-19T19:05:54.508 INFO:teuthology.orchestra.run.smithi055.stdout:/usr/bin/ceph: stderr
2023-12-19T19:05:53.687+0000 7f2543bd4700 1 -- --> [v2:172.21.15.55:3300/0,v1:172.21.15.55:6789/0] -- mon_getmap magic: 0 v1 -- 0x7f253c077190 con 0x7f253c1039c0
2023-12-19T19:05:54.508 INFO:teuthology.orchestra.run.smithi055.stdout:/usr/bin/ceph: stderr
2023-12-19T19:05:53.687+0000 7f2541970700 1 --2- >> [v2:172.21.15.55:3300/0,v1:172.21.15.55:6789/0] conn(0x7f253c1039c0 0x7f253c078d10 unknown :-1 s=BANNER_CONNECTING pgs=0 cs=0 l=1 rev1=0 crypto rx=0 tx=0 comp rx=0 tx=0)._handle_peer_banner_payload supported=3 required=0
2023-12-19T19:05:54.508 INFO:teuthology.orchestra.run.smithi055.stdout:/usr/bin/ceph: stderr
2023-12-19T19:05:53.687+0000 7f2541970700 1 --2- >> [v2:172.21.15.55:3300/0,v1:172.21.15.55:6789/0] conn(0x7f253c1039c0 0x7f253c078d10 unknown :-1 s=HELLO_CONNECTING pgs=0 cs=0 l=1 rev1=1 crypto rx=0 tx=0 comp rx=0 tx=0).handle_hello peer v2:172.21.15.55:3300/0 says I am v2:172.21.15.55:51464/0 (socket says 172.21.15.55:51464)
2023-12-19T19:05:54.508 INFO:teuthology.orchestra.run.smithi055.stdout:/usr/bin/ceph: stderr
2023-12-19T19:05:53.687+0000 7f2541970700 1 -- 172.21.15.55:0/3740621690 learned_addr learned my addr 172.21.15.55:0/3740621690 (peer_addr_for_me v2:172.21.15.55:0/0)
2023-12-19T19:05:54.508 INFO:teuthology.orchestra.run.smithi055.stdout:/usr/bin/ceph: stderr
2023-12-19T19:05:53.687+0000 7f2541970700 1 -- 172.21.15.55:0/3740621690 --> [v2:172.21.15.55:3300/0,v1:172.21.15.55:6789/0] -- mon_subscribe({config=0+,monmap=0+}) v3 -- 0x7f25380094f0 con 0x7f253c1039c0
2023-12-19T19:05:54.508 INFO:teuthology.orchestra.run.smithi055.stdout:/usr/bin/ceph: stderr
2023-12-19T19:05:53.687+0000 7f2541970700 1 --2- 172.21.15.55:0/3740621690 >> [v2:172.21.15.55:3300/0,v1:172.21.15.55:6789/0] conn(0x7f253c1039c0 0x7f253c078d10 secure :-1 s=READY pgs=64 cs=0 l=1 rev1=1 crypto rx=0x7f253800bac0 tx=0x7f2538009250 comp rx=0 tx=0).ready entity=mon.0 client_cookie=0 server_cookie=0 in_seq=0 out_seq=0
2023-12-19T19:05:54.508 INFO:teuthology.orchestra.run.smithi055.stdout:/usr/bin/ceph: stderr
2023-12-19T19:05:53.687+0000 7f25327fc700 1 -- 172.21.15.55:0/3740621690 <== mon.0 v2:172.21.15.55:3300/0 1 ==== mon_map magic: 0 v1 ==== 229+0+0 (secure 0 0 0) 0x7f25380109b0 con 0x7f253c1039c0
2023-12-19T19:05:54.509 INFO:teuthology.orchestra.run.smithi055.stdout:/usr/bin/ceph: stderr
2023-12-19T19:05:53.687+0000 7f25327fc700 1 -- 172.21.15.55:0/3740621690 <== mon.0 v2:172.21.15.55:3300/0 2 ==== config(26 keys) v1 ==== 1074+0+0 (secure 0 0 0) 0x7f253801a430 con 0x7f253c1039c0
2023-12-19T19:05:54.509 INFO:teuthology.orchestra.run.smithi055.stdout:/usr/bin/ceph: stderr
2023-12-19T19:05:53.687+0000 7f25327fc700 1 -- 172.21.15.55:0/3740621690 <== mon.0 v2:172.21.15.55:3300/0 3 ==== mon_map magic: 0 v1 ==== 229+0+0 (secure 0 0 0) 0x7f25380245b0 con 0x7f253c1039c0
2023-12-19T19:05:54.509 INFO:teuthology.orchestra.run.smithi055.stdout:/usr/bin/ceph: stderr
2023-12-19T19:05:53.687+0000 7f2543bd4700 1 -- 172.21.15.55:0/3740621690 --> [v2:172.21.15.55:3300/0,v1:172.21.15.55:6789/0] -- mon_subscribe({mgrmap=0+}) v3 -- 0x7f253c077390 con 0x7f253c1039c0
2023-12-19T19:05:54.509 INFO:teuthology.orchestra.run.smithi055.stdout:/usr/bin/ceph: stderr
2023-12-19T19:05:53.687+0000 7f2543bd4700 1 -- 172.21.15.55:0/3740621690 --> [v2:172.21.15.55:3300/0,v1:172.21.15.55:6789/0] -- mon_subscribe({osdmap=0}) v3 -- 0x7f253c0777a0 con 0x7f253c1039c0
2023-12-19T19:05:54.509 INFO:teuthology.orchestra.run.smithi055.stdout:/usr/bin/ceph: stderr
2023-12-19T19:05:53.688+0000 7f25327fc700 1 -- 172.21.15.55:0/3740621690 <== mon.0 v2:172.21.15.55:3300/0 4 ==== mgrmap(e 8) v1 ==== 43281+0+0 (secure 0 0 0) 0x7f253801a5a0 con 0x7f253c1039c0
2023-12-19T19:05:54.509 INFO:teuthology.orchestra.run.smithi055.stdout:/usr/bin/ceph: stderr
2023-12-19T19:05:53.688+0000 7f2543bd4700 1 -- 172.21.15.55:0/3740621690 --> [v2:172.21.15.55:3300/0,v1:172.21.15.55:6789/0] -- mon_command({"prefix": "get_command_descriptions"} v 0) v1 -- 0x7f253c05f270 con 0x7f253c1039c0
2023-12-19T19:05:54.509 INFO:teuthology.orchestra.run.smithi055.stdout:/usr/bin/ceph: stderr
2023-12-19T19:05:53.688+0000 7f25327fc700 1 --2- 172.21.15.55:0/3740621690 >> [v2:172.21.15.55:6800/2922737294,v1:172.21.15.55:6801/2922737294] conn(0x7f2528036640 0x7f2528038af0 unknown :-1 s=NONE pgs=0 cs=0 l=1 rev1=0 crypto rx=0 tx=0 comp rx=0 tx=0).connect
2023-12-19T19:05:54.509 INFO:teuthology.orchestra.run.smithi055.stdout:/usr/bin/ceph: stderr
2023-12-19T19:05:53.688+0000 7f25327fc700 1 -- 172.21.15.55:0/3740621690 <== mon.0 v2:172.21.15.55:3300/0 5 ==== osd_map(2..2 src has 1..2) v4 ==== 936+0+0 (secure 0 0 0) 0x7f253804a520 con 0x7f253c1039c0
2023-12-19T19:05:54.509 INFO:teuthology.orchestra.run.smithi055.stdout:/usr/bin/ceph: stderr
2023-12-19T19:05:53.689+0000 7f254116f700 1 --2- 172.21.15.55:0/3740621690 >> [v2:172.21.15.55:6800/2922737294,v1:172.21.15.55:6801/2922737294] conn(0x7f2528036640 0x7f2528038af0 unknown :-1 s=BANNER_CONNECTING pgs=0 cs=0 l=1 rev1=0 crypto rx=0 tx=0 comp rx=0 tx=0)._handle_peer_banner_payload supported=3 required=0
2023-12-19T19:05:54.509 INFO:teuthology.orchestra.run.smithi055.stdout:/usr/bin/ceph: stderr
2023-12-19T19:05:53.689+0000 7f254116f700 1 --2- 172.21.15.55:0/3740621690 >> [v2:172.21.15.55:6800/2922737294,v1:172.21.15.55:6801/2922737294] conn(0x7f2528036640 0x7f2528038af0 secure :-1 s=READY pgs=20 cs=0 l=1 rev1=1 crypto rx=0x7f252c009990 tx=0x7f252c006e40 comp rx=0 tx=0).ready entity=mgr.14120 client_cookie=0 server_cookie=0 in_seq=0 out_seq=0
2023-12-19T19:05:54.509 INFO:teuthology.orchestra.run.smithi055.stdout:/usr/bin/ceph: stderr
2023-12-19T19:05:53.693+0000 7f25327fc700 1 -- 172.21.15.55:0/3740621690 <== mon.0 v2:172.21.15.55:3300/0 6 ==== mon_command_ack([{"prefix": "get_command_descriptions"}]=0 v0) v1 ==== 72+0+174570 (secure 0 0 0) 0x7f2538010b10 con 0x7f253c1039c0
2023-12-19T19:05:54.509 INFO:teuthology.orchestra.run.smithi055.stdout:/usr/bin/ceph: stderr
2023-12-19T19:05:53.888+0000 7f2543bd4700 1 -- 172.21.15.55:0/3740621690 --> [v2:172.21.15.55:3300/0,v1:172.21.15.55:6789/0] -- mon_command([{prefix=config set, name=mgr/dashboard/ssl_server_port}] v 0) v1 -- 0x7f253c102d30 con 0x7f253c1039c0
2023-12-19T19:05:54.509 INFO:teuthology.orchestra.run.smithi055.stdout:/usr/bin/ceph: stderr
2023-12-19T19:05:53.891+0000 7f25327fc700 1 -- 172.21.15.55:0/3740621690 <== mon.0 v2:172.21.15.55:3300/0 7 ==== mon_command_ack([{prefix=config set, name=mgr/dashboard/ssl_server_port}]=0 v8)=0 v8) v1 ==== 130+0+0 (secure 0 0 0) 0x7f2538018770 con 0x7f253c1039c0
2023-12-19T19:05:54.510 INFO:teuthology.orchestra.run.smithi055.stdout:/usr/bin/ceph: stderr
2023-12-19T19:05:53.893+0000 7f2543bd4700 1 -- 172.21.15.55:0/3740621690 >> [v2:172.21.15.55:6800/2922737294,v1:172.21.15.55:6801/2922737294] conn(0x7f2528036640 msgr2=0x7f2528038af0 secure :-1 s=STATE_CONNECTION_ESTABLISHED l=1).mark_down
2023-12-19T19:05:54.510 INFO:teuthology.orchestra.run.smithi055.stdout:/usr/bin/ceph: stderr
2023-12-19T19:05:53.893+0000 7f2543bd4700 1 --2- 172.21.15.55:0/3740621690 >> [v2:172.21.15.55:6800/2922737294,v1:172.21.15.55:6801/2922737294] conn(0x7f2528036640 0x7f2528038af0 secure :-1 s=READY pgs=20 cs=0 l=1 rev1=1 crypto rx=0x7f252c009990 tx=0x7f252c006e40 comp rx=0 tx=0).stop
2023-12-19T19:05:54.510 INFO:teuthology.orchestra.run.smithi055.stdout:/usr/bin/ceph: stderr
2023-12-19T19:05:53.893+0000 7f2543bd4700 1 -- 172.21.15.55:0/3740621690 >> [v2:172.21.15.55:3300/0,v1:172.21.15.55:6789/0] conn(0x7f253c1039c0 msgr2=0x7f253c078d10 secure :-1 s=STATE_CONNECTION_ESTABLISHED l=1).mark_down
2023-12-19T19:05:54.510 INFO:teuthology.orchestra.run.smithi055.stdout:/usr/bin/ceph: stderr
2023-12-19T19:05:53.893+0000 7f2543bd4700 1 --2- 172.21.15.55:0/3740621690 >> [v2:172.21.15.55:3300/0,v1:172.21.15.55:6789/0] conn(0x7f253c1039c0 0x7f253c078d10 secure :-1 s=READY pgs=64 cs=0 l=1 rev1=1 crypto rx=0x7f253800bac0 tx=0x7f2538009250 comp rx=0 tx=0).stop
2023-12-19T19:05:54.510 INFO:teuthology.orchestra.run.smithi055.stdout:/usr/bin/ceph: stderr
2023-12-19T19:05:53.893+0000 7f2543bd4700 1 -- 172.21.15.55:0/3740621690 shutdown_connections
2023-12-19T19:05:54.510 INFO:teuthology.orchestra.run.smithi055.stdout:/usr/bin/ceph: stderr
2023-12-19T19:05:53.893+0000 7f2543bd4700 1 --2- 172.21.15.55:0/3740621690 >> [v2:172.21.15.55:6800/2922737294,v1:172.21.15.55:6801/2922737294] conn(0x7f2528036640 0x7f2528038af0 unknown :-1 s=CLOSED pgs=20 cs=0 l=1 rev1=1 crypto rx=0 tx=0 comp rx=0 tx=0).stop
2023-12-19T19:05:54.510 INFO:teuthology.orchestra.run.smithi055.stdout:/usr/bin/ceph: stderr
2023-12-19T19:05:53.893+0000 7f2543bd4700 1 --2- 172.21.15.55:0/3740621690 >> [v2:172.21.15.55:3300/0,v1:172.21.15.55:6789/0] conn(0x7f253c1039c0 0x7f253c078d10 unknown :-1 s=CLOSED pgs=64 cs=0 l=1 rev1=1 crypto rx=0 tx=0 comp rx=0 tx=0).stop
2023-12-19T19:05:54.510 INFO:teuthology.orchestra.run.smithi055.stdout:/usr/bin/ceph: stderr
2023-12-19T19:05:53.893+0000 7f2543bd4700 1 -- 172.21.15.55:0/3740621690 >> 172.21.15.55:0/3740621690 conn(0x7f253c0fda40 msgr2=0x7f253c0ff190 unknown :-1 s=STATE_NONE l=0).mark_down
2023-12-19T19:05:54.510 INFO:teuthology.orchestra.run.smithi055.stdout:/usr/bin/ceph: stderr
2023-12-19T19:05:53.893+0000 7f2543bd4700 1 -- 172.21.15.55:0/3740621690 shutdown_connections
2023-12-19T19:05:54.510 INFO:teuthology.orchestra.run.smithi055.stdout:/usr/bin/ceph: stderr
2023-12-19T19:05:53.893+0000 7f2543bd4700 1 -- 172.21.15.55:0/3740621690 wait complete.
2023-12-19T19:05:54.510 INFO:teuthology.orchestra.run.smithi055.stdout:Enabling the dashboard module...
2023-12-19T19:05:55.053 INFO:journalctl@ceph.mon.smithi055.smithi055.stdout:Dec 19 19:05:54 smithi055 ceph-mon[80978]: from='client.? 172.21.15.55:0/3740621690' entity='client.admin'
2023-12-19T19:05:55.053 INFO:journalctl@ceph.mon.smithi055.smithi055.stdout:Dec 19 19:05:54 smithi055 ceph-mon[80978]: pgmap v4: 0 pgs: ; 0 B data, 0 B used, 0 B / 0 B avail
2023-12-19T19:05:56.163 INFO:journalctl@ceph.mon.smithi055.smithi055.stdout:Dec 19 19:05:55 smithi055 ceph-mon[80978]: from='client.? 172.21.15.55:0/670278418' entity='client.admin' cmd=[{"prefix": "mgr module enable", "module": "dashboard"}]: dispatch
2023-12-19T19:05:56.421 INFO:teuthology.orchestra.run.smithi055.stdout:/usr/bin/ceph: stderr
2023-12-19T19:05:54.898+0000 7fb61933c700 1 Processor -- start
2023-12-19T19:05:56.422 INFO:teuthology.orchestra.run.smithi055.stdout:/usr/bin/ceph: stderr
2023-12-19T19:05:54.898+0000 7fb61933c700 1 -- start start
2023-12-19T19:05:56.422 INFO:teuthology.orchestra.run.smithi055.stdout:/usr/bin/ceph: stderr
2023-12-19T19:05:54.898+0000 7fb61933c700 1 --2- >> [v2:172.21.15.55:3300/0,v1:172.21.15.55:6789/0] conn(0x7fb614076c60 0x7fb614104ea0 unknown :-1 s=NONE pgs=0 cs=0 l=0 rev1=0 crypto rx=0 tx=0 comp rx=0 tx=0).connect
2023-12-19T19:05:56.422 INFO:teuthology.orchestra.run.smithi055.stdout:/usr/bin/ceph: stderr
2023-12-19T19:05:54.898+0000 7fb61933c700 1 -- --> [v2:172.21.15.55:3300/0,v1:172.21.15.55:6789/0] -- mon_getmap magic: 0 v1 -- 0x7fb6141053e0 con 0x7fb614076c60
2023-12-19T19:05:56.422 INFO:teuthology.orchestra.run.smithi055.stdout:/usr/bin/ceph: stderr
2023-12-19T19:05:54.898+0000 7fb612ffd700 1 --2- >> [v2:172.21.15.55:3300/0,v1:172.21.15.55:6789/0] conn(0x7fb614076c60 0x7fb614104ea0 unknown :-1 s=BANNER_CONNECTING pgs=0 cs=0 l=0 rev1=0 crypto rx=0 tx=0 comp rx=0 tx=0)._handle_peer_banner_payload supported=3 required=0
2023-12-19T19:05:56.422 INFO:teuthology.orchestra.run.smithi055.stdout:/usr/bin/ceph: stderr
2023-12-19T19:05:54.898+0000 7fb612ffd700 1 --2- >> [v2:172.21.15.55:3300/0,v1:172.21.15.55:6789/0] conn(0x7fb614076c60 0x7fb614104ea0 unknown :-1 s=HELLO_CONNECTING pgs=0 cs=0 l=0 rev1=1 crypto rx=0 tx=0 comp rx=0 tx=0).handle_hello peer v2:172.21.15.55:3300/0 says I am v2:172.21.15.55:51474/0 (socket says 172.21.15.55:51474)
2023-12-19T19:05:56.422 INFO:teuthology.orchestra.run.smithi055.stdout:/usr/bin/ceph: stderr
2023-12-19T19:05:54.898+0000 7fb612ffd700 1 -- 172.21.15.55:0/1954669547 learned_addr learned my addr 172.21.15.55:0/1954669547 (peer_addr_for_me v2:172.21.15.55:0/0)
2023-12-19T19:05:56.422 INFO:teuthology.orchestra.run.smithi055.stdout:/usr/bin/ceph: stderr
2023-12-19T19:05:54.898+0000 7fb612ffd700 1 -- 172.21.15.55:0/1954669547 --> [v2:172.21.15.55:3300/0,v1:172.21.15.55:6789/0] -- mon_subscribe({config=0+,monmap=0+}) v3 -- 0x7fb614105520 con 0x7fb614076c60
2023-12-19T19:05:56.422 INFO:teuthology.orchestra.run.smithi055.stdout:/usr/bin/ceph: stderr
2023-12-19T19:05:54.899+0000 7fb612ffd700 1 --2- 172.21.15.55:0/1954669547 >> [v2:172.21.15.55:3300/0,v1:172.21.15.55:6789/0] conn(0x7fb614076c60 0x7fb614104ea0 secure :-1 s=READY pgs=65 cs=0 l=1 rev1=1 crypto rx=0x7fb6040098e0 tx=0x7fb604009250 comp rx=0 tx=0).ready entity=mon.0 client_cookie=b21bc11bafd9a855 server_cookie=0 in_seq=0 out_seq=0
2023-12-19T19:05:56.422 INFO:teuthology.orchestra.run.smithi055.stdout:/usr/bin/ceph: stderr
2023-12-19T19:05:54.902+0000 7fb611ffb700 1 -- 172.21.15.55:0/1954669547 <== mon.0 v2:172.21.15.55:3300/0 1 ==== mon_map magic: 0 v1 ==== 229+0+0 (secure 0 0 0) 0x7fb60400b860 con 0x7fb614076c60
2023-12-19T19:05:56.422 INFO:teuthology.orchestra.run.smithi055.stdout:/usr/bin/ceph: stderr
2023-12-19T19:05:54.902+0000 7fb611ffb700 1 -- 172.21.15.55:0/1954669547 <== mon.0 v2:172.21.15.55:3300/0 2 ==== config(26 keys) v1 ==== 1074+0+0 (secure 0 0 0) 0x7fb60400be70 con 0x7fb614076c60
2023-12-19T19:05:56.422 INFO:teuthology.orchestra.run.smithi055.stdout:/usr/bin/ceph: stderr
2023-12-19T19:05:54.902+0000 7fb611ffb700 1 -- 172.21.15.55:0/1954669547 <== mon.0 v2:172.21.15.55:3300/0 3 ==== mon_map magic: 0 v1 ==== 229+0+0 (secure 0 0 0) 0x7fb604010380 con 0x7fb614076c60
2023-12-19T19:05:56.422 INFO:teuthology.orchestra.run.smithi055.stdout:/usr/bin/ceph: stderr
2023-12-19T19:05:54.903+0000 7fb61933c700 1 -- 172.21.15.55:0/1954669547 >> [v2:172.21.15.55:3300/0,v1:172.21.15.55:6789/0] conn(0x7fb614076c60 msgr2=0x7fb614104ea0 secure :-1 s=STATE_CONNECTION_ESTABLISHED l=1).mark_down
2023-12-19T19:05:56.422 INFO:teuthology.orchestra.run.smithi055.stdout:/usr/bin/ceph: stderr
2023-12-19T19:05:54.903+0000 7fb61933c700 1 --2- 172.21.15.55:0/1954669547 >> [v2:172.21.15.55:3300/0,v1:172.21.15.55:6789/0] conn(0x7fb614076c60 0x7fb614104ea0 secure :-1 s=READY pgs=65 cs=0 l=1 rev1=1 crypto rx=0x7fb6040098e0 tx=0x7fb604009250 comp rx=0 tx=0).stop
2023-12-19T19:05:56.423 INFO:teuthology.orchestra.run.smithi055.stdout:/usr/bin/ceph: stderr
2023-12-19T19:05:54.903+0000 7fb61933c700 1 -- 172.21.15.55:0/1954669547 shutdown_connections
2023-12-19T19:05:56.423 INFO:teuthology.orchestra.run.smithi055.stdout:/usr/bin/ceph: stderr
2023-12-19T19:05:54.903+0000 7fb61933c700 1 --2- 172.21.15.55:0/1954669547 >> [v2:172.21.15.55:3300/0,v1:172.21.15.55:6789/0] conn(0x7fb614076c60 0x7fb614104ea0 unknown :-1 s=CLOSED pgs=65 cs=0 l=1 rev1=1 crypto rx=0 tx=0 comp rx=0 tx=0).stop
2023-12-19T19:05:56.423 INFO:teuthology.orchestra.run.smithi055.stdout:/usr/bin/ceph: stderr
2023-12-19T19:05:54.903+0000 7fb61933c700 1 -- 172.21.15.55:0/1954669547 >> 172.21.15.55:0/1954669547 conn(0x7fb6140fc950 msgr2=0x7fb6140fed60 unknown :-1 s=STATE_NONE l=0).mark_down
2023-12-19T19:05:56.423 INFO:teuthology.orchestra.run.smithi055.stdout:/usr/bin/ceph: stderr
2023-12-19T19:05:54.903+0000 7fb61933c700 1 -- 172.21.15.55:0/1954669547 shutdown_connections
2023-12-19T19:05:56.423 INFO:teuthology.orchestra.run.smithi055.stdout:/usr/bin/ceph: stderr
2023-12-19T19:05:54.903+0000 7fb61933c700 1 -- 172.21.15.55:0/1954669547 wait complete.
2023-12-19T19:05:56.423 INFO:teuthology.orchestra.run.smithi055.stdout:/usr/bin/ceph: stderr
2023-12-19T19:05:54.904+0000 7fb61933c700 1 Processor -- start
2023-12-19T19:05:56.423 INFO:teuthology.orchestra.run.smithi055.stdout:/usr/bin/ceph: stderr
2023-12-19T19:05:54.904+0000 7fb61933c700 1 -- start start
2023-12-19T19:05:56.423 INFO:teuthology.orchestra.run.smithi055.stdout:/usr/bin/ceph: stderr
2023-12-19T19:05:54.904+0000 7fb61933c700 1 --2- >> [v2:172.21.15.55:3300/0,v1:172.21.15.55:6789/0] conn(0x7fb614076c60 0x7fb614102920 unknown :-1 s=NONE pgs=0 cs=0 l=1 rev1=0 crypto rx=0 tx=0 comp rx=0 tx=0).connect
2023-12-19T19:05:56.423 INFO:teuthology.orchestra.run.smithi055.stdout:/usr/bin/ceph: stderr
2023-12-19T19:05:54.904+0000 7fb61933c700 1 -- --> [v2:172.21.15.55:3300/0,v1:172.21.15.55:6789/0] -- mon_getmap magic: 0 v1 -- 0x7fb614100da0 con 0x7fb614076c60
2023-12-19T19:05:56.423 INFO:teuthology.orchestra.run.smithi055.stdout:/usr/bin/ceph: stderr
2023-12-19T19:05:54.904+0000 7fb612ffd700 1 --2- >> [v2:172.21.15.55:3300/0,v1:172.21.15.55:6789/0] conn(0x7fb614076c60 0x7fb614102920 unknown :-1 s=BANNER_CONNECTING pgs=0 cs=0 l=1 rev1=0 crypto rx=0 tx=0 comp rx=0 tx=0)._handle_peer_banner_payload supported=3 required=0
2023-12-19T19:05:56.423 INFO:teuthology.orchestra.run.smithi055.stdout:/usr/bin/ceph: stderr
2023-12-19T19:05:54.904+0000 7fb612ffd700 1 --2- >> [v2:172.21.15.55:3300/0,v1:172.21.15.55:6789/0] conn(0x7fb614076c60 0x7fb614102920 unknown :-1 s=HELLO_CONNECTING pgs=0 cs=0 l=1 rev1=1 crypto rx=0 tx=0 comp rx=0 tx=0).handle_hello peer v2:172.21.15.55:3300/0 says I am v2:172.21.15.55:51476/0 (socket says 172.21.15.55:51476)
2023-12-19T19:05:56.423 INFO:teuthology.orchestra.run.smithi055.stdout:/usr/bin/ceph: stderr
2023-12-19T19:05:54.904+0000 7fb612ffd700 1 -- 172.21.15.55:0/670278418 learned_addr learned my addr 172.21.15.55:0/670278418 (peer_addr_for_me v2:172.21.15.55:0/0)
2023-12-19T19:05:56.423 INFO:teuthology.orchestra.run.smithi055.stdout:/usr/bin/ceph: stderr
2023-12-19T19:05:54.904+0000 7fb612ffd700 1 -- 172.21.15.55:0/670278418 --> [v2:172.21.15.55:3300/0,v1:172.21.15.55:6789/0] -- mon_subscribe({config=0+,monmap=0+}) v3 -- 0x7fb6040094f0 con 0x7fb614076c60
2023-12-19T19:05:56.423 INFO:teuthology.orchestra.run.smithi055.stdout:/usr/bin/ceph: stderr
2023-12-19T19:05:54.905+0000 7fb612ffd700 1 --2- 172.21.15.55:0/670278418 >> [v2:172.21.15.55:3300/0,v1:172.21.15.55:6789/0] conn(0x7fb614076c60 0x7fb614102920 secure :-1 s=READY pgs=66 cs=0 l=1 rev1=1 crypto rx=0x7fb604006d40 tx=0x7fb604009250 comp rx=0 tx=0).ready entity=mon.0 client_cookie=0 server_cookie=0 in_seq=0 out_seq=0
2023-12-19T19:05:56.423 INFO:teuthology.orchestra.run.smithi055.stdout:/usr/bin/ceph: stderr
2023-12-19T19:05:54.905+0000 7fb5fb7fe700 1 -- 172.21.15.55:0/670278418 <== mon.0 v2:172.21.15.55:3300/0 1 ==== mon_map magic: 0 v1 ==== 229+0+0 (secure 0 0 0) 0x7fb604010960 con 0x7fb614076c60
2023-12-19T19:05:56.424 INFO:teuthology.orchestra.run.smithi055.stdout:/usr/bin/ceph: stderr
2023-12-19T19:05:54.905+0000 7fb5fb7fe700 1 -- 172.21.15.55:0/670278418 <== mon.0 v2:172.21.15.55:3300/0 2 ==== config(26 keys) v1 ==== 1074+0+0 (secure 0 0 0) 0x7fb60401a430 con 0x7fb614076c60
2023-12-19T19:05:56.424 INFO:teuthology.orchestra.run.smithi055.stdout:/usr/bin/ceph: stderr
2023-12-19T19:05:54.905+0000 7fb61933c700 1 -- 172.21.15.55:0/670278418 --> [v2:172.21.15.55:3300/0,v1:172.21.15.55:6789/0] -- mon_subscribe({mgrmap=0+}) v3 -- 0x7fb614100fa0 con 0x7fb614076c60
2023-12-19T19:05:56.424 INFO:teuthology.orchestra.run.smithi055.stdout:/usr/bin/ceph: stderr
2023-12-19T19:05:54.905+0000 7fb5fb7fe700 1 -- 172.21.15.55:0/670278418 <== mon.0 v2:172.21.15.55:3300/0 3 ==== mon_map magic: 0 v1 ==== 229+0+0 (secure 0 0 0) 0x7fb6040245b0 con 0x7fb614076c60
2023-12-19T19:05:56.424 INFO:teuthology.orchestra.run.smithi055.stdout:/usr/bin/ceph: stderr
2023-12-19T19:05:54.905+0000 7fb61933c700 1 -- 172.21.15.55:0/670278418 --> [v2:172.21.15.55:3300/0,v1:172.21.15.55:6789/0] -- mon_subscribe({osdmap=0}) v3 -- 0x7fb6141013b0 con 0x7fb614076c60
2023-12-19T19:05:56.424 INFO:teuthology.orchestra.run.smithi055.stdout:/usr/bin/ceph: stderr
2023-12-19T19:05:54.906+0000 7fb5fb7fe700 1 -- 172.21.15.55:0/670278418 <== mon.0 v2:172.21.15.55:3300/0 4 ==== mgrmap(e 8) v1 ==== 43281+0+0 (secure 0 0 0) 0x7fb60402d3f0 con 0x7fb614076c60
2023-12-19T19:05:56.424 INFO:teuthology.orchestra.run.smithi055.stdout:/usr/bin/ceph: stderr
2023-12-19T19:05:54.906+0000 7fb5fb7fe700 1 --2- 172.21.15.55:0/670278418 >> [v2:172.21.15.55:6800/2922737294,v1:172.21.15.55:6801/2922737294] conn(0x7fb5fc036640 0x7fb5fc038af0 unknown :-1 s=NONE pgs=0 cs=0 l=1 rev1=0 crypto rx=0 tx=0 comp rx=0 tx=0).connect
2023-12-19T19:05:56.424 INFO:teuthology.orchestra.run.smithi055.stdout:/usr/bin/ceph: stderr
2023-12-19T19:05:54.906+0000 7fb61933c700 1 -- 172.21.15.55:0/670278418 --> [v2:172.21.15.55:3300/0,v1:172.21.15.55:6789/0] -- mon_command({"prefix": "get_command_descriptions"} v 0) v1 -- 0x7fb61404bb80 con 0x7fb614076c60
2023-12-19T19:05:56.424 INFO:teuthology.orchestra.run.smithi055.stdout:/usr/bin/ceph: stderr
2023-12-19T19:05:54.906+0000 7fb5fb7fe700 1 -- 172.21.15.55:0/670278418 <== mon.0 v2:172.21.15.55:3300/0 5 ==== osd_map(2..2 src has 1..2) v4 ==== 936+0+0 (secure 0 0 0) 0x7fb60404a060 con 0x7fb614076c60
2023-12-19T19:05:56.424 INFO:teuthology.orchestra.run.smithi055.stdout:/usr/bin/ceph: stderr
2023-12-19T19:05:54.906+0000 7fb6127fc700 1 --2- 172.21.15.55:0/670278418 >> [v2:172.21.15.55:6800/2922737294,v1:172.21.15.55:6801/2922737294] conn(0x7fb5fc036640 0x7fb5fc038af0 unknown :-1 s=BANNER_CONNECTING pgs=0 cs=0 l=1 rev1=0 crypto rx=0 tx=0 comp rx=0 tx=0)._handle_peer_banner_payload supported=3 required=0
2023-12-19T19:05:56.424 INFO:teuthology.orchestra.run.smithi055.stdout:/usr/bin/ceph: stderr
2023-12-19T19:05:54.906+0000 7fb6127fc700 1 --2- 172.21.15.55:0/670278418 >> [v2:172.21.15.55:6800/2922737294,v1:172.21.15.55:6801/2922737294] conn(0x7fb5fc036640 0x7fb5fc038af0 secure :-1 s=READY pgs=21 cs=0 l=1 rev1=1 crypto rx=0x7fb608009990 tx=0x7fb608006e40 comp rx=0 tx=0).ready entity=mgr.14120 client_cookie=0 server_cookie=0 in_seq=0 out_seq=0
2023-12-19T19:05:56.424 INFO:teuthology.orchestra.run.smithi055.stdout:/usr/bin/ceph: stderr
2023-12-19T19:05:54.911+0000 7fb5fb7fe700 1 -- 172.21.15.55:0/670278418 <== mon.0 v2:172.21.15.55:3300/0 6 ==== mon_command_ack([{"prefix": "get_command_descriptions"}]=0 v0) v1 ==== 72+0+174570 (secure 0 0 0) 0x7fb60402b6b0 con 0x7fb614076c60
2023-12-19T19:05:56.424 INFO:teuthology.orchestra.run.smithi055.stdout:/usr/bin/ceph: stderr
2023-12-19T19:05:55.162+0000 7fb61933c700 1 -- 172.21.15.55:0/670278418 --> [v2:172.21.15.55:3300/0,v1:172.21.15.55:6789/0] -- mon_command({"prefix": "mgr module enable", "module": "dashboard"} v 0) v1 -- 0x7fb614106300 con 0x7fb614076c60
2023-12-19T19:05:56.424 INFO:teuthology.orchestra.run.smithi055.stdout:/usr/bin/ceph: stderr
2023-12-19T19:05:55.916+0000 7fb5fb7fe700 1 -- 172.21.15.55:0/670278418 <== mon.0 v2:172.21.15.55:3300/0 7 ==== mgrmap(e 9) v1 ==== 43294+0+0 (secure 0 0 0) 0x7fb60401a9f0 con 0x7fb614076c60
2023-12-19T19:05:56.424 INFO:teuthology.orchestra.run.smithi055.stdout:/usr/bin/ceph: stderr
2023-12-19T19:05:55.917+0000 7fb5fb7fe700 1 -- 172.21.15.55:0/670278418 <== mon.0 v2:172.21.15.55:3300/0 8 ==== mon_command_ack([{"prefix": "mgr module enable", "module": "dashboard"}]=0 v9) v1 ==== 88+0+0 (secure 0 0 0) 0x7fb60402c350 con 0x7fb614076c60
2023-12-19T19:05:56.424 INFO:teuthology.orchestra.run.smithi055.stdout:/usr/bin/ceph: stderr
2023-12-19T19:05:55.920+0000 7fb61933c700 1 -- 172.21.15.55:0/670278418 >> [v2:172.21.15.55:6800/2922737294,v1:172.21.15.55:6801/2922737294] conn(0x7fb5fc036640 msgr2=0x7fb5fc038af0 secure :-1 s=STATE_CONNECTION_ESTABLISHED l=1).mark_down
2023-12-19T19:05:56.425 INFO:teuthology.orchestra.run.smithi055.stdout:/usr/bin/ceph: stderr
2023-12-19T19:05:55.920+0000 7fb61933c700 1 --2- 172.21.15.55:0/670278418 >> [v2:172.21.15.55:6800/2922737294,v1:172.21.15.55:6801/2922737294] conn(0x7fb5fc036640 0x7fb5fc038af0 secure :-1 s=READY pgs=21 cs=0 l=1 rev1=1 crypto rx=0x7fb608009990 tx=0x7fb608006e40 comp rx=0 tx=0).stop
2023-12-19T19:05:56.425 INFO:teuthology.orchestra.run.smithi055.stdout:/usr/bin/ceph: stderr
2023-12-19T19:05:55.920+0000 7fb61933c700 1 -- 172.21.15.55:0/670278418 >> [v2:172.21.15.55:3300/0,v1:172.21.15.55:6789/0] conn(0x7fb614076c60 msgr2=0x7fb614102920 secure :-1 s=STATE_CONNECTION_ESTABLISHED l=1).mark_down
2023-12-19T19:05:56.425 INFO:teuthology.orchestra.run.smithi055.stdout:/usr/bin/ceph: stderr
2023-12-19T19:05:55.920+0000 7fb61933c700 1 --2- 172.21.15.55:0/670278418 >> [v2:172.21.15.55:3300/0,v1:172.21.15.55:6789/0] conn(0x7fb614076c60 0x7fb614102920 secure :-1 s=READY pgs=66 cs=0 l=1 rev1=1 crypto rx=0x7fb604006d40 tx=0x7fb604009250 comp rx=0 tx=0).stop
2023-12-19T19:05:56.425 INFO:teuthology.orchestra.run.smithi055.stdout:/usr/bin/ceph: stderr
2023-12-19T19:05:55.920+0000 7fb61933c700 1 -- 172.21.15.55:0/670278418 shutdown_connections
2023-12-19T19:05:56.425 INFO:teuthology.orchestra.run.smithi055.stdout:/usr/bin/ceph: stderr
2023-12-19T19:05:55.920+0000 7fb61933c700 1 --2- 172.21.15.55:0/670278418 >> [v2:172.21.15.55:6800/2922737294,v1:172.21.15.55:6801/2922737294] conn(0x7fb5fc036640 0x7fb5fc038af0 unknown :-1 s=CLOSED pgs=21 cs=0 l=1 rev1=1 crypto rx=0 tx=0 comp rx=0 tx=0).stop
2023-12-19T19:05:56.425 INFO:teuthology.orchestra.run.smithi055.stdout:/usr/bin/ceph: stderr
2023-12-19T19:05:55.920+0000 7fb61933c700 1 --2- 172.21.15.55:0/670278418 >> [v2:172.21.15.55:3300/0,v1:172.21.15.55:6789/0] conn(0x7fb614076c60 0x7fb614102920 unknown :-1 s=CLOSED pgs=66 cs=0 l=1 rev1=1 crypto rx=0 tx=0 comp rx=0 tx=0).stop
2023-12-19T19:05:56.425 INFO:teuthology.orchestra.run.smithi055.stdout:/usr/bin/ceph: stderr
2023-12-19T19:05:55.920+0000 7fb61933c700 1 -- 172.21.15.55:0/670278418 >> 172.21.15.55:0/670278418 conn(0x7fb6140fc950 msgr2=0x7fb6140fed10 unknown :-1 s=STATE_NONE l=0).mark_down
2023-12-19T19:05:56.425 INFO:teuthology.orchestra.run.smithi055.stdout:/usr/bin/ceph: stderr
2023-12-19T19:05:55.921+0000 7fb61933c700 1 -- 172.21.15.55:0/670278418 shutdown_connections
2023-12-19T19:05:56.425 INFO:teuthology.orchestra.run.smithi055.stdout:/usr/bin/ceph: stderr
2023-12-19T19:05:55.921+0000 7fb61933c700 1 -- 172.21.15.55:0/670278418 wait complete.
2023-12-19T19:05:57.053 INFO:journalctl@ceph.mon.smithi055.smithi055.stdout:Dec 19 19:05:56 smithi055 ceph-mon[80978]: from='client.? 172.21.15.55:0/670278418' entity='client.admin' cmd='[{"prefix": "mgr module enable", "module": "dashboard"}]': finished
2023-12-19T19:05:57.053 INFO:journalctl@ceph.mon.smithi055.smithi055.stdout:Dec 19 19:05:56 smithi055 ceph-mon[80978]: mgrmap e9: smithi055.dwclvp(active, since 23s)
2023-12-19T19:05:57.720 INFO:teuthology.orchestra.run.smithi055.stdout:/usr/bin/ceph: stdout {
2023-12-19T19:05:57.720 INFO:teuthology.orchestra.run.smithi055.stdout:/usr/bin/ceph: stdout "epoch": 9,
2023-12-19T19:05:57.720 INFO:teuthology.orchestra.run.smithi055.stdout:/usr/bin/ceph: stdout "available": true,
2023-12-19T19:05:57.720 INFO:teuthology.orchestra.run.smithi055.stdout:/usr/bin/ceph: stdout "active_name": "smithi055.dwclvp",
2023-12-19T19:05:57.720 INFO:teuthology.orchestra.run.smithi055.stdout:/usr/bin/ceph: stdout "num_standby": 0
2023-12-19T19:05:57.721 INFO:teuthology.orchestra.run.smithi055.stdout:/usr/bin/ceph: stdout }
2023-12-19T19:05:57.721 INFO:teuthology.orchestra.run.smithi055.stdout:/usr/bin/ceph: stderr
2023-12-19T19:05:56.862+0000 7f6623ed1700 1 Processor -- start
2023-12-19T19:05:57.721 INFO:teuthology.orchestra.run.smithi055.stdout:/usr/bin/ceph: stderr
2023-12-19T19:05:56.863+0000 7f6623ed1700 1 -- start start
2023-12-19T19:05:57.721 INFO:teuthology.orchestra.run.smithi055.stdout:/usr/bin/ceph: stderr
2023-12-19T19:05:56.863+0000 7f6623ed1700 1 --2- >> [v2:172.21.15.55:3300/0,v1:172.21.15.55:6789/0] conn(0x7f661c1039c0 0x7f661c103dd0 unknown :-1 s=NONE pgs=0 cs=0 l=0 rev1=0 crypto rx=0 tx=0 comp rx=0 tx=0).connect
2023-12-19T19:05:57.721 INFO:teuthology.orchestra.run.smithi055.stdout:/usr/bin/ceph: stderr
2023-12-19T19:05:56.863+0000 7f6623ed1700 1 -- --> [v2:172.21.15.55:3300/0,v1:172.21.15.55:6789/0] -- mon_getmap magic: 0 v1 -- 0x7f661c104310 con 0x7f661c1039c0
2023-12-19T19:05:57.721 INFO:teuthology.orchestra.run.smithi055.stdout:/usr/bin/ceph: stderr
2023-12-19T19:05:56.863+0000 7f6621c6d700 1 --2- >> [v2:172.21.15.55:3300/0,v1:172.21.15.55:6789/0] conn(0x7f661c1039c0 0x7f661c103dd0 unknown :-1 s=BANNER_CONNECTING pgs=0 cs=0 l=0 rev1=0 crypto rx=0 tx=0 comp rx=0 tx=0)._handle_peer_banner_payload supported=3 required=0
