2023-12-19T19:05:47.626+0000 7fa8dd830700 1 -- 172.21.15.55:0/2452630456 wait complete.
2023-12-19T19:05:48.190 INFO:teuthology.orchestra.run.smithi055.stdout:Deploying grafana service with default placement...
2023-12-19T19:05:48.958 INFO:journalctl@ceph.mon.smithi055.smithi055.stdout:Dec 19 19:05:48 smithi055 ceph-mon[80978]: from='client.14148 -' entity='client.admin' cmd=[{"prefix": "orch apply", "service_type": "prometheus", "target": ["mon-mgr", ""]}]: dispatch
2023-12-19T19:05:48.959 INFO:journalctl@ceph.mon.smithi055.smithi055.stdout:Dec 19 19:05:48 smithi055 ceph-mon[80978]: Saving service prometheus spec with placement count:1
2023-12-19T19:05:48.959 INFO:journalctl@ceph.mon.smithi055.smithi055.stdout:Dec 19 19:05:48 smithi055 ceph-mon[80978]: from='mgr.14120 172.21.15.55:0/483842772' entity='mgr.smithi055.dwclvp'
2023-12-19T19:05:49.897 INFO:teuthology.orchestra.run.smithi055.stdout:/usr/bin/ceph: stdout Scheduled grafana update...
2023-12-19T19:05:49.897 INFO:teuthology.orchestra.run.smithi055.stdout:/usr/bin/ceph: stderr
2023-12-19T19:05:49.063+0000 7f55b0b3a700 1 Processor -- start
2023-12-19T19:05:49.897 INFO:teuthology.orchestra.run.smithi055.stdout:/usr/bin/ceph: stderr
2023-12-19T19:05:49.063+0000 7f55b0b3a700 1 -- start start
2023-12-19T19:05:49.897 INFO:teuthology.orchestra.run.smithi055.stdout:/usr/bin/ceph: stderr
2023-12-19T19:05:49.064+0000 7f55b0b3a700 1 --2- >> [v2:172.21.15.55:3300/0,v1:172.21.15.55:6789/0] conn(0x7f55ac076c60 0x7f55ac104ea0 unknown :-1 s=NONE pgs=0 cs=0 l=0 rev1=0 crypto rx=0 tx=0 comp rx=0 tx=0).connect
2023-12-19T19:05:49.897 INFO:teuthology.orchestra.run.smithi055.stdout:/usr/bin/ceph: stderr
2023-12-19T19:05:49.064+0000 7f55b0b3a700 1 -- --> [v2:172.21.15.55:3300/0,v1:172.21.15.55:6789/0] -- mon_getmap magic: 0 v1 -- 0x7f55ac1053e0 con 0x7f55ac076c60
2023-12-19T19:05:49.897 INFO:teuthology.orchestra.run.smithi055.stdout:/usr/bin/ceph: stderr
2023-12-19T19:05:49.064+0000 7f55aa59c700 1 --2- >> [v2:172.21.15.55:3300/0,v1:172.21.15.55:6789/0] conn(0x7f55ac076c60 0x7f55ac104ea0 unknown :-1 s=BANNER_CONNECTING pgs=0 cs=0 l=0 rev1=0 crypto rx=0 tx=0 comp rx=0 tx=0)._handle_peer_banner_payload supported=3 required=0
2023-12-19T19:05:49.898 INFO:teuthology.orchestra.run.smithi055.stdout:/usr/bin/ceph: stderr
2023-12-19T19:05:49.064+0000 7f55aa59c700 1 --2- >> [v2:172.21.15.55:3300/0,v1:172.21.15.55:6789/0] conn(0x7f55ac076c60 0x7f55ac104ea0 unknown :-1 s=HELLO_CONNECTING pgs=0 cs=0 l=0 rev1=1 crypto rx=0 tx=0 comp rx=0 tx=0).handle_hello peer v2:172.21.15.55:3300/0 says I am v2:172.21.15.55:51388/0 (socket says 172.21.15.55:51388)
2023-12-19T19:05:49.898 INFO:teuthology.orchestra.run.smithi055.stdout:/usr/bin/ceph: stderr
2023-12-19T19:05:49.064+0000 7f55aa59c700 1 -- 172.21.15.55:0/3756830485 learned_addr learned my addr 172.21.15.55:0/3756830485 (peer_addr_for_me v2:172.21.15.55:0/0)
2023-12-19T19:05:49.898 INFO:teuthology.orchestra.run.smithi055.stdout:/usr/bin/ceph: stderr
2023-12-19T19:05:49.064+0000 7f55aa59c700 1 -- 172.21.15.55:0/3756830485 --> [v2:172.21.15.55:3300/0,v1:172.21.15.55:6789/0] -- mon_subscribe({config=0+,monmap=0+}) v3 -- 0x7f55ac105520 con 0x7f55ac076c60
2023-12-19T19:05:49.898 INFO:teuthology.orchestra.run.smithi055.stdout:/usr/bin/ceph: stderr
2023-12-19T19:05:49.064+0000 7f55aa59c700 1 --2- 172.21.15.55:0/3756830485 >> [v2:172.21.15.55:3300/0,v1:172.21.15.55:6789/0] conn(0x7f55ac076c60 0x7f55ac104ea0 secure :-1 s=READY pgs=55 cs=0 l=1 rev1=1 crypto rx=0x7f55940098e0 tx=0x7f5594009250 comp rx=0 tx=0).ready entity=mon.0 client_cookie=eedfd608973dff1e server_cookie=0 in_seq=0 out_seq=0
2023-12-19T19:05:49.898 INFO:teuthology.orchestra.run.smithi055.stdout:/usr/bin/ceph: stderr
2023-12-19T19:05:49.065+0000 7f55a959a700 1 -- 172.21.15.55:0/3756830485 <== mon.0 v2:172.21.15.55:3300/0 1 ==== mon_map magic: 0 v1 ==== 229+0+0 (secure 0 0 0) 0x7f559400b860 con 0x7f55ac076c60
2023-12-19T19:05:49.898 INFO:teuthology.orchestra.run.smithi055.stdout:/usr/bin/ceph: stderr
2023-12-19T19:05:49.065+0000 7f55a959a700 1 -- 172.21.15.55:0/3756830485 <== mon.0 v2:172.21.15.55:3300/0 2 ==== config(26 keys) v1 ==== 1074+0+0 (secure 0 0 0) 0x7f559400be70 con 0x7f55ac076c60
2023-12-19T19:05:49.898 INFO:teuthology.orchestra.run.smithi055.stdout:/usr/bin/ceph: stderr
2023-12-19T19:05:49.065+0000 7f55a959a700 1 -- 172.21.15.55:0/3756830485 <== mon.0 v2:172.21.15.55:3300/0 3 ==== mon_map magic: 0 v1 ==== 229+0+0 (secure 0 0 0) 0x7f5594010380 con 0x7f55ac076c60
2023-12-19T19:05:49.898 INFO:teuthology.orchestra.run.smithi055.stdout:/usr/bin/ceph: stderr
2023-12-19T19:05:49.065+0000 7f55b0b3a700 1 -- 172.21.15.55:0/3756830485 >> [v2:172.21.15.55:3300/0,v1:172.21.15.55:6789/0] conn(0x7f55ac076c60 msgr2=0x7f55ac104ea0 secure :-1 s=STATE_CONNECTION_ESTABLISHED l=1).mark_down
2023-12-19T19:05:49.898 INFO:teuthology.orchestra.run.smithi055.stdout:/usr/bin/ceph: stderr
2023-12-19T19:05:49.065+0000 7f55b0b3a700 1 --2- 172.21.15.55:0/3756830485 >> [v2:172.21.15.55:3300/0,v1:172.21.15.55:6789/0] conn(0x7f55ac076c60 0x7f55ac104ea0 secure :-1 s=READY pgs=55 cs=0 l=1 rev1=1 crypto rx=0x7f55940098e0 tx=0x7f5594009250 comp rx=0 tx=0).stop
2023-12-19T19:05:49.898 INFO:teuthology.orchestra.run.smithi055.stdout:/usr/bin/ceph: stderr
2023-12-19T19:05:49.065+0000 7f55b0b3a700 1 -- 172.21.15.55:0/3756830485 shutdown_connections
2023-12-19T19:05:49.898 INFO:teuthology.orchestra.run.smithi055.stdout:/usr/bin/ceph: stderr
2023-12-19T19:05:49.065+0000 7f55b0b3a700 1 --2- 172.21.15.55:0/3756830485 >> [v2:172.21.15.55:3300/0,v1:172.21.15.55:6789/0] conn(0x7f55ac076c60 0x7f55ac104ea0 unknown :-1 s=CLOSED pgs=55 cs=0 l=1 rev1=1 crypto rx=0 tx=0 comp rx=0 tx=0).stop
2023-12-19T19:05:49.898 INFO:teuthology.orchestra.run.smithi055.stdout:/usr/bin/ceph: stderr
2023-12-19T19:05:49.065+0000 7f55b0b3a700 1 -- 172.21.15.55:0/3756830485 >> 172.21.15.55:0/3756830485 conn(0x7f55ac0fc950 msgr2=0x7f55ac0fed60 unknown :-1 s=STATE_NONE l=0).mark_down
2023-12-19T19:05:49.898 INFO:teuthology.orchestra.run.smithi055.stdout:/usr/bin/ceph: stderr
2023-12-19T19:05:49.065+0000 7f55b0b3a700 1 -- 172.21.15.55:0/3756830485 shutdown_connections
2023-12-19T19:05:49.898 INFO:teuthology.orchestra.run.smithi055.stdout:/usr/bin/ceph: stderr
2023-12-19T19:05:49.065+0000 7f55b0b3a700 1 -- 172.21.15.55:0/3756830485 wait complete.
2023-12-19T19:05:49.899 INFO:teuthology.orchestra.run.smithi055.stdout:/usr/bin/ceph: stderr
2023-12-19T19:05:49.066+0000 7f55b0b3a700 1 Processor -- start
2023-12-19T19:05:49.899 INFO:teuthology.orchestra.run.smithi055.stdout:/usr/bin/ceph: stderr
2023-12-19T19:05:49.066+0000 7f55b0b3a700 1 -- start start
2023-12-19T19:05:49.899 INFO:teuthology.orchestra.run.smithi055.stdout:/usr/bin/ceph: stderr
2023-12-19T19:05:49.066+0000 7f55b0b3a700 1 --2- >> [v2:172.21.15.55:3300/0,v1:172.21.15.55:6789/0] conn(0x7f55ac076c60 0x7f55ac111190 unknown :-1 s=NONE pgs=0 cs=0 l=1 rev1=0 crypto rx=0 tx=0 comp rx=0 tx=0).connect
2023-12-19T19:05:49.899 INFO:teuthology.orchestra.run.smithi055.stdout:/usr/bin/ceph: stderr
2023-12-19T19:05:49.066+0000 7f55b0b3a700 1 -- --> [v2:172.21.15.55:3300/0,v1:172.21.15.55:6789/0] -- mon_getmap magic: 0 v1 -- 0x7f55ac1116d0 con 0x7f55ac076c60
2023-12-19T19:05:49.899 INFO:teuthology.orchestra.run.smithi055.stdout:/usr/bin/ceph: stderr
2023-12-19T19:05:49.066+0000 7f55aa59c700 1 --2- >> [v2:172.21.15.55:3300/0,v1:172.21.15.55:6789/0] conn(0x7f55ac076c60 0x7f55ac111190 unknown :-1 s=BANNER_CONNECTING pgs=0 cs=0 l=1 rev1=0 crypto rx=0 tx=0 comp rx=0 tx=0)._handle_peer_banner_payload supported=3 required=0
2023-12-19T19:05:49.899 INFO:teuthology.orchestra.run.smithi055.stdout:/usr/bin/ceph: stderr
2023-12-19T19:05:49.066+0000 7f55aa59c700 1 --2- >> [v2:172.21.15.55:3300/0,v1:172.21.15.55:6789/0] conn(0x7f55ac076c60 0x7f55ac111190 unknown :-1 s=HELLO_CONNECTING pgs=0 cs=0 l=1 rev1=1 crypto rx=0 tx=0 comp rx=0 tx=0).handle_hello peer v2:172.21.15.55:3300/0 says I am v2:172.21.15.55:51390/0 (socket says 172.21.15.55:51390)
2023-12-19T19:05:49.899 INFO:teuthology.orchestra.run.smithi055.stdout:/usr/bin/ceph: stderr
2023-12-19T19:05:49.066+0000 7f55aa59c700 1 -- 172.21.15.55:0/1061919334 learned_addr learned my addr 172.21.15.55:0/1061919334 (peer_addr_for_me v2:172.21.15.55:0/0)
2023-12-19T19:05:49.899 INFO:teuthology.orchestra.run.smithi055.stdout:/usr/bin/ceph: stderr
2023-12-19T19:05:49.067+0000 7f55aa59c700 1 -- 172.21.15.55:0/1061919334 --> [v2:172.21.15.55:3300/0,v1:172.21.15.55:6789/0] -- mon_subscribe({config=0+,monmap=0+}) v3 -- 0x7f55940094f0 con 0x7f55ac076c60
2023-12-19T19:05:49.899 INFO:teuthology.orchestra.run.smithi055.stdout:/usr/bin/ceph: stderr
2023-12-19T19:05:49.067+0000 7f55aa59c700 1 --2- 172.21.15.55:0/1061919334 >> [v2:172.21.15.55:3300/0,v1:172.21.15.55:6789/0] conn(0x7f55ac076c60 0x7f55ac111190 secure :-1 s=READY pgs=56 cs=0 l=1 rev1=1 crypto rx=0x7f5594006d40 tx=0x7f5594009250 comp rx=0 tx=0).ready entity=mon.0 client_cookie=0 server_cookie=0 in_seq=0 out_seq=0
2023-12-19T19:05:49.899 INFO:teuthology.orchestra.run.smithi055.stdout:/usr/bin/ceph: stderr
2023-12-19T19:05:49.067+0000 7f55a2ffd700 1 -- 172.21.15.55:0/1061919334 <== mon.0 v2:172.21.15.55:3300/0 1 ==== mon_map magic: 0 v1 ==== 229+0+0 (secure 0 0 0) 0x7f5594010960 con 0x7f55ac076c60
2023-12-19T19:05:49.899 INFO:teuthology.orchestra.run.smithi055.stdout:/usr/bin/ceph: stderr
2023-12-19T19:05:49.067+0000 7f55a2ffd700 1 -- 172.21.15.55:0/1061919334 <== mon.0 v2:172.21.15.55:3300/0 2 ==== config(26 keys) v1 ==== 1074+0+0 (secure 0 0 0) 0x7f559401a430 con 0x7f55ac076c60
2023-12-19T19:05:49.899 INFO:teuthology.orchestra.run.smithi055.stdout:/usr/bin/ceph: stderr
2023-12-19T19:05:49.067+0000 7f55b0b3a700 1 -- 172.21.15.55:0/1061919334 --> [v2:172.21.15.55:3300/0,v1:172.21.15.55:6789/0] -- mon_subscribe({mgrmap=0+}) v3 -- 0x7f55ac1118d0 con 0x7f55ac076c60
2023-12-19T19:05:49.899 INFO:teuthology.orchestra.run.smithi055.stdout:/usr/bin/ceph: stderr
2023-12-19T19:05:49.067+0000 7f55a2ffd700 1 -- 172.21.15.55:0/1061919334 <== mon.0 v2:172.21.15.55:3300/0 3 ==== mon_map magic: 0 v1 ==== 229+0+0 (secure 0 0 0) 0x7f55940245b0 con 0x7f55ac076c60
2023-12-19T19:05:49.899 INFO:teuthology.orchestra.run.smithi055.stdout:/usr/bin/ceph: stderr
2023-12-19T19:05:49.067+0000 7f55b0b3a700 1 -- 172.21.15.55:0/1061919334 --> [v2:172.21.15.55:3300/0,v1:172.21.15.55:6789/0] -- mon_subscribe({osdmap=0}) v3 -- 0x7f55ac111ce0 con 0x7f55ac076c60
2023-12-19T19:05:49.899 INFO:teuthology.orchestra.run.smithi055.stdout:/usr/bin/ceph: stderr
2023-12-19T19:05:49.068+0000 7f55a2ffd700 1 -- 172.21.15.55:0/1061919334 <== mon.0 v2:172.21.15.55:3300/0 4 ==== mgrmap(e 8) v1 ==== 43281+0+0 (secure 0 0 0) 0x7f559402d3f0 con 0x7f55ac076c60
2023-12-19T19:05:49.900 INFO:teuthology.orchestra.run.smithi055.stdout:/usr/bin/ceph: stderr
2023-12-19T19:05:49.068+0000 7f55b0b3a700 1 -- 172.21.15.55:0/1061919334 --> [v2:172.21.15.55:3300/0,v1:172.21.15.55:6789/0] -- mon_command({"prefix": "get_command_descriptions"} v 0) v1 -- 0x7f55ac04bb80 con 0x7f55ac076c60
2023-12-19T19:05:49.900 INFO:teuthology.orchestra.run.smithi055.stdout:/usr/bin/ceph: stderr
2023-12-19T19:05:49.068+0000 7f55a2ffd700 1 --2- 172.21.15.55:0/1061919334 >> [v2:172.21.15.55:6800/2922737294,v1:172.21.15.55:6801/2922737294] conn(0x7f55980365f0 0x7f5598038aa0 unknown :-1 s=NONE pgs=0 cs=0 l=1 rev1=0 crypto rx=0 tx=0 comp rx=0 tx=0).connect
2023-12-19T19:05:49.900 INFO:teuthology.orchestra.run.smithi055.stdout:/usr/bin/ceph: stderr
2023-12-19T19:05:49.068+0000 7f55a2ffd700 1 -- 172.21.15.55:0/1061919334 <== mon.0 v2:172.21.15.55:3300/0 5 ==== osd_map(2..2 src has 1..2) v4 ==== 936+0+0 (secure 0 0 0) 0x7f559404a270 con 0x7f55ac076c60
2023-12-19T19:05:49.900 INFO:teuthology.orchestra.run.smithi055.stdout:/usr/bin/ceph: stderr
2023-12-19T19:05:49.068+0000 7f55a9d9b700 1 --2- 172.21.15.55:0/1061919334 >> [v2:172.21.15.55:6800/2922737294,v1:172.21.15.55:6801/2922737294] conn(0x7f55980365f0 0x7f5598038aa0 unknown :-1 s=BANNER_CONNECTING pgs=0 cs=0 l=1 rev1=0 crypto rx=0 tx=0 comp rx=0 tx=0)._handle_peer_banner_payload supported=3 required=0
2023-12-19T19:05:49.900 INFO:teuthology.orchestra.run.smithi055.stdout:/usr/bin/ceph: stderr
2023-12-19T19:05:49.069+0000 7f55a9d9b700 1 --2- 172.21.15.55:0/1061919334 >> [v2:172.21.15.55:6800/2922737294,v1:172.21.15.55:6801/2922737294] conn(0x7f55980365f0 0x7f5598038aa0 secure :-1 s=READY pgs=16 cs=0 l=1 rev1=1 crypto rx=0x7f559c009990 tx=0x7f559c006e40 comp rx=0 tx=0).ready entity=mgr.14120 client_cookie=0 server_cookie=0 in_seq=0 out_seq=0
2023-12-19T19:05:49.900 INFO:teuthology.orchestra.run.smithi055.stdout:/usr/bin/ceph: stderr
2023-12-19T19:05:49.073+0000 7f55a2ffd700 1 -- 172.21.15.55:0/1061919334 <== mon.0 v2:172.21.15.55:3300/0 6 ==== mon_command_ack([{"prefix": "get_command_descriptions"}]=0 v0) v1 ==== 72+0+174570 (secure 0 0 0) 0x7f5594010ca0 con 0x7f55ac076c60
2023-12-19T19:05:49.900 INFO:teuthology.orchestra.run.smithi055.stdout:/usr/bin/ceph: stderr
2023-12-19T19:05:49.283+0000 7f55b0b3a700 1 -- 172.21.15.55:0/1061919334 --> [v2:172.21.15.55:6800/2922737294,v1:172.21.15.55:6801/2922737294] -- mgr_command(tid 0: {"prefix": "orch apply", "service_type": "grafana", "target": ["mon-mgr", ""]}) v1 -- 0x7f55ac0008d0 con 0x7f55980365f0
2023-12-19T19:05:49.900 INFO:teuthology.orchestra.run.smithi055.stdout:/usr/bin/ceph: stderr
2023-12-19T19:05:49.288+0000 7f55a2ffd700 1 -- 172.21.15.55:0/1061919334 <== mgr.14120 v2:172.21.15.55:6800/2922737294 1 ==== mgr_command_reply(tid 0: 0 ) v1 ==== 8+0+28 (secure 0 0 0) 0x7f55ac0008d0 con 0x7f55980365f0
2023-12-19T19:05:49.900 INFO:teuthology.orchestra.run.smithi055.stdout:/usr/bin/ceph: stderr
2023-12-19T19:05:49.290+0000 7f55b0b3a700 1 -- 172.21.15.55:0/1061919334 >> [v2:172.21.15.55:6800/2922737294,v1:172.21.15.55:6801/2922737294] conn(0x7f55980365f0 msgr2=0x7f5598038aa0 secure :-1 s=STATE_CONNECTION_ESTABLISHED l=1).mark_down
2023-12-19T19:05:49.900 INFO:teuthology.orchestra.run.smithi055.stdout:/usr/bin/ceph: stderr
2023-12-19T19:05:49.290+0000 7f55b0b3a700 1 --2- 172.21.15.55:0/1061919334 >> [v2:172.21.15.55:6800/2922737294,v1:172.21.15.55:6801/2922737294] conn(0x7f55980365f0 0x7f5598038aa0 secure :-1 s=READY pgs=16 cs=0 l=1 rev1=1 crypto rx=0x7f559c009990 tx=0x7f559c006e40 comp rx=0 tx=0).stop
2023-12-19T19:05:49.900 INFO:teuthology.orchestra.run.smithi055.stdout:/usr/bin/ceph: stderr
2023-12-19T19:05:49.290+0000 7f55b0b3a700 1 -- 172.21.15.55:0/1061919334 >> [v2:172.21.15.55:3300/0,v1:172.21.15.55:6789/0] conn(0x7f55ac076c60 msgr2=0x7f55ac111190 secure :-1 s=STATE_CONNECTION_ESTABLISHED l=1).mark_down
2023-12-19T19:05:49.900 INFO:teuthology.orchestra.run.smithi055.stdout:/usr/bin/ceph: stderr
2023-12-19T19:05:49.290+0000 7f55b0b3a700 1 --2- 172.21.15.55:0/1061919334 >> [v2:172.21.15.55:3300/0,v1:172.21.15.55:6789/0] conn(0x7f55ac076c60 0x7f55ac111190 secure :-1 s=READY pgs=56 cs=0 l=1 rev1=1 crypto rx=0x7f5594006d40 tx=0x7f5594009250 comp rx=0 tx=0).stop
2023-12-19T19:05:49.900 INFO:teuthology.orchestra.run.smithi055.stdout:/usr/bin/ceph: stderr
2023-12-19T19:05:49.290+0000 7f55b0b3a700 1 -- 172.21.15.55:0/1061919334 shutdown_connections
2023-12-19T19:05:49.900 INFO:teuthology.orchestra.run.smithi055.stdout:/usr/bin/ceph: stderr
2023-12-19T19:05:49.290+0000 7f55b0b3a700 1 --2- 172.21.15.55:0/1061919334 >> [v2:172.21.15.55:6800/2922737294,v1:172.21.15.55:6801/2922737294] conn(0x7f55980365f0 0x7f5598038aa0 unknown :-1 s=CLOSED pgs=16 cs=0 l=1 rev1=1 crypto rx=0 tx=0 comp rx=0 tx=0).stop
2023-12-19T19:05:49.900 INFO:teuthology.orchestra.run.smithi055.stdout:/usr/bin/ceph: stderr
2023-12-19T19:05:49.290+0000 7f55b0b3a700 1 --2- 172.21.15.55:0/1061919334 >> [v2:172.21.15.55:3300/0,v1:172.21.15.55:6789/0] conn(0x7f55ac076c60 0x7f55ac111190 unknown :-1 s=CLOSED pgs=56 cs=0 l=1 rev1=1 crypto rx=0 tx=0 comp rx=0 tx=0).stop
2023-12-19T19:05:49.901 INFO:teuthology.orchestra.run.smithi055.stdout:/usr/bin/ceph: stderr
2023-12-19T19:05:49.290+0000 7f55b0b3a700 1 -- 172.21.15.55:0/1061919334 >> 172.21.15.55:0/1061919334 conn(0x7f55ac0fc950 msgr2=0x7f55ac0fed50 unknown :-1 s=STATE_NONE l=0).mark_down
2023-12-19T19:05:49.901 INFO:teuthology.orchestra.run.smithi055.stdout:/usr/bin/ceph: stderr
2023-12-19T19:05:49.290+0000 7f55b0b3a700 1 -- 172.21.15.55:0/1061919334 shutdown_connections
2023-12-19T19:05:49.901 INFO:teuthology.orchestra.run.smithi055.stdout:/usr/bin/ceph: stderr
2023-12-19T19:05:49.290+0000 7f55b0b3a700 1 -- 172.21.15.55:0/1061919334 wait complete.
2023-12-19T19:05:49.901 INFO:teuthology.orchestra.run.smithi055.stdout:Deploying node-exporter service with default placement...
2023-12-19T19:05:50.528 INFO:journalctl@ceph.mon.smithi055.smithi055.stdout:Dec 19 19:05:50 smithi055 ceph-mon[80978]: from='client.14150 -' entity='client.admin' cmd=[{"prefix": "orch apply", "service_type": "grafana", "target": ["mon-mgr", ""]}]: dispatch
2023-12-19T19:05:50.528 INFO:journalctl@ceph.mon.smithi055.smithi055.stdout:Dec 19 19:05:50 smithi055 ceph-mon[80978]: Saving service grafana spec with placement count:1
2023-12-19T19:05:50.529 INFO:journalctl@ceph.mon.smithi055.smithi055.stdout:Dec 19 19:05:50 smithi055 ceph-mon[80978]: from='mgr.14120 172.21.15.55:0/483842772' entity='mgr.smithi055.dwclvp'
2023-12-19T19:05:51.028 INFO:teuthology.orchestra.run.smithi055.stdout:/usr/bin/ceph: stdout Scheduled node-exporter update...
2023-12-19T19:05:51.029 INFO:teuthology.orchestra.run.smithi055.stdout:/usr/bin/ceph: stderr
2023-12-19T19:05:50.309+0000 7f759f716700 1 Processor -- start
2023-12-19T19:05:51.029 INFO:teuthology.orchestra.run.smithi055.stdout:/usr/bin/ceph: stderr
2023-12-19T19:05:50.309+0000 7f759f716700 1 -- start start
2023-12-19T19:05:51.029 INFO:teuthology.orchestra.run.smithi055.stdout:/usr/bin/ceph: stderr
2023-12-19T19:05:50.309+0000 7f759f716700 1 --2- >> [v2:172.21.15.55:3300/0,v1:172.21.15.55:6789/0] conn(0x7f75981039c0 0x7f7598103dd0 unknown :-1 s=NONE pgs=0 cs=0 l=0 rev1=0 crypto rx=0 tx=0 comp rx=0 tx=0).connect
2023-12-19T19:05:51.029 INFO:teuthology.orchestra.run.smithi055.stdout:/usr/bin/ceph: stderr
2023-12-19T19:05:50.309+0000 7f759f716700 1 -- --> [v2:172.21.15.55:3300/0,v1:172.21.15.55:6789/0] -- mon_getmap magic: 0 v1 -- 0x7f7598104310 con 0x7f75981039c0
2023-12-19T19:05:51.029 INFO:teuthology.orchestra.run.smithi055.stdout:/usr/bin/ceph: stderr
2023-12-19T19:05:50.310+0000 7f759d4b2700 1 --2- >> [v2:172.21.15.55:3300/0,v1:172.21.15.55:6789/0] conn(0x7f75981039c0 0x7f7598103dd0 unknown :-1 s=BANNER_CONNECTING pgs=0 cs=0 l=0 rev1=0 crypto rx=0 tx=0 comp rx=0 tx=0)._handle_peer_banner_payload supported=3 required=0
2023-12-19T19:05:51.029 INFO:teuthology.orchestra.run.smithi055.stdout:/usr/bin/ceph: stderr
2023-12-19T19:05:50.310+0000 7f759d4b2700 1 --2- >> [v2:172.21.15.55:3300/0,v1:172.21.15.55:6789/0] conn(0x7f75981039c0 0x7f7598103dd0 unknown :-1 s=HELLO_CONNECTING pgs=0 cs=0 l=0 rev1=1 crypto rx=0 tx=0 comp rx=0 tx=0).handle_hello peer v2:172.21.15.55:3300/0 says I am v2:172.21.15.55:51396/0 (socket says 172.21.15.55:51396)
2023-12-19T19:05:51.029 INFO:teuthology.orchestra.run.smithi055.stdout:/usr/bin/ceph: stderr
2023-12-19T19:05:50.310+0000 7f759d4b2700 1 -- 172.21.15.55:0/178373486 learned_addr learned my addr 172.21.15.55:0/178373486 (peer_addr_for_me v2:172.21.15.55:0/0)
2023-12-19T19:05:51.029 INFO:teuthology.orchestra.run.smithi055.stdout:/usr/bin/ceph: stderr
2023-12-19T19:05:50.310+0000 7f759d4b2700 1 -- 172.21.15.55:0/178373486 --> [v2:172.21.15.55:3300/0,v1:172.21.15.55:6789/0] -- mon_subscribe({config=0+,monmap=0+}) v3 -- 0x7f7598101fb0 con 0x7f75981039c0
2023-12-19T19:05:51.029 INFO:teuthology.orchestra.run.smithi055.stdout:/usr/bin/ceph: stderr
2023-12-19T19:05:50.310+0000 7f759d4b2700 1 --2- 172.21.15.55:0/178373486 >> [v2:172.21.15.55:3300/0,v1:172.21.15.55:6789/0] conn(0x7f75981039c0 0x7f7598103dd0 secure :-1 s=READY pgs=57 cs=0 l=1 rev1=1 crypto rx=0x7f7588009e50 tx=0x7f7588009840 comp rx=0 tx=0).ready entity=mon.0 client_cookie=f76c68d7ff00a65e server_cookie=0 in_seq=0 out_seq=0
2023-12-19T19:05:51.030 INFO:teuthology.orchestra.run.smithi055.stdout:/usr/bin/ceph: stderr
2023-12-19T19:05:50.310+0000 7f7597fff700 1 -- 172.21.15.55:0/178373486 <== mon.0 v2:172.21.15.55:3300/0 1 ==== mon_map magic: 0 v1 ==== 229+0+0 (secure 0 0 0) 0x7f75880092e0 con 0x7f75981039c0
2023-12-19T19:05:51.030 INFO:teuthology.orchestra.run.smithi055.stdout:/usr/bin/ceph: stderr
2023-12-19T19:05:50.310+0000 7f7597fff700 1 -- 172.21.15.55:0/178373486 <== mon.0 v2:172.21.15.55:3300/0 2 ==== config(26 keys) v1 ==== 1074+0+0 (secure 0 0 0) 0x7f7588012430 con 0x7f75981039c0
2023-12-19T19:05:51.030 INFO:teuthology.orchestra.run.smithi055.stdout:/usr/bin/ceph: stderr
2023-12-19T19:05:50.310+0000 7f7597fff700 1 -- 172.21.15.55:0/178373486 <== mon.0 v2:172.21.15.55:3300/0 3 ==== mon_map magic: 0 v1 ==== 229+0+0 (secure 0 0 0) 0x7f75880075c0 con 0x7f75981039c0
2023-12-19T19:05:51.030 INFO:teuthology.orchestra.run.smithi055.stdout:/usr/bin/ceph: stderr
2023-12-19T19:05:50.311+0000 7f759f716700 1 -- 172.21.15.55:0/178373486 >> [v2:172.21.15.55:3300/0,v1:172.21.15.55:6789/0] conn(0x7f75981039c0 msgr2=0x7f7598103dd0 secure :-1 s=STATE_CONNECTION_ESTABLISHED l=1).mark_down
2023-12-19T19:05:51.030 INFO:teuthology.orchestra.run.smithi055.stdout:/usr/bin/ceph: stderr
2023-12-19T19:05:50.311+0000 7f759f716700 1 --2- 172.21.15.55:0/178373486 >> [v2:172.21.15.55:3300/0,v1:172.21.15.55:6789/0] conn(0x7f75981039c0 0x7f7598103dd0 secure :-1 s=READY pgs=57 cs=0 l=1 rev1=1 crypto rx=0x7f7588009e50 tx=0x7f7588009840 comp rx=0 tx=0).stop
2023-12-19T19:05:51.030 INFO:teuthology.orchestra.run.smithi055.stdout:/usr/bin/ceph: stderr
2023-12-19T19:05:50.311+0000 7f759f716700 1 -- 172.21.15.55:0/178373486 shutdown_connections
2023-12-19T19:05:51.030 INFO:teuthology.orchestra.run.smithi055.stdout:/usr/bin/ceph: stderr
2023-12-19T19:05:50.311+0000 7f759f716700 1 --2- 172.21.15.55:0/178373486 >> [v2:172.21.15.55:3300/0,v1:172.21.15.55:6789/0] conn(0x7f75981039c0 0x7f7598103dd0 unknown :-1 s=CLOSED pgs=57 cs=0 l=1 rev1=1 crypto rx=0 tx=0 comp rx=0 tx=0).stop
2023-12-19T19:05:51.030 INFO:teuthology.orchestra.run.smithi055.stdout:/usr/bin/ceph: stderr
2023-12-19T19:05:50.311+0000 7f759f716700 1 -- 172.21.15.55:0/178373486 >> 172.21.15.55:0/178373486 conn(0x7f75980fda40 msgr2=0x7f75980ffe70 unknown :-1 s=STATE_NONE l=0).mark_down
2023-12-19T19:05:51.030 INFO:teuthology.orchestra.run.smithi055.stdout:/usr/bin/ceph: stderr
2023-12-19T19:05:50.311+0000 7f759f716700 1 -- 172.21.15.55:0/178373486 shutdown_connections
2023-12-19T19:05:51.030 INFO:teuthology.orchestra.run.smithi055.stdout:/usr/bin/ceph: stderr
2023-12-19T19:05:50.311+0000 7f759f716700 1 -- 172.21.15.55:0/178373486 wait complete.
2023-12-19T19:05:51.030 INFO:teuthology.orchestra.run.smithi055.stdout:/usr/bin/ceph: stderr
2023-12-19T19:05:50.311+0000 7f759f716700 1 Processor -- start
2023-12-19T19:05:51.031 INFO:teuthology.orchestra.run.smithi055.stdout:/usr/bin/ceph: stderr
2023-12-19T19:05:50.311+0000 7f759f716700 1 -- start start
2023-12-19T19:05:51.031 INFO:teuthology.orchestra.run.smithi055.stdout:/usr/bin/ceph: stderr
2023-12-19T19:05:50.312+0000 7f759f716700 1 --2- >> [v2:172.21.15.55:3300/0,v1:172.21.15.55:6789/0] conn(0x7f75981039c0 0x7f7598078d10 unknown :-1 s=NONE pgs=0 cs=0 l=1 rev1=0 crypto rx=0 tx=0 comp rx=0 tx=0).connect
2023-12-19T19:05:51.031 INFO:teuthology.orchestra.run.smithi055.stdout:/usr/bin/ceph: stderr
2023-12-19T19:05:50.312+0000 7f759f716700 1 -- --> [v2:172.21.15.55:3300/0,v1:172.21.15.55:6789/0] -- mon_getmap magic: 0 v1 -- 0x7f7598077190 con 0x7f75981039c0
2023-12-19T19:05:51.031 INFO:teuthology.orchestra.run.smithi055.stdout:/usr/bin/ceph: stderr
2023-12-19T19:05:50.312+0000 7f759d4b2700 1 --2- >> [v2:172.21.15.55:3300/0,v1:172.21.15.55:6789/0] conn(0x7f75981039c0 0x7f7598078d10 unknown :-1 s=BANNER_CONNECTING pgs=0 cs=0 l=1 rev1=0 crypto rx=0 tx=0 comp rx=0 tx=0)._handle_peer_banner_payload supported=3 required=0
2023-12-19T19:05:51.031 INFO:teuthology.orchestra.run.smithi055.stdout:/usr/bin/ceph: stderr
2023-12-19T19:05:50.312+0000 7f759d4b2700 1 --2- >> [v2:172.21.15.55:3300/0,v1:172.21.15.55:6789/0] conn(0x7f75981039c0 0x7f7598078d10 unknown :-1 s=HELLO_CONNECTING pgs=0 cs=0 l=1 rev1=1 crypto rx=0 tx=0 comp rx=0 tx=0).handle_hello peer v2:172.21.15.55:3300/0 says I am v2:172.21.15.55:51400/0 (socket says 172.21.15.55:51400)
2023-12-19T19:05:51.031 INFO:teuthology.orchestra.run.smithi055.stdout:/usr/bin/ceph: stderr
2023-12-19T19:05:50.312+0000 7f759d4b2700 1 -- 172.21.15.55:0/1774786404 learned_addr learned my addr 172.21.15.55:0/1774786404 (peer_addr_for_me v2:172.21.15.55:0/0)
2023-12-19T19:05:51.031 INFO:teuthology.orchestra.run.smithi055.stdout:/usr/bin/ceph: stderr
2023-12-19T19:05:50.312+0000 7f759d4b2700 1 -- 172.21.15.55:0/1774786404 --> [v2:172.21.15.55:3300/0,v1:172.21.15.55:6789/0] -- mon_subscribe({config=0+,monmap=0+}) v3 -- 0x7f7588009ae0 con 0x7f75981039c0
2023-12-19T19:05:51.031 INFO:teuthology.orchestra.run.smithi055.stdout:/usr/bin/ceph: stderr
2023-12-19T19:05:50.312+0000 7f759d4b2700 1 --2- 172.21.15.55:0/1774786404 >> [v2:172.21.15.55:3300/0,v1:172.21.15.55:6789/0] conn(0x7f75981039c0 0x7f7598078d10 secure :-1 s=READY pgs=58 cs=0 l=1 rev1=1 crypto rx=0x7f75880127d0 tx=0x7f7588009840 comp rx=0 tx=0).ready entity=mon.0 client_cookie=0 server_cookie=0 in_seq=0 out_seq=0
2023-12-19T19:05:51.031 INFO:teuthology.orchestra.run.smithi055.stdout:/usr/bin/ceph: stderr
2023-12-19T19:05:50.312+0000 7f7595ffb700 1 -- 172.21.15.55:0/1774786404 <== mon.0 v2:172.21.15.55:3300/0 1 ==== mon_map magic: 0 v1 ==== 229+0+0 (secure 0 0 0) 0x7f75880092e0 con 0x7f75981039c0
2023-12-19T19:05:51.031 INFO:teuthology.orchestra.run.smithi055.stdout:/usr/bin/ceph: stderr
2023-12-19T19:05:50.312+0000 7f7595ffb700 1 -- 172.21.15.55:0/1774786404 <== mon.0 v2:172.21.15.55:3300/0 2 ==== config(26 keys) v1 ==== 1074+0+0 (secure 0 0 0) 0x7f7588007ce0 con 0x7f75981039c0
2023-12-19T19:05:51.031 INFO:teuthology.orchestra.run.smithi055.stdout:/usr/bin/ceph: stderr
2023-12-19T19:05:50.312+0000 7f759f716700 1 -- 172.21.15.55:0/1774786404 --> [v2:172.21.15.55:3300/0,v1:172.21.15.55:6789/0] -- mon_subscribe({mgrmap=0+}) v3 -- 0x7f7598077390 con 0x7f75981039c0
2023-12-19T19:05:51.031 INFO:teuthology.orchestra.run.smithi055.stdout:/usr/bin/ceph: stderr
2023-12-19T19:05:50.312+0000 7f7595ffb700 1 -- 172.21.15.55:0/1774786404 <== mon.0 v2:172.21.15.55:3300/0 3 ==== mon_map magic: 0 v1 ==== 229+0+0 (secure 0 0 0) 0x7f758801c910 con 0x7f75981039c0
2023-12-19T19:05:51.032 INFO:teuthology.orchestra.run.smithi055.stdout:/usr/bin/ceph: stderr
2023-12-19T19:05:50.313+0000 7f759f716700 1 -- 172.21.15.55:0/1774786404 --> [v2:172.21.15.55:3300/0,v1:172.21.15.55:6789/0] -- mon_subscribe({osdmap=0}) v3 -- 0x7f7598077800 con 0x7f75981039c0
2023-12-19T19:05:51.032 INFO:teuthology.orchestra.run.smithi055.stdout:/usr/bin/ceph: stderr
2023-12-19T19:05:50.313+0000 7f7595ffb700 1 -- 172.21.15.55:0/1774786404 <== mon.0 v2:172.21.15.55:3300/0 4 ==== mgrmap(e 8) v1 ==== 43281+0+0 (secure 0 0 0) 0x7f7588019070 con 0x7f75981039c0
2023-12-19T19:05:51.032 INFO:teuthology.orchestra.run.smithi055.stdout:/usr/bin/ceph: stderr
2023-12-19T19:05:50.314+0000 7f759f716700 1 -- 172.21.15.55:0/1774786404 --> [v2:172.21.15.55:3300/0,v1:172.21.15.55:6789/0] -- mon_command({"prefix": "get_command_descriptions"} v 0) v1 -- 0x7f759810b190 con 0x7f75981039c0
2023-12-19T19:05:51.032 INFO:teuthology.orchestra.run.smithi055.stdout:/usr/bin/ceph: stderr
2023-12-19T19:05:50.314+0000 7f7595ffb700 1 --2- 172.21.15.55:0/1774786404 >> [v2:172.21.15.55:6800/2922737294,v1:172.21.15.55:6801/2922737294] conn(0x7f7580036640 0x7f7580038af0 unknown :-1 s=NONE pgs=0 cs=0 l=1 rev1=0 crypto rx=0 tx=0 comp rx=0 tx=0).connect
2023-12-19T19:05:51.032 INFO:teuthology.orchestra.run.smithi055.stdout:/usr/bin/ceph: stderr
2023-12-19T19:05:50.314+0000 7f7595ffb700 1 -- 172.21.15.55:0/1774786404 <== mon.0 v2:172.21.15.55:3300/0 5 ==== osd_map(2..2 src has 1..2) v4 ==== 936+0+0 (secure 0 0 0) 0x7f7588049bf0 con 0x7f75981039c0
2023-12-19T19:05:51.032 INFO:teuthology.orchestra.run.smithi055.stdout:/usr/bin/ceph: stderr
2023-12-19T19:05:50.314+0000 7f759ccb1700 1 --2- 172.21.15.55:0/1774786404 >> [v2:172.21.15.55:6800/2922737294,v1:172.21.15.55:6801/2922737294] conn(0x7f7580036640 0x7f7580038af0 unknown :-1 s=BANNER_CONNECTING pgs=0 cs=0 l=1 rev1=0 crypto rx=0 tx=0 comp rx=0 tx=0)._handle_peer_banner_payload supported=3 required=0
2023-12-19T19:05:51.032 INFO:teuthology.orchestra.run.smithi055.stdout:/usr/bin/ceph: stderr
2023-12-19T19:05:50.314+0000 7f759ccb1700 1 --2- 172.21.15.55:0/1774786404 >> [v2:172.21.15.55:6800/2922737294,v1:172.21.15.55:6801/2922737294] conn(0x7f7580036640 0x7f7580038af0 secure :-1 s=READY pgs=17 cs=0 l=1 rev1=1 crypto rx=0x7f758c009990 tx=0x7f758c006e40 comp rx=0 tx=0).ready entity=mgr.14120 client_cookie=0 server_cookie=0 in_seq=0 out_seq=0
2023-12-19T19:05:51.032 INFO:teuthology.orchestra.run.smithi055.stdout:/usr/bin/ceph: stderr
2023-12-19T19:05:50.318+0000 7f7595ffb700 1 -- 172.21.15.55:0/1774786404 <== mon.0 v2:172.21.15.55:3300/0 6 ==== mon_command_ack([{"prefix": "get_command_descriptions"}]=0 v0) v1 ==== 72+0+174570 (secure 0 0 0) 0x7f7588019ad0 con 0x7f75981039c0
2023-12-19T19:05:51.032 INFO:teuthology.orchestra.run.smithi055.stdout:/usr/bin/ceph: stderr
2023-12-19T19:05:50.526+0000 7f759f716700 1 -- 172.21.15.55:0/1774786404 --> [v2:172.21.15.55:6800/2922737294,v1:172.21.15.55:6801/2922737294] -- mgr_command(tid 0: {"prefix": "orch apply", "service_type": "node-exporter", "target": ["mon-mgr", ""]}) v1 -- 0x7f759802b180 con 0x7f7580036640
2023-12-19T19:05:51.032 INFO:teuthology.orchestra.run.smithi055.stdout:/usr/bin/ceph: stderr
2023-12-19T19:05:50.535+0000 7f7595ffb700 1 -- 172.21.15.55:0/1774786404 <== mgr.14120 v2:172.21.15.55:6800/2922737294 1 ==== mgr_command_reply(tid 0: 0 ) v1 ==== 8+0+34 (secure 0 0 0) 0x7f759802b180 con 0x7f7580036640
2023-12-19T19:05:51.032 INFO:teuthology.orchestra.run.smithi055.stdout:/usr/bin/ceph: stderr
2023-12-19T19:05:50.537+0000 7f759f716700 1 -- 172.21.15.55:0/1774786404 >> [v2:172.21.15.55:6800/2922737294,v1:172.21.15.55:6801/2922737294] conn(0x7f7580036640 msgr2=0x7f7580038af0 secure :-1 s=STATE_CONNECTION_ESTABLISHED l=1).mark_down
2023-12-19T19:05:51.032 INFO:teuthology.orchestra.run.smithi055.stdout:/usr/bin/ceph: stderr
2023-12-19T19:05:50.537+0000 7f759f716700 1 --2- 172.21.15.55:0/1774786404 >> [v2:172.21.15.55:6800/2922737294,v1:172.21.15.55:6801/2922737294] conn(0x7f7580036640 0x7f7580038af0 secure :-1 s=READY pgs=17 cs=0 l=1 rev1=1 crypto rx=0x7f758c009990 tx=0x7f758c006e40 comp rx=0 tx=0).stop
2023-12-19T19:05:51.032 INFO:teuthology.orchestra.run.smithi055.stdout:/usr/bin/ceph: stderr
2023-12-19T19:05:50.537+0000 7f759f716700 1 -- 172.21.15.55:0/1774786404 >> [v2:172.21.15.55:3300/0,v1:172.21.15.55:6789/0] conn(0x7f75981039c0 msgr2=0x7f7598078d10 secure :-1 s=STATE_CONNECTION_ESTABLISHED l=1).mark_down
2023-12-19T19:05:51.033 INFO:teuthology.orchestra.run.smithi055.stdout:/usr/bin/ceph: stderr
2023-12-19T19:05:50.537+0000 7f759f716700 1 --2- 172.21.15.55:0/1774786404 >> [v2:172.21.15.55:3300/0,v1:172.21.15.55:6789/0] conn(0x7f75981039c0 0x7f7598078d10 secure :-1 s=READY pgs=58 cs=0 l=1 rev1=1 crypto rx=0x7f75880127d0 tx=0x7f7588009840 comp rx=0 tx=0).stop
2023-12-19T19:05:51.033 INFO:teuthology.orchestra.run.smithi055.stdout:/usr/bin/ceph: stderr
2023-12-19T19:05:50.537+0000 7f759f716700 1 -- 172.21.15.55:0/1774786404 shutdown_connections
2023-12-19T19:05:51.033 INFO:teuthology.orchestra.run.smithi055.stdout:/usr/bin/ceph: stderr
2023-12-19T19:05:50.537+0000 7f759f716700 1 --2- 172.21.15.55:0/1774786404 >> [v2:172.21.15.55:6800/2922737294,v1:172.21.15.55:6801/2922737294] conn(0x7f7580036640 0x7f7580038af0 unknown :-1 s=CLOSED pgs=17 cs=0 l=1 rev1=1 crypto rx=0 tx=0 comp rx=0 tx=0).stop
2023-12-19T19:05:51.033 INFO:teuthology.orchestra.run.smithi055.stdout:/usr/bin/ceph: stderr
2023-12-19T19:05:50.537+0000 7f759f716700 1 --2- 172.21.15.55:0/1774786404 >> [v2:172.21.15.55:3300/0,v1:172.21.15.55:6789/0] conn(0x7f75981039c0 0x7f7598078d10 unknown :-1 s=CLOSED pgs=58 cs=0 l=1 rev1=1 crypto rx=0 tx=0 comp rx=0 tx=0).stop
2023-12-19T19:05:51.033 INFO:teuthology.orchestra.run.smithi055.stdout:/usr/bin/ceph: stderr
2023-12-19T19:05:50.537+0000 7f759f716700 1 -- 172.21.15.55:0/1774786404 >> 172.21.15.55:0/1774786404 conn(0x7f75980fda40 msgr2=0x7f75980ffe40 unknown :-1 s=STATE_NONE l=0).mark_down
2023-12-19T19:05:51.033 INFO:teuthology.orchestra.run.smithi055.stdout:/usr/bin/ceph: stderr
2023-12-19T19:05:50.537+0000 7f759f716700 1 -- 172.21.15.55:0/1774786404 shutdown_connections
2023-12-19T19:05:51.033 INFO:teuthology.orchestra.run.smithi055.stdout:/usr/bin/ceph: stderr
2023-12-19T19:05:50.537+0000 7f759f716700 1 -- 172.21.15.55:0/1774786404 wait complete.
2023-12-19T19:05:51.033 INFO:teuthology.orchestra.run.smithi055.stdout:Deploying alertmanager service with default placement...
2023-12-19T19:05:51.803 INFO:journalctl@ceph.mon.smithi055.smithi055.stdout:Dec 19 19:05:51 smithi055 ceph-mon[80978]: from='client.14152 -' entity='client.admin' cmd=[{"prefix": "orch apply", "service_type": "node-exporter", "target": ["mon-mgr", ""]}]: dispatch
2023-12-19T19:05:51.803 INFO:journalctl@ceph.mon.smithi055.smithi055.stdout:Dec 19 19:05:51 smithi055 ceph-mon[80978]: Saving service node-exporter spec with placement *
2023-12-19T19:05:51.803 INFO:journalctl@ceph.mon.smithi055.smithi055.stdout:Dec 19 19:05:51 smithi055 ceph-mon[80978]: from='mgr.14120 172.21.15.55:0/483842772' entity='mgr.smithi055.dwclvp'
2023-12-19T19:05:52.160 INFO:teuthology.orchestra.run.smithi055.stdout:/usr/bin/ceph: stdout Scheduled alertmanager update...
2023-12-19T19:05:52.160 INFO:teuthology.orchestra.run.smithi055.stdout:/usr/bin/ceph: stderr
2023-12-19T19:05:51.401+0000 7fd8ed86d700 1 Processor -- start
2023-12-19T19:05:52.160 INFO:teuthology.orchestra.run.smithi055.stdout:/usr/bin/ceph: stderr
2023-12-19T19:05:51.401+0000 7fd8ed86d700 1 -- start start
2023-12-19T19:05:52.160 INFO:teuthology.orchestra.run.smithi055.stdout:/usr/bin/ceph: stderr
2023-12-19T19:05:51.401+0000 7fd8ed86d700 1 --2- >> [v2:172.21.15.55:3300/0,v1:172.21.15.55:6789/0] conn(0x7fd8e8078ce0 0x7fd8e80771f0 unknown :-1 s=NONE pgs=0 cs=0 l=0 rev1=0 crypto rx=0 tx=0 comp rx=0 tx=0).connect
2023-12-19T19:05:52.160 INFO:teuthology.orchestra.run.smithi055.stdout:/usr/bin/ceph: stderr
2023-12-19T19:05:51.401+0000 7fd8ed86d700 1 -- --> [v2:172.21.15.55:3300/0,v1:172.21.15.55:6789/0] -- mon_getmap magic: 0 v1 -- 0x7fd8e80790f0 con 0x7fd8e8078ce0
2023-12-19T19:05:52.160 INFO:teuthology.orchestra.run.smithi055.stdout:/usr/bin/ceph: stderr
2023-12-19T19:05:51.402+0000 7fd8e6ffd700 1 --2- >> [v2:172.21.15.55:3300/0,v1:172.21.15.55:6789/0] conn(0x7fd8e8078ce0 0x7fd8e80771f0 unknown :-1 s=BANNER_CONNECTING pgs=0 cs=0 l=0 rev1=0 crypto rx=0 tx=0 comp rx=0 tx=0)._handle_peer_banner_payload supported=3 required=0
2023-12-19T19:05:52.160 INFO:teuthology.orchestra.run.smithi055.stdout:/usr/bin/ceph: stderr
2023-12-19T19:05:51.402+0000 7fd8e6ffd700 1 --2- >> [v2:172.21.15.55:3300/0,v1:172.21.15.55:6789/0] conn(0x7fd8e8078ce0 0x7fd8e80771f0 unknown :-1 s=HELLO_CONNECTING pgs=0 cs=0 l=0 rev1=1 crypto rx=0 tx=0 comp rx=0 tx=0).handle_hello peer v2:172.21.15.55:3300/0 says I am v2:172.21.15.55:51414/0 (socket says 172.21.15.55:51414)
2023-12-19T19:05:52.160 INFO:teuthology.orchestra.run.smithi055.stdout:/usr/bin/ceph: stderr
2023-12-19T19:05:51.402+0000 7fd8e6ffd700 1 -- 172.21.15.55:0/3401738179 learned_addr learned my addr 172.21.15.55:0/3401738179 (peer_addr_for_me v2:172.21.15.55:0/0)
2023-12-19T19:05:52.160 INFO:teuthology.orchestra.run.smithi055.stdout:/usr/bin/ceph: stderr
2023-12-19T19:05:51.402+0000 7fd8e6ffd700 1 -- 172.21.15.55:0/3401738179 --> [v2:172.21.15.55:3300/0,v1:172.21.15.55:6789/0] -- mon_subscribe({config=0+,monmap=0+}) v3 -- 0x7fd8e8077730 con 0x7fd8e8078ce0
2023-12-19T19:05:52.160 INFO:teuthology.orchestra.run.smithi055.stdout:/usr/bin/ceph: stderr
2023-12-19T19:05:51.402+0000 7fd8e6ffd700 1 --2- 172.21.15.55:0/3401738179 >> [v2:172.21.15.55:3300/0,v1:172.21.15.55:6789/0] conn(0x7fd8e8078ce0 0x7fd8e80771f0 secure :-1 s=READY pgs=59 cs=0 l=1 rev1=1 crypto rx=0x7fd8e0009e50 tx=0x7fd8e0009840 comp rx=0 tx=0).ready entity=mon.0 client_cookie=6f0b09b73f2b2e0b server_cookie=0 in_seq=0 out_seq=0
2023-12-19T19:05:52.161 INFO:teuthology.orchestra.run.smithi055.stdout:/usr/bin/ceph: stderr
2023-12-19T19:05:51.402+0000 7fd8e5ffb700 1 -- 172.21.15.55:0/3401738179 <== mon.0 v2:172.21.15.55:3300/0 1 ==== mon_map magic: 0 v1 ==== 229+0+0 (secure 0 0 0) 0x7fd8e00092e0 con 0x7fd8e8078ce0
2023-12-19T19:05:52.161 INFO:teuthology.orchestra.run.smithi055.stdout:/usr/bin/ceph: stderr
2023-12-19T19:05:51.402+0000 7fd8e5ffb700 1 -- 172.21.15.55:0/3401738179 <== mon.0 v2:172.21.15.55:3300/0 2 ==== config(26 keys) v1 ==== 1074+0+0 (secure 0 0 0) 0x7fd8e0012430 con 0x7fd8e8078ce0
2023-12-19T19:05:52.161 INFO:teuthology.orchestra.run.smithi055.stdout:/usr/bin/ceph: stderr
2023-12-19T19:05:51.402+0000 7fd8e5ffb700 1 -- 172.21.15.55:0/3401738179 <== mon.0 v2:172.21.15.55:3300/0 3 ==== mon_map magic: 0 v1 ==== 229+0+0 (secure 0 0 0) 0x7fd8e00075c0 con 0x7fd8e8078ce0
2023-12-19T19:05:52.161 INFO:teuthology.orchestra.run.smithi055.stdout:/usr/bin/ceph: stderr
2023-12-19T19:05:51.403+0000 7fd8ed86d700 1 -- 172.21.15.55:0/3401738179 >> [v2:172.21.15.55:3300/0,v1:172.21.15.55:6789/0] conn(0x7fd8e8078ce0 msgr2=0x7fd8e80771f0 secure :-1 s=STATE_CONNECTION_ESTABLISHED l=1).mark_down
2023-12-19T19:05:52.161 INFO:teuthology.orchestra.run.smithi055.stdout:/usr/bin/ceph: stderr
2023-12-19T19:05:51.403+0000 7fd8ed86d700 1 --2- 172.21.15.55:0/3401738179 >> [v2:172.21.15.55:3300/0,v1:172.21.15.55:6789/0] conn(0x7fd8e8078ce0 0x7fd8e80771f0 secure :-1 s=READY pgs=59 cs=0 l=1 rev1=1 crypto rx=0x7fd8e0009e50 tx=0x7fd8e0009840 comp rx=0 tx=0).stop
2023-12-19T19:05:52.161 INFO:teuthology.orchestra.run.smithi055.stdout:/usr/bin/ceph: stderr
2023-12-19T19:05:51.403+0000 7fd8ed86d700 1 -- 172.21.15.55:0/3401738179 shutdown_connections
2023-12-19T19:05:52.161 INFO:teuthology.orchestra.run.smithi055.stdout:/usr/bin/ceph: stderr
2023-12-19T19:05:51.403+0000 7fd8ed86d700 1 --2- 172.21.15.55:0/3401738179 >> [v2:172.21.15.55:3300/0,v1:172.21.15.55:6789/0] conn(0x7fd8e8078ce0 0x7fd8e80771f0 unknown :-1 s=CLOSED pgs=59 cs=0 l=1 rev1=1 crypto rx=0 tx=0 comp rx=0 tx=0).stop
2023-12-19T19:05:52.161 INFO:teuthology.orchestra.run.smithi055.stdout:/usr/bin/ceph: stderr
2023-12-19T19:05:51.403+0000 7fd8ed86d700 1 -- 172.21.15.55:0/3401738179 >> 172.21.15.55:0/3401738179 conn(0x7fd8e80fda10 msgr2=0x7fd8e80ffe40 unknown :-1 s=STATE_NONE l=0).mark_down
2023-12-19T19:05:52.161 INFO:teuthology.orchestra.run.smithi055.stdout:/usr/bin/ceph: stderr
2023-12-19T19:05:51.403+0000 7fd8ed86d700 1 -- 172.21.15.55:0/3401738179 shutdown_connections
2023-12-19T19:05:52.161 INFO:teuthology.orchestra.run.smithi055.stdout:/usr/bin/ceph: stderr
2023-12-19T19:05:51.403+0000 7fd8ed86d700 1 -- 172.21.15.55:0/3401738179 wait complete.
2023-12-19T19:05:52.161 INFO:teuthology.orchestra.run.smithi055.stdout:/usr/bin/ceph: stderr
2023-12-19T19:05:51.403+0000 7fd8ed86d700 1 Processor -- start
2023-12-19T19:05:52.161 INFO:teuthology.orchestra.run.smithi055.stdout:/usr/bin/ceph: stderr
2023-12-19T19:05:51.404+0000 7fd8ed86d700 1 -- start start
2023-12-19T19:05:52.161 INFO:teuthology.orchestra.run.smithi055.stdout:/usr/bin/ceph: stderr
2023-12-19T19:05:51.404+0000 7fd8ed86d700 1 --2- >> [v2:172.21.15.55:3300/0,v1:172.21.15.55:6789/0] conn(0x7fd8e8078ce0 0x7fd8e81133a0 unknown :-1 s=NONE pgs=0 cs=0 l=1 rev1=0 crypto rx=0 tx=0 comp rx=0 tx=0).connect
2023-12-19T19:05:52.161 INFO:teuthology.orchestra.run.smithi055.stdout:/usr/bin/ceph: stderr
2023-12-19T19:05:51.404+0000 7fd8ed86d700 1 -- --> [v2:172.21.15.55:3300/0,v1:172.21.15.55:6789/0] -- mon_getmap magic: 0 v1 -- 0x7fd8e81138e0 con 0x7fd8e8078ce0
2023-12-19T19:05:52.161 INFO:teuthology.orchestra.run.smithi055.stdout:/usr/bin/ceph: stderr
2023-12-19T19:05:51.404+0000 7fd8e6ffd700 1 --2- >> [v2:172.21.15.55:3300/0,v1:172.21.15.55:6789/0] conn(0x7fd8e8078ce0 0x7fd8e81133a0 unknown :-1 s=BANNER_CONNECTING pgs=0 cs=0 l=1 rev1=0 crypto rx=0 tx=0 comp rx=0 tx=0)._handle_peer_banner_payload supported=3 required=0
2023-12-19T19:05:52.162 INFO:teuthology.orchestra.run.smithi055.stdout:/usr/bin/ceph: stderr
2023-12-19T19:05:51.404+0000 7fd8e6ffd700 1 --2- >> [v2:172.21.15.55:3300/0,v1:172.21.15.55:6789/0] conn(0x7fd8e8078ce0 0x7fd8e81133a0 unknown :-1 s=HELLO_CONNECTING pgs=0 cs=0 l=1 rev1=1 crypto rx=0 tx=0 comp rx=0 tx=0).handle_hello peer v2:172.21.15.55:3300/0 says I am v2:172.21.15.55:51422/0 (socket says 172.21.15.55:51422)
2023-12-19T19:05:52.162 INFO:teuthology.orchestra.run.smithi055.stdout:/usr/bin/ceph: stderr
2023-12-19T19:05:51.404+0000 7fd8e6ffd700 1 -- 172.21.15.55:0/1453321293 learned_addr learned my addr 172.21.15.55:0/1453321293 (peer_addr_for_me v2:172.21.15.55:0/0)
2023-12-19T19:05:52.162 INFO:teuthology.orchestra.run.smithi055.stdout:/usr/bin/ceph: stderr
2023-12-19T19:05:51.404+0000 7fd8e6ffd700 1 -- 172.21.15.55:0/1453321293 --> [v2:172.21.15.55:3300/0,v1:172.21.15.55:6789/0] -- mon_subscribe({config=0+,monmap=0+}) v3 -- 0x7fd8e0009ae0 con 0x7fd8e8078ce0
2023-12-19T19:05:52.162 INFO:teuthology.orchestra.run.smithi055.stdout:/usr/bin/ceph: stderr
2023-12-19T19:05:51.404+0000 7fd8e6ffd700 1 --2- 172.21.15.55:0/1453321293 >> [v2:172.21.15.55:3300/0,v1:172.21.15.55:6789/0] conn(0x7fd8e8078ce0 0x7fd8e81133a0 secure :-1 s=READY pgs=60 cs=0 l=1 rev1=1 crypto rx=0x7fd8e000bc50 tx=0x7fd8e0009840 comp rx=0 tx=0).ready entity=mon.0 client_cookie=0 server_cookie=0 in_seq=0 out_seq=0
2023-12-19T19:05:52.163 INFO:teuthology.orchestra.run.smithi055.stdout:/usr/bin/ceph: stderr
2023-12-19T19:05:51.404+0000 7fd8df7fe700 1 -- 172.21.15.55:0/1453321293 <== mon.0 v2:172.21.15.55:3300/0 1 ==== mon_map magic: 0 v1 ==== 229+0+0 (secure 0 0 0) 0x7fd8e00092e0 con 0x7fd8e8078ce0
2023-12-19T19:05:52.163 INFO:teuthology.orchestra.run.smithi055.stdout:/usr/bin/ceph: stderr
2023-12-19T19:05:51.404+0000 7fd8df7fe700 1 -- 172.21.15.55:0/1453321293 <== mon.0 v2:172.21.15.55:3300/0 2 ==== config(26 keys) v1 ==== 1074+0+0 (secure 0 0 0) 0x7fd8e0012900 con 0x7fd8e8078ce0
2023-12-19T19:05:52.163 INFO:teuthology.orchestra.run.smithi055.stdout:/usr/bin/ceph: stderr
2023-12-19T19:05:51.404+0000 7fd8ed86d700 1 -- 172.21.15.55:0/1453321293 --> [v2:172.21.15.55:3300/0,v1:172.21.15.55:6789/0] -- mon_subscribe({mgrmap=0+}) v3 -- 0x7fd8e8113ae0 con 0x7fd8e8078ce0
2023-12-19T19:05:52.163 INFO:teuthology.orchestra.run.smithi055.stdout:/usr/bin/ceph: stderr
2023-12-19T19:05:51.404+0000 7fd8df7fe700 1 -- 172.21.15.55:0/1453321293 <== mon.0 v2:172.21.15.55:3300/0 3 ==== mon_map magic: 0 v1 ==== 229+0+0 (secure 0 0 0) 0x7fd8e0025970 con 0x7fd8e8078ce0
2023-12-19T19:05:52.163 INFO:teuthology.orchestra.run.smithi055.stdout:/usr/bin/ceph: stderr
2023-12-19T19:05:51.404+0000 7fd8ed86d700 1 -- 172.21.15.55:0/1453321293 --> [v2:172.21.15.55:3300/0,v1:172.21.15.55:6789/0] -- mon_subscribe({osdmap=0}) v3 -- 0x7fd8e8113ef0 con 0x7fd8e8078ce0
2023-12-19T19:05:52.163 INFO:teuthology.orchestra.run.smithi055.stdout:/usr/bin/ceph: stderr
2023-12-19T19:05:51.405+0000 7fd8df7fe700 1 -- 172.21.15.55:0/1453321293 <== mon.0 v2:172.21.15.55:3300/0 4 ==== mgrmap(e 8) v1 ==== 43281+0+0 (secure 0 0 0) 0x7fd8e0019050 con 0x7fd8e8078ce0
2023-12-19T19:05:52.163 INFO:teuthology.orchestra.run.smithi055.stdout:/usr/bin/ceph: stderr
2023-12-19T19:05:51.405+0000 7fd8df7fe700 1 --2- 172.21.15.55:0/1453321293 >> [v2:172.21.15.55:6800/2922737294,v1:172.21.15.55:6801/2922737294] conn(0x7fd8d4036640 0x7fd8d4038af0 unknown :-1 s=NONE pgs=0 cs=0 l=1 rev1=0 crypto rx=0 tx=0 comp rx=0 tx=0).connect
2023-12-19T19:05:52.163 INFO:teuthology.orchestra.run.smithi055.stdout:/usr/bin/ceph: stderr
2023-12-19T19:05:51.405+0000 7fd8df7fe700 1 -- 172.21.15.55:0/1453321293 <== mon.0 v2:172.21.15.55:3300/0 5 ==== osd_map(2..2 src has 1..2) v4 ==== 936+0+0 (secure 0 0 0) 0x7fd8e0049ed0 con 0x7fd8e8078ce0
2023-12-19T19:05:52.163 INFO:teuthology.orchestra.run.smithi055.stdout:/usr/bin/ceph: stderr
2023-12-19T19:05:51.406+0000 7fd8ed86d700 1 -- 172.21.15.55:0/1453321293 --> [v2:172.21.15.55:3300/0,v1:172.21.15.55:6789/0] -- mon_command({"prefix": "get_command_descriptions"} v 0) v1 -- 0x7fd8e804bb80 con 0x7fd8e8078ce0
2023-12-19T19:05:52.163 INFO:teuthology.orchestra.run.smithi055.stdout:/usr/bin/ceph: stderr
2023-12-19T19:05:51.406+0000 7fd8e67fc700 1 --2- 172.21.15.55:0/1453321293 >> [v2:172.21.15.55:6800/2922737294,v1:172.21.15.55:6801/2922737294] conn(0x7fd8d4036640 0x7fd8d4038af0 unknown :-1 s=BANNER_CONNECTING pgs=0 cs=0 l=1 rev1=0 crypto rx=0 tx=0 comp rx=0 tx=0)._handle_peer_banner_payload supported=3 required=0
2023-12-19T19:05:52.163 INFO:teuthology.orchestra.run.smithi055.stdout:/usr/bin/ceph: stderr
2023-12-19T19:05:51.406+0000 7fd8e67fc700 1 --2- 172.21.15.55:0/1453321293 >> [v2:172.21.15.55:6800/2922737294,v1:172.21.15.55:6801/2922737294] conn(0x7fd8d4036640 0x7fd8d4038af0 secure :-1 s=READY pgs=18 cs=0 l=1 rev1=1 crypto rx=0x7fd8d0009990 tx=0x7fd8d0006e40 comp rx=0 tx=0).ready entity=mgr.14120 client_cookie=0 server_cookie=0 in_seq=0 out_seq=0
2023-12-19T19:05:52.163 INFO:teuthology.orchestra.run.smithi055.stdout:/usr/bin/ceph: stderr
2023-12-19T19:05:51.410+0000 7fd8df7fe700 1 -- 172.21.15.55:0/1453321293 <== mon.0 v2:172.21.15.55:3300/0 6 ==== mon_command_ack([{"prefix": "get_command_descriptions"}]=0 v0) v1 ==== 72+0+174570 (secure 0 0 0) 0x7fd8e0020080 con 0x7fd8e8078ce0
2023-12-19T19:05:52.164 INFO:teuthology.orchestra.run.smithi055.stdout:/usr/bin/ceph: stderr
2023-12-19T19:05:51.617+0000 7fd8ed86d700 1 -- 172.21.15.55:0/1453321293 --> [v2:172.21.15.55:6800/2922737294,v1:172.21.15.55:6801/2922737294] -- mgr_command(tid 0: {"prefix": "orch apply", "service_type": "alertmanager", "target": ["mon-mgr", ""]}) v1 -- 0x7fd8e810d130 con 0x7fd8d4036640
2023-12-19T19:05:52.164 INFO:teuthology.orchestra.run.smithi055.stdout:/usr/bin/ceph: stderr
2023-12-19T19:05:51.621+0000 7fd8df7fe700 1 -- 172.21.15.55:0/1453321293 <== mgr.14120 v2:172.21.15.55:6800/2922737294 1 ==== mgr_command_reply(tid 0: 0 ) v1 ==== 8+0+33 (secure 0 0 0) 0x7fd8e810d130 con 0x7fd8d4036640
2023-12-19T19:05:52.164 INFO:teuthology.orchestra.run.smithi055.stdout:/usr/bin/ceph: stderr
2023-12-19T19:05:51.623+0000 7fd8ed86d700 1 -- 172.21.15.55:0/1453321293 >> [v2:172.21.15.55:6800/2922737294,v1:172.21.15.55:6801/2922737294] conn(0x7fd8d4036640 msgr2=0x7fd8d4038af0 secure :-1 s=STATE_CONNECTION_ESTABLISHED l=1).mark_down
2023-12-19T19:05:52.164 INFO:teuthology.orchestra.run.smithi055.stdout:/usr/bin/ceph: stderr
2023-12-19T19:05:51.623+0000 7fd8ed86d700 1 --2- 172.21.15.55:0/1453321293 >> [v2:172.21.15.55:6800/2922737294,v1:172.21.15.55:6801/2922737294] conn(0x7fd8d4036640 0x7fd8d4038af0 secure :-1 s=READY pgs=18 cs=0 l=1 rev1=1 crypto rx=0x7fd8d0009990 tx=0x7fd8d0006e40 comp rx=0 tx=0).stop
2023-12-19T19:05:52.164 INFO:teuthology.orchestra.run.smithi055.stdout:/usr/bin/ceph: stderr
2023-12-19T19:05:51.623+0000 7fd8ed86d700 1 -- 172.21.15.55:0/1453321293 >> [v2:172.21.15.55:3300/0,v1:172.21.15.55:6789/0] conn(0x7fd8e8078ce0 msgr2=0x7fd8e81133a0 secure :-1 s=STATE_CONNECTION_ESTABLISHED l=1).mark_down
2023-12-19T19:05:52.164 INFO:teuthology.orchestra.run.smithi055.stdout:/usr/bin/ceph: stderr
2023-12-19T19:05:51.623+0000 7fd8ed86d700 1 --2- 172.21.15.55:0/1453321293 >> [v2:172.21.15.55:3300/0,v1:172.21.15.55:6789/0] conn(0x7fd8e8078ce0 0x7fd8e81133a0 secure :-1 s=READY pgs=60 cs=0 l=1 rev1=1 crypto rx=0x7fd8e000bc50 tx=0x7fd8e0009840 comp rx=0 tx=0).stop
2023-12-19T19:05:52.164 INFO:teuthology.orchestra.run.smithi055.stdout:/usr/bin/ceph: stderr
2023-12-19T19:05:51.623+0000 7fd8ed86d700 1 -- 172.21.15.55:0/1453321293 shutdown_connections
2023-12-19T19:05:52.164 INFO:teuthology.orchestra.run.smithi055.stdout:/usr/bin/ceph: stderr
2023-12-19T19:05:51.623+0000 7fd8ed86d700 1 --2- 172.21.15.55:0/1453321293 >> [v2:172.21.15.55:6800/2922737294,v1:172.21.15.55:6801/2922737294] conn(0x7fd8d4036640 0x7fd8d4038af0 unknown :-1 s=CLOSED pgs=18 cs=0 l=1 rev1=1 crypto rx=0 tx=0 comp rx=0 tx=0).stop
2023-12-19T19:05:52.164 INFO:teuthology.orchestra.run.smithi055.stdout:/usr/bin/ceph: stderr
2023-12-19T19:05:51.623+0000 7fd8ed86d700 1 --2- 172.21.15.55:0/1453321293 >> [v2:172.21.15.55:3300/0,v1:172.21.15.55:6789/0] conn(0x7fd8e8078ce0 0x7fd8e81133a0 unknown :-1 s=CLOSED pgs=60 cs=0 l=1 rev1=1 crypto rx=0 tx=0 comp rx=0 tx=0).stop
2023-12-19T19:05:52.164 INFO:teuthology.orchestra.run.smithi055.stdout:/usr/bin/ceph: stderr
2023-12-19T19:05:51.623+0000 7fd8ed86d700 1 -- 172.21.15.55:0/1453321293 >> 172.21.15.55:0/1453321293 conn(0x7fd8e80fda10 msgr2=0x7fd8e80ffe20 unknown :-1 s=STATE_NONE l=0).mark_down
2023-12-19T19:05:52.164 INFO:teuthology.orchestra.run.smithi055.stdout:/usr/bin/ceph: stderr
2023-12-19T19:05:51.624+0000 7fd8ed86d700 1 -- 172.21.15.55:0/1453321293 shutdown_connections
2023-12-19T19:05:52.164 INFO:teuthology.orchestra.run.smithi055.stdout:/usr/bin/ceph: stderr
2023-12-19T19:05:51.624+0000 7fd8ed86d700 1 -- 172.21.15.55:0/1453321293 wait complete.
2023-12-19T19:05:52.803 INFO:journalctl@ceph.mon.smithi055.smithi055.stdout:Dec 19 19:05:52 smithi055 ceph-mon[80978]: from='client.14154 -' entity='client.admin' cmd=[{"prefix": "orch apply", "service_type": "alertmanager", "target": ["mon-mgr", ""]}]: dispatch
2023-12-19T19:05:52.803 INFO:journalctl@ceph.mon.smithi055.smithi055.stdout:Dec 19 19:05:52 smithi055 ceph-mon[80978]: Saving service alertmanager spec with placement count:1
2023-12-19T19:05:52.803 INFO:journalctl@ceph.mon.smithi055.smithi055.stdout:Dec 19 19:05:52 smithi055 ceph-mon[80978]: from='mgr.14120 172.21.15.55:0/483842772' entity='mgr.smithi055.dwclvp'
2023-12-19T19:05:52.803 INFO:journalctl@ceph.mon.smithi055.smithi055.stdout:Dec 19 19:05:52 smithi055 ceph-mon[80978]: pgmap v3: 0 pgs: ; 0 B data, 0 B used, 0 B / 0 B avail
