2023-12-25T20:06:49.238+0000 7f72bfae0700 1 -- 172.21.15.50:0/4155171744 >> [v2:172.21.15.50:3300/0,v1:172.21.15.50:6789/0] conn(0x7f72b80fd340 msgr2=0x7f72b810aa60 secure :-1 s=STATE_CONNECTION_ESTABLISHED l=1).mark_down
2023-12-25T20:06:49.240 INFO:teuthology.orchestra.run.smithi050.stderr:/usr/bin/ceph:
2023-12-25T20:06:49.238+0000 7f72bfae0700 1 --2- 172.21.15.50:0/4155171744 >> [v2:172.21.15.50:3300/0,v1:172.21.15.50:6789/0] conn(0x7f72b80fd340 0x7f72b810aa60 secure :-1 s=READY pgs=40 cs=0 l=1 rev1=1 rx=0x7f72a8002f40 tx=0x7f72a8006ee0).stop
2023-12-25T20:06:49.240 INFO:teuthology.orchestra.run.smithi050.stderr:/usr/bin/ceph:
2023-12-25T20:06:49.238+0000 7f72bfae0700 1 -- 172.21.15.50:0/4155171744 shutdown_connections
2023-12-25T20:06:49.240 INFO:teuthology.orchestra.run.smithi050.stderr:/usr/bin/ceph:
2023-12-25T20:06:49.238+0000 7f72bfae0700 1 --2- 172.21.15.50:0/4155171744 >> [v2:172.21.15.50:6800/4046643232,v1:172.21.15.50:6801/4046643232] conn(0x7f72a002fdb0 0x7f72a0032270 unknown :-1 s=CLOSED pgs=11 cs=0 l=1 rev1=1 rx=0 tx=0).stop
2023-12-25T20:06:49.240 INFO:teuthology.orchestra.run.smithi050.stderr:/usr/bin/ceph:
2023-12-25T20:06:49.238+0000 7f72bfae0700 1 --2- 172.21.15.50:0/4155171744 >> [v2:172.21.15.50:3300/0,v1:172.21.15.50:6789/0] conn(0x7f72b80fd340 0x7f72b810aa60 unknown :-1 s=CLOSED pgs=40 cs=0 l=1 rev1=1 rx=0 tx=0).stop
2023-12-25T20:06:49.240 INFO:teuthology.orchestra.run.smithi050.stderr:/usr/bin/ceph:
2023-12-25T20:06:49.238+0000 7f72bfae0700 1 -- 172.21.15.50:0/4155171744 >> 172.21.15.50:0/4155171744 conn(0x7f72b80f5b40 msgr2=0x7f72b80ff2b0 unknown :-1 s=STATE_NONE l=0).mark_down
2023-12-25T20:06:49.240 INFO:teuthology.orchestra.run.smithi050.stderr:/usr/bin/ceph:
2023-12-25T20:06:49.238+0000 7f72bfae0700 1 -- 172.21.15.50:0/4155171744 shutdown_connections
2023-12-25T20:06:49.240 INFO:teuthology.orchestra.run.smithi050.stderr:/usr/bin/ceph:
2023-12-25T20:06:49.238+0000 7f72bfae0700 1 -- 172.21.15.50:0/4155171744 wait complete.
2023-12-25T20:06:50.719 INFO:journalctl@ceph.mon.smithi050.smithi050.stdout:Dec 25 20:06:50 smithi050 ceph-02c8f25c-a361-11ee-95a5-87774f69a715-mon.smithi050[111770]: audit
2023-12-25T20:06:49.234324+0000 mgr.smithi050.nbzhun (mgr.14114) 10 : audit [DBG] from='client.14134 -' entity='client.admin' cmd=[{"prefix": "orch apply", "service_type": "mon", "target": ["mon-mgr", ""]}]: dispatch
2023-12-25T20:06:50.719 INFO:journalctl@ceph.mon.smithi050.smithi050.stdout:Dec 25 20:06:50 smithi050 ceph-02c8f25c-a361-11ee-95a5-87774f69a715-mon.smithi050[111770]: cephadm
2023-12-25T20:06:49.235082+0000 mgr.smithi050.nbzhun (mgr.14114) 11 : cephadm [INF] Saving service mon spec with placement count:5
2023-12-25T20:06:50.719 INFO:journalctl@ceph.mon.smithi050.smithi050.stdout:Dec 25 20:06:50 smithi050 ceph-02c8f25c-a361-11ee-95a5-87774f69a715-mon.smithi050[111770]: audit
2023-12-25T20:06:49.237278+0000 mon.smithi050 (mon.0) 56 : audit [INF] from='mgr.14114 172.21.15.50:0/3381094233' entity='mgr.smithi050.nbzhun'
2023-12-25T20:06:51.107 INFO:teuthology.orchestra.run.smithi050.stderr:Deploying mgr service with default placement...
2023-12-25T20:06:51.107 INFO:teuthology.orchestra.run.smithi050.stderr:Running command: /bin/podman run --rm --ipc=host --no-hosts --net=host --entrypoint /usr/bin/ceph --init -e CONTAINER_IMAGE=docker.io/ceph/ceph:v16.2.4 -e NODE_NAME=smithi050 -e CEPH_USE_RANDOM_NONCE=1 -v /var/log/ceph/02c8f25c-a361-11ee-95a5-87774f69a715:/var/log/ceph:z -v /tmp/ceph-tmps7kf4jlu:/etc/ceph/ceph.client.admin.keyring:z -v /tmp/ceph-tmpu2g3lwcx:/etc/ceph/ceph.conf:z docker.io/ceph/ceph:v16.2.4 orch apply mgr
2023-12-25T20:06:52.429 INFO:teuthology.orchestra.run.smithi050.stderr:/usr/bin/ceph:
2023-12-25T20:06:52.256+0000 7f5931d1a700 1 Processor -- start
2023-12-25T20:06:52.429 INFO:teuthology.orchestra.run.smithi050.stderr:/usr/bin/ceph:
2023-12-25T20:06:52.256+0000 7f5931d1a700 1 -- start start
2023-12-25T20:06:52.429 INFO:teuthology.orchestra.run.smithi050.stderr:/usr/bin/ceph:
2023-12-25T20:06:52.256+0000 7f5931d1a700 1 --2- >> [v2:172.21.15.50:3300/0,v1:172.21.15.50:6789/0] conn(0x7f592c070430 0x7f592c0fe730 unknown :-1 s=NONE pgs=0 cs=0 l=0 rev1=0 rx=0 tx=0).connect
2023-12-25T20:06:52.429 INFO:teuthology.orchestra.run.smithi050.stderr:/usr/bin/ceph:
2023-12-25T20:06:52.256+0000 7f5931d1a700 1 -- --> [v2:172.21.15.50:3300/0,v1:172.21.15.50:6789/0] -- mon_getmap magic: 0 v1 -- 0x7f592c0fec20 con 0x7f592c070430
2023-12-25T20:06:52.429 INFO:teuthology.orchestra.run.smithi050.stderr:/usr/bin/ceph:
2023-12-25T20:06:52.256+0000 7f5930d18700 1 --2- >> [v2:172.21.15.50:3300/0,v1:172.21.15.50:6789/0] conn(0x7f592c070430 0x7f592c0fe730 unknown :-1 s=BANNER_CONNECTING pgs=0 cs=0 l=0 rev1=0 rx=0 tx=0)._handle_peer_banner_payload supported=1 required=0
2023-12-25T20:06:52.430 INFO:teuthology.orchestra.run.smithi050.stderr:/usr/bin/ceph:
2023-12-25T20:06:52.257+0000 7f5930d18700 1 --2- >> [v2:172.21.15.50:3300/0,v1:172.21.15.50:6789/0] conn(0x7f592c070430 0x7f592c0fe730 unknown :-1 s=HELLO_CONNECTING pgs=0 cs=0 l=0 rev1=1 rx=0 tx=0).handle_hello peer v2:172.21.15.50:3300/0 says I am v2:172.21.15.50:47776/0 (socket says 172.21.15.50:47776)
2023-12-25T20:06:52.430 INFO:teuthology.orchestra.run.smithi050.stderr:/usr/bin/ceph:
2023-12-25T20:06:52.257+0000 7f5930d18700 1 -- 172.21.15.50:0/2189835884 learned_addr learned my addr 172.21.15.50:0/2189835884 (peer_addr_for_me v2:172.21.15.50:0/0)
2023-12-25T20:06:52.430 INFO:teuthology.orchestra.run.smithi050.stderr:/usr/bin/ceph:
2023-12-25T20:06:52.257+0000 7f5930d18700 1 -- 172.21.15.50:0/2189835884 --> [v2:172.21.15.50:3300/0,v1:172.21.15.50:6789/0] -- mon_subscribe({config=0+,monmap=0+}) v3 -- 0x7f592c0fed60 con 0x7f592c070430
2023-12-25T20:06:52.430 INFO:teuthology.orchestra.run.smithi050.stderr:/usr/bin/ceph:
2023-12-25T20:06:52.257+0000 7f5930d18700 1 --2- 172.21.15.50:0/2189835884 >> [v2:172.21.15.50:3300/0,v1:172.21.15.50:6789/0] conn(0x7f592c070430 0x7f592c0fe730 secure :-1 s=READY pgs=41 cs=0 l=1 rev1=1 rx=0x7f592000b5f0 tx=0x7f5920006ee0).ready entity=mon.0 client_cookie=81283f96ee2eb507 server_cookie=0 in_seq=0 out_seq=0
2023-12-25T20:06:52.430 INFO:teuthology.orchestra.run.smithi050.stderr:/usr/bin/ceph:
2023-12-25T20:06:52.257+0000 7f592b7fe700 1 -- 172.21.15.50:0/2189835884 <== mon.0 v2:172.21.15.50:3300/0 1 ==== mon_map magic: 0 v1 ==== 229+0+0 (secure 0 0 0) 0x7f592000d600 con 0x7f592c070430
2023-12-25T20:06:52.430 INFO:teuthology.orchestra.run.smithi050.stderr:/usr/bin/ceph:
2023-12-25T20:06:52.257+0000 7f592b7fe700 1 -- 172.21.15.50:0/2189835884 <== mon.0 v2:172.21.15.50:3300/0 2 ==== config(25 keys) v1 ==== 1010+0+0 (secure 0 0 0) 0x7f592000dbd0 con 0x7f592c070430
2023-12-25T20:06:52.430 INFO:teuthology.orchestra.run.smithi050.stderr:/usr/bin/ceph:
2023-12-25T20:06:52.257+0000 7f592b7fe700 1 -- 172.21.15.50:0/2189835884 <== mon.0 v2:172.21.15.50:3300/0 3 ==== mon_map magic: 0 v1 ==== 229+0+0 (secure 0 0 0) 0x7f5920011c00 con 0x7f592c070430
2023-12-25T20:06:52.430 INFO:teuthology.orchestra.run.smithi050.stderr:/usr/bin/ceph:
2023-12-25T20:06:52.258+0000 7f5931d1a700 1 -- 172.21.15.50:0/2189835884 >> [v2:172.21.15.50:3300/0,v1:172.21.15.50:6789/0] conn(0x7f592c070430 msgr2=0x7f592c0fe730 secure :-1 s=STATE_CONNECTION_ESTABLISHED l=1).mark_down
2023-12-25T20:06:52.430 INFO:teuthology.orchestra.run.smithi050.stderr:/usr/bin/ceph:
2023-12-25T20:06:52.258+0000 7f5931d1a700 1 --2- 172.21.15.50:0/2189835884 >> [v2:172.21.15.50:3300/0,v1:172.21.15.50:6789/0] conn(0x7f592c070430 0x7f592c0fe730 secure :-1 s=READY pgs=41 cs=0 l=1 rev1=1 rx=0x7f592000b5f0 tx=0x7f5920006ee0).stop
2023-12-25T20:06:52.430 INFO:teuthology.orchestra.run.smithi050.stderr:/usr/bin/ceph:
2023-12-25T20:06:52.258+0000 7f5931d1a700 1 -- 172.21.15.50:0/2189835884 shutdown_connections
2023-12-25T20:06:52.430 INFO:teuthology.orchestra.run.smithi050.stderr:/usr/bin/ceph:
2023-12-25T20:06:52.258+0000 7f5931d1a700 1 --2- 172.21.15.50:0/2189835884 >> [v2:172.21.15.50:3300/0,v1:172.21.15.50:6789/0] conn(0x7f592c070430 0x7f592c0fe730 unknown :-1 s=CLOSED pgs=41 cs=0 l=1 rev1=1 rx=0 tx=0).stop
2023-12-25T20:06:52.430 INFO:teuthology.orchestra.run.smithi050.stderr:/usr/bin/ceph:
2023-12-25T20:06:52.258+0000 7f5931d1a700 1 -- 172.21.15.50:0/2189835884 >> 172.21.15.50:0/2189835884 conn(0x7f592c0f6210 msgr2=0x7f592c0f8630 unknown :-1 s=STATE_NONE l=0).mark_down
2023-12-25T20:06:52.430 INFO:teuthology.orchestra.run.smithi050.stderr:/usr/bin/ceph:
2023-12-25T20:06:52.258+0000 7f5931d1a700 1 -- 172.21.15.50:0/2189835884 shutdown_connections
2023-12-25T20:06:52.430 INFO:teuthology.orchestra.run.smithi050.stderr:/usr/bin/ceph:
2023-12-25T20:06:52.258+0000 7f5931d1a700 1 -- 172.21.15.50:0/2189835884 wait complete.
2023-12-25T20:06:52.431 INFO:teuthology.orchestra.run.smithi050.stderr:/usr/bin/ceph:
2023-12-25T20:06:52.258+0000 7f5931d1a700 1 Processor -- start
2023-12-25T20:06:52.431 INFO:teuthology.orchestra.run.smithi050.stderr:/usr/bin/ceph:
2023-12-25T20:06:52.258+0000 7f5931d1a700 1 -- start start
2023-12-25T20:06:52.431 INFO:teuthology.orchestra.run.smithi050.stderr:/usr/bin/ceph:
2023-12-25T20:06:52.259+0000 7f5931d1a700 1 --2- >> [v2:172.21.15.50:3300/0,v1:172.21.15.50:6789/0] conn(0x7f592c070430 0x7f592c10a830 unknown :-1 s=NONE pgs=0 cs=0 l=1 rev1=0 rx=0 tx=0).connect
2023-12-25T20:06:52.431 INFO:teuthology.orchestra.run.smithi050.stderr:/usr/bin/ceph:
2023-12-25T20:06:52.259+0000 7f5931d1a700 1 -- --> [v2:172.21.15.50:3300/0,v1:172.21.15.50:6789/0] -- mon_getmap magic: 0 v1 -- 0x7f592c10ad20 con 0x7f592c070430
2023-12-25T20:06:52.431 INFO:teuthology.orchestra.run.smithi050.stderr:/usr/bin/ceph:
2023-12-25T20:06:52.259+0000 7f5930d18700 1 --2- >> [v2:172.21.15.50:3300/0,v1:172.21.15.50:6789/0] conn(0x7f592c070430 0x7f592c10a830 unknown :-1 s=BANNER_CONNECTING pgs=0 cs=0 l=1 rev1=0 rx=0 tx=0)._handle_peer_banner_payload supported=1 required=0
2023-12-25T20:06:52.431 INFO:teuthology.orchestra.run.smithi050.stderr:/usr/bin/ceph:
2023-12-25T20:06:52.259+0000 7f5930d18700 1 --2- >> [v2:172.21.15.50:3300/0,v1:172.21.15.50:6789/0] conn(0x7f592c070430 0x7f592c10a830 unknown :-1 s=HELLO_CONNECTING pgs=0 cs=0 l=1 rev1=1 rx=0 tx=0).handle_hello peer v2:172.21.15.50:3300/0 says I am v2:172.21.15.50:47786/0 (socket says 172.21.15.50:47786)
2023-12-25T20:06:52.431 INFO:teuthology.orchestra.run.smithi050.stderr:/usr/bin/ceph:
2023-12-25T20:06:52.259+0000 7f5930d18700 1 -- 172.21.15.50:0/751588311 learned_addr learned my addr 172.21.15.50:0/751588311 (peer_addr_for_me v2:172.21.15.50:0/0)
2023-12-25T20:06:52.431 INFO:teuthology.orchestra.run.smithi050.stderr:/usr/bin/ceph:
2023-12-25T20:06:52.259+0000 7f5930d18700 1 -- 172.21.15.50:0/751588311 --> [v2:172.21.15.50:3300/0,v1:172.21.15.50:6789/0] -- mon_subscribe({config=0+,monmap=0+}) v3 -- 0x7f592000b200 con 0x7f592c070430
2023-12-25T20:06:52.431 INFO:teuthology.orchestra.run.smithi050.stderr:/usr/bin/ceph:
2023-12-25T20:06:52.259+0000 7f5930d18700 1 --2- 172.21.15.50:0/751588311 >> [v2:172.21.15.50:3300/0,v1:172.21.15.50:6789/0] conn(0x7f592c070430 0x7f592c10a830 secure :-1 s=READY pgs=42 cs=0 l=1 rev1=1 rx=0x7f592000b190 tx=0x7f5920006ee0).ready entity=mon.0 client_cookie=0 server_cookie=0 in_seq=0 out_seq=0
2023-12-25T20:06:52.431 INFO:teuthology.orchestra.run.smithi050.stderr:/usr/bin/ceph:
2023-12-25T20:06:52.259+0000 7f59297fa700 1 -- 172.21.15.50:0/751588311 <== mon.0 v2:172.21.15.50:3300/0 1 ==== mon_map magic: 0 v1 ==== 229+0+0 (secure 0 0 0) 0x7f592001b410 con 0x7f592c070430
2023-12-25T20:06:52.431 INFO:teuthology.orchestra.run.smithi050.stderr:/usr/bin/ceph:
2023-12-25T20:06:52.259+0000 7f5931d1a700 1 -- 172.21.15.50:0/751588311 --> [v2:172.21.15.50:3300/0,v1:172.21.15.50:6789/0] -- mon_subscribe({mgrmap=0+}) v3 -- 0x7f592c10af20 con 0x7f592c070430
2023-12-25T20:06:52.431 INFO:teuthology.orchestra.run.smithi050.stderr:/usr/bin/ceph:
2023-12-25T20:06:52.259+0000 7f59297fa700 1 -- 172.21.15.50:0/751588311 <== mon.0 v2:172.21.15.50:3300/0 2 ==== config(25 keys) v1 ==== 1010+0+0 (secure 0 0 0) 0x7f592001b9e0 con 0x7f592c070430
2023-12-25T20:06:52.431 INFO:teuthology.orchestra.run.smithi050.stderr:/usr/bin/ceph:
2023-12-25T20:06:52.259+0000 7f59297fa700 1 -- 172.21.15.50:0/751588311 <== mon.0 v2:172.21.15.50:3300/0 3 ==== mon_map magic: 0 v1 ==== 229+0+0 (secure 0 0 0) 0x7f592001a880 con 0x7f592c070430
2023-12-25T20:06:52.431 INFO:teuthology.orchestra.run.smithi050.stderr:/usr/bin/ceph:
2023-12-25T20:06:52.259+0000 7f5931d1a700 1 -- 172.21.15.50:0/751588311 --> [v2:172.21.15.50:3300/0,v1:172.21.15.50:6789/0] -- mon_subscribe({osdmap=0}) v3 -- 0x7f592c10b330 con 0x7f592c070430
2023-12-25T20:06:52.432 INFO:teuthology.orchestra.run.smithi050.stderr:/usr/bin/ceph:
2023-12-25T20:06:52.260+0000 7f59297fa700 1 -- 172.21.15.50:0/751588311 <== mon.0 v2:172.21.15.50:3300/0 4 ==== mgrmap(e 8) v1 ==== 36120+0+0 (secure 0 0 0) 0x7f592000f070 con 0x7f592c070430
2023-12-25T20:06:52.432 INFO:teuthology.orchestra.run.smithi050.stderr:/usr/bin/ceph:
2023-12-25T20:06:52.260+0000 7f59297fa700 1 --2- 172.21.15.50:0/751588311 >> [v2:172.21.15.50:6800/4046643232,v1:172.21.15.50:6801/4046643232] conn(0x7f591002fd50 0x7f5910032210 unknown :-1 s=NONE pgs=0 cs=0 l=1 rev1=0 rx=0 tx=0).connect
2023-12-25T20:06:52.432 INFO:teuthology.orchestra.run.smithi050.stderr:/usr/bin/ceph:
2023-12-25T20:06:52.260+0000 7f5931d1a700 1 -- 172.21.15.50:0/751588311 --> [v2:172.21.15.50:3300/0,v1:172.21.15.50:6789/0] -- mon_command({"prefix": "get_command_descriptions"} v 0) v1 -- 0x7f592c045ad0 con 0x7f592c070430
2023-12-25T20:06:52.432 INFO:teuthology.orchestra.run.smithi050.stderr:/usr/bin/ceph:
2023-12-25T20:06:52.260+0000 7f59297fa700 1 -- 172.21.15.50:0/751588311 <== mon.0 v2:172.21.15.50:3300/0 5 ==== osd_map(2..2 src has 1..2) v4 ==== 926+0+0 (secure 0 0 0) 0x7f5920041290 con 0x7f592c070430
2023-12-25T20:06:52.432 INFO:teuthology.orchestra.run.smithi050.stderr:/usr/bin/ceph:
2023-12-25T20:06:52.261+0000 7f592bfff700 1 --2- 172.21.15.50:0/751588311 >> [v2:172.21.15.50:6800/4046643232,v1:172.21.15.50:6801/4046643232] conn(0x7f591002fd50 0x7f5910032210 unknown :-1 s=BANNER_CONNECTING pgs=0 cs=0 l=1 rev1=0 rx=0 tx=0)._handle_peer_banner_payload supported=1 required=0
2023-12-25T20:06:52.432 INFO:teuthology.orchestra.run.smithi050.stderr:/usr/bin/ceph:
2023-12-25T20:06:52.261+0000 7f592bfff700 1 --2- 172.21.15.50:0/751588311 >> [v2:172.21.15.50:6800/4046643232,v1:172.21.15.50:6801/4046643232] conn(0x7f591002fd50 0x7f5910032210 secure :-1 s=READY pgs=12 cs=0 l=1 rev1=1 rx=0x7f59180096a0 tx=0x7f5918006b40).ready entity=mgr.14114 client_cookie=0 server_cookie=0 in_seq=0 out_seq=0
2023-12-25T20:06:52.432 INFO:teuthology.orchestra.run.smithi050.stderr:/usr/bin/ceph:
2023-12-25T20:06:52.265+0000 7f59297fa700 1 -- 172.21.15.50:0/751588311 <== mon.0 v2:172.21.15.50:3300/0 6 ==== mon_command_ack([{"prefix": "get_command_descriptions"}]=0 v0) v1 ==== 72+0+152212 (secure 0 0 0) 0x7f5920016070 con 0x7f592c070430
2023-12-25T20:06:52.454 INFO:teuthology.orchestra.run.smithi050.stderr:/usr/bin/ceph:
2023-12-25T20:06:52.453+0000 7f5931d1a700 1 -- 172.21.15.50:0/751588311 --> [v2:172.21.15.50:6800/4046643232,v1:172.21.15.50:6801/4046643232] -- mgr_command(tid 0: {"prefix": "orch apply", "service_type": "mgr", "target": ["mon-mgr", ""]}) v1 -- 0x7f592c10bc70 con 0x7f591002fd50
2023-12-25T20:06:52.457 INFO:teuthology.orchestra.run.smithi050.stderr:/usr/bin/ceph:
2023-12-25T20:06:52.457+0000 7f59297fa700 1 -- 172.21.15.50:0/751588311 <== mgr.14114 v2:172.21.15.50:6800/4046643232 1 ==== mgr_command_reply(tid 0: 0 ) v1 ==== 8+0+24 (secure 0 0 0) 0x7f592c10bc70 con 0x7f591002fd50
2023-12-25T20:06:52.457 INFO:teuthology.orchestra.run.smithi050.stderr:/usr/bin/ceph: Scheduled mgr update...
2023-12-25T20:06:52.460 INFO:teuthology.orchestra.run.smithi050.stderr:/usr/bin/ceph:
2023-12-25T20:06:52.458+0000 7f5931d1a700 1 -- 172.21.15.50:0/751588311 >> [v2:172.21.15.50:6800/4046643232,v1:172.21.15.50:6801/4046643232] conn(0x7f591002fd50 msgr2=0x7f5910032210 secure :-1 s=STATE_CONNECTION_ESTABLISHED l=1).mark_down
2023-12-25T20:06:52.460 INFO:teuthology.orchestra.run.smithi050.stderr:/usr/bin/ceph:
2023-12-25T20:06:52.458+0000 7f5931d1a700 1 --2- 172.21.15.50:0/751588311 >> [v2:172.21.15.50:6800/4046643232,v1:172.21.15.50:6801/4046643232] conn(0x7f591002fd50 0x7f5910032210 secure :-1 s=READY pgs=12 cs=0 l=1 rev1=1 rx=0x7f59180096a0 tx=0x7f5918006b40).stop
2023-12-25T20:06:52.460 INFO:teuthology.orchestra.run.smithi050.stderr:/usr/bin/ceph:
2023-12-25T20:06:52.458+0000 7f5931d1a700 1 -- 172.21.15.50:0/751588311 >> [v2:172.21.15.50:3300/0,v1:172.21.15.50:6789/0] conn(0x7f592c070430 msgr2=0x7f592c10a830 secure :-1 s=STATE_CONNECTION_ESTABLISHED l=1).mark_down
2023-12-25T20:06:52.460 INFO:teuthology.orchestra.run.smithi050.stderr:/usr/bin/ceph:
2023-12-25T20:06:52.458+0000 7f5931d1a700 1 --2- 172.21.15.50:0/751588311 >> [v2:172.21.15.50:3300/0,v1:172.21.15.50:6789/0] conn(0x7f592c070430 0x7f592c10a830 secure :-1 s=READY pgs=42 cs=0 l=1 rev1=1 rx=0x7f592000b190 tx=0x7f5920006ee0).stop
2023-12-25T20:06:52.460 INFO:teuthology.orchestra.run.smithi050.stderr:/usr/bin/ceph:
2023-12-25T20:06:52.458+0000 7f5931d1a700 1 -- 172.21.15.50:0/751588311 shutdown_connections
2023-12-25T20:06:52.460 INFO:teuthology.orchestra.run.smithi050.stderr:/usr/bin/ceph:
2023-12-25T20:06:52.458+0000 7f5931d1a700 1 --2- 172.21.15.50:0/751588311 >> [v2:172.21.15.50:6800/4046643232,v1:172.21.15.50:6801/4046643232] conn(0x7f591002fd50 0x7f5910032210 unknown :-1 s=CLOSED pgs=12 cs=0 l=1 rev1=1 rx=0 tx=0).stop
2023-12-25T20:06:52.460 INFO:teuthology.orchestra.run.smithi050.stderr:/usr/bin/ceph:
2023-12-25T20:06:52.458+0000 7f5931d1a700 1 --2- 172.21.15.50:0/751588311 >> [v2:172.21.15.50:3300/0,v1:172.21.15.50:6789/0] conn(0x7f592c070430 0x7f592c10a830 unknown :-1 s=CLOSED pgs=42 cs=0 l=1 rev1=1 rx=0 tx=0).stop
2023-12-25T20:06:52.460 INFO:teuthology.orchestra.run.smithi050.stderr:/usr/bin/ceph:
2023-12-25T20:06:52.458+0000 7f5931d1a700 1 -- 172.21.15.50:0/751588311 >> 172.21.15.50:0/751588311 conn(0x7f592c0f6210 msgr2=0x7f592c0f7cc0 unknown :-1 s=STATE_NONE l=0).mark_down
2023-12-25T20:06:52.461 INFO:teuthology.orchestra.run.smithi050.stderr:/usr/bin/ceph:
2023-12-25T20:06:52.459+0000 7f5931d1a700 1 -- 172.21.15.50:0/751588311 shutdown_connections
2023-12-25T20:06:52.461 INFO:teuthology.orchestra.run.smithi050.stderr:/usr/bin/ceph:
2023-12-25T20:06:52.459+0000 7f5931d1a700 1 -- 172.21.15.50:0/751588311 wait complete.
2023-12-25T20:06:53.719 INFO:journalctl@ceph.mon.smithi050.smithi050.stdout:Dec 25 20:06:53 smithi050 ceph-02c8f25c-a361-11ee-95a5-87774f69a715-mon.smithi050[111770]: audit
2023-12-25T20:06:52.455217+0000 mgr.smithi050.nbzhun (mgr.14114) 12 : audit [DBG] from='client.14136 -' entity='client.admin' cmd=[{"prefix": "orch apply", "service_type": "mgr", "target": ["mon-mgr", ""]}]: dispatch
2023-12-25T20:06:53.719 INFO:journalctl@ceph.mon.smithi050.smithi050.stdout:Dec 25 20:06:53 smithi050 ceph-02c8f25c-a361-11ee-95a5-87774f69a715-mon.smithi050[111770]: cephadm
2023-12-25T20:06:52.455763+0000 mgr.smithi050.nbzhun (mgr.14114) 13 : cephadm [INF] Saving service mgr spec with placement count:2
2023-12-25T20:06:53.719 INFO:journalctl@ceph.mon.smithi050.smithi050.stdout:Dec 25 20:06:53 smithi050 ceph-02c8f25c-a361-11ee-95a5-87774f69a715-mon.smithi050[111770]: audit
2023-12-25T20:06:52.457991+0000 mon.smithi050 (mon.0) 57 : audit [INF] from='mgr.14114 172.21.15.50:0/3381094233' entity='mgr.smithi050.nbzhun'
2023-12-25T20:06:54.487 INFO:teuthology.orchestra.run.smithi050.stderr:Deploying crash service with default placement...
2023-12-25T20:06:54.487 INFO:teuthology.orchestra.run.smithi050.stderr:Running command: /bin/podman run --rm --ipc=host --no-hosts --net=host --entrypoint /usr/bin/ceph --init -e CONTAINER_IMAGE=docker.io/ceph/ceph:v16.2.4 -e NODE_NAME=smithi050 -e CEPH_USE_RANDOM_NONCE=1 -v /var/log/ceph/02c8f25c-a361-11ee-95a5-87774f69a715:/var/log/ceph:z -v /tmp/ceph-tmps7kf4jlu:/etc/ceph/ceph.client.admin.keyring:z -v /tmp/ceph-tmpu2g3lwcx:/etc/ceph/ceph.conf:z docker.io/ceph/ceph:v16.2.4 orch apply crash
2023-12-25T20:06:54.958 INFO:teuthology.orchestra.run.smithi050.stderr:/usr/bin/ceph:
2023-12-25T20:06:54.956+0000 7f9946c62700 1 Processor -- start
2023-12-25T20:06:54.958 INFO:teuthology.orchestra.run.smithi050.stderr:/usr/bin/ceph:
2023-12-25T20:06:54.956+0000 7f9946c62700 1 -- start start
2023-12-25T20:06:54.959 INFO:teuthology.orchestra.run.smithi050.stderr:/usr/bin/ceph:
2023-12-25T20:06:54.957+0000 7f9946c62700 1 --2- >> [v2:172.21.15.50:3300/0,v1:172.21.15.50:6789/0] conn(0x7f99400fab90 0x7f99400fafb0 unknown :-1 s=NONE pgs=0 cs=0 l=0 rev1=0 rx=0 tx=0).connect
2023-12-25T20:06:54.959 INFO:teuthology.orchestra.run.smithi050.stderr:/usr/bin/ceph:
2023-12-25T20:06:54.957+0000 7f9946c62700 1 -- --> [v2:172.21.15.50:3300/0,v1:172.21.15.50:6789/0] -- mon_getmap magic: 0 v1 -- 0x7f99400fb4a0 con 0x7f99400fab90
2023-12-25T20:06:54.959 INFO:teuthology.orchestra.run.smithi050.stderr:/usr/bin/ceph:
2023-12-25T20:06:54.957+0000 7f99449fe700 1 --2- >> [v2:172.21.15.50:3300/0,v1:172.21.15.50:6789/0] conn(0x7f99400fab90 0x7f99400fafb0 unknown :-1 s=BANNER_CONNECTING pgs=0 cs=0 l=0 rev1=0 rx=0 tx=0)._handle_peer_banner_payload supported=1 required=0
2023-12-25T20:06:54.959 INFO:teuthology.orchestra.run.smithi050.stderr:/usr/bin/ceph:
2023-12-25T20:06:54.957+0000 7f99449fe700 1 --2- >> [v2:172.21.15.50:3300/0,v1:172.21.15.50:6789/0] conn(0x7f99400fab90 0x7f99400fafb0 unknown :-1 s=HELLO_CONNECTING pgs=0 cs=0 l=0 rev1=1 rx=0 tx=0).handle_hello peer v2:172.21.15.50:3300/0 says I am v2:172.21.15.50:47794/0 (socket says 172.21.15.50:47794)
2023-12-25T20:06:54.959 INFO:teuthology.orchestra.run.smithi050.stderr:/usr/bin/ceph:
2023-12-25T20:06:54.957+0000 7f99449fe700 1 -- 172.21.15.50:0/2942779100 learned_addr learned my addr 172.21.15.50:0/2942779100 (peer_addr_for_me v2:172.21.15.50:0/0)
2023-12-25T20:06:54.959 INFO:teuthology.orchestra.run.smithi050.stderr:/usr/bin/ceph:
2023-12-25T20:06:54.957+0000 7f99449fe700 1 -- 172.21.15.50:0/2942779100 --> [v2:172.21.15.50:3300/0,v1:172.21.15.50:6789/0] -- mon_subscribe({config=0+,monmap=0+}) v3 -- 0x7f99400fb5e0 con 0x7f99400fab90
2023-12-25T20:06:54.959 INFO:teuthology.orchestra.run.smithi050.stderr:/usr/bin/ceph:
2023-12-25T20:06:54.957+0000 7f99449fe700 1 --2- 172.21.15.50:0/2942779100 >> [v2:172.21.15.50:3300/0,v1:172.21.15.50:6789/0] conn(0x7f99400fab90 0x7f99400fafb0 secure :-1 s=READY pgs=43 cs=0 l=1 rev1=1 rx=0x7f993400b870 tx=0x7f9934006f70).ready entity=mon.0 client_cookie=f99e18dc0e6ed0e server_cookie=0 in_seq=0 out_seq=0
2023-12-25T20:06:54.959 INFO:teuthology.orchestra.run.smithi050.stderr:/usr/bin/ceph:
2023-12-25T20:06:54.957+0000 7f993f7fe700 1 -- 172.21.15.50:0/2942779100 <== mon.0 v2:172.21.15.50:3300/0 1 ==== mon_map magic: 0 v1 ==== 229+0+0 (secure 0 0 0) 0x7f993400da20 con 0x7f99400fab90
2023-12-25T20:06:54.959 INFO:teuthology.orchestra.run.smithi050.stderr:/usr/bin/ceph:
2023-12-25T20:06:54.957+0000 7f993f7fe700 1 -- 172.21.15.50:0/2942779100 <== mon.0 v2:172.21.15.50:3300/0 2 ==== config(25 keys) v1 ==== 1010+0+0 (secure 0 0 0) 0x7f9934010470 con 0x7f99400fab90
2023-12-25T20:06:54.959 INFO:teuthology.orchestra.run.smithi050.stderr:/usr/bin/ceph:
2023-12-25T20:06:54.957+0000 7f993f7fe700 1 -- 172.21.15.50:0/2942779100 <== mon.0 v2:172.21.15.50:3300/0 3 ==== mon_map magic: 0 v1 ==== 229+0+0 (secure 0 0 0) 0x7f993400f5b0 con 0x7f99400fab90
2023-12-25T20:06:54.961 INFO:teuthology.orchestra.run.smithi050.stderr:/usr/bin/ceph:
2023-12-25T20:06:54.958+0000 7f9946c62700 1 -- 172.21.15.50:0/2942779100 >> [v2:172.21.15.50:3300/0,v1:172.21.15.50:6789/0] conn(0x7f99400fab90 msgr2=0x7f99400fafb0 secure :-1 s=STATE_CONNECTION_ESTABLISHED l=1).mark_down
2023-12-25T20:06:54.961 INFO:teuthology.orchestra.run.smithi050.stderr:/usr/bin/ceph:
2023-12-25T20:06:54.958+0000 7f9946c62700 1 --2- 172.21.15.50:0/2942779100 >> [v2:172.21.15.50:3300/0,v1:172.21.15.50:6789/0] conn(0x7f99400fab90 0x7f99400fafb0 secure :-1 s=READY pgs=43 cs=0 l=1 rev1=1 rx=0x7f993400b870 tx=0x7f9934006f70).stop
2023-12-25T20:06:54.961 INFO:teuthology.orchestra.run.smithi050.stderr:/usr/bin/ceph:
2023-12-25T20:06:54.958+0000 7f9946c62700 1 -- 172.21.15.50:0/2942779100 shutdown_connections
2023-12-25T20:06:54.961 INFO:teuthology.orchestra.run.smithi050.stderr:/usr/bin/ceph:
2023-12-25T20:06:54.958+0000 7f9946c62700 1 --2- 172.21.15.50:0/2942779100 >> [v2:172.21.15.50:3300/0,v1:172.21.15.50:6789/0] conn(0x7f99400fab90 0x7f99400fafb0 unknown :-1 s=CLOSED pgs=43 cs=0 l=1 rev1=1 rx=0 tx=0).stop
2023-12-25T20:06:54.962 INFO:teuthology.orchestra.run.smithi050.stderr:/usr/bin/ceph:
2023-12-25T20:06:54.958+0000 7f9946c62700 1 -- 172.21.15.50:0/2942779100 >> 172.21.15.50:0/2942779100 conn(0x7f99400f63b0 msgr2=0x7f99400f87d0 unknown :-1 s=STATE_NONE l=0).mark_down
2023-12-25T20:06:54.962 INFO:teuthology.orchestra.run.smithi050.stderr:/usr/bin/ceph:
2023-12-25T20:06:54.958+0000 7f9946c62700 1 -- 172.21.15.50:0/2942779100 shutdown_connections
2023-12-25T20:06:54.962 INFO:teuthology.orchestra.run.smithi050.stderr:/usr/bin/ceph:
2023-12-25T20:06:54.958+0000 7f9946c62700 1 -- 172.21.15.50:0/2942779100 wait complete.
2023-12-25T20:06:54.962 INFO:teuthology.orchestra.run.smithi050.stderr:/usr/bin/ceph:
2023-12-25T20:06:54.959+0000 7f9946c62700 1 Processor -- start
2023-12-25T20:06:54.962 INFO:teuthology.orchestra.run.smithi050.stderr:/usr/bin/ceph:
2023-12-25T20:06:54.959+0000 7f9946c62700 1 -- start start
2023-12-25T20:06:54.962 INFO:teuthology.orchestra.run.smithi050.stderr:/usr/bin/ceph:
2023-12-25T20:06:54.959+0000 7f9946c62700 1 --2- >> [v2:172.21.15.50:3300/0,v1:172.21.15.50:6789/0] conn(0x7f99400fab90 0x7f9940108730 unknown :-1 s=NONE pgs=0 cs=0 l=1 rev1=0 rx=0 tx=0).connect
2023-12-25T20:06:54.962 INFO:teuthology.orchestra.run.smithi050.stderr:/usr/bin/ceph:
2023-12-25T20:06:54.959+0000 7f9946c62700 1 -- --> [v2:172.21.15.50:3300/0,v1:172.21.15.50:6789/0] -- mon_getmap magic: 0 v1 -- 0x7f9940108c20 con 0x7f99400fab90
2023-12-25T20:06:54.962 INFO:teuthology.orchestra.run.smithi050.stderr:/usr/bin/ceph:
2023-12-25T20:06:54.959+0000 7f99449fe700 1 --2- >> [v2:172.21.15.50:3300/0,v1:172.21.15.50:6789/0] conn(0x7f99400fab90 0x7f9940108730 unknown :-1 s=BANNER_CONNECTING pgs=0 cs=0 l=1 rev1=0 rx=0 tx=0)._handle_peer_banner_payload supported=1 required=0
2023-12-25T20:06:54.962 INFO:teuthology.orchestra.run.smithi050.stderr:/usr/bin/ceph:
2023-12-25T20:06:54.960+0000 7f99449fe700 1 --2- >> [v2:172.21.15.50:3300/0,v1:172.21.15.50:6789/0] conn(0x7f99400fab90 0x7f9940108730 unknown :-1 s=HELLO_CONNECTING pgs=0 cs=0 l=1 rev1=1 rx=0 tx=0).handle_hello peer v2:172.21.15.50:3300/0 says I am v2:172.21.15.50:47796/0 (socket says 172.21.15.50:47796)
2023-12-25T20:06:54.962 INFO:teuthology.orchestra.run.smithi050.stderr:/usr/bin/ceph:
2023-12-25T20:06:54.960+0000 7f99449fe700 1 -- 172.21.15.50:0/4159774699 learned_addr learned my addr 172.21.15.50:0/4159774699 (peer_addr_for_me v2:172.21.15.50:0/0)
2023-12-25T20:06:54.962 INFO:teuthology.orchestra.run.smithi050.stderr:/usr/bin/ceph:
2023-12-25T20:06:54.960+0000 7f99449fe700 1 -- 172.21.15.50:0/4159774699 --> [v2:172.21.15.50:3300/0,v1:172.21.15.50:6789/0] -- mon_subscribe({config=0+,monmap=0+}) v3 -- 0x7f993400b480 con 0x7f99400fab90
2023-12-25T20:06:54.962 INFO:teuthology.orchestra.run.smithi050.stderr:/usr/bin/ceph:
2023-12-25T20:06:54.960+0000 7f99449fe700 1 --2- 172.21.15.50:0/4159774699 >> [v2:172.21.15.50:3300/0,v1:172.21.15.50:6789/0] conn(0x7f99400fab90 0x7f9940108730 secure :-1 s=READY pgs=44 cs=0 l=1 rev1=1 rx=0x7f9934006800 tx=0x7f9934006f70).ready entity=mon.0 client_cookie=0 server_cookie=0 in_seq=0 out_seq=0
2023-12-25T20:06:54.962 INFO:teuthology.orchestra.run.smithi050.stderr:/usr/bin/ceph:
2023-12-25T20:06:54.960+0000 7f993d7fa700 1 -- 172.21.15.50:0/4159774699 <== mon.0 v2:172.21.15.50:3300/0 1 ==== mon_map magic: 0 v1 ==== 229+0+0 (secure 0 0 0) 0x7f993400f820 con 0x7f99400fab90
2023-12-25T20:06:54.962 INFO:teuthology.orchestra.run.smithi050.stderr:/usr/bin/ceph:
2023-12-25T20:06:54.960+0000 7f993d7fa700 1 -- 172.21.15.50:0/4159774699 <== mon.0 v2:172.21.15.50:3300/0 2 ==== config(25 keys) v1 ==== 1010+0+0 (secure 0 0 0) 0x7f993400fdf0 con 0x7f99400fab90
2023-12-25T20:06:54.963 INFO:teuthology.orchestra.run.smithi050.stderr:/usr/bin/ceph:
2023-12-25T20:06:54.960+0000 7f993d7fa700 1 -- 172.21.15.50:0/4159774699 <== mon.0 v2:172.21.15.50:3300/0 3 ==== mon_map magic: 0 v1 ==== 229+0+0 (secure 0 0 0) 0x7f9934019d50 con 0x7f99400fab90
2023-12-25T20:06:54.963 INFO:teuthology.orchestra.run.smithi050.stderr:/usr/bin/ceph:
2023-12-25T20:06:54.960+0000 7f9946c62700 1 -- 172.21.15.50:0/4159774699 --> [v2:172.21.15.50:3300/0,v1:172.21.15.50:6789/0] -- mon_subscribe({mgrmap=0+}) v3 -- 0x7f9940108e20 con 0x7f99400fab90
2023-12-25T20:06:54.963 INFO:teuthology.orchestra.run.smithi050.stderr:/usr/bin/ceph:
2023-12-25T20:06:54.960+0000 7f9946c62700 1 -- 172.21.15.50:0/4159774699 --> [v2:172.21.15.50:3300/0,v1:172.21.15.50:6789/0] -- mon_subscribe({osdmap=0}) v3 -- 0x7f9940109230 con 0x7f99400fab90
2023-12-25T20:06:54.963 INFO:teuthology.orchestra.run.smithi050.stderr:/usr/bin/ceph:
2023-12-25T20:06:54.961+0000 7f993d7fa700 1 -- 172.21.15.50:0/4159774699 <== mon.0 v2:172.21.15.50:3300/0 4 ==== mgrmap(e 8) v1 ==== 36120+0+0 (secure 0 0 0) 0x7f9934016030 con 0x7f99400fab90
2023-12-25T20:06:54.964 INFO:teuthology.orchestra.run.smithi050.stderr:/usr/bin/ceph:
2023-12-25T20:06:54.961+0000 7f993d7fa700 1 --2- 172.21.15.50:0/4159774699 >> [v2:172.21.15.50:6800/4046643232,v1:172.21.15.50:6801/4046643232] conn(0x7f992402fdb0 0x7f9924032270 unknown :-1 s=NONE pgs=0 cs=0 l=1 rev1=0 rx=0 tx=0).connect
2023-12-25T20:06:54.964 INFO:teuthology.orchestra.run.smithi050.stderr:/usr/bin/ceph:
2023-12-25T20:06:54.961+0000 7f993d7fa700 1 -- 172.21.15.50:0/4159774699 <== mon.0 v2:172.21.15.50:3300/0 5 ==== osd_map(2..2 src has 1..2) v4 ==== 926+0+0 (secure 0 0 0) 0x7f99340440f0 con 0x7f99400fab90
2023-12-25T20:06:54.964 INFO:teuthology.orchestra.run.smithi050.stderr:/usr/bin/ceph:
2023-12-25T20:06:54.961+0000 7f993ffff700 1 --2- 172.21.15.50:0/4159774699 >> [v2:172.21.15.50:6800/4046643232,v1:172.21.15.50:6801/4046643232] conn(0x7f992402fdb0 0x7f9924032270 unknown :-1 s=BANNER_CONNECTING pgs=0 cs=0 l=1 rev1=0 rx=0 tx=0)._handle_peer_banner_payload supported=1 required=0
2023-12-25T20:06:54.964 INFO:teuthology.orchestra.run.smithi050.stderr:/usr/bin/ceph:
2023-12-25T20:06:54.962+0000 7f993ffff700 1 --2- 172.21.15.50:0/4159774699 >> [v2:172.21.15.50:6800/4046643232,v1:172.21.15.50:6801/4046643232] conn(0x7f992402fdb0 0x7f9924032270 secure :-1 s=READY pgs=13 cs=0 l=1 rev1=1 rx=0x7f992c0096a0 tx=0x7f992c006b40).ready entity=mgr.14114 client_cookie=0 server_cookie=0 in_seq=0 out_seq=0
2023-12-25T20:06:54.964 INFO:teuthology.orchestra.run.smithi050.stderr:/usr/bin/ceph:
2023-12-25T20:06:54.962+0000 7f9946c62700 1 -- 172.21.15.50:0/4159774699 --> [v2:172.21.15.50:3300/0,v1:172.21.15.50:6789/0] -- mon_command({"prefix": "get_command_descriptions"} v 0) v1 -- 0x7f9940059100 con 0x7f99400fab90
2023-12-25T20:06:54.967 INFO:teuthology.orchestra.run.smithi050.stderr:/usr/bin/ceph:
2023-12-25T20:06:54.966+0000 7f993d7fa700 1 -- 172.21.15.50:0/4159774699 <== mon.0 v2:172.21.15.50:3300/0 6 ==== mon_command_ack([{"prefix": "get_command_descriptions"}]=0 v0) v1 ==== 72+0+152212 (secure 0 0 0) 0x7f9934014020 con 0x7f99400fab90
2023-12-25T20:06:55.155 INFO:teuthology.orchestra.run.smithi050.stderr:/usr/bin/ceph:
2023-12-25T20:06:55.154+0000 7f9946c62700 1 -- 172.21.15.50:0/4159774699 --> [v2:172.21.15.50:6800/4046643232,v1:172.21.15.50:6801/4046643232] -- mgr_command(tid 0: {"prefix": "orch apply", "service_type": "crash", "target": ["mon-mgr", ""]}) v1 -- 0x7f99401026c0 con 0x7f992402fdb0
2023-12-25T20:06:55.159 INFO:teuthology.orchestra.run.smithi050.stderr:/usr/bin/ceph:
2023-12-25T20:06:55.158+0000 7f993d7fa700 1 -- 172.21.15.50:0/4159774699 <== mgr.14114 v2:172.21.15.50:6800/4046643232 1 ==== mgr_command_reply(tid 0: 0 ) v1 ==== 8+0+26 (secure 0 0 0) 0x7f99401026c0 con 0x7f992402fdb0
2023-12-25T20:06:55.159 INFO:teuthology.orchestra.run.smithi050.stderr:/usr/bin/ceph: Scheduled crash update...
2023-12-25T20:06:55.161 INFO:teuthology.orchestra.run.smithi050.stderr:/usr/bin/ceph:
2023-12-25T20:06:55.160+0000 7f9946c62700 1 -- 172.21.15.50:0/4159774699 >> [v2:172.21.15.50:6800/4046643232,v1:172.21.15.50:6801/4046643232] conn(0x7f992402fdb0 msgr2=0x7f9924032270 secure :-1 s=STATE_CONNECTION_ESTABLISHED l=1).mark_down
2023-12-25T20:06:55.161 INFO:teuthology.orchestra.run.smithi050.stderr:/usr/bin/ceph:
2023-12-25T20:06:55.160+0000 7f9946c62700 1 --2- 172.21.15.50:0/4159774699 >> [v2:172.21.15.50:6800/4046643232,v1:172.21.15.50:6801/4046643232] conn(0x7f992402fdb0 0x7f9924032270 secure :-1 s=READY pgs=13 cs=0 l=1 rev1=1 rx=0x7f992c0096a0 tx=0x7f992c006b40).stop
2023-12-25T20:06:55.161 INFO:teuthology.orchestra.run.smithi050.stderr:/usr/bin/ceph:
2023-12-25T20:06:55.160+0000 7f9946c62700 1 -- 172.21.15.50:0/4159774699 >> [v2:172.21.15.50:3300/0,v1:172.21.15.50:6789/0] conn(0x7f99400fab90 msgr2=0x7f9940108730 secure :-1 s=STATE_CONNECTION_ESTABLISHED l=1).mark_down
2023-12-25T20:06:55.161 INFO:teuthology.orchestra.run.smithi050.stderr:/usr/bin/ceph:
2023-12-25T20:06:55.160+0000 7f9946c62700 1 --2- 172.21.15.50:0/4159774699 >> [v2:172.21.15.50:3300/0,v1:172.21.15.50:6789/0] conn(0x7f99400fab90 0x7f9940108730 secure :-1 s=READY pgs=44 cs=0 l=1 rev1=1 rx=0x7f9934006800 tx=0x7f9934006f70).stop
2023-12-25T20:06:55.162 INFO:teuthology.orchestra.run.smithi050.stderr:/usr/bin/ceph:
2023-12-25T20:06:55.160+0000 7f9946c62700 1 -- 172.21.15.50:0/4159774699 shutdown_connections
2023-12-25T20:06:55.162 INFO:teuthology.orchestra.run.smithi050.stderr:/usr/bin/ceph:
2023-12-25T20:06:55.160+0000 7f9946c62700 1 --2- 172.21.15.50:0/4159774699 >> [v2:172.21.15.50:6800/4046643232,v1:172.21.15.50:6801/4046643232] conn(0x7f992402fdb0 0x7f9924032270 unknown :-1 s=CLOSED pgs=13 cs=0 l=1 rev1=1 rx=0 tx=0).stop
2023-12-25T20:06:55.162 INFO:teuthology.orchestra.run.smithi050.stderr:/usr/bin/ceph:
2023-12-25T20:06:55.160+0000 7f9946c62700 1 --2- 172.21.15.50:0/4159774699 >> [v2:172.21.15.50:3300/0,v1:172.21.15.50:6789/0] conn(0x7f99400fab90 0x7f9940108730 unknown :-1 s=CLOSED pgs=44 cs=0 l=1 rev1=1 rx=0 tx=0).stop
2023-12-25T20:06:55.162 INFO:teuthology.orchestra.run.smithi050.stderr:/usr/bin/ceph:
2023-12-25T20:06:55.160+0000 7f9946c62700 1 -- 172.21.15.50:0/4159774699 >> 172.21.15.50:0/4159774699 conn(0x7f99400f63b0 msgr2=0x7f99400ff920 unknown :-1 s=STATE_NONE l=0).mark_down
2023-12-25T20:06:55.162 INFO:teuthology.orchestra.run.smithi050.stderr:/usr/bin/ceph:
2023-12-25T20:06:55.160+0000 7f9946c62700 1 -- 172.21.15.50:0/4159774699 shutdown_connections
2023-12-25T20:06:55.162 INFO:teuthology.orchestra.run.smithi050.stderr:/usr/bin/ceph:
2023-12-25T20:06:55.160+0000 7f9946c62700 1 -- 172.21.15.50:0/4159774699 wait complete.
2023-12-25T20:06:55.706 INFO:teuthology.orchestra.run.smithi050.stderr:Enabling mgr prometheus module...
2023-12-25T20:06:55.706 INFO:teuthology.orchestra.run.smithi050.stderr:Running command: /bin/podman run --rm --ipc=host --no-hosts --net=host --entrypoint /usr/bin/ceph --init -e CONTAINER_IMAGE=docker.io/ceph/ceph:v16.2.4 -e NODE_NAME=smithi050 -e CEPH_USE_RANDOM_NONCE=1 -v /var/log/ceph/02c8f25c-a361-11ee-95a5-87774f69a715:/var/log/ceph:z -v /tmp/ceph-tmps7kf4jlu:/etc/ceph/ceph.client.admin.keyring:z -v /tmp/ceph-tmpu2g3lwcx:/etc/ceph/ceph.conf:z docker.io/ceph/ceph:v16.2.4 mgr module enable prometheus
2023-12-25T20:06:56.162 INFO:teuthology.orchestra.run.smithi050.stderr:/usr/bin/ceph:
2023-12-25T20:06:56.161+0000 7f21f2dd8700 1 Processor -- start
2023-12-25T20:06:56.162 INFO:teuthology.orchestra.run.smithi050.stderr:/usr/bin/ceph:
2023-12-25T20:06:56.161+0000 7f21f2dd8700 1 -- start start
2023-12-25T20:06:56.162 INFO:teuthology.orchestra.run.smithi050.stderr:/usr/bin/ceph:
2023-12-25T20:06:56.161+0000 7f21f2dd8700 1 --2- >> [v2:172.21.15.50:3300/0,v1:172.21.15.50:6789/0] conn(0x7f21ec070430 0x7f21ec0fe8e0 unknown :-1 s=NONE pgs=0 cs=0 l=0 rev1=0 rx=0 tx=0).connect
2023-12-25T20:06:56.162 INFO:teuthology.orchestra.run.smithi050.stderr:/usr/bin/ceph:
2023-12-25T20:06:56.161+0000 7f21f2dd8700 1 -- --> [v2:172.21.15.50:3300/0,v1:172.21.15.50:6789/0] -- mon_getmap magic: 0 v1 -- 0x7f21ec0fedd0 con 0x7f21ec070430
2023-12-25T20:06:56.163 INFO:teuthology.orchestra.run.smithi050.stderr:/usr/bin/ceph:
2023-12-25T20:06:56.162+0000 7f21f0b74700 1 --2- >> [v2:172.21.15.50:3300/0,v1:172.21.15.50:6789/0] conn(0x7f21ec070430 0x7f21ec0fe8e0 unknown :-1 s=BANNER_CONNECTING pgs=0 cs=0 l=0 rev1=0 rx=0 tx=0)._handle_peer_banner_payload supported=1 required=0
2023-12-25T20:06:56.163 INFO:teuthology.orchestra.run.smithi050.stderr:/usr/bin/ceph:
2023-12-25T20:06:56.162+0000 7f21f0b74700 1 --2- >> [v2:172.21.15.50:3300/0,v1:172.21.15.50:6789/0] conn(0x7f21ec070430 0x7f21ec0fe8e0 unknown :-1 s=HELLO_CONNECTING pgs=0 cs=0 l=0 rev1=1 rx=0 tx=0).handle_hello peer v2:172.21.15.50:3300/0 says I am v2:172.21.15.50:47810/0 (socket says 172.21.15.50:47810)
2023-12-25T20:06:56.163 INFO:teuthology.orchestra.run.smithi050.stderr:/usr/bin/ceph:
2023-12-25T20:06:56.162+0000 7f21f0b74700 1 -- 172.21.15.50:0/1465308853 learned_addr learned my addr 172.21.15.50:0/1465308853 (peer_addr_for_me v2:172.21.15.50:0/0)
2023-12-25T20:06:56.163 INFO:teuthology.orchestra.run.smithi050.stderr:/usr/bin/ceph:
2023-12-25T20:06:56.162+0000 7f21f0b74700 1 -- 172.21.15.50:0/1465308853 --> [v2:172.21.15.50:3300/0,v1:172.21.15.50:6789/0] -- mon_subscribe({config=0+,monmap=0+}) v3 -- 0x7f21ec0fef10 con 0x7f21ec070430
2023-12-25T20:06:56.164 INFO:teuthology.orchestra.run.smithi050.stderr:/usr/bin/ceph:
2023-12-25T20:06:56.162+0000 7f21f0b74700 1 --2- 172.21.15.50:0/1465308853 >> [v2:172.21.15.50:3300/0,v1:172.21.15.50:6789/0] conn(0x7f21ec070430 0x7f21ec0fe8e0 secure :-1 s=READY pgs=45 cs=0 l=1 rev1=1 rx=0x7f21e000b5f0 tx=0x7f21e0006ee0).ready entity=mon.0 client_cookie=dca911524cbfac2e server_cookie=0 in_seq=0 out_seq=0
2023-12-25T20:06:56.164 INFO:teuthology.orchestra.run.smithi050.stderr:/usr/bin/ceph:
2023-12-25T20:06:56.162+0000 7f21eb7fe700 1 -- 172.21.15.50:0/1465308853 <== mon.0 v2:172.21.15.50:3300/0 1 ==== mon_map magic: 0 v1 ==== 229+0+0 (secure 0 0 0) 0x7f21e000d600 con 0x7f21ec070430
2023-12-25T20:06:56.164 INFO:teuthology.orchestra.run.smithi050.stderr:/usr/bin/ceph:
2023-12-25T20:06:56.162+0000 7f21eb7fe700 1 -- 172.21.15.50:0/1465308853 <== mon.0 v2:172.21.15.50:3300/0 2 ==== config(25 keys) v1 ==== 1074+0+0 (secure 0 0 0) 0x7f21e000dc10 con 0x7f21ec070430
2023-12-25T20:06:56.164 INFO:teuthology.orchestra.run.smithi050.stderr:/usr/bin/ceph:
2023-12-25T20:06:56.162+0000 7f21eb7fe700 1 -- 172.21.15.50:0/1465308853 <== mon.0 v2:172.21.15.50:3300/0 3 ==== mon_map magic: 0 v1 ==== 229+0+0 (secure 0 0 0) 0x7f21e0011cd0 con 0x7f21ec070430
2023-12-25T20:06:56.164 INFO:teuthology.orchestra.run.smithi050.stderr:/usr/bin/ceph:
2023-12-25T20:06:56.163+0000 7f21f2dd8700 1 -- 172.21.15.50:0/1465308853 >> [v2:172.21.15.50:3300/0,v1:172.21.15.50:6789/0] conn(0x7f21ec070430 msgr2=0x7f21ec0fe8e0 secure :-1 s=STATE_CONNECTION_ESTABLISHED l=1).mark_down
2023-12-25T20:06:56.164 INFO:teuthology.orchestra.run.smithi050.stderr:/usr/bin/ceph:
2023-12-25T20:06:56.163+0000 7f21f2dd8700 1 --2- 172.21.15.50:0/1465308853 >> [v2:172.21.15.50:3300/0,v1:172.21.15.50:6789/0] conn(0x7f21ec070430 0x7f21ec0fe8e0 secure :-1 s=READY pgs=45 cs=0 l=1 rev1=1 rx=0x7f21e000b5f0 tx=0x7f21e0006ee0).stop
2023-12-25T20:06:56.164 INFO:teuthology.orchestra.run.smithi050.stderr:/usr/bin/ceph:
2023-12-25T20:06:56.163+0000 7f21f2dd8700 1 -- 172.21.15.50:0/1465308853 shutdown_connections
2023-12-25T20:06:56.165 INFO:teuthology.orchestra.run.smithi050.stderr:/usr/bin/ceph:
2023-12-25T20:06:56.163+0000 7f21f2dd8700 1 --2- 172.21.15.50:0/1465308853 >> [v2:172.21.15.50:3300/0,v1:172.21.15.50:6789/0] conn(0x7f21ec070430 0x7f21ec0fe8e0 unknown :-1 s=CLOSED pgs=45 cs=0 l=1 rev1=1 rx=0 tx=0).stop
2023-12-25T20:06:56.165 INFO:teuthology.orchestra.run.smithi050.stderr:/usr/bin/ceph:
2023-12-25T20:06:56.163+0000 7f21f2dd8700 1 -- 172.21.15.50:0/1465308853 >> 172.21.15.50:0/1465308853 conn(0x7f21ec0f63c0 msgr2=0x7f21ec0f87e0 unknown :-1 s=STATE_NONE l=0).mark_down
2023-12-25T20:06:56.165 INFO:teuthology.orchestra.run.smithi050.stderr:/usr/bin/ceph:
2023-12-25T20:06:56.163+0000 7f21f2dd8700 1 -- 172.21.15.50:0/1465308853 shutdown_connections
2023-12-25T20:06:56.165 INFO:teuthology.orchestra.run.smithi050.stderr:/usr/bin/ceph:
2023-12-25T20:06:56.163+0000 7f21f2dd8700 1 -- 172.21.15.50:0/1465308853 wait complete.
2023-12-25T20:06:56.165 INFO:teuthology.orchestra.run.smithi050.stderr:/usr/bin/ceph:
2023-12-25T20:06:56.164+0000 7f21f2dd8700 1 Processor -- start
2023-12-25T20:06:56.165 INFO:teuthology.orchestra.run.smithi050.stderr:/usr/bin/ceph:
2023-12-25T20:06:56.164+0000 7f21f2dd8700 1 -- start start
2023-12-25T20:06:56.166 INFO:teuthology.orchestra.run.smithi050.stderr:/usr/bin/ceph:
2023-12-25T20:06:56.164+0000 7f21f2dd8700 1 --2- >> [v2:172.21.15.50:3300/0,v1:172.21.15.50:6789/0] conn(0x7f21ec070430 0x7f21ec0fc360 unknown :-1 s=NONE pgs=0 cs=0 l=1 rev1=0 rx=0 tx=0).connect
2023-12-25T20:06:56.166 INFO:teuthology.orchestra.run.smithi050.stderr:/usr/bin/ceph:
2023-12-25T20:06:56.164+0000 7f21f2dd8700 1 -- --> [v2:172.21.15.50:3300/0,v1:172.21.15.50:6789/0] -- mon_getmap magic: 0 v1 -- 0x7f21ec0fa7e0 con 0x7f21ec070430
2023-12-25T20:06:56.166 INFO:teuthology.orchestra.run.smithi050.stderr:/usr/bin/ceph:
2023-12-25T20:06:56.164+0000 7f21f0b74700 1 --2- >> [v2:172.21.15.50:3300/0,v1:172.21.15.50:6789/0] conn(0x7f21ec070430 0x7f21ec0fc360 unknown :-1 s=BANNER_CONNECTING pgs=0 cs=0 l=1 rev1=0 rx=0 tx=0)._handle_peer_banner_payload supported=1 required=0
2023-12-25T20:06:56.166 INFO:teuthology.orchestra.run.smithi050.stderr:/usr/bin/ceph:
2023-12-25T20:06:56.164+0000 7f21f0b74700 1 --2- >> [v2:172.21.15.50:3300/0,v1:172.21.15.50:6789/0] conn(0x7f21ec070430 0x7f21ec0fc360 unknown :-1 s=HELLO_CONNECTING pgs=0 cs=0 l=1 rev1=1 rx=0 tx=0).handle_hello peer v2:172.21.15.50:3300/0 says I am v2:172.21.15.50:47818/0 (socket says 172.21.15.50:47818)
2023-12-25T20:06:56.166 INFO:teuthology.orchestra.run.smithi050.stderr:/usr/bin/ceph:
2023-12-25T20:06:56.165+0000 7f21f0b74700 1 -- 172.21.15.50:0/3167729383 learned_addr learned my addr 172.21.15.50:0/3167729383 (peer_addr_for_me v2:172.21.15.50:0/0)
2023-12-25T20:06:56.166 INFO:teuthology.orchestra.run.smithi050.stderr:/usr/bin/ceph:
2023-12-25T20:06:56.165+0000 7f21f0b74700 1 -- 172.21.15.50:0/3167729383 --> [v2:172.21.15.50:3300/0,v1:172.21.15.50:6789/0] -- mon_subscribe({config=0+,monmap=0+}) v3 -- 0x7f21e000b200 con 0x7f21ec070430
2023-12-25T20:06:56.166 INFO:teuthology.orchestra.run.smithi050.stderr:/usr/bin/ceph:
2023-12-25T20:06:56.165+0000 7f21f0b74700 1 --2- 172.21.15.50:0/3167729383 >> [v2:172.21.15.50:3300/0,v1:172.21.15.50:6789/0] conn(0x7f21ec070430 0x7f21ec0fc360 secure :-1 s=READY pgs=46 cs=0 l=1 rev1=1 rx=0x7f21e0006800 tx=0x7f21e0006ee0).ready entity=mon.0 client_cookie=0 server_cookie=0 in_seq=0 out_seq=0
2023-12-25T20:06:56.166 INFO:teuthology.orchestra.run.smithi050.stderr:/usr/bin/ceph:
2023-12-25T20:06:56.165+0000 7f21e97fa700 1 -- 172.21.15.50:0/3167729383 <== mon.0 v2:172.21.15.50:3300/0 1 ==== mon_map magic: 0 v1 ==== 229+0+0 (secure 0 0 0) 0x7f21e0011df0 con 0x7f21ec070430
2023-12-25T20:06:56.166 INFO:teuthology.orchestra.run.smithi050.stderr:/usr/bin/ceph:
2023-12-25T20:06:56.165+0000 7f21f2dd8700 1 -- 172.21.15.50:0/3167729383 --> [v2:172.21.15.50:3300/0,v1:172.21.15.50:6789/0] -- mon_subscribe({mgrmap=0+}) v3 -- 0x7f21ec0fa980 con 0x7f21ec070430
2023-12-25T20:06:56.167 INFO:teuthology.orchestra.run.smithi050.stderr:/usr/bin/ceph:
2023-12-25T20:06:56.165+0000 7f21f2dd8700 1 -- 172.21.15.50:0/3167729383 --> [v2:172.21.15.50:3300/0,v1:172.21.15.50:6789/0] -- mon_subscribe({osdmap=0}) v3 -- 0x7f21ec0fad90 con 0x7f21ec070430
2023-12-25T20:06:56.167 INFO:teuthology.orchestra.run.smithi050.stderr:/usr/bin/ceph:
2023-12-25T20:06:56.167+0000 7f21e97fa700 1 -- 172.21.15.50:0/3167729383 <== mon.0 v2:172.21.15.50:3300/0 2 ==== config(25 keys) v1 ==== 1074+0+0 (secure 0 0 0) 0x7f21e001b8c0 con 0x7f21ec070430
2023-12-25T20:06:56.167 INFO:teuthology.orchestra.run.smithi050.stderr:/usr/bin/ceph:
2023-12-25T20:06:56.166+0000 7f21f2dd8700 1 -- 172.21.15.50:0/3167729383 --> [v2:172.21.15.50:3300/0,v1:172.21.15.50:6789/0] -- mon_command({"prefix": "get_command_descriptions"} v 0) v1 -- 0x7f21ec045ad0 con 0x7f21ec070430
2023-12-25T20:06:56.168 INFO:teuthology.orchestra.run.smithi050.stderr:/usr/bin/ceph:
2023-12-25T20:06:56.167+0000 7f21e97fa700 1 -- 172.21.15.50:0/3167729383 <== mon.0 v2:172.21.15.50:3300/0 3 ==== mon_map magic: 0 v1 ==== 229+0+0 (secure 0 0 0) 0x7f21e001a830 con 0x7f21ec070430
2023-12-25T20:06:56.168 INFO:teuthology.orchestra.run.smithi050.stderr:/usr/bin/ceph:
2023-12-25T20:06:56.167+0000 7f21e97fa700 1 -- 172.21.15.50:0/3167729383 <== mon.0 v2:172.21.15.50:3300/0 4 ==== mgrmap(e 8) v1 ==== 36120+0+0 (secure 0 0 0) 0x7f21e000f070 con 0x7f21ec070430
2023-12-25T20:06:56.168 INFO:teuthology.orchestra.run.smithi050.stderr:/usr/bin/ceph:
2023-12-25T20:06:56.167+0000 7f21e97fa700 1 --2- 172.21.15.50:0/3167729383 >> [v2:172.21.15.50:6800/4046643232,v1:172.21.15.50:6801/4046643232] conn(0x7f21d002fe50 0x7f21d0032310 unknown :-1 s=NONE pgs=0 cs=0 l=1 rev1=0 rx=0 tx=0).connect
2023-12-25T20:06:56.168 INFO:teuthology.orchestra.run.smithi050.stderr:/usr/bin/ceph:
2023-12-25T20:06:56.167+0000 7f21e97fa700 1 -- 172.21.15.50:0/3167729383 <== mon.0 v2:172.21.15.50:3300/0 5 ==== osd_map(2..2 src has 1..2) v4 ==== 926+0+0 (secure 0 0 0) 0x7f21e0041ea0 con 0x7f21ec070430
2023-12-25T20:06:56.170 INFO:teuthology.orchestra.run.smithi050.stderr:/usr/bin/ceph:
2023-12-25T20:06:56.170+0000 7f21ebfff700 1 --2- 172.21.15.50:0/3167729383 >> [v2:172.21.15.50:6800/4046643232,v1:172.21.15.50:6801/4046643232] conn(0x7f21d002fe50 0x7f21d0032310 unknown :-1 s=BANNER_CONNECTING pgs=0 cs=0 l=1 rev1=0 rx=0 tx=0)._handle_peer_banner_payload supported=1 required=0
2023-12-25T20:06:56.171 INFO:teuthology.orchestra.run.smithi050.stderr:/usr/bin/ceph:
2023-12-25T20:06:56.170+0000 7f21ebfff700 1 --2- 172.21.15.50:0/3167729383 >> [v2:172.21.15.50:6800/4046643232,v1:172.21.15.50:6801/4046643232] conn(0x7f21d002fe50 0x7f21d0032310 secure :-1 s=READY pgs=14 cs=0 l=1 rev1=1 rx=0x7f21d80096a0 tx=0x7f21d8006b40).ready entity=mgr.14114 client_cookie=0 server_cookie=0 in_seq=0 out_seq=0
2023-12-25T20:06:56.171 INFO:teuthology.orchestra.run.smithi050.stderr:/usr/bin/ceph:
2023-12-25T20:06:56.171+0000 7f21e97fa700 1 -- 172.21.15.50:0/3167729383 <== mon.0 v2:172.21.15.50:3300/0 6 ==== mon_command_ack([{"prefix": "get_command_descriptions"}]=0 v0) v1 ==== 72+0+152212 (secure 0 0 0) 0x7f21e0010bc0 con 0x7f21ec070430
2023-12-25T20:06:56.376 INFO:teuthology.orchestra.run.smithi050.stderr:/usr/bin/ceph:
2023-12-25T20:06:56.375+0000 7f21f2dd8700 1 -- 172.21.15.50:0/3167729383 --> [v2:172.21.15.50:3300/0,v1:172.21.15.50:6789/0] -- mon_command({"prefix": "mgr module enable", "module": "prometheus"} v 0) v1 -- 0x7f21ec1049e0 con 0x7f21ec070430
2023-12-25T20:06:56.469 INFO:journalctl@ceph.mon.smithi050.smithi050.stdout:Dec 25 20:06:56 smithi050 ceph-02c8f25c-a361-11ee-95a5-87774f69a715-mon.smithi050[111770]: audit
2023-12-25T20:06:55.156590+0000 mgr.smithi050.nbzhun (mgr.14114) 14 : audit [DBG] from='client.14138 -' entity='client.admin' cmd=[{"prefix": "orch apply", "service_type": "crash", "target": ["mon-mgr", ""]}]: dispatch
2023-12-25T20:06:56.469 INFO:journalctl@ceph.mon.smithi050.smithi050.stdout:Dec 25 20:06:56 smithi050 ceph-02c8f25c-a361-11ee-95a5-87774f69a715-mon.smithi050[111770]: cephadm
2023-12-25T20:06:55.157275+0000 mgr.smithi050.nbzhun (mgr.14114) 15 : cephadm [INF] Saving service crash spec with placement *
2023-12-25T20:06:56.469 INFO:journalctl@ceph.mon.smithi050.smithi050.stdout:Dec 25 20:06:56 smithi050 ceph-02c8f25c-a361-11ee-95a5-87774f69a715-mon.smithi050[111770]: audit
2023-12-25T20:06:55.159524+0000 mon.smithi050 (mon.0) 58 : audit [INF] from='mgr.14114 172.21.15.50:0/3381094233' entity='mgr.smithi050.nbzhun'
2023-12-25T20:06:56.469 INFO:journalctl@ceph.mon.smithi050.smithi050.stdout:Dec 25 20:06:56 smithi050 ceph-02c8f25c-a361-11ee-95a5-87774f69a715-mon.smithi050[111770]: audit
2023-12-25T20:06:55.561113+0000 mon.smithi050 (mon.0) 59 : audit [INF] from='mgr.14114 172.21.15.50:0/3381094233' entity='mgr.smithi050.nbzhun'
2023-12-25T20:06:56.469 INFO:journalctl@ceph.mon.smithi050.smithi050.stdout:Dec 25 20:06:56 smithi050 ceph-02c8f25c-a361-11ee-95a5-87774f69a715-mon.smithi050[111770]: audit
2023-12-25T20:06:55.788658+0000 mon.smithi050 (mon.0) 60 : audit [INF] from='mgr.14114 172.21.15.50:0/3381094233' entity='mgr.smithi050.nbzhun'
2023-12-25T20:06:57.161 INFO:teuthology.orchestra.run.smithi050.stderr:/usr/bin/ceph:
2023-12-25T20:06:57.160+0000 7f21e97fa700 1 -- 172.21.15.50:0/3167729383 <== mon.0 v2:172.21.15.50:3300/0 7 ==== mgrmap(e 9) v1 ==== 36134+0+0 (secure 0 0 0) 0x7f21e0044020 con 0x7f21ec070430
2023-12-25T20:06:57.162 INFO:teuthology.orchestra.run.smithi050.stderr:/usr/bin/ceph:
2023-12-25T20:06:57.162+0000 7f21e97fa700 1 -- 172.21.15.50:0/3167729383 <== mon.0 v2:172.21.15.50:3300/0 8 ==== mon_command_ack([{"prefix": "mgr module enable", "module": "prometheus"}]=0 v9) v1 ==== 89+0+0 (secure 0 0 0) 0x7f21e0047510 con 0x7f21ec070430
2023-12-25T20:06:57.166 INFO:teuthology.orchestra.run.smithi050.stderr:/usr/bin/ceph:
2023-12-25T20:06:57.164+0000 7f21f2dd8700 1 -- 172.21.15.50:0/3167729383 >> [v2:172.21.15.50:6800/4046643232,v1:172.21.15.50:6801/4046643232] conn(0x7f21d002fe50 msgr2=0x7f21d0032310 secure :-1 s=STATE_CONNECTION_ESTABLISHED l=1).mark_down
2023-12-25T20:06:57.166 INFO:teuthology.orchestra.run.smithi050.stderr:/usr/bin/ceph:
