2023-12-25T20:06:39.602614+0000 mon.smithi050 (mon.0) 39 : audit [INF] from='mgr.14114 172.21.15.50:0/3381094233' entity='mgr.smithi050.nbzhun'
2023-12-25T20:06:40.970 INFO:journalctl@ceph.mon.smithi050.smithi050.stdout:Dec 25 20:06:40 smithi050 ceph-02c8f25c-a361-11ee-95a5-87774f69a715-mon.smithi050[111770]: audit
2023-12-25T20:06:39.605146+0000 mon.smithi050 (mon.0) 40 : audit [INF] from='mgr.14114 172.21.15.50:0/3381094233' entity='mgr.smithi050.nbzhun'
2023-12-25T20:06:40.970 INFO:journalctl@ceph.mon.smithi050.smithi050.stdout:Dec 25 20:06:40 smithi050 ceph-02c8f25c-a361-11ee-95a5-87774f69a715-mon.smithi050[111770]: audit
2023-12-25T20:06:39.607548+0000 mon.smithi050 (mon.0) 41 : audit [INF] from='mgr.14114 172.21.15.50:0/3381094233' entity='mgr.smithi050.nbzhun'
2023-12-25T20:06:40.970 INFO:journalctl@ceph.mon.smithi050.smithi050.stdout:Dec 25 20:06:40 smithi050 ceph-02c8f25c-a361-11ee-95a5-87774f69a715-mon.smithi050[111770]: audit
2023-12-25T20:06:39.705710+0000 mon.smithi050 (mon.0) 42 : audit [INF] from='mgr.14114 172.21.15.50:0/3381094233' entity='mgr.smithi050.nbzhun'
2023-12-25T20:06:40.970 INFO:journalctl@ceph.mon.smithi050.smithi050.stdout:Dec 25 20:06:40 smithi050 ceph-02c8f25c-a361-11ee-95a5-87774f69a715-mon.smithi050[111770]: audit
2023-12-25T20:06:39.706399+0000 mon.smithi050 (mon.0) 43 : audit [DBG] from='mgr.14114 172.21.15.50:0/3381094233' entity='mgr.smithi050.nbzhun' cmd=[{"prefix": "config dump", "format": "json"}]: dispatch
2023-12-25T20:06:40.970 INFO:journalctl@ceph.mon.smithi050.smithi050.stdout:Dec 25 20:06:40 smithi050 ceph-02c8f25c-a361-11ee-95a5-87774f69a715-mon.smithi050[111770]: audit
2023-12-25T20:06:39.707896+0000 mon.smithi050 (mon.0) 44 : audit [DBG] from='mgr.14114 172.21.15.50:0/3381094233' entity='mgr.smithi050.nbzhun' cmd=[{"prefix": "config dump", "format": "json"}]: dispatch
2023-12-25T20:06:40.970 INFO:journalctl@ceph.mon.smithi050.smithi050.stdout:Dec 25 20:06:40 smithi050 ceph-02c8f25c-a361-11ee-95a5-87774f69a715-mon.smithi050[111770]: audit
2023-12-25T20:06:39.709739+0000 mon.smithi050 (mon.0) 45 : audit [DBG] from='mgr.14114 172.21.15.50:0/3381094233' entity='mgr.smithi050.nbzhun' cmd=[{"prefix": "config dump", "format": "json"}]: dispatch
2023-12-25T20:06:40.970 INFO:journalctl@ceph.mon.smithi050.smithi050.stdout:Dec 25 20:06:40 smithi050 ceph-02c8f25c-a361-11ee-95a5-87774f69a715-mon.smithi050[111770]: audit
2023-12-25T20:06:39.720727+0000 mon.smithi050 (mon.0) 46 : audit [INF] from='mgr.14114 172.21.15.50:0/3381094233' entity='mgr.smithi050.nbzhun' cmd=[{"prefix":"config rm","who":"mgr","name":"mgr/rbd_support/smithi050.nbzhun/mirror_snapshot_schedule"}]: dispatch
2023-12-25T20:06:40.970 INFO:journalctl@ceph.mon.smithi050.smithi050.stdout:Dec 25 20:06:40 smithi050 ceph-02c8f25c-a361-11ee-95a5-87774f69a715-mon.smithi050[111770]: audit
2023-12-25T20:06:39.722004+0000 mon.smithi050 (mon.0) 47 : audit [INF] from='mgr.14114 172.21.15.50:0/3381094233' entity='mgr.smithi050.nbzhun' cmd=[{"prefix":"config rm","who":"mgr","name":"mgr/rbd_support/smithi050.nbzhun/trash_purge_schedule"}]: dispatch
2023-12-25T20:06:41.166 INFO:teuthology.orchestra.run.smithi050.stderr:mgr epoch 5 is available
2023-12-25T20:06:41.167 INFO:teuthology.orchestra.run.smithi050.stderr:Setting orchestrator backend to cephadm...
2023-12-25T20:06:41.167 INFO:teuthology.orchestra.run.smithi050.stderr:Running command: /bin/podman run --rm --ipc=host --no-hosts --net=host --entrypoint /usr/bin/ceph --init -e CONTAINER_IMAGE=docker.io/ceph/ceph:v16.2.4 -e NODE_NAME=smithi050 -e CEPH_USE_RANDOM_NONCE=1 -v /var/log/ceph/02c8f25c-a361-11ee-95a5-87774f69a715:/var/log/ceph:z -v /tmp/ceph-tmps7kf4jlu:/etc/ceph/ceph.client.admin.keyring:z -v /tmp/ceph-tmpu2g3lwcx:/etc/ceph/ceph.conf:z docker.io/ceph/ceph:v16.2.4 orch set backend cephadm
2023-12-25T20:06:41.518 INFO:teuthology.orchestra.run.smithi050.stderr:/usr/bin/ceph:
2023-12-25T20:06:41.515+0000 7ff9ca99f700 1 Processor -- start
2023-12-25T20:06:41.518 INFO:teuthology.orchestra.run.smithi050.stderr:/usr/bin/ceph:
2023-12-25T20:06:41.515+0000 7ff9ca99f700 1 -- start start
2023-12-25T20:06:41.518 INFO:teuthology.orchestra.run.smithi050.stderr:/usr/bin/ceph:
2023-12-25T20:06:41.515+0000 7ff9ca99f700 1 --2- >> [v2:172.21.15.50:3300/0,v1:172.21.15.50:6789/0] conn(0x7ff9c40703b0 0x7ff9c4100bb0 unknown :-1 s=NONE pgs=0 cs=0 l=0 rev1=0 rx=0 tx=0).connect
2023-12-25T20:06:41.518 INFO:teuthology.orchestra.run.smithi050.stderr:/usr/bin/ceph:
2023-12-25T20:06:41.515+0000 7ff9ca99f700 1 -- --> [v2:172.21.15.50:3300/0,v1:172.21.15.50:6789/0] -- mon_getmap magic: 0 v1 -- 0x7ff9c40fc5a0 con 0x7ff9c40703b0
2023-12-25T20:06:41.518 INFO:teuthology.orchestra.run.smithi050.stderr:/usr/bin/ceph:
2023-12-25T20:06:41.516+0000 7ff9c999d700 1 --2- >> [v2:172.21.15.50:3300/0,v1:172.21.15.50:6789/0] conn(0x7ff9c40703b0 0x7ff9c4100bb0 unknown :-1 s=BANNER_CONNECTING pgs=0 cs=0 l=0 rev1=0 rx=0 tx=0)._handle_peer_banner_payload supported=1 required=0
2023-12-25T20:06:41.518 INFO:teuthology.orchestra.run.smithi050.stderr:/usr/bin/ceph:
2023-12-25T20:06:41.516+0000 7ff9c999d700 1 --2- >> [v2:172.21.15.50:3300/0,v1:172.21.15.50:6789/0] conn(0x7ff9c40703b0 0x7ff9c4100bb0 unknown :-1 s=HELLO_CONNECTING pgs=0 cs=0 l=0 rev1=1 rx=0 tx=0).handle_hello peer v2:172.21.15.50:3300/0 says I am v2:172.21.15.50:37592/0 (socket says 172.21.15.50:37592)
2023-12-25T20:06:41.519 INFO:teuthology.orchestra.run.smithi050.stderr:/usr/bin/ceph:
2023-12-25T20:06:41.516+0000 7ff9c999d700 1 -- 172.21.15.50:0/1664982258 learned_addr learned my addr 172.21.15.50:0/1664982258 (peer_addr_for_me v2:172.21.15.50:0/0)
2023-12-25T20:06:41.519 INFO:teuthology.orchestra.run.smithi050.stderr:/usr/bin/ceph:
2023-12-25T20:06:41.516+0000 7ff9c999d700 1 -- 172.21.15.50:0/1664982258 --> [v2:172.21.15.50:3300/0,v1:172.21.15.50:6789/0] -- mon_subscribe({config=0+,monmap=0+}) v3 -- 0x7ff9c41010a0 con 0x7ff9c40703b0
2023-12-25T20:06:41.519 INFO:teuthology.orchestra.run.smithi050.stderr:/usr/bin/ceph:
2023-12-25T20:06:41.516+0000 7ff9c999d700 1 --2- 172.21.15.50:0/1664982258 >> [v2:172.21.15.50:3300/0,v1:172.21.15.50:6789/0] conn(0x7ff9c40703b0 0x7ff9c4100bb0 secure :-1 s=READY pgs=29 cs=0 l=1 rev1=1 rx=0x7ff9b800b5f0 tx=0x7ff9b8006ee0).ready entity=mon.0 client_cookie=69f74e732ea33b2e server_cookie=0 in_seq=0 out_seq=0
2023-12-25T20:06:41.519 INFO:teuthology.orchestra.run.smithi050.stderr:/usr/bin/ceph:
2023-12-25T20:06:41.516+0000 7ff9c899b700 1 -- 172.21.15.50:0/1664982258 <== mon.0 v2:172.21.15.50:3300/0 1 ==== mon_map magic: 0 v1 ==== 229+0+0 (secure 0 0 0) 0x7ff9b800d600 con 0x7ff9c40703b0
2023-12-25T20:06:41.519 INFO:teuthology.orchestra.run.smithi050.stderr:/usr/bin/ceph:
2023-12-25T20:06:41.516+0000 7ff9c899b700 1 -- 172.21.15.50:0/1664982258 <== mon.0 v2:172.21.15.50:3300/0 2 ==== config(25 keys) v1 ==== 1010+0+0 (secure 0 0 0) 0x7ff9b800dbd0 con 0x7ff9c40703b0
2023-12-25T20:06:41.519 INFO:teuthology.orchestra.run.smithi050.stderr:/usr/bin/ceph:
2023-12-25T20:06:41.516+0000 7ff9c899b700 1 -- 172.21.15.50:0/1664982258 <== mon.0 v2:172.21.15.50:3300/0 3 ==== mon_map magic: 0 v1 ==== 229+0+0 (secure 0 0 0) 0x7ff9b8011c00 con 0x7ff9c40703b0
2023-12-25T20:06:41.519 INFO:teuthology.orchestra.run.smithi050.stderr:/usr/bin/ceph:
2023-12-25T20:06:41.517+0000 7ff9ca99f700 1 -- 172.21.15.50:0/1664982258 >> [v2:172.21.15.50:3300/0,v1:172.21.15.50:6789/0] conn(0x7ff9c40703b0 msgr2=0x7ff9c4100bb0 secure :-1 s=STATE_CONNECTION_ESTABLISHED l=1).mark_down
2023-12-25T20:06:41.519 INFO:teuthology.orchestra.run.smithi050.stderr:/usr/bin/ceph:
2023-12-25T20:06:41.517+0000 7ff9ca99f700 1 --2- 172.21.15.50:0/1664982258 >> [v2:172.21.15.50:3300/0,v1:172.21.15.50:6789/0] conn(0x7ff9c40703b0 0x7ff9c4100bb0 secure :-1 s=READY pgs=29 cs=0 l=1 rev1=1 rx=0x7ff9b800b5f0 tx=0x7ff9b8006ee0).stop
2023-12-25T20:06:41.519 INFO:teuthology.orchestra.run.smithi050.stderr:/usr/bin/ceph:
2023-12-25T20:06:41.517+0000 7ff9ca99f700 1 -- 172.21.15.50:0/1664982258 shutdown_connections
2023-12-25T20:06:41.519 INFO:teuthology.orchestra.run.smithi050.stderr:/usr/bin/ceph:
2023-12-25T20:06:41.517+0000 7ff9ca99f700 1 --2- 172.21.15.50:0/1664982258 >> [v2:172.21.15.50:3300/0,v1:172.21.15.50:6789/0] conn(0x7ff9c40703b0 0x7ff9c4100bb0 unknown :-1 s=CLOSED pgs=29 cs=0 l=1 rev1=1 rx=0 tx=0).stop
2023-12-25T20:06:41.519 INFO:teuthology.orchestra.run.smithi050.stderr:/usr/bin/ceph:
2023-12-25T20:06:41.517+0000 7ff9ca99f700 1 -- 172.21.15.50:0/1664982258 >> 172.21.15.50:0/1664982258 conn(0x7ff9c40f6210 msgr2=0x7ff9c40f8630 unknown :-1 s=STATE_NONE l=0).mark_down
2023-12-25T20:06:41.519 INFO:teuthology.orchestra.run.smithi050.stderr:/usr/bin/ceph:
2023-12-25T20:06:41.517+0000 7ff9ca99f700 1 -- 172.21.15.50:0/1664982258 shutdown_connections
2023-12-25T20:06:41.519 INFO:teuthology.orchestra.run.smithi050.stderr:/usr/bin/ceph:
2023-12-25T20:06:41.517+0000 7ff9ca99f700 1 -- 172.21.15.50:0/1664982258 wait complete.
2023-12-25T20:06:41.519 INFO:teuthology.orchestra.run.smithi050.stderr:/usr/bin/ceph:
2023-12-25T20:06:41.518+0000 7ff9ca99f700 1 Processor -- start
2023-12-25T20:06:41.520 INFO:teuthology.orchestra.run.smithi050.stderr:/usr/bin/ceph:
2023-12-25T20:06:41.518+0000 7ff9ca99f700 1 -- start start
2023-12-25T20:06:41.521 INFO:teuthology.orchestra.run.smithi050.stderr:/usr/bin/ceph:
2023-12-25T20:06:41.518+0000 7ff9ca99f700 1 --2- >> [v2:172.21.15.50:3300/0,v1:172.21.15.50:6789/0] conn(0x7ff9c40703b0 0x7ff9c410ca70 unknown :-1 s=NONE pgs=0 cs=0 l=1 rev1=0 rx=0 tx=0).connect
2023-12-25T20:06:41.522 INFO:teuthology.orchestra.run.smithi050.stderr:/usr/bin/ceph:
2023-12-25T20:06:41.518+0000 7ff9ca99f700 1 -- --> [v2:172.21.15.50:3300/0,v1:172.21.15.50:6789/0] -- mon_getmap magic: 0 v1 -- 0x7ff9c410cf60 con 0x7ff9c40703b0
2023-12-25T20:06:41.522 INFO:teuthology.orchestra.run.smithi050.stderr:/usr/bin/ceph:
2023-12-25T20:06:41.518+0000 7ff9c999d700 1 --2- >> [v2:172.21.15.50:3300/0,v1:172.21.15.50:6789/0] conn(0x7ff9c40703b0 0x7ff9c410ca70 unknown :-1 s=BANNER_CONNECTING pgs=0 cs=0 l=1 rev1=0 rx=0 tx=0)._handle_peer_banner_payload supported=1 required=0
2023-12-25T20:06:41.522 INFO:teuthology.orchestra.run.smithi050.stderr:/usr/bin/ceph:
2023-12-25T20:06:41.518+0000 7ff9c999d700 1 --2- >> [v2:172.21.15.50:3300/0,v1:172.21.15.50:6789/0] conn(0x7ff9c40703b0 0x7ff9c410ca70 unknown :-1 s=HELLO_CONNECTING pgs=0 cs=0 l=1 rev1=1 rx=0 tx=0).handle_hello peer v2:172.21.15.50:3300/0 says I am v2:172.21.15.50:37596/0 (socket says 172.21.15.50:37596)
2023-12-25T20:06:41.522 INFO:teuthology.orchestra.run.smithi050.stderr:/usr/bin/ceph:
2023-12-25T20:06:41.518+0000 7ff9c999d700 1 -- 172.21.15.50:0/511719526 learned_addr learned my addr 172.21.15.50:0/511719526 (peer_addr_for_me v2:172.21.15.50:0/0)
2023-12-25T20:06:41.522 INFO:teuthology.orchestra.run.smithi050.stderr:/usr/bin/ceph:
2023-12-25T20:06:41.518+0000 7ff9c999d700 1 -- 172.21.15.50:0/511719526 --> [v2:172.21.15.50:3300/0,v1:172.21.15.50:6789/0] -- mon_subscribe({config=0+,monmap=0+}) v3 -- 0x7ff9b800b200 con 0x7ff9c40703b0
2023-12-25T20:06:41.522 INFO:teuthology.orchestra.run.smithi050.stderr:/usr/bin/ceph:
2023-12-25T20:06:41.518+0000 7ff9c999d700 1 --2- 172.21.15.50:0/511719526 >> [v2:172.21.15.50:3300/0,v1:172.21.15.50:6789/0] conn(0x7ff9c40703b0 0x7ff9c410ca70 secure :-1 s=READY pgs=30 cs=0 l=1 rev1=1 rx=0x7ff9b800e040 tx=0x7ff9b8006ee0).ready entity=mon.0 client_cookie=0 server_cookie=0 in_seq=0 out_seq=0
2023-12-25T20:06:41.522 INFO:teuthology.orchestra.run.smithi050.stderr:/usr/bin/ceph:
2023-12-25T20:06:41.518+0000 7ff9b67fc700 1 -- 172.21.15.50:0/511719526 <== mon.0 v2:172.21.15.50:3300/0 1 ==== mon_map magic: 0 v1 ==== 229+0+0 (secure 0 0 0) 0x7ff9b800d9f0 con 0x7ff9c40703b0
2023-12-25T20:06:41.522 INFO:teuthology.orchestra.run.smithi050.stderr:/usr/bin/ceph:
2023-12-25T20:06:41.519+0000 7ff9b67fc700 1 -- 172.21.15.50:0/511719526 <== mon.0 v2:172.21.15.50:3300/0 2 ==== config(25 keys) v1 ==== 1010+0+0 (secure 0 0 0) 0x7ff9b801a9f0 con 0x7ff9c40703b0
2023-12-25T20:06:41.522 INFO:teuthology.orchestra.run.smithi050.stderr:/usr/bin/ceph:
2023-12-25T20:06:41.519+0000 7ff9ca99f700 1 -- 172.21.15.50:0/511719526 --> [v2:172.21.15.50:3300/0,v1:172.21.15.50:6789/0] -- mon_subscribe({mgrmap=0+}) v3 -- 0x7ff9c410d160 con 0x7ff9c40703b0
2023-12-25T20:06:41.522 INFO:teuthology.orchestra.run.smithi050.stderr:/usr/bin/ceph:
2023-12-25T20:06:41.519+0000 7ff9b67fc700 1 -- 172.21.15.50:0/511719526 <== mon.0 v2:172.21.15.50:3300/0 3 ==== mon_map magic: 0 v1 ==== 229+0+0 (secure 0 0 0) 0x7ff9b801b8c0 con 0x7ff9c40703b0
2023-12-25T20:06:41.522 INFO:teuthology.orchestra.run.smithi050.stderr:/usr/bin/ceph:
2023-12-25T20:06:41.519+0000 7ff9ca99f700 1 -- 172.21.15.50:0/511719526 --> [v2:172.21.15.50:3300/0,v1:172.21.15.50:6789/0] -- mon_subscribe({osdmap=0}) v3 -- 0x7ff9c410d570 con 0x7ff9c40703b0
2023-12-25T20:06:41.522 INFO:teuthology.orchestra.run.smithi050.stderr:/usr/bin/ceph:
2023-12-25T20:06:41.520+0000 7ff9b67fc700 1 -- 172.21.15.50:0/511719526 <== mon.0 v2:172.21.15.50:3300/0 4 ==== mgrmap(e 7) v1 ==== 36040+0+0 (secure 0 0 0) 0x7ff9b800f070 con 0x7ff9c40703b0
2023-12-25T20:06:41.522 INFO:teuthology.orchestra.run.smithi050.stderr:/usr/bin/ceph:
2023-12-25T20:06:41.520+0000 7ff9b67fc700 1 --2- 172.21.15.50:0/511719526 >> [v2:172.21.15.50:6800/4046643232,v1:172.21.15.50:6801/4046643232] conn(0x7ff9ac02fd10 0x7ff9ac0321d0 unknown :-1 s=NONE pgs=0 cs=0 l=1 rev1=0 rx=0 tx=0).connect
2023-12-25T20:06:41.522 INFO:teuthology.orchestra.run.smithi050.stderr:/usr/bin/ceph:
2023-12-25T20:06:41.520+0000 7ff9ca99f700 1 -- 172.21.15.50:0/511719526 --> [v2:172.21.15.50:3300/0,v1:172.21.15.50:6789/0] -- mon_command({"prefix": "get_command_descriptions"} v 0) v1 -- 0x7ff9c4045ad0 con 0x7ff9c40703b0
2023-12-25T20:06:41.523 INFO:teuthology.orchestra.run.smithi050.stderr:/usr/bin/ceph:
2023-12-25T20:06:41.520+0000 7ff9b67fc700 1 -- 172.21.15.50:0/511719526 <== mon.0 v2:172.21.15.50:3300/0 5 ==== osd_map(2..2 src has 1..2) v4 ==== 926+0+0 (secure 0 0 0) 0x7ff9b80411a0 con 0x7ff9c40703b0
2023-12-25T20:06:41.523 INFO:teuthology.orchestra.run.smithi050.stderr:/usr/bin/ceph:
2023-12-25T20:06:41.520+0000 7ff9c919c700 1 --2- 172.21.15.50:0/511719526 >> [v2:172.21.15.50:6800/4046643232,v1:172.21.15.50:6801/4046643232] conn(0x7ff9ac02fd10 0x7ff9ac0321d0 unknown :-1 s=BANNER_CONNECTING pgs=0 cs=0 l=1 rev1=0 rx=0 tx=0)._handle_peer_banner_payload supported=1 required=0
2023-12-25T20:06:41.523 INFO:teuthology.orchestra.run.smithi050.stderr:/usr/bin/ceph:
2023-12-25T20:06:41.520+0000 7ff9c919c700 1 --2- 172.21.15.50:0/511719526 >> [v2:172.21.15.50:6800/4046643232,v1:172.21.15.50:6801/4046643232] conn(0x7ff9ac02fd10 0x7ff9ac0321d0 secure :-1 s=READY pgs=6 cs=0 l=1 rev1=1 rx=0x7ff9c00096a0 tx=0x7ff9c0006b40).ready entity=mgr.14114 client_cookie=0 server_cookie=0 in_seq=0 out_seq=0
2023-12-25T20:06:41.525 INFO:teuthology.orchestra.run.smithi050.stderr:/usr/bin/ceph:
2023-12-25T20:06:41.524+0000 7ff9b67fc700 1 -- 172.21.15.50:0/511719526 <== mon.0 v2:172.21.15.50:3300/0 6 ==== mon_command_ack([{"prefix": "get_command_descriptions"}]=0 v0) v1 ==== 72+0+152212 (secure 0 0 0) 0x7ff9b8025460 con 0x7ff9c40703b0
2023-12-25T20:06:41.714 INFO:teuthology.orchestra.run.smithi050.stderr:/usr/bin/ceph:
2023-12-25T20:06:41.713+0000 7ff9ca99f700 1 -- 172.21.15.50:0/511719526 --> [v2:172.21.15.50:6800/4046643232,v1:172.21.15.50:6801/4046643232] -- mgr_command(tid 0: {"prefix": "orch set backend", "module_name": "cephadm", "target": ["mon-mgr", ""]}) v1 -- 0x7ff9c410de50 con 0x7ff9ac02fd10
2023-12-25T20:06:41.718 INFO:teuthology.orchestra.run.smithi050.stderr:/usr/bin/ceph:
2023-12-25T20:06:41.718+0000 7ff9b67fc700 1 -- 172.21.15.50:0/511719526 <== mgr.14114 v2:172.21.15.50:6800/4046643232 1 ==== mgr_command_reply(tid 0: 0 ) v1 ==== 8+0+0 (secure 0 0 0) 0x7ff9c410de50 con 0x7ff9ac02fd10
2023-12-25T20:06:41.723 INFO:teuthology.orchestra.run.smithi050.stderr:/usr/bin/ceph:
2023-12-25T20:06:41.720+0000 7ff9ca99f700 1 -- 172.21.15.50:0/511719526 >> [v2:172.21.15.50:6800/4046643232,v1:172.21.15.50:6801/4046643232] conn(0x7ff9ac02fd10 msgr2=0x7ff9ac0321d0 secure :-1 s=STATE_CONNECTION_ESTABLISHED l=1).mark_down
2023-12-25T20:06:41.723 INFO:teuthology.orchestra.run.smithi050.stderr:/usr/bin/ceph:
2023-12-25T20:06:41.720+0000 7ff9ca99f700 1 --2- 172.21.15.50:0/511719526 >> [v2:172.21.15.50:6800/4046643232,v1:172.21.15.50:6801/4046643232] conn(0x7ff9ac02fd10 0x7ff9ac0321d0 secure :-1 s=READY pgs=6 cs=0 l=1 rev1=1 rx=0x7ff9c00096a0 tx=0x7ff9c0006b40).stop
2023-12-25T20:06:41.723 INFO:teuthology.orchestra.run.smithi050.stderr:/usr/bin/ceph:
2023-12-25T20:06:41.720+0000 7ff9ca99f700 1 -- 172.21.15.50:0/511719526 >> [v2:172.21.15.50:3300/0,v1:172.21.15.50:6789/0] conn(0x7ff9c40703b0 msgr2=0x7ff9c410ca70 secure :-1 s=STATE_CONNECTION_ESTABLISHED l=1).mark_down
2023-12-25T20:06:41.723 INFO:teuthology.orchestra.run.smithi050.stderr:/usr/bin/ceph:
2023-12-25T20:06:41.720+0000 7ff9ca99f700 1 --2- 172.21.15.50:0/511719526 >> [v2:172.21.15.50:3300/0,v1:172.21.15.50:6789/0] conn(0x7ff9c40703b0 0x7ff9c410ca70 secure :-1 s=READY pgs=30 cs=0 l=1 rev1=1 rx=0x7ff9b800e040 tx=0x7ff9b8006ee0).stop
2023-12-25T20:06:41.723 INFO:teuthology.orchestra.run.smithi050.stderr:/usr/bin/ceph:
2023-12-25T20:06:41.720+0000 7ff9ca99f700 1 -- 172.21.15.50:0/511719526 shutdown_connections
2023-12-25T20:06:41.723 INFO:teuthology.orchestra.run.smithi050.stderr:/usr/bin/ceph:
2023-12-25T20:06:41.720+0000 7ff9ca99f700 1 --2- 172.21.15.50:0/511719526 >> [v2:172.21.15.50:6800/4046643232,v1:172.21.15.50:6801/4046643232] conn(0x7ff9ac02fd10 0x7ff9ac0321d0 unknown :-1 s=CLOSED pgs=6 cs=0 l=1 rev1=1 rx=0 tx=0).stop
2023-12-25T20:06:41.723 INFO:teuthology.orchestra.run.smithi050.stderr:/usr/bin/ceph:
2023-12-25T20:06:41.720+0000 7ff9ca99f700 1 --2- 172.21.15.50:0/511719526 >> [v2:172.21.15.50:3300/0,v1:172.21.15.50:6789/0] conn(0x7ff9c40703b0 0x7ff9c410ca70 unknown :-1 s=CLOSED pgs=30 cs=0 l=1 rev1=1 rx=0 tx=0).stop
2023-12-25T20:06:41.724 INFO:teuthology.orchestra.run.smithi050.stderr:/usr/bin/ceph:
2023-12-25T20:06:41.720+0000 7ff9ca99f700 1 -- 172.21.15.50:0/511719526 >> 172.21.15.50:0/511719526 conn(0x7ff9c40f6210 msgr2=0x7ff9c40f7d10 unknown :-1 s=STATE_NONE l=0).mark_down
2023-12-25T20:06:41.724 INFO:teuthology.orchestra.run.smithi050.stderr:/usr/bin/ceph:
2023-12-25T20:06:41.720+0000 7ff9ca99f700 1 -- 172.21.15.50:0/511719526 shutdown_connections
2023-12-25T20:06:41.724 INFO:teuthology.orchestra.run.smithi050.stderr:/usr/bin/ceph:
2023-12-25T20:06:41.720+0000 7ff9ca99f700 1 -- 172.21.15.50:0/511719526 wait complete.
2023-12-25T20:06:41.881 INFO:journalctl@ceph.mon.smithi050.smithi050.stdout:Dec 25 20:06:41 smithi050 ceph-02c8f25c-a361-11ee-95a5-87774f69a715-mon.smithi050[111770]: audit
2023-12-25T20:06:40.573628+0000 mgr.smithi050.nbzhun (mgr.14114) 1 : audit [DBG] from='client.14118 -' entity='client.admin' cmd=[{"prefix": "get_command_descriptions"}]: dispatch
2023-12-25T20:06:41.881 INFO:journalctl@ceph.mon.smithi050.smithi050.stdout:Dec 25 20:06:41 smithi050 ceph-02c8f25c-a361-11ee-95a5-87774f69a715-mon.smithi050[111770]: cluster
2023-12-25T20:06:40.573883+0000 mon.smithi050 (mon.0) 48 : cluster [DBG] mgrmap e7: smithi050.nbzhun(active, since 1.05525s)
2023-12-25T20:06:41.882 INFO:journalctl@ceph.mon.smithi050.smithi050.stdout:Dec 25 20:06:41 smithi050 ceph-02c8f25c-a361-11ee-95a5-87774f69a715-mon.smithi050[111770]: audit
2023-12-25T20:06:40.580382+0000 mgr.smithi050.nbzhun (mgr.14114) 2 : audit [DBG] from='client.14118 -' entity='client.admin' cmd=[{"prefix": "mgr_status"}]: dispatch
2023-12-25T20:06:42.066 INFO:teuthology.orchestra.run.smithi050.stderr:Running command: /bin/podman run --rm --ipc=host --no-hosts --net=host --entrypoint /usr/bin/ceph --init -e CONTAINER_IMAGE=docker.io/ceph/ceph:v16.2.4 -e NODE_NAME=smithi050 -e CEPH_USE_RANDOM_NONCE=1 -v /var/log/ceph/02c8f25c-a361-11ee-95a5-87774f69a715:/var/log/ceph:z -v /tmp/ceph-tmps7kf4jlu:/etc/ceph/ceph.client.admin.keyring:z -v /tmp/ceph-tmpu2g3lwcx:/etc/ceph/ceph.conf:z docker.io/ceph/ceph:v16.2.4 cephadm set-user root
2023-12-25T20:06:42.411 INFO:teuthology.orchestra.run.smithi050.stderr:/usr/bin/ceph:
2023-12-25T20:06:42.403+0000 7f96da17d700 1 Processor -- start
2023-12-25T20:06:42.411 INFO:teuthology.orchestra.run.smithi050.stderr:/usr/bin/ceph:
2023-12-25T20:06:42.403+0000 7f96da17d700 1 -- start start
2023-12-25T20:06:42.411 INFO:teuthology.orchestra.run.smithi050.stderr:/usr/bin/ceph:
2023-12-25T20:06:42.403+0000 7f96da17d700 1 --2- >> [v2:172.21.15.50:3300/0,v1:172.21.15.50:6789/0] conn(0x7f96d4070430 0x7f96d40fe8e0 unknown :-1 s=NONE pgs=0 cs=0 l=0 rev1=0 rx=0 tx=0).connect
2023-12-25T20:06:42.411 INFO:teuthology.orchestra.run.smithi050.stderr:/usr/bin/ceph:
2023-12-25T20:06:42.403+0000 7f96da17d700 1 -- --> [v2:172.21.15.50:3300/0,v1:172.21.15.50:6789/0] -- mon_getmap magic: 0 v1 -- 0x7f96d40fedd0 con 0x7f96d4070430
2023-12-25T20:06:42.411 INFO:teuthology.orchestra.run.smithi050.stderr:/usr/bin/ceph:
2023-12-25T20:06:42.404+0000 7f96d37fe700 1 --2- >> [v2:172.21.15.50:3300/0,v1:172.21.15.50:6789/0] conn(0x7f96d4070430 0x7f96d40fe8e0 unknown :-1 s=BANNER_CONNECTING pgs=0 cs=0 l=0 rev1=0 rx=0 tx=0)._handle_peer_banner_payload supported=1 required=0
2023-12-25T20:06:42.411 INFO:teuthology.orchestra.run.smithi050.stderr:/usr/bin/ceph:
2023-12-25T20:06:42.404+0000 7f96d37fe700 1 --2- >> [v2:172.21.15.50:3300/0,v1:172.21.15.50:6789/0] conn(0x7f96d4070430 0x7f96d40fe8e0 unknown :-1 s=HELLO_CONNECTING pgs=0 cs=0 l=0 rev1=1 rx=0 tx=0).handle_hello peer v2:172.21.15.50:3300/0 says I am v2:172.21.15.50:37602/0 (socket says 172.21.15.50:37602)
2023-12-25T20:06:42.412 INFO:teuthology.orchestra.run.smithi050.stderr:/usr/bin/ceph:
2023-12-25T20:06:42.404+0000 7f96d37fe700 1 -- 172.21.15.50:0/2564862738 learned_addr learned my addr 172.21.15.50:0/2564862738 (peer_addr_for_me v2:172.21.15.50:0/0)
2023-12-25T20:06:42.412 INFO:teuthology.orchestra.run.smithi050.stderr:/usr/bin/ceph:
2023-12-25T20:06:42.404+0000 7f96d37fe700 1 -- 172.21.15.50:0/2564862738 --> [v2:172.21.15.50:3300/0,v1:172.21.15.50:6789/0] -- mon_subscribe({config=0+,monmap=0+}) v3 -- 0x7f96d40fef10 con 0x7f96d4070430
2023-12-25T20:06:42.412 INFO:teuthology.orchestra.run.smithi050.stderr:/usr/bin/ceph:
2023-12-25T20:06:42.404+0000 7f96d37fe700 1 --2- 172.21.15.50:0/2564862738 >> [v2:172.21.15.50:3300/0,v1:172.21.15.50:6789/0] conn(0x7f96d4070430 0x7f96d40fe8e0 secure :-1 s=READY pgs=31 cs=0 l=1 rev1=1 rx=0x7f96c800b5f0 tx=0x7f96c8006ee0).ready entity=mon.0 client_cookie=eedbdd4d0dd02667 server_cookie=0 in_seq=0 out_seq=0
2023-12-25T20:06:42.412 INFO:teuthology.orchestra.run.smithi050.stderr:/usr/bin/ceph:
2023-12-25T20:06:42.404+0000 7f96d27fc700 1 -- 172.21.15.50:0/2564862738 <== mon.0 v2:172.21.15.50:3300/0 1 ==== mon_map magic: 0 v1 ==== 229+0+0 (secure 0 0 0) 0x7f96c800d600 con 0x7f96d4070430
2023-12-25T20:06:42.412 INFO:teuthology.orchestra.run.smithi050.stderr:/usr/bin/ceph:
2023-12-25T20:06:42.404+0000 7f96d27fc700 1 -- 172.21.15.50:0/2564862738 <== mon.0 v2:172.21.15.50:3300/0 2 ==== config(25 keys) v1 ==== 1010+0+0 (secure 0 0 0) 0x7f96c800dbd0 con 0x7f96d4070430
2023-12-25T20:06:42.412 INFO:teuthology.orchestra.run.smithi050.stderr:/usr/bin/ceph:
2023-12-25T20:06:42.404+0000 7f96d27fc700 1 -- 172.21.15.50:0/2564862738 <== mon.0 v2:172.21.15.50:3300/0 3 ==== mon_map magic: 0 v1 ==== 229+0+0 (secure 0 0 0) 0x7f96c8011c00 con 0x7f96d4070430
2023-12-25T20:06:42.413 INFO:teuthology.orchestra.run.smithi050.stderr:/usr/bin/ceph:
2023-12-25T20:06:42.405+0000 7f96da17d700 1 -- 172.21.15.50:0/2564862738 >> [v2:172.21.15.50:3300/0,v1:172.21.15.50:6789/0] conn(0x7f96d4070430 msgr2=0x7f96d40fe8e0 secure :-1 s=STATE_CONNECTION_ESTABLISHED l=1).mark_down
2023-12-25T20:06:42.413 INFO:teuthology.orchestra.run.smithi050.stderr:/usr/bin/ceph:
2023-12-25T20:06:42.405+0000 7f96da17d700 1 --2- 172.21.15.50:0/2564862738 >> [v2:172.21.15.50:3300/0,v1:172.21.15.50:6789/0] conn(0x7f96d4070430 0x7f96d40fe8e0 secure :-1 s=READY pgs=31 cs=0 l=1 rev1=1 rx=0x7f96c800b5f0 tx=0x7f96c8006ee0).stop
2023-12-25T20:06:42.413 INFO:teuthology.orchestra.run.smithi050.stderr:/usr/bin/ceph:
2023-12-25T20:06:42.405+0000 7f96da17d700 1 -- 172.21.15.50:0/2564862738 shutdown_connections
2023-12-25T20:06:42.413 INFO:teuthology.orchestra.run.smithi050.stderr:/usr/bin/ceph:
2023-12-25T20:06:42.405+0000 7f96da17d700 1 --2- 172.21.15.50:0/2564862738 >> [v2:172.21.15.50:3300/0,v1:172.21.15.50:6789/0] conn(0x7f96d4070430 0x7f96d40fe8e0 unknown :-1 s=CLOSED pgs=31 cs=0 l=1 rev1=1 rx=0 tx=0).stop
2023-12-25T20:06:42.413 INFO:teuthology.orchestra.run.smithi050.stderr:/usr/bin/ceph:
2023-12-25T20:06:42.405+0000 7f96da17d700 1 -- 172.21.15.50:0/2564862738 >> 172.21.15.50:0/2564862738 conn(0x7f96d40f63c0 msgr2=0x7f96d40f87e0 unknown :-1 s=STATE_NONE l=0).mark_down
2023-12-25T20:06:42.413 INFO:teuthology.orchestra.run.smithi050.stderr:/usr/bin/ceph:
2023-12-25T20:06:42.405+0000 7f96da17d700 1 -- 172.21.15.50:0/2564862738 shutdown_connections
2023-12-25T20:06:42.413 INFO:teuthology.orchestra.run.smithi050.stderr:/usr/bin/ceph:
2023-12-25T20:06:42.405+0000 7f96da17d700 1 -- 172.21.15.50:0/2564862738 wait complete.
2023-12-25T20:06:42.414 INFO:teuthology.orchestra.run.smithi050.stderr:/usr/bin/ceph:
2023-12-25T20:06:42.405+0000 7f96da17d700 1 Processor -- start
2023-12-25T20:06:42.414 INFO:teuthology.orchestra.run.smithi050.stderr:/usr/bin/ceph:
2023-12-25T20:06:42.406+0000 7f96da17d700 1 -- start start
2023-12-25T20:06:42.414 INFO:teuthology.orchestra.run.smithi050.stderr:/usr/bin/ceph:
2023-12-25T20:06:42.406+0000 7f96da17d700 1 --2- >> [v2:172.21.15.50:3300/0,v1:172.21.15.50:6789/0] conn(0x7f96d4070430 0x7f96d410cbe0 unknown :-1 s=NONE pgs=0 cs=0 l=1 rev1=0 rx=0 tx=0).connect
2023-12-25T20:06:42.414 INFO:teuthology.orchestra.run.smithi050.stderr:/usr/bin/ceph:
2023-12-25T20:06:42.406+0000 7f96da17d700 1 -- --> [v2:172.21.15.50:3300/0,v1:172.21.15.50:6789/0] -- mon_getmap magic: 0 v1 -- 0x7f96d410d0d0 con 0x7f96d4070430
2023-12-25T20:06:42.414 INFO:teuthology.orchestra.run.smithi050.stderr:/usr/bin/ceph:
2023-12-25T20:06:42.406+0000 7f96d37fe700 1 --2- >> [v2:172.21.15.50:3300/0,v1:172.21.15.50:6789/0] conn(0x7f96d4070430 0x7f96d410cbe0 unknown :-1 s=BANNER_CONNECTING pgs=0 cs=0 l=1 rev1=0 rx=0 tx=0)._handle_peer_banner_payload supported=1 required=0
2023-12-25T20:06:42.414 INFO:teuthology.orchestra.run.smithi050.stderr:/usr/bin/ceph:
2023-12-25T20:06:42.406+0000 7f96d37fe700 1 --2- >> [v2:172.21.15.50:3300/0,v1:172.21.15.50:6789/0] conn(0x7f96d4070430 0x7f96d410cbe0 unknown :-1 s=HELLO_CONNECTING pgs=0 cs=0 l=1 rev1=1 rx=0 tx=0).handle_hello peer v2:172.21.15.50:3300/0 says I am v2:172.21.15.50:37612/0 (socket says 172.21.15.50:37612)
2023-12-25T20:06:42.414 INFO:teuthology.orchestra.run.smithi050.stderr:/usr/bin/ceph:
2023-12-25T20:06:42.406+0000 7f96d37fe700 1 -- 172.21.15.50:0/2096957377 learned_addr learned my addr 172.21.15.50:0/2096957377 (peer_addr_for_me v2:172.21.15.50:0/0)
2023-12-25T20:06:42.414 INFO:teuthology.orchestra.run.smithi050.stderr:/usr/bin/ceph:
2023-12-25T20:06:42.406+0000 7f96d37fe700 1 -- 172.21.15.50:0/2096957377 --> [v2:172.21.15.50:3300/0,v1:172.21.15.50:6789/0] -- mon_subscribe({config=0+,monmap=0+}) v3 -- 0x7f96c800b200 con 0x7f96d4070430
2023-12-25T20:06:42.414 INFO:teuthology.orchestra.run.smithi050.stderr:/usr/bin/ceph:
2023-12-25T20:06:42.406+0000 7f96d37fe700 1 --2- 172.21.15.50:0/2096957377 >> [v2:172.21.15.50:3300/0,v1:172.21.15.50:6789/0] conn(0x7f96d4070430 0x7f96d410cbe0 secure :-1 s=READY pgs=32 cs=0 l=1 rev1=1 rx=0x7f96c800b190 tx=0x7f96c8006ee0).ready entity=mon.0 client_cookie=0 server_cookie=0 in_seq=0 out_seq=0
2023-12-25T20:06:42.414 INFO:teuthology.orchestra.run.smithi050.stderr:/usr/bin/ceph:
2023-12-25T20:06:42.407+0000 7f96bbfff700 1 -- 172.21.15.50:0/2096957377 <== mon.0 v2:172.21.15.50:3300/0 1 ==== mon_map magic: 0 v1 ==== 229+0+0 (secure 0 0 0) 0x7f96c801b410 con 0x7f96d4070430
2023-12-25T20:06:42.414 INFO:teuthology.orchestra.run.smithi050.stderr:/usr/bin/ceph:
2023-12-25T20:06:42.407+0000 7f96bbfff700 1 -- 172.21.15.50:0/2096957377 <== mon.0 v2:172.21.15.50:3300/0 2 ==== config(25 keys) v1 ==== 1010+0+0 (secure 0 0 0) 0x7f96c801b9e0 con 0x7f96d4070430
2023-12-25T20:06:42.415 INFO:teuthology.orchestra.run.smithi050.stderr:/usr/bin/ceph:
2023-12-25T20:06:42.407+0000 7f96da17d700 1 -- 172.21.15.50:0/2096957377 --> [v2:172.21.15.50:3300/0,v1:172.21.15.50:6789/0] -- mon_subscribe({mgrmap=0+}) v3 -- 0x7f96d410d2d0 con 0x7f96d4070430
2023-12-25T20:06:42.415 INFO:teuthology.orchestra.run.smithi050.stderr:/usr/bin/ceph:
2023-12-25T20:06:42.407+0000 7f96bbfff700 1 -- 172.21.15.50:0/2096957377 <== mon.0 v2:172.21.15.50:3300/0 3 ==== mon_map magic: 0 v1 ==== 229+0+0 (secure 0 0 0) 0x7f96c801a880 con 0x7f96d4070430
2023-12-25T20:06:42.415 INFO:teuthology.orchestra.run.smithi050.stderr:/usr/bin/ceph:
2023-12-25T20:06:42.407+0000 7f96da17d700 1 -- 172.21.15.50:0/2096957377 --> [v2:172.21.15.50:3300/0,v1:172.21.15.50:6789/0] -- mon_subscribe({osdmap=0}) v3 -- 0x7f96d410d6e0 con 0x7f96d4070430
2023-12-25T20:06:42.415 INFO:teuthology.orchestra.run.smithi050.stderr:/usr/bin/ceph:
2023-12-25T20:06:42.407+0000 7f96bbfff700 1 -- 172.21.15.50:0/2096957377 <== mon.0 v2:172.21.15.50:3300/0 4 ==== mgrmap(e 8) v1 ==== 36120+0+0 (secure 0 0 0) 0x7f96c800f070 con 0x7f96d4070430
2023-12-25T20:06:42.415 INFO:teuthology.orchestra.run.smithi050.stderr:/usr/bin/ceph:
2023-12-25T20:06:42.408+0000 7f96da17d700 1 -- 172.21.15.50:0/2096957377 --> [v2:172.21.15.50:3300/0,v1:172.21.15.50:6789/0] -- mon_command({"prefix": "get_command_descriptions"} v 0) v1 -- 0x7f96d4045ad0 con 0x7f96d4070430
2023-12-25T20:06:42.415 INFO:teuthology.orchestra.run.smithi050.stderr:/usr/bin/ceph:
2023-12-25T20:06:42.408+0000 7f96bbfff700 1 --2- 172.21.15.50:0/2096957377 >> [v2:172.21.15.50:6800/4046643232,v1:172.21.15.50:6801/4046643232] conn(0x7f96c002fdb0 0x7f96c0032270 unknown :-1 s=NONE pgs=0 cs=0 l=1 rev1=0 rx=0 tx=0).connect
2023-12-25T20:06:42.415 INFO:teuthology.orchestra.run.smithi050.stderr:/usr/bin/ceph:
2023-12-25T20:06:42.408+0000 7f96bbfff700 1 -- 172.21.15.50:0/2096957377 <== mon.0 v2:172.21.15.50:3300/0 5 ==== osd_map(2..2 src has 1..2) v4 ==== 926+0+0 (secure 0 0 0) 0x7f96c80411c0 con 0x7f96d4070430
2023-12-25T20:06:42.416 INFO:teuthology.orchestra.run.smithi050.stderr:/usr/bin/ceph:
2023-12-25T20:06:42.408+0000 7f96d2ffd700 1 --2- 172.21.15.50:0/2096957377 >> [v2:172.21.15.50:6800/4046643232,v1:172.21.15.50:6801/4046643232] conn(0x7f96c002fdb0 0x7f96c0032270 unknown :-1 s=BANNER_CONNECTING pgs=0 cs=0 l=1 rev1=0 rx=0 tx=0)._handle_peer_banner_payload supported=1 required=0
2023-12-25T20:06:42.416 INFO:teuthology.orchestra.run.smithi050.stderr:/usr/bin/ceph:
2023-12-25T20:06:42.408+0000 7f96d2ffd700 1 --2- 172.21.15.50:0/2096957377 >> [v2:172.21.15.50:6800/4046643232,v1:172.21.15.50:6801/4046643232] conn(0x7f96c002fdb0 0x7f96c0032270 secure :-1 s=READY pgs=7 cs=0 l=1 rev1=1 rx=0x7f96c40096a0 tx=0x7f96c4006b40).ready entity=mgr.14114 client_cookie=0 server_cookie=0 in_seq=0 out_seq=0
2023-12-25T20:06:42.416 INFO:teuthology.orchestra.run.smithi050.stderr:/usr/bin/ceph:
2023-12-25T20:06:42.412+0000 7f96bbfff700 1 -- 172.21.15.50:0/2096957377 <== mon.0 v2:172.21.15.50:3300/0 6 ==== mon_command_ack([{"prefix": "get_command_descriptions"}]=0 v0) v1 ==== 72+0+152212 (secure 0 0 0) 0x7f96c8022d20 con 0x7f96d4070430
2023-12-25T20:06:42.574 INFO:teuthology.orchestra.run.smithi050.stderr:/usr/bin/ceph:
2023-12-25T20:06:42.573+0000 7f96da17d700 1 -- 172.21.15.50:0/2096957377 --> [v2:172.21.15.50:6800/4046643232,v1:172.21.15.50:6801/4046643232] -- mgr_command(tid 0: {"prefix": "cephadm set-user", "user": "root", "target": ["mon-mgr", ""]}) v1 -- 0x7f96d410dfc0 con 0x7f96c002fdb0
2023-12-25T20:06:42.574 INFO:teuthology.orchestra.run.smithi050.stderr:/usr/bin/ceph:
2023-12-25T20:06:42.573+0000 7f96bbfff700 1 -- 172.21.15.50:0/2096957377 <== mgr.14114 v2:172.21.15.50:6800/4046643232 1 ==== mgr_command_reply(tid 0: 0 ) v1 ==== 8+0+16 (secure 0 0 0) 0x7f96d410dfc0 con 0x7f96c002fdb0
2023-12-25T20:06:42.574 INFO:teuthology.orchestra.run.smithi050.stderr:/usr/bin/ceph: value unchanged
2023-12-25T20:06:42.577 INFO:teuthology.orchestra.run.smithi050.stderr:/usr/bin/ceph:
2023-12-25T20:06:42.575+0000 7f96da17d700 1 -- 172.21.15.50:0/2096957377 >> [v2:172.21.15.50:6800/4046643232,v1:172.21.15.50:6801/4046643232] conn(0x7f96c002fdb0 msgr2=0x7f96c0032270 secure :-1 s=STATE_CONNECTION_ESTABLISHED l=1).mark_down
2023-12-25T20:06:42.577 INFO:teuthology.orchestra.run.smithi050.stderr:/usr/bin/ceph:
2023-12-25T20:06:42.575+0000 7f96da17d700 1 --2- 172.21.15.50:0/2096957377 >> [v2:172.21.15.50:6800/4046643232,v1:172.21.15.50:6801/4046643232] conn(0x7f96c002fdb0 0x7f96c0032270 secure :-1 s=READY pgs=7 cs=0 l=1 rev1=1 rx=0x7f96c40096a0 tx=0x7f96c4006b40).stop
2023-12-25T20:06:42.577 INFO:teuthology.orchestra.run.smithi050.stderr:/usr/bin/ceph:
2023-12-25T20:06:42.575+0000 7f96da17d700 1 -- 172.21.15.50:0/2096957377 >> [v2:172.21.15.50:3300/0,v1:172.21.15.50:6789/0] conn(0x7f96d4070430 msgr2=0x7f96d410cbe0 secure :-1 s=STATE_CONNECTION_ESTABLISHED l=1).mark_down
2023-12-25T20:06:42.577 INFO:teuthology.orchestra.run.smithi050.stderr:/usr/bin/ceph:
2023-12-25T20:06:42.575+0000 7f96da17d700 1 --2- 172.21.15.50:0/2096957377 >> [v2:172.21.15.50:3300/0,v1:172.21.15.50:6789/0] conn(0x7f96d4070430 0x7f96d410cbe0 secure :-1 s=READY pgs=32 cs=0 l=1 rev1=1 rx=0x7f96c800b190 tx=0x7f96c8006ee0).stop
2023-12-25T20:06:42.577 INFO:teuthology.orchestra.run.smithi050.stderr:/usr/bin/ceph:
2023-12-25T20:06:42.575+0000 7f96da17d700 1 -- 172.21.15.50:0/2096957377 shutdown_connections
2023-12-25T20:06:42.577 INFO:teuthology.orchestra.run.smithi050.stderr:/usr/bin/ceph:
2023-12-25T20:06:42.575+0000 7f96da17d700 1 --2- 172.21.15.50:0/2096957377 >> [v2:172.21.15.50:6800/4046643232,v1:172.21.15.50:6801/4046643232] conn(0x7f96c002fdb0 0x7f96c0032270 unknown :-1 s=CLOSED pgs=7 cs=0 l=1 rev1=1 rx=0 tx=0).stop
2023-12-25T20:06:42.577 INFO:teuthology.orchestra.run.smithi050.stderr:/usr/bin/ceph:
2023-12-25T20:06:42.575+0000 7f96da17d700 1 --2- 172.21.15.50:0/2096957377 >> [v2:172.21.15.50:3300/0,v1:172.21.15.50:6789/0] conn(0x7f96d4070430 0x7f96d410cbe0 unknown :-1 s=CLOSED pgs=32 cs=0 l=1 rev1=1 rx=0 tx=0).stop
2023-12-25T20:06:42.577 INFO:teuthology.orchestra.run.smithi050.stderr:/usr/bin/ceph:
2023-12-25T20:06:42.575+0000 7f96da17d700 1 -- 172.21.15.50:0/2096957377 >> 172.21.15.50:0/2096957377 conn(0x7f96d40f63c0 msgr2=0x7f96d40f7ea0 unknown :-1 s=STATE_NONE l=0).mark_down
2023-12-25T20:06:42.577 INFO:teuthology.orchestra.run.smithi050.stderr:/usr/bin/ceph:
2023-12-25T20:06:42.576+0000 7f96da17d700 1 -- 172.21.15.50:0/2096957377 shutdown_connections
2023-12-25T20:06:42.578 INFO:teuthology.orchestra.run.smithi050.stderr:/usr/bin/ceph:
2023-12-25T20:06:42.576+0000 7f96da17d700 1 -- 172.21.15.50:0/2096957377 wait complete.
2023-12-25T20:06:42.901 INFO:journalctl@ceph.mon.smithi050.smithi050.stdout:Dec 25 20:06:42 smithi050 ceph-02c8f25c-a361-11ee-95a5-87774f69a715-mon.smithi050[111770]: audit
2023-12-25T20:06:41.715211+0000 mgr.smithi050.nbzhun (mgr.14114) 3 : audit [DBG] from='client.14124 -' entity='client.admin' cmd=[{"prefix": "orch set backend", "module_name": "cephadm", "target": ["mon-mgr", ""]}]: dispatch
2023-12-25T20:06:42.902 INFO:journalctl@ceph.mon.smithi050.smithi050.stdout:Dec 25 20:06:42 smithi050 ceph-02c8f25c-a361-11ee-95a5-87774f69a715-mon.smithi050[111770]: audit
2023-12-25T20:06:41.718962+0000 mon.smithi050 (mon.0) 49 : audit [INF] from='mgr.14114 172.21.15.50:0/3381094233' entity='mgr.smithi050.nbzhun'
2023-12-25T20:06:42.902 INFO:journalctl@ceph.mon.smithi050.smithi050.stdout:Dec 25 20:06:42 smithi050 ceph-02c8f25c-a361-11ee-95a5-87774f69a715-mon.smithi050[111770]: audit
2023-12-25T20:06:41.722498+0000 mon.smithi050 (mon.0) 50 : audit [DBG] from='mgr.14114 172.21.15.50:0/3381094233' entity='mgr.smithi050.nbzhun' cmd=[{"prefix": "config dump", "format": "json"}]: dispatch
2023-12-25T20:06:42.902 INFO:journalctl@ceph.mon.smithi050.smithi050.stdout:Dec 25 20:06:42 smithi050 ceph-02c8f25c-a361-11ee-95a5-87774f69a715-mon.smithi050[111770]: cluster
2023-12-25T20:06:41.738831+0000 mon.smithi050 (mon.0) 51 : cluster [DBG] mgrmap e8: smithi050.nbzhun(active, since 2s)
2023-12-25T20:06:42.941 INFO:teuthology.orchestra.run.smithi050.stderr:Generating ssh key...
2023-12-25T20:06:42.942 INFO:teuthology.orchestra.run.smithi050.stderr:Running command: /bin/podman run --rm --ipc=host --no-hosts --net=host --entrypoint /usr/bin/ceph --init -e CONTAINER_IMAGE=docker.io/ceph/ceph:v16.2.4 -e NODE_NAME=smithi050 -e CEPH_USE_RANDOM_NONCE=1 -v /var/log/ceph/02c8f25c-a361-11ee-95a5-87774f69a715:/var/log/ceph:z -v /tmp/ceph-tmps7kf4jlu:/etc/ceph/ceph.client.admin.keyring:z -v /tmp/ceph-tmpu2g3lwcx:/etc/ceph/ceph.conf:z docker.io/ceph/ceph:v16.2.4 cephadm generate-key
2023-12-25T20:06:43.272 INFO:teuthology.orchestra.run.smithi050.stderr:/usr/bin/ceph:
2023-12-25T20:06:43.268+0000 7f2699b86700 1 Processor -- start
2023-12-25T20:06:43.272 INFO:teuthology.orchestra.run.smithi050.stderr:/usr/bin/ceph:
2023-12-25T20:06:43.268+0000 7f2699b86700 1 -- start start
2023-12-25T20:06:43.272 INFO:teuthology.orchestra.run.smithi050.stderr:/usr/bin/ceph:
2023-12-25T20:06:43.269+0000 7f2699b86700 1 --2- >> [v2:172.21.15.50:3300/0,v1:172.21.15.50:6789/0] conn(0x7f26940fd360 0x7f26940fd780 unknown :-1 s=NONE pgs=0 cs=0 l=0 rev1=0 rx=0 tx=0).connect
2023-12-25T20:06:43.272 INFO:teuthology.orchestra.run.smithi050.stderr:/usr/bin/ceph:
2023-12-25T20:06:43.269+0000 7f2699b86700 1 -- --> [v2:172.21.15.50:3300/0,v1:172.21.15.50:6789/0] -- mon_getmap magic: 0 v1 -- 0x7f26940fdc70 con 0x7f26940fd360
2023-12-25T20:06:43.272 INFO:teuthology.orchestra.run.smithi050.stderr:/usr/bin/ceph:
2023-12-25T20:06:43.269+0000 7f26937fe700 1 --2- >> [v2:172.21.15.50:3300/0,v1:172.21.15.50:6789/0] conn(0x7f26940fd360 0x7f26940fd780 unknown :-1 s=BANNER_CONNECTING pgs=0 cs=0 l=0 rev1=0 rx=0 tx=0)._handle_peer_banner_payload supported=1 required=0
2023-12-25T20:06:43.272 INFO:teuthology.orchestra.run.smithi050.stderr:/usr/bin/ceph:
2023-12-25T20:06:43.269+0000 7f26937fe700 1 --2- >> [v2:172.21.15.50:3300/0,v1:172.21.15.50:6789/0] conn(0x7f26940fd360 0x7f26940fd780 unknown :-1 s=HELLO_CONNECTING pgs=0 cs=0 l=0 rev1=1 rx=0 tx=0).handle_hello peer v2:172.21.15.50:3300/0 says I am v2:172.21.15.50:37622/0 (socket says 172.21.15.50:37622)
2023-12-25T20:06:43.272 INFO:teuthology.orchestra.run.smithi050.stderr:/usr/bin/ceph:
2023-12-25T20:06:43.269+0000 7f26937fe700 1 -- 172.21.15.50:0/1862405192 learned_addr learned my addr 172.21.15.50:0/1862405192 (peer_addr_for_me v2:172.21.15.50:0/0)
2023-12-25T20:06:43.273 INFO:teuthology.orchestra.run.smithi050.stderr:/usr/bin/ceph:
2023-12-25T20:06:43.269+0000 7f26937fe700 1 -- 172.21.15.50:0/1862405192 --> [v2:172.21.15.50:3300/0,v1:172.21.15.50:6789/0] -- mon_subscribe({config=0+,monmap=0+}) v3 -- 0x7f26940fddb0 con 0x7f26940fd360
2023-12-25T20:06:43.273 INFO:teuthology.orchestra.run.smithi050.stderr:/usr/bin/ceph:
2023-12-25T20:06:43.269+0000 7f26937fe700 1 --2- 172.21.15.50:0/1862405192 >> [v2:172.21.15.50:3300/0,v1:172.21.15.50:6789/0] conn(0x7f26940fd360 0x7f26940fd780 secure :-1 s=READY pgs=33 cs=0 l=1 rev1=1 rx=0x7f268400b5f0 tx=0x7f2684006ee0).ready entity=mon.0 client_cookie=cc76b9315b193f07 server_cookie=0 in_seq=0 out_seq=0
2023-12-25T20:06:43.273 INFO:teuthology.orchestra.run.smithi050.stderr:/usr/bin/ceph:
2023-12-25T20:06:43.269+0000 7f26927fc700 1 -- 172.21.15.50:0/1862405192 <== mon.0 v2:172.21.15.50:3300/0 1 ==== mon_map magic: 0 v1 ==== 229+0+0 (secure 0 0 0) 0x7f268400d600 con 0x7f26940fd360
2023-12-25T20:06:43.273 INFO:teuthology.orchestra.run.smithi050.stderr:/usr/bin/ceph:
2023-12-25T20:06:43.269+0000 7f26927fc700 1 -- 172.21.15.50:0/1862405192 <== mon.0 v2:172.21.15.50:3300/0 2 ==== config(25 keys) v1 ==== 1010+0+0 (secure 0 0 0) 0x7f268400dbd0 con 0x7f26940fd360
2023-12-25T20:06:43.273 INFO:teuthology.orchestra.run.smithi050.stderr:/usr/bin/ceph:
2023-12-25T20:06:43.269+0000 7f26927fc700 1 -- 172.21.15.50:0/1862405192 <== mon.0 v2:172.21.15.50:3300/0 3 ==== mon_map magic: 0 v1 ==== 229+0+0 (secure 0 0 0) 0x7f2684011c00 con 0x7f26940fd360
2023-12-25T20:06:43.273 INFO:teuthology.orchestra.run.smithi050.stderr:/usr/bin/ceph:
2023-12-25T20:06:43.270+0000 7f2699b86700 1 -- 172.21.15.50:0/1862405192 >> [v2:172.21.15.50:3300/0,v1:172.21.15.50:6789/0] conn(0x7f26940fd360 msgr2=0x7f26940fd780 secure :-1 s=STATE_CONNECTION_ESTABLISHED l=1).mark_down
2023-12-25T20:06:43.273 INFO:teuthology.orchestra.run.smithi050.stderr:/usr/bin/ceph:
2023-12-25T20:06:43.270+0000 7f2699b86700 1 --2- 172.21.15.50:0/1862405192 >> [v2:172.21.15.50:3300/0,v1:172.21.15.50:6789/0] conn(0x7f26940fd360 0x7f26940fd780 secure :-1 s=READY pgs=33 cs=0 l=1 rev1=1 rx=0x7f268400b5f0 tx=0x7f2684006ee0).stop
2023-12-25T20:06:43.273 INFO:teuthology.orchestra.run.smithi050.stderr:/usr/bin/ceph:
2023-12-25T20:06:43.270+0000 7f2699b86700 1 -- 172.21.15.50:0/1862405192 shutdown_connections
2023-12-25T20:06:43.273 INFO:teuthology.orchestra.run.smithi050.stderr:/usr/bin/ceph:
2023-12-25T20:06:43.270+0000 7f2699b86700 1 --2- 172.21.15.50:0/1862405192 >> [v2:172.21.15.50:3300/0,v1:172.21.15.50:6789/0] conn(0x7f26940fd360 0x7f26940fd780 unknown :-1 s=CLOSED pgs=33 cs=0 l=1 rev1=1 rx=0 tx=0).stop
2023-12-25T20:06:43.273 INFO:teuthology.orchestra.run.smithi050.stderr:/usr/bin/ceph:
2023-12-25T20:06:43.270+0000 7f2699b86700 1 -- 172.21.15.50:0/1862405192 >> 172.21.15.50:0/1862405192 conn(0x7f26940f5b40 msgr2=0x7f26940f7f60 unknown :-1 s=STATE_NONE l=0).mark_down
2023-12-25T20:06:43.273 INFO:teuthology.orchestra.run.smithi050.stderr:/usr/bin/ceph:
2023-12-25T20:06:43.270+0000 7f2699b86700 1 -- 172.21.15.50:0/1862405192 shutdown_connections
2023-12-25T20:06:43.273 INFO:teuthology.orchestra.run.smithi050.stderr:/usr/bin/ceph:
2023-12-25T20:06:43.270+0000 7f2699b86700 1 -- 172.21.15.50:0/1862405192 wait complete.
2023-12-25T20:06:43.273 INFO:teuthology.orchestra.run.smithi050.stderr:/usr/bin/ceph:
2023-12-25T20:06:43.270+0000 7f2699b86700 1 Processor -- start
2023-12-25T20:06:43.273 INFO:teuthology.orchestra.run.smithi050.stderr:/usr/bin/ceph:
2023-12-25T20:06:43.271+0000 7f2699b86700 1 -- start start
2023-12-25T20:06:43.273 INFO:teuthology.orchestra.run.smithi050.stderr:/usr/bin/ceph:
2023-12-25T20:06:43.271+0000 7f2699b86700 1 --2- >> [v2:172.21.15.50:3300/0,v1:172.21.15.50:6789/0] conn(0x7f26940fd360 0x7f269410aa20 unknown :-1 s=NONE pgs=0 cs=0 l=1 rev1=0 rx=0 tx=0).connect
2023-12-25T20:06:43.274 INFO:teuthology.orchestra.run.smithi050.stderr:/usr/bin/ceph:
2023-12-25T20:06:43.271+0000 7f2699b86700 1 -- --> [v2:172.21.15.50:3300/0,v1:172.21.15.50:6789/0] -- mon_getmap magic: 0 v1 -- 0x7f269410af10 con 0x7f26940fd360
2023-12-25T20:06:43.274 INFO:teuthology.orchestra.run.smithi050.stderr:/usr/bin/ceph:
2023-12-25T20:06:43.271+0000 7f26937fe700 1 --2- >> [v2:172.21.15.50:3300/0,v1:172.21.15.50:6789/0] conn(0x7f26940fd360 0x7f269410aa20 unknown :-1 s=BANNER_CONNECTING pgs=0 cs=0 l=1 rev1=0 rx=0 tx=0)._handle_peer_banner_payload supported=1 required=0
2023-12-25T20:06:43.274 INFO:teuthology.orchestra.run.smithi050.stderr:/usr/bin/ceph:
2023-12-25T20:06:43.271+0000 7f26937fe700 1 --2- >> [v2:172.21.15.50:3300/0,v1:172.21.15.50:6789/0] conn(0x7f26940fd360 0x7f269410aa20 unknown :-1 s=HELLO_CONNECTING pgs=0 cs=0 l=1 rev1=1 rx=0 tx=0).handle_hello peer v2:172.21.15.50:3300/0 says I am v2:172.21.15.50:37630/0 (socket says 172.21.15.50:37630)
2023-12-25T20:06:43.274 INFO:teuthology.orchestra.run.smithi050.stderr:/usr/bin/ceph:
2023-12-25T20:06:43.271+0000 7f26937fe700 1 -- 172.21.15.50:0/1624030704 learned_addr learned my addr 172.21.15.50:0/1624030704 (peer_addr_for_me v2:172.21.15.50:0/0)
2023-12-25T20:06:43.274 INFO:teuthology.orchestra.run.smithi050.stderr:/usr/bin/ceph:
2023-12-25T20:06:43.271+0000 7f26937fe700 1 -- 172.21.15.50:0/1624030704 --> [v2:172.21.15.50:3300/0,v1:172.21.15.50:6789/0] -- mon_subscribe({config=0+,monmap=0+}) v3 -- 0x7f268400b200 con 0x7f26940fd360
2023-12-25T20:06:43.274 INFO:teuthology.orchestra.run.smithi050.stderr:/usr/bin/ceph:
2023-12-25T20:06:43.271+0000 7f26937fe700 1 --2- 172.21.15.50:0/1624030704 >> [v2:172.21.15.50:3300/0,v1:172.21.15.50:6789/0] conn(0x7f26940fd360 0x7f269410aa20 secure :-1 s=READY pgs=34 cs=0 l=1 rev1=1 rx=0x7f2684002f40 tx=0x7f2684006ee0).ready entity=mon.0 client_cookie=0 server_cookie=0 in_seq=0 out_seq=0
2023-12-25T20:06:43.275 INFO:teuthology.orchestra.run.smithi050.stderr:/usr/bin/ceph:
2023-12-25T20:06:43.272+0000 7f267bfff700 1 -- 172.21.15.50:0/1624030704 <== mon.0 v2:172.21.15.50:3300/0 1 ==== mon_map magic: 0 v1 ==== 229+0+0 (secure 0 0 0) 0x7f268401b410 con 0x7f26940fd360
2023-12-25T20:06:43.275 INFO:teuthology.orchestra.run.smithi050.stderr:/usr/bin/ceph:
2023-12-25T20:06:43.272+0000 7f267bfff700 1 -- 172.21.15.50:0/1624030704 <== mon.0 v2:172.21.15.50:3300/0 2 ==== config(25 keys) v1 ==== 1010+0+0 (secure 0 0 0) 0x7f268401b9e0 con 0x7f26940fd360
2023-12-25T20:06:43.275 INFO:teuthology.orchestra.run.smithi050.stderr:/usr/bin/ceph:
2023-12-25T20:06:43.272+0000 7f2699b86700 1 -- 172.21.15.50:0/1624030704 --> [v2:172.21.15.50:3300/0,v1:172.21.15.50:6789/0] -- mon_subscribe({mgrmap=0+}) v3 -- 0x7f269410b110 con 0x7f26940fd360
2023-12-25T20:06:43.275 INFO:teuthology.orchestra.run.smithi050.stderr:/usr/bin/ceph:
2023-12-25T20:06:43.272+0000 7f267bfff700 1 -- 172.21.15.50:0/1624030704 <== mon.0 v2:172.21.15.50:3300/0 3 ==== mon_map magic: 0 v1 ==== 229+0+0 (secure 0 0 0) 0x7f268401a8b0 con 0x7f26940fd360
2023-12-25T20:06:43.275 INFO:teuthology.orchestra.run.smithi050.stderr:/usr/bin/ceph:
2023-12-25T20:06:43.272+0000 7f2699b86700 1 -- 172.21.15.50:0/1624030704 --> [v2:172.21.15.50:3300/0,v1:172.21.15.50:6789/0] -- mon_subscribe({osdmap=0}) v3 -- 0x7f269410b520 con 0x7f26940fd360
2023-12-25T20:06:43.276 INFO:teuthology.orchestra.run.smithi050.stderr:/usr/bin/ceph:
2023-12-25T20:06:43.272+0000 7f267bfff700 1 -- 172.21.15.50:0/1624030704 <== mon.0 v2:172.21.15.50:3300/0 4 ==== mgrmap(e 8) v1 ==== 36120+0+0 (secure 0 0 0) 0x7f268400f070 con 0x7f26940fd360
2023-12-25T20:06:43.276 INFO:teuthology.orchestra.run.smithi050.stderr:/usr/bin/ceph:
2023-12-25T20:06:43.273+0000 7f267bfff700 1 --2- 172.21.15.50:0/1624030704 >> [v2:172.21.15.50:6800/4046643232,v1:172.21.15.50:6801/4046643232] conn(0x7f268002fd50 0x7f2680032210 unknown :-1 s=NONE pgs=0 cs=0 l=1 rev1=0 rx=0 tx=0).connect
2023-12-25T20:06:43.276 INFO:teuthology.orchestra.run.smithi050.stderr:/usr/bin/ceph:
2023-12-25T20:06:43.273+0000 7f267bfff700 1 -- 172.21.15.50:0/1624030704 <== mon.0 v2:172.21.15.50:3300/0 5 ==== osd_map(2..2 src has 1..2) v4 ==== 926+0+0 (secure 0 0 0) 0x7f26840411d0 con 0x7f26940fd360
2023-12-25T20:06:43.276 INFO:teuthology.orchestra.run.smithi050.stderr:/usr/bin/ceph:
2023-12-25T20:06:43.273+0000 7f2699b86700 1 -- 172.21.15.50:0/1624030704 --> [v2:172.21.15.50:3300/0,v1:172.21.15.50:6789/0] -- mon_command({"prefix": "get_command_descriptions"} v 0) v1 -- 0x7f2694045ad0 con 0x7f26940fd360
2023-12-25T20:06:43.276 INFO:teuthology.orchestra.run.smithi050.stderr:/usr/bin/ceph:
2023-12-25T20:06:43.273+0000 7f2692ffd700 1 --2- 172.21.15.50:0/1624030704 >> [v2:172.21.15.50:6800/4046643232,v1:172.21.15.50:6801/4046643232] conn(0x7f268002fd50 0x7f2680032210 unknown :-1 s=BANNER_CONNECTING pgs=0 cs=0 l=1 rev1=0 rx=0 tx=0)._handle_peer_banner_payload supported=1 required=0
2023-12-25T20:06:43.276 INFO:teuthology.orchestra.run.smithi050.stderr:/usr/bin/ceph:
2023-12-25T20:06:43.273+0000 7f2692ffd700 1 --2- 172.21.15.50:0/1624030704 >> [v2:172.21.15.50:6800/4046643232,v1:172.21.15.50:6801/4046643232] conn(0x7f268002fd50 0x7f2680032210 secure :-1 s=READY pgs=8 cs=0 l=1 rev1=1 rx=0x7f26880096a0 tx=0x7f2688006b40).ready entity=mgr.14114 client_cookie=0 server_cookie=0 in_seq=0 out_seq=0
2023-12-25T20:06:43.278 INFO:teuthology.orchestra.run.smithi050.stderr:/usr/bin/ceph:
2023-12-25T20:06:43.277+0000 7f267bfff700 1 -- 172.21.15.50:0/1624030704 <== mon.0 v2:172.21.15.50:3300/0 6 ==== mon_command_ack([{"prefix": "get_command_descriptions"}]=0 v0) v1 ==== 72+0+152212 (secure 0 0 0) 0x7f2684016070 con 0x7f26940fd360
2023-12-25T20:06:43.437 INFO:teuthology.orchestra.run.smithi050.stderr:/usr/bin/ceph:
2023-12-25T20:06:43.436+0000 7f2699b86700 1 -- 172.21.15.50:0/1624030704 --> [v2:172.21.15.50:6800/4046643232,v1:172.21.15.50:6801/4046643232] -- mgr_command(tid 0: {"prefix": "cephadm generate-key", "target": ["mon-mgr", ""]}) v1 -- 0x7f269410be60 con 0x7f268002fd50
2023-12-25T20:06:43.661 INFO:teuthology.orchestra.run.smithi050.stderr:/usr/bin/ceph:
2023-12-25T20:06:43.661+0000 7f267bfff700 1 -- 172.21.15.50:0/1624030704 <== mgr.14114 v2:172.21.15.50:6800/4046643232 1 ==== mgr_command_reply(tid 0: 0 ) v1 ==== 8+0+0 (secure 0 0 0) 0x7f269410be60 con 0x7f268002fd50
2023-12-25T20:06:43.664 INFO:teuthology.orchestra.run.smithi050.stderr:/usr/bin/ceph:
2023-12-25T20:06:43.662+0000 7f2699b86700 1 -- 172.21.15.50:0/1624030704 >> [v2:172.21.15.50:6800/4046643232,v1:172.21.15.50:6801/4046643232] conn(0x7f268002fd50 msgr2=0x7f2680032210 secure :-1 s=STATE_CONNECTION_ESTABLISHED l=1).mark_down
2023-12-25T20:06:43.664 INFO:teuthology.orchestra.run.smithi050.stderr:/usr/bin/ceph:
2023-12-25T20:06:43.662+0000 7f2699b86700 1 --2- 172.21.15.50:0/1624030704 >> [v2:172.21.15.50:6800/4046643232,v1:172.21.15.50:6801/4046643232] conn(0x7f268002fd50 0x7f2680032210 secure :-1 s=READY pgs=8 cs=0 l=1 rev1=1 rx=0x7f26880096a0 tx=0x7f2688006b40).stop
2023-12-25T20:06:43.664 INFO:teuthology.orchestra.run.smithi050.stderr:/usr/bin/ceph:
2023-12-25T20:06:43.662+0000 7f2699b86700 1 -- 172.21.15.50:0/1624030704 >> [v2:172.21.15.50:3300/0,v1:172.21.15.50:6789/0] conn(0x7f26940fd360 msgr2=0x7f269410aa20 secure :-1 s=STATE_CONNECTION_ESTABLISHED l=1).mark_down
2023-12-25T20:06:43.664 INFO:teuthology.orchestra.run.smithi050.stderr:/usr/bin/ceph:
