2023-12-25T20:06:57.164+0000 7f21f2dd8700 1 --2- 172.21.15.50:0/3167729383 >> [v2:172.21.15.50:6800/4046643232,v1:172.21.15.50:6801/4046643232] conn(0x7f21d002fe50 0x7f21d0032310 secure :-1 s=READY pgs=14 cs=0 l=1 rev1=1 rx=0x7f21d80096a0 tx=0x7f21d8006b40).stop
2023-12-25T20:06:57.166 INFO:teuthology.orchestra.run.smithi050.stderr:/usr/bin/ceph:
2023-12-25T20:06:57.164+0000 7f21f2dd8700 1 -- 172.21.15.50:0/3167729383 >> [v2:172.21.15.50:3300/0,v1:172.21.15.50:6789/0] conn(0x7f21ec070430 msgr2=0x7f21ec0fc360 secure :-1 s=STATE_CONNECTION_ESTABLISHED l=1).mark_down
2023-12-25T20:06:57.166 INFO:teuthology.orchestra.run.smithi050.stderr:/usr/bin/ceph:
2023-12-25T20:06:57.164+0000 7f21f2dd8700 1 --2- 172.21.15.50:0/3167729383 >> [v2:172.21.15.50:3300/0,v1:172.21.15.50:6789/0] conn(0x7f21ec070430 0x7f21ec0fc360 secure :-1 s=READY pgs=46 cs=0 l=1 rev1=1 rx=0x7f21e0006800 tx=0x7f21e0006ee0).stop
2023-12-25T20:06:57.166 INFO:teuthology.orchestra.run.smithi050.stderr:/usr/bin/ceph:
2023-12-25T20:06:57.164+0000 7f21f2dd8700 1 -- 172.21.15.50:0/3167729383 shutdown_connections
2023-12-25T20:06:57.166 INFO:teuthology.orchestra.run.smithi050.stderr:/usr/bin/ceph:
2023-12-25T20:06:57.164+0000 7f21f2dd8700 1 --2- 172.21.15.50:0/3167729383 >> [v2:172.21.15.50:6800/4046643232,v1:172.21.15.50:6801/4046643232] conn(0x7f21d002fe50 0x7f21d0032310 unknown :-1 s=CLOSED pgs=14 cs=0 l=1 rev1=1 rx=0 tx=0).stop
2023-12-25T20:06:57.166 INFO:teuthology.orchestra.run.smithi050.stderr:/usr/bin/ceph:
2023-12-25T20:06:57.164+0000 7f21f2dd8700 1 --2- 172.21.15.50:0/3167729383 >> [v2:172.21.15.50:3300/0,v1:172.21.15.50:6789/0] conn(0x7f21ec070430 0x7f21ec0fc360 unknown :-1 s=CLOSED pgs=46 cs=0 l=1 rev1=1 rx=0 tx=0).stop
2023-12-25T20:06:57.166 INFO:teuthology.orchestra.run.smithi050.stderr:/usr/bin/ceph:
2023-12-25T20:06:57.164+0000 7f21f2dd8700 1 -- 172.21.15.50:0/3167729383 >> 172.21.15.50:0/3167729383 conn(0x7f21ec0f63c0 msgr2=0x7f21ec0f7f60 unknown :-1 s=STATE_NONE l=0).mark_down
2023-12-25T20:06:57.166 INFO:teuthology.orchestra.run.smithi050.stderr:/usr/bin/ceph:
2023-12-25T20:06:57.164+0000 7f21f2dd8700 1 -- 172.21.15.50:0/3167729383 shutdown_connections
2023-12-25T20:06:57.167 INFO:teuthology.orchestra.run.smithi050.stderr:/usr/bin/ceph:
2023-12-25T20:06:57.164+0000 7f21f2dd8700 1 -- 172.21.15.50:0/3167729383 wait complete.
2023-12-25T20:06:57.469 INFO:journalctl@ceph.mon.smithi050.smithi050.stdout:Dec 25 20:06:57 smithi050 ceph-02c8f25c-a361-11ee-95a5-87774f69a715-mon.smithi050[111770]: audit
2023-12-25T20:06:56.377419+0000 mon.smithi050 (mon.0) 61 : audit [INF] from='client.? 172.21.15.50:0/3167729383' entity='client.admin' cmd=[{"prefix": "mgr module enable", "module": "prometheus"}]: dispatch
2023-12-25T20:06:57.469 INFO:journalctl@ceph.mon.smithi050.smithi050.stdout:Dec 25 20:06:57 smithi050 ceph-02c8f25c-a361-11ee-95a5-87774f69a715-mon.smithi050[111770]: audit
2023-12-25T20:06:56.535422+0000 mon.smithi050 (mon.0) 62 : audit [INF] from='mgr.14114 172.21.15.50:0/3381094233' entity='mgr.smithi050.nbzhun'
2023-12-25T20:06:57.657 INFO:teuthology.orchestra.run.smithi050.stderr:Deploying prometheus service with default placement...
2023-12-25T20:06:57.657 INFO:teuthology.orchestra.run.smithi050.stderr:Running command: /bin/podman run --rm --ipc=host --no-hosts --net=host --entrypoint /usr/bin/ceph --init -e CONTAINER_IMAGE=docker.io/ceph/ceph:v16.2.4 -e NODE_NAME=smithi050 -e CEPH_USE_RANDOM_NONCE=1 -v /var/log/ceph/02c8f25c-a361-11ee-95a5-87774f69a715:/var/log/ceph:z -v /tmp/ceph-tmps7kf4jlu:/etc/ceph/ceph.client.admin.keyring:z -v /tmp/ceph-tmpu2g3lwcx:/etc/ceph/ceph.conf:z docker.io/ceph/ceph:v16.2.4 orch apply prometheus
2023-12-25T20:06:58.054 INFO:teuthology.orchestra.run.smithi050.stderr:/usr/bin/ceph:
2023-12-25T20:06:58.053+0000 7f40a179a700 1 Processor -- start
2023-12-25T20:06:58.054 INFO:teuthology.orchestra.run.smithi050.stderr:/usr/bin/ceph:
2023-12-25T20:06:58.053+0000 7f40a179a700 1 -- start start
2023-12-25T20:06:58.055 INFO:teuthology.orchestra.run.smithi050.stderr:/usr/bin/ceph:
2023-12-25T20:06:58.053+0000 7f40a179a700 1 --2- >> [v2:172.21.15.50:3300/0,v1:172.21.15.50:6789/0] conn(0x7f409c0703d0 0x7f409c100d40 unknown :-1 s=NONE pgs=0 cs=0 l=0 rev1=0 rx=0 tx=0).connect
2023-12-25T20:06:58.055 INFO:teuthology.orchestra.run.smithi050.stderr:/usr/bin/ceph:
2023-12-25T20:06:58.053+0000 7f40a179a700 1 -- --> [v2:172.21.15.50:3300/0,v1:172.21.15.50:6789/0] -- mon_getmap magic: 0 v1 -- 0x7f409c0fc730 con 0x7f409c0703d0
2023-12-25T20:06:58.055 INFO:teuthology.orchestra.run.smithi050.stderr:/usr/bin/ceph:
2023-12-25T20:06:58.053+0000 7f409affd700 1 --2- >> [v2:172.21.15.50:3300/0,v1:172.21.15.50:6789/0] conn(0x7f409c0703d0 0x7f409c100d40 unknown :-1 s=BANNER_CONNECTING pgs=0 cs=0 l=0 rev1=0 rx=0 tx=0)._handle_peer_banner_payload supported=1 required=0
2023-12-25T20:06:58.055 INFO:teuthology.orchestra.run.smithi050.stderr:/usr/bin/ceph:
2023-12-25T20:06:58.053+0000 7f409affd700 1 --2- >> [v2:172.21.15.50:3300/0,v1:172.21.15.50:6789/0] conn(0x7f409c0703d0 0x7f409c100d40 unknown :-1 s=HELLO_CONNECTING pgs=0 cs=0 l=0 rev1=1 rx=0 tx=0).handle_hello peer v2:172.21.15.50:3300/0 says I am v2:172.21.15.50:44460/0 (socket says 172.21.15.50:44460)
2023-12-25T20:06:58.057 INFO:teuthology.orchestra.run.smithi050.stderr:/usr/bin/ceph:
2023-12-25T20:06:58.053+0000 7f409affd700 1 -- 172.21.15.50:0/2757259352 learned_addr learned my addr 172.21.15.50:0/2757259352 (peer_addr_for_me v2:172.21.15.50:0/0)
2023-12-25T20:06:58.057 INFO:teuthology.orchestra.run.smithi050.stderr:/usr/bin/ceph:
2023-12-25T20:06:58.053+0000 7f409affd700 1 -- 172.21.15.50:0/2757259352 --> [v2:172.21.15.50:3300/0,v1:172.21.15.50:6789/0] -- mon_subscribe({config=0+,monmap=0+}) v3 -- 0x7f409c101230 con 0x7f409c0703d0
2023-12-25T20:06:58.057 INFO:teuthology.orchestra.run.smithi050.stderr:/usr/bin/ceph:
2023-12-25T20:06:58.054+0000 7f409affd700 1 --2- 172.21.15.50:0/2757259352 >> [v2:172.21.15.50:3300/0,v1:172.21.15.50:6789/0] conn(0x7f409c0703d0 0x7f409c100d40 secure :-1 s=READY pgs=49 cs=0 l=1 rev1=1 rx=0x7f408c00b5f0 tx=0x7f408c006ee0).ready entity=mon.0 client_cookie=ce7490ebd3de0c7b server_cookie=0 in_seq=0 out_seq=0
2023-12-25T20:06:58.057 INFO:teuthology.orchestra.run.smithi050.stderr:/usr/bin/ceph:
2023-12-25T20:06:58.054+0000 7f4099ffb700 1 -- 172.21.15.50:0/2757259352 <== mon.0 v2:172.21.15.50:3300/0 1 ==== mon_map magic: 0 v1 ==== 229+0+0 (secure 0 0 0) 0x7f408c00d600 con 0x7f409c0703d0
2023-12-25T20:06:58.057 INFO:teuthology.orchestra.run.smithi050.stderr:/usr/bin/ceph:
2023-12-25T20:06:58.054+0000 7f4099ffb700 1 -- 172.21.15.50:0/2757259352 <== mon.0 v2:172.21.15.50:3300/0 2 ==== config(25 keys) v1 ==== 1074+0+0 (secure 0 0 0) 0x7f408c00dc10 con 0x7f409c0703d0
2023-12-25T20:06:58.057 INFO:teuthology.orchestra.run.smithi050.stderr:/usr/bin/ceph:
2023-12-25T20:06:58.054+0000 7f4099ffb700 1 -- 172.21.15.50:0/2757259352 <== mon.0 v2:172.21.15.50:3300/0 3 ==== mon_map magic: 0 v1 ==== 229+0+0 (secure 0 0 0) 0x7f408c011cd0 con 0x7f409c0703d0
2023-12-25T20:06:58.058 INFO:teuthology.orchestra.run.smithi050.stderr:/usr/bin/ceph:
2023-12-25T20:06:58.054+0000 7f40a179a700 1 -- 172.21.15.50:0/2757259352 >> [v2:172.21.15.50:3300/0,v1:172.21.15.50:6789/0] conn(0x7f409c0703d0 msgr2=0x7f409c100d40 secure :-1 s=STATE_CONNECTION_ESTABLISHED l=1).mark_down
2023-12-25T20:06:58.058 INFO:teuthology.orchestra.run.smithi050.stderr:/usr/bin/ceph:
2023-12-25T20:06:58.054+0000 7f40a179a700 1 --2- 172.21.15.50:0/2757259352 >> [v2:172.21.15.50:3300/0,v1:172.21.15.50:6789/0] conn(0x7f409c0703d0 0x7f409c100d40 secure :-1 s=READY pgs=49 cs=0 l=1 rev1=1 rx=0x7f408c00b5f0 tx=0x7f408c006ee0).stop
2023-12-25T20:06:58.058 INFO:teuthology.orchestra.run.smithi050.stderr:/usr/bin/ceph:
2023-12-25T20:06:58.054+0000 7f40a179a700 1 -- 172.21.15.50:0/2757259352 shutdown_connections
2023-12-25T20:06:58.058 INFO:teuthology.orchestra.run.smithi050.stderr:/usr/bin/ceph:
2023-12-25T20:06:58.054+0000 7f40a179a700 1 --2- 172.21.15.50:0/2757259352 >> [v2:172.21.15.50:3300/0,v1:172.21.15.50:6789/0] conn(0x7f409c0703d0 0x7f409c100d40 unknown :-1 s=CLOSED pgs=49 cs=0 l=1 rev1=1 rx=0 tx=0).stop
2023-12-25T20:06:58.058 INFO:teuthology.orchestra.run.smithi050.stderr:/usr/bin/ceph:
2023-12-25T20:06:58.054+0000 7f40a179a700 1 -- 172.21.15.50:0/2757259352 >> 172.21.15.50:0/2757259352 conn(0x7f409c0f63c0 msgr2=0x7f409c0f87e0 unknown :-1 s=STATE_NONE l=0).mark_down
2023-12-25T20:06:58.058 INFO:teuthology.orchestra.run.smithi050.stderr:/usr/bin/ceph:
2023-12-25T20:06:58.054+0000 7f40a179a700 1 -- 172.21.15.50:0/2757259352 shutdown_connections
2023-12-25T20:06:58.058 INFO:teuthology.orchestra.run.smithi050.stderr:/usr/bin/ceph:
2023-12-25T20:06:58.054+0000 7f40a179a700 1 -- 172.21.15.50:0/2757259352 wait complete.
2023-12-25T20:06:58.058 INFO:teuthology.orchestra.run.smithi050.stderr:/usr/bin/ceph:
2023-12-25T20:06:58.055+0000 7f40a179a700 1 Processor -- start
2023-12-25T20:06:58.058 INFO:teuthology.orchestra.run.smithi050.stderr:/usr/bin/ceph:
2023-12-25T20:06:58.055+0000 7f40a179a700 1 -- start start
2023-12-25T20:06:58.058 INFO:teuthology.orchestra.run.smithi050.stderr:/usr/bin/ceph:
2023-12-25T20:06:58.055+0000 7f40a179a700 1 --2- >> [v2:172.21.15.50:3300/0,v1:172.21.15.50:6789/0] conn(0x7f409c0703d0 0x7f409c10cd30 unknown :-1 s=NONE pgs=0 cs=0 l=1 rev1=0 rx=0 tx=0).connect
2023-12-25T20:06:58.058 INFO:teuthology.orchestra.run.smithi050.stderr:/usr/bin/ceph:
2023-12-25T20:06:58.055+0000 7f40a179a700 1 -- --> [v2:172.21.15.50:3300/0,v1:172.21.15.50:6789/0] -- mon_getmap magic: 0 v1 -- 0x7f409c10d220 con 0x7f409c0703d0
2023-12-25T20:06:58.058 INFO:teuthology.orchestra.run.smithi050.stderr:/usr/bin/ceph:
2023-12-25T20:06:58.055+0000 7f409affd700 1 --2- >> [v2:172.21.15.50:3300/0,v1:172.21.15.50:6789/0] conn(0x7f409c0703d0 0x7f409c10cd30 unknown :-1 s=BANNER_CONNECTING pgs=0 cs=0 l=1 rev1=0 rx=0 tx=0)._handle_peer_banner_payload supported=1 required=0
2023-12-25T20:06:58.060 INFO:teuthology.orchestra.run.smithi050.stderr:/usr/bin/ceph:
2023-12-25T20:06:58.055+0000 7f409affd700 1 --2- >> [v2:172.21.15.50:3300/0,v1:172.21.15.50:6789/0] conn(0x7f409c0703d0 0x7f409c10cd30 unknown :-1 s=HELLO_CONNECTING pgs=0 cs=0 l=1 rev1=1 rx=0 tx=0).handle_hello peer v2:172.21.15.50:3300/0 says I am v2:172.21.15.50:44474/0 (socket says 172.21.15.50:44474)
2023-12-25T20:06:58.060 INFO:teuthology.orchestra.run.smithi050.stderr:/usr/bin/ceph:
2023-12-25T20:06:58.055+0000 7f409affd700 1 -- 172.21.15.50:0/3670368901 learned_addr learned my addr 172.21.15.50:0/3670368901 (peer_addr_for_me v2:172.21.15.50:0/0)
2023-12-25T20:06:58.060 INFO:teuthology.orchestra.run.smithi050.stderr:/usr/bin/ceph:
2023-12-25T20:06:58.056+0000 7f409affd700 1 -- 172.21.15.50:0/3670368901 --> [v2:172.21.15.50:3300/0,v1:172.21.15.50:6789/0] -- mon_subscribe({config=0+,monmap=0+}) v3 -- 0x7f408c00b200 con 0x7f409c0703d0
2023-12-25T20:06:58.060 INFO:teuthology.orchestra.run.smithi050.stderr:/usr/bin/ceph:
2023-12-25T20:06:58.056+0000 7f409affd700 1 --2- 172.21.15.50:0/3670368901 >> [v2:172.21.15.50:3300/0,v1:172.21.15.50:6789/0] conn(0x7f409c0703d0 0x7f409c10cd30 secure :-1 s=READY pgs=50 cs=0 l=1 rev1=1 rx=0x7f408c00df90 tx=0x7f408c006ee0).ready entity=mon.0 client_cookie=0 server_cookie=0 in_seq=0 out_seq=0
2023-12-25T20:06:58.060 INFO:teuthology.orchestra.run.smithi050.stderr:/usr/bin/ceph:
2023-12-25T20:06:58.056+0000 7f40837fe700 1 -- 172.21.15.50:0/3670368901 <== mon.0 v2:172.21.15.50:3300/0 1 ==== mon_map magic: 0 v1 ==== 229+0+0 (secure 0 0 0) 0x7f408c011da0 con 0x7f409c0703d0
2023-12-25T20:06:58.060 INFO:teuthology.orchestra.run.smithi050.stderr:/usr/bin/ceph:
2023-12-25T20:06:58.056+0000 7f40837fe700 1 -- 172.21.15.50:0/3670368901 <== mon.0 v2:172.21.15.50:3300/0 2 ==== config(25 keys) v1 ==== 1074+0+0 (secure 0 0 0) 0x7f408c01b8c0 con 0x7f409c0703d0
2023-12-25T20:06:58.060 INFO:teuthology.orchestra.run.smithi050.stderr:/usr/bin/ceph:
2023-12-25T20:06:58.056+0000 7f40a179a700 1 -- 172.21.15.50:0/3670368901 --> [v2:172.21.15.50:3300/0,v1:172.21.15.50:6789/0] -- mon_subscribe({mgrmap=0+}) v3 -- 0x7f409c10d420 con 0x7f409c0703d0
2023-12-25T20:06:58.060 INFO:teuthology.orchestra.run.smithi050.stderr:/usr/bin/ceph:
2023-12-25T20:06:58.056+0000 7f40837fe700 1 -- 172.21.15.50:0/3670368901 <== mon.0 v2:172.21.15.50:3300/0 3 ==== mon_map magic: 0 v1 ==== 229+0+0 (secure 0 0 0) 0x7f408c01a930 con 0x7f409c0703d0
2023-12-25T20:06:58.060 INFO:teuthology.orchestra.run.smithi050.stderr:/usr/bin/ceph:
2023-12-25T20:06:58.056+0000 7f40a179a700 1 -- 172.21.15.50:0/3670368901 --> [v2:172.21.15.50:3300/0,v1:172.21.15.50:6789/0] -- mon_subscribe({osdmap=0}) v3 -- 0x7f409c10d830 con 0x7f409c0703d0
2023-12-25T20:06:58.060 INFO:teuthology.orchestra.run.smithi050.stderr:/usr/bin/ceph:
2023-12-25T20:06:58.057+0000 7f40837fe700 1 -- 172.21.15.50:0/3670368901 <== mon.0 v2:172.21.15.50:3300/0 4 ==== mgrmap(e 9) v1 ==== 36134+0+0 (secure 0 0 0) 0x7f408c00f070 con 0x7f409c0703d0
2023-12-25T20:06:58.061 INFO:teuthology.orchestra.run.smithi050.stderr:/usr/bin/ceph:
2023-12-25T20:06:58.057+0000 7f40837fe700 1 --2- 172.21.15.50:0/3670368901 >> [v2:172.21.15.50:6800/4046643232,v1:172.21.15.50:6801/4046643232] conn(0x7f408802fe00 0x7f40880322c0 unknown :-1 s=NONE pgs=0 cs=0 l=1 rev1=0 rx=0 tx=0).connect
2023-12-25T20:06:58.061 INFO:teuthology.orchestra.run.smithi050.stderr:/usr/bin/ceph:
2023-12-25T20:06:58.057+0000 7f40837fe700 1 -- 172.21.15.50:0/3670368901 <== mon.0 v2:172.21.15.50:3300/0 5 ==== osd_map(2..2 src has 1..2) v4 ==== 926+0+0 (secure 0 0 0) 0x7f408c040eb0 con 0x7f409c0703d0
2023-12-25T20:06:58.061 INFO:teuthology.orchestra.run.smithi050.stderr:/usr/bin/ceph:
2023-12-25T20:06:58.057+0000 7f409a7fc700 1 -- 172.21.15.50:0/3670368901 >> [v2:172.21.15.50:6800/4046643232,v1:172.21.15.50:6801/4046643232] conn(0x7f408802fe00 msgr2=0x7f40880322c0 unknown :-1 s=STATE_CONNECTING_RE l=1).process reconnect failed to v2:172.21.15.50:6800/4046643232
2023-12-25T20:06:58.061 INFO:teuthology.orchestra.run.smithi050.stderr:/usr/bin/ceph:
2023-12-25T20:06:58.057+0000 7f409a7fc700 1 --2- 172.21.15.50:0/3670368901 >> [v2:172.21.15.50:6800/4046643232,v1:172.21.15.50:6801/4046643232] conn(0x7f408802fe00 0x7f40880322c0 unknown :-1 s=START_CONNECT pgs=0 cs=0 l=1 rev1=0 rx=0 tx=0)._fault waiting 0.200000
2023-12-25T20:06:58.061 INFO:teuthology.orchestra.run.smithi050.stderr:/usr/bin/ceph:
2023-12-25T20:06:58.057+0000 7f40a179a700 1 -- 172.21.15.50:0/3670368901 --> [v2:172.21.15.50:3300/0,v1:172.21.15.50:6789/0] -- mon_command({"prefix": "get_command_descriptions"} v 0) v1 -- 0x7f409c045ad0 con 0x7f409c0703d0
2023-12-25T20:06:58.062 INFO:teuthology.orchestra.run.smithi050.stderr:/usr/bin/ceph:
2023-12-25T20:06:58.062+0000 7f40837fe700 1 -- 172.21.15.50:0/3670368901 <== mon.0 v2:172.21.15.50:3300/0 6 ==== mon_command_ack([{"prefix": "get_command_descriptions"}]=0 v0) v1 ==== 72+0+152212 (secure 0 0 0) 0x7f408c016070 con 0x7f409c0703d0
2023-12-25T20:06:58.252 INFO:teuthology.orchestra.run.smithi050.stderr:/usr/bin/ceph:
2023-12-25T20:06:58.250+0000 7f40a179a700 1 -- 172.21.15.50:0/3670368901 --> [v2:172.21.15.50:6800/4046643232,v1:172.21.15.50:6801/4046643232] -- mgr_command(tid 0: {"prefix": "orch apply", "service_type": "prometheus", "target": ["mon-mgr", ""]}) v1 -- 0x7f409c106bd0 con 0x7f408802fe00
2023-12-25T20:06:58.258 INFO:teuthology.orchestra.run.smithi050.stderr:/usr/bin/ceph:
2023-12-25T20:06:58.258+0000 7f409a7fc700 1 -- 172.21.15.50:0/3670368901 >> [v2:172.21.15.50:6800/4046643232,v1:172.21.15.50:6801/4046643232] conn(0x7f408802fe00 msgr2=0x7f40880322c0 unknown :-1 s=STATE_CONNECTING_RE l=1).process reconnect failed to v2:172.21.15.50:6800/4046643232
2023-12-25T20:06:58.258 INFO:teuthology.orchestra.run.smithi050.stderr:/usr/bin/ceph:
2023-12-25T20:06:58.258+0000 7f409a7fc700 1 --2- 172.21.15.50:0/3670368901 >> [v2:172.21.15.50:6800/4046643232,v1:172.21.15.50:6801/4046643232] conn(0x7f408802fe00 0x7f40880322c0 unknown :-1 s=START_CONNECT pgs=0 cs=0 l=1 rev1=0 rx=0 tx=0)._fault waiting 0.400000
2023-12-25T20:06:58.469 INFO:journalctl@ceph.mon.smithi050.smithi050.stdout:Dec 25 20:06:58 smithi050 ceph-02c8f25c-a361-11ee-95a5-87774f69a715-mon.smithi050[111770]: audit
2023-12-25T20:06:57.163295+0000 mon.smithi050 (mon.0) 63 : audit [INF] from='client.? 172.21.15.50:0/3167729383' entity='client.admin' cmd='[{"prefix": "mgr module enable", "module": "prometheus"}]': finished
2023-12-25T20:06:58.469 INFO:journalctl@ceph.mon.smithi050.smithi050.stdout:Dec 25 20:06:58 smithi050 ceph-02c8f25c-a361-11ee-95a5-87774f69a715-mon.smithi050[111770]: cluster
2023-12-25T20:06:57.163345+0000 mon.smithi050 (mon.0) 64 : cluster [DBG] mgrmap e9: smithi050.nbzhun(active, since 17s)
2023-12-25T20:06:58.660 INFO:teuthology.orchestra.run.smithi050.stderr:/usr/bin/ceph:
2023-12-25T20:06:58.659+0000 7f409a7fc700 1 -- 172.21.15.50:0/3670368901 >> [v2:172.21.15.50:6800/4046643232,v1:172.21.15.50:6801/4046643232] conn(0x7f408802fe00 msgr2=0x7f40880322c0 unknown :-1 s=STATE_CONNECTING_RE l=1).process reconnect failed to v2:172.21.15.50:6800/4046643232
2023-12-25T20:06:58.660 INFO:teuthology.orchestra.run.smithi050.stderr:/usr/bin/ceph:
2023-12-25T20:06:58.659+0000 7f409a7fc700 1 --2- 172.21.15.50:0/3670368901 >> [v2:172.21.15.50:6800/4046643232,v1:172.21.15.50:6801/4046643232] conn(0x7f408802fe00 0x7f40880322c0 unknown :-1 s=START_CONNECT pgs=0 cs=0 l=1 rev1=0 rx=0 tx=0)._fault waiting 0.800000
2023-12-25T20:06:59.461 INFO:teuthology.orchestra.run.smithi050.stderr:/usr/bin/ceph:
2023-12-25T20:06:59.460+0000 7f409a7fc700 1 -- 172.21.15.50:0/3670368901 >> [v2:172.21.15.50:6800/4046643232,v1:172.21.15.50:6801/4046643232] conn(0x7f408802fe00 msgr2=0x7f40880322c0 unknown :-1 s=STATE_CONNECTING_RE l=1).process reconnect failed to v2:172.21.15.50:6800/4046643232
2023-12-25T20:06:59.461 INFO:teuthology.orchestra.run.smithi050.stderr:/usr/bin/ceph:
2023-12-25T20:06:59.460+0000 7f409a7fc700 1 --2- 172.21.15.50:0/3670368901 >> [v2:172.21.15.50:6800/4046643232,v1:172.21.15.50:6801/4046643232] conn(0x7f408802fe00 0x7f40880322c0 unknown :-1 s=START_CONNECT pgs=0 cs=0 l=1 rev1=0 rx=0 tx=0)._fault waiting 1.600000
2023-12-25T20:07:01.063 INFO:teuthology.orchestra.run.smithi050.stderr:/usr/bin/ceph:
2023-12-25T20:07:01.061+0000 7f409a7fc700 1 -- 172.21.15.50:0/3670368901 >> [v2:172.21.15.50:6800/4046643232,v1:172.21.15.50:6801/4046643232] conn(0x7f408802fe00 msgr2=0x7f40880322c0 unknown :-1 s=STATE_CONNECTING_RE l=1).process reconnect failed to v2:172.21.15.50:6800/4046643232
2023-12-25T20:07:01.063 INFO:teuthology.orchestra.run.smithi050.stderr:/usr/bin/ceph:
2023-12-25T20:07:01.061+0000 7f409a7fc700 1 --2- 172.21.15.50:0/3670368901 >> [v2:172.21.15.50:6800/4046643232,v1:172.21.15.50:6801/4046643232] conn(0x7f408802fe00 0x7f40880322c0 unknown :-1 s=START_CONNECT pgs=0 cs=0 l=1 rev1=0 rx=0 tx=0)._fault waiting 3.200000
2023-12-25T20:07:02.407 INFO:teuthology.orchestra.run.smithi050.stderr:/usr/bin/ceph:
2023-12-25T20:07:02.406+0000 7f40837fe700 1 -- 172.21.15.50:0/3670368901 <== mon.0 v2:172.21.15.50:3300/0 7 ==== mgrmap(e 10) v1 ==== 35984+0+0 (secure 0 0 0) 0x7f408c010dd0 con 0x7f409c0703d0
2023-12-25T20:07:02.407 INFO:teuthology.orchestra.run.smithi050.stderr:/usr/bin/ceph:
2023-12-25T20:07:02.406+0000 7f40837fe700 1 -- 172.21.15.50:0/3670368901 >> [v2:172.21.15.50:6800/4046643232,v1:172.21.15.50:6801/4046643232] conn(0x7f408802fe00 msgr2=0x7f40880322c0 unknown :-1 s=STATE_CONNECTING l=1).mark_down
2023-12-25T20:07:02.407 INFO:teuthology.orchestra.run.smithi050.stderr:/usr/bin/ceph:
2023-12-25T20:07:02.406+0000 7f40837fe700 1 --2- 172.21.15.50:0/3670368901 >> [v2:172.21.15.50:6800/4046643232,v1:172.21.15.50:6801/4046643232] conn(0x7f408802fe00 0x7f40880322c0 unknown :-1 s=START_CONNECT pgs=0 cs=0 l=1 rev1=0 rx=0 tx=0).stop
2023-12-25T20:07:03.409 INFO:teuthology.orchestra.run.smithi050.stderr:/usr/bin/ceph:
2023-12-25T20:07:03.407+0000 7f40837fe700 1 -- 172.21.15.50:0/3670368901 <== mon.0 v2:172.21.15.50:3300/0 8 ==== mgrmap(e 11) v1 ==== 36054+0+0 (secure 0 0 0) 0x7f408c005d20 con 0x7f409c0703d0
2023-12-25T20:07:03.409 INFO:teuthology.orchestra.run.smithi050.stderr:/usr/bin/ceph:
2023-12-25T20:07:03.407+0000 7f40837fe700 1 --2- 172.21.15.50:0/3670368901 >> [v2:172.21.15.50:6800/2637522512,v1:172.21.15.50:6801/2637522512] conn(0x7f4088033c20 0x7f4088036010 unknown :-1 s=NONE pgs=0 cs=0 l=1 rev1=0 rx=0 tx=0).connect
2023-12-25T20:07:03.409 INFO:teuthology.orchestra.run.smithi050.stderr:/usr/bin/ceph:
2023-12-25T20:07:03.407+0000 7f40837fe700 1 -- 172.21.15.50:0/3670368901 --> [v2:172.21.15.50:6800/2637522512,v1:172.21.15.50:6801/2637522512] -- mgr_command(tid 0: {"prefix": "orch apply", "service_type": "prometheus", "target": ["mon-mgr", ""]}) v1 -- 0x7f409c106bd0 con 0x7f4088033c20
2023-12-25T20:07:03.409 INFO:teuthology.orchestra.run.smithi050.stderr:/usr/bin/ceph:
2023-12-25T20:07:03.407+0000 7f409a7fc700 1 --2- 172.21.15.50:0/3670368901 >> [v2:172.21.15.50:6800/2637522512,v1:172.21.15.50:6801/2637522512] conn(0x7f4088033c20 0x7f4088036010 unknown :-1 s=BANNER_CONNECTING pgs=0 cs=0 l=1 rev1=0 rx=0 tx=0)._handle_peer_banner_payload supported=1 required=0
2023-12-25T20:07:03.409 INFO:teuthology.orchestra.run.smithi050.stderr:/usr/bin/ceph:
2023-12-25T20:07:03.408+0000 7f409a7fc700 1 --2- 172.21.15.50:0/3670368901 >> [v2:172.21.15.50:6800/2637522512,v1:172.21.15.50:6801/2637522512] conn(0x7f4088033c20 0x7f4088036010 secure :-1 s=READY pgs=2 cs=0 l=1 rev1=1 rx=0x7f4090006fd0 tx=0x7f4090006d30).ready entity=mgr.14142 client_cookie=0 server_cookie=0 in_seq=0 out_seq=0
2023-12-25T20:07:03.412 INFO:teuthology.orchestra.run.smithi050.stderr:/usr/bin/ceph:
2023-12-25T20:07:03.412+0000 7f40837fe700 1 -- 172.21.15.50:0/3670368901 <== mgr.14142 v2:172.21.15.50:6800/2637522512 1 ==== mgr_command_reply(tid 0: 0 ) v1 ==== 8+0+31 (secure 0 0 0) 0x7f409c106bd0 con 0x7f4088033c20
2023-12-25T20:07:03.412 INFO:teuthology.orchestra.run.smithi050.stderr:/usr/bin/ceph: Scheduled prometheus update...
2023-12-25T20:07:03.414 INFO:teuthology.orchestra.run.smithi050.stderr:/usr/bin/ceph:
2023-12-25T20:07:03.413+0000 7f40a179a700 1 -- 172.21.15.50:0/3670368901 >> [v2:172.21.15.50:6800/2637522512,v1:172.21.15.50:6801/2637522512] conn(0x7f4088033c20 msgr2=0x7f4088036010 secure :-1 s=STATE_CONNECTION_ESTABLISHED l=1).mark_down
2023-12-25T20:07:03.414 INFO:teuthology.orchestra.run.smithi050.stderr:/usr/bin/ceph:
2023-12-25T20:07:03.413+0000 7f40a179a700 1 --2- 172.21.15.50:0/3670368901 >> [v2:172.21.15.50:6800/2637522512,v1:172.21.15.50:6801/2637522512] conn(0x7f4088033c20 0x7f4088036010 secure :-1 s=READY pgs=2 cs=0 l=1 rev1=1 rx=0x7f4090006fd0 tx=0x7f4090006d30).stop
2023-12-25T20:07:03.414 INFO:teuthology.orchestra.run.smithi050.stderr:/usr/bin/ceph:
2023-12-25T20:07:03.413+0000 7f40a179a700 1 -- 172.21.15.50:0/3670368901 >> [v2:172.21.15.50:3300/0,v1:172.21.15.50:6789/0] conn(0x7f409c0703d0 msgr2=0x7f409c10cd30 secure :-1 s=STATE_CONNECTION_ESTABLISHED l=1).mark_down
2023-12-25T20:07:03.414 INFO:teuthology.orchestra.run.smithi050.stderr:/usr/bin/ceph:
2023-12-25T20:07:03.413+0000 7f40a179a700 1 --2- 172.21.15.50:0/3670368901 >> [v2:172.21.15.50:3300/0,v1:172.21.15.50:6789/0] conn(0x7f409c0703d0 0x7f409c10cd30 secure :-1 s=READY pgs=50 cs=0 l=1 rev1=1 rx=0x7f408c00df90 tx=0x7f408c006ee0).stop
2023-12-25T20:07:03.415 INFO:teuthology.orchestra.run.smithi050.stderr:/usr/bin/ceph:
2023-12-25T20:07:03.414+0000 7f40a179a700 1 -- 172.21.15.50:0/3670368901 shutdown_connections
2023-12-25T20:07:03.415 INFO:teuthology.orchestra.run.smithi050.stderr:/usr/bin/ceph:
2023-12-25T20:07:03.414+0000 7f40a179a700 1 --2- 172.21.15.50:0/3670368901 >> [v2:172.21.15.50:6800/2637522512,v1:172.21.15.50:6801/2637522512] conn(0x7f4088033c20 0x7f4088036010 unknown :-1 s=CLOSED pgs=2 cs=0 l=1 rev1=1 rx=0 tx=0).stop
2023-12-25T20:07:03.415 INFO:teuthology.orchestra.run.smithi050.stderr:/usr/bin/ceph:
2023-12-25T20:07:03.414+0000 7f40a179a700 1 --2- 172.21.15.50:0/3670368901 >> [v2:172.21.15.50:3300/0,v1:172.21.15.50:6789/0] conn(0x7f409c0703d0 0x7f409c10cd30 unknown :-1 s=CLOSED pgs=50 cs=0 l=1 rev1=1 rx=0 tx=0).stop
2023-12-25T20:07:03.415 INFO:teuthology.orchestra.run.smithi050.stderr:/usr/bin/ceph:
2023-12-25T20:07:03.414+0000 7f40a179a700 1 --2- 172.21.15.50:0/3670368901 >> [v2:172.21.15.50:6800/4046643232,v1:172.21.15.50:6801/4046643232] conn(0x7f408802fe00 0x7f40880322c0 unknown :-1 s=CLOSED pgs=0 cs=0 l=1 rev1=0 rx=0 tx=0).stop
2023-12-25T20:07:03.416 INFO:teuthology.orchestra.run.smithi050.stderr:/usr/bin/ceph:
2023-12-25T20:07:03.414+0000 7f40a179a700 1 -- 172.21.15.50:0/3670368901 >> 172.21.15.50:0/3670368901 conn(0x7f409c0f63c0 msgr2=0x7f409c0f7ef0 unknown :-1 s=STATE_NONE l=0).mark_down
2023-12-25T20:07:03.416 INFO:teuthology.orchestra.run.smithi050.stderr:/usr/bin/ceph:
2023-12-25T20:07:03.414+0000 7f40a179a700 1 -- 172.21.15.50:0/3670368901 shutdown_connections
2023-12-25T20:07:03.416 INFO:teuthology.orchestra.run.smithi050.stderr:/usr/bin/ceph:
2023-12-25T20:07:03.414+0000 7f40a179a700 1 -- 172.21.15.50:0/3670368901 wait complete.
2023-12-25T20:07:03.620 INFO:journalctl@ceph.mon.smithi050.smithi050.stdout:Dec 25 20:07:03 smithi050 ceph-02c8f25c-a361-11ee-95a5-87774f69a715-mon.smithi050[111770]: cluster
2023-12-25T20:07:02.354974+0000 mon.smithi050 (mon.0) 65 : cluster [INF] Active manager daemon smithi050.nbzhun restarted
2023-12-25T20:07:03.621 INFO:journalctl@ceph.mon.smithi050.smithi050.stdout:Dec 25 20:07:03 smithi050 ceph-02c8f25c-a361-11ee-95a5-87774f69a715-mon.smithi050[111770]: cluster
2023-12-25T20:07:02.355361+0000 mon.smithi050 (mon.0) 66 : cluster [INF] Activating manager daemon smithi050.nbzhun
2023-12-25T20:07:03.621 INFO:journalctl@ceph.mon.smithi050.smithi050.stdout:Dec 25 20:07:03 smithi050 ceph-02c8f25c-a361-11ee-95a5-87774f69a715-mon.smithi050[111770]: cluster
2023-12-25T20:07:02.357020+0000 mon.smithi050 (mon.0) 67 : cluster [DBG] osdmap e3: 0 total, 0 up, 0 in
2023-12-25T20:07:03.621 INFO:journalctl@ceph.mon.smithi050.smithi050.stdout:Dec 25 20:07:03 smithi050 ceph-02c8f25c-a361-11ee-95a5-87774f69a715-mon.smithi050[111770]: cluster
2023-12-25T20:07:02.407866+0000 mon.smithi050 (mon.0) 68 : cluster [DBG] mgrmap e10: smithi050.nbzhun(active, starting, since 0.0525866s)
2023-12-25T20:07:03.621 INFO:journalctl@ceph.mon.smithi050.smithi050.stdout:Dec 25 20:07:03 smithi050 ceph-02c8f25c-a361-11ee-95a5-87774f69a715-mon.smithi050[111770]: audit
2023-12-25T20:07:02.409028+0000 mon.smithi050 (mon.0) 69 : audit [DBG] from='mgr.14142 172.21.15.50:0/4184813742' entity='mgr.smithi050.nbzhun' cmd=[{"prefix": "mon metadata", "id": "smithi050"}]: dispatch
2023-12-25T20:07:03.621 INFO:journalctl@ceph.mon.smithi050.smithi050.stdout:Dec 25 20:07:03 smithi050 ceph-02c8f25c-a361-11ee-95a5-87774f69a715-mon.smithi050[111770]: audit
2023-12-25T20:07:02.409590+0000 mon.smithi050 (mon.0) 70 : audit [DBG] from='mgr.14142 172.21.15.50:0/4184813742' entity='mgr.smithi050.nbzhun' cmd=[{"prefix": "mgr metadata", "who": "smithi050.nbzhun", "id": "smithi050.nbzhun"}]: dispatch
2023-12-25T20:07:03.621 INFO:journalctl@ceph.mon.smithi050.smithi050.stdout:Dec 25 20:07:03 smithi050 ceph-02c8f25c-a361-11ee-95a5-87774f69a715-mon.smithi050[111770]: audit
2023-12-25T20:07:02.410249+0000 mon.smithi050 (mon.0) 71 : audit [DBG] from='mgr.14142 172.21.15.50:0/4184813742' entity='mgr.smithi050.nbzhun' cmd=[{"prefix": "mds metadata"}]: dispatch
2023-12-25T20:07:03.621 INFO:journalctl@ceph.mon.smithi050.smithi050.stdout:Dec 25 20:07:03 smithi050 ceph-02c8f25c-a361-11ee-95a5-87774f69a715-mon.smithi050[111770]: audit
2023-12-25T20:07:02.410403+0000 mon.smithi050 (mon.0) 72 : audit [DBG] from='mgr.14142 172.21.15.50:0/4184813742' entity='mgr.smithi050.nbzhun' cmd=[{"prefix": "osd metadata"}]: dispatch
2023-12-25T20:07:03.621 INFO:journalctl@ceph.mon.smithi050.smithi050.stdout:Dec 25 20:07:03 smithi050 ceph-02c8f25c-a361-11ee-95a5-87774f69a715-mon.smithi050[111770]: audit
2023-12-25T20:07:02.410551+0000 mon.smithi050 (mon.0) 73 : audit [DBG] from='mgr.14142 172.21.15.50:0/4184813742' entity='mgr.smithi050.nbzhun' cmd=[{"prefix": "mon metadata"}]: dispatch
2023-12-25T20:07:03.621 INFO:journalctl@ceph.mon.smithi050.smithi050.stdout:Dec 25 20:07:03 smithi050 ceph-02c8f25c-a361-11ee-95a5-87774f69a715-mon.smithi050[111770]: cluster
2023-12-25T20:07:02.423804+0000 mon.smithi050 (mon.0) 74 : cluster [INF] Manager daemon smithi050.nbzhun is now available
2023-12-25T20:07:03.621 INFO:journalctl@ceph.mon.smithi050.smithi050.stdout:Dec 25 20:07:03 smithi050 ceph-02c8f25c-a361-11ee-95a5-87774f69a715-mon.smithi050[111770]: audit
2023-12-25T20:07:02.529040+0000 mon.smithi050 (mon.0) 75 : audit [DBG] from='mgr.14142 172.21.15.50:0/4184813742' entity='mgr.smithi050.nbzhun' cmd=[{"prefix": "config dump", "format": "json"}]: dispatch
2023-12-25T20:07:03.621 INFO:journalctl@ceph.mon.smithi050.smithi050.stdout:Dec 25 20:07:03 smithi050 ceph-02c8f25c-a361-11ee-95a5-87774f69a715-mon.smithi050[111770]: audit
2023-12-25T20:07:02.530487+0000 mon.smithi050 (mon.0) 76 : audit [DBG] from='mgr.14142 172.21.15.50:0/4184813742' entity='mgr.smithi050.nbzhun' cmd=[{"prefix": "config dump", "format": "json"}]: dispatch
2023-12-25T20:07:03.622 INFO:journalctl@ceph.mon.smithi050.smithi050.stdout:Dec 25 20:07:03 smithi050 ceph-02c8f25c-a361-11ee-95a5-87774f69a715-mon.smithi050[111770]: audit
2023-12-25T20:07:02.545857+0000 mon.smithi050 (mon.0) 77 : audit [INF] from='mgr.14142 172.21.15.50:0/4184813742' entity='mgr.smithi050.nbzhun' cmd=[{"prefix":"config rm","who":"mgr","name":"mgr/rbd_support/smithi050.nbzhun/mirror_snapshot_schedule"}]: dispatch
2023-12-25T20:07:03.622 INFO:journalctl@ceph.mon.smithi050.smithi050.stdout:Dec 25 20:07:03 smithi050 ceph-02c8f25c-a361-11ee-95a5-87774f69a715-mon.smithi050[111770]: audit
2023-12-25T20:07:02.548474+0000 mon.smithi050 (mon.0) 78 : audit [INF] from='mgr.14142 172.21.15.50:0/4184813742' entity='mgr.smithi050.nbzhun' cmd=[{"prefix":"config rm","who":"mgr","name":"mgr/rbd_support/smithi050.nbzhun/trash_purge_schedule"}]: dispatch
2023-12-25T20:07:03.796 INFO:teuthology.orchestra.run.smithi050.stderr:Deploying grafana service with default placement...
2023-12-25T20:07:03.796 INFO:teuthology.orchestra.run.smithi050.stderr:Running command: /bin/podman run --rm --ipc=host --no-hosts --net=host --entrypoint /usr/bin/ceph --init -e CONTAINER_IMAGE=docker.io/ceph/ceph:v16.2.4 -e NODE_NAME=smithi050 -e CEPH_USE_RANDOM_NONCE=1 -v /var/log/ceph/02c8f25c-a361-11ee-95a5-87774f69a715:/var/log/ceph:z -v /tmp/ceph-tmps7kf4jlu:/etc/ceph/ceph.client.admin.keyring:z -v /tmp/ceph-tmpu2g3lwcx:/etc/ceph/ceph.conf:z docker.io/ceph/ceph:v16.2.4 orch apply grafana
2023-12-25T20:07:04.310 INFO:teuthology.orchestra.run.smithi050.stderr:/usr/bin/ceph:
2023-12-25T20:07:04.303+0000 7f2351a81700 1 Processor -- start
2023-12-25T20:07:04.310 INFO:teuthology.orchestra.run.smithi050.stderr:/usr/bin/ceph:
2023-12-25T20:07:04.303+0000 7f2351a81700 1 -- start start
2023-12-25T20:07:04.310 INFO:teuthology.orchestra.run.smithi050.stderr:/usr/bin/ceph:
2023-12-25T20:07:04.303+0000 7f2351a81700 1 --2- >> [v2:172.21.15.50:3300/0,v1:172.21.15.50:6789/0] conn(0x7f234c0fa9f0 0x7f234c0fae10 unknown :-1 s=NONE pgs=0 cs=0 l=0 rev1=0 rx=0 tx=0).connect
2023-12-25T20:07:04.310 INFO:teuthology.orchestra.run.smithi050.stderr:/usr/bin/ceph:
2023-12-25T20:07:04.303+0000 7f2351a81700 1 -- --> [v2:172.21.15.50:3300/0,v1:172.21.15.50:6789/0] -- mon_getmap magic: 0 v1 -- 0x7f234c0fb300 con 0x7f234c0fa9f0
2023-12-25T20:07:04.310 INFO:teuthology.orchestra.run.smithi050.stderr:/usr/bin/ceph:
2023-12-25T20:07:04.303+0000 7f2350a7f700 1 --2- >> [v2:172.21.15.50:3300/0,v1:172.21.15.50:6789/0] conn(0x7f234c0fa9f0 0x7f234c0fae10 unknown :-1 s=BANNER_CONNECTING pgs=0 cs=0 l=0 rev1=0 rx=0 tx=0)._handle_peer_banner_payload supported=1 required=0
2023-12-25T20:07:04.311 INFO:teuthology.orchestra.run.smithi050.stderr:/usr/bin/ceph:
2023-12-25T20:07:04.303+0000 7f2350a7f700 1 --2- >> [v2:172.21.15.50:3300/0,v1:172.21.15.50:6789/0] conn(0x7f234c0fa9f0 0x7f234c0fae10 unknown :-1 s=HELLO_CONNECTING pgs=0 cs=0 l=0 rev1=1 rx=0 tx=0).handle_hello peer v2:172.21.15.50:3300/0 says I am v2:172.21.15.50:44522/0 (socket says 172.21.15.50:44522)
2023-12-25T20:07:04.311 INFO:teuthology.orchestra.run.smithi050.stderr:/usr/bin/ceph:
2023-12-25T20:07:04.303+0000 7f2350a7f700 1 -- 172.21.15.50:0/2229160513 learned_addr learned my addr 172.21.15.50:0/2229160513 (peer_addr_for_me v2:172.21.15.50:0/0)
2023-12-25T20:07:04.311 INFO:teuthology.orchestra.run.smithi050.stderr:/usr/bin/ceph:
2023-12-25T20:07:04.303+0000 7f2350a7f700 1 -- 172.21.15.50:0/2229160513 --> [v2:172.21.15.50:3300/0,v1:172.21.15.50:6789/0] -- mon_subscribe({config=0+,monmap=0+}) v3 -- 0x7f234c0fb440 con 0x7f234c0fa9f0
2023-12-25T20:07:04.311 INFO:teuthology.orchestra.run.smithi050.stderr:/usr/bin/ceph:
2023-12-25T20:07:04.304+0000 7f2350a7f700 1 --2- 172.21.15.50:0/2229160513 >> [v2:172.21.15.50:3300/0,v1:172.21.15.50:6789/0] conn(0x7f234c0fa9f0 0x7f234c0fae10 secure :-1 s=READY pgs=56 cs=0 l=1 rev1=1 rx=0x7f234000b5f0 tx=0x7f2340006ee0).ready entity=mon.0 client_cookie=b2314b8bbbeb3e71 server_cookie=0 in_seq=0 out_seq=0
2023-12-25T20:07:04.311 INFO:teuthology.orchestra.run.smithi050.stderr:/usr/bin/ceph:
2023-12-25T20:07:04.304+0000 7f234b7fe700 1 -- 172.21.15.50:0/2229160513 <== mon.0 v2:172.21.15.50:3300/0 1 ==== mon_map magic: 0 v1 ==== 229+0+0 (secure 0 0 0) 0x7f234000d600 con 0x7f234c0fa9f0
2023-12-25T20:07:04.311 INFO:teuthology.orchestra.run.smithi050.stderr:/usr/bin/ceph:
2023-12-25T20:07:04.304+0000 7f234b7fe700 1 -- 172.21.15.50:0/2229160513 <== mon.0 v2:172.21.15.50:3300/0 2 ==== config(25 keys) v1 ==== 1074+0+0 (secure 0 0 0) 0x7f234000dc10 con 0x7f234c0fa9f0
2023-12-25T20:07:04.311 INFO:teuthology.orchestra.run.smithi050.stderr:/usr/bin/ceph:
2023-12-25T20:07:04.304+0000 7f234b7fe700 1 -- 172.21.15.50:0/2229160513 <== mon.0 v2:172.21.15.50:3300/0 3 ==== mon_map magic: 0 v1 ==== 229+0+0 (secure 0 0 0) 0x7f2340011cd0 con 0x7f234c0fa9f0
2023-12-25T20:07:04.312 INFO:teuthology.orchestra.run.smithi050.stderr:/usr/bin/ceph:
2023-12-25T20:07:04.304+0000 7f2351a81700 1 -- 172.21.15.50:0/2229160513 >> [v2:172.21.15.50:3300/0,v1:172.21.15.50:6789/0] conn(0x7f234c0fa9f0 msgr2=0x7f234c0fae10 secure :-1 s=STATE_CONNECTION_ESTABLISHED l=1).mark_down
2023-12-25T20:07:04.312 INFO:teuthology.orchestra.run.smithi050.stderr:/usr/bin/ceph:
2023-12-25T20:07:04.304+0000 7f2351a81700 1 --2- 172.21.15.50:0/2229160513 >> [v2:172.21.15.50:3300/0,v1:172.21.15.50:6789/0] conn(0x7f234c0fa9f0 0x7f234c0fae10 secure :-1 s=READY pgs=56 cs=0 l=1 rev1=1 rx=0x7f234000b5f0 tx=0x7f2340006ee0).stop
2023-12-25T20:07:04.312 INFO:teuthology.orchestra.run.smithi050.stderr:/usr/bin/ceph:
2023-12-25T20:07:04.304+0000 7f2351a81700 1 -- 172.21.15.50:0/2229160513 shutdown_connections
2023-12-25T20:07:04.312 INFO:teuthology.orchestra.run.smithi050.stderr:/usr/bin/ceph:
2023-12-25T20:07:04.304+0000 7f2351a81700 1 --2- 172.21.15.50:0/2229160513 >> [v2:172.21.15.50:3300/0,v1:172.21.15.50:6789/0] conn(0x7f234c0fa9f0 0x7f234c0fae10 unknown :-1 s=CLOSED pgs=56 cs=0 l=1 rev1=1 rx=0 tx=0).stop
2023-12-25T20:07:04.312 INFO:teuthology.orchestra.run.smithi050.stderr:/usr/bin/ceph:
2023-12-25T20:07:04.304+0000 7f2351a81700 1 -- 172.21.15.50:0/2229160513 >> 172.21.15.50:0/2229160513 conn(0x7f234c0f6250 msgr2=0x7f234c0f8670 unknown :-1 s=STATE_NONE l=0).mark_down
2023-12-25T20:07:04.312 INFO:teuthology.orchestra.run.smithi050.stderr:/usr/bin/ceph:
2023-12-25T20:07:04.305+0000 7f2351a81700 1 -- 172.21.15.50:0/2229160513 shutdown_connections
2023-12-25T20:07:04.312 INFO:teuthology.orchestra.run.smithi050.stderr:/usr/bin/ceph:
2023-12-25T20:07:04.305+0000 7f2351a81700 1 -- 172.21.15.50:0/2229160513 wait complete.
2023-12-25T20:07:04.313 INFO:teuthology.orchestra.run.smithi050.stderr:/usr/bin/ceph:
2023-12-25T20:07:04.305+0000 7f2351a81700 1 Processor -- start
2023-12-25T20:07:04.313 INFO:teuthology.orchestra.run.smithi050.stderr:/usr/bin/ceph:
2023-12-25T20:07:04.305+0000 7f2351a81700 1 -- start start
2023-12-25T20:07:04.313 INFO:teuthology.orchestra.run.smithi050.stderr:/usr/bin/ceph:
2023-12-25T20:07:04.305+0000 7f2351a81700 1 --2- >> [v2:172.21.15.50:3300/0,v1:172.21.15.50:6789/0] conn(0x7f234c0fa9f0 0x7f234c10d5a0 unknown :-1 s=NONE pgs=0 cs=0 l=1 rev1=0 rx=0 tx=0).connect
2023-12-25T20:07:04.313 INFO:teuthology.orchestra.run.smithi050.stderr:/usr/bin/ceph:
2023-12-25T20:07:04.305+0000 7f2351a81700 1 -- --> [v2:172.21.15.50:3300/0,v1:172.21.15.50:6789/0] -- mon_getmap magic: 0 v1 -- 0x7f234c070520 con 0x7f234c0fa9f0
2023-12-25T20:07:04.313 INFO:teuthology.orchestra.run.smithi050.stderr:/usr/bin/ceph:
2023-12-25T20:07:04.306+0000 7f2350a7f700 1 --2- >> [v2:172.21.15.50:3300/0,v1:172.21.15.50:6789/0] conn(0x7f234c0fa9f0 0x7f234c10d5a0 unknown :-1 s=BANNER_CONNECTING pgs=0 cs=0 l=1 rev1=0 rx=0 tx=0)._handle_peer_banner_payload supported=1 required=0
2023-12-25T20:07:04.313 INFO:teuthology.orchestra.run.smithi050.stderr:/usr/bin/ceph:
2023-12-25T20:07:04.306+0000 7f2350a7f700 1 --2- >> [v2:172.21.15.50:3300/0,v1:172.21.15.50:6789/0] conn(0x7f234c0fa9f0 0x7f234c10d5a0 unknown :-1 s=HELLO_CONNECTING pgs=0 cs=0 l=1 rev1=1 rx=0 tx=0).handle_hello peer v2:172.21.15.50:3300/0 says I am v2:172.21.15.50:44528/0 (socket says 172.21.15.50:44528)
2023-12-25T20:07:04.313 INFO:teuthology.orchestra.run.smithi050.stderr:/usr/bin/ceph:
2023-12-25T20:07:04.306+0000 7f2350a7f700 1 -- 172.21.15.50:0/297641047 learned_addr learned my addr 172.21.15.50:0/297641047 (peer_addr_for_me v2:172.21.15.50:0/0)
2023-12-25T20:07:04.314 INFO:teuthology.orchestra.run.smithi050.stderr:/usr/bin/ceph:
2023-12-25T20:07:04.306+0000 7f2350a7f700 1 -- 172.21.15.50:0/297641047 --> [v2:172.21.15.50:3300/0,v1:172.21.15.50:6789/0] -- mon_subscribe({config=0+,monmap=0+}) v3 -- 0x7f234000b200 con 0x7f234c0fa9f0
2023-12-25T20:07:04.314 INFO:teuthology.orchestra.run.smithi050.stderr:/usr/bin/ceph:
2023-12-25T20:07:04.306+0000 7f2350a7f700 1 --2- 172.21.15.50:0/297641047 >> [v2:172.21.15.50:3300/0,v1:172.21.15.50:6789/0] conn(0x7f234c0fa9f0 0x7f234c10d5a0 secure :-1 s=READY pgs=57 cs=0 l=1 rev1=1 rx=0x7f2340006cb0 tx=0x7f2340006ee0).ready entity=mon.0 client_cookie=0 server_cookie=0 in_seq=0 out_seq=0
2023-12-25T20:07:04.314 INFO:teuthology.orchestra.run.smithi050.stderr:/usr/bin/ceph:
2023-12-25T20:07:04.306+0000 7f23497fa700 1 -- 172.21.15.50:0/297641047 <== mon.0 v2:172.21.15.50:3300/0 1 ==== mon_map magic: 0 v1 ==== 229+0+0 (secure 0 0 0) 0x7f2340011df0 con 0x7f234c0fa9f0
2023-12-25T20:07:04.314 INFO:teuthology.orchestra.run.smithi050.stderr:/usr/bin/ceph:
2023-12-25T20:07:04.306+0000 7f23497fa700 1 -- 172.21.15.50:0/297641047 <== mon.0 v2:172.21.15.50:3300/0 2 ==== config(25 keys) v1 ==== 1074+0+0 (secure 0 0 0) 0x7f234001b8c0 con 0x7f234c0fa9f0
2023-12-25T20:07:04.314 INFO:teuthology.orchestra.run.smithi050.stderr:/usr/bin/ceph:
2023-12-25T20:07:04.306+0000 7f2351a81700 1 -- 172.21.15.50:0/297641047 --> [v2:172.21.15.50:3300/0,v1:172.21.15.50:6789/0] -- mon_subscribe({mgrmap=0+}) v3 -- 0x7f234c070720 con 0x7f234c0fa9f0
2023-12-25T20:07:04.314 INFO:teuthology.orchestra.run.smithi050.stderr:/usr/bin/ceph:
2023-12-25T20:07:04.306+0000 7f23497fa700 1 -- 172.21.15.50:0/297641047 <== mon.0 v2:172.21.15.50:3300/0 3 ==== mon_map magic: 0 v1 ==== 229+0+0 (secure 0 0 0) 0x7f234001a930 con 0x7f234c0fa9f0
2023-12-25T20:07:04.314 INFO:teuthology.orchestra.run.smithi050.stderr:/usr/bin/ceph:
2023-12-25T20:07:04.306+0000 7f2351a81700 1 -- 172.21.15.50:0/297641047 --> [v2:172.21.15.50:3300/0,v1:172.21.15.50:6789/0] -- mon_subscribe({osdmap=0}) v3 -- 0x7f234c10dc50 con 0x7f234c0fa9f0
2023-12-25T20:07:04.315 INFO:teuthology.orchestra.run.smithi050.stderr:/usr/bin/ceph:
2023-12-25T20:07:04.307+0000 7f23497fa700 1 -- 172.21.15.50:0/297641047 <== mon.0 v2:172.21.15.50:3300/0 4 ==== mgrmap(e 11) v1 ==== 36054+0+0 (secure 0 0 0) 0x7f234000f070 con 0x7f234c0fa9f0
2023-12-25T20:07:04.315 INFO:teuthology.orchestra.run.smithi050.stderr:/usr/bin/ceph:
2023-12-25T20:07:04.307+0000 7f23497fa700 1 --2- 172.21.15.50:0/297641047 >> [v2:172.21.15.50:6800/2637522512,v1:172.21.15.50:6801/2637522512] conn(0x7f233002fd70 0x7f2330032230 unknown :-1 s=NONE pgs=0 cs=0 l=1 rev1=0 rx=0 tx=0).connect
2023-12-25T20:07:04.315 INFO:teuthology.orchestra.run.smithi050.stderr:/usr/bin/ceph:
2023-12-25T20:07:04.307+0000 7f23497fa700 1 -- 172.21.15.50:0/297641047 <== mon.0 v2:172.21.15.50:3300/0 5 ==== osd_map(3..3 src has 1..3) v4 ==== 1098+0+0 (secure 0 0 0) 0x7f2340040de0 con 0x7f234c0fa9f0
2023-12-25T20:07:04.315 INFO:teuthology.orchestra.run.smithi050.stderr:/usr/bin/ceph:
2023-12-25T20:07:04.307+0000 7f2351a81700 1 -- 172.21.15.50:0/297641047 --> [v2:172.21.15.50:3300/0,v1:172.21.15.50:6789/0] -- mon_command({"prefix": "get_command_descriptions"} v 0) v1 -- 0x7f234c045ad0 con 0x7f234c0fa9f0
2023-12-25T20:07:04.315 INFO:teuthology.orchestra.run.smithi050.stderr:/usr/bin/ceph:
2023-12-25T20:07:04.307+0000 7f234bfff700 1 --2- 172.21.15.50:0/297641047 >> [v2:172.21.15.50:6800/2637522512,v1:172.21.15.50:6801/2637522512] conn(0x7f233002fd70 0x7f2330032230 unknown :-1 s=BANNER_CONNECTING pgs=0 cs=0 l=1 rev1=0 rx=0 tx=0)._handle_peer_banner_payload supported=1 required=0
2023-12-25T20:07:04.315 INFO:teuthology.orchestra.run.smithi050.stderr:/usr/bin/ceph:
2023-12-25T20:07:04.308+0000 7f234bfff700 1 --2- 172.21.15.50:0/297641047 >> [v2:172.21.15.50:6800/2637522512,v1:172.21.15.50:6801/2637522512] conn(0x7f233002fd70 0x7f2330032230 secure :-1 s=READY pgs=6 cs=0 l=1 rev1=1 rx=0x7f23380096a0 tx=0x7f2338006b40).ready entity=mgr.14142 client_cookie=0 server_cookie=0 in_seq=0 out_seq=0
2023-12-25T20:07:04.316 INFO:teuthology.orchestra.run.smithi050.stderr:/usr/bin/ceph:
2023-12-25T20:07:04.312+0000 7f23497fa700 1 -- 172.21.15.50:0/297641047 <== mon.0 v2:172.21.15.50:3300/0 6 ==== mon_command_ack([{"prefix": "get_command_descriptions"}]=0 v0) v1 ==== 72+0+152212 (secure 0 0 0) 0x7f2340024410 con 0x7f234c0fa9f0
2023-12-25T20:07:04.514 INFO:teuthology.orchestra.run.smithi050.stderr:/usr/bin/ceph:
2023-12-25T20:07:04.513+0000 7f2351a81700 1 -- 172.21.15.50:0/297641047 --> [v2:172.21.15.50:6800/2637522512,v1:172.21.15.50:6801/2637522512] -- mgr_command(tid 0: {"prefix": "orch apply", "service_type": "grafana", "target": ["mon-mgr", ""]}) v1 -- 0x7f234c057f10 con 0x7f233002fd70
2023-12-25T20:07:04.517 INFO:teuthology.orchestra.run.smithi050.stderr:/usr/bin/ceph:
2023-12-25T20:07:04.517+0000 7f23497fa700 1 -- 172.21.15.50:0/297641047 <== mgr.14142 v2:172.21.15.50:6800/2637522512 1 ==== mgr_command_reply(tid 0: 0 ) v1 ==== 8+0+28 (secure 0 0 0) 0x7f234c057f10 con 0x7f233002fd70
2023-12-25T20:07:04.517 INFO:teuthology.orchestra.run.smithi050.stderr:/usr/bin/ceph: Scheduled grafana update...
2023-12-25T20:07:04.520 INFO:teuthology.orchestra.run.smithi050.stderr:/usr/bin/ceph:
2023-12-25T20:07:04.518+0000 7f2351a81700 1 -- 172.21.15.50:0/297641047 >> [v2:172.21.15.50:6800/2637522512,v1:172.21.15.50:6801/2637522512] conn(0x7f233002fd70 msgr2=0x7f2330032230 secure :-1 s=STATE_CONNECTION_ESTABLISHED l=1).mark_down
2023-12-25T20:07:04.520 INFO:teuthology.orchestra.run.smithi050.stderr:/usr/bin/ceph:
2023-12-25T20:07:04.518+0000 7f2351a81700 1 --2- 172.21.15.50:0/297641047 >> [v2:172.21.15.50:6800/2637522512,v1:172.21.15.50:6801/2637522512] conn(0x7f233002fd70 0x7f2330032230 secure :-1 s=READY pgs=6 cs=0 l=1 rev1=1 rx=0x7f23380096a0 tx=0x7f2338006b40).stop
2023-12-25T20:07:04.520 INFO:teuthology.orchestra.run.smithi050.stderr:/usr/bin/ceph:
2023-12-25T20:07:04.518+0000 7f2351a81700 1 -- 172.21.15.50:0/297641047 >> [v2:172.21.15.50:3300/0,v1:172.21.15.50:6789/0] conn(0x7f234c0fa9f0 msgr2=0x7f234c10d5a0 secure :-1 s=STATE_CONNECTION_ESTABLISHED l=1).mark_down
2023-12-25T20:07:04.520 INFO:teuthology.orchestra.run.smithi050.stderr:/usr/bin/ceph:
2023-12-25T20:07:04.518+0000 7f2351a81700 1 --2- 172.21.15.50:0/297641047 >> [v2:172.21.15.50:3300/0,v1:172.21.15.50:6789/0] conn(0x7f234c0fa9f0 0x7f234c10d5a0 secure :-1 s=READY pgs=57 cs=0 l=1 rev1=1 rx=0x7f2340006cb0 tx=0x7f2340006ee0).stop
2023-12-25T20:07:04.520 INFO:teuthology.orchestra.run.smithi050.stderr:/usr/bin/ceph:
2023-12-25T20:07:04.518+0000 7f2351a81700 1 -- 172.21.15.50:0/297641047 shutdown_connections
2023-12-25T20:07:04.520 INFO:teuthology.orchestra.run.smithi050.stderr:/usr/bin/ceph:
2023-12-25T20:07:04.518+0000 7f2351a81700 1 --2- 172.21.15.50:0/297641047 >> [v2:172.21.15.50:6800/2637522512,v1:172.21.15.50:6801/2637522512] conn(0x7f233002fd70 0x7f2330032230 unknown :-1 s=CLOSED pgs=6 cs=0 l=1 rev1=1 rx=0 tx=0).stop
2023-12-25T20:07:04.520 INFO:teuthology.orchestra.run.smithi050.stderr:/usr/bin/ceph:
2023-12-25T20:07:04.518+0000 7f2351a81700 1 --2- 172.21.15.50:0/297641047 >> [v2:172.21.15.50:3300/0,v1:172.21.15.50:6789/0] conn(0x7f234c0fa9f0 0x7f234c10d5a0 unknown :-1 s=CLOSED pgs=57 cs=0 l=1 rev1=1 rx=0 tx=0).stop
2023-12-25T20:07:04.520 INFO:teuthology.orchestra.run.smithi050.stderr:/usr/bin/ceph:
2023-12-25T20:07:04.518+0000 7f2351a81700 1 -- 172.21.15.50:0/297641047 >> 172.21.15.50:0/297641047 conn(0x7f234c0f6250 msgr2=0x7f234c0f7d10 unknown :-1 s=STATE_NONE l=0).mark_down
2023-12-25T20:07:04.520 INFO:teuthology.orchestra.run.smithi050.stderr:/usr/bin/ceph:
2023-12-25T20:07:04.519+0000 7f2351a81700 1 -- 172.21.15.50:0/297641047 shutdown_connections
2023-12-25T20:07:04.521 INFO:teuthology.orchestra.run.smithi050.stderr:/usr/bin/ceph:
2023-12-25T20:07:04.519+0000 7f2351a81700 1 -- 172.21.15.50:0/297641047 wait complete.
2023-12-25T20:07:04.719 INFO:journalctl@ceph.mon.smithi050.smithi050.stdout:Dec 25 20:07:04 smithi050 ceph-02c8f25c-a361-11ee-95a5-87774f69a715-mon.smithi050[111770]: cluster
2023-12-25T20:07:03.409566+0000 mon.smithi050 (mon.0) 79 : cluster [DBG] mgrmap e11: smithi050.nbzhun(active, since 1.05429s)
2023-12-25T20:07:04.719 INFO:journalctl@ceph.mon.smithi050.smithi050.stdout:Dec 25 20:07:04 smithi050 ceph-02c8f25c-a361-11ee-95a5-87774f69a715-mon.smithi050[111770]: cephadm
2023-12-25T20:07:03.410972+0000 mgr.smithi050.nbzhun (mgr.14142) 2 : cephadm [INF] Saving service prometheus spec with placement count:1
2023-12-25T20:07:04.719 INFO:journalctl@ceph.mon.smithi050.smithi050.stdout:Dec 25 20:07:04 smithi050 ceph-02c8f25c-a361-11ee-95a5-87774f69a715-mon.smithi050[111770]: audit
2023-12-25T20:07:03.412920+0000 mon.smithi050 (mon.0) 80 : audit [INF] from='mgr.14142 172.21.15.50:0/4184813742' entity='mgr.smithi050.nbzhun'
2023-12-25T20:07:04.719 INFO:journalctl@ceph.mon.smithi050.smithi050.stdout:Dec 25 20:07:04 smithi050 ceph-02c8f25c-a361-11ee-95a5-87774f69a715-mon.smithi050[111770]: audit
2023-12-25T20:07:03.845017+0000 mon.smithi050 (mon.0) 81 : audit [INF] from='mgr.14142 172.21.15.50:0/4184813742' entity='mgr.smithi050.nbzhun'
2023-12-25T20:07:05.047 INFO:teuthology.orchestra.run.smithi050.stderr:Deploying node-exporter service with default placement...
2023-12-25T20:07:05.047 INFO:teuthology.orchestra.run.smithi050.stderr:Running command: /bin/podman run --rm --ipc=host --no-hosts --net=host --entrypoint /usr/bin/ceph --init -e CONTAINER_IMAGE=docker.io/ceph/ceph:v16.2.4 -e NODE_NAME=smithi050 -e CEPH_USE_RANDOM_NONCE=1 -v /var/log/ceph/02c8f25c-a361-11ee-95a5-87774f69a715:/var/log/ceph:z -v /tmp/ceph-tmps7kf4jlu:/etc/ceph/ceph.client.admin.keyring:z -v /tmp/ceph-tmpu2g3lwcx:/etc/ceph/ceph.conf:z docker.io/ceph/ceph:v16.2.4 orch apply node-exporter
2023-12-25T20:07:05.458 INFO:teuthology.orchestra.run.smithi050.stderr:/usr/bin/ceph:
2023-12-25T20:07:05.455+0000 7f8d9bfff700 1 Processor -- start
2023-12-25T20:07:05.458 INFO:teuthology.orchestra.run.smithi050.stderr:/usr/bin/ceph:
2023-12-25T20:07:05.455+0000 7f8d9bfff700 1 -- start start
2023-12-25T20:07:05.458 INFO:teuthology.orchestra.run.smithi050.stderr:/usr/bin/ceph:
2023-12-25T20:07:05.455+0000 7f8d9bfff700 1 --2- >> [v2:172.21.15.50:3300/0,v1:172.21.15.50:6789/0] conn(0x7f8d9c070430 0x7f8d9c0fe730 unknown :-1 s=NONE pgs=0 cs=0 l=0 rev1=0 rx=0 tx=0).connect
2023-12-25T20:07:05.458 INFO:teuthology.orchestra.run.smithi050.stderr:/usr/bin/ceph:
2023-12-25T20:07:05.455+0000 7f8d9bfff700 1 -- --> [v2:172.21.15.50:3300/0,v1:172.21.15.50:6789/0] -- mon_getmap magic: 0 v1 -- 0x7f8d9c0fec20 con 0x7f8d9c070430
2023-12-25T20:07:05.458 INFO:teuthology.orchestra.run.smithi050.stderr:/usr/bin/ceph:
2023-12-25T20:07:05.455+0000 7f8d9affd700 1 --2- >> [v2:172.21.15.50:3300/0,v1:172.21.15.50:6789/0] conn(0x7f8d9c070430 0x7f8d9c0fe730 unknown :-1 s=BANNER_CONNECTING pgs=0 cs=0 l=0 rev1=0 rx=0 tx=0)._handle_peer_banner_payload supported=1 required=0
2023-12-25T20:07:05.458 INFO:teuthology.orchestra.run.smithi050.stderr:/usr/bin/ceph:
2023-12-25T20:07:05.455+0000 7f8d9affd700 1 --2- >> [v2:172.21.15.50:3300/0,v1:172.21.15.50:6789/0] conn(0x7f8d9c070430 0x7f8d9c0fe730 unknown :-1 s=HELLO_CONNECTING pgs=0 cs=0 l=0 rev1=1 rx=0 tx=0).handle_hello peer v2:172.21.15.50:3300/0 says I am v2:172.21.15.50:44544/0 (socket says 172.21.15.50:44544)
2023-12-25T20:07:05.458 INFO:teuthology.orchestra.run.smithi050.stderr:/usr/bin/ceph:
2023-12-25T20:07:05.455+0000 7f8d9affd700 1 -- 172.21.15.50:0/1263773522 learned_addr learned my addr 172.21.15.50:0/1263773522 (peer_addr_for_me v2:172.21.15.50:0/0)
2023-12-25T20:07:05.458 INFO:teuthology.orchestra.run.smithi050.stderr:/usr/bin/ceph:
2023-12-25T20:07:05.456+0000 7f8d9affd700 1 -- 172.21.15.50:0/1263773522 --> [v2:172.21.15.50:3300/0,v1:172.21.15.50:6789/0] -- mon_subscribe({config=0+,monmap=0+}) v3 -- 0x7f8d9c0fed60 con 0x7f8d9c070430
2023-12-25T20:07:05.458 INFO:teuthology.orchestra.run.smithi050.stderr:/usr/bin/ceph:
2023-12-25T20:07:05.456+0000 7f8d9affd700 1 --2- 172.21.15.50:0/1263773522 >> [v2:172.21.15.50:3300/0,v1:172.21.15.50:6789/0] conn(0x7f8d9c070430 0x7f8d9c0fe730 secure :-1 s=READY pgs=58 cs=0 l=1 rev1=1 rx=0x7f8d8c00b5f0 tx=0x7f8d8c006ee0).ready entity=mon.0 client_cookie=55f15c7dda1a952d server_cookie=0 in_seq=0 out_seq=0
2023-12-25T20:07:05.458 INFO:teuthology.orchestra.run.smithi050.stderr:/usr/bin/ceph:
