2023-12-25T20:06:34.044+0000 7f2666ffd700 1 -- 172.21.15.50:0/2555542931 <== mon.0 v2:172.21.15.50:3300/0 4 ==== mgrmap(e 3) v1 ==== 36029+0+0 (secure 0 0 0) 0x7f266c00f070 con 0x7f2678070390
2023-12-25T20:06:34.047 INFO:teuthology.orchestra.run.smithi050.stderr:/usr/bin/ceph:
2023-12-25T20:06:34.045+0000 7f2666ffd700 1 --2- 172.21.15.50:0/2555542931 >> [v2:172.21.15.50:6800/1929648594,v1:172.21.15.50:6801/1929648594] conn(0x7f265c02fc50 0x7f265c032110 unknown :-1 s=NONE pgs=0 cs=0 l=1 rev1=0 rx=0 tx=0).connect
2023-12-25T20:06:34.047 INFO:teuthology.orchestra.run.smithi050.stderr:/usr/bin/ceph:
2023-12-25T20:06:34.045+0000 7f2666ffd700 1 -- 172.21.15.50:0/2555542931 <== mon.0 v2:172.21.15.50:3300/0 5 ==== osd_map(1..1 src has 1..1) v4 ==== 754+0+0 (secure 0 0 0) 0x7f266c041070 con 0x7f2678070390
2023-12-25T20:06:34.047 INFO:teuthology.orchestra.run.smithi050.stderr:/usr/bin/ceph:
2023-12-25T20:06:34.045+0000 7f2675d9b700 1 --2- 172.21.15.50:0/2555542931 >> [v2:172.21.15.50:6800/1929648594,v1:172.21.15.50:6801/1929648594] conn(0x7f265c02fc50 0x7f265c032110 unknown :-1 s=BANNER_CONNECTING pgs=0 cs=0 l=1 rev1=0 rx=0 tx=0)._handle_peer_banner_payload supported=1 required=0
2023-12-25T20:06:34.047 INFO:teuthology.orchestra.run.smithi050.stderr:/usr/bin/ceph:
2023-12-25T20:06:34.045+0000 7f2675d9b700 1 --2- 172.21.15.50:0/2555542931 >> [v2:172.21.15.50:6800/1929648594,v1:172.21.15.50:6801/1929648594] conn(0x7f265c02fc50 0x7f265c032110 secure :-1 s=READY pgs=6 cs=0 l=1 rev1=1 rx=0x7f26680096a0 tx=0x7f2668006b40).ready entity=mgr.14100 client_cookie=0 server_cookie=0 in_seq=0 out_seq=0
2023-12-25T20:06:34.047 INFO:teuthology.orchestra.run.smithi050.stderr:/usr/bin/ceph:
2023-12-25T20:06:34.045+0000 7f267c83a700 1 -- 172.21.15.50:0/2555542931 --> [v2:172.21.15.50:3300/0,v1:172.21.15.50:6789/0] -- mon_command({"prefix": "get_command_descriptions"} v 0) v1 -- 0x7f2678059100 con 0x7f2678070390
2023-12-25T20:06:34.049 INFO:teuthology.orchestra.run.smithi050.stderr:/usr/bin/ceph:
2023-12-25T20:06:34.050+0000 7f2666ffd700 1 -- 172.21.15.50:0/2555542931 <== mon.0 v2:172.21.15.50:3300/0 6 ==== mon_command_ack([{"prefix": "get_command_descriptions"}]=0 v0) v1 ==== 72+0+152212 (secure 0 0 0) 0x7f266c016070 con 0x7f2678070390
2023-12-25T20:06:34.245 INFO:teuthology.orchestra.run.smithi050.stderr:/usr/bin/ceph:
2023-12-25T20:06:34.245+0000 7f267c83a700 1 -- 172.21.15.50:0/2555542931 --> [v2:172.21.15.50:3300/0,v1:172.21.15.50:6789/0] -- mon_command({"prefix": "mgr module enable", "module": "cephadm"} v 0) v1 -- 0x7f2678045ad0 con 0x7f2678070390
2023-12-25T20:06:34.323 INFO:teuthology.orchestra.run.smithi050.stderr:/usr/bin/ceph:
2023-12-25T20:06:34.324+0000 7f2666ffd700 1 -- 172.21.15.50:0/2555542931 <== mon.0 v2:172.21.15.50:3300/0 7 ==== mgrmap(e 4) v1 ==== 36040+0+0 (secure 0 0 0) 0x7f266c01b570 con 0x7f2678070390
2023-12-25T20:06:34.324 INFO:teuthology.orchestra.run.smithi050.stderr:/usr/bin/ceph:
2023-12-25T20:06:34.325+0000 7f2666ffd700 1 -- 172.21.15.50:0/2555542931 <== mon.0 v2:172.21.15.50:3300/0 8 ==== mon_command_ack([{"prefix": "mgr module enable", "module": "cephadm"}]=0 v4) v1 ==== 86+0+0 (secure 0 0 0) 0x7f266c02fe10 con 0x7f2678070390
2023-12-25T20:06:34.327 INFO:teuthology.orchestra.run.smithi050.stderr:/usr/bin/ceph:
2023-12-25T20:06:34.326+0000 7f267c83a700 1 -- 172.21.15.50:0/2555542931 >> [v2:172.21.15.50:6800/1929648594,v1:172.21.15.50:6801/1929648594] conn(0x7f265c02fc50 msgr2=0x7f265c032110 secure :-1 s=STATE_CONNECTION_ESTABLISHED l=1).mark_down
2023-12-25T20:06:34.327 INFO:teuthology.orchestra.run.smithi050.stderr:/usr/bin/ceph:
2023-12-25T20:06:34.326+0000 7f267c83a700 1 --2- 172.21.15.50:0/2555542931 >> [v2:172.21.15.50:6800/1929648594,v1:172.21.15.50:6801/1929648594] conn(0x7f265c02fc50 0x7f265c032110 secure :-1 s=READY pgs=6 cs=0 l=1 rev1=1 rx=0x7f26680096a0 tx=0x7f2668006b40).stop
2023-12-25T20:06:34.327 INFO:teuthology.orchestra.run.smithi050.stderr:/usr/bin/ceph:
2023-12-25T20:06:34.326+0000 7f267c83a700 1 -- 172.21.15.50:0/2555542931 >> [v2:172.21.15.50:3300/0,v1:172.21.15.50:6789/0] conn(0x7f2678070390 msgr2=0x7f267810cc00 secure :-1 s=STATE_CONNECTION_ESTABLISHED l=1).mark_down
2023-12-25T20:06:34.327 INFO:teuthology.orchestra.run.smithi050.stderr:/usr/bin/ceph:
2023-12-25T20:06:34.326+0000 7f267c83a700 1 --2- 172.21.15.50:0/2555542931 >> [v2:172.21.15.50:3300/0,v1:172.21.15.50:6789/0] conn(0x7f2678070390 0x7f267810cc00 secure :-1 s=READY pgs=17 cs=0 l=1 rev1=1 rx=0x7f266c00b190 tx=0x7f266c006ee0).stop
2023-12-25T20:06:34.327 INFO:teuthology.orchestra.run.smithi050.stderr:/usr/bin/ceph:
2023-12-25T20:06:34.326+0000 7f267c83a700 1 -- 172.21.15.50:0/2555542931 shutdown_connections
2023-12-25T20:06:34.327 INFO:teuthology.orchestra.run.smithi050.stderr:/usr/bin/ceph:
2023-12-25T20:06:34.326+0000 7f267c83a700 1 --2- 172.21.15.50:0/2555542931 >> [v2:172.21.15.50:6800/1929648594,v1:172.21.15.50:6801/1929648594] conn(0x7f265c02fc50 0x7f265c032110 unknown :-1 s=CLOSED pgs=6 cs=0 l=1 rev1=1 rx=0 tx=0).stop
2023-12-25T20:06:34.327 INFO:teuthology.orchestra.run.smithi050.stderr:/usr/bin/ceph:
2023-12-25T20:06:34.326+0000 7f267c83a700 1 --2- 172.21.15.50:0/2555542931 >> [v2:172.21.15.50:3300/0,v1:172.21.15.50:6789/0] conn(0x7f2678070390 0x7f267810cc00 unknown :-1 s=CLOSED pgs=17 cs=0 l=1 rev1=1 rx=0 tx=0).stop
2023-12-25T20:06:34.327 INFO:teuthology.orchestra.run.smithi050.stderr:/usr/bin/ceph:
2023-12-25T20:06:34.326+0000 7f267c83a700 1 -- 172.21.15.50:0/2555542931 >> 172.21.15.50:0/2555542931 conn(0x7f26780f63c0 msgr2=0x7f26780f7ed0 unknown :-1 s=STATE_NONE l=0).mark_down
2023-12-25T20:06:34.327 INFO:teuthology.orchestra.run.smithi050.stderr:/usr/bin/ceph:
2023-12-25T20:06:34.327+0000 7f267c83a700 1 -- 172.21.15.50:0/2555542931 shutdown_connections
2023-12-25T20:06:34.327 INFO:teuthology.orchestra.run.smithi050.stderr:/usr/bin/ceph:
2023-12-25T20:06:34.327+0000 7f267c83a700 1 -- 172.21.15.50:0/2555542931 wait complete.
2023-12-25T20:06:34.574 INFO:journalctl@ceph.mon.smithi050.smithi050.stdout:Dec 25 20:06:34 smithi050 ceph-02c8f25c-a361-11ee-95a5-87774f69a715-mon.smithi050[111770]: cluster
2023-12-25T20:06:33.324951+0000 mon.smithi050 (mon.0) 22 : cluster [DBG] mgrmap e3: smithi050.nbzhun(active, since 1.00581s)
2023-12-25T20:06:34.575 INFO:journalctl@ceph.mon.smithi050.smithi050.stdout:Dec 25 20:06:34 smithi050 ceph-02c8f25c-a361-11ee-95a5-87774f69a715-mon.smithi050[111770]: audit
2023-12-25T20:06:33.352360+0000 mon.smithi050 (mon.0) 23 : audit [DBG] from='client.? 172.21.15.50:0/1232248913' entity='client.admin' cmd=[{"prefix": "status", "format": "json-pretty"}]: dispatch
2023-12-25T20:06:34.575 INFO:journalctl@ceph.mon.smithi050.smithi050.stdout:Dec 25 20:06:34 smithi050 ceph-02c8f25c-a361-11ee-95a5-87774f69a715-mon.smithi050[111770]: audit
2023-12-25T20:06:34.246150+0000 mon.smithi050 (mon.0) 24 : audit [INF] from='client.? 172.21.15.50:0/2555542931' entity='client.admin' cmd=[{"prefix": "mgr module enable", "module": "cephadm"}]: dispatch
2023-12-25T20:06:34.742 INFO:teuthology.orchestra.run.smithi050.stderr:Running command: /bin/podman run --rm --ipc=host --no-hosts --net=host --entrypoint /usr/bin/ceph --init -e CONTAINER_IMAGE=docker.io/ceph/ceph:v16.2.4 -e NODE_NAME=smithi050 -e CEPH_USE_RANDOM_NONCE=1 -v /var/log/ceph/02c8f25c-a361-11ee-95a5-87774f69a715:/var/log/ceph:z -v /tmp/ceph-tmps7kf4jlu:/etc/ceph/ceph.client.admin.keyring:z -v /tmp/ceph-tmpu2g3lwcx:/etc/ceph/ceph.conf:z docker.io/ceph/ceph:v16.2.4 mgr stat
2023-12-25T20:06:35.135 INFO:teuthology.orchestra.run.smithi050.stderr:/usr/bin/ceph:
2023-12-25T20:06:35.134+0000 7fe5216e0700 1 Processor -- start
2023-12-25T20:06:35.136 INFO:teuthology.orchestra.run.smithi050.stderr:/usr/bin/ceph:
2023-12-25T20:06:35.134+0000 7fe5216e0700 1 -- start start
2023-12-25T20:06:35.136 INFO:teuthology.orchestra.run.smithi050.stderr:/usr/bin/ceph:
2023-12-25T20:06:35.134+0000 7fe5216e0700 1 --2- >> [v2:172.21.15.50:3300/0,v1:172.21.15.50:6789/0] conn(0x7fe51c0fd2b0 0x7fe51c0fd6d0 unknown :-1 s=NONE pgs=0 cs=0 l=0 rev1=0 rx=0 tx=0).connect
2023-12-25T20:06:35.136 INFO:teuthology.orchestra.run.smithi050.stderr:/usr/bin/ceph:
2023-12-25T20:06:35.134+0000 7fe5216e0700 1 -- --> [v2:172.21.15.50:3300/0,v1:172.21.15.50:6789/0] -- mon_getmap magic: 0 v1 -- 0x7fe51c0fdbc0 con 0x7fe51c0fd2b0
2023-12-25T20:06:35.136 INFO:teuthology.orchestra.run.smithi050.stderr:/usr/bin/ceph:
2023-12-25T20:06:35.135+0000 7fe51affd700 1 --2- >> [v2:172.21.15.50:3300/0,v1:172.21.15.50:6789/0] conn(0x7fe51c0fd2b0 0x7fe51c0fd6d0 unknown :-1 s=BANNER_CONNECTING pgs=0 cs=0 l=0 rev1=0 rx=0 tx=0)._handle_peer_banner_payload supported=1 required=0
2023-12-25T20:06:35.136 INFO:teuthology.orchestra.run.smithi050.stderr:/usr/bin/ceph:
2023-12-25T20:06:35.135+0000 7fe51affd700 1 --2- >> [v2:172.21.15.50:3300/0,v1:172.21.15.50:6789/0] conn(0x7fe51c0fd2b0 0x7fe51c0fd6d0 unknown :-1 s=HELLO_CONNECTING pgs=0 cs=0 l=0 rev1=1 rx=0 tx=0).handle_hello peer v2:172.21.15.50:3300/0 says I am v2:172.21.15.50:44078/0 (socket says 172.21.15.50:44078)
2023-12-25T20:06:35.136 INFO:teuthology.orchestra.run.smithi050.stderr:/usr/bin/ceph:
2023-12-25T20:06:35.135+0000 7fe51affd700 1 -- 172.21.15.50:0/3377718698 learned_addr learned my addr 172.21.15.50:0/3377718698 (peer_addr_for_me v2:172.21.15.50:0/0)
2023-12-25T20:06:35.136 INFO:teuthology.orchestra.run.smithi050.stderr:/usr/bin/ceph:
2023-12-25T20:06:35.135+0000 7fe51affd700 1 -- 172.21.15.50:0/3377718698 --> [v2:172.21.15.50:3300/0,v1:172.21.15.50:6789/0] -- mon_subscribe({config=0+,monmap=0+}) v3 -- 0x7fe51c0fdd00 con 0x7fe51c0fd2b0
2023-12-25T20:06:35.136 INFO:teuthology.orchestra.run.smithi050.stderr:/usr/bin/ceph:
2023-12-25T20:06:35.135+0000 7fe51affd700 1 --2- 172.21.15.50:0/3377718698 >> [v2:172.21.15.50:3300/0,v1:172.21.15.50:6789/0] conn(0x7fe51c0fd2b0 0x7fe51c0fd6d0 secure :-1 s=READY pgs=20 cs=0 l=1 rev1=1 rx=0x7fe50c00b5f0 tx=0x7fe50c006ee0).ready entity=mon.0 client_cookie=c40e6ac50cd1058a server_cookie=0 in_seq=0 out_seq=0
2023-12-25T20:06:35.136 INFO:teuthology.orchestra.run.smithi050.stderr:/usr/bin/ceph:
2023-12-25T20:06:35.135+0000 7fe519ffb700 1 -- 172.21.15.50:0/3377718698 <== mon.0 v2:172.21.15.50:3300/0 1 ==== mon_map magic: 0 v1 ==== 229+0+0 (secure 0 0 0) 0x7fe50c00d600 con 0x7fe51c0fd2b0
2023-12-25T20:06:35.136 INFO:teuthology.orchestra.run.smithi050.stderr:/usr/bin/ceph:
2023-12-25T20:06:35.135+0000 7fe519ffb700 1 -- 172.21.15.50:0/3377718698 <== mon.0 v2:172.21.15.50:3300/0 2 ==== config(25 keys) v1 ==== 1010+0+0 (secure 0 0 0) 0x7fe50c00dbd0 con 0x7fe51c0fd2b0
2023-12-25T20:06:35.136 INFO:teuthology.orchestra.run.smithi050.stderr:/usr/bin/ceph:
2023-12-25T20:06:35.135+0000 7fe519ffb700 1 -- 172.21.15.50:0/3377718698 <== mon.0 v2:172.21.15.50:3300/0 3 ==== mon_map magic: 0 v1 ==== 229+0+0 (secure 0 0 0) 0x7fe50c011c00 con 0x7fe51c0fd2b0
2023-12-25T20:06:35.136 INFO:teuthology.orchestra.run.smithi050.stderr:/usr/bin/ceph:
2023-12-25T20:06:35.136+0000 7fe5216e0700 1 -- 172.21.15.50:0/3377718698 >> [v2:172.21.15.50:3300/0,v1:172.21.15.50:6789/0] conn(0x7fe51c0fd2b0 msgr2=0x7fe51c0fd6d0 secure :-1 s=STATE_CONNECTION_ESTABLISHED l=1).mark_down
2023-12-25T20:06:35.136 INFO:teuthology.orchestra.run.smithi050.stderr:/usr/bin/ceph:
2023-12-25T20:06:35.136+0000 7fe5216e0700 1 --2- 172.21.15.50:0/3377718698 >> [v2:172.21.15.50:3300/0,v1:172.21.15.50:6789/0] conn(0x7fe51c0fd2b0 0x7fe51c0fd6d0 secure :-1 s=READY pgs=20 cs=0 l=1 rev1=1 rx=0x7fe50c00b5f0 tx=0x7fe50c006ee0).stop
2023-12-25T20:06:35.139 INFO:teuthology.orchestra.run.smithi050.stderr:/usr/bin/ceph:
2023-12-25T20:06:35.136+0000 7fe5216e0700 1 -- 172.21.15.50:0/3377718698 shutdown_connections
2023-12-25T20:06:35.139 INFO:teuthology.orchestra.run.smithi050.stderr:/usr/bin/ceph:
2023-12-25T20:06:35.136+0000 7fe5216e0700 1 --2- 172.21.15.50:0/3377718698 >> [v2:172.21.15.50:3300/0,v1:172.21.15.50:6789/0] conn(0x7fe51c0fd2b0 0x7fe51c0fd6d0 unknown :-1 s=CLOSED pgs=20 cs=0 l=1 rev1=1 rx=0 tx=0).stop
2023-12-25T20:06:35.139 INFO:teuthology.orchestra.run.smithi050.stderr:/usr/bin/ceph:
2023-12-25T20:06:35.136+0000 7fe5216e0700 1 -- 172.21.15.50:0/3377718698 >> 172.21.15.50:0/3377718698 conn(0x7fe51c0f5b10 msgr2=0x7fe51c0f7f30 unknown :-1 s=STATE_NONE l=0).mark_down
2023-12-25T20:06:35.139 INFO:teuthology.orchestra.run.smithi050.stderr:/usr/bin/ceph:
2023-12-25T20:06:35.136+0000 7fe5216e0700 1 -- 172.21.15.50:0/3377718698 shutdown_connections
2023-12-25T20:06:35.139 INFO:teuthology.orchestra.run.smithi050.stderr:/usr/bin/ceph:
2023-12-25T20:06:35.136+0000 7fe5216e0700 1 -- 172.21.15.50:0/3377718698 wait complete.
2023-12-25T20:06:35.139 INFO:teuthology.orchestra.run.smithi050.stderr:/usr/bin/ceph:
2023-12-25T20:06:35.137+0000 7fe5216e0700 1 Processor -- start
2023-12-25T20:06:35.139 INFO:teuthology.orchestra.run.smithi050.stderr:/usr/bin/ceph:
2023-12-25T20:06:35.137+0000 7fe5216e0700 1 -- start start
2023-12-25T20:06:35.140 INFO:teuthology.orchestra.run.smithi050.stderr:/usr/bin/ceph:
2023-12-25T20:06:35.137+0000 7fe5216e0700 1 --2- >> [v2:172.21.15.50:3300/0,v1:172.21.15.50:6789/0] conn(0x7fe51c0fd2b0 0x7fe51c10cc10 unknown :-1 s=NONE pgs=0 cs=0 l=1 rev1=0 rx=0 tx=0).connect
2023-12-25T20:06:35.140 INFO:teuthology.orchestra.run.smithi050.stderr:/usr/bin/ceph:
2023-12-25T20:06:35.137+0000 7fe5216e0700 1 -- --> [v2:172.21.15.50:3300/0,v1:172.21.15.50:6789/0] -- mon_getmap magic: 0 v1 -- 0x7fe51c10d100 con 0x7fe51c0fd2b0
2023-12-25T20:06:35.140 INFO:teuthology.orchestra.run.smithi050.stderr:/usr/bin/ceph:
2023-12-25T20:06:35.137+0000 7fe51affd700 1 --2- >> [v2:172.21.15.50:3300/0,v1:172.21.15.50:6789/0] conn(0x7fe51c0fd2b0 0x7fe51c10cc10 unknown :-1 s=BANNER_CONNECTING pgs=0 cs=0 l=1 rev1=0 rx=0 tx=0)._handle_peer_banner_payload supported=1 required=0
2023-12-25T20:06:35.140 INFO:teuthology.orchestra.run.smithi050.stderr:/usr/bin/ceph:
2023-12-25T20:06:35.137+0000 7fe51affd700 1 --2- >> [v2:172.21.15.50:3300/0,v1:172.21.15.50:6789/0] conn(0x7fe51c0fd2b0 0x7fe51c10cc10 unknown :-1 s=HELLO_CONNECTING pgs=0 cs=0 l=1 rev1=1 rx=0 tx=0).handle_hello peer v2:172.21.15.50:3300/0 says I am v2:172.21.15.50:44080/0 (socket says 172.21.15.50:44080)
2023-12-25T20:06:35.140 INFO:teuthology.orchestra.run.smithi050.stderr:/usr/bin/ceph:
2023-12-25T20:06:35.137+0000 7fe51affd700 1 -- 172.21.15.50:0/41262331 learned_addr learned my addr 172.21.15.50:0/41262331 (peer_addr_for_me v2:172.21.15.50:0/0)
2023-12-25T20:06:35.140 INFO:teuthology.orchestra.run.smithi050.stderr:/usr/bin/ceph:
2023-12-25T20:06:35.137+0000 7fe51affd700 1 -- 172.21.15.50:0/41262331 --> [v2:172.21.15.50:3300/0,v1:172.21.15.50:6789/0] -- mon_subscribe({config=0+,monmap=0+}) v3 -- 0x7fe50c00b200 con 0x7fe51c0fd2b0
2023-12-25T20:06:35.140 INFO:teuthology.orchestra.run.smithi050.stderr:/usr/bin/ceph:
2023-12-25T20:06:35.137+0000 7fe51affd700 1 --2- 172.21.15.50:0/41262331 >> [v2:172.21.15.50:3300/0,v1:172.21.15.50:6789/0] conn(0x7fe51c0fd2b0 0x7fe51c10cc10 secure :-1 s=READY pgs=21 cs=0 l=1 rev1=1 rx=0x7fe50c002f40 tx=0x7fe50c006ee0).ready entity=mon.0 client_cookie=0 server_cookie=0 in_seq=0 out_seq=0
2023-12-25T20:06:35.140 INFO:teuthology.orchestra.run.smithi050.stderr:/usr/bin/ceph:
2023-12-25T20:06:35.138+0000 7fe5037fe700 1 -- 172.21.15.50:0/41262331 <== mon.0 v2:172.21.15.50:3300/0 1 ==== mon_map magic: 0 v1 ==== 229+0+0 (secure 0 0 0) 0x7fe50c01b410 con 0x7fe51c0fd2b0
2023-12-25T20:06:35.140 INFO:teuthology.orchestra.run.smithi050.stderr:/usr/bin/ceph:
2023-12-25T20:06:35.138+0000 7fe5216e0700 1 -- 172.21.15.50:0/41262331 --> [v2:172.21.15.50:3300/0,v1:172.21.15.50:6789/0] -- mon_subscribe({mgrmap=0+}) v3 -- 0x7fe51c10d300 con 0x7fe51c0fd2b0
2023-12-25T20:06:35.140 INFO:teuthology.orchestra.run.smithi050.stderr:/usr/bin/ceph:
2023-12-25T20:06:35.138+0000 7fe5037fe700 1 -- 172.21.15.50:0/41262331 <== mon.0 v2:172.21.15.50:3300/0 2 ==== config(25 keys) v1 ==== 1010+0+0 (secure 0 0 0) 0x7fe50c01b9e0 con 0x7fe51c0fd2b0
2023-12-25T20:06:35.140 INFO:teuthology.orchestra.run.smithi050.stderr:/usr/bin/ceph:
2023-12-25T20:06:35.138+0000 7fe5037fe700 1 -- 172.21.15.50:0/41262331 <== mon.0 v2:172.21.15.50:3300/0 3 ==== mon_map magic: 0 v1 ==== 229+0+0 (secure 0 0 0) 0x7fe50c01a8b0 con 0x7fe51c0fd2b0
2023-12-25T20:06:35.140 INFO:teuthology.orchestra.run.smithi050.stderr:/usr/bin/ceph:
2023-12-25T20:06:35.138+0000 7fe5216e0700 1 -- 172.21.15.50:0/41262331 --> [v2:172.21.15.50:3300/0,v1:172.21.15.50:6789/0] -- mon_subscribe({osdmap=0}) v3 -- 0x7fe51c10d710 con 0x7fe51c0fd2b0
2023-12-25T20:06:35.140 INFO:teuthology.orchestra.run.smithi050.stderr:/usr/bin/ceph:
2023-12-25T20:06:35.138+0000 7fe5037fe700 1 -- 172.21.15.50:0/41262331 <== mon.0 v2:172.21.15.50:3300/0 4 ==== mgrmap(e 4) v1 ==== 36040+0+0 (secure 0 0 0) 0x7fe50c00f070 con 0x7fe51c0fd2b0
2023-12-25T20:06:35.141 INFO:teuthology.orchestra.run.smithi050.stderr:/usr/bin/ceph:
2023-12-25T20:06:35.138+0000 7fe5037fe700 1 --2- 172.21.15.50:0/41262331 >> [v2:172.21.15.50:6800/1929648594,v1:172.21.15.50:6801/1929648594] conn(0x7fe50802fcc0 0x7fe508032180 unknown :-1 s=NONE pgs=0 cs=0 l=1 rev1=0 rx=0 tx=0).connect
2023-12-25T20:06:35.141 INFO:teuthology.orchestra.run.smithi050.stderr:/usr/bin/ceph:
2023-12-25T20:06:35.139+0000 7fe5037fe700 1 -- 172.21.15.50:0/41262331 <== mon.0 v2:172.21.15.50:3300/0 5 ==== osd_map(1..1 src has 1..1) v4 ==== 754+0+0 (secure 0 0 0) 0x7fe50c041fe0 con 0x7fe51c0fd2b0
2023-12-25T20:06:35.141 INFO:teuthology.orchestra.run.smithi050.stderr:/usr/bin/ceph:
2023-12-25T20:06:35.139+0000 7fe51a7fc700 1 -- 172.21.15.50:0/41262331 >> [v2:172.21.15.50:6800/1929648594,v1:172.21.15.50:6801/1929648594] conn(0x7fe50802fcc0 msgr2=0x7fe508032180 unknown :-1 s=STATE_CONNECTING_RE l=1).process reconnect failed to v2:172.21.15.50:6800/1929648594
2023-12-25T20:06:35.141 INFO:teuthology.orchestra.run.smithi050.stderr:/usr/bin/ceph:
2023-12-25T20:06:35.139+0000 7fe51a7fc700 1 --2- 172.21.15.50:0/41262331 >> [v2:172.21.15.50:6800/1929648594,v1:172.21.15.50:6801/1929648594] conn(0x7fe50802fcc0 0x7fe508032180 unknown :-1 s=START_CONNECT pgs=0 cs=0 l=1 rev1=0 rx=0 tx=0)._fault waiting 0.200000
2023-12-25T20:06:35.141 INFO:teuthology.orchestra.run.smithi050.stderr:/usr/bin/ceph:
2023-12-25T20:06:35.139+0000 7fe5216e0700 1 -- 172.21.15.50:0/41262331 --> [v2:172.21.15.50:3300/0,v1:172.21.15.50:6789/0] -- mon_command({"prefix": "get_command_descriptions"} v 0) v1 -- 0x7fe51c059100 con 0x7fe51c0fd2b0
2023-12-25T20:06:35.143 INFO:teuthology.orchestra.run.smithi050.stderr:/usr/bin/ceph:
2023-12-25T20:06:35.143+0000 7fe5037fe700 1 -- 172.21.15.50:0/41262331 <== mon.0 v2:172.21.15.50:3300/0 6 ==== mon_command_ack([{"prefix": "get_command_descriptions"}]=0 v0) v1 ==== 72+0+152212 (secure 0 0 0) 0x7fe50c010360 con 0x7fe51c0fd2b0
2023-12-25T20:06:35.327 INFO:teuthology.orchestra.run.smithi050.stderr:/usr/bin/ceph:
2023-12-25T20:06:35.327+0000 7fe5037fe700 1 -- 172.21.15.50:0/41262331 <== mon.0 v2:172.21.15.50:3300/0 7 ==== mgrmap(e 5) v1 ==== 36120+0+0 (secure 0 0 0) 0x7fe50c025980 con 0x7fe51c0fd2b0
2023-12-25T20:06:35.340 INFO:teuthology.orchestra.run.smithi050.stderr:/usr/bin/ceph:
2023-12-25T20:06:35.340+0000 7fe51a7fc700 1 -- 172.21.15.50:0/41262331 >> [v2:172.21.15.50:6800/1929648594,v1:172.21.15.50:6801/1929648594] conn(0x7fe50802fcc0 msgr2=0x7fe508032180 unknown :-1 s=STATE_CONNECTING_RE l=1).process reconnect failed to v2:172.21.15.50:6800/1929648594
2023-12-25T20:06:35.340 INFO:teuthology.orchestra.run.smithi050.stderr:/usr/bin/ceph:
2023-12-25T20:06:35.340+0000 7fe51a7fc700 1 --2- 172.21.15.50:0/41262331 >> [v2:172.21.15.50:6800/1929648594,v1:172.21.15.50:6801/1929648594] conn(0x7fe50802fcc0 0x7fe508032180 unknown :-1 s=START_CONNECT pgs=0 cs=0 l=1 rev1=0 rx=0 tx=0)._fault waiting 0.400000
2023-12-25T20:06:35.343 INFO:teuthology.orchestra.run.smithi050.stderr:/usr/bin/ceph:
2023-12-25T20:06:35.343+0000 7fe5216e0700 1 -- 172.21.15.50:0/41262331 --> [v2:172.21.15.50:3300/0,v1:172.21.15.50:6789/0] -- mon_command({"prefix": "mgr stat"} v 0) v1 -- 0x7fe51c045ad0 con 0x7fe51c0fd2b0
2023-12-25T20:06:35.344 INFO:teuthology.orchestra.run.smithi050.stderr:/usr/bin/ceph:
2023-12-25T20:06:35.343+0000 7fe5037fe700 1 -- 172.21.15.50:0/41262331 <== mon.0 v2:172.21.15.50:3300/0 8 ==== mon_command_ack([{"prefix": "mgr stat"}]=0 v5) v1 ==== 56+0+103 (secure 0 0 0) 0x7fe50c022ca0 con 0x7fe51c0fd2b0
2023-12-25T20:06:35.344 INFO:teuthology.orchestra.run.smithi050.stderr:/usr/bin/ceph: {
2023-12-25T20:06:35.345 INFO:teuthology.orchestra.run.smithi050.stderr:/usr/bin/ceph: "epoch": 5,
2023-12-25T20:06:35.345 INFO:teuthology.orchestra.run.smithi050.stderr:/usr/bin/ceph: "available": true,
2023-12-25T20:06:35.345 INFO:teuthology.orchestra.run.smithi050.stderr:/usr/bin/ceph: "active_name": "smithi050.nbzhun",
2023-12-25T20:06:35.345 INFO:teuthology.orchestra.run.smithi050.stderr:/usr/bin/ceph: "num_standby": 0
2023-12-25T20:06:35.345 INFO:teuthology.orchestra.run.smithi050.stderr:/usr/bin/ceph: }
2023-12-25T20:06:35.347 INFO:teuthology.orchestra.run.smithi050.stderr:/usr/bin/ceph:
2023-12-25T20:06:35.345+0000 7fe5216e0700 1 -- 172.21.15.50:0/41262331 >> [v2:172.21.15.50:6800/1929648594,v1:172.21.15.50:6801/1929648594] conn(0x7fe50802fcc0 msgr2=0x7fe508032180 unknown :-1 s=STATE_CONNECTING l=1).mark_down
2023-12-25T20:06:35.347 INFO:teuthology.orchestra.run.smithi050.stderr:/usr/bin/ceph:
2023-12-25T20:06:35.345+0000 7fe5216e0700 1 --2- 172.21.15.50:0/41262331 >> [v2:172.21.15.50:6800/1929648594,v1:172.21.15.50:6801/1929648594] conn(0x7fe50802fcc0 0x7fe508032180 unknown :-1 s=START_CONNECT pgs=0 cs=0 l=1 rev1=0 rx=0 tx=0).stop
2023-12-25T20:06:35.347 INFO:teuthology.orchestra.run.smithi050.stderr:/usr/bin/ceph:
2023-12-25T20:06:35.345+0000 7fe5216e0700 1 -- 172.21.15.50:0/41262331 >> [v2:172.21.15.50:3300/0,v1:172.21.15.50:6789/0] conn(0x7fe51c0fd2b0 msgr2=0x7fe51c10cc10 secure :-1 s=STATE_CONNECTION_ESTABLISHED l=1).mark_down
2023-12-25T20:06:35.347 INFO:teuthology.orchestra.run.smithi050.stderr:/usr/bin/ceph:
2023-12-25T20:06:35.345+0000 7fe5216e0700 1 --2- 172.21.15.50:0/41262331 >> [v2:172.21.15.50:3300/0,v1:172.21.15.50:6789/0] conn(0x7fe51c0fd2b0 0x7fe51c10cc10 secure :-1 s=READY pgs=21 cs=0 l=1 rev1=1 rx=0x7fe50c002f40 tx=0x7fe50c006ee0).stop
2023-12-25T20:06:35.347 INFO:teuthology.orchestra.run.smithi050.stderr:/usr/bin/ceph:
2023-12-25T20:06:35.345+0000 7fe5216e0700 1 -- 172.21.15.50:0/41262331 shutdown_connections
2023-12-25T20:06:35.347 INFO:teuthology.orchestra.run.smithi050.stderr:/usr/bin/ceph:
2023-12-25T20:06:35.345+0000 7fe5216e0700 1 --2- 172.21.15.50:0/41262331 >> [v2:172.21.15.50:6800/1929648594,v1:172.21.15.50:6801/1929648594] conn(0x7fe50802fcc0 0x7fe508032180 unknown :-1 s=CLOSED pgs=0 cs=0 l=1 rev1=0 rx=0 tx=0).stop
2023-12-25T20:06:35.348 INFO:teuthology.orchestra.run.smithi050.stderr:/usr/bin/ceph:
2023-12-25T20:06:35.345+0000 7fe5216e0700 1 --2- 172.21.15.50:0/41262331 >> [v2:172.21.15.50:3300/0,v1:172.21.15.50:6789/0] conn(0x7fe51c0fd2b0 0x7fe51c10cc10 unknown :-1 s=CLOSED pgs=21 cs=0 l=1 rev1=1 rx=0 tx=0).stop
2023-12-25T20:06:35.348 INFO:teuthology.orchestra.run.smithi050.stderr:/usr/bin/ceph:
2023-12-25T20:06:35.345+0000 7fe5216e0700 1 -- 172.21.15.50:0/41262331 >> 172.21.15.50:0/41262331 conn(0x7fe51c0f5b10 msgr2=0x7fe51c0ff2c0 unknown :-1 s=STATE_NONE l=0).mark_down
2023-12-25T20:06:35.348 INFO:teuthology.orchestra.run.smithi050.stderr:/usr/bin/ceph:
2023-12-25T20:06:35.345+0000 7fe5216e0700 1 -- 172.21.15.50:0/41262331 shutdown_connections
2023-12-25T20:06:35.348 INFO:teuthology.orchestra.run.smithi050.stderr:/usr/bin/ceph:
2023-12-25T20:06:35.345+0000 7fe5216e0700 1 -- 172.21.15.50:0/41262331 wait complete.
2023-12-25T20:06:35.692 INFO:teuthology.orchestra.run.smithi050.stderr:Waiting for the mgr to restart...
2023-12-25T20:06:35.692 INFO:teuthology.orchestra.run.smithi050.stderr:Waiting for mgr epoch 5...
2023-12-25T20:06:35.692 INFO:teuthology.orchestra.run.smithi050.stderr:Running command: /bin/podman run --rm --ipc=host --no-hosts --net=host --entrypoint /usr/bin/ceph --init -e CONTAINER_IMAGE=docker.io/ceph/ceph:v16.2.4 -e NODE_NAME=smithi050 -e CEPH_USE_RANDOM_NONCE=1 -v /var/log/ceph/02c8f25c-a361-11ee-95a5-87774f69a715:/var/log/ceph:z -v /tmp/ceph-tmps7kf4jlu:/etc/ceph/ceph.client.admin.keyring:z -v /tmp/ceph-tmpu2g3lwcx:/etc/ceph/ceph.conf:z docker.io/ceph/ceph:v16.2.4 tell mgr mgr_status
2023-12-25T20:06:35.694 INFO:journalctl@ceph.mon.smithi050.smithi050.stdout:Dec 25 20:06:35 smithi050 ceph-02c8f25c-a361-11ee-95a5-87774f69a715-mon.smithi050[111770]: audit
2023-12-25T20:06:34.325265+0000 mon.smithi050 (mon.0) 25 : audit [INF] from='client.? 172.21.15.50:0/2555542931' entity='client.admin' cmd='[{"prefix": "mgr module enable", "module": "cephadm"}]': finished
2023-12-25T20:06:35.694 INFO:journalctl@ceph.mon.smithi050.smithi050.stdout:Dec 25 20:06:35 smithi050 ceph-02c8f25c-a361-11ee-95a5-87774f69a715-mon.smithi050[111770]: cluster
2023-12-25T20:06:34.325315+0000 mon.smithi050 (mon.0) 26 : cluster [DBG] mgrmap e4: smithi050.nbzhun(active, since 2s)
2023-12-25T20:06:36.069 INFO:teuthology.orchestra.run.smithi050.stderr:/usr/bin/ceph:
2023-12-25T20:06:36.068+0000 7fbb27778700 1 Processor -- start
2023-12-25T20:06:36.069 INFO:teuthology.orchestra.run.smithi050.stderr:/usr/bin/ceph:
2023-12-25T20:06:36.068+0000 7fbb27778700 1 -- start start
2023-12-25T20:06:36.069 INFO:teuthology.orchestra.run.smithi050.stderr:/usr/bin/ceph:
2023-12-25T20:06:36.069+0000 7fbb27778700 1 --2- >> [v2:172.21.15.50:3300/0,v1:172.21.15.50:6789/0] conn(0x7fbb20070430 0x7fbb200fe8e0 unknown :-1 s=NONE pgs=0 cs=0 l=0 rev1=0 rx=0 tx=0).connect
2023-12-25T20:06:36.069 INFO:teuthology.orchestra.run.smithi050.stderr:/usr/bin/ceph:
2023-12-25T20:06:36.069+0000 7fbb27778700 1 -- --> [v2:172.21.15.50:3300/0,v1:172.21.15.50:6789/0] -- mon_getmap magic: 0 v1 -- 0x7fbb200fedd0 con 0x7fbb20070430
2023-12-25T20:06:36.069 INFO:teuthology.orchestra.run.smithi050.stderr:/usr/bin/ceph:
2023-12-25T20:06:36.069+0000 7fbb25514700 1 --2- >> [v2:172.21.15.50:3300/0,v1:172.21.15.50:6789/0] conn(0x7fbb20070430 0x7fbb200fe8e0 unknown :-1 s=BANNER_CONNECTING pgs=0 cs=0 l=0 rev1=0 rx=0 tx=0)._handle_peer_banner_payload supported=1 required=0
2023-12-25T20:06:36.070 INFO:teuthology.orchestra.run.smithi050.stderr:/usr/bin/ceph:
2023-12-25T20:06:36.069+0000 7fbb25514700 1 --2- >> [v2:172.21.15.50:3300/0,v1:172.21.15.50:6789/0] conn(0x7fbb20070430 0x7fbb200fe8e0 unknown :-1 s=HELLO_CONNECTING pgs=0 cs=0 l=0 rev1=1 rx=0 tx=0).handle_hello peer v2:172.21.15.50:3300/0 says I am v2:172.21.15.50:44092/0 (socket says 172.21.15.50:44092)
2023-12-25T20:06:36.070 INFO:teuthology.orchestra.run.smithi050.stderr:/usr/bin/ceph:
2023-12-25T20:06:36.069+0000 7fbb25514700 1 -- 172.21.15.50:0/1498431613 learned_addr learned my addr 172.21.15.50:0/1498431613 (peer_addr_for_me v2:172.21.15.50:0/0)
2023-12-25T20:06:36.070 INFO:teuthology.orchestra.run.smithi050.stderr:/usr/bin/ceph:
2023-12-25T20:06:36.069+0000 7fbb25514700 1 -- 172.21.15.50:0/1498431613 --> [v2:172.21.15.50:3300/0,v1:172.21.15.50:6789/0] -- mon_subscribe({config=0+,monmap=0+}) v3 -- 0x7fbb200fef10 con 0x7fbb20070430
2023-12-25T20:06:36.071 INFO:teuthology.orchestra.run.smithi050.stderr:/usr/bin/ceph:
2023-12-25T20:06:36.069+0000 7fbb25514700 1 --2- 172.21.15.50:0/1498431613 >> [v2:172.21.15.50:3300/0,v1:172.21.15.50:6789/0] conn(0x7fbb20070430 0x7fbb200fe8e0 secure :-1 s=READY pgs=22 cs=0 l=1 rev1=1 rx=0x7fbb1c00b5f0 tx=0x7fbb1c006ee0).ready entity=mon.0 client_cookie=ec8c1ec114416b90 server_cookie=0 in_seq=0 out_seq=0
2023-12-25T20:06:36.071 INFO:teuthology.orchestra.run.smithi050.stderr:/usr/bin/ceph:
2023-12-25T20:06:36.069+0000 7fbb0ffff700 1 -- 172.21.15.50:0/1498431613 <== mon.0 v2:172.21.15.50:3300/0 1 ==== mon_map magic: 0 v1 ==== 229+0+0 (secure 0 0 0) 0x7fbb1c00d600 con 0x7fbb20070430
2023-12-25T20:06:36.071 INFO:teuthology.orchestra.run.smithi050.stderr:/usr/bin/ceph:
2023-12-25T20:06:36.069+0000 7fbb0ffff700 1 -- 172.21.15.50:0/1498431613 <== mon.0 v2:172.21.15.50:3300/0 2 ==== config(25 keys) v1 ==== 1010+0+0 (secure 0 0 0) 0x7fbb1c00dbd0 con 0x7fbb20070430
2023-12-25T20:06:36.071 INFO:teuthology.orchestra.run.smithi050.stderr:/usr/bin/ceph:
2023-12-25T20:06:36.069+0000 7fbb0ffff700 1 -- 172.21.15.50:0/1498431613 <== mon.0 v2:172.21.15.50:3300/0 3 ==== mon_map magic: 0 v1 ==== 229+0+0 (secure 0 0 0) 0x7fbb1c011c00 con 0x7fbb20070430
2023-12-25T20:06:36.071 INFO:teuthology.orchestra.run.smithi050.stderr:/usr/bin/ceph:
2023-12-25T20:06:36.070+0000 7fbb27778700 1 -- 172.21.15.50:0/1498431613 >> [v2:172.21.15.50:3300/0,v1:172.21.15.50:6789/0] conn(0x7fbb20070430 msgr2=0x7fbb200fe8e0 secure :-1 s=STATE_CONNECTION_ESTABLISHED l=1).mark_down
2023-12-25T20:06:36.071 INFO:teuthology.orchestra.run.smithi050.stderr:/usr/bin/ceph:
2023-12-25T20:06:36.070+0000 7fbb27778700 1 --2- 172.21.15.50:0/1498431613 >> [v2:172.21.15.50:3300/0,v1:172.21.15.50:6789/0] conn(0x7fbb20070430 0x7fbb200fe8e0 secure :-1 s=READY pgs=22 cs=0 l=1 rev1=1 rx=0x7fbb1c00b5f0 tx=0x7fbb1c006ee0).stop
2023-12-25T20:06:36.071 INFO:teuthology.orchestra.run.smithi050.stderr:/usr/bin/ceph:
2023-12-25T20:06:36.071+0000 7fbb27778700 1 -- 172.21.15.50:0/1498431613 shutdown_connections
2023-12-25T20:06:36.071 INFO:teuthology.orchestra.run.smithi050.stderr:/usr/bin/ceph:
2023-12-25T20:06:36.071+0000 7fbb27778700 1 --2- 172.21.15.50:0/1498431613 >> [v2:172.21.15.50:3300/0,v1:172.21.15.50:6789/0] conn(0x7fbb20070430 0x7fbb200fe8e0 unknown :-1 s=CLOSED pgs=22 cs=0 l=1 rev1=1 rx=0 tx=0).stop
2023-12-25T20:06:36.073 INFO:teuthology.orchestra.run.smithi050.stderr:/usr/bin/ceph:
2023-12-25T20:06:36.071+0000 7fbb27778700 1 -- 172.21.15.50:0/1498431613 >> 172.21.15.50:0/1498431613 conn(0x7fbb200f63c0 msgr2=0x7fbb200f87e0 unknown :-1 s=STATE_NONE l=0).mark_down
2023-12-25T20:06:36.073 INFO:teuthology.orchestra.run.smithi050.stderr:/usr/bin/ceph:
2023-12-25T20:06:36.071+0000 7fbb27778700 1 -- 172.21.15.50:0/1498431613 shutdown_connections
2023-12-25T20:06:36.073 INFO:teuthology.orchestra.run.smithi050.stderr:/usr/bin/ceph:
2023-12-25T20:06:36.071+0000 7fbb27778700 1 -- 172.21.15.50:0/1498431613 wait complete.
2023-12-25T20:06:36.073 INFO:teuthology.orchestra.run.smithi050.stderr:/usr/bin/ceph:
2023-12-25T20:06:36.071+0000 7fbb27778700 1 Processor -- start
2023-12-25T20:06:36.073 INFO:teuthology.orchestra.run.smithi050.stderr:/usr/bin/ceph:
2023-12-25T20:06:36.072+0000 7fbb27778700 1 -- start start
2023-12-25T20:06:36.073 INFO:teuthology.orchestra.run.smithi050.stderr:/usr/bin/ceph:
2023-12-25T20:06:36.072+0000 7fbb27778700 1 --2- >> [v2:172.21.15.50:3300/0,v1:172.21.15.50:6789/0] conn(0x7fbb20070430 0x7fbb200fc360 unknown :-1 s=NONE pgs=0 cs=0 l=1 rev1=0 rx=0 tx=0).connect
2023-12-25T20:06:36.073 INFO:teuthology.orchestra.run.smithi050.stderr:/usr/bin/ceph:
2023-12-25T20:06:36.072+0000 7fbb27778700 1 -- --> [v2:172.21.15.50:3300/0,v1:172.21.15.50:6789/0] -- mon_getmap magic: 0 v1 -- 0x7fbb200fa7e0 con 0x7fbb20070430
2023-12-25T20:06:36.073 INFO:teuthology.orchestra.run.smithi050.stderr:/usr/bin/ceph:
2023-12-25T20:06:36.072+0000 7fbb25514700 1 --2- >> [v2:172.21.15.50:3300/0,v1:172.21.15.50:6789/0] conn(0x7fbb20070430 0x7fbb200fc360 unknown :-1 s=BANNER_CONNECTING pgs=0 cs=0 l=1 rev1=0 rx=0 tx=0)._handle_peer_banner_payload supported=1 required=0
2023-12-25T20:06:36.073 INFO:teuthology.orchestra.run.smithi050.stderr:/usr/bin/ceph:
2023-12-25T20:06:36.072+0000 7fbb25514700 1 --2- >> [v2:172.21.15.50:3300/0,v1:172.21.15.50:6789/0] conn(0x7fbb20070430 0x7fbb200fc360 unknown :-1 s=HELLO_CONNECTING pgs=0 cs=0 l=1 rev1=1 rx=0 tx=0).handle_hello peer v2:172.21.15.50:3300/0 says I am v2:172.21.15.50:44096/0 (socket says 172.21.15.50:44096)
2023-12-25T20:06:36.074 INFO:teuthology.orchestra.run.smithi050.stderr:/usr/bin/ceph:
2023-12-25T20:06:36.072+0000 7fbb25514700 1 -- 172.21.15.50:0/417591961 learned_addr learned my addr 172.21.15.50:0/417591961 (peer_addr_for_me v2:172.21.15.50:0/0)
2023-12-25T20:06:36.074 INFO:teuthology.orchestra.run.smithi050.stderr:/usr/bin/ceph:
2023-12-25T20:06:36.072+0000 7fbb25514700 1 -- 172.21.15.50:0/417591961 --> [v2:172.21.15.50:3300/0,v1:172.21.15.50:6789/0] -- mon_subscribe({config=0+,monmap=0+}) v3 -- 0x7fbb1c00b200 con 0x7fbb20070430
2023-12-25T20:06:36.074 INFO:teuthology.orchestra.run.smithi050.stderr:/usr/bin/ceph:
2023-12-25T20:06:36.072+0000 7fbb25514700 1 --2- 172.21.15.50:0/417591961 >> [v2:172.21.15.50:3300/0,v1:172.21.15.50:6789/0] conn(0x7fbb20070430 0x7fbb200fc360 secure :-1 s=READY pgs=23 cs=0 l=1 rev1=1 rx=0x7fbb1c00b190 tx=0x7fbb1c006ee0).ready entity=mon.0 client_cookie=0 server_cookie=0 in_seq=0 out_seq=0
2023-12-25T20:06:36.074 INFO:teuthology.orchestra.run.smithi050.stderr:/usr/bin/ceph:
2023-12-25T20:06:36.072+0000 7fbb0dffb700 1 -- 172.21.15.50:0/417591961 <== mon.0 v2:172.21.15.50:3300/0 1 ==== mon_map magic: 0 v1 ==== 229+0+0 (secure 0 0 0) 0x7fbb1c01b410 con 0x7fbb20070430
2023-12-25T20:06:36.074 INFO:teuthology.orchestra.run.smithi050.stderr:/usr/bin/ceph:
2023-12-25T20:06:36.072+0000 7fbb0dffb700 1 -- 172.21.15.50:0/417591961 <== mon.0 v2:172.21.15.50:3300/0 2 ==== config(25 keys) v1 ==== 1010+0+0 (secure 0 0 0) 0x7fbb1c01b9e0 con 0x7fbb20070430
2023-12-25T20:06:36.074 INFO:teuthology.orchestra.run.smithi050.stderr:/usr/bin/ceph:
2023-12-25T20:06:36.072+0000 7fbb27778700 1 -- 172.21.15.50:0/417591961 --> [v2:172.21.15.50:3300/0,v1:172.21.15.50:6789/0] -- mon_subscribe({mgrmap=0+}) v3 -- 0x7fbb200fa980 con 0x7fbb20070430
2023-12-25T20:06:36.074 INFO:teuthology.orchestra.run.smithi050.stderr:/usr/bin/ceph:
2023-12-25T20:06:36.072+0000 7fbb0dffb700 1 -- 172.21.15.50:0/417591961 <== mon.0 v2:172.21.15.50:3300/0 3 ==== mon_map magic: 0 v1 ==== 229+0+0 (secure 0 0 0) 0x7fbb1c01a880 con 0x7fbb20070430
2023-12-25T20:06:36.074 INFO:teuthology.orchestra.run.smithi050.stderr:/usr/bin/ceph:
2023-12-25T20:06:36.073+0000 7fbb27778700 1 -- 172.21.15.50:0/417591961 --> [v2:172.21.15.50:3300/0,v1:172.21.15.50:6789/0] -- mon_subscribe({osdmap=0}) v3 -- 0x7fbb200fad90 con 0x7fbb20070430
2023-12-25T20:06:36.075 INFO:teuthology.orchestra.run.smithi050.stderr:/usr/bin/ceph:
2023-12-25T20:06:36.074+0000 7fbb0dffb700 1 -- 172.21.15.50:0/417591961 <== mon.0 v2:172.21.15.50:3300/0 4 ==== mgrmap(e 5) v1 ==== 36120+0+0 (secure 0 0 0) 0x7fbb1c00f070 con 0x7fbb20070430
2023-12-25T20:06:36.075 INFO:teuthology.orchestra.run.smithi050.stderr:/usr/bin/ceph:
2023-12-25T20:06:36.074+0000 7fbb0dffb700 1 --2- 172.21.15.50:0/417591961 >> [v2:172.21.15.50:6800/1929648594,v1:172.21.15.50:6801/1929648594] conn(0x7fbb0802fdb0 0x7fbb08032270 unknown :-1 s=NONE pgs=0 cs=0 l=1 rev1=0 rx=0 tx=0).connect
2023-12-25T20:06:36.075 INFO:teuthology.orchestra.run.smithi050.stderr:/usr/bin/ceph:
2023-12-25T20:06:36.074+0000 7fbb0dffb700 1 -- 172.21.15.50:0/417591961 --> [v2:172.21.15.50:6800/1929648594,v1:172.21.15.50:6801/1929648594] -- command(tid 0: {"prefix": "get_command_descriptions"}) v1 -- 0x7fbb08032930 con 0x7fbb0802fdb0
2023-12-25T20:06:36.075 INFO:teuthology.orchestra.run.smithi050.stderr:/usr/bin/ceph:
2023-12-25T20:06:36.074+0000 7fbb0dffb700 1 -- 172.21.15.50:0/417591961 <== mon.0 v2:172.21.15.50:3300/0 5 ==== osd_map(1..1 src has 1..1) v4 ==== 754+0+0 (secure 0 0 0) 0x7fbb1c0411e0 con 0x7fbb20070430
2023-12-25T20:06:36.075 INFO:teuthology.orchestra.run.smithi050.stderr:/usr/bin/ceph:
2023-12-25T20:06:36.074+0000 7fbb24d13700 1 -- 172.21.15.50:0/417591961 >> [v2:172.21.15.50:6800/1929648594,v1:172.21.15.50:6801/1929648594] conn(0x7fbb0802fdb0 msgr2=0x7fbb08032270 unknown :-1 s=STATE_CONNECTING_RE l=1).process reconnect failed to v2:172.21.15.50:6800/1929648594
2023-12-25T20:06:36.075 INFO:teuthology.orchestra.run.smithi050.stderr:/usr/bin/ceph:
2023-12-25T20:06:36.074+0000 7fbb24d13700 1 --2- 172.21.15.50:0/417591961 >> [v2:172.21.15.50:6800/1929648594,v1:172.21.15.50:6801/1929648594] conn(0x7fbb0802fdb0 0x7fbb08032270 unknown :-1 s=START_CONNECT pgs=0 cs=0 l=1 rev1=0 rx=0 tx=0)._fault waiting 0.200000
2023-12-25T20:06:36.275 INFO:teuthology.orchestra.run.smithi050.stderr:/usr/bin/ceph:
2023-12-25T20:06:36.275+0000 7fbb24d13700 1 -- 172.21.15.50:0/417591961 >> [v2:172.21.15.50:6800/1929648594,v1:172.21.15.50:6801/1929648594] conn(0x7fbb0802fdb0 msgr2=0x7fbb08032270 unknown :-1 s=STATE_CONNECTING_RE l=1).process reconnect failed to v2:172.21.15.50:6800/1929648594
2023-12-25T20:06:36.275 INFO:teuthology.orchestra.run.smithi050.stderr:/usr/bin/ceph:
2023-12-25T20:06:36.275+0000 7fbb24d13700 1 --2- 172.21.15.50:0/417591961 >> [v2:172.21.15.50:6800/1929648594,v1:172.21.15.50:6801/1929648594] conn(0x7fbb0802fdb0 0x7fbb08032270 unknown :-1 s=START_CONNECT pgs=0 cs=0 l=1 rev1=0 rx=0 tx=0)._fault waiting 0.400000
2023-12-25T20:06:36.676 INFO:teuthology.orchestra.run.smithi050.stderr:/usr/bin/ceph:
2023-12-25T20:06:36.676+0000 7fbb24d13700 1 -- 172.21.15.50:0/417591961 >> [v2:172.21.15.50:6800/1929648594,v1:172.21.15.50:6801/1929648594] conn(0x7fbb0802fdb0 msgr2=0x7fbb08032270 unknown :-1 s=STATE_CONNECTING_RE l=1).process reconnect failed to v2:172.21.15.50:6800/1929648594
2023-12-25T20:06:36.676 INFO:teuthology.orchestra.run.smithi050.stderr:/usr/bin/ceph:
2023-12-25T20:06:36.676+0000 7fbb24d13700 1 --2- 172.21.15.50:0/417591961 >> [v2:172.21.15.50:6800/1929648594,v1:172.21.15.50:6801/1929648594] conn(0x7fbb0802fdb0 0x7fbb08032270 unknown :-1 s=START_CONNECT pgs=0 cs=0 l=1 rev1=0 rx=0 tx=0)._fault waiting 0.800000
2023-12-25T20:06:36.718 INFO:journalctl@ceph.mon.smithi050.smithi050.stdout:Dec 25 20:06:36 smithi050 ceph-02c8f25c-a361-11ee-95a5-87774f69a715-mon.smithi050[111770]: cluster
2023-12-25T20:06:35.329407+0000 mon.smithi050 (mon.0) 27 : cluster [DBG] mgrmap e5: smithi050.nbzhun(active, since 3s)
2023-12-25T20:06:36.719 INFO:journalctl@ceph.mon.smithi050.smithi050.stdout:Dec 25 20:06:36 smithi050 ceph-02c8f25c-a361-11ee-95a5-87774f69a715-mon.smithi050[111770]: audit
2023-12-25T20:06:35.343963+0000 mon.smithi050 (mon.0) 28 : audit [DBG] from='client.? 172.21.15.50:0/41262331' entity='client.admin' cmd=[{"prefix": "mgr stat"}]: dispatch
2023-12-25T20:06:37.477 INFO:teuthology.orchestra.run.smithi050.stderr:/usr/bin/ceph:
2023-12-25T20:06:37.477+0000 7fbb24d13700 1 -- 172.21.15.50:0/417591961 >> [v2:172.21.15.50:6800/1929648594,v1:172.21.15.50:6801/1929648594] conn(0x7fbb0802fdb0 msgr2=0x7fbb08032270 unknown :-1 s=STATE_CONNECTING_RE l=1).process reconnect failed to v2:172.21.15.50:6800/1929648594
2023-12-25T20:06:37.477 INFO:teuthology.orchestra.run.smithi050.stderr:/usr/bin/ceph:
2023-12-25T20:06:37.477+0000 7fbb24d13700 1 --2- 172.21.15.50:0/417591961 >> [v2:172.21.15.50:6800/1929648594,v1:172.21.15.50:6801/1929648594] conn(0x7fbb0802fdb0 0x7fbb08032270 unknown :-1 s=START_CONNECT pgs=0 cs=0 l=1 rev1=0 rx=0 tx=0)._fault waiting 1.600000
2023-12-25T20:06:39.078 INFO:teuthology.orchestra.run.smithi050.stderr:/usr/bin/ceph:
2023-12-25T20:06:39.077+0000 7fbb24d13700 1 -- 172.21.15.50:0/417591961 >> [v2:172.21.15.50:6800/1929648594,v1:172.21.15.50:6801/1929648594] conn(0x7fbb0802fdb0 msgr2=0x7fbb08032270 unknown :-1 s=STATE_CONNECTING_RE l=1).process reconnect failed to v2:172.21.15.50:6800/1929648594
2023-12-25T20:06:39.078 INFO:teuthology.orchestra.run.smithi050.stderr:/usr/bin/ceph:
2023-12-25T20:06:39.077+0000 7fbb24d13700 1 --2- 172.21.15.50:0/417591961 >> [v2:172.21.15.50:6800/1929648594,v1:172.21.15.50:6801/1929648594] conn(0x7fbb0802fdb0 0x7fbb08032270 unknown :-1 s=START_CONNECT pgs=0 cs=0 l=1 rev1=0 rx=0 tx=0)._fault waiting 3.200000
2023-12-25T20:06:39.570 INFO:teuthology.orchestra.run.smithi050.stderr:/usr/bin/ceph:
2023-12-25T20:06:39.569+0000 7fbb0dffb700 1 -- 172.21.15.50:0/417591961 <== mon.0 v2:172.21.15.50:3300/0 6 ==== mgrmap(e 6) v1 ==== 35970+0+0 (secure 0 0 0) 0x7fbb1c01b570 con 0x7fbb20070430
2023-12-25T20:06:39.570 INFO:teuthology.orchestra.run.smithi050.stderr:/usr/bin/ceph:
2023-12-25T20:06:39.569+0000 7fbb0dffb700 1 -- 172.21.15.50:0/417591961 >> [v2:172.21.15.50:6800/1929648594,v1:172.21.15.50:6801/1929648594] conn(0x7fbb0802fdb0 msgr2=0x7fbb08032270 unknown :-1 s=STATE_CONNECTING l=1).mark_down
2023-12-25T20:06:39.570 INFO:teuthology.orchestra.run.smithi050.stderr:/usr/bin/ceph:
2023-12-25T20:06:39.569+0000 7fbb0dffb700 1 --2- 172.21.15.50:0/417591961 >> [v2:172.21.15.50:6800/1929648594,v1:172.21.15.50:6801/1929648594] conn(0x7fbb0802fdb0 0x7fbb08032270 unknown :-1 s=START_CONNECT pgs=0 cs=0 l=1 rev1=0 rx=0 tx=0).stop
2023-12-25T20:06:40.572 INFO:teuthology.orchestra.run.smithi050.stderr:/usr/bin/ceph:
2023-12-25T20:06:40.570+0000 7fbb0dffb700 1 -- 172.21.15.50:0/417591961 <== mon.0 v2:172.21.15.50:3300/0 7 ==== mgrmap(e 7) v1 ==== 36040+0+0 (secure 0 0 0) 0x7fbb1c042a90 con 0x7fbb20070430
2023-12-25T20:06:40.572 INFO:teuthology.orchestra.run.smithi050.stderr:/usr/bin/ceph:
2023-12-25T20:06:40.570+0000 7fbb0dffb700 1 --2- 172.21.15.50:0/417591961 >> [v2:172.21.15.50:6800/4046643232,v1:172.21.15.50:6801/4046643232] conn(0x7fbb08033880 0x7fbb08035c70 unknown :-1 s=NONE pgs=0 cs=0 l=1 rev1=0 rx=0 tx=0).connect
2023-12-25T20:06:40.572 INFO:teuthology.orchestra.run.smithi050.stderr:/usr/bin/ceph:
2023-12-25T20:06:40.570+0000 7fbb0dffb700 1 -- 172.21.15.50:0/417591961 --> [v2:172.21.15.50:6800/4046643232,v1:172.21.15.50:6801/4046643232] -- command(tid 0: {"prefix": "get_command_descriptions"}) v1 -- 0x7fbb08032930 con 0x7fbb08033880
2023-12-25T20:06:40.573 INFO:teuthology.orchestra.run.smithi050.stderr:/usr/bin/ceph:
2023-12-25T20:06:40.571+0000 7fbb24d13700 1 --2- 172.21.15.50:0/417591961 >> [v2:172.21.15.50:6800/4046643232,v1:172.21.15.50:6801/4046643232] conn(0x7fbb08033880 0x7fbb08035c70 unknown :-1 s=BANNER_CONNECTING pgs=0 cs=0 l=1 rev1=0 rx=0 tx=0)._handle_peer_banner_payload supported=1 required=0
2023-12-25T20:06:40.573 INFO:teuthology.orchestra.run.smithi050.stderr:/usr/bin/ceph:
2023-12-25T20:06:40.572+0000 7fbb24d13700 1 --2- 172.21.15.50:0/417591961 >> [v2:172.21.15.50:6800/4046643232,v1:172.21.15.50:6801/4046643232] conn(0x7fbb08033880 0x7fbb08035c70 secure :-1 s=READY pgs=2 cs=0 l=1 rev1=1 rx=0x7fbb10006fd0 tx=0x7fbb10006d70).ready entity=mgr.14114 client_cookie=0 server_cookie=0 in_seq=0 out_seq=0
2023-12-25T20:06:40.573 INFO:teuthology.orchestra.run.smithi050.stderr:/usr/bin/ceph:
2023-12-25T20:06:40.572+0000 7fbb0dffb700 1 -- 172.21.15.50:0/417591961 <== mgr.14114 v2:172.21.15.50:6800/4046643232 1 ==== command_reply(tid 0: 0 ) v1 ==== 8+0+6438 (secure 0 0 0) 0x7fbb08032930 con 0x7fbb08033880
2023-12-25T20:06:40.581 INFO:teuthology.orchestra.run.smithi050.stderr:/usr/bin/ceph:
2023-12-25T20:06:40.578+0000 7fbb27778700 1 -- 172.21.15.50:0/417591961 --> [v2:172.21.15.50:6800/4046643232,v1:172.21.15.50:6801/4046643232] -- command(tid 1: {"prefix": "mgr_status"}) v1 -- 0x7fbb20059100 con 0x7fbb08033880
2023-12-25T20:06:40.582 INFO:teuthology.orchestra.run.smithi050.stderr:/usr/bin/ceph:
2023-12-25T20:06:40.579+0000 7fbb0dffb700 1 -- 172.21.15.50:0/417591961 <== mgr.14114 v2:172.21.15.50:6800/4046643232 2 ==== command_reply(tid 1: 0 ) v1 ==== 8+0+51 (secure 0 0 0) 0x7fbb20059100 con 0x7fbb08033880
2023-12-25T20:06:40.582 INFO:teuthology.orchestra.run.smithi050.stderr:/usr/bin/ceph: {
2023-12-25T20:06:40.582 INFO:teuthology.orchestra.run.smithi050.stderr:/usr/bin/ceph: "mgrmap_epoch": 7,
2023-12-25T20:06:40.582 INFO:teuthology.orchestra.run.smithi050.stderr:/usr/bin/ceph: "initialized": true
2023-12-25T20:06:40.582 INFO:teuthology.orchestra.run.smithi050.stderr:/usr/bin/ceph: }
2023-12-25T20:06:40.582 INFO:teuthology.orchestra.run.smithi050.stderr:/usr/bin/ceph:
2023-12-25T20:06:40.579+0000 7fbb27778700 1 -- 172.21.15.50:0/417591961 >> [v2:172.21.15.50:6800/4046643232,v1:172.21.15.50:6801/4046643232] conn(0x7fbb08033880 msgr2=0x7fbb08035c70 secure :-1 s=STATE_CONNECTION_ESTABLISHED l=1).mark_down
2023-12-25T20:06:40.582 INFO:teuthology.orchestra.run.smithi050.stderr:/usr/bin/ceph:
2023-12-25T20:06:40.579+0000 7fbb27778700 1 --2- 172.21.15.50:0/417591961 >> [v2:172.21.15.50:6800/4046643232,v1:172.21.15.50:6801/4046643232] conn(0x7fbb08033880 0x7fbb08035c70 secure :-1 s=READY pgs=2 cs=0 l=1 rev1=1 rx=0x7fbb10006fd0 tx=0x7fbb10006d70).stop
2023-12-25T20:06:40.582 INFO:teuthology.orchestra.run.smithi050.stderr:/usr/bin/ceph:
2023-12-25T20:06:40.579+0000 7fbb27778700 1 -- 172.21.15.50:0/417591961 >> [v2:172.21.15.50:3300/0,v1:172.21.15.50:6789/0] conn(0x7fbb20070430 msgr2=0x7fbb200fc360 secure :-1 s=STATE_CONNECTION_ESTABLISHED l=1).mark_down
2023-12-25T20:06:40.582 INFO:teuthology.orchestra.run.smithi050.stderr:/usr/bin/ceph:
2023-12-25T20:06:40.579+0000 7fbb27778700 1 --2- 172.21.15.50:0/417591961 >> [v2:172.21.15.50:3300/0,v1:172.21.15.50:6789/0] conn(0x7fbb20070430 0x7fbb200fc360 secure :-1 s=READY pgs=23 cs=0 l=1 rev1=1 rx=0x7fbb1c00b190 tx=0x7fbb1c006ee0).stop
2023-12-25T20:06:40.582 INFO:teuthology.orchestra.run.smithi050.stderr:/usr/bin/ceph:
2023-12-25T20:06:40.579+0000 7fbb27778700 1 -- 172.21.15.50:0/417591961 shutdown_connections
2023-12-25T20:06:40.582 INFO:teuthology.orchestra.run.smithi050.stderr:/usr/bin/ceph:
2023-12-25T20:06:40.579+0000 7fbb27778700 1 --2- 172.21.15.50:0/417591961 >> [v2:172.21.15.50:6800/4046643232,v1:172.21.15.50:6801/4046643232] conn(0x7fbb08033880 0x7fbb08035c70 unknown :-1 s=CLOSED pgs=2 cs=0 l=1 rev1=1 rx=0 tx=0).stop
2023-12-25T20:06:40.582 INFO:teuthology.orchestra.run.smithi050.stderr:/usr/bin/ceph:
2023-12-25T20:06:40.579+0000 7fbb27778700 1 --2- 172.21.15.50:0/417591961 >> [v2:172.21.15.50:3300/0,v1:172.21.15.50:6789/0] conn(0x7fbb20070430 0x7fbb200fc360 unknown :-1 s=CLOSED pgs=23 cs=0 l=1 rev1=1 rx=0 tx=0).stop
2023-12-25T20:06:40.582 INFO:teuthology.orchestra.run.smithi050.stderr:/usr/bin/ceph:
2023-12-25T20:06:40.579+0000 7fbb27778700 1 --2- 172.21.15.50:0/417591961 >> [v2:172.21.15.50:6800/1929648594,v1:172.21.15.50:6801/1929648594] conn(0x7fbb0802fdb0 0x7fbb08032270 unknown :-1 s=CLOSED pgs=0 cs=0 l=1 rev1=0 rx=0 tx=0).stop
2023-12-25T20:06:40.583 INFO:teuthology.orchestra.run.smithi050.stderr:/usr/bin/ceph:
2023-12-25T20:06:40.579+0000 7fbb27778700 1 -- 172.21.15.50:0/417591961 >> 172.21.15.50:0/417591961 conn(0x7fbb200f63c0 msgr2=0x7fbb200f7f20 unknown :-1 s=STATE_NONE l=0).mark_down
2023-12-25T20:06:40.583 INFO:teuthology.orchestra.run.smithi050.stderr:/usr/bin/ceph:
2023-12-25T20:06:40.579+0000 7fbb27778700 1 -- 172.21.15.50:0/417591961 shutdown_connections
2023-12-25T20:06:40.583 INFO:teuthology.orchestra.run.smithi050.stderr:/usr/bin/ceph:
2023-12-25T20:06:40.580+0000 7fbb27778700 1 -- 172.21.15.50:0/417591961 wait complete.
2023-12-25T20:06:40.969 INFO:journalctl@ceph.mon.smithi050.smithi050.stdout:Dec 25 20:06:40 smithi050 ceph-02c8f25c-a361-11ee-95a5-87774f69a715-mon.smithi050[111770]: cluster
2023-12-25T20:06:39.518253+0000 mon.smithi050 (mon.0) 29 : cluster [INF] Active manager daemon smithi050.nbzhun restarted
2023-12-25T20:06:40.969 INFO:journalctl@ceph.mon.smithi050.smithi050.stdout:Dec 25 20:06:40 smithi050 ceph-02c8f25c-a361-11ee-95a5-87774f69a715-mon.smithi050[111770]: cluster
2023-12-25T20:06:39.518693+0000 mon.smithi050 (mon.0) 30 : cluster [INF] Activating manager daemon smithi050.nbzhun
2023-12-25T20:06:40.969 INFO:journalctl@ceph.mon.smithi050.smithi050.stdout:Dec 25 20:06:40 smithi050 ceph-02c8f25c-a361-11ee-95a5-87774f69a715-mon.smithi050[111770]: cluster
2023-12-25T20:06:39.520723+0000 mon.smithi050 (mon.0) 31 : cluster [DBG] osdmap e2: 0 total, 0 up, 0 in
2023-12-25T20:06:40.969 INFO:journalctl@ceph.mon.smithi050.smithi050.stdout:Dec 25 20:06:40 smithi050 ceph-02c8f25c-a361-11ee-95a5-87774f69a715-mon.smithi050[111770]: cluster
2023-12-25T20:06:39.571249+0000 mon.smithi050 (mon.0) 32 : cluster [DBG] mgrmap e6: smithi050.nbzhun(active, starting, since 0.0526344s)
2023-12-25T20:06:40.969 INFO:journalctl@ceph.mon.smithi050.smithi050.stdout:Dec 25 20:06:40 smithi050 ceph-02c8f25c-a361-11ee-95a5-87774f69a715-mon.smithi050[111770]: audit
2023-12-25T20:06:39.572139+0000 mon.smithi050 (mon.0) 33 : audit [DBG] from='mgr.14114 172.21.15.50:0/3381094233' entity='mgr.smithi050.nbzhun' cmd=[{"prefix": "mon metadata", "id": "smithi050"}]: dispatch
2023-12-25T20:06:40.969 INFO:journalctl@ceph.mon.smithi050.smithi050.stdout:Dec 25 20:06:40 smithi050 ceph-02c8f25c-a361-11ee-95a5-87774f69a715-mon.smithi050[111770]: audit
2023-12-25T20:06:39.572753+0000 mon.smithi050 (mon.0) 34 : audit [DBG] from='mgr.14114 172.21.15.50:0/3381094233' entity='mgr.smithi050.nbzhun' cmd=[{"prefix": "mgr metadata", "who": "smithi050.nbzhun", "id": "smithi050.nbzhun"}]: dispatch
2023-12-25T20:06:40.969 INFO:journalctl@ceph.mon.smithi050.smithi050.stdout:Dec 25 20:06:40 smithi050 ceph-02c8f25c-a361-11ee-95a5-87774f69a715-mon.smithi050[111770]: audit
2023-12-25T20:06:39.573490+0000 mon.smithi050 (mon.0) 35 : audit [DBG] from='mgr.14114 172.21.15.50:0/3381094233' entity='mgr.smithi050.nbzhun' cmd=[{"prefix": "mds metadata"}]: dispatch
2023-12-25T20:06:40.969 INFO:journalctl@ceph.mon.smithi050.smithi050.stdout:Dec 25 20:06:40 smithi050 ceph-02c8f25c-a361-11ee-95a5-87774f69a715-mon.smithi050[111770]: audit
2023-12-25T20:06:39.573633+0000 mon.smithi050 (mon.0) 36 : audit [DBG] from='mgr.14114 172.21.15.50:0/3381094233' entity='mgr.smithi050.nbzhun' cmd=[{"prefix": "osd metadata"}]: dispatch
2023-12-25T20:06:40.970 INFO:journalctl@ceph.mon.smithi050.smithi050.stdout:Dec 25 20:06:40 smithi050 ceph-02c8f25c-a361-11ee-95a5-87774f69a715-mon.smithi050[111770]: audit
2023-12-25T20:06:39.573770+0000 mon.smithi050 (mon.0) 37 : audit [DBG] from='mgr.14114 172.21.15.50:0/3381094233' entity='mgr.smithi050.nbzhun' cmd=[{"prefix": "mon metadata"}]: dispatch
2023-12-25T20:06:40.970 INFO:journalctl@ceph.mon.smithi050.smithi050.stdout:Dec 25 20:06:40 smithi050 ceph-02c8f25c-a361-11ee-95a5-87774f69a715-mon.smithi050[111770]: cluster
2023-12-25T20:06:39.588068+0000 mon.smithi050 (mon.0) 38 : cluster [INF] Manager daemon smithi050.nbzhun is now available
2023-12-25T20:06:40.970 INFO:journalctl@ceph.mon.smithi050.smithi050.stdout:Dec 25 20:06:40 smithi050 ceph-02c8f25c-a361-11ee-95a5-87774f69a715-mon.smithi050[111770]: audit
