2023-12-25T21:06:31.335 INFO:teuthology.orchestra.run.smithi061.stderr:/usr/bin/ceph:
2023-12-25T21:06:31.333+0000 7f2308ff9700 1 -- 172.21.15.61:0/1977997398 <== mgr.14116 v2:172.21.15.61:6800/19001851 1 ==== mgr_command_reply(tid 0: 0 ) v1 ==== 8+0+23 (secure 0 0 0) 0x7f230c102640 con 0x7f22f802fd50
2023-12-25T21:06:31.335 INFO:teuthology.orchestra.run.smithi061.stderr:/usr/bin/ceph: Added host 'smithi061'
2023-12-25T21:06:31.336 INFO:teuthology.orchestra.run.smithi061.stderr:/usr/bin/ceph:
2023-12-25T21:06:31.335+0000 7f2312446700 1 -- 172.21.15.61:0/1977997398 >> [v2:172.21.15.61:6800/19001851,v1:172.21.15.61:6801/19001851] conn(0x7f22f802fd50 msgr2=0x7f22f8032210 secure :-1 s=STATE_CONNECTION_ESTABLISHED l=1).mark_down
2023-12-25T21:06:31.336 INFO:teuthology.orchestra.run.smithi061.stderr:/usr/bin/ceph:
2023-12-25T21:06:31.335+0000 7f2312446700 1 --2- 172.21.15.61:0/1977997398 >> [v2:172.21.15.61:6800/19001851,v1:172.21.15.61:6801/19001851] conn(0x7f22f802fd50 0x7f22f8032210 secure :-1 s=READY pgs=10 cs=0 l=1 rev1=1 rx=0x7f22fc0096a0 tx=0x7f22fc006b40).stop
2023-12-25T21:06:31.336 INFO:teuthology.orchestra.run.smithi061.stderr:/usr/bin/ceph:
2023-12-25T21:06:31.335+0000 7f2312446700 1 -- 172.21.15.61:0/1977997398 >> [v2:172.21.15.61:3300/0,v1:172.21.15.61:6789/0] conn(0x7f230c0fab80 msgr2=0x7f230c108780 secure :-1 s=STATE_CONNECTION_ESTABLISHED l=1).mark_down
2023-12-25T21:06:31.336 INFO:teuthology.orchestra.run.smithi061.stderr:/usr/bin/ceph:
2023-12-25T21:06:31.335+0000 7f2312446700 1 --2- 172.21.15.61:0/1977997398 >> [v2:172.21.15.61:3300/0,v1:172.21.15.61:6789/0] conn(0x7f230c0fab80 0x7f230c108780 secure :-1 s=READY pgs=40 cs=0 l=1 rev1=1 rx=0x7f2300006a40 tx=0x7f2300006f70).stop
2023-12-25T21:06:31.337 INFO:teuthology.orchestra.run.smithi061.stderr:/usr/bin/ceph:
2023-12-25T21:06:31.336+0000 7f2312446700 1 -- 172.21.15.61:0/1977997398 shutdown_connections
2023-12-25T21:06:31.337 INFO:teuthology.orchestra.run.smithi061.stderr:/usr/bin/ceph:
2023-12-25T21:06:31.336+0000 7f2312446700 1 --2- 172.21.15.61:0/1977997398 >> [v2:172.21.15.61:6800/19001851,v1:172.21.15.61:6801/19001851] conn(0x7f22f802fd50 0x7f22f8032210 unknown :-1 s=CLOSED pgs=10 cs=0 l=1 rev1=1 rx=0 tx=0).stop
2023-12-25T21:06:31.338 INFO:teuthology.orchestra.run.smithi061.stderr:/usr/bin/ceph:
2023-12-25T21:06:31.336+0000 7f2312446700 1 --2- 172.21.15.61:0/1977997398 >> [v2:172.21.15.61:3300/0,v1:172.21.15.61:6789/0] conn(0x7f230c0fab80 0x7f230c108780 unknown :-1 s=CLOSED pgs=40 cs=0 l=1 rev1=1 rx=0 tx=0).stop
2023-12-25T21:06:31.338 INFO:teuthology.orchestra.run.smithi061.stderr:/usr/bin/ceph:
2023-12-25T21:06:31.336+0000 7f2312446700 1 -- 172.21.15.61:0/1977997398 >> 172.21.15.61:0/1977997398 conn(0x7f230c0f63c0 msgr2=0x7f230c0ff910 unknown :-1 s=STATE_NONE l=0).mark_down
2023-12-25T21:06:31.338 INFO:teuthology.orchestra.run.smithi061.stderr:/usr/bin/ceph:
2023-12-25T21:06:31.336+0000 7f2312446700 1 -- 172.21.15.61:0/1977997398 shutdown_connections
2023-12-25T21:06:31.338 INFO:teuthology.orchestra.run.smithi061.stderr:/usr/bin/ceph:
2023-12-25T21:06:31.336+0000 7f2312446700 1 -- 172.21.15.61:0/1977997398 wait complete.
2023-12-25T21:06:31.662 INFO:teuthology.orchestra.run.smithi061.stderr:Deploying mon service with default placement...
2023-12-25T21:06:31.662 INFO:teuthology.orchestra.run.smithi061.stderr:Running command: /bin/podman run --rm --ipc=host --no-hosts --net=host --entrypoint /usr/bin/ceph --init -e CONTAINER_IMAGE=docker.io/ceph/ceph:v16.2.4 -e NODE_NAME=smithi061 -e CEPH_USE_RANDOM_NONCE=1 -v /var/log/ceph/5532d712-a369-11ee-95a5-87774f69a715:/var/log/ceph:z -v /tmp/ceph-tmps7spmgc1:/etc/ceph/ceph.client.admin.keyring:z -v /tmp/ceph-tmpxu3_plo0:/etc/ceph/ceph.conf:z docker.io/ceph/ceph:v16.2.4 orch apply mon
2023-12-25T21:06:32.010 INFO:teuthology.orchestra.run.smithi061.stderr:/usr/bin/ceph:
2023-12-25T21:06:32.006+0000 7f87b5e62700 1 Processor -- start
2023-12-25T21:06:32.010 INFO:teuthology.orchestra.run.smithi061.stderr:/usr/bin/ceph:
2023-12-25T21:06:32.006+0000 7f87b5e62700 1 -- start start
2023-12-25T21:06:32.010 INFO:teuthology.orchestra.run.smithi061.stderr:/usr/bin/ceph:
2023-12-25T21:06:32.006+0000 7f87b5e62700 1 --2- >> [v2:172.21.15.61:3300/0,v1:172.21.15.61:6789/0] conn(0x7f87b00fab80 0x7f87b00fafa0 unknown :-1 s=NONE pgs=0 cs=0 l=0 rev1=0 rx=0 tx=0).connect
2023-12-25T21:06:32.010 INFO:teuthology.orchestra.run.smithi061.stderr:/usr/bin/ceph:
2023-12-25T21:06:32.006+0000 7f87b5e62700 1 -- --> [v2:172.21.15.61:3300/0,v1:172.21.15.61:6789/0] -- mon_getmap magic: 0 v1 -- 0x7f87b00fb490 con 0x7f87b00fab80
2023-12-25T21:06:32.010 INFO:teuthology.orchestra.run.smithi061.stderr:/usr/bin/ceph:
2023-12-25T21:06:32.007+0000 7f87af7fe700 1 --2- >> [v2:172.21.15.61:3300/0,v1:172.21.15.61:6789/0] conn(0x7f87b00fab80 0x7f87b00fafa0 unknown :-1 s=BANNER_CONNECTING pgs=0 cs=0 l=0 rev1=0 rx=0 tx=0)._handle_peer_banner_payload supported=1 required=0
2023-12-25T21:06:32.010 INFO:teuthology.orchestra.run.smithi061.stderr:/usr/bin/ceph:
2023-12-25T21:06:32.007+0000 7f87af7fe700 1 --2- >> [v2:172.21.15.61:3300/0,v1:172.21.15.61:6789/0] conn(0x7f87b00fab80 0x7f87b00fafa0 unknown :-1 s=HELLO_CONNECTING pgs=0 cs=0 l=0 rev1=1 rx=0 tx=0).handle_hello peer v2:172.21.15.61:3300/0 says I am v2:172.21.15.61:59224/0 (socket says 172.21.15.61:59224)
2023-12-25T21:06:32.010 INFO:teuthology.orchestra.run.smithi061.stderr:/usr/bin/ceph:
2023-12-25T21:06:32.007+0000 7f87af7fe700 1 -- 172.21.15.61:0/1086193023 learned_addr learned my addr 172.21.15.61:0/1086193023 (peer_addr_for_me v2:172.21.15.61:0/0)
2023-12-25T21:06:32.011 INFO:teuthology.orchestra.run.smithi061.stderr:/usr/bin/ceph:
2023-12-25T21:06:32.007+0000 7f87af7fe700 1 -- 172.21.15.61:0/1086193023 --> [v2:172.21.15.61:3300/0,v1:172.21.15.61:6789/0] -- mon_subscribe({config=0+,monmap=0+}) v3 -- 0x7f87b00fb5d0 con 0x7f87b00fab80
2023-12-25T21:06:32.011 INFO:teuthology.orchestra.run.smithi061.stderr:/usr/bin/ceph:
2023-12-25T21:06:32.007+0000 7f87af7fe700 1 --2- 172.21.15.61:0/1086193023 >> [v2:172.21.15.61:3300/0,v1:172.21.15.61:6789/0] conn(0x7f87b00fab80 0x7f87b00fafa0 secure :-1 s=READY pgs=41 cs=0 l=1 rev1=1 rx=0x7f87a000b5f0 tx=0x7f87a0006ee0).ready entity=mon.0 client_cookie=64253160fb069802 server_cookie=0 in_seq=0 out_seq=0
2023-12-25T21:06:32.011 INFO:teuthology.orchestra.run.smithi061.stderr:/usr/bin/ceph:
2023-12-25T21:06:32.007+0000 7f87ae7fc700 1 -- 172.21.15.61:0/1086193023 <== mon.0 v2:172.21.15.61:3300/0 1 ==== mon_map magic: 0 v1 ==== 229+0+0 (secure 0 0 0) 0x7f87a000d600 con 0x7f87b00fab80
2023-12-25T21:06:32.011 INFO:teuthology.orchestra.run.smithi061.stderr:/usr/bin/ceph:
2023-12-25T21:06:32.008+0000 7f87ae7fc700 1 -- 172.21.15.61:0/1086193023 <== mon.0 v2:172.21.15.61:3300/0 2 ==== config(25 keys) v1 ==== 1010+0+0 (secure 0 0 0) 0x7f87a000dbd0 con 0x7f87b00fab80
2023-12-25T21:06:32.011 INFO:teuthology.orchestra.run.smithi061.stderr:/usr/bin/ceph:
2023-12-25T21:06:32.008+0000 7f87ae7fc700 1 -- 172.21.15.61:0/1086193023 <== mon.0 v2:172.21.15.61:3300/0 3 ==== mon_map magic: 0 v1 ==== 229+0+0 (secure 0 0 0) 0x7f87a0011c00 con 0x7f87b00fab80
2023-12-25T21:06:32.011 INFO:teuthology.orchestra.run.smithi061.stderr:/usr/bin/ceph:
2023-12-25T21:06:32.008+0000 7f87b5e62700 1 -- 172.21.15.61:0/1086193023 >> [v2:172.21.15.61:3300/0,v1:172.21.15.61:6789/0] conn(0x7f87b00fab80 msgr2=0x7f87b00fafa0 secure :-1 s=STATE_CONNECTION_ESTABLISHED l=1).mark_down
2023-12-25T21:06:32.011 INFO:teuthology.orchestra.run.smithi061.stderr:/usr/bin/ceph:
2023-12-25T21:06:32.008+0000 7f87b5e62700 1 --2- 172.21.15.61:0/1086193023 >> [v2:172.21.15.61:3300/0,v1:172.21.15.61:6789/0] conn(0x7f87b00fab80 0x7f87b00fafa0 secure :-1 s=READY pgs=41 cs=0 l=1 rev1=1 rx=0x7f87a000b5f0 tx=0x7f87a0006ee0).stop
2023-12-25T21:06:32.011 INFO:teuthology.orchestra.run.smithi061.stderr:/usr/bin/ceph:
2023-12-25T21:06:32.008+0000 7f87b5e62700 1 -- 172.21.15.61:0/1086193023 shutdown_connections
2023-12-25T21:06:32.011 INFO:teuthology.orchestra.run.smithi061.stderr:/usr/bin/ceph:
2023-12-25T21:06:32.008+0000 7f87b5e62700 1 --2- 172.21.15.61:0/1086193023 >> [v2:172.21.15.61:3300/0,v1:172.21.15.61:6789/0] conn(0x7f87b00fab80 0x7f87b00fafa0 unknown :-1 s=CLOSED pgs=41 cs=0 l=1 rev1=1 rx=0 tx=0).stop
2023-12-25T21:06:32.011 INFO:teuthology.orchestra.run.smithi061.stderr:/usr/bin/ceph:
2023-12-25T21:06:32.008+0000 7f87b5e62700 1 -- 172.21.15.61:0/1086193023 >> 172.21.15.61:0/1086193023 conn(0x7f87b00f63c0 msgr2=0x7f87b00f87e0 unknown :-1 s=STATE_NONE l=0).mark_down
2023-12-25T21:06:32.011 INFO:teuthology.orchestra.run.smithi061.stderr:/usr/bin/ceph:
2023-12-25T21:06:32.008+0000 7f87b5e62700 1 -- 172.21.15.61:0/1086193023 shutdown_connections
2023-12-25T21:06:32.011 INFO:teuthology.orchestra.run.smithi061.stderr:/usr/bin/ceph:
2023-12-25T21:06:32.008+0000 7f87b5e62700 1 -- 172.21.15.61:0/1086193023 wait complete.
2023-12-25T21:06:32.011 INFO:teuthology.orchestra.run.smithi061.stderr:/usr/bin/ceph:
2023-12-25T21:06:32.009+0000 7f87b5e62700 1 Processor -- start
2023-12-25T21:06:32.012 INFO:teuthology.orchestra.run.smithi061.stderr:/usr/bin/ceph:
2023-12-25T21:06:32.009+0000 7f87b5e62700 1 -- start start
2023-12-25T21:06:32.012 INFO:teuthology.orchestra.run.smithi061.stderr:/usr/bin/ceph:
2023-12-25T21:06:32.009+0000 7f87b5e62700 1 --2- >> [v2:172.21.15.61:3300/0,v1:172.21.15.61:6789/0] conn(0x7f87b00fab80 0x7f87b0100e10 unknown :-1 s=NONE pgs=0 cs=0 l=1 rev1=0 rx=0 tx=0).connect
2023-12-25T21:06:32.012 INFO:teuthology.orchestra.run.smithi061.stderr:/usr/bin/ceph:
2023-12-25T21:06:32.009+0000 7f87b5e62700 1 -- --> [v2:172.21.15.61:3300/0,v1:172.21.15.61:6789/0] -- mon_getmap magic: 0 v1 -- 0x7f87b00ff290 con 0x7f87b00fab80
2023-12-25T21:06:32.013 INFO:teuthology.orchestra.run.smithi061.stderr:/usr/bin/ceph:
2023-12-25T21:06:32.009+0000 7f87af7fe700 1 --2- >> [v2:172.21.15.61:3300/0,v1:172.21.15.61:6789/0] conn(0x7f87b00fab80 0x7f87b0100e10 unknown :-1 s=BANNER_CONNECTING pgs=0 cs=0 l=1 rev1=0 rx=0 tx=0)._handle_peer_banner_payload supported=1 required=0
2023-12-25T21:06:32.014 INFO:teuthology.orchestra.run.smithi061.stderr:/usr/bin/ceph:
2023-12-25T21:06:32.009+0000 7f87af7fe700 1 --2- >> [v2:172.21.15.61:3300/0,v1:172.21.15.61:6789/0] conn(0x7f87b00fab80 0x7f87b0100e10 unknown :-1 s=HELLO_CONNECTING pgs=0 cs=0 l=1 rev1=1 rx=0 tx=0).handle_hello peer v2:172.21.15.61:3300/0 says I am v2:172.21.15.61:59228/0 (socket says 172.21.15.61:59228)
2023-12-25T21:06:32.014 INFO:teuthology.orchestra.run.smithi061.stderr:/usr/bin/ceph:
2023-12-25T21:06:32.009+0000 7f87af7fe700 1 -- 172.21.15.61:0/1237552315 learned_addr learned my addr 172.21.15.61:0/1237552315 (peer_addr_for_me v2:172.21.15.61:0/0)
2023-12-25T21:06:32.014 INFO:teuthology.orchestra.run.smithi061.stderr:/usr/bin/ceph:
2023-12-25T21:06:32.009+0000 7f87af7fe700 1 -- 172.21.15.61:0/1237552315 --> [v2:172.21.15.61:3300/0,v1:172.21.15.61:6789/0] -- mon_subscribe({config=0+,monmap=0+}) v3 -- 0x7f87a000b200 con 0x7f87b00fab80
2023-12-25T21:06:32.014 INFO:teuthology.orchestra.run.smithi061.stderr:/usr/bin/ceph:
2023-12-25T21:06:32.010+0000 7f87af7fe700 1 --2- 172.21.15.61:0/1237552315 >> [v2:172.21.15.61:3300/0,v1:172.21.15.61:6789/0] conn(0x7f87b00fab80 0x7f87b0100e10 secure :-1 s=READY pgs=42 cs=0 l=1 rev1=1 rx=0x7f87a000b1d0 tx=0x7f87a0006ee0).ready entity=mon.0 client_cookie=0 server_cookie=0 in_seq=0 out_seq=0
2023-12-25T21:06:32.014 INFO:teuthology.orchestra.run.smithi061.stderr:/usr/bin/ceph:
2023-12-25T21:06:32.010+0000 7f87a7fff700 1 -- 172.21.15.61:0/1237552315 <== mon.0 v2:172.21.15.61:3300/0 1 ==== mon_map magic: 0 v1 ==== 229+0+0 (secure 0 0 0) 0x7f87a001b410 con 0x7f87b00fab80
2023-12-25T21:06:32.014 INFO:teuthology.orchestra.run.smithi061.stderr:/usr/bin/ceph:
2023-12-25T21:06:32.010+0000 7f87a7fff700 1 -- 172.21.15.61:0/1237552315 <== mon.0 v2:172.21.15.61:3300/0 2 ==== config(25 keys) v1 ==== 1010+0+0 (secure 0 0 0) 0x7f87a001b9e0 con 0x7f87b00fab80
2023-12-25T21:06:32.014 INFO:teuthology.orchestra.run.smithi061.stderr:/usr/bin/ceph:
2023-12-25T21:06:32.010+0000 7f87b5e62700 1 -- 172.21.15.61:0/1237552315 --> [v2:172.21.15.61:3300/0,v1:172.21.15.61:6789/0] -- mon_subscribe({mgrmap=0+}) v3 -- 0x7f87b00ff430 con 0x7f87b00fab80
2023-12-25T21:06:32.014 INFO:teuthology.orchestra.run.smithi061.stderr:/usr/bin/ceph:
2023-12-25T21:06:32.010+0000 7f87a7fff700 1 -- 172.21.15.61:0/1237552315 <== mon.0 v2:172.21.15.61:3300/0 3 ==== mon_map magic: 0 v1 ==== 229+0+0 (secure 0 0 0) 0x7f87a001a840 con 0x7f87b00fab80
2023-12-25T21:06:32.014 INFO:teuthology.orchestra.run.smithi061.stderr:/usr/bin/ceph:
2023-12-25T21:06:32.010+0000 7f87b5e62700 1 -- 172.21.15.61:0/1237552315 --> [v2:172.21.15.61:3300/0,v1:172.21.15.61:6789/0] -- mon_subscribe({osdmap=0}) v3 -- 0x7f87b00ff840 con 0x7f87b00fab80
2023-12-25T21:06:32.014 INFO:teuthology.orchestra.run.smithi061.stderr:/usr/bin/ceph:
2023-12-25T21:06:32.011+0000 7f87a7fff700 1 -- 172.21.15.61:0/1237552315 <== mon.0 v2:172.21.15.61:3300/0 4 ==== mgrmap(e 8) v1 ==== 36120+0+0 (secure 0 0 0) 0x7f87a000f070 con 0x7f87b00fab80
2023-12-25T21:06:32.014 INFO:teuthology.orchestra.run.smithi061.stderr:/usr/bin/ceph:
2023-12-25T21:06:32.011+0000 7f87a7fff700 1 --2- 172.21.15.61:0/1237552315 >> [v2:172.21.15.61:6800/19001851,v1:172.21.15.61:6801/19001851] conn(0x7f879002fd50 0x7f8790032210 unknown :-1 s=NONE pgs=0 cs=0 l=1 rev1=0 rx=0 tx=0).connect
2023-12-25T21:06:32.014 INFO:teuthology.orchestra.run.smithi061.stderr:/usr/bin/ceph:
2023-12-25T21:06:32.011+0000 7f87a7fff700 1 -- 172.21.15.61:0/1237552315 <== mon.0 v2:172.21.15.61:3300/0 5 ==== osd_map(2..2 src has 1..2) v4 ==== 926+0+0 (secure 0 0 0) 0x7f87a00412d0 con 0x7f87b00fab80
2023-12-25T21:06:32.015 INFO:teuthology.orchestra.run.smithi061.stderr:/usr/bin/ceph:
2023-12-25T21:06:32.011+0000 7f87aeffd700 1 --2- 172.21.15.61:0/1237552315 >> [v2:172.21.15.61:6800/19001851,v1:172.21.15.61:6801/19001851] conn(0x7f879002fd50 0x7f8790032210 unknown :-1 s=BANNER_CONNECTING pgs=0 cs=0 l=1 rev1=0 rx=0 tx=0)._handle_peer_banner_payload supported=1 required=0
2023-12-25T21:06:32.015 INFO:teuthology.orchestra.run.smithi061.stderr:/usr/bin/ceph:
2023-12-25T21:06:32.011+0000 7f87b5e62700 1 -- 172.21.15.61:0/1237552315 --> [v2:172.21.15.61:3300/0,v1:172.21.15.61:6789/0] -- mon_command({"prefix": "get_command_descriptions"} v 0) v1 -- 0x7f87b0059100 con 0x7f87b00fab80
2023-12-25T21:06:32.015 INFO:teuthology.orchestra.run.smithi061.stderr:/usr/bin/ceph:
2023-12-25T21:06:32.011+0000 7f87aeffd700 1 --2- 172.21.15.61:0/1237552315 >> [v2:172.21.15.61:6800/19001851,v1:172.21.15.61:6801/19001851] conn(0x7f879002fd50 0x7f8790032210 secure :-1 s=READY pgs=11 cs=0 l=1 rev1=1 rx=0x7f87980096a0 tx=0x7f8798006b40).ready entity=mgr.14116 client_cookie=0 server_cookie=0 in_seq=0 out_seq=0
2023-12-25T21:06:32.016 INFO:teuthology.orchestra.run.smithi061.stderr:/usr/bin/ceph:
2023-12-25T21:06:32.015+0000 7f87a7fff700 1 -- 172.21.15.61:0/1237552315 <== mon.0 v2:172.21.15.61:3300/0 6 ==== mon_command_ack([{"prefix": "get_command_descriptions"}]=0 v0) v1 ==== 72+0+152212 (secure 0 0 0) 0x7f87a0025460 con 0x7f87b00fab80
2023-12-25T21:06:32.201 INFO:teuthology.orchestra.run.smithi061.stderr:/usr/bin/ceph:
2023-12-25T21:06:32.200+0000 7f87b5e62700 1 -- 172.21.15.61:0/1237552315 --> [v2:172.21.15.61:6800/19001851,v1:172.21.15.61:6801/19001851] -- mgr_command(tid 0: {"prefix": "orch apply", "service_type": "mon", "target": ["mon-mgr", ""]}) v1 -- 0x7f87b0104a00 con 0x7f879002fd50
2023-12-25T21:06:32.204 INFO:teuthology.orchestra.run.smithi061.stderr:/usr/bin/ceph:
2023-12-25T21:06:32.204+0000 7f87a7fff700 1 -- 172.21.15.61:0/1237552315 <== mgr.14116 v2:172.21.15.61:6800/19001851 1 ==== mgr_command_reply(tid 0: 0 ) v1 ==== 8+0+24 (secure 0 0 0) 0x7f87b0104a00 con 0x7f879002fd50
2023-12-25T21:06:32.205 INFO:teuthology.orchestra.run.smithi061.stderr:/usr/bin/ceph: Scheduled mon update...
2023-12-25T21:06:32.207 INFO:teuthology.orchestra.run.smithi061.stderr:/usr/bin/ceph:
2023-12-25T21:06:32.205+0000 7f87b5e62700 1 -- 172.21.15.61:0/1237552315 >> [v2:172.21.15.61:6800/19001851,v1:172.21.15.61:6801/19001851] conn(0x7f879002fd50 msgr2=0x7f8790032210 secure :-1 s=STATE_CONNECTION_ESTABLISHED l=1).mark_down
2023-12-25T21:06:32.207 INFO:teuthology.orchestra.run.smithi061.stderr:/usr/bin/ceph:
2023-12-25T21:06:32.206+0000 7f87b5e62700 1 --2- 172.21.15.61:0/1237552315 >> [v2:172.21.15.61:6800/19001851,v1:172.21.15.61:6801/19001851] conn(0x7f879002fd50 0x7f8790032210 secure :-1 s=READY pgs=11 cs=0 l=1 rev1=1 rx=0x7f87980096a0 tx=0x7f8798006b40).stop
2023-12-25T21:06:32.207 INFO:teuthology.orchestra.run.smithi061.stderr:/usr/bin/ceph:
2023-12-25T21:06:32.206+0000 7f87b5e62700 1 -- 172.21.15.61:0/1237552315 >> [v2:172.21.15.61:3300/0,v1:172.21.15.61:6789/0] conn(0x7f87b00fab80 msgr2=0x7f87b0100e10 secure :-1 s=STATE_CONNECTION_ESTABLISHED l=1).mark_down
2023-12-25T21:06:32.207 INFO:teuthology.orchestra.run.smithi061.stderr:/usr/bin/ceph:
2023-12-25T21:06:32.206+0000 7f87b5e62700 1 --2- 172.21.15.61:0/1237552315 >> [v2:172.21.15.61:3300/0,v1:172.21.15.61:6789/0] conn(0x7f87b00fab80 0x7f87b0100e10 secure :-1 s=READY pgs=42 cs=0 l=1 rev1=1 rx=0x7f87a000b1d0 tx=0x7f87a0006ee0).stop
2023-12-25T21:06:32.207 INFO:teuthology.orchestra.run.smithi061.stderr:/usr/bin/ceph:
2023-12-25T21:06:32.206+0000 7f87b5e62700 1 -- 172.21.15.61:0/1237552315 shutdown_connections
2023-12-25T21:06:32.208 INFO:teuthology.orchestra.run.smithi061.stderr:/usr/bin/ceph:
2023-12-25T21:06:32.206+0000 7f87b5e62700 1 --2- 172.21.15.61:0/1237552315 >> [v2:172.21.15.61:6800/19001851,v1:172.21.15.61:6801/19001851] conn(0x7f879002fd50 0x7f8790032210 unknown :-1 s=CLOSED pgs=11 cs=0 l=1 rev1=1 rx=0 tx=0).stop
2023-12-25T21:06:32.208 INFO:teuthology.orchestra.run.smithi061.stderr:/usr/bin/ceph:
2023-12-25T21:06:32.206+0000 7f87b5e62700 1 --2- 172.21.15.61:0/1237552315 >> [v2:172.21.15.61:3300/0,v1:172.21.15.61:6789/0] conn(0x7f87b00fab80 0x7f87b0100e10 unknown :-1 s=CLOSED pgs=42 cs=0 l=1 rev1=1 rx=0 tx=0).stop
2023-12-25T21:06:32.208 INFO:teuthology.orchestra.run.smithi061.stderr:/usr/bin/ceph:
2023-12-25T21:06:32.206+0000 7f87b5e62700 1 -- 172.21.15.61:0/1237552315 >> 172.21.15.61:0/1237552315 conn(0x7f87b00f63c0 msgr2=0x7f87b00f7ea0 unknown :-1 s=STATE_NONE l=0).mark_down
2023-12-25T21:06:32.208 INFO:teuthology.orchestra.run.smithi061.stderr:/usr/bin/ceph:
2023-12-25T21:06:32.206+0000 7f87b5e62700 1 -- 172.21.15.61:0/1237552315 shutdown_connections
2023-12-25T21:06:32.208 INFO:teuthology.orchestra.run.smithi061.stderr:/usr/bin/ceph:
2023-12-25T21:06:32.206+0000 7f87b5e62700 1 -- 172.21.15.61:0/1237552315 wait complete.
2023-12-25T21:06:32.523 INFO:journalctl@ceph.mon.smithi061.smithi061.stdout:Dec 25 21:06:32 smithi061 ceph-5532d712-a369-11ee-95a5-87774f69a715-mon.smithi061[111722]: audit
2023-12-25T21:06:30.713366+0000 mgr.smithi061.jxxeke (mgr.14116) 8 : audit [DBG] from='client.14134 -' entity='client.admin' cmd=[{"prefix": "orch host add", "hostname": "smithi061", "addr": "172.21.15.61", "target": ["mon-mgr", ""]}]: dispatch
2023-12-25T21:06:32.523 INFO:journalctl@ceph.mon.smithi061.smithi061.stdout:Dec 25 21:06:32 smithi061 ceph-5532d712-a369-11ee-95a5-87774f69a715-mon.smithi061[111722]: audit
2023-12-25T21:06:31.333977+0000 mon.smithi061 (mon.0) 55 : audit [INF] from='mgr.14116 172.21.15.61:0/2770331949' entity='mgr.smithi061.jxxeke'
2023-12-25T21:06:32.523 INFO:journalctl@ceph.mon.smithi061.smithi061.stdout:Dec 25 21:06:32 smithi061 ceph-5532d712-a369-11ee-95a5-87774f69a715-mon.smithi061[111722]: audit
2023-12-25T21:06:31.334581+0000 mon.smithi061 (mon.0) 56 : audit [DBG] from='mgr.14116 172.21.15.61:0/2770331949' entity='mgr.smithi061.jxxeke' cmd=[{"prefix": "config dump", "format": "json"}]: dispatch
2023-12-25T21:06:32.523 INFO:journalctl@ceph.mon.smithi061.smithi061.stdout:Dec 25 21:06:32 smithi061 ceph-5532d712-a369-11ee-95a5-87774f69a715-mon.smithi061[111722]: audit
2023-12-25T21:06:32.204915+0000 mon.smithi061 (mon.0) 57 : audit [INF] from='mgr.14116 172.21.15.61:0/2770331949' entity='mgr.smithi061.jxxeke'
2023-12-25T21:06:32.545 INFO:teuthology.orchestra.run.smithi061.stderr:Deploying mgr service with default placement...
2023-12-25T21:06:32.545 INFO:teuthology.orchestra.run.smithi061.stderr:Running command: /bin/podman run --rm --ipc=host --no-hosts --net=host --entrypoint /usr/bin/ceph --init -e CONTAINER_IMAGE=docker.io/ceph/ceph:v16.2.4 -e NODE_NAME=smithi061 -e CEPH_USE_RANDOM_NONCE=1 -v /var/log/ceph/5532d712-a369-11ee-95a5-87774f69a715:/var/log/ceph:z -v /tmp/ceph-tmps7spmgc1:/etc/ceph/ceph.client.admin.keyring:z -v /tmp/ceph-tmpxu3_plo0:/etc/ceph/ceph.conf:z docker.io/ceph/ceph:v16.2.4 orch apply mgr
2023-12-25T21:06:32.921 INFO:teuthology.orchestra.run.smithi061.stderr:/usr/bin/ceph:
2023-12-25T21:06:32.920+0000 7fd8a214a700 1 Processor -- start
2023-12-25T21:06:32.924 INFO:teuthology.orchestra.run.smithi061.stderr:/usr/bin/ceph:
2023-12-25T21:06:32.920+0000 7fd8a214a700 1 -- start start
2023-12-25T21:06:32.924 INFO:teuthology.orchestra.run.smithi061.stderr:/usr/bin/ceph:
2023-12-25T21:06:32.921+0000 7fd8a214a700 1 --2- >> [v2:172.21.15.61:3300/0,v1:172.21.15.61:6789/0] conn(0x7fd89c0703f0 0x7fd89c0fe920 unknown :-1 s=NONE pgs=0 cs=0 l=0 rev1=0 rx=0 tx=0).connect
2023-12-25T21:06:32.924 INFO:teuthology.orchestra.run.smithi061.stderr:/usr/bin/ceph:
2023-12-25T21:06:32.921+0000 7fd8a214a700 1 -- --> [v2:172.21.15.61:3300/0,v1:172.21.15.61:6789/0] -- mon_getmap magic: 0 v1 -- 0x7fd89c0fee10 con 0x7fd89c0703f0
2023-12-25T21:06:32.924 INFO:teuthology.orchestra.run.smithi061.stderr:/usr/bin/ceph:
2023-12-25T21:06:32.921+0000 7fd89b7fe700 1 --2- >> [v2:172.21.15.61:3300/0,v1:172.21.15.61:6789/0] conn(0x7fd89c0703f0 0x7fd89c0fe920 unknown :-1 s=BANNER_CONNECTING pgs=0 cs=0 l=0 rev1=0 rx=0 tx=0)._handle_peer_banner_payload supported=1 required=0
2023-12-25T21:06:32.924 INFO:teuthology.orchestra.run.smithi061.stderr:/usr/bin/ceph:
2023-12-25T21:06:32.921+0000 7fd89b7fe700 1 --2- >> [v2:172.21.15.61:3300/0,v1:172.21.15.61:6789/0] conn(0x7fd89c0703f0 0x7fd89c0fe920 unknown :-1 s=HELLO_CONNECTING pgs=0 cs=0 l=0 rev1=1 rx=0 tx=0).handle_hello peer v2:172.21.15.61:3300/0 says I am v2:172.21.15.61:59238/0 (socket says 172.21.15.61:59238)
2023-12-25T21:06:32.924 INFO:teuthology.orchestra.run.smithi061.stderr:/usr/bin/ceph:
2023-12-25T21:06:32.921+0000 7fd89b7fe700 1 -- 172.21.15.61:0/83674226 learned_addr learned my addr 172.21.15.61:0/83674226 (peer_addr_for_me v2:172.21.15.61:0/0)
2023-12-25T21:06:32.924 INFO:teuthology.orchestra.run.smithi061.stderr:/usr/bin/ceph:
2023-12-25T21:06:32.921+0000 7fd89b7fe700 1 -- 172.21.15.61:0/83674226 --> [v2:172.21.15.61:3300/0,v1:172.21.15.61:6789/0] -- mon_subscribe({config=0+,monmap=0+}) v3 -- 0x7fd89c0fef50 con 0x7fd89c0703f0
2023-12-25T21:06:32.924 INFO:teuthology.orchestra.run.smithi061.stderr:/usr/bin/ceph:
2023-12-25T21:06:32.921+0000 7fd89b7fe700 1 --2- 172.21.15.61:0/83674226 >> [v2:172.21.15.61:3300/0,v1:172.21.15.61:6789/0] conn(0x7fd89c0703f0 0x7fd89c0fe920 secure :-1 s=READY pgs=43 cs=0 l=1 rev1=1 rx=0x7fd88c00b5f0 tx=0x7fd88c006ee0).ready entity=mon.0 client_cookie=7e7cbe84e58eeb6f server_cookie=0 in_seq=0 out_seq=0
2023-12-25T21:06:32.924 INFO:teuthology.orchestra.run.smithi061.stderr:/usr/bin/ceph:
2023-12-25T21:06:32.921+0000 7fd89a7fc700 1 -- 172.21.15.61:0/83674226 <== mon.0 v2:172.21.15.61:3300/0 1 ==== mon_map magic: 0 v1 ==== 229+0+0 (secure 0 0 0) 0x7fd88c00d600 con 0x7fd89c0703f0
2023-12-25T21:06:32.925 INFO:teuthology.orchestra.run.smithi061.stderr:/usr/bin/ceph:
2023-12-25T21:06:32.921+0000 7fd89a7fc700 1 -- 172.21.15.61:0/83674226 <== mon.0 v2:172.21.15.61:3300/0 2 ==== config(25 keys) v1 ==== 1010+0+0 (secure 0 0 0) 0x7fd88c00dbd0 con 0x7fd89c0703f0
2023-12-25T21:06:32.925 INFO:teuthology.orchestra.run.smithi061.stderr:/usr/bin/ceph:
2023-12-25T21:06:32.921+0000 7fd89a7fc700 1 -- 172.21.15.61:0/83674226 <== mon.0 v2:172.21.15.61:3300/0 3 ==== mon_map magic: 0 v1 ==== 229+0+0 (secure 0 0 0) 0x7fd88c011c00 con 0x7fd89c0703f0
2023-12-25T21:06:32.925 INFO:teuthology.orchestra.run.smithi061.stderr:/usr/bin/ceph:
2023-12-25T21:06:32.922+0000 7fd8a214a700 1 -- 172.21.15.61:0/83674226 >> [v2:172.21.15.61:3300/0,v1:172.21.15.61:6789/0] conn(0x7fd89c0703f0 msgr2=0x7fd89c0fe920 secure :-1 s=STATE_CONNECTION_ESTABLISHED l=1).mark_down
2023-12-25T21:06:32.925 INFO:teuthology.orchestra.run.smithi061.stderr:/usr/bin/ceph:
2023-12-25T21:06:32.922+0000 7fd8a214a700 1 --2- 172.21.15.61:0/83674226 >> [v2:172.21.15.61:3300/0,v1:172.21.15.61:6789/0] conn(0x7fd89c0703f0 0x7fd89c0fe920 secure :-1 s=READY pgs=43 cs=0 l=1 rev1=1 rx=0x7fd88c00b5f0 tx=0x7fd88c006ee0).stop
2023-12-25T21:06:32.925 INFO:teuthology.orchestra.run.smithi061.stderr:/usr/bin/ceph:
2023-12-25T21:06:32.922+0000 7fd8a214a700 1 -- 172.21.15.61:0/83674226 shutdown_connections
2023-12-25T21:06:32.925 INFO:teuthology.orchestra.run.smithi061.stderr:/usr/bin/ceph:
2023-12-25T21:06:32.922+0000 7fd8a214a700 1 --2- 172.21.15.61:0/83674226 >> [v2:172.21.15.61:3300/0,v1:172.21.15.61:6789/0] conn(0x7fd89c0703f0 0x7fd89c0fe920 unknown :-1 s=CLOSED pgs=43 cs=0 l=1 rev1=1 rx=0 tx=0).stop
2023-12-25T21:06:32.925 INFO:teuthology.orchestra.run.smithi061.stderr:/usr/bin/ceph:
2023-12-25T21:06:32.922+0000 7fd8a214a700 1 -- 172.21.15.61:0/83674226 >> 172.21.15.61:0/83674226 conn(0x7fd89c0f63c0 msgr2=0x7fd89c0f87e0 unknown :-1 s=STATE_NONE l=0).mark_down
2023-12-25T21:06:32.925 INFO:teuthology.orchestra.run.smithi061.stderr:/usr/bin/ceph:
2023-12-25T21:06:32.922+0000 7fd8a214a700 1 -- 172.21.15.61:0/83674226 shutdown_connections
2023-12-25T21:06:32.925 INFO:teuthology.orchestra.run.smithi061.stderr:/usr/bin/ceph:
2023-12-25T21:06:32.922+0000 7fd8a214a700 1 -- 172.21.15.61:0/83674226 wait complete.
2023-12-25T21:06:32.925 INFO:teuthology.orchestra.run.smithi061.stderr:/usr/bin/ceph:
2023-12-25T21:06:32.923+0000 7fd8a214a700 1 Processor -- start
2023-12-25T21:06:32.925 INFO:teuthology.orchestra.run.smithi061.stderr:/usr/bin/ceph:
2023-12-25T21:06:32.923+0000 7fd8a214a700 1 -- start start
2023-12-25T21:06:32.925 INFO:teuthology.orchestra.run.smithi061.stderr:/usr/bin/ceph:
2023-12-25T21:06:32.923+0000 7fd8a214a700 1 --2- >> [v2:172.21.15.61:3300/0,v1:172.21.15.61:6789/0] conn(0x7fd89c0703f0 0x7fd89c0fc3a0 unknown :-1 s=NONE pgs=0 cs=0 l=1 rev1=0 rx=0 tx=0).connect
2023-12-25T21:06:32.926 INFO:teuthology.orchestra.run.smithi061.stderr:/usr/bin/ceph:
2023-12-25T21:06:32.923+0000 7fd8a214a700 1 -- --> [v2:172.21.15.61:3300/0,v1:172.21.15.61:6789/0] -- mon_getmap magic: 0 v1 -- 0x7fd89c0fa820 con 0x7fd89c0703f0
2023-12-25T21:06:32.926 INFO:teuthology.orchestra.run.smithi061.stderr:/usr/bin/ceph:
2023-12-25T21:06:32.923+0000 7fd89b7fe700 1 --2- >> [v2:172.21.15.61:3300/0,v1:172.21.15.61:6789/0] conn(0x7fd89c0703f0 0x7fd89c0fc3a0 unknown :-1 s=BANNER_CONNECTING pgs=0 cs=0 l=1 rev1=0 rx=0 tx=0)._handle_peer_banner_payload supported=1 required=0
2023-12-25T21:06:32.926 INFO:teuthology.orchestra.run.smithi061.stderr:/usr/bin/ceph:
2023-12-25T21:06:32.923+0000 7fd89b7fe700 1 --2- >> [v2:172.21.15.61:3300/0,v1:172.21.15.61:6789/0] conn(0x7fd89c0703f0 0x7fd89c0fc3a0 unknown :-1 s=HELLO_CONNECTING pgs=0 cs=0 l=1 rev1=1 rx=0 tx=0).handle_hello peer v2:172.21.15.61:3300/0 says I am v2:172.21.15.61:59250/0 (socket says 172.21.15.61:59250)
2023-12-25T21:06:32.927 INFO:teuthology.orchestra.run.smithi061.stderr:/usr/bin/ceph:
2023-12-25T21:06:32.923+0000 7fd89b7fe700 1 -- 172.21.15.61:0/2656679817 learned_addr learned my addr 172.21.15.61:0/2656679817 (peer_addr_for_me v2:172.21.15.61:0/0)
2023-12-25T21:06:32.927 INFO:teuthology.orchestra.run.smithi061.stderr:/usr/bin/ceph:
2023-12-25T21:06:32.923+0000 7fd89b7fe700 1 -- 172.21.15.61:0/2656679817 --> [v2:172.21.15.61:3300/0,v1:172.21.15.61:6789/0] -- mon_subscribe({config=0+,monmap=0+}) v3 -- 0x7fd88c00b200 con 0x7fd89c0703f0
2023-12-25T21:06:32.927 INFO:teuthology.orchestra.run.smithi061.stderr:/usr/bin/ceph:
2023-12-25T21:06:32.924+0000 7fd89b7fe700 1 --2- 172.21.15.61:0/2656679817 >> [v2:172.21.15.61:3300/0,v1:172.21.15.61:6789/0] conn(0x7fd89c0703f0 0x7fd89c0fc3a0 secure :-1 s=READY pgs=44 cs=0 l=1 rev1=1 rx=0x7fd88c00e040 tx=0x7fd88c006ee0).ready entity=mon.0 client_cookie=0 server_cookie=0 in_seq=0 out_seq=0
2023-12-25T21:06:32.927 INFO:teuthology.orchestra.run.smithi061.stderr:/usr/bin/ceph:
2023-12-25T21:06:32.924+0000 7fd893fff700 1 -- 172.21.15.61:0/2656679817 <== mon.0 v2:172.21.15.61:3300/0 1 ==== mon_map magic: 0 v1 ==== 229+0+0 (secure 0 0 0) 0x7fd88c00d9f0 con 0x7fd89c0703f0
2023-12-25T21:06:32.927 INFO:teuthology.orchestra.run.smithi061.stderr:/usr/bin/ceph:
2023-12-25T21:06:32.924+0000 7fd893fff700 1 -- 172.21.15.61:0/2656679817 <== mon.0 v2:172.21.15.61:3300/0 2 ==== config(25 keys) v1 ==== 1010+0+0 (secure 0 0 0) 0x7fd88c01a9f0 con 0x7fd89c0703f0
2023-12-25T21:06:32.927 INFO:teuthology.orchestra.run.smithi061.stderr:/usr/bin/ceph:
2023-12-25T21:06:32.924+0000 7fd8a214a700 1 -- 172.21.15.61:0/2656679817 --> [v2:172.21.15.61:3300/0,v1:172.21.15.61:6789/0] -- mon_subscribe({mgrmap=0+}) v3 -- 0x7fd89c0fa9c0 con 0x7fd89c0703f0
2023-12-25T21:06:32.927 INFO:teuthology.orchestra.run.smithi061.stderr:/usr/bin/ceph:
2023-12-25T21:06:32.924+0000 7fd893fff700 1 -- 172.21.15.61:0/2656679817 <== mon.0 v2:172.21.15.61:3300/0 3 ==== mon_map magic: 0 v1 ==== 229+0+0 (secure 0 0 0) 0x7fd88c01b8c0 con 0x7fd89c0703f0
2023-12-25T21:06:32.927 INFO:teuthology.orchestra.run.smithi061.stderr:/usr/bin/ceph:
2023-12-25T21:06:32.924+0000 7fd8a214a700 1 -- 172.21.15.61:0/2656679817 --> [v2:172.21.15.61:3300/0,v1:172.21.15.61:6789/0] -- mon_subscribe({osdmap=0}) v3 -- 0x7fd89c0fadd0 con 0x7fd89c0703f0
2023-12-25T21:06:32.927 INFO:teuthology.orchestra.run.smithi061.stderr:/usr/bin/ceph:
2023-12-25T21:06:32.925+0000 7fd893fff700 1 -- 172.21.15.61:0/2656679817 <== mon.0 v2:172.21.15.61:3300/0 4 ==== mgrmap(e 8) v1 ==== 36120+0+0 (secure 0 0 0) 0x7fd88c00f070 con 0x7fd89c0703f0
2023-12-25T21:06:32.927 INFO:teuthology.orchestra.run.smithi061.stderr:/usr/bin/ceph:
2023-12-25T21:06:32.925+0000 7fd893fff700 1 --2- 172.21.15.61:0/2656679817 >> [v2:172.21.15.61:6800/19001851,v1:172.21.15.61:6801/19001851] conn(0x7fd87c02fd50 0x7fd87c032210 unknown :-1 s=NONE pgs=0 cs=0 l=1 rev1=0 rx=0 tx=0).connect
2023-12-25T21:06:32.928 INFO:teuthology.orchestra.run.smithi061.stderr:/usr/bin/ceph:
2023-12-25T21:06:32.925+0000 7fd8a214a700 1 -- 172.21.15.61:0/2656679817 --> [v2:172.21.15.61:3300/0,v1:172.21.15.61:6789/0] -- mon_command({"prefix": "get_command_descriptions"} v 0) v1 -- 0x7fd89c045ad0 con 0x7fd89c0703f0
2023-12-25T21:06:32.928 INFO:teuthology.orchestra.run.smithi061.stderr:/usr/bin/ceph:
2023-12-25T21:06:32.925+0000 7fd893fff700 1 -- 172.21.15.61:0/2656679817 <== mon.0 v2:172.21.15.61:3300/0 5 ==== osd_map(2..2 src has 1..2) v4 ==== 926+0+0 (secure 0 0 0) 0x7fd88c01ab60 con 0x7fd89c0703f0
2023-12-25T21:06:32.928 INFO:teuthology.orchestra.run.smithi061.stderr:/usr/bin/ceph:
2023-12-25T21:06:32.925+0000 7fd89affd700 1 --2- 172.21.15.61:0/2656679817 >> [v2:172.21.15.61:6800/19001851,v1:172.21.15.61:6801/19001851] conn(0x7fd87c02fd50 0x7fd87c032210 unknown :-1 s=BANNER_CONNECTING pgs=0 cs=0 l=1 rev1=0 rx=0 tx=0)._handle_peer_banner_payload supported=1 required=0
2023-12-25T21:06:32.928 INFO:teuthology.orchestra.run.smithi061.stderr:/usr/bin/ceph:
2023-12-25T21:06:32.925+0000 7fd89affd700 1 --2- 172.21.15.61:0/2656679817 >> [v2:172.21.15.61:6800/19001851,v1:172.21.15.61:6801/19001851] conn(0x7fd87c02fd50 0x7fd87c032210 secure :-1 s=READY pgs=12 cs=0 l=1 rev1=1 rx=0x7fd8840096a0 tx=0x7fd884006b40).ready entity=mgr.14116 client_cookie=0 server_cookie=0 in_seq=0 out_seq=0
2023-12-25T21:06:32.929 INFO:teuthology.orchestra.run.smithi061.stderr:/usr/bin/ceph:
2023-12-25T21:06:32.929+0000 7fd893fff700 1 -- 172.21.15.61:0/2656679817 <== mon.0 v2:172.21.15.61:3300/0 6 ==== mon_command_ack([{"prefix": "get_command_descriptions"}]=0 v0) v1 ==== 72+0+152212 (secure 0 0 0) 0x7fd88c016070 con 0x7fd89c0703f0
2023-12-25T21:06:33.115 INFO:teuthology.orchestra.run.smithi061.stderr:/usr/bin/ceph:
2023-12-25T21:06:33.114+0000 7fd8a214a700 1 -- 172.21.15.61:0/2656679817 --> [v2:172.21.15.61:6800/19001851,v1:172.21.15.61:6801/19001851] -- mgr_command(tid 0: {"prefix": "orch apply", "service_type": "mgr", "target": ["mon-mgr", ""]}) v1 -- 0x7fd89c0fb010 con 0x7fd87c02fd50
2023-12-25T21:06:33.118 INFO:teuthology.orchestra.run.smithi061.stderr:/usr/bin/ceph:
2023-12-25T21:06:33.118+0000 7fd893fff700 1 -- 172.21.15.61:0/2656679817 <== mgr.14116 v2:172.21.15.61:6800/19001851 1 ==== mgr_command_reply(tid 0: 0 ) v1 ==== 8+0+24 (secure 0 0 0) 0x7fd89c0fb010 con 0x7fd87c02fd50
2023-12-25T21:06:33.118 INFO:teuthology.orchestra.run.smithi061.stderr:/usr/bin/ceph: Scheduled mgr update...
2023-12-25T21:06:33.120 INFO:teuthology.orchestra.run.smithi061.stderr:/usr/bin/ceph:
2023-12-25T21:06:33.119+0000 7fd8a214a700 1 -- 172.21.15.61:0/2656679817 >> [v2:172.21.15.61:6800/19001851,v1:172.21.15.61:6801/19001851] conn(0x7fd87c02fd50 msgr2=0x7fd87c032210 secure :-1 s=STATE_CONNECTION_ESTABLISHED l=1).mark_down
2023-12-25T21:06:33.121 INFO:teuthology.orchestra.run.smithi061.stderr:/usr/bin/ceph:
2023-12-25T21:06:33.119+0000 7fd8a214a700 1 --2- 172.21.15.61:0/2656679817 >> [v2:172.21.15.61:6800/19001851,v1:172.21.15.61:6801/19001851] conn(0x7fd87c02fd50 0x7fd87c032210 secure :-1 s=READY pgs=12 cs=0 l=1 rev1=1 rx=0x7fd8840096a0 tx=0x7fd884006b40).stop
2023-12-25T21:06:33.121 INFO:teuthology.orchestra.run.smithi061.stderr:/usr/bin/ceph:
2023-12-25T21:06:33.119+0000 7fd8a214a700 1 -- 172.21.15.61:0/2656679817 >> [v2:172.21.15.61:3300/0,v1:172.21.15.61:6789/0] conn(0x7fd89c0703f0 msgr2=0x7fd89c0fc3a0 secure :-1 s=STATE_CONNECTION_ESTABLISHED l=1).mark_down
2023-12-25T21:06:33.121 INFO:teuthology.orchestra.run.smithi061.stderr:/usr/bin/ceph:
2023-12-25T21:06:33.119+0000 7fd8a214a700 1 --2- 172.21.15.61:0/2656679817 >> [v2:172.21.15.61:3300/0,v1:172.21.15.61:6789/0] conn(0x7fd89c0703f0 0x7fd89c0fc3a0 secure :-1 s=READY pgs=44 cs=0 l=1 rev1=1 rx=0x7fd88c00e040 tx=0x7fd88c006ee0).stop
2023-12-25T21:06:33.121 INFO:teuthology.orchestra.run.smithi061.stderr:/usr/bin/ceph:
2023-12-25T21:06:33.119+0000 7fd8a214a700 1 -- 172.21.15.61:0/2656679817 shutdown_connections
2023-12-25T21:06:33.121 INFO:teuthology.orchestra.run.smithi061.stderr:/usr/bin/ceph:
2023-12-25T21:06:33.119+0000 7fd8a214a700 1 --2- 172.21.15.61:0/2656679817 >> [v2:172.21.15.61:6800/19001851,v1:172.21.15.61:6801/19001851] conn(0x7fd87c02fd50 0x7fd87c032210 unknown :-1 s=CLOSED pgs=12 cs=0 l=1 rev1=1 rx=0 tx=0).stop
2023-12-25T21:06:33.121 INFO:teuthology.orchestra.run.smithi061.stderr:/usr/bin/ceph:
2023-12-25T21:06:33.119+0000 7fd8a214a700 1 --2- 172.21.15.61:0/2656679817 >> [v2:172.21.15.61:3300/0,v1:172.21.15.61:6789/0] conn(0x7fd89c0703f0 0x7fd89c0fc3a0 unknown :-1 s=CLOSED pgs=44 cs=0 l=1 rev1=1 rx=0 tx=0).stop
2023-12-25T21:06:33.121 INFO:teuthology.orchestra.run.smithi061.stderr:/usr/bin/ceph:
2023-12-25T21:06:33.119+0000 7fd8a214a700 1 -- 172.21.15.61:0/2656679817 >> 172.21.15.61:0/2656679817 conn(0x7fd89c0f63c0 msgr2=0x7fd89c0f7f20 unknown :-1 s=STATE_NONE l=0).mark_down
2023-12-25T21:06:33.121 INFO:teuthology.orchestra.run.smithi061.stderr:/usr/bin/ceph:
2023-12-25T21:06:33.119+0000 7fd8a214a700 1 -- 172.21.15.61:0/2656679817 shutdown_connections
2023-12-25T21:06:33.121 INFO:teuthology.orchestra.run.smithi061.stderr:/usr/bin/ceph:
2023-12-25T21:06:33.119+0000 7fd8a214a700 1 -- 172.21.15.61:0/2656679817 wait complete.
2023-12-25T21:06:33.455 INFO:journalctl@ceph.mon.smithi061.smithi061.stdout:Dec 25 21:06:33 smithi061 ceph-5532d712-a369-11ee-95a5-87774f69a715-mon.smithi061[111722]: cephadm
2023-12-25T21:06:31.334309+0000 mgr.smithi061.jxxeke (mgr.14116) 9 : cephadm [INF] Added host smithi061
2023-12-25T21:06:33.455 INFO:journalctl@ceph.mon.smithi061.smithi061.stdout:Dec 25 21:06:33 smithi061 ceph-5532d712-a369-11ee-95a5-87774f69a715-mon.smithi061[111722]: audit
2023-12-25T21:06:32.202044+0000 mgr.smithi061.jxxeke (mgr.14116) 10 : audit [DBG] from='client.14136 -' entity='client.admin' cmd=[{"prefix": "orch apply", "service_type": "mon", "target": ["mon-mgr", ""]}]: dispatch
2023-12-25T21:06:33.455 INFO:journalctl@ceph.mon.smithi061.smithi061.stdout:Dec 25 21:06:33 smithi061 ceph-5532d712-a369-11ee-95a5-87774f69a715-mon.smithi061[111722]: cephadm
2023-12-25T21:06:32.202782+0000 mgr.smithi061.jxxeke (mgr.14116) 11 : cephadm [INF] Saving service mon spec with placement count:5
2023-12-25T21:06:33.456 INFO:journalctl@ceph.mon.smithi061.smithi061.stdout:Dec 25 21:06:33 smithi061 ceph-5532d712-a369-11ee-95a5-87774f69a715-mon.smithi061[111722]: audit
2023-12-25T21:06:33.118616+0000 mon.smithi061 (mon.0) 58 : audit [INF] from='mgr.14116 172.21.15.61:0/2770331949' entity='mgr.smithi061.jxxeke'
2023-12-25T21:06:33.487 INFO:teuthology.orchestra.run.smithi061.stderr:Deploying crash service with default placement...
2023-12-25T21:06:33.488 INFO:teuthology.orchestra.run.smithi061.stderr:Running command: /bin/podman run --rm --ipc=host --no-hosts --net=host --entrypoint /usr/bin/ceph --init -e CONTAINER_IMAGE=docker.io/ceph/ceph:v16.2.4 -e NODE_NAME=smithi061 -e CEPH_USE_RANDOM_NONCE=1 -v /var/log/ceph/5532d712-a369-11ee-95a5-87774f69a715:/var/log/ceph:z -v /tmp/ceph-tmps7spmgc1:/etc/ceph/ceph.client.admin.keyring:z -v /tmp/ceph-tmpxu3_plo0:/etc/ceph/ceph.conf:z docker.io/ceph/ceph:v16.2.4 orch apply crash
2023-12-25T21:06:33.842 INFO:teuthology.orchestra.run.smithi061.stderr:/usr/bin/ceph:
2023-12-25T21:06:33.840+0000 7f7e36948700 1 Processor -- start
2023-12-25T21:06:33.842 INFO:teuthology.orchestra.run.smithi061.stderr:/usr/bin/ceph:
2023-12-25T21:06:33.840+0000 7f7e36948700 1 -- start start
2023-12-25T21:06:33.843 INFO:teuthology.orchestra.run.smithi061.stderr:/usr/bin/ceph:
2023-12-25T21:06:33.841+0000 7f7e36948700 1 --2- >> [v2:172.21.15.61:3300/0,v1:172.21.15.61:6789/0] conn(0x7f7e300fab80 0x7f7e300fafa0 unknown :-1 s=NONE pgs=0 cs=0 l=0 rev1=0 rx=0 tx=0).connect
2023-12-25T21:06:33.843 INFO:teuthology.orchestra.run.smithi061.stderr:/usr/bin/ceph:
2023-12-25T21:06:33.841+0000 7f7e36948700 1 -- --> [v2:172.21.15.61:3300/0,v1:172.21.15.61:6789/0] -- mon_getmap magic: 0 v1 -- 0x7f7e300fb490 con 0x7f7e300fab80
2023-12-25T21:06:33.843 INFO:teuthology.orchestra.run.smithi061.stderr:/usr/bin/ceph:
2023-12-25T21:06:33.841+0000 7f7e2ffff700 1 --2- >> [v2:172.21.15.61:3300/0,v1:172.21.15.61:6789/0] conn(0x7f7e300fab80 0x7f7e300fafa0 unknown :-1 s=BANNER_CONNECTING pgs=0 cs=0 l=0 rev1=0 rx=0 tx=0)._handle_peer_banner_payload supported=1 required=0
2023-12-25T21:06:33.843 INFO:teuthology.orchestra.run.smithi061.stderr:/usr/bin/ceph:
2023-12-25T21:06:33.841+0000 7f7e2ffff700 1 --2- >> [v2:172.21.15.61:3300/0,v1:172.21.15.61:6789/0] conn(0x7f7e300fab80 0x7f7e300fafa0 unknown :-1 s=HELLO_CONNECTING pgs=0 cs=0 l=0 rev1=1 rx=0 tx=0).handle_hello peer v2:172.21.15.61:3300/0 says I am v2:172.21.15.61:59254/0 (socket says 172.21.15.61:59254)
2023-12-25T21:06:33.843 INFO:teuthology.orchestra.run.smithi061.stderr:/usr/bin/ceph:
2023-12-25T21:06:33.841+0000 7f7e2ffff700 1 -- 172.21.15.61:0/3562379075 learned_addr learned my addr 172.21.15.61:0/3562379075 (peer_addr_for_me v2:172.21.15.61:0/0)
2023-12-25T21:06:33.843 INFO:teuthology.orchestra.run.smithi061.stderr:/usr/bin/ceph:
2023-12-25T21:06:33.841+0000 7f7e2ffff700 1 -- 172.21.15.61:0/3562379075 --> [v2:172.21.15.61:3300/0,v1:172.21.15.61:6789/0] -- mon_subscribe({config=0+,monmap=0+}) v3 -- 0x7f7e300fb5d0 con 0x7f7e300fab80
2023-12-25T21:06:33.843 INFO:teuthology.orchestra.run.smithi061.stderr:/usr/bin/ceph:
2023-12-25T21:06:33.841+0000 7f7e2ffff700 1 --2- 172.21.15.61:0/3562379075 >> [v2:172.21.15.61:3300/0,v1:172.21.15.61:6789/0] conn(0x7f7e300fab80 0x7f7e300fafa0 secure :-1 s=READY pgs=45 cs=0 l=1 rev1=1 rx=0x7f7e2000b5f0 tx=0x7f7e20006ee0).ready entity=mon.0 client_cookie=b315a23756460f6e server_cookie=0 in_seq=0 out_seq=0
2023-12-25T21:06:33.846 INFO:teuthology.orchestra.run.smithi061.stderr:/usr/bin/ceph:
2023-12-25T21:06:33.841+0000 7f7e2effd700 1 -- 172.21.15.61:0/3562379075 <== mon.0 v2:172.21.15.61:3300/0 1 ==== mon_map magic: 0 v1 ==== 229+0+0 (secure 0 0 0) 0x7f7e2000d600 con 0x7f7e300fab80
2023-12-25T21:06:33.846 INFO:teuthology.orchestra.run.smithi061.stderr:/usr/bin/ceph:
2023-12-25T21:06:33.841+0000 7f7e2effd700 1 -- 172.21.15.61:0/3562379075 <== mon.0 v2:172.21.15.61:3300/0 2 ==== config(25 keys) v1 ==== 1010+0+0 (secure 0 0 0) 0x7f7e2000dbd0 con 0x7f7e300fab80
2023-12-25T21:06:33.846 INFO:teuthology.orchestra.run.smithi061.stderr:/usr/bin/ceph:
2023-12-25T21:06:33.841+0000 7f7e2effd700 1 -- 172.21.15.61:0/3562379075 <== mon.0 v2:172.21.15.61:3300/0 3 ==== mon_map magic: 0 v1 ==== 229+0+0 (secure 0 0 0) 0x7f7e20011c00 con 0x7f7e300fab80
2023-12-25T21:06:33.846 INFO:teuthology.orchestra.run.smithi061.stderr:/usr/bin/ceph:
2023-12-25T21:06:33.842+0000 7f7e36948700 1 -- 172.21.15.61:0/3562379075 >> [v2:172.21.15.61:3300/0,v1:172.21.15.61:6789/0] conn(0x7f7e300fab80 msgr2=0x7f7e300fafa0 secure :-1 s=STATE_CONNECTION_ESTABLISHED l=1).mark_down
2023-12-25T21:06:33.846 INFO:teuthology.orchestra.run.smithi061.stderr:/usr/bin/ceph:
2023-12-25T21:06:33.842+0000 7f7e36948700 1 --2- 172.21.15.61:0/3562379075 >> [v2:172.21.15.61:3300/0,v1:172.21.15.61:6789/0] conn(0x7f7e300fab80 0x7f7e300fafa0 secure :-1 s=READY pgs=45 cs=0 l=1 rev1=1 rx=0x7f7e2000b5f0 tx=0x7f7e20006ee0).stop
2023-12-25T21:06:33.846 INFO:teuthology.orchestra.run.smithi061.stderr:/usr/bin/ceph:
2023-12-25T21:06:33.842+0000 7f7e36948700 1 -- 172.21.15.61:0/3562379075 shutdown_connections
2023-12-25T21:06:33.846 INFO:teuthology.orchestra.run.smithi061.stderr:/usr/bin/ceph:
2023-12-25T21:06:33.842+0000 7f7e36948700 1 --2- 172.21.15.61:0/3562379075 >> [v2:172.21.15.61:3300/0,v1:172.21.15.61:6789/0] conn(0x7f7e300fab80 0x7f7e300fafa0 unknown :-1 s=CLOSED pgs=45 cs=0 l=1 rev1=1 rx=0 tx=0).stop
2023-12-25T21:06:33.846 INFO:teuthology.orchestra.run.smithi061.stderr:/usr/bin/ceph:
2023-12-25T21:06:33.842+0000 7f7e36948700 1 -- 172.21.15.61:0/3562379075 >> 172.21.15.61:0/3562379075 conn(0x7f7e300f63c0 msgr2=0x7f7e300f87e0 unknown :-1 s=STATE_NONE l=0).mark_down
2023-12-25T21:06:33.846 INFO:teuthology.orchestra.run.smithi061.stderr:/usr/bin/ceph:
2023-12-25T21:06:33.842+0000 7f7e36948700 1 -- 172.21.15.61:0/3562379075 shutdown_connections
2023-12-25T21:06:33.846 INFO:teuthology.orchestra.run.smithi061.stderr:/usr/bin/ceph:
2023-12-25T21:06:33.842+0000 7f7e36948700 1 -- 172.21.15.61:0/3562379075 wait complete.
2023-12-25T21:06:33.846 INFO:teuthology.orchestra.run.smithi061.stderr:/usr/bin/ceph:
2023-12-25T21:06:33.842+0000 7f7e36948700 1 Processor -- start
2023-12-25T21:06:33.846 INFO:teuthology.orchestra.run.smithi061.stderr:/usr/bin/ceph:
2023-12-25T21:06:33.843+0000 7f7e36948700 1 -- start start
2023-12-25T21:06:33.847 INFO:teuthology.orchestra.run.smithi061.stderr:/usr/bin/ceph:
2023-12-25T21:06:33.843+0000 7f7e36948700 1 --2- >> [v2:172.21.15.61:3300/0,v1:172.21.15.61:6789/0] conn(0x7f7e300fab80 0x7f7e3010d740 unknown :-1 s=NONE pgs=0 cs=0 l=1 rev1=0 rx=0 tx=0).connect
2023-12-25T21:06:33.847 INFO:teuthology.orchestra.run.smithi061.stderr:/usr/bin/ceph:
2023-12-25T21:06:33.843+0000 7f7e36948700 1 -- --> [v2:172.21.15.61:3300/0,v1:172.21.15.61:6789/0] -- mon_getmap magic: 0 v1 -- 0x7f7e30070450 con 0x7f7e300fab80
2023-12-25T21:06:33.847 INFO:teuthology.orchestra.run.smithi061.stderr:/usr/bin/ceph:
2023-12-25T21:06:33.843+0000 7f7e2ffff700 1 --2- >> [v2:172.21.15.61:3300/0,v1:172.21.15.61:6789/0] conn(0x7f7e300fab80 0x7f7e3010d740 unknown :-1 s=BANNER_CONNECTING pgs=0 cs=0 l=1 rev1=0 rx=0 tx=0)._handle_peer_banner_payload supported=1 required=0
2023-12-25T21:06:33.847 INFO:teuthology.orchestra.run.smithi061.stderr:/usr/bin/ceph:
2023-12-25T21:06:33.843+0000 7f7e2ffff700 1 --2- >> [v2:172.21.15.61:3300/0,v1:172.21.15.61:6789/0] conn(0x7f7e300fab80 0x7f7e3010d740 unknown :-1 s=HELLO_CONNECTING pgs=0 cs=0 l=1 rev1=1 rx=0 tx=0).handle_hello peer v2:172.21.15.61:3300/0 says I am v2:172.21.15.61:59264/0 (socket says 172.21.15.61:59264)
2023-12-25T21:06:33.847 INFO:teuthology.orchestra.run.smithi061.stderr:/usr/bin/ceph:
2023-12-25T21:06:33.843+0000 7f7e2ffff700 1 -- 172.21.15.61:0/3653678999 learned_addr learned my addr 172.21.15.61:0/3653678999 (peer_addr_for_me v2:172.21.15.61:0/0)
2023-12-25T21:06:33.847 INFO:teuthology.orchestra.run.smithi061.stderr:/usr/bin/ceph:
2023-12-25T21:06:33.843+0000 7f7e2ffff700 1 -- 172.21.15.61:0/3653678999 --> [v2:172.21.15.61:3300/0,v1:172.21.15.61:6789/0] -- mon_subscribe({config=0+,monmap=0+}) v3 -- 0x7f7e2000b200 con 0x7f7e300fab80
2023-12-25T21:06:33.847 INFO:teuthology.orchestra.run.smithi061.stderr:/usr/bin/ceph:
2023-12-25T21:06:33.843+0000 7f7e2ffff700 1 --2- 172.21.15.61:0/3653678999 >> [v2:172.21.15.61:3300/0,v1:172.21.15.61:6789/0] conn(0x7f7e300fab80 0x7f7e3010d740 secure :-1 s=READY pgs=46 cs=0 l=1 rev1=1 rx=0x7f7e2000e040 tx=0x7f7e20006ee0).ready entity=mon.0 client_cookie=0 server_cookie=0 in_seq=0 out_seq=0
2023-12-25T21:06:33.847 INFO:teuthology.orchestra.run.smithi061.stderr:/usr/bin/ceph:
2023-12-25T21:06:33.844+0000 7f7e2cff9700 1 -- 172.21.15.61:0/3653678999 <== mon.0 v2:172.21.15.61:3300/0 1 ==== mon_map magic: 0 v1 ==== 229+0+0 (secure 0 0 0) 0x7f7e2001b410 con 0x7f7e300fab80
2023-12-25T21:06:33.847 INFO:teuthology.orchestra.run.smithi061.stderr:/usr/bin/ceph:
2023-12-25T21:06:33.844+0000 7f7e2cff9700 1 -- 172.21.15.61:0/3653678999 <== mon.0 v2:172.21.15.61:3300/0 2 ==== config(25 keys) v1 ==== 1010+0+0 (secure 0 0 0) 0x7f7e2001b9e0 con 0x7f7e300fab80
2023-12-25T21:06:33.847 INFO:teuthology.orchestra.run.smithi061.stderr:/usr/bin/ceph:
2023-12-25T21:06:33.844+0000 7f7e36948700 1 -- 172.21.15.61:0/3653678999 --> [v2:172.21.15.61:3300/0,v1:172.21.15.61:6789/0] -- mon_subscribe({mgrmap=0+}) v3 -- 0x7f7e30070650 con 0x7f7e300fab80
2023-12-25T21:06:33.847 INFO:teuthology.orchestra.run.smithi061.stderr:/usr/bin/ceph:
2023-12-25T21:06:33.844+0000 7f7e2cff9700 1 -- 172.21.15.61:0/3653678999 <== mon.0 v2:172.21.15.61:3300/0 3 ==== mon_map magic: 0 v1 ==== 229+0+0 (secure 0 0 0) 0x7f7e2001a820 con 0x7f7e300fab80
2023-12-25T21:06:33.847 INFO:teuthology.orchestra.run.smithi061.stderr:/usr/bin/ceph:
2023-12-25T21:06:33.844+0000 7f7e36948700 1 -- 172.21.15.61:0/3653678999 --> [v2:172.21.15.61:3300/0,v1:172.21.15.61:6789/0] -- mon_subscribe({osdmap=0}) v3 -- 0x7f7e3010ddf0 con 0x7f7e300fab80
2023-12-25T21:06:33.847 INFO:teuthology.orchestra.run.smithi061.stderr:/usr/bin/ceph:
2023-12-25T21:06:33.844+0000 7f7e2cff9700 1 -- 172.21.15.61:0/3653678999 <== mon.0 v2:172.21.15.61:3300/0 4 ==== mgrmap(e 8) v1 ==== 36120+0+0 (secure 0 0 0) 0x7f7e2000f070 con 0x7f7e300fab80
2023-12-25T21:06:33.847 INFO:teuthology.orchestra.run.smithi061.stderr:/usr/bin/ceph:
2023-12-25T21:06:33.845+0000 7f7e2cff9700 1 --2- 172.21.15.61:0/3653678999 >> [v2:172.21.15.61:6800/19001851,v1:172.21.15.61:6801/19001851] conn(0x7f7e1c02fd50 0x7f7e1c032210 unknown :-1 s=NONE pgs=0 cs=0 l=1 rev1=0 rx=0 tx=0).connect
2023-12-25T21:06:33.848 INFO:teuthology.orchestra.run.smithi061.stderr:/usr/bin/ceph:
2023-12-25T21:06:33.845+0000 7f7e2cff9700 1 -- 172.21.15.61:0/3653678999 <== mon.0 v2:172.21.15.61:3300/0 5 ==== osd_map(2..2 src has 1..2) v4 ==== 926+0+0 (secure 0 0 0) 0x7f7e20041480 con 0x7f7e300fab80
2023-12-25T21:06:33.848 INFO:teuthology.orchestra.run.smithi061.stderr:/usr/bin/ceph:
2023-12-25T21:06:33.845+0000 7f7e2f7fe700 1 --2- 172.21.15.61:0/3653678999 >> [v2:172.21.15.61:6800/19001851,v1:172.21.15.61:6801/19001851] conn(0x7f7e1c02fd50 0x7f7e1c032210 unknown :-1 s=BANNER_CONNECTING pgs=0 cs=0 l=1 rev1=0 rx=0 tx=0)._handle_peer_banner_payload supported=1 required=0
2023-12-25T21:06:33.848 INFO:teuthology.orchestra.run.smithi061.stderr:/usr/bin/ceph:
2023-12-25T21:06:33.845+0000 7f7e36948700 1 -- 172.21.15.61:0/3653678999 --> [v2:172.21.15.61:3300/0,v1:172.21.15.61:6789/0] -- mon_command({"prefix": "get_command_descriptions"} v 0) v1 -- 0x7f7e30059100 con 0x7f7e300fab80
2023-12-25T21:06:33.848 INFO:teuthology.orchestra.run.smithi061.stderr:/usr/bin/ceph:
2023-12-25T21:06:33.845+0000 7f7e2f7fe700 1 --2- 172.21.15.61:0/3653678999 >> [v2:172.21.15.61:6800/19001851,v1:172.21.15.61:6801/19001851] conn(0x7f7e1c02fd50 0x7f7e1c032210 secure :-1 s=READY pgs=13 cs=0 l=1 rev1=1 rx=0x7f7e240096a0 tx=0x7f7e24006b40).ready entity=mgr.14116 client_cookie=0 server_cookie=0 in_seq=0 out_seq=0
2023-12-25T21:06:33.850 INFO:teuthology.orchestra.run.smithi061.stderr:/usr/bin/ceph:
2023-12-25T21:06:33.849+0000 7f7e2cff9700 1 -- 172.21.15.61:0/3653678999 <== mon.0 v2:172.21.15.61:3300/0 6 ==== mon_command_ack([{"prefix": "get_command_descriptions"}]=0 v0) v1 ==== 72+0+152212 (secure 0 0 0) 0x7f7e20016070 con 0x7f7e300fab80
2023-12-25T21:06:34.034 INFO:teuthology.orchestra.run.smithi061.stderr:/usr/bin/ceph:
2023-12-25T21:06:34.033+0000 7f7e36948700 1 -- 172.21.15.61:0/3653678999 --> [v2:172.21.15.61:6800/19001851,v1:172.21.15.61:6801/19001851] -- mgr_command(tid 0: {"prefix": "orch apply", "service_type": "crash", "target": ["mon-mgr", ""]}) v1 -- 0x7f7e300fc900 con 0x7f7e1c02fd50
2023-12-25T21:06:34.038 INFO:teuthology.orchestra.run.smithi061.stderr:/usr/bin/ceph:
2023-12-25T21:06:34.037+0000 7f7e2cff9700 1 -- 172.21.15.61:0/3653678999 <== mgr.14116 v2:172.21.15.61:6800/19001851 1 ==== mgr_command_reply(tid 0: 0 ) v1 ==== 8+0+26 (secure 0 0 0) 0x7f7e300fc900 con 0x7f7e1c02fd50
2023-12-25T21:06:34.038 INFO:teuthology.orchestra.run.smithi061.stderr:/usr/bin/ceph: Scheduled crash update...
2023-12-25T21:06:34.040 INFO:teuthology.orchestra.run.smithi061.stderr:/usr/bin/ceph:
2023-12-25T21:06:34.039+0000 7f7e36948700 1 -- 172.21.15.61:0/3653678999 >> [v2:172.21.15.61:6800/19001851,v1:172.21.15.61:6801/19001851] conn(0x7f7e1c02fd50 msgr2=0x7f7e1c032210 secure :-1 s=STATE_CONNECTION_ESTABLISHED l=1).mark_down
2023-12-25T21:06:34.040 INFO:teuthology.orchestra.run.smithi061.stderr:/usr/bin/ceph:
