2023-12-26T17:17:25.266+0000 7ff6e0ecb700 1 -- 172.21.15.26:0/672527981 --> [v2:172.21.15.26:3300/0,v1:172.21.15.26:6789/0] -- mon_subscribe({osdmap=0}) v3 -- 0x7ff6dc10b500 con 0x7ff6dc070430
2023-12-26T17:17:25.318 INFO:teuthology.orchestra.run.smithi026.stderr:/usr/bin/ceph:
2023-12-26T17:17:25.266+0000 7ff6caffd700 1 -- 172.21.15.26:0/672527981 <== mon.0 v2:172.21.15.26:3300/0 4 ==== mgrmap(e 5) v1 ==== 36120+0+0 (secure 0 0 0) 0x7ff6cc00f070 con 0x7ff6dc070430
2023-12-26T17:17:25.318 INFO:teuthology.orchestra.run.smithi026.stderr:/usr/bin/ceph:
2023-12-26T17:17:25.266+0000 7ff6caffd700 1 --2- 172.21.15.26:0/672527981 >> [v2:172.21.15.26:6800/3222105182,v1:172.21.15.26:6801/3222105182] conn(0x7ff6c002fd50 0x7ff6c0032210 unknown :-1 s=NONE pgs=0 cs=0 l=1 rev1=0 rx=0 tx=0).connect
2023-12-26T17:17:25.318 INFO:teuthology.orchestra.run.smithi026.stderr:/usr/bin/ceph:
2023-12-26T17:17:25.266+0000 7ff6e0ecb700 1 -- 172.21.15.26:0/672527981 --> [v2:172.21.15.26:6800/3222105182,v1:172.21.15.26:6801/3222105182] -- command(tid 0: {"prefix": "get_command_descriptions"}) v1 -- 0x7ff6dc059100 con 0x7ff6c002fd50
2023-12-26T17:17:25.318 INFO:teuthology.orchestra.run.smithi026.stderr:/usr/bin/ceph:
2023-12-26T17:17:25.266+0000 7ff6caffd700 1 -- 172.21.15.26:0/672527981 <== mon.0 v2:172.21.15.26:3300/0 5 ==== osd_map(1..1 src has 1..1) v4 ==== 754+0+0 (secure 0 0 0) 0x7ff6cc0411d0 con 0x7ff6dc070430
2023-12-26T17:17:25.318 INFO:teuthology.orchestra.run.smithi026.stderr:/usr/bin/ceph:
2023-12-26T17:17:25.266+0000 7ff6d9d9b700 1 -- 172.21.15.26:0/672527981 >> [v2:172.21.15.26:6800/3222105182,v1:172.21.15.26:6801/3222105182] conn(0x7ff6c002fd50 msgr2=0x7ff6c0032210 unknown :-1 s=STATE_CONNECTING_RE l=1).process reconnect failed to v2:172.21.15.26:6800/3222105182
2023-12-26T17:17:25.318 INFO:teuthology.orchestra.run.smithi026.stderr:/usr/bin/ceph:
2023-12-26T17:17:25.267+0000 7ff6d9d9b700 1 --2- 172.21.15.26:0/672527981 >> [v2:172.21.15.26:6800/3222105182,v1:172.21.15.26:6801/3222105182] conn(0x7ff6c002fd50 0x7ff6c0032210 unknown :-1 s=START_CONNECT pgs=0 cs=0 l=1 rev1=0 rx=0 tx=0)._fault waiting 0.200000
2023-12-26T17:17:25.471 INFO:teuthology.orchestra.run.smithi026.stderr:/usr/bin/ceph:
2023-12-26T17:17:25.468+0000 7ff6d9d9b700 1 -- 172.21.15.26:0/672527981 >> [v2:172.21.15.26:6800/3222105182,v1:172.21.15.26:6801/3222105182] conn(0x7ff6c002fd50 msgr2=0x7ff6c0032210 unknown :-1 s=STATE_CONNECTING_RE l=1).process reconnect failed to v2:172.21.15.26:6800/3222105182
2023-12-26T17:17:25.471 INFO:teuthology.orchestra.run.smithi026.stderr:/usr/bin/ceph:
2023-12-26T17:17:25.468+0000 7ff6d9d9b700 1 --2- 172.21.15.26:0/672527981 >> [v2:172.21.15.26:6800/3222105182,v1:172.21.15.26:6801/3222105182] conn(0x7ff6c002fd50 0x7ff6c0032210 unknown :-1 s=START_CONNECT pgs=0 cs=0 l=1 rev1=0 rx=0 tx=0)._fault waiting 0.400000
2023-12-26T17:17:25.872 INFO:teuthology.orchestra.run.smithi026.stderr:/usr/bin/ceph:
2023-12-26T17:17:25.869+0000 7ff6d9d9b700 1 -- 172.21.15.26:0/672527981 >> [v2:172.21.15.26:6800/3222105182,v1:172.21.15.26:6801/3222105182] conn(0x7ff6c002fd50 msgr2=0x7ff6c0032210 unknown :-1 s=STATE_CONNECTING_RE l=1).process reconnect failed to v2:172.21.15.26:6800/3222105182
2023-12-26T17:17:25.872 INFO:teuthology.orchestra.run.smithi026.stderr:/usr/bin/ceph:
2023-12-26T17:17:25.869+0000 7ff6d9d9b700 1 --2- 172.21.15.26:0/672527981 >> [v2:172.21.15.26:6800/3222105182,v1:172.21.15.26:6801/3222105182] conn(0x7ff6c002fd50 0x7ff6c0032210 unknown :-1 s=START_CONNECT pgs=0 cs=0 l=1 rev1=0 rx=0 tx=0)._fault waiting 0.800000
2023-12-26T17:17:26.673 INFO:teuthology.orchestra.run.smithi026.stderr:/usr/bin/ceph:
2023-12-26T17:17:26.670+0000 7ff6d9d9b700 1 -- 172.21.15.26:0/672527981 >> [v2:172.21.15.26:6800/3222105182,v1:172.21.15.26:6801/3222105182] conn(0x7ff6c002fd50 msgr2=0x7ff6c0032210 unknown :-1 s=STATE_CONNECTING_RE l=1).process reconnect failed to v2:172.21.15.26:6800/3222105182
2023-12-26T17:17:26.673 INFO:teuthology.orchestra.run.smithi026.stderr:/usr/bin/ceph:
2023-12-26T17:17:26.670+0000 7ff6d9d9b700 1 --2- 172.21.15.26:0/672527981 >> [v2:172.21.15.26:6800/3222105182,v1:172.21.15.26:6801/3222105182] conn(0x7ff6c002fd50 0x7ff6c0032210 unknown :-1 s=START_CONNECT pgs=0 cs=0 l=1 rev1=0 rx=0 tx=0)._fault waiting 1.600000
2023-12-26T17:17:27.331 INFO:teuthology.orchestra.run.smithi026.stderr:/usr/bin/ceph:
2023-12-26T17:17:27.328+0000 7ff6caffd700 1 -- 172.21.15.26:0/672527981 <== mon.0 v2:172.21.15.26:3300/0 6 ==== mgrmap(e 6) v1 ==== 35970+0+0 (secure 0 0 0) 0x7ff6cc01bb50 con 0x7ff6dc070430
2023-12-26T17:17:27.331 INFO:teuthology.orchestra.run.smithi026.stderr:/usr/bin/ceph:
2023-12-26T17:17:27.328+0000 7ff6caffd700 1 -- 172.21.15.26:0/672527981 >> [v2:172.21.15.26:6800/3222105182,v1:172.21.15.26:6801/3222105182] conn(0x7ff6c002fd50 msgr2=0x7ff6c0032210 unknown :-1 s=STATE_CONNECTING l=1).mark_down
2023-12-26T17:17:27.331 INFO:teuthology.orchestra.run.smithi026.stderr:/usr/bin/ceph:
2023-12-26T17:17:27.328+0000 7ff6caffd700 1 --2- 172.21.15.26:0/672527981 >> [v2:172.21.15.26:6800/3222105182,v1:172.21.15.26:6801/3222105182] conn(0x7ff6c002fd50 0x7ff6c0032210 unknown :-1 s=START_CONNECT pgs=0 cs=0 l=1 rev1=0 rx=0 tx=0).stop
2023-12-26T17:17:28.332 INFO:teuthology.orchestra.run.smithi026.stderr:/usr/bin/ceph:
2023-12-26T17:17:28.329+0000 7ff6caffd700 1 -- 172.21.15.26:0/672527981 <== mon.0 v2:172.21.15.26:3300/0 7 ==== mgrmap(e 7) v1 ==== 36040+0+0 (secure 0 0 0) 0x7ff6cc019300 con 0x7ff6dc070430
2023-12-26T17:17:28.333 INFO:teuthology.orchestra.run.smithi026.stderr:/usr/bin/ceph:
2023-12-26T17:17:28.329+0000 7ff6caffd700 1 --2- 172.21.15.26:0/672527981 >> [v2:172.21.15.26:6800/301759066,v1:172.21.15.26:6801/301759066] conn(0x7ff6c0033670 0x7ff6c0035a60 unknown :-1 s=NONE pgs=0 cs=0 l=1 rev1=0 rx=0 tx=0).connect
2023-12-26T17:17:28.333 INFO:teuthology.orchestra.run.smithi026.stderr:/usr/bin/ceph:
2023-12-26T17:17:28.329+0000 7ff6caffd700 1 -- 172.21.15.26:0/672527981 --> [v2:172.21.15.26:6800/301759066,v1:172.21.15.26:6801/301759066] -- command(tid 0: {"prefix": "get_command_descriptions"}) v1 -- 0x7ff6dc059100 con 0x7ff6c0033670
2023-12-26T17:17:28.333 INFO:teuthology.orchestra.run.smithi026.stderr:/usr/bin/ceph:
2023-12-26T17:17:28.330+0000 7ff6d9d9b700 1 --2- 172.21.15.26:0/672527981 >> [v2:172.21.15.26:6800/301759066,v1:172.21.15.26:6801/301759066] conn(0x7ff6c0033670 0x7ff6c0035a60 unknown :-1 s=BANNER_CONNECTING pgs=0 cs=0 l=1 rev1=0 rx=0 tx=0)._handle_peer_banner_payload supported=1 required=0
2023-12-26T17:17:28.333 INFO:teuthology.orchestra.run.smithi026.stderr:/usr/bin/ceph:
2023-12-26T17:17:28.330+0000 7ff6d9d9b700 1 --2- 172.21.15.26:0/672527981 >> [v2:172.21.15.26:6800/301759066,v1:172.21.15.26:6801/301759066] conn(0x7ff6c0033670 0x7ff6c0035a60 secure :-1 s=READY pgs=2 cs=0 l=1 rev1=1 rx=0x7ff6d00036d0 tx=0x7ff6d0006ca0).ready entity=mgr.14116 client_cookie=0 server_cookie=0 in_seq=0 out_seq=0
2023-12-26T17:17:28.334 INFO:teuthology.orchestra.run.smithi026.stderr:/usr/bin/ceph:
2023-12-26T17:17:28.331+0000 7ff6caffd700 1 -- 172.21.15.26:0/672527981 <== mgr.14116 v2:172.21.15.26:6800/301759066 1 ==== command_reply(tid 0: 0 ) v1 ==== 8+0+6438 (secure 0 0 0) 0x7ff6dc059100 con 0x7ff6c0033670
2023-12-26T17:17:28.340 INFO:teuthology.orchestra.run.smithi026.stderr:/usr/bin/ceph:
2023-12-26T17:17:28.337+0000 7ff6e0ecb700 1 -- 172.21.15.26:0/672527981 --> [v2:172.21.15.26:6800/301759066,v1:172.21.15.26:6801/301759066] -- command(tid 1: {"prefix": "mgr_status"}) v1 -- 0x7ff6dc045ad0 con 0x7ff6c0033670
2023-12-26T17:17:28.340 INFO:teuthology.orchestra.run.smithi026.stderr:/usr/bin/ceph:
2023-12-26T17:17:28.338+0000 7ff6caffd700 1 -- 172.21.15.26:0/672527981 <== mgr.14116 v2:172.21.15.26:6800/301759066 2 ==== command_reply(tid 1: 0 ) v1 ==== 8+0+51 (secure 0 0 0) 0x7ff6dc045ad0 con 0x7ff6c0033670
2023-12-26T17:17:28.341 INFO:teuthology.orchestra.run.smithi026.stderr:/usr/bin/ceph: {
2023-12-26T17:17:28.341 INFO:teuthology.orchestra.run.smithi026.stderr:/usr/bin/ceph: "mgrmap_epoch": 7,
2023-12-26T17:17:28.341 INFO:teuthology.orchestra.run.smithi026.stderr:/usr/bin/ceph: "initialized": true
2023-12-26T17:17:28.341 INFO:teuthology.orchestra.run.smithi026.stderr:/usr/bin/ceph: }
2023-12-26T17:17:28.342 INFO:teuthology.orchestra.run.smithi026.stderr:/usr/bin/ceph:
2023-12-26T17:17:28.338+0000 7ff6e0ecb700 1 -- 172.21.15.26:0/672527981 >> [v2:172.21.15.26:6800/301759066,v1:172.21.15.26:6801/301759066] conn(0x7ff6c0033670 msgr2=0x7ff6c0035a60 secure :-1 s=STATE_CONNECTION_ESTABLISHED l=1).mark_down
2023-12-26T17:17:28.343 INFO:teuthology.orchestra.run.smithi026.stderr:/usr/bin/ceph:
2023-12-26T17:17:28.338+0000 7ff6e0ecb700 1 --2- 172.21.15.26:0/672527981 >> [v2:172.21.15.26:6800/301759066,v1:172.21.15.26:6801/301759066] conn(0x7ff6c0033670 0x7ff6c0035a60 secure :-1 s=READY pgs=2 cs=0 l=1 rev1=1 rx=0x7ff6d00036d0 tx=0x7ff6d0006ca0).stop
2023-12-26T17:17:28.343 INFO:teuthology.orchestra.run.smithi026.stderr:/usr/bin/ceph:
2023-12-26T17:17:28.338+0000 7ff6e0ecb700 1 -- 172.21.15.26:0/672527981 >> [v2:172.21.15.26:3300/0,v1:172.21.15.26:6789/0] conn(0x7ff6dc070430 msgr2=0x7ff6dc10aa00 secure :-1 s=STATE_CONNECTION_ESTABLISHED l=1).mark_down
2023-12-26T17:17:28.343 INFO:teuthology.orchestra.run.smithi026.stderr:/usr/bin/ceph:
2023-12-26T17:17:28.338+0000 7ff6e0ecb700 1 --2- 172.21.15.26:0/672527981 >> [v2:172.21.15.26:3300/0,v1:172.21.15.26:6789/0] conn(0x7ff6dc070430 0x7ff6dc10aa00 secure :-1 s=READY pgs=25 cs=0 l=1 rev1=1 rx=0x7ff6cc00b190 tx=0x7ff6cc006ee0).stop
2023-12-26T17:17:28.343 INFO:teuthology.orchestra.run.smithi026.stderr:/usr/bin/ceph:
2023-12-26T17:17:28.338+0000 7ff6e0ecb700 1 -- 172.21.15.26:0/672527981 shutdown_connections
2023-12-26T17:17:28.343 INFO:teuthology.orchestra.run.smithi026.stderr:/usr/bin/ceph:
2023-12-26T17:17:28.338+0000 7ff6e0ecb700 1 --2- 172.21.15.26:0/672527981 >> [v2:172.21.15.26:6800/301759066,v1:172.21.15.26:6801/301759066] conn(0x7ff6c0033670 0x7ff6c0035a60 unknown :-1 s=CLOSED pgs=2 cs=0 l=1 rev1=1 rx=0 tx=0).stop
2023-12-26T17:17:28.343 INFO:teuthology.orchestra.run.smithi026.stderr:/usr/bin/ceph:
2023-12-26T17:17:28.338+0000 7ff6e0ecb700 1 --2- 172.21.15.26:0/672527981 >> [v2:172.21.15.26:3300/0,v1:172.21.15.26:6789/0] conn(0x7ff6dc070430 0x7ff6dc10aa00 unknown :-1 s=CLOSED pgs=25 cs=0 l=1 rev1=1 rx=0 tx=0).stop
2023-12-26T17:17:28.343 INFO:teuthology.orchestra.run.smithi026.stderr:/usr/bin/ceph:
2023-12-26T17:17:28.338+0000 7ff6e0ecb700 1 --2- 172.21.15.26:0/672527981 >> [v2:172.21.15.26:6800/3222105182,v1:172.21.15.26:6801/3222105182] conn(0x7ff6c002fd50 0x7ff6c0032210 unknown :-1 s=CLOSED pgs=0 cs=0 l=1 rev1=0 rx=0 tx=0).stop
2023-12-26T17:17:28.343 INFO:teuthology.orchestra.run.smithi026.stderr:/usr/bin/ceph:
2023-12-26T17:17:28.338+0000 7ff6e0ecb700 1 -- 172.21.15.26:0/672527981 >> 172.21.15.26:0/672527981 conn(0x7ff6dc0f63c0 msgr2=0x7ff6dc0f7f20 unknown :-1 s=STATE_NONE l=0).mark_down
2023-12-26T17:17:28.343 INFO:teuthology.orchestra.run.smithi026.stderr:/usr/bin/ceph:
2023-12-26T17:17:28.339+0000 7ff6e0ecb700 1 -- 172.21.15.26:0/672527981 shutdown_connections
2023-12-26T17:17:28.343 INFO:teuthology.orchestra.run.smithi026.stderr:/usr/bin/ceph:
2023-12-26T17:17:28.339+0000 7ff6e0ecb700 1 -- 172.21.15.26:0/672527981 wait complete.
2023-12-26T17:17:28.656 INFO:journalctl@ceph.mon.smithi026.smithi026.stdout:Dec 26 17:17:28 smithi026 ceph-88863786-a412-11ee-95a5-87774f69a715-mon.smithi026[111706]: cluster
2023-12-26T17:17:27.276150+0000 mon.smithi026 (mon.0) 30 : cluster [INF] Active manager daemon smithi026.tzqxja restarted
2023-12-26T17:17:28.656 INFO:journalctl@ceph.mon.smithi026.smithi026.stdout:Dec 26 17:17:28 smithi026 ceph-88863786-a412-11ee-95a5-87774f69a715-mon.smithi026[111706]: cluster
2023-12-26T17:17:27.276550+0000 mon.smithi026 (mon.0) 31 : cluster [INF] Activating manager daemon smithi026.tzqxja
2023-12-26T17:17:28.656 INFO:journalctl@ceph.mon.smithi026.smithi026.stdout:Dec 26 17:17:28 smithi026 ceph-88863786-a412-11ee-95a5-87774f69a715-mon.smithi026[111706]: cluster
2023-12-26T17:17:27.278123+0000 mon.smithi026 (mon.0) 32 : cluster [DBG] osdmap e2: 0 total, 0 up, 0 in
2023-12-26T17:17:28.656 INFO:journalctl@ceph.mon.smithi026.smithi026.stdout:Dec 26 17:17:28 smithi026 ceph-88863786-a412-11ee-95a5-87774f69a715-mon.smithi026[111706]: cluster
2023-12-26T17:17:27.329250+0000 mon.smithi026 (mon.0) 33 : cluster [DBG] mgrmap e6: smithi026.tzqxja(active, starting, since 0.0527676s)
2023-12-26T17:17:28.656 INFO:journalctl@ceph.mon.smithi026.smithi026.stdout:Dec 26 17:17:28 smithi026 ceph-88863786-a412-11ee-95a5-87774f69a715-mon.smithi026[111706]: audit
2023-12-26T17:17:27.330037+0000 mon.smithi026 (mon.0) 34 : audit [DBG] from='mgr.14116 172.21.15.26:0/3318401914' entity='mgr.smithi026.tzqxja' cmd=[{"prefix": "mon metadata", "id": "smithi026"}]: dispatch
2023-12-26T17:17:28.656 INFO:journalctl@ceph.mon.smithi026.smithi026.stdout:Dec 26 17:17:28 smithi026 ceph-88863786-a412-11ee-95a5-87774f69a715-mon.smithi026[111706]: audit
2023-12-26T17:17:27.330844+0000 mon.smithi026 (mon.0) 35 : audit [DBG] from='mgr.14116 172.21.15.26:0/3318401914' entity='mgr.smithi026.tzqxja' cmd=[{"prefix": "mgr metadata", "who": "smithi026.tzqxja", "id": "smithi026.tzqxja"}]: dispatch
2023-12-26T17:17:28.656 INFO:journalctl@ceph.mon.smithi026.smithi026.stdout:Dec 26 17:17:28 smithi026 ceph-88863786-a412-11ee-95a5-87774f69a715-mon.smithi026[111706]: audit
2023-12-26T17:17:27.331484+0000 mon.smithi026 (mon.0) 36 : audit [DBG] from='mgr.14116 172.21.15.26:0/3318401914' entity='mgr.smithi026.tzqxja' cmd=[{"prefix": "mds metadata"}]: dispatch
2023-12-26T17:17:28.656 INFO:journalctl@ceph.mon.smithi026.smithi026.stdout:Dec 26 17:17:28 smithi026 ceph-88863786-a412-11ee-95a5-87774f69a715-mon.smithi026[111706]: audit
2023-12-26T17:17:27.331653+0000 mon.smithi026 (mon.0) 37 : audit [DBG] from='mgr.14116 172.21.15.26:0/3318401914' entity='mgr.smithi026.tzqxja' cmd=[{"prefix": "osd metadata"}]: dispatch
2023-12-26T17:17:28.656 INFO:journalctl@ceph.mon.smithi026.smithi026.stdout:Dec 26 17:17:28 smithi026 ceph-88863786-a412-11ee-95a5-87774f69a715-mon.smithi026[111706]: audit
2023-12-26T17:17:27.331790+0000 mon.smithi026 (mon.0) 38 : audit [DBG] from='mgr.14116 172.21.15.26:0/3318401914' entity='mgr.smithi026.tzqxja' cmd=[{"prefix": "mon metadata"}]: dispatch
2023-12-26T17:17:28.656 INFO:journalctl@ceph.mon.smithi026.smithi026.stdout:Dec 26 17:17:28 smithi026 ceph-88863786-a412-11ee-95a5-87774f69a715-mon.smithi026[111706]: cluster
2023-12-26T17:17:27.333665+0000 mon.smithi026 (mon.0) 39 : cluster [INF] Manager daemon smithi026.tzqxja is now available
2023-12-26T17:17:28.656 INFO:journalctl@ceph.mon.smithi026.smithi026.stdout:Dec 26 17:17:28 smithi026 ceph-88863786-a412-11ee-95a5-87774f69a715-mon.smithi026[111706]: audit
2023-12-26T17:17:27.346715+0000 mon.smithi026 (mon.0) 40 : audit [INF] from='mgr.14116 172.21.15.26:0/3318401914' entity='mgr.smithi026.tzqxja'
2023-12-26T17:17:28.657 INFO:journalctl@ceph.mon.smithi026.smithi026.stdout:Dec 26 17:17:28 smithi026 ceph-88863786-a412-11ee-95a5-87774f69a715-mon.smithi026[111706]: audit
2023-12-26T17:17:27.349261+0000 mon.smithi026 (mon.0) 41 : audit [INF] from='mgr.14116 172.21.15.26:0/3318401914' entity='mgr.smithi026.tzqxja'
2023-12-26T17:17:28.657 INFO:journalctl@ceph.mon.smithi026.smithi026.stdout:Dec 26 17:17:28 smithi026 ceph-88863786-a412-11ee-95a5-87774f69a715-mon.smithi026[111706]: audit
2023-12-26T17:17:27.351850+0000 mon.smithi026 (mon.0) 42 : audit [INF] from='mgr.14116 172.21.15.26:0/3318401914' entity='mgr.smithi026.tzqxja'
2023-12-26T17:17:28.657 INFO:journalctl@ceph.mon.smithi026.smithi026.stdout:Dec 26 17:17:28 smithi026 ceph-88863786-a412-11ee-95a5-87774f69a715-mon.smithi026[111706]: audit
2023-12-26T17:17:27.447260+0000 mon.smithi026 (mon.0) 43 : audit [INF] from='mgr.14116 172.21.15.26:0/3318401914' entity='mgr.smithi026.tzqxja'
2023-12-26T17:17:28.657 INFO:journalctl@ceph.mon.smithi026.smithi026.stdout:Dec 26 17:17:28 smithi026 ceph-88863786-a412-11ee-95a5-87774f69a715-mon.smithi026[111706]: audit
2023-12-26T17:17:27.447950+0000 mon.smithi026 (mon.0) 44 : audit [DBG] from='mgr.14116 172.21.15.26:0/3318401914' entity='mgr.smithi026.tzqxja' cmd=[{"prefix": "config dump", "format": "json"}]: dispatch
2023-12-26T17:17:28.657 INFO:journalctl@ceph.mon.smithi026.smithi026.stdout:Dec 26 17:17:28 smithi026 ceph-88863786-a412-11ee-95a5-87774f69a715-mon.smithi026[111706]: audit
2023-12-26T17:17:27.449455+0000 mon.smithi026 (mon.0) 45 : audit [DBG] from='mgr.14116 172.21.15.26:0/3318401914' entity='mgr.smithi026.tzqxja' cmd=[{"prefix": "config dump", "format": "json"}]: dispatch
2023-12-26T17:17:28.657 INFO:journalctl@ceph.mon.smithi026.smithi026.stdout:Dec 26 17:17:28 smithi026 ceph-88863786-a412-11ee-95a5-87774f69a715-mon.smithi026[111706]: audit
2023-12-26T17:17:27.451314+0000 mon.smithi026 (mon.0) 46 : audit [DBG] from='mgr.14116 172.21.15.26:0/3318401914' entity='mgr.smithi026.tzqxja' cmd=[{"prefix": "config dump", "format": "json"}]: dispatch
2023-12-26T17:17:28.657 INFO:journalctl@ceph.mon.smithi026.smithi026.stdout:Dec 26 17:17:28 smithi026 ceph-88863786-a412-11ee-95a5-87774f69a715-mon.smithi026[111706]: audit
2023-12-26T17:17:27.461262+0000 mon.smithi026 (mon.0) 47 : audit [INF] from='mgr.14116 172.21.15.26:0/3318401914' entity='mgr.smithi026.tzqxja' cmd=[{"prefix":"config rm","who":"mgr","name":"mgr/rbd_support/smithi026.tzqxja/mirror_snapshot_schedule"}]: dispatch
2023-12-26T17:17:28.657 INFO:journalctl@ceph.mon.smithi026.smithi026.stdout:Dec 26 17:17:28 smithi026 ceph-88863786-a412-11ee-95a5-87774f69a715-mon.smithi026[111706]: audit
2023-12-26T17:17:27.462522+0000 mon.smithi026 (mon.0) 48 : audit [INF] from='mgr.14116 172.21.15.26:0/3318401914' entity='mgr.smithi026.tzqxja' cmd=[{"prefix":"config rm","who":"mgr","name":"mgr/rbd_support/smithi026.tzqxja/trash_purge_schedule"}]: dispatch
2023-12-26T17:17:29.656 INFO:journalctl@ceph.mon.smithi026.smithi026.stdout:Dec 26 17:17:29 smithi026 ceph-88863786-a412-11ee-95a5-87774f69a715-mon.smithi026[111706]: audit
2023-12-26T17:17:28.331395+0000 mgr.smithi026.tzqxja (mgr.14116) 1 : audit [DBG] from='client.14120 -' entity='client.admin' cmd=[{"prefix": "get_command_descriptions"}]: dispatch
2023-12-26T17:17:29.656 INFO:journalctl@ceph.mon.smithi026.smithi026.stdout:Dec 26 17:17:29 smithi026 ceph-88863786-a412-11ee-95a5-87774f69a715-mon.smithi026[111706]: cluster
2023-12-26T17:17:28.332318+0000 mon.smithi026 (mon.0) 49 : cluster [DBG] mgrmap e7: smithi026.tzqxja(active, since 1.05583s)
2023-12-26T17:17:29.656 INFO:journalctl@ceph.mon.smithi026.smithi026.stdout:Dec 26 17:17:29 smithi026 ceph-88863786-a412-11ee-95a5-87774f69a715-mon.smithi026[111706]: audit
2023-12-26T17:17:28.338382+0000 mgr.smithi026.tzqxja (mgr.14116) 2 : audit [DBG] from='client.14120 -' entity='client.admin' cmd=[{"prefix": "mgr_status"}]: dispatch
2023-12-26T17:17:30.655 INFO:journalctl@ceph.mon.smithi026.smithi026.stdout:Dec 26 17:17:30 smithi026 ceph-88863786-a412-11ee-95a5-87774f69a715-mon.smithi026[111706]: cluster
2023-12-26T17:17:29.334299+0000 mon.smithi026 (mon.0) 50 : cluster [DBG] mgrmap e8: smithi026.tzqxja(active, since 2s)
2023-12-26T17:17:31.251 INFO:teuthology.orchestra.run.smithi026.stderr:mgr epoch 5 is available
2023-12-26T17:17:31.251 INFO:teuthology.orchestra.run.smithi026.stderr:Setting orchestrator backend to cephadm...
2023-12-26T17:17:31.251 INFO:teuthology.orchestra.run.smithi026.stderr:Running command: /bin/podman run --rm --ipc=host --no-hosts --net=host --entrypoint /usr/bin/ceph --init -e CONTAINER_IMAGE=docker.io/ceph/ceph:v16.2.4 -e NODE_NAME=smithi026 -e CEPH_USE_RANDOM_NONCE=1 -v /var/log/ceph/88863786-a412-11ee-95a5-87774f69a715:/var/log/ceph:z -v /tmp/ceph-tmpf02x1uvx:/etc/ceph/ceph.client.admin.keyring:z -v /tmp/ceph-tmp5joft7of:/etc/ceph/ceph.conf:z docker.io/ceph/ceph:v16.2.4 orch set backend cephadm
2023-12-26T17:17:32.657 INFO:teuthology.orchestra.run.smithi026.stderr:/usr/bin/ceph:
2023-12-26T17:17:32.514+0000 7fb182bf4700 1 Processor -- start
2023-12-26T17:17:32.657 INFO:teuthology.orchestra.run.smithi026.stderr:/usr/bin/ceph:
2023-12-26T17:17:32.514+0000 7fb182bf4700 1 -- start start
2023-12-26T17:17:32.657 INFO:teuthology.orchestra.run.smithi026.stderr:/usr/bin/ceph:
2023-12-26T17:17:32.514+0000 7fb182bf4700 1 --2- >> [v2:172.21.15.26:3300/0,v1:172.21.15.26:6789/0] conn(0x7fb17c0703b0 0x7fb17c100d60 unknown :-1 s=NONE pgs=0 cs=0 l=0 rev1=0 rx=0 tx=0).connect
2023-12-26T17:17:32.657 INFO:teuthology.orchestra.run.smithi026.stderr:/usr/bin/ceph:
2023-12-26T17:17:32.514+0000 7fb182bf4700 1 -- --> [v2:172.21.15.26:3300/0,v1:172.21.15.26:6789/0] -- mon_getmap magic: 0 v1 -- 0x7fb17c0fc750 con 0x7fb17c0703b0
2023-12-26T17:17:32.658 INFO:teuthology.orchestra.run.smithi026.stderr:/usr/bin/ceph:
2023-12-26T17:17:32.515+0000 7fb180990700 1 --2- >> [v2:172.21.15.26:3300/0,v1:172.21.15.26:6789/0] conn(0x7fb17c0703b0 0x7fb17c100d60 unknown :-1 s=BANNER_CONNECTING pgs=0 cs=0 l=0 rev1=0 rx=0 tx=0)._handle_peer_banner_payload supported=1 required=0
2023-12-26T17:17:32.658 INFO:teuthology.orchestra.run.smithi026.stderr:/usr/bin/ceph:
2023-12-26T17:17:32.515+0000 7fb180990700 1 --2- >> [v2:172.21.15.26:3300/0,v1:172.21.15.26:6789/0] conn(0x7fb17c0703b0 0x7fb17c100d60 unknown :-1 s=HELLO_CONNECTING pgs=0 cs=0 l=0 rev1=1 rx=0 tx=0).handle_hello peer v2:172.21.15.26:3300/0 says I am v2:172.21.15.26:33604/0 (socket says 172.21.15.26:33604)
2023-12-26T17:17:32.658 INFO:teuthology.orchestra.run.smithi026.stderr:/usr/bin/ceph:
2023-12-26T17:17:32.515+0000 7fb180990700 1 -- 172.21.15.26:0/4154362451 learned_addr learned my addr 172.21.15.26:0/4154362451 (peer_addr_for_me v2:172.21.15.26:0/0)
2023-12-26T17:17:32.658 INFO:teuthology.orchestra.run.smithi026.stderr:/usr/bin/ceph:
2023-12-26T17:17:32.515+0000 7fb180990700 1 -- 172.21.15.26:0/4154362451 --> [v2:172.21.15.26:3300/0,v1:172.21.15.26:6789/0] -- mon_subscribe({config=0+,monmap=0+}) v3 -- 0x7fb17c101250 con 0x7fb17c0703b0
2023-12-26T17:17:32.661 INFO:teuthology.orchestra.run.smithi026.stderr:/usr/bin/ceph:
2023-12-26T17:17:32.515+0000 7fb180990700 1 --2- 172.21.15.26:0/4154362451 >> [v2:172.21.15.26:3300/0,v1:172.21.15.26:6789/0] conn(0x7fb17c0703b0 0x7fb17c100d60 secure :-1 s=READY pgs=31 cs=0 l=1 rev1=1 rx=0x7fb17000b5f0 tx=0x7fb170006ee0).ready entity=mon.0 client_cookie=4e04eb7c91ee1e1d server_cookie=0 in_seq=0 out_seq=0
2023-12-26T17:17:32.661 INFO:teuthology.orchestra.run.smithi026.stderr:/usr/bin/ceph:
2023-12-26T17:17:32.515+0000 7fb17b7fe700 1 -- 172.21.15.26:0/4154362451 <== mon.0 v2:172.21.15.26:3300/0 1 ==== mon_map magic: 0 v1 ==== 229+0+0 (secure 0 0 0) 0x7fb17000d600 con 0x7fb17c0703b0
2023-12-26T17:17:32.661 INFO:teuthology.orchestra.run.smithi026.stderr:/usr/bin/ceph:
2023-12-26T17:17:32.515+0000 7fb17b7fe700 1 -- 172.21.15.26:0/4154362451 <== mon.0 v2:172.21.15.26:3300/0 2 ==== config(25 keys) v1 ==== 1010+0+0 (secure 0 0 0) 0x7fb17000dbd0 con 0x7fb17c0703b0
2023-12-26T17:17:32.661 INFO:teuthology.orchestra.run.smithi026.stderr:/usr/bin/ceph:
2023-12-26T17:17:32.515+0000 7fb17b7fe700 1 -- 172.21.15.26:0/4154362451 <== mon.0 v2:172.21.15.26:3300/0 3 ==== mon_map magic: 0 v1 ==== 229+0+0 (secure 0 0 0) 0x7fb170011c00 con 0x7fb17c0703b0
2023-12-26T17:17:32.661 INFO:teuthology.orchestra.run.smithi026.stderr:/usr/bin/ceph:
2023-12-26T17:17:32.516+0000 7fb182bf4700 1 -- 172.21.15.26:0/4154362451 >> [v2:172.21.15.26:3300/0,v1:172.21.15.26:6789/0] conn(0x7fb17c0703b0 msgr2=0x7fb17c100d60 secure :-1 s=STATE_CONNECTION_ESTABLISHED l=1).mark_down
2023-12-26T17:17:32.662 INFO:teuthology.orchestra.run.smithi026.stderr:/usr/bin/ceph:
2023-12-26T17:17:32.516+0000 7fb182bf4700 1 --2- 172.21.15.26:0/4154362451 >> [v2:172.21.15.26:3300/0,v1:172.21.15.26:6789/0] conn(0x7fb17c0703b0 0x7fb17c100d60 secure :-1 s=READY pgs=31 cs=0 l=1 rev1=1 rx=0x7fb17000b5f0 tx=0x7fb170006ee0).stop
2023-12-26T17:17:32.662 INFO:teuthology.orchestra.run.smithi026.stderr:/usr/bin/ceph:
2023-12-26T17:17:32.516+0000 7fb182bf4700 1 -- 172.21.15.26:0/4154362451 shutdown_connections
2023-12-26T17:17:32.662 INFO:teuthology.orchestra.run.smithi026.stderr:/usr/bin/ceph:
2023-12-26T17:17:32.516+0000 7fb182bf4700 1 --2- 172.21.15.26:0/4154362451 >> [v2:172.21.15.26:3300/0,v1:172.21.15.26:6789/0] conn(0x7fb17c0703b0 0x7fb17c100d60 unknown :-1 s=CLOSED pgs=31 cs=0 l=1 rev1=1 rx=0 tx=0).stop
2023-12-26T17:17:32.662 INFO:teuthology.orchestra.run.smithi026.stderr:/usr/bin/ceph:
2023-12-26T17:17:32.516+0000 7fb182bf4700 1 -- 172.21.15.26:0/4154362451 >> 172.21.15.26:0/4154362451 conn(0x7fb17c0f63c0 msgr2=0x7fb17c0f87e0 unknown :-1 s=STATE_NONE l=0).mark_down
2023-12-26T17:17:32.662 INFO:teuthology.orchestra.run.smithi026.stderr:/usr/bin/ceph:
2023-12-26T17:17:32.516+0000 7fb182bf4700 1 -- 172.21.15.26:0/4154362451 shutdown_connections
2023-12-26T17:17:32.662 INFO:teuthology.orchestra.run.smithi026.stderr:/usr/bin/ceph:
2023-12-26T17:17:32.516+0000 7fb182bf4700 1 -- 172.21.15.26:0/4154362451 wait complete.
2023-12-26T17:17:32.662 INFO:teuthology.orchestra.run.smithi026.stderr:/usr/bin/ceph:
2023-12-26T17:17:32.516+0000 7fb182bf4700 1 Processor -- start
2023-12-26T17:17:32.662 INFO:teuthology.orchestra.run.smithi026.stderr:/usr/bin/ceph:
2023-12-26T17:17:32.516+0000 7fb182bf4700 1 -- start start
2023-12-26T17:17:32.662 INFO:teuthology.orchestra.run.smithi026.stderr:/usr/bin/ceph:
2023-12-26T17:17:32.517+0000 7fb182bf4700 1 --2- >> [v2:172.21.15.26:3300/0,v1:172.21.15.26:6789/0] conn(0x7fb17c0703b0 0x7fb17c10ccf0 unknown :-1 s=NONE pgs=0 cs=0 l=1 rev1=0 rx=0 tx=0).connect
2023-12-26T17:17:32.662 INFO:teuthology.orchestra.run.smithi026.stderr:/usr/bin/ceph:
2023-12-26T17:17:32.517+0000 7fb182bf4700 1 -- --> [v2:172.21.15.26:3300/0,v1:172.21.15.26:6789/0] -- mon_getmap magic: 0 v1 -- 0x7fb17c10d1e0 con 0x7fb17c0703b0
2023-12-26T17:17:32.662 INFO:teuthology.orchestra.run.smithi026.stderr:/usr/bin/ceph:
2023-12-26T17:17:32.517+0000 7fb180990700 1 --2- >> [v2:172.21.15.26:3300/0,v1:172.21.15.26:6789/0] conn(0x7fb17c0703b0 0x7fb17c10ccf0 unknown :-1 s=BANNER_CONNECTING pgs=0 cs=0 l=1 rev1=0 rx=0 tx=0)._handle_peer_banner_payload supported=1 required=0
2023-12-26T17:17:32.662 INFO:teuthology.orchestra.run.smithi026.stderr:/usr/bin/ceph:
2023-12-26T17:17:32.517+0000 7fb180990700 1 --2- >> [v2:172.21.15.26:3300/0,v1:172.21.15.26:6789/0] conn(0x7fb17c0703b0 0x7fb17c10ccf0 unknown :-1 s=HELLO_CONNECTING pgs=0 cs=0 l=1 rev1=1 rx=0 tx=0).handle_hello peer v2:172.21.15.26:3300/0 says I am v2:172.21.15.26:33606/0 (socket says 172.21.15.26:33606)
2023-12-26T17:17:32.662 INFO:teuthology.orchestra.run.smithi026.stderr:/usr/bin/ceph:
2023-12-26T17:17:32.517+0000 7fb180990700 1 -- 172.21.15.26:0/2749598664 learned_addr learned my addr 172.21.15.26:0/2749598664 (peer_addr_for_me v2:172.21.15.26:0/0)
2023-12-26T17:17:32.662 INFO:teuthology.orchestra.run.smithi026.stderr:/usr/bin/ceph:
2023-12-26T17:17:32.517+0000 7fb180990700 1 -- 172.21.15.26:0/2749598664 --> [v2:172.21.15.26:3300/0,v1:172.21.15.26:6789/0] -- mon_subscribe({config=0+,monmap=0+}) v3 -- 0x7fb17000b200 con 0x7fb17c0703b0
2023-12-26T17:17:32.663 INFO:teuthology.orchestra.run.smithi026.stderr:/usr/bin/ceph:
2023-12-26T17:17:32.517+0000 7fb180990700 1 --2- 172.21.15.26:0/2749598664 >> [v2:172.21.15.26:3300/0,v1:172.21.15.26:6789/0] conn(0x7fb17c0703b0 0x7fb17c10ccf0 secure :-1 s=READY pgs=32 cs=0 l=1 rev1=1 rx=0x7fb17000e040 tx=0x7fb170006ee0).ready entity=mon.0 client_cookie=0 server_cookie=0 in_seq=0 out_seq=0
2023-12-26T17:17:32.663 INFO:teuthology.orchestra.run.smithi026.stderr:/usr/bin/ceph:
2023-12-26T17:17:32.517+0000 7fb1797fa700 1 -- 172.21.15.26:0/2749598664 <== mon.0 v2:172.21.15.26:3300/0 1 ==== mon_map magic: 0 v1 ==== 229+0+0 (secure 0 0 0) 0x7fb17000d9f0 con 0x7fb17c0703b0
2023-12-26T17:17:32.663 INFO:teuthology.orchestra.run.smithi026.stderr:/usr/bin/ceph:
2023-12-26T17:17:32.517+0000 7fb1797fa700 1 -- 172.21.15.26:0/2749598664 <== mon.0 v2:172.21.15.26:3300/0 2 ==== config(25 keys) v1 ==== 1010+0+0 (secure 0 0 0) 0x7fb17001a9f0 con 0x7fb17c0703b0
2023-12-26T17:17:32.663 INFO:teuthology.orchestra.run.smithi026.stderr:/usr/bin/ceph:
2023-12-26T17:17:32.517+0000 7fb182bf4700 1 -- 172.21.15.26:0/2749598664 --> [v2:172.21.15.26:3300/0,v1:172.21.15.26:6789/0] -- mon_subscribe({mgrmap=0+}) v3 -- 0x7fb17c10d3e0 con 0x7fb17c0703b0
2023-12-26T17:17:32.663 INFO:teuthology.orchestra.run.smithi026.stderr:/usr/bin/ceph:
2023-12-26T17:17:32.517+0000 7fb1797fa700 1 -- 172.21.15.26:0/2749598664 <== mon.0 v2:172.21.15.26:3300/0 3 ==== mon_map magic: 0 v1 ==== 229+0+0 (secure 0 0 0) 0x7fb17001b8c0 con 0x7fb17c0703b0
2023-12-26T17:17:32.663 INFO:teuthology.orchestra.run.smithi026.stderr:/usr/bin/ceph:
2023-12-26T17:17:32.517+0000 7fb182bf4700 1 -- 172.21.15.26:0/2749598664 --> [v2:172.21.15.26:3300/0,v1:172.21.15.26:6789/0] -- mon_subscribe({osdmap=0}) v3 -- 0x7fb17c10d7f0 con 0x7fb17c0703b0
2023-12-26T17:17:32.663 INFO:teuthology.orchestra.run.smithi026.stderr:/usr/bin/ceph:
2023-12-26T17:17:32.518+0000 7fb1797fa700 1 -- 172.21.15.26:0/2749598664 <== mon.0 v2:172.21.15.26:3300/0 4 ==== mgrmap(e 8) v1 ==== 36120+0+0 (secure 0 0 0) 0x7fb17000f070 con 0x7fb17c0703b0
2023-12-26T17:17:32.663 INFO:teuthology.orchestra.run.smithi026.stderr:/usr/bin/ceph:
2023-12-26T17:17:32.518+0000 7fb1797fa700 1 --2- 172.21.15.26:0/2749598664 >> [v2:172.21.15.26:6800/301759066,v1:172.21.15.26:6801/301759066] conn(0x7fb16002fdb0 0x7fb160032270 unknown :-1 s=NONE pgs=0 cs=0 l=1 rev1=0 rx=0 tx=0).connect
2023-12-26T17:17:32.663 INFO:teuthology.orchestra.run.smithi026.stderr:/usr/bin/ceph:
2023-12-26T17:17:32.518+0000 7fb182bf4700 1 -- 172.21.15.26:0/2749598664 --> [v2:172.21.15.26:3300/0,v1:172.21.15.26:6789/0] -- mon_command({"prefix": "get_command_descriptions"} v 0) v1 -- 0x7fb17c045ad0 con 0x7fb17c0703b0
2023-12-26T17:17:32.663 INFO:teuthology.orchestra.run.smithi026.stderr:/usr/bin/ceph:
2023-12-26T17:17:32.518+0000 7fb1797fa700 1 -- 172.21.15.26:0/2749598664 <== mon.0 v2:172.21.15.26:3300/0 5 ==== osd_map(2..2 src has 1..2) v4 ==== 926+0+0 (secure 0 0 0) 0x7fb170041290 con 0x7fb17c0703b0
2023-12-26T17:17:32.663 INFO:teuthology.orchestra.run.smithi026.stderr:/usr/bin/ceph:
2023-12-26T17:17:32.519+0000 7fb17bfff700 1 --2- 172.21.15.26:0/2749598664 >> [v2:172.21.15.26:6800/301759066,v1:172.21.15.26:6801/301759066] conn(0x7fb16002fdb0 0x7fb160032270 unknown :-1 s=BANNER_CONNECTING pgs=0 cs=0 l=1 rev1=0 rx=0 tx=0)._handle_peer_banner_payload supported=1 required=0
2023-12-26T17:17:32.663 INFO:teuthology.orchestra.run.smithi026.stderr:/usr/bin/ceph:
2023-12-26T17:17:32.519+0000 7fb17bfff700 1 --2- 172.21.15.26:0/2749598664 >> [v2:172.21.15.26:6800/301759066,v1:172.21.15.26:6801/301759066] conn(0x7fb16002fdb0 0x7fb160032270 secure :-1 s=READY pgs=6 cs=0 l=1 rev1=1 rx=0x7fb1680096a0 tx=0x7fb168006b40).ready entity=mgr.14116 client_cookie=0 server_cookie=0 in_seq=0 out_seq=0
2023-12-26T17:17:32.663 INFO:teuthology.orchestra.run.smithi026.stderr:/usr/bin/ceph:
2023-12-26T17:17:32.523+0000 7fb1797fa700 1 -- 172.21.15.26:0/2749598664 <== mon.0 v2:172.21.15.26:3300/0 6 ==== mon_command_ack([{"prefix": "get_command_descriptions"}]=0 v0) v1 ==== 72+0+152212 (secure 0 0 0) 0x7fb170016070 con 0x7fb17c0703b0
2023-12-26T17:17:32.718 INFO:teuthology.orchestra.run.smithi026.stderr:/usr/bin/ceph:
2023-12-26T17:17:32.715+0000 7fb182bf4700 1 -- 172.21.15.26:0/2749598664 --> [v2:172.21.15.26:6800/301759066,v1:172.21.15.26:6801/301759066] -- mgr_command(tid 0: {"prefix": "orch set backend", "module_name": "cephadm", "target": ["mon-mgr", ""]}) v1 -- 0x7fb17c10df20 con 0x7fb16002fdb0
2023-12-26T17:17:32.723 INFO:teuthology.orchestra.run.smithi026.stderr:/usr/bin/ceph:
2023-12-26T17:17:32.720+0000 7fb1797fa700 1 -- 172.21.15.26:0/2749598664 <== mgr.14116 v2:172.21.15.26:6800/301759066 1 ==== mgr_command_reply(tid 0: 0 ) v1 ==== 8+0+0 (secure 0 0 0) 0x7fb17c10df20 con 0x7fb16002fdb0
2023-12-26T17:17:32.725 INFO:teuthology.orchestra.run.smithi026.stderr:/usr/bin/ceph:
2023-12-26T17:17:32.722+0000 7fb182bf4700 1 -- 172.21.15.26:0/2749598664 >> [v2:172.21.15.26:6800/301759066,v1:172.21.15.26:6801/301759066] conn(0x7fb16002fdb0 msgr2=0x7fb160032270 secure :-1 s=STATE_CONNECTION_ESTABLISHED l=1).mark_down
2023-12-26T17:17:32.725 INFO:teuthology.orchestra.run.smithi026.stderr:/usr/bin/ceph:
2023-12-26T17:17:32.722+0000 7fb182bf4700 1 --2- 172.21.15.26:0/2749598664 >> [v2:172.21.15.26:6800/301759066,v1:172.21.15.26:6801/301759066] conn(0x7fb16002fdb0 0x7fb160032270 secure :-1 s=READY pgs=6 cs=0 l=1 rev1=1 rx=0x7fb1680096a0 tx=0x7fb168006b40).stop
2023-12-26T17:17:32.726 INFO:teuthology.orchestra.run.smithi026.stderr:/usr/bin/ceph:
2023-12-26T17:17:32.722+0000 7fb182bf4700 1 -- 172.21.15.26:0/2749598664 >> [v2:172.21.15.26:3300/0,v1:172.21.15.26:6789/0] conn(0x7fb17c0703b0 msgr2=0x7fb17c10ccf0 secure :-1 s=STATE_CONNECTION_ESTABLISHED l=1).mark_down
2023-12-26T17:17:32.726 INFO:teuthology.orchestra.run.smithi026.stderr:/usr/bin/ceph:
2023-12-26T17:17:32.722+0000 7fb182bf4700 1 --2- 172.21.15.26:0/2749598664 >> [v2:172.21.15.26:3300/0,v1:172.21.15.26:6789/0] conn(0x7fb17c0703b0 0x7fb17c10ccf0 secure :-1 s=READY pgs=32 cs=0 l=1 rev1=1 rx=0x7fb17000e040 tx=0x7fb170006ee0).stop
2023-12-26T17:17:32.726 INFO:teuthology.orchestra.run.smithi026.stderr:/usr/bin/ceph:
2023-12-26T17:17:32.722+0000 7fb182bf4700 1 -- 172.21.15.26:0/2749598664 shutdown_connections
2023-12-26T17:17:32.726 INFO:teuthology.orchestra.run.smithi026.stderr:/usr/bin/ceph:
2023-12-26T17:17:32.722+0000 7fb182bf4700 1 --2- 172.21.15.26:0/2749598664 >> [v2:172.21.15.26:6800/301759066,v1:172.21.15.26:6801/301759066] conn(0x7fb16002fdb0 0x7fb160032270 unknown :-1 s=CLOSED pgs=6 cs=0 l=1 rev1=1 rx=0 tx=0).stop
2023-12-26T17:17:32.726 INFO:teuthology.orchestra.run.smithi026.stderr:/usr/bin/ceph:
2023-12-26T17:17:32.722+0000 7fb182bf4700 1 --2- 172.21.15.26:0/2749598664 >> [v2:172.21.15.26:3300/0,v1:172.21.15.26:6789/0] conn(0x7fb17c0703b0 0x7fb17c10ccf0 unknown :-1 s=CLOSED pgs=32 cs=0 l=1 rev1=1 rx=0 tx=0).stop
2023-12-26T17:17:32.726 INFO:teuthology.orchestra.run.smithi026.stderr:/usr/bin/ceph:
2023-12-26T17:17:32.722+0000 7fb182bf4700 1 -- 172.21.15.26:0/2749598664 >> 172.21.15.26:0/2749598664 conn(0x7fb17c0f63c0 msgr2=0x7fb17c0f7f50 unknown :-1 s=STATE_NONE l=0).mark_down
2023-12-26T17:17:32.726 INFO:teuthology.orchestra.run.smithi026.stderr:/usr/bin/ceph:
2023-12-26T17:17:32.722+0000 7fb182bf4700 1 -- 172.21.15.26:0/2749598664 shutdown_connections
2023-12-26T17:17:32.726 INFO:teuthology.orchestra.run.smithi026.stderr:/usr/bin/ceph:
2023-12-26T17:17:32.722+0000 7fb182bf4700 1 -- 172.21.15.26:0/2749598664 wait complete.
2023-12-26T17:17:34.156 INFO:journalctl@ceph.mon.smithi026.smithi026.stdout:Dec 26 17:17:33 smithi026 ceph-88863786-a412-11ee-95a5-87774f69a715-mon.smithi026[111706]: audit
2023-12-26T17:17:32.716869+0000 mgr.smithi026.tzqxja (mgr.14116) 3 : audit [DBG] from='client.14126 -' entity='client.admin' cmd=[{"prefix": "orch set backend", "module_name": "cephadm", "target": ["mon-mgr", ""]}]: dispatch
2023-12-26T17:17:34.156 INFO:journalctl@ceph.mon.smithi026.smithi026.stdout:Dec 26 17:17:33 smithi026 ceph-88863786-a412-11ee-95a5-87774f69a715-mon.smithi026[111706]: audit
2023-12-26T17:17:32.720647+0000 mon.smithi026 (mon.0) 51 : audit [INF] from='mgr.14116 172.21.15.26:0/3318401914' entity='mgr.smithi026.tzqxja'
2023-12-26T17:17:34.156 INFO:journalctl@ceph.mon.smithi026.smithi026.stdout:Dec 26 17:17:33 smithi026 ceph-88863786-a412-11ee-95a5-87774f69a715-mon.smithi026[111706]: audit
2023-12-26T17:17:32.724302+0000 mon.smithi026 (mon.0) 52 : audit [DBG] from='mgr.14116 172.21.15.26:0/3318401914' entity='mgr.smithi026.tzqxja' cmd=[{"prefix": "config dump", "format": "json"}]: dispatch
2023-12-26T17:17:34.188 INFO:teuthology.orchestra.run.smithi026.stderr:Running command: /bin/podman run --rm --ipc=host --no-hosts --net=host --entrypoint /usr/bin/ceph --init -e CONTAINER_IMAGE=docker.io/ceph/ceph:v16.2.4 -e NODE_NAME=smithi026 -e CEPH_USE_RANDOM_NONCE=1 -v /var/log/ceph/88863786-a412-11ee-95a5-87774f69a715:/var/log/ceph:z -v /tmp/ceph-tmpf02x1uvx:/etc/ceph/ceph.client.admin.keyring:z -v /tmp/ceph-tmp5joft7of:/etc/ceph/ceph.conf:z docker.io/ceph/ceph:v16.2.4 cephadm set-user root
2023-12-26T17:17:34.571 INFO:teuthology.orchestra.run.smithi026.stderr:/usr/bin/ceph:
2023-12-26T17:17:34.563+0000 7f6cb6f4c700 1 Processor -- start
2023-12-26T17:17:34.571 INFO:teuthology.orchestra.run.smithi026.stderr:/usr/bin/ceph:
2023-12-26T17:17:34.563+0000 7f6cb6f4c700 1 -- start start
2023-12-26T17:17:34.571 INFO:teuthology.orchestra.run.smithi026.stderr:/usr/bin/ceph:
2023-12-26T17:17:34.564+0000 7f6cb6f4c700 1 --2- >> [v2:172.21.15.26:3300/0,v1:172.21.15.26:6789/0] conn(0x7f6cb0070430 0x7f6cb0100ce0 unknown :-1 s=NONE pgs=0 cs=0 l=0 rev1=0 rx=0 tx=0).connect
2023-12-26T17:17:34.571 INFO:teuthology.orchestra.run.smithi026.stderr:/usr/bin/ceph:
2023-12-26T17:17:34.564+0000 7f6cb6f4c700 1 -- --> [v2:172.21.15.26:3300/0,v1:172.21.15.26:6789/0] -- mon_getmap magic: 0 v1 -- 0x7f6cb00fc6d0 con 0x7f6cb0070430
2023-12-26T17:17:34.571 INFO:teuthology.orchestra.run.smithi026.stderr:/usr/bin/ceph:
2023-12-26T17:17:34.564+0000 7f6cb4ce8700 1 --2- >> [v2:172.21.15.26:3300/0,v1:172.21.15.26:6789/0] conn(0x7f6cb0070430 0x7f6cb0100ce0 unknown :-1 s=BANNER_CONNECTING pgs=0 cs=0 l=0 rev1=0 rx=0 tx=0)._handle_peer_banner_payload supported=1 required=0
2023-12-26T17:17:34.571 INFO:teuthology.orchestra.run.smithi026.stderr:/usr/bin/ceph:
2023-12-26T17:17:34.564+0000 7f6cb4ce8700 1 --2- >> [v2:172.21.15.26:3300/0,v1:172.21.15.26:6789/0] conn(0x7f6cb0070430 0x7f6cb0100ce0 unknown :-1 s=HELLO_CONNECTING pgs=0 cs=0 l=0 rev1=1 rx=0 tx=0).handle_hello peer v2:172.21.15.26:3300/0 says I am v2:172.21.15.26:33620/0 (socket says 172.21.15.26:33620)
2023-12-26T17:17:34.572 INFO:teuthology.orchestra.run.smithi026.stderr:/usr/bin/ceph:
2023-12-26T17:17:34.564+0000 7f6cb4ce8700 1 -- 172.21.15.26:0/2888552575 learned_addr learned my addr 172.21.15.26:0/2888552575 (peer_addr_for_me v2:172.21.15.26:0/0)
2023-12-26T17:17:34.572 INFO:teuthology.orchestra.run.smithi026.stderr:/usr/bin/ceph:
2023-12-26T17:17:34.564+0000 7f6cb4ce8700 1 -- 172.21.15.26:0/2888552575 --> [v2:172.21.15.26:3300/0,v1:172.21.15.26:6789/0] -- mon_subscribe({config=0+,monmap=0+}) v3 -- 0x7f6cb01011d0 con 0x7f6cb0070430
2023-12-26T17:17:34.572 INFO:teuthology.orchestra.run.smithi026.stderr:/usr/bin/ceph:
2023-12-26T17:17:34.564+0000 7f6cb4ce8700 1 --2- 172.21.15.26:0/2888552575 >> [v2:172.21.15.26:3300/0,v1:172.21.15.26:6789/0] conn(0x7f6cb0070430 0x7f6cb0100ce0 secure :-1 s=READY pgs=33 cs=0 l=1 rev1=1 rx=0x7f6ca400b5f0 tx=0x7f6ca4006ee0).ready entity=mon.0 client_cookie=fb685f8a95139333 server_cookie=0 in_seq=0 out_seq=0
2023-12-26T17:17:34.572 INFO:teuthology.orchestra.run.smithi026.stderr:/usr/bin/ceph:
2023-12-26T17:17:34.564+0000 7f6caf7fe700 1 -- 172.21.15.26:0/2888552575 <== mon.0 v2:172.21.15.26:3300/0 1 ==== mon_map magic: 0 v1 ==== 229+0+0 (secure 0 0 0) 0x7f6ca400d600 con 0x7f6cb0070430
2023-12-26T17:17:34.572 INFO:teuthology.orchestra.run.smithi026.stderr:/usr/bin/ceph:
2023-12-26T17:17:34.564+0000 7f6caf7fe700 1 -- 172.21.15.26:0/2888552575 <== mon.0 v2:172.21.15.26:3300/0 2 ==== config(25 keys) v1 ==== 1010+0+0 (secure 0 0 0) 0x7f6ca400dbd0 con 0x7f6cb0070430
2023-12-26T17:17:34.572 INFO:teuthology.orchestra.run.smithi026.stderr:/usr/bin/ceph:
2023-12-26T17:17:34.564+0000 7f6caf7fe700 1 -- 172.21.15.26:0/2888552575 <== mon.0 v2:172.21.15.26:3300/0 3 ==== mon_map magic: 0 v1 ==== 229+0+0 (secure 0 0 0) 0x7f6ca4011c00 con 0x7f6cb0070430
2023-12-26T17:17:34.572 INFO:teuthology.orchestra.run.smithi026.stderr:/usr/bin/ceph:
2023-12-26T17:17:34.565+0000 7f6cb6f4c700 1 -- 172.21.15.26:0/2888552575 >> [v2:172.21.15.26:3300/0,v1:172.21.15.26:6789/0] conn(0x7f6cb0070430 msgr2=0x7f6cb0100ce0 secure :-1 s=STATE_CONNECTION_ESTABLISHED l=1).mark_down
2023-12-26T17:17:34.572 INFO:teuthology.orchestra.run.smithi026.stderr:/usr/bin/ceph:
2023-12-26T17:17:34.565+0000 7f6cb6f4c700 1 --2- 172.21.15.26:0/2888552575 >> [v2:172.21.15.26:3300/0,v1:172.21.15.26:6789/0] conn(0x7f6cb0070430 0x7f6cb0100ce0 secure :-1 s=READY pgs=33 cs=0 l=1 rev1=1 rx=0x7f6ca400b5f0 tx=0x7f6ca4006ee0).stop
2023-12-26T17:17:34.573 INFO:teuthology.orchestra.run.smithi026.stderr:/usr/bin/ceph:
2023-12-26T17:17:34.565+0000 7f6cb6f4c700 1 -- 172.21.15.26:0/2888552575 shutdown_connections
2023-12-26T17:17:34.573 INFO:teuthology.orchestra.run.smithi026.stderr:/usr/bin/ceph:
2023-12-26T17:17:34.565+0000 7f6cb6f4c700 1 --2- 172.21.15.26:0/2888552575 >> [v2:172.21.15.26:3300/0,v1:172.21.15.26:6789/0] conn(0x7f6cb0070430 0x7f6cb0100ce0 unknown :-1 s=CLOSED pgs=33 cs=0 l=1 rev1=1 rx=0 tx=0).stop
2023-12-26T17:17:34.573 INFO:teuthology.orchestra.run.smithi026.stderr:/usr/bin/ceph:
2023-12-26T17:17:34.565+0000 7f6cb6f4c700 1 -- 172.21.15.26:0/2888552575 >> 172.21.15.26:0/2888552575 conn(0x7f6cb00f63c0 msgr2=0x7f6cb00f87e0 unknown :-1 s=STATE_NONE l=0).mark_down
2023-12-26T17:17:34.573 INFO:teuthology.orchestra.run.smithi026.stderr:/usr/bin/ceph:
2023-12-26T17:17:34.565+0000 7f6cb6f4c700 1 -- 172.21.15.26:0/2888552575 shutdown_connections
2023-12-26T17:17:34.574 INFO:teuthology.orchestra.run.smithi026.stderr:/usr/bin/ceph:
2023-12-26T17:17:34.565+0000 7f6cb6f4c700 1 -- 172.21.15.26:0/2888552575 wait complete.
2023-12-26T17:17:34.574 INFO:teuthology.orchestra.run.smithi026.stderr:/usr/bin/ceph:
2023-12-26T17:17:34.566+0000 7f6cb6f4c700 1 Processor -- start
2023-12-26T17:17:34.574 INFO:teuthology.orchestra.run.smithi026.stderr:/usr/bin/ceph:
2023-12-26T17:17:34.566+0000 7f6cb6f4c700 1 -- start start
2023-12-26T17:17:34.574 INFO:teuthology.orchestra.run.smithi026.stderr:/usr/bin/ceph:
2023-12-26T17:17:34.566+0000 7f6cb6f4c700 1 --2- >> [v2:172.21.15.26:3300/0,v1:172.21.15.26:6789/0] conn(0x7f6cb0070430 0x7f6cb010cbd0 unknown :-1 s=NONE pgs=0 cs=0 l=1 rev1=0 rx=0 tx=0).connect
2023-12-26T17:17:34.574 INFO:teuthology.orchestra.run.smithi026.stderr:/usr/bin/ceph:
2023-12-26T17:17:34.566+0000 7f6cb6f4c700 1 -- --> [v2:172.21.15.26:3300/0,v1:172.21.15.26:6789/0] -- mon_getmap magic: 0 v1 -- 0x7f6cb010d0c0 con 0x7f6cb0070430
2023-12-26T17:17:34.574 INFO:teuthology.orchestra.run.smithi026.stderr:/usr/bin/ceph:
2023-12-26T17:17:34.566+0000 7f6cb4ce8700 1 --2- >> [v2:172.21.15.26:3300/0,v1:172.21.15.26:6789/0] conn(0x7f6cb0070430 0x7f6cb010cbd0 unknown :-1 s=BANNER_CONNECTING pgs=0 cs=0 l=1 rev1=0 rx=0 tx=0)._handle_peer_banner_payload supported=1 required=0
2023-12-26T17:17:34.574 INFO:teuthology.orchestra.run.smithi026.stderr:/usr/bin/ceph:
2023-12-26T17:17:34.566+0000 7f6cb4ce8700 1 --2- >> [v2:172.21.15.26:3300/0,v1:172.21.15.26:6789/0] conn(0x7f6cb0070430 0x7f6cb010cbd0 unknown :-1 s=HELLO_CONNECTING pgs=0 cs=0 l=1 rev1=1 rx=0 tx=0).handle_hello peer v2:172.21.15.26:3300/0 says I am v2:172.21.15.26:33630/0 (socket says 172.21.15.26:33630)
2023-12-26T17:17:34.574 INFO:teuthology.orchestra.run.smithi026.stderr:/usr/bin/ceph:
2023-12-26T17:17:34.566+0000 7f6cb4ce8700 1 -- 172.21.15.26:0/3433734520 learned_addr learned my addr 172.21.15.26:0/3433734520 (peer_addr_for_me v2:172.21.15.26:0/0)
2023-12-26T17:17:34.574 INFO:teuthology.orchestra.run.smithi026.stderr:/usr/bin/ceph:
2023-12-26T17:17:34.566+0000 7f6cb4ce8700 1 -- 172.21.15.26:0/3433734520 --> [v2:172.21.15.26:3300/0,v1:172.21.15.26:6789/0] -- mon_subscribe({config=0+,monmap=0+}) v3 -- 0x7f6ca400b200 con 0x7f6cb0070430
2023-12-26T17:17:34.574 INFO:teuthology.orchestra.run.smithi026.stderr:/usr/bin/ceph:
2023-12-26T17:17:34.567+0000 7f6cb4ce8700 1 --2- 172.21.15.26:0/3433734520 >> [v2:172.21.15.26:3300/0,v1:172.21.15.26:6789/0] conn(0x7f6cb0070430 0x7f6cb010cbd0 secure :-1 s=READY pgs=34 cs=0 l=1 rev1=1 rx=0x7f6ca400b190 tx=0x7f6ca4006ee0).ready entity=mon.0 client_cookie=0 server_cookie=0 in_seq=0 out_seq=0
2023-12-26T17:17:34.574 INFO:teuthology.orchestra.run.smithi026.stderr:/usr/bin/ceph:
2023-12-26T17:17:34.567+0000 7f6cad7fa700 1 -- 172.21.15.26:0/3433734520 <== mon.0 v2:172.21.15.26:3300/0 1 ==== mon_map magic: 0 v1 ==== 229+0+0 (secure 0 0 0) 0x7f6ca401b410 con 0x7f6cb0070430
2023-12-26T17:17:34.575 INFO:teuthology.orchestra.run.smithi026.stderr:/usr/bin/ceph:
2023-12-26T17:17:34.567+0000 7f6cb6f4c700 1 -- 172.21.15.26:0/3433734520 --> [v2:172.21.15.26:3300/0,v1:172.21.15.26:6789/0] -- mon_subscribe({mgrmap=0+}) v3 -- 0x7f6cb010d2c0 con 0x7f6cb0070430
2023-12-26T17:17:34.575 INFO:teuthology.orchestra.run.smithi026.stderr:/usr/bin/ceph:
2023-12-26T17:17:34.567+0000 7f6cad7fa700 1 -- 172.21.15.26:0/3433734520 <== mon.0 v2:172.21.15.26:3300/0 2 ==== config(25 keys) v1 ==== 1010+0+0 (secure 0 0 0) 0x7f6ca401b9e0 con 0x7f6cb0070430
2023-12-26T17:17:34.575 INFO:teuthology.orchestra.run.smithi026.stderr:/usr/bin/ceph:
2023-12-26T17:17:34.567+0000 7f6cad7fa700 1 -- 172.21.15.26:0/3433734520 <== mon.0 v2:172.21.15.26:3300/0 3 ==== mon_map magic: 0 v1 ==== 229+0+0 (secure 0 0 0) 0x7f6ca401a880 con 0x7f6cb0070430
2023-12-26T17:17:34.575 INFO:teuthology.orchestra.run.smithi026.stderr:/usr/bin/ceph:
2023-12-26T17:17:34.567+0000 7f6cb6f4c700 1 -- 172.21.15.26:0/3433734520 --> [v2:172.21.15.26:3300/0,v1:172.21.15.26:6789/0] -- mon_subscribe({osdmap=0}) v3 -- 0x7f6cb010d6d0 con 0x7f6cb0070430
2023-12-26T17:17:34.575 INFO:teuthology.orchestra.run.smithi026.stderr:/usr/bin/ceph:
2023-12-26T17:17:34.568+0000 7f6cad7fa700 1 -- 172.21.15.26:0/3433734520 <== mon.0 v2:172.21.15.26:3300/0 4 ==== mgrmap(e 8) v1 ==== 36120+0+0 (secure 0 0 0) 0x7f6ca400f070 con 0x7f6cb0070430
2023-12-26T17:17:34.575 INFO:teuthology.orchestra.run.smithi026.stderr:/usr/bin/ceph:
2023-12-26T17:17:34.568+0000 7f6cad7fa700 1 --2- 172.21.15.26:0/3433734520 >> [v2:172.21.15.26:6800/301759066,v1:172.21.15.26:6801/301759066] conn(0x7f6c9402fd50 0x7f6c94032210 unknown :-1 s=NONE pgs=0 cs=0 l=1 rev1=0 rx=0 tx=0).connect
2023-12-26T17:17:34.575 INFO:teuthology.orchestra.run.smithi026.stderr:/usr/bin/ceph:
2023-12-26T17:17:34.568+0000 7f6cad7fa700 1 -- 172.21.15.26:0/3433734520 <== mon.0 v2:172.21.15.26:3300/0 5 ==== osd_map(2..2 src has 1..2) v4 ==== 926+0+0 (secure 0 0 0) 0x7f6ca4041270 con 0x7f6cb0070430
2023-12-26T17:17:34.575 INFO:teuthology.orchestra.run.smithi026.stderr:/usr/bin/ceph:
2023-12-26T17:17:34.568+0000 7f6caffff700 1 --2- 172.21.15.26:0/3433734520 >> [v2:172.21.15.26:6800/301759066,v1:172.21.15.26:6801/301759066] conn(0x7f6c9402fd50 0x7f6c94032210 unknown :-1 s=BANNER_CONNECTING pgs=0 cs=0 l=1 rev1=0 rx=0 tx=0)._handle_peer_banner_payload supported=1 required=0
2023-12-26T17:17:34.575 INFO:teuthology.orchestra.run.smithi026.stderr:/usr/bin/ceph:
2023-12-26T17:17:34.568+0000 7f6cb6f4c700 1 -- 172.21.15.26:0/3433734520 --> [v2:172.21.15.26:3300/0,v1:172.21.15.26:6789/0] -- mon_command({"prefix": "get_command_descriptions"} v 0) v1 -- 0x7f6cb0059100 con 0x7f6cb0070430
2023-12-26T17:17:34.575 INFO:teuthology.orchestra.run.smithi026.stderr:/usr/bin/ceph:
2023-12-26T17:17:34.568+0000 7f6caffff700 1 --2- 172.21.15.26:0/3433734520 >> [v2:172.21.15.26:6800/301759066,v1:172.21.15.26:6801/301759066] conn(0x7f6c9402fd50 0x7f6c94032210 secure :-1 s=READY pgs=7 cs=0 l=1 rev1=1 rx=0x7f6c9c0096a0 tx=0x7f6c9c006b40).ready entity=mgr.14116 client_cookie=0 server_cookie=0 in_seq=0 out_seq=0
2023-12-26T17:17:34.577 INFO:teuthology.orchestra.run.smithi026.stderr:/usr/bin/ceph:
2023-12-26T17:17:34.572+0000 7f6cad7fa700 1 -- 172.21.15.26:0/3433734520 <== mon.0 v2:172.21.15.26:3300/0 6 ==== mon_command_ack([{"prefix": "get_command_descriptions"}]=0 v0) v1 ==== 72+0+152212 (secure 0 0 0) 0x7f6ca4010360 con 0x7f6cb0070430
2023-12-26T17:17:34.736 INFO:teuthology.orchestra.run.smithi026.stderr:/usr/bin/ceph:
2023-12-26T17:17:34.733+0000 7f6cb6f4c700 1 -- 172.21.15.26:0/3433734520 --> [v2:172.21.15.26:6800/301759066,v1:172.21.15.26:6801/301759066] -- mgr_command(tid 0: {"prefix": "cephadm set-user", "user": "root", "target": ["mon-mgr", ""]}) v1 -- 0x7f6cb0106af0 con 0x7f6c9402fd50
2023-12-26T17:17:34.736 INFO:teuthology.orchestra.run.smithi026.stderr:/usr/bin/ceph:
2023-12-26T17:17:34.733+0000 7f6cad7fa700 1 -- 172.21.15.26:0/3433734520 <== mgr.14116 v2:172.21.15.26:6800/301759066 1 ==== mgr_command_reply(tid 0: 0 ) v1 ==== 8+0+16 (secure 0 0 0) 0x7f6cb0106af0 con 0x7f6c9402fd50
2023-12-26T17:17:34.736 INFO:teuthology.orchestra.run.smithi026.stderr:/usr/bin/ceph: value unchanged
2023-12-26T17:17:34.738 INFO:teuthology.orchestra.run.smithi026.stderr:/usr/bin/ceph:
2023-12-26T17:17:34.735+0000 7f6cb6f4c700 1 -- 172.21.15.26:0/3433734520 >> [v2:172.21.15.26:6800/301759066,v1:172.21.15.26:6801/301759066] conn(0x7f6c9402fd50 msgr2=0x7f6c94032210 secure :-1 s=STATE_CONNECTION_ESTABLISHED l=1).mark_down
2023-12-26T17:17:34.738 INFO:teuthology.orchestra.run.smithi026.stderr:/usr/bin/ceph:
2023-12-26T17:17:34.735+0000 7f6cb6f4c700 1 --2- 172.21.15.26:0/3433734520 >> [v2:172.21.15.26:6800/301759066,v1:172.21.15.26:6801/301759066] conn(0x7f6c9402fd50 0x7f6c94032210 secure :-1 s=READY pgs=7 cs=0 l=1 rev1=1 rx=0x7f6c9c0096a0 tx=0x7f6c9c006b40).stop
2023-12-26T17:17:34.739 INFO:teuthology.orchestra.run.smithi026.stderr:/usr/bin/ceph:
2023-12-26T17:17:34.735+0000 7f6cb6f4c700 1 -- 172.21.15.26:0/3433734520 >> [v2:172.21.15.26:3300/0,v1:172.21.15.26:6789/0] conn(0x7f6cb0070430 msgr2=0x7f6cb010cbd0 secure :-1 s=STATE_CONNECTION_ESTABLISHED l=1).mark_down
2023-12-26T17:17:34.739 INFO:teuthology.orchestra.run.smithi026.stderr:/usr/bin/ceph:
2023-12-26T17:17:34.735+0000 7f6cb6f4c700 1 --2- 172.21.15.26:0/3433734520 >> [v2:172.21.15.26:3300/0,v1:172.21.15.26:6789/0] conn(0x7f6cb0070430 0x7f6cb010cbd0 secure :-1 s=READY pgs=34 cs=0 l=1 rev1=1 rx=0x7f6ca400b190 tx=0x7f6ca4006ee0).stop
2023-12-26T17:17:34.739 INFO:teuthology.orchestra.run.smithi026.stderr:/usr/bin/ceph:
2023-12-26T17:17:34.735+0000 7f6cb6f4c700 1 -- 172.21.15.26:0/3433734520 shutdown_connections
2023-12-26T17:17:34.739 INFO:teuthology.orchestra.run.smithi026.stderr:/usr/bin/ceph:
