2023-12-26T21:56:35.985+0000 7f84d5865700 1 -- 172.21.15.59:0/3935763250 >> 172.21.15.59:0/3935763250 conn(0x7f84d00f5e20 msgr2=0x7f84d00f78c0 unknown :-1 s=STATE_NONE l=0).mark_down
2023-12-26T21:56:35.987 INFO:teuthology.orchestra.run.smithi059.stderr:/usr/bin/ceph:
2023-12-26T21:56:35.985+0000 7f84d5865700 1 -- 172.21.15.59:0/3935763250 shutdown_connections
2023-12-26T21:56:35.987 INFO:teuthology.orchestra.run.smithi059.stderr:/usr/bin/ceph:
2023-12-26T21:56:35.985+0000 7f84d5865700 1 -- 172.21.15.59:0/3935763250 wait complete.
2023-12-26T21:56:36.004 INFO:journalctl@ceph.mon.smithi059.smithi059.stdout:Dec 26 21:56:35 smithi059 ceph-761f1ff0-a439-11ee-95a5-87774f69a715-mon-smithi059[111931]: audit
2023-12-26T21:56:34.122358+0000 mgr.smithi059.gwkiyc (mgr.14116) 18 : audit [DBG] from='client.14144 -' entity='client.admin' cmd=[{"prefix": "orch apply", "service_type": "grafana", "target": ["mon-mgr", ""]}]: dispatch
2023-12-26T21:56:36.005 INFO:journalctl@ceph.mon.smithi059.smithi059.stdout:Dec 26 21:56:35 smithi059 ceph-761f1ff0-a439-11ee-95a5-87774f69a715-mon-smithi059[111931]: cephadm
2023-12-26T21:56:34.122854+0000 mgr.smithi059.gwkiyc (mgr.14116) 19 : cephadm [INF] Saving service grafana spec with placement count:1
2023-12-26T21:56:36.005 INFO:journalctl@ceph.mon.smithi059.smithi059.stdout:Dec 26 21:56:35 smithi059 ceph-761f1ff0-a439-11ee-95a5-87774f69a715-mon-smithi059[111931]: audit
2023-12-26T21:56:35.075548+0000 mon.smithi059 (mon.0) 62 : audit [INF] from='mgr.14116 172.21.15.59:0/4078074858' entity='mgr.smithi059.gwkiyc'
2023-12-26T21:56:36.690 INFO:teuthology.orchestra.run.smithi059.stderr:/usr/bin/ceph:
2023-12-26T21:56:36.687+0000 7f91a5015700 1 Processor -- start
2023-12-26T21:56:36.690 INFO:teuthology.orchestra.run.smithi059.stderr:/usr/bin/ceph:
2023-12-26T21:56:36.687+0000 7f91a5015700 1 -- start start
2023-12-26T21:56:36.690 INFO:teuthology.orchestra.run.smithi059.stderr:/usr/bin/ceph:
2023-12-26T21:56:36.687+0000 7f91a5015700 1 --2- >> [v2:172.21.15.59:3300/0,v1:172.21.15.59:6789/0] conn(0x7f91a00275d0 0x7f91a0101080 unknown :-1 s=NONE pgs=0 cs=0 l=0 rev1=0 rx=0 tx=0).connect
2023-12-26T21:56:36.690 INFO:teuthology.orchestra.run.smithi059.stderr:/usr/bin/ceph:
2023-12-26T21:56:36.687+0000 7f91a5015700 1 -- --> [v2:172.21.15.59:3300/0,v1:172.21.15.59:6789/0] -- mon_getmap magic: 0 v1 -- 0x7f91a00fca70 con 0x7f91a00275d0
2023-12-26T21:56:36.690 INFO:teuthology.orchestra.run.smithi059.stderr:/usr/bin/ceph:
2023-12-26T21:56:36.688+0000 7f919ed9d700 1 --2- >> [v2:172.21.15.59:3300/0,v1:172.21.15.59:6789/0] conn(0x7f91a00275d0 0x7f91a0101080 unknown :-1 s=BANNER_CONNECTING pgs=0 cs=0 l=0 rev1=0 rx=0 tx=0)._handle_peer_banner_payload supported=1 required=0
2023-12-26T21:56:36.690 INFO:teuthology.orchestra.run.smithi059.stderr:/usr/bin/ceph:
2023-12-26T21:56:36.688+0000 7f919ed9d700 1 --2- >> [v2:172.21.15.59:3300/0,v1:172.21.15.59:6789/0] conn(0x7f91a00275d0 0x7f91a0101080 unknown :-1 s=HELLO_CONNECTING pgs=0 cs=0 l=0 rev1=1 rx=0 tx=0).handle_hello peer v2:172.21.15.59:3300/0 says I am v2:172.21.15.59:35186/0 (socket says 172.21.15.59:35186)
2023-12-26T21:56:36.690 INFO:teuthology.orchestra.run.smithi059.stderr:/usr/bin/ceph:
2023-12-26T21:56:36.688+0000 7f919ed9d700 1 -- 172.21.15.59:0/3456980480 learned_addr learned my addr 172.21.15.59:0/3456980480 (peer_addr_for_me v2:172.21.15.59:0/0)
2023-12-26T21:56:36.690 INFO:teuthology.orchestra.run.smithi059.stderr:/usr/bin/ceph:
2023-12-26T21:56:36.688+0000 7f919ed9d700 1 -- 172.21.15.59:0/3456980480 --> [v2:172.21.15.59:3300/0,v1:172.21.15.59:6789/0] -- mon_subscribe({config=0+,monmap=0+}) v3 -- 0x7f91a0101570 con 0x7f91a00275d0
2023-12-26T21:56:36.690 INFO:teuthology.orchestra.run.smithi059.stderr:/usr/bin/ceph:
2023-12-26T21:56:36.688+0000 7f919ed9d700 1 --2- 172.21.15.59:0/3456980480 >> [v2:172.21.15.59:3300/0,v1:172.21.15.59:6789/0] conn(0x7f91a00275d0 0x7f91a0101080 secure :-1 s=READY pgs=55 cs=0 l=1 rev1=1 rx=0x7f919400b5f0 tx=0x7f9194006ee0).ready entity=mon.0 client_cookie=4c7476893253b39f server_cookie=0 in_seq=0 out_seq=0
2023-12-26T21:56:36.690 INFO:teuthology.orchestra.run.smithi059.stderr:/usr/bin/ceph:
2023-12-26T21:56:36.688+0000 7f919dd9b700 1 -- 172.21.15.59:0/3456980480 <== mon.0 v2:172.21.15.59:3300/0 1 ==== mon_map magic: 0 v1 ==== 229+0+0 (secure 0 0 0) 0x7f919400d600 con 0x7f91a00275d0
2023-12-26T21:56:36.691 INFO:teuthology.orchestra.run.smithi059.stderr:/usr/bin/ceph:
2023-12-26T21:56:36.688+0000 7f919dd9b700 1 -- 172.21.15.59:0/3456980480 <== mon.0 v2:172.21.15.59:3300/0 2 ==== config(25 keys) v1 ==== 997+0+0 (secure 0 0 0) 0x7f919400dbc0 con 0x7f91a00275d0
2023-12-26T21:56:36.691 INFO:teuthology.orchestra.run.smithi059.stderr:/usr/bin/ceph:
2023-12-26T21:56:36.688+0000 7f919dd9b700 1 -- 172.21.15.59:0/3456980480 <== mon.0 v2:172.21.15.59:3300/0 3 ==== mon_map magic: 0 v1 ==== 229+0+0 (secure 0 0 0) 0x7f9194011b90 con 0x7f91a00275d0
2023-12-26T21:56:36.691 INFO:teuthology.orchestra.run.smithi059.stderr:/usr/bin/ceph:
2023-12-26T21:56:36.689+0000 7f91a5015700 1 -- 172.21.15.59:0/3456980480 >> [v2:172.21.15.59:3300/0,v1:172.21.15.59:6789/0] conn(0x7f91a00275d0 msgr2=0x7f91a0101080 secure :-1 s=STATE_CONNECTION_ESTABLISHED l=1).mark_down
2023-12-26T21:56:36.691 INFO:teuthology.orchestra.run.smithi059.stderr:/usr/bin/ceph:
2023-12-26T21:56:36.689+0000 7f91a5015700 1 --2- 172.21.15.59:0/3456980480 >> [v2:172.21.15.59:3300/0,v1:172.21.15.59:6789/0] conn(0x7f91a00275d0 0x7f91a0101080 secure :-1 s=READY pgs=55 cs=0 l=1 rev1=1 rx=0x7f919400b5f0 tx=0x7f9194006ee0).stop
2023-12-26T21:56:36.691 INFO:teuthology.orchestra.run.smithi059.stderr:/usr/bin/ceph:
2023-12-26T21:56:36.689+0000 7f91a5015700 1 -- 172.21.15.59:0/3456980480 shutdown_connections
2023-12-26T21:56:36.691 INFO:teuthology.orchestra.run.smithi059.stderr:/usr/bin/ceph:
2023-12-26T21:56:36.689+0000 7f91a5015700 1 --2- 172.21.15.59:0/3456980480 >> [v2:172.21.15.59:3300/0,v1:172.21.15.59:6789/0] conn(0x7f91a00275d0 0x7f91a0101080 unknown :-1 s=CLOSED pgs=55 cs=0 l=1 rev1=1 rx=0 tx=0).stop
2023-12-26T21:56:36.691 INFO:teuthology.orchestra.run.smithi059.stderr:/usr/bin/ceph:
2023-12-26T21:56:36.689+0000 7f91a5015700 1 -- 172.21.15.59:0/3456980480 >> 172.21.15.59:0/3456980480 conn(0x7f91a00f6680 msgr2=0x7f91a00f8aa0 unknown :-1 s=STATE_NONE l=0).mark_down
2023-12-26T21:56:36.691 INFO:teuthology.orchestra.run.smithi059.stderr:/usr/bin/ceph:
2023-12-26T21:56:36.689+0000 7f91a5015700 1 -- 172.21.15.59:0/3456980480 shutdown_connections
2023-12-26T21:56:36.691 INFO:teuthology.orchestra.run.smithi059.stderr:/usr/bin/ceph:
2023-12-26T21:56:36.689+0000 7f91a5015700 1 -- 172.21.15.59:0/3456980480 wait complete.
2023-12-26T21:56:36.691 INFO:teuthology.orchestra.run.smithi059.stderr:/usr/bin/ceph:
2023-12-26T21:56:36.689+0000 7f91a5015700 1 Processor -- start
2023-12-26T21:56:36.691 INFO:teuthology.orchestra.run.smithi059.stderr:/usr/bin/ceph:
2023-12-26T21:56:36.689+0000 7f91a5015700 1 -- start start
2023-12-26T21:56:36.693 INFO:teuthology.orchestra.run.smithi059.stderr:/usr/bin/ceph:
2023-12-26T21:56:36.690+0000 7f91a5015700 1 --2- >> [v2:172.21.15.59:3300/0,v1:172.21.15.59:6789/0] conn(0x7f91a00275d0 0x7f91a010cf40 unknown :-1 s=NONE pgs=0 cs=0 l=1 rev1=0 rx=0 tx=0).connect
2023-12-26T21:56:36.693 INFO:teuthology.orchestra.run.smithi059.stderr:/usr/bin/ceph:
2023-12-26T21:56:36.690+0000 7f91a5015700 1 -- --> [v2:172.21.15.59:3300/0,v1:172.21.15.59:6789/0] -- mon_getmap magic: 0 v1 -- 0x7f91a010d430 con 0x7f91a00275d0
2023-12-26T21:56:36.693 INFO:teuthology.orchestra.run.smithi059.stderr:/usr/bin/ceph:
2023-12-26T21:56:36.690+0000 7f919ed9d700 1 --2- >> [v2:172.21.15.59:3300/0,v1:172.21.15.59:6789/0] conn(0x7f91a00275d0 0x7f91a010cf40 unknown :-1 s=BANNER_CONNECTING pgs=0 cs=0 l=1 rev1=0 rx=0 tx=0)._handle_peer_banner_payload supported=1 required=0
2023-12-26T21:56:36.693 INFO:teuthology.orchestra.run.smithi059.stderr:/usr/bin/ceph:
2023-12-26T21:56:36.690+0000 7f919ed9d700 1 --2- >> [v2:172.21.15.59:3300/0,v1:172.21.15.59:6789/0] conn(0x7f91a00275d0 0x7f91a010cf40 unknown :-1 s=HELLO_CONNECTING pgs=0 cs=0 l=1 rev1=1 rx=0 tx=0).handle_hello peer v2:172.21.15.59:3300/0 says I am v2:172.21.15.59:35192/0 (socket says 172.21.15.59:35192)
2023-12-26T21:56:36.694 INFO:teuthology.orchestra.run.smithi059.stderr:/usr/bin/ceph:
2023-12-26T21:56:36.690+0000 7f919ed9d700 1 -- 172.21.15.59:0/2315547420 learned_addr learned my addr 172.21.15.59:0/2315547420 (peer_addr_for_me v2:172.21.15.59:0/0)
2023-12-26T21:56:36.694 INFO:teuthology.orchestra.run.smithi059.stderr:/usr/bin/ceph:
2023-12-26T21:56:36.690+0000 7f919ed9d700 1 -- 172.21.15.59:0/2315547420 --> [v2:172.21.15.59:3300/0,v1:172.21.15.59:6789/0] -- mon_subscribe({config=0+,monmap=0+}) v3 -- 0x7f919400b200 con 0x7f91a00275d0
2023-12-26T21:56:36.694 INFO:teuthology.orchestra.run.smithi059.stderr:/usr/bin/ceph:
2023-12-26T21:56:36.690+0000 7f919ed9d700 1 --2- 172.21.15.59:0/2315547420 >> [v2:172.21.15.59:3300/0,v1:172.21.15.59:6789/0] conn(0x7f91a00275d0 0x7f91a010cf40 secure :-1 s=READY pgs=56 cs=0 l=1 rev1=1 rx=0x7f9194006800 tx=0x7f9194006ee0).ready entity=mon.0 client_cookie=0 server_cookie=0 in_seq=0 out_seq=0
2023-12-26T21:56:36.694 INFO:teuthology.orchestra.run.smithi059.stderr:/usr/bin/ceph:
2023-12-26T21:56:36.690+0000 7f91877fe700 1 -- 172.21.15.59:0/2315547420 <== mon.0 v2:172.21.15.59:3300/0 1 ==== mon_map magic: 0 v1 ==== 229+0+0 (secure 0 0 0) 0x7f919400d9c0 con 0x7f91a00275d0
2023-12-26T21:56:36.694 INFO:teuthology.orchestra.run.smithi059.stderr:/usr/bin/ceph:
2023-12-26T21:56:36.690+0000 7f91877fe700 1 -- 172.21.15.59:0/2315547420 <== mon.0 v2:172.21.15.59:3300/0 2 ==== config(25 keys) v1 ==== 997+0+0 (secure 0 0 0) 0x7f919401b870 con 0x7f91a00275d0
2023-12-26T21:56:36.694 INFO:teuthology.orchestra.run.smithi059.stderr:/usr/bin/ceph:
2023-12-26T21:56:36.690+0000 7f91a5015700 1 -- 172.21.15.59:0/2315547420 --> [v2:172.21.15.59:3300/0,v1:172.21.15.59:6789/0] -- mon_subscribe({mgrmap=0+}) v3 -- 0x7f91a010d630 con 0x7f91a00275d0
2023-12-26T21:56:36.694 INFO:teuthology.orchestra.run.smithi059.stderr:/usr/bin/ceph:
2023-12-26T21:56:36.690+0000 7f91877fe700 1 -- 172.21.15.59:0/2315547420 <== mon.0 v2:172.21.15.59:3300/0 3 ==== mon_map magic: 0 v1 ==== 229+0+0 (secure 0 0 0) 0x7f919401a740 con 0x7f91a00275d0
2023-12-26T21:56:36.694 INFO:teuthology.orchestra.run.smithi059.stderr:/usr/bin/ceph:
2023-12-26T21:56:36.691+0000 7f91a5015700 1 -- 172.21.15.59:0/2315547420 --> [v2:172.21.15.59:3300/0,v1:172.21.15.59:6789/0] -- mon_subscribe({osdmap=0}) v3 -- 0x7f91a010dac0 con 0x7f91a00275d0
2023-12-26T21:56:36.694 INFO:teuthology.orchestra.run.smithi059.stderr:/usr/bin/ceph:
2023-12-26T21:56:36.691+0000 7f91a5015700 1 -- 172.21.15.59:0/2315547420 --> [v2:172.21.15.59:3300/0,v1:172.21.15.59:6789/0] -- mon_command({"prefix": "get_command_descriptions"} v 0) v1 -- 0x7f91a0045bb0 con 0x7f91a00275d0
2023-12-26T21:56:36.694 INFO:teuthology.orchestra.run.smithi059.stderr:/usr/bin/ceph:
2023-12-26T21:56:36.692+0000 7f91877fe700 1 -- 172.21.15.59:0/2315547420 <== mon.0 v2:172.21.15.59:3300/0 4 ==== mgrmap(e 8) v1 ==== 37095+0+0 (secure 0 0 0) 0x7f919402b070 con 0x7f91a00275d0
2023-12-26T21:56:36.694 INFO:teuthology.orchestra.run.smithi059.stderr:/usr/bin/ceph:
2023-12-26T21:56:36.692+0000 7f91877fe700 1 --2- 172.21.15.59:0/2315547420 >> [v2:172.21.15.59:6800/3069705549,v1:172.21.15.59:6801/3069705549] conn(0x7f918c030fa0 0x7f918c033460 unknown :-1 s=NONE pgs=0 cs=0 l=1 rev1=0 rx=0 tx=0).connect
2023-12-26T21:56:36.694 INFO:teuthology.orchestra.run.smithi059.stderr:/usr/bin/ceph:
2023-12-26T21:56:36.692+0000 7f91877fe700 1 -- 172.21.15.59:0/2315547420 <== mon.0 v2:172.21.15.59:3300/0 5 ==== osd_map(2..2 src has 1..2) v4 ==== 893+0+0 (secure 0 0 0) 0x7f9194042c80 con 0x7f91a00275d0
2023-12-26T21:56:36.694 INFO:teuthology.orchestra.run.smithi059.stderr:/usr/bin/ceph:
2023-12-26T21:56:36.692+0000 7f919e59c700 1 --2- 172.21.15.59:0/2315547420 >> [v2:172.21.15.59:6800/3069705549,v1:172.21.15.59:6801/3069705549] conn(0x7f918c030fa0 0x7f918c033460 unknown :-1 s=BANNER_CONNECTING pgs=0 cs=0 l=1 rev1=0 rx=0 tx=0)._handle_peer_banner_payload supported=1 required=0
2023-12-26T21:56:36.694 INFO:teuthology.orchestra.run.smithi059.stderr:/usr/bin/ceph:
2023-12-26T21:56:36.692+0000 7f919e59c700 1 --2- 172.21.15.59:0/2315547420 >> [v2:172.21.15.59:6800/3069705549,v1:172.21.15.59:6801/3069705549] conn(0x7f918c030fa0 0x7f918c033460 secure :-1 s=READY pgs=18 cs=0 l=1 rev1=1 rx=0x7f91900096a0 tx=0x7f9190006b40).ready entity=mgr.14116 client_cookie=0 server_cookie=0 in_seq=0 out_seq=0
2023-12-26T21:56:36.696 INFO:teuthology.orchestra.run.smithi059.stderr:/usr/bin/ceph:
2023-12-26T21:56:36.696+0000 7f91877fe700 1 -- 172.21.15.59:0/2315547420 <== mon.0 v2:172.21.15.59:3300/0 6 ==== mon_command_ack([{"prefix": "get_command_descriptions"}]=0 v0) v1 ==== 72+0+153237 (secure 0 0 0) 0x7f919401bcc0 con 0x7f91a00275d0
2023-12-26T21:56:36.861 INFO:teuthology.orchestra.run.smithi059.stderr:/usr/bin/ceph:
2023-12-26T21:56:36.860+0000 7f91a5015700 1 -- 172.21.15.59:0/2315547420 --> [v2:172.21.15.59:3300/0,v1:172.21.15.59:6789/0] -- mon_command([{prefix=config set, name=mgr/cephadm/container_init}] v 0) v1 -- 0x7f91a0102150 con 0x7f91a00275d0
2023-12-26T21:56:36.866 INFO:teuthology.orchestra.run.smithi059.stderr:/usr/bin/ceph:
2023-12-26T21:56:36.866+0000 7f91877fe700 1 -- 172.21.15.59:0/2315547420 <== mon.0 v2:172.21.15.59:3300/0 7 ==== mon_command_ack([{prefix=config set, name=mgr/cephadm/container_init}]=0 v8)=0 v8) v1 ==== 142+0+0 (secure 0 0 0) 0x7f919401f070 con 0x7f91a00275d0
2023-12-26T21:56:36.868 INFO:teuthology.orchestra.run.smithi059.stderr:/usr/bin/ceph:
2023-12-26T21:56:36.868+0000 7f91a5015700 1 -- 172.21.15.59:0/2315547420 >> [v2:172.21.15.59:6800/3069705549,v1:172.21.15.59:6801/3069705549] conn(0x7f918c030fa0 msgr2=0x7f918c033460 secure :-1 s=STATE_CONNECTION_ESTABLISHED l=1).mark_down
2023-12-26T21:56:36.869 INFO:teuthology.orchestra.run.smithi059.stderr:/usr/bin/ceph:
2023-12-26T21:56:36.868+0000 7f91a5015700 1 --2- 172.21.15.59:0/2315547420 >> [v2:172.21.15.59:6800/3069705549,v1:172.21.15.59:6801/3069705549] conn(0x7f918c030fa0 0x7f918c033460 secure :-1 s=READY pgs=18 cs=0 l=1 rev1=1 rx=0x7f91900096a0 tx=0x7f9190006b40).stop
2023-12-26T21:56:36.869 INFO:teuthology.orchestra.run.smithi059.stderr:/usr/bin/ceph:
2023-12-26T21:56:36.868+0000 7f91a5015700 1 -- 172.21.15.59:0/2315547420 >> [v2:172.21.15.59:3300/0,v1:172.21.15.59:6789/0] conn(0x7f91a00275d0 msgr2=0x7f91a010cf40 secure :-1 s=STATE_CONNECTION_ESTABLISHED l=1).mark_down
2023-12-26T21:56:36.869 INFO:teuthology.orchestra.run.smithi059.stderr:/usr/bin/ceph:
2023-12-26T21:56:36.868+0000 7f91a5015700 1 --2- 172.21.15.59:0/2315547420 >> [v2:172.21.15.59:3300/0,v1:172.21.15.59:6789/0] conn(0x7f91a00275d0 0x7f91a010cf40 secure :-1 s=READY pgs=56 cs=0 l=1 rev1=1 rx=0x7f9194006800 tx=0x7f9194006ee0).stop
2023-12-26T21:56:36.870 INFO:teuthology.orchestra.run.smithi059.stderr:/usr/bin/ceph:
2023-12-26T21:56:36.868+0000 7f91a5015700 1 -- 172.21.15.59:0/2315547420 shutdown_connections
2023-12-26T21:56:36.870 INFO:teuthology.orchestra.run.smithi059.stderr:/usr/bin/ceph:
2023-12-26T21:56:36.868+0000 7f91a5015700 1 --2- 172.21.15.59:0/2315547420 >> [v2:172.21.15.59:6800/3069705549,v1:172.21.15.59:6801/3069705549] conn(0x7f918c030fa0 0x7f918c033460 unknown :-1 s=CLOSED pgs=18 cs=0 l=1 rev1=1 rx=0 tx=0).stop
2023-12-26T21:56:36.870 INFO:teuthology.orchestra.run.smithi059.stderr:/usr/bin/ceph:
2023-12-26T21:56:36.868+0000 7f91a5015700 1 --2- 172.21.15.59:0/2315547420 >> [v2:172.21.15.59:3300/0,v1:172.21.15.59:6789/0] conn(0x7f91a00275d0 0x7f91a010cf40 unknown :-1 s=CLOSED pgs=56 cs=0 l=1 rev1=1 rx=0 tx=0).stop
2023-12-26T21:56:36.870 INFO:teuthology.orchestra.run.smithi059.stderr:/usr/bin/ceph:
2023-12-26T21:56:36.868+0000 7f91a5015700 1 -- 172.21.15.59:0/2315547420 >> 172.21.15.59:0/2315547420 conn(0x7f91a00f6680 msgr2=0x7f91a00f8180 unknown :-1 s=STATE_NONE l=0).mark_down
2023-12-26T21:56:36.870 INFO:teuthology.orchestra.run.smithi059.stderr:/usr/bin/ceph:
2023-12-26T21:56:36.869+0000 7f91a5015700 1 -- 172.21.15.59:0/2315547420 shutdown_connections
2023-12-26T21:56:36.870 INFO:teuthology.orchestra.run.smithi059.stderr:/usr/bin/ceph:
2023-12-26T21:56:36.869+0000 7f91a5015700 1 -- 172.21.15.59:0/2315547420 wait complete.
2023-12-26T21:56:37.044 INFO:journalctl@ceph.mon.smithi059.smithi059.stdout:Dec 26 21:56:36 smithi059 ceph-761f1ff0-a439-11ee-95a5-87774f69a715-mon-smithi059[111931]: audit
2023-12-26T21:56:35.072706+0000 mgr.smithi059.gwkiyc (mgr.14116) 20 : audit [DBG] from='client.14146 -' entity='client.admin' cmd=[{"prefix": "orch apply", "service_type": "node-exporter", "target": ["mon-mgr", ""]}]: dispatch
2023-12-26T21:56:37.045 INFO:journalctl@ceph.mon.smithi059.smithi059.stdout:Dec 26 21:56:36 smithi059 ceph-761f1ff0-a439-11ee-95a5-87774f69a715-mon-smithi059[111931]: cephadm
2023-12-26T21:56:35.073254+0000 mgr.smithi059.gwkiyc (mgr.14116) 21 : cephadm [INF] Saving service node-exporter spec with placement *
2023-12-26T21:56:37.045 INFO:journalctl@ceph.mon.smithi059.smithi059.stdout:Dec 26 21:56:36 smithi059 ceph-761f1ff0-a439-11ee-95a5-87774f69a715-mon-smithi059[111931]: audit
2023-12-26T21:56:35.984386+0000 mon.smithi059 (mon.0) 63 : audit [INF] from='mgr.14116 172.21.15.59:0/4078074858' entity='mgr.smithi059.gwkiyc'
2023-12-26T21:56:37.651 INFO:teuthology.orchestra.run.smithi059.stderr:/usr/bin/ceph:
2023-12-26T21:56:37.647+0000 7fde83118700 1 Processor -- start
2023-12-26T21:56:37.651 INFO:teuthology.orchestra.run.smithi059.stderr:/usr/bin/ceph:
2023-12-26T21:56:37.647+0000 7fde83118700 1 -- start start
2023-12-26T21:56:37.651 INFO:teuthology.orchestra.run.smithi059.stderr:/usr/bin/ceph:
2023-12-26T21:56:37.647+0000 7fde83118700 1 --2- >> [v2:172.21.15.59:3300/0,v1:172.21.15.59:6789/0] conn(0x7fde7c0fc4b0 0x7fde7c0fc8d0 unknown :-1 s=NONE pgs=0 cs=0 l=0 rev1=0 rx=0 tx=0).connect
2023-12-26T21:56:37.651 INFO:teuthology.orchestra.run.smithi059.stderr:/usr/bin/ceph:
2023-12-26T21:56:37.647+0000 7fde83118700 1 -- --> [v2:172.21.15.59:3300/0,v1:172.21.15.59:6789/0] -- mon_getmap magic: 0 v1 -- 0x7fde7c0fcdc0 con 0x7fde7c0fc4b0
2023-12-26T21:56:37.651 INFO:teuthology.orchestra.run.smithi059.stderr:/usr/bin/ceph:
2023-12-26T21:56:37.647+0000 7fde80eb4700 1 --2- >> [v2:172.21.15.59:3300/0,v1:172.21.15.59:6789/0] conn(0x7fde7c0fc4b0 0x7fde7c0fc8d0 unknown :-1 s=BANNER_CONNECTING pgs=0 cs=0 l=0 rev1=0 rx=0 tx=0)._handle_peer_banner_payload supported=1 required=0
2023-12-26T21:56:37.652 INFO:teuthology.orchestra.run.smithi059.stderr:/usr/bin/ceph:
2023-12-26T21:56:37.647+0000 7fde80eb4700 1 --2- >> [v2:172.21.15.59:3300/0,v1:172.21.15.59:6789/0] conn(0x7fde7c0fc4b0 0x7fde7c0fc8d0 unknown :-1 s=HELLO_CONNECTING pgs=0 cs=0 l=0 rev1=1 rx=0 tx=0).handle_hello peer v2:172.21.15.59:3300/0 says I am v2:172.21.15.59:35202/0 (socket says 172.21.15.59:35202)
2023-12-26T21:56:37.652 INFO:teuthology.orchestra.run.smithi059.stderr:/usr/bin/ceph:
2023-12-26T21:56:37.647+0000 7fde80eb4700 1 -- 172.21.15.59:0/1323749754 learned_addr learned my addr 172.21.15.59:0/1323749754 (peer_addr_for_me v2:172.21.15.59:0/0)
2023-12-26T21:56:37.652 INFO:teuthology.orchestra.run.smithi059.stderr:/usr/bin/ceph:
2023-12-26T21:56:37.648+0000 7fde80eb4700 1 -- 172.21.15.59:0/1323749754 --> [v2:172.21.15.59:3300/0,v1:172.21.15.59:6789/0] -- mon_subscribe({config=0+,monmap=0+}) v3 -- 0x7fde7c0fcf00 con 0x7fde7c0fc4b0
2023-12-26T21:56:37.652 INFO:teuthology.orchestra.run.smithi059.stderr:/usr/bin/ceph:
2023-12-26T21:56:37.648+0000 7fde80eb4700 1 --2- 172.21.15.59:0/1323749754 >> [v2:172.21.15.59:3300/0,v1:172.21.15.59:6789/0] conn(0x7fde7c0fc4b0 0x7fde7c0fc8d0 secure :-1 s=READY pgs=57 cs=0 l=1 rev1=1 rx=0x7fde7000b5f0 tx=0x7fde70006ee0).ready entity=mon.0 client_cookie=bbcb35b9c53e8396 server_cookie=0 in_seq=0 out_seq=0
2023-12-26T21:56:37.652 INFO:teuthology.orchestra.run.smithi059.stderr:/usr/bin/ceph:
2023-12-26T21:56:37.648+0000 7fde7b7fe700 1 -- 172.21.15.59:0/1323749754 <== mon.0 v2:172.21.15.59:3300/0 1 ==== mon_map magic: 0 v1 ==== 229+0+0 (secure 0 0 0) 0x7fde7000d600 con 0x7fde7c0fc4b0
2023-12-26T21:56:37.652 INFO:teuthology.orchestra.run.smithi059.stderr:/usr/bin/ceph:
2023-12-26T21:56:37.648+0000 7fde7b7fe700 1 -- 172.21.15.59:0/1323749754 <== mon.0 v2:172.21.15.59:3300/0 2 ==== config(25 keys) v1 ==== 997+0+0 (secure 0 0 0) 0x7fde7000dbc0 con 0x7fde7c0fc4b0
2023-12-26T21:56:37.652 INFO:teuthology.orchestra.run.smithi059.stderr:/usr/bin/ceph:
2023-12-26T21:56:37.648+0000 7fde7b7fe700 1 -- 172.21.15.59:0/1323749754 <== mon.0 v2:172.21.15.59:3300/0 3 ==== mon_map magic: 0 v1 ==== 229+0+0 (secure 0 0 0) 0x7fde70011b90 con 0x7fde7c0fc4b0
2023-12-26T21:56:37.652 INFO:teuthology.orchestra.run.smithi059.stderr:/usr/bin/ceph:
2023-12-26T21:56:37.648+0000 7fde83118700 1 -- 172.21.15.59:0/1323749754 >> [v2:172.21.15.59:3300/0,v1:172.21.15.59:6789/0] conn(0x7fde7c0fc4b0 msgr2=0x7fde7c0fc8d0 secure :-1 s=STATE_CONNECTION_ESTABLISHED l=1).mark_down
2023-12-26T21:56:37.653 INFO:teuthology.orchestra.run.smithi059.stderr:/usr/bin/ceph:
2023-12-26T21:56:37.648+0000 7fde83118700 1 --2- 172.21.15.59:0/1323749754 >> [v2:172.21.15.59:3300/0,v1:172.21.15.59:6789/0] conn(0x7fde7c0fc4b0 0x7fde7c0fc8d0 secure :-1 s=READY pgs=57 cs=0 l=1 rev1=1 rx=0x7fde7000b5f0 tx=0x7fde70006ee0).stop
2023-12-26T21:56:37.653 INFO:teuthology.orchestra.run.smithi059.stderr:/usr/bin/ceph:
2023-12-26T21:56:37.649+0000 7fde83118700 1 -- 172.21.15.59:0/1323749754 shutdown_connections
2023-12-26T21:56:37.653 INFO:teuthology.orchestra.run.smithi059.stderr:/usr/bin/ceph:
2023-12-26T21:56:37.649+0000 7fde83118700 1 --2- 172.21.15.59:0/1323749754 >> [v2:172.21.15.59:3300/0,v1:172.21.15.59:6789/0] conn(0x7fde7c0fc4b0 0x7fde7c0fc8d0 unknown :-1 s=CLOSED pgs=57 cs=0 l=1 rev1=1 rx=0 tx=0).stop
2023-12-26T21:56:37.653 INFO:teuthology.orchestra.run.smithi059.stderr:/usr/bin/ceph:
2023-12-26T21:56:37.649+0000 7fde83118700 1 -- 172.21.15.59:0/1323749754 >> 172.21.15.59:0/1323749754 conn(0x7fde7c0f5e00 msgr2=0x7fde7c0f8220 unknown :-1 s=STATE_NONE l=0).mark_down
2023-12-26T21:56:37.653 INFO:teuthology.orchestra.run.smithi059.stderr:/usr/bin/ceph:
2023-12-26T21:56:37.649+0000 7fde83118700 1 -- 172.21.15.59:0/1323749754 shutdown_connections
2023-12-26T21:56:37.653 INFO:teuthology.orchestra.run.smithi059.stderr:/usr/bin/ceph:
2023-12-26T21:56:37.649+0000 7fde83118700 1 -- 172.21.15.59:0/1323749754 wait complete.
2023-12-26T21:56:37.653 INFO:teuthology.orchestra.run.smithi059.stderr:/usr/bin/ceph:
2023-12-26T21:56:37.649+0000 7fde83118700 1 Processor -- start
2023-12-26T21:56:37.653 INFO:teuthology.orchestra.run.smithi059.stderr:/usr/bin/ceph:
2023-12-26T21:56:37.650+0000 7fde83118700 1 -- start start
2023-12-26T21:56:37.656 INFO:teuthology.orchestra.run.smithi059.stderr:/usr/bin/ceph:
2023-12-26T21:56:37.650+0000 7fde83118700 1 --2- >> [v2:172.21.15.59:3300/0,v1:172.21.15.59:6789/0] conn(0x7fde7c0fc4b0 0x7fde7c101130 unknown :-1 s=NONE pgs=0 cs=0 l=1 rev1=0 rx=0 tx=0).connect
2023-12-26T21:56:37.657 INFO:teuthology.orchestra.run.smithi059.stderr:/usr/bin/ceph:
2023-12-26T21:56:37.650+0000 7fde83118700 1 -- --> [v2:172.21.15.59:3300/0,v1:172.21.15.59:6789/0] -- mon_getmap magic: 0 v1 -- 0x7fde7c0ff5b0 con 0x7fde7c0fc4b0
2023-12-26T21:56:37.657 INFO:teuthology.orchestra.run.smithi059.stderr:/usr/bin/ceph:
2023-12-26T21:56:37.650+0000 7fde80eb4700 1 --2- >> [v2:172.21.15.59:3300/0,v1:172.21.15.59:6789/0] conn(0x7fde7c0fc4b0 0x7fde7c101130 unknown :-1 s=BANNER_CONNECTING pgs=0 cs=0 l=1 rev1=0 rx=0 tx=0)._handle_peer_banner_payload supported=1 required=0
2023-12-26T21:56:37.657 INFO:teuthology.orchestra.run.smithi059.stderr:/usr/bin/ceph:
2023-12-26T21:56:37.651+0000 7fde80eb4700 1 --2- >> [v2:172.21.15.59:3300/0,v1:172.21.15.59:6789/0] conn(0x7fde7c0fc4b0 0x7fde7c101130 unknown :-1 s=HELLO_CONNECTING pgs=0 cs=0 l=1 rev1=1 rx=0 tx=0).handle_hello peer v2:172.21.15.59:3300/0 says I am v2:172.21.15.59:35210/0 (socket says 172.21.15.59:35210)
2023-12-26T21:56:37.658 INFO:teuthology.orchestra.run.smithi059.stderr:/usr/bin/ceph:
2023-12-26T21:56:37.651+0000 7fde80eb4700 1 -- 172.21.15.59:0/1858765932 learned_addr learned my addr 172.21.15.59:0/1858765932 (peer_addr_for_me v2:172.21.15.59:0/0)
2023-12-26T21:56:37.658 INFO:teuthology.orchestra.run.smithi059.stderr:/usr/bin/ceph:
2023-12-26T21:56:37.651+0000 7fde80eb4700 1 -- 172.21.15.59:0/1858765932 --> [v2:172.21.15.59:3300/0,v1:172.21.15.59:6789/0] -- mon_subscribe({config=0+,monmap=0+}) v3 -- 0x7fde7000b200 con 0x7fde7c0fc4b0
2023-12-26T21:56:37.658 INFO:teuthology.orchestra.run.smithi059.stderr:/usr/bin/ceph:
2023-12-26T21:56:37.651+0000 7fde80eb4700 1 --2- 172.21.15.59:0/1858765932 >> [v2:172.21.15.59:3300/0,v1:172.21.15.59:6789/0] conn(0x7fde7c0fc4b0 0x7fde7c101130 secure :-1 s=READY pgs=58 cs=0 l=1 rev1=1 rx=0x7fde70000c00 tx=0x7fde70006ee0).ready entity=mon.0 client_cookie=0 server_cookie=0 in_seq=0 out_seq=0
2023-12-26T21:56:37.658 INFO:teuthology.orchestra.run.smithi059.stderr:/usr/bin/ceph:
2023-12-26T21:56:37.651+0000 7fde797fa700 1 -- 172.21.15.59:0/1858765932 <== mon.0 v2:172.21.15.59:3300/0 1 ==== mon_map magic: 0 v1 ==== 229+0+0 (secure 0 0 0) 0x7fde7001b410 con 0x7fde7c0fc4b0
2023-12-26T21:56:37.658 INFO:teuthology.orchestra.run.smithi059.stderr:/usr/bin/ceph:
2023-12-26T21:56:37.651+0000 7fde83118700 1 -- 172.21.15.59:0/1858765932 --> [v2:172.21.15.59:3300/0,v1:172.21.15.59:6789/0] -- mon_subscribe({mgrmap=0+}) v3 -- 0x7fde7c0ff750 con 0x7fde7c0fc4b0
2023-12-26T21:56:37.658 INFO:teuthology.orchestra.run.smithi059.stderr:/usr/bin/ceph:
2023-12-26T21:56:37.651+0000 7fde797fa700 1 -- 172.21.15.59:0/1858765932 <== mon.0 v2:172.21.15.59:3300/0 2 ==== config(25 keys) v1 ==== 997+0+0 (secure 0 0 0) 0x7fde7001b9d0 con 0x7fde7c0fc4b0
2023-12-26T21:56:37.658 INFO:teuthology.orchestra.run.smithi059.stderr:/usr/bin/ceph:
2023-12-26T21:56:37.651+0000 7fde797fa700 1 -- 172.21.15.59:0/1858765932 <== mon.0 v2:172.21.15.59:3300/0 3 ==== mon_map magic: 0 v1 ==== 229+0+0 (secure 0 0 0) 0x7fde7001a620 con 0x7fde7c0fc4b0
2023-12-26T21:56:37.658 INFO:teuthology.orchestra.run.smithi059.stderr:/usr/bin/ceph:
2023-12-26T21:56:37.651+0000 7fde83118700 1 -- 172.21.15.59:0/1858765932 --> [v2:172.21.15.59:3300/0,v1:172.21.15.59:6789/0] -- mon_subscribe({osdmap=0}) v3 -- 0x7fde7c0ffbe0 con 0x7fde7c0fc4b0
2023-12-26T21:56:37.658 INFO:teuthology.orchestra.run.smithi059.stderr:/usr/bin/ceph:
2023-12-26T21:56:37.652+0000 7fde797fa700 1 -- 172.21.15.59:0/1858765932 <== mon.0 v2:172.21.15.59:3300/0 4 ==== mgrmap(e 8) v1 ==== 37095+0+0 (secure 0 0 0) 0x7fde7002b070 con 0x7fde7c0fc4b0
2023-12-26T21:56:37.659 INFO:teuthology.orchestra.run.smithi059.stderr:/usr/bin/ceph:
2023-12-26T21:56:37.652+0000 7fde797fa700 1 --2- 172.21.15.59:0/1858765932 >> [v2:172.21.15.59:6800/3069705549,v1:172.21.15.59:6801/3069705549] conn(0x7fde60030fa0 0x7fde60033460 unknown :-1 s=NONE pgs=0 cs=0 l=1 rev1=0 rx=0 tx=0).connect
2023-12-26T21:56:37.659 INFO:teuthology.orchestra.run.smithi059.stderr:/usr/bin/ceph:
2023-12-26T21:56:37.652+0000 7fde797fa700 1 -- 172.21.15.59:0/1858765932 <== mon.0 v2:172.21.15.59:3300/0 5 ==== osd_map(2..2 src has 1..2) v4 ==== 893+0+0 (secure 0 0 0) 0x7fde70043a00 con 0x7fde7c0fc4b0
2023-12-26T21:56:37.659 INFO:teuthology.orchestra.run.smithi059.stderr:/usr/bin/ceph:
2023-12-26T21:56:37.652+0000 7fde7bfff700 1 --2- 172.21.15.59:0/1858765932 >> [v2:172.21.15.59:6800/3069705549,v1:172.21.15.59:6801/3069705549] conn(0x7fde60030fa0 0x7fde60033460 unknown :-1 s=BANNER_CONNECTING pgs=0 cs=0 l=1 rev1=0 rx=0 tx=0)._handle_peer_banner_payload supported=1 required=0
2023-12-26T21:56:37.659 INFO:teuthology.orchestra.run.smithi059.stderr:/usr/bin/ceph:
2023-12-26T21:56:37.653+0000 7fde83118700 1 -- 172.21.15.59:0/1858765932 --> [v2:172.21.15.59:3300/0,v1:172.21.15.59:6789/0] -- mon_command({"prefix": "get_command_descriptions"} v 0) v1 -- 0x7fde7c0591e0 con 0x7fde7c0fc4b0
2023-12-26T21:56:37.659 INFO:teuthology.orchestra.run.smithi059.stderr:/usr/bin/ceph:
2023-12-26T21:56:37.653+0000 7fde7bfff700 1 --2- 172.21.15.59:0/1858765932 >> [v2:172.21.15.59:6800/3069705549,v1:172.21.15.59:6801/3069705549] conn(0x7fde60030fa0 0x7fde60033460 secure :-1 s=READY pgs=19 cs=0 l=1 rev1=1 rx=0x7fde680096a0 tx=0x7fde68006b40).ready entity=mgr.14116 client_cookie=0 server_cookie=0 in_seq=0 out_seq=0
2023-12-26T21:56:37.659 INFO:teuthology.orchestra.run.smithi059.stderr:/usr/bin/ceph:
2023-12-26T21:56:37.657+0000 7fde797fa700 1 -- 172.21.15.59:0/1858765932 <== mon.0 v2:172.21.15.59:3300/0 6 ==== mon_command_ack([{"prefix": "get_command_descriptions"}]=0 v0) v1 ==== 72+0+153237 (secure 0 0 0) 0x7fde7001f080 con 0x7fde7c0fc4b0
2023-12-26T21:56:37.831 INFO:teuthology.orchestra.run.smithi059.stderr:/usr/bin/ceph:
2023-12-26T21:56:37.830+0000 7fde83118700 1 -- 172.21.15.59:0/1858765932 --> [v2:172.21.15.59:3300/0,v1:172.21.15.59:6789/0] -- mon_command([{prefix=config set, name=mgr/dashboard/ssl_server_port}] v 0) v1 -- 0x7fde7c045bb0 con 0x7fde7c0fc4b0
2023-12-26T21:56:37.836 INFO:teuthology.orchestra.run.smithi059.stderr:/usr/bin/ceph:
2023-12-26T21:56:37.836+0000 7fde797fa700 1 -- 172.21.15.59:0/1858765932 <== mon.0 v2:172.21.15.59:3300/0 7 ==== mon_command_ack([{prefix=config set, name=mgr/dashboard/ssl_server_port}]=0 v9)=0 v9) v1 ==== 130+0+0 (secure 0 0 0) 0x7fde70016020 con 0x7fde7c0fc4b0
2023-12-26T21:56:37.839 INFO:teuthology.orchestra.run.smithi059.stderr:/usr/bin/ceph:
2023-12-26T21:56:37.838+0000 7fde83118700 1 -- 172.21.15.59:0/1858765932 >> [v2:172.21.15.59:6800/3069705549,v1:172.21.15.59:6801/3069705549] conn(0x7fde60030fa0 msgr2=0x7fde60033460 secure :-1 s=STATE_CONNECTION_ESTABLISHED l=1).mark_down
2023-12-26T21:56:37.839 INFO:teuthology.orchestra.run.smithi059.stderr:/usr/bin/ceph:
2023-12-26T21:56:37.838+0000 7fde83118700 1 --2- 172.21.15.59:0/1858765932 >> [v2:172.21.15.59:6800/3069705549,v1:172.21.15.59:6801/3069705549] conn(0x7fde60030fa0 0x7fde60033460 secure :-1 s=READY pgs=19 cs=0 l=1 rev1=1 rx=0x7fde680096a0 tx=0x7fde68006b40).stop
2023-12-26T21:56:37.839 INFO:teuthology.orchestra.run.smithi059.stderr:/usr/bin/ceph:
2023-12-26T21:56:37.838+0000 7fde83118700 1 -- 172.21.15.59:0/1858765932 >> [v2:172.21.15.59:3300/0,v1:172.21.15.59:6789/0] conn(0x7fde7c0fc4b0 msgr2=0x7fde7c101130 secure :-1 s=STATE_CONNECTION_ESTABLISHED l=1).mark_down
2023-12-26T21:56:37.839 INFO:teuthology.orchestra.run.smithi059.stderr:/usr/bin/ceph:
2023-12-26T21:56:37.838+0000 7fde83118700 1 --2- 172.21.15.59:0/1858765932 >> [v2:172.21.15.59:3300/0,v1:172.21.15.59:6789/0] conn(0x7fde7c0fc4b0 0x7fde7c101130 secure :-1 s=READY pgs=58 cs=0 l=1 rev1=1 rx=0x7fde70000c00 tx=0x7fde70006ee0).stop
2023-12-26T21:56:37.839 INFO:teuthology.orchestra.run.smithi059.stderr:/usr/bin/ceph:
2023-12-26T21:56:37.838+0000 7fde83118700 1 -- 172.21.15.59:0/1858765932 shutdown_connections
2023-12-26T21:56:37.839 INFO:teuthology.orchestra.run.smithi059.stderr:/usr/bin/ceph:
2023-12-26T21:56:37.838+0000 7fde83118700 1 --2- 172.21.15.59:0/1858765932 >> [v2:172.21.15.59:6800/3069705549,v1:172.21.15.59:6801/3069705549] conn(0x7fde60030fa0 0x7fde60033460 unknown :-1 s=CLOSED pgs=19 cs=0 l=1 rev1=1 rx=0 tx=0).stop
2023-12-26T21:56:37.839 INFO:teuthology.orchestra.run.smithi059.stderr:/usr/bin/ceph:
2023-12-26T21:56:37.838+0000 7fde83118700 1 --2- 172.21.15.59:0/1858765932 >> [v2:172.21.15.59:3300/0,v1:172.21.15.59:6789/0] conn(0x7fde7c0fc4b0 0x7fde7c101130 unknown :-1 s=CLOSED pgs=58 cs=0 l=1 rev1=1 rx=0 tx=0).stop
2023-12-26T21:56:37.840 INFO:teuthology.orchestra.run.smithi059.stderr:/usr/bin/ceph:
2023-12-26T21:56:37.838+0000 7fde83118700 1 -- 172.21.15.59:0/1858765932 >> 172.21.15.59:0/1858765932 conn(0x7fde7c0f5e00 msgr2=0x7fde7c0f6a00 unknown :-1 s=STATE_NONE l=0).mark_down
2023-12-26T21:56:37.840 INFO:teuthology.orchestra.run.smithi059.stderr:/usr/bin/ceph:
2023-12-26T21:56:37.838+0000 7fde83118700 1 -- 172.21.15.59:0/1858765932 shutdown_connections
2023-12-26T21:56:37.840 INFO:teuthology.orchestra.run.smithi059.stderr:/usr/bin/ceph:
2023-12-26T21:56:37.838+0000 7fde83118700 1 -- 172.21.15.59:0/1858765932 wait complete.
2023-12-26T21:56:38.012 INFO:journalctl@ceph.mon.smithi059.smithi059.stdout:Dec 26 21:56:37 smithi059 ceph-761f1ff0-a439-11ee-95a5-87774f69a715-mon-smithi059[111931]: audit
2023-12-26T21:56:35.981612+0000 mgr.smithi059.gwkiyc (mgr.14116) 22 : audit [DBG] from='client.14148 -' entity='client.admin' cmd=[{"prefix": "orch apply", "service_type": "alertmanager", "target": ["mon-mgr", ""]}]: dispatch
2023-12-26T21:56:38.013 INFO:journalctl@ceph.mon.smithi059.smithi059.stdout:Dec 26 21:56:37 smithi059 ceph-761f1ff0-a439-11ee-95a5-87774f69a715-mon-smithi059[111931]: cephadm
2023-12-26T21:56:35.982117+0000 mgr.smithi059.gwkiyc (mgr.14116) 23 : cephadm [INF] Saving service alertmanager spec with placement count:1
2023-12-26T21:56:38.013 INFO:journalctl@ceph.mon.smithi059.smithi059.stdout:Dec 26 21:56:37 smithi059 ceph-761f1ff0-a439-11ee-95a5-87774f69a715-mon-smithi059[111931]: audit
2023-12-26T21:56:36.867546+0000 mon.smithi059 (mon.0) 64 : audit [INF] from='client.? 172.21.15.59:0/2315547420' entity='client.admin'
2023-12-26T21:56:38.386 INFO:teuthology.orchestra.run.smithi059.stderr:Enabling the dashboard module...
2023-12-26T21:56:38.727 INFO:teuthology.orchestra.run.smithi059.stderr:/usr/bin/ceph:
2023-12-26T21:56:38.722+0000 7fb744f16700 1 Processor -- start
2023-12-26T21:56:38.727 INFO:teuthology.orchestra.run.smithi059.stderr:/usr/bin/ceph:
2023-12-26T21:56:38.722+0000 7fb744f16700 1 -- start start
2023-12-26T21:56:38.727 INFO:teuthology.orchestra.run.smithi059.stderr:/usr/bin/ceph:
2023-12-26T21:56:38.723+0000 7fb744f16700 1 --2- >> [v2:172.21.15.59:3300/0,v1:172.21.15.59:6789/0] conn(0x7fb7400faed0 0x7fb7400fb2f0 unknown :-1 s=NONE pgs=0 cs=0 l=0 rev1=0 rx=0 tx=0).connect
2023-12-26T21:56:38.727 INFO:teuthology.orchestra.run.smithi059.stderr:/usr/bin/ceph:
2023-12-26T21:56:38.723+0000 7fb744f16700 1 -- --> [v2:172.21.15.59:3300/0,v1:172.21.15.59:6789/0] -- mon_getmap magic: 0 v1 -- 0x7fb7400fb7e0 con 0x7fb7400faed0
2023-12-26T21:56:38.727 INFO:teuthology.orchestra.run.smithi059.stderr:/usr/bin/ceph:
2023-12-26T21:56:38.723+0000 7fb73e59c700 1 --2- >> [v2:172.21.15.59:3300/0,v1:172.21.15.59:6789/0] conn(0x7fb7400faed0 0x7fb7400fb2f0 unknown :-1 s=BANNER_CONNECTING pgs=0 cs=0 l=0 rev1=0 rx=0 tx=0)._handle_peer_banner_payload supported=1 required=0
2023-12-26T21:56:38.728 INFO:teuthology.orchestra.run.smithi059.stderr:/usr/bin/ceph:
2023-12-26T21:56:38.723+0000 7fb73e59c700 1 --2- >> [v2:172.21.15.59:3300/0,v1:172.21.15.59:6789/0] conn(0x7fb7400faed0 0x7fb7400fb2f0 unknown :-1 s=HELLO_CONNECTING pgs=0 cs=0 l=0 rev1=1 rx=0 tx=0).handle_hello peer v2:172.21.15.59:3300/0 says I am v2:172.21.15.59:35224/0 (socket says 172.21.15.59:35224)
2023-12-26T21:56:38.728 INFO:teuthology.orchestra.run.smithi059.stderr:/usr/bin/ceph:
2023-12-26T21:56:38.723+0000 7fb73e59c700 1 -- 172.21.15.59:0/228971725 learned_addr learned my addr 172.21.15.59:0/228971725 (peer_addr_for_me v2:172.21.15.59:0/0)
2023-12-26T21:56:38.728 INFO:teuthology.orchestra.run.smithi059.stderr:/usr/bin/ceph:
2023-12-26T21:56:38.723+0000 7fb73e59c700 1 -- 172.21.15.59:0/228971725 --> [v2:172.21.15.59:3300/0,v1:172.21.15.59:6789/0] -- mon_subscribe({config=0+,monmap=0+}) v3 -- 0x7fb7400fb920 con 0x7fb7400faed0
2023-12-26T21:56:38.728 INFO:teuthology.orchestra.run.smithi059.stderr:/usr/bin/ceph:
2023-12-26T21:56:38.723+0000 7fb73e59c700 1 --2- 172.21.15.59:0/228971725 >> [v2:172.21.15.59:3300/0,v1:172.21.15.59:6789/0] conn(0x7fb7400faed0 0x7fb7400fb2f0 secure :-1 s=READY pgs=59 cs=0 l=1 rev1=1 rx=0x7fb73000b5f0 tx=0x7fb730006ee0).ready entity=mon.0 client_cookie=3b43362306224f34 server_cookie=0 in_seq=0 out_seq=0
2023-12-26T21:56:38.728 INFO:teuthology.orchestra.run.smithi059.stderr:/usr/bin/ceph:
2023-12-26T21:56:38.724+0000 7fb73d59a700 1 -- 172.21.15.59:0/228971725 <== mon.0 v2:172.21.15.59:3300/0 1 ==== mon_map magic: 0 v1 ==== 229+0+0 (secure 0 0 0) 0x7fb73000d600 con 0x7fb7400faed0
2023-12-26T21:56:38.728 INFO:teuthology.orchestra.run.smithi059.stderr:/usr/bin/ceph:
2023-12-26T21:56:38.724+0000 7fb73d59a700 1 -- 172.21.15.59:0/228971725 <== mon.0 v2:172.21.15.59:3300/0 2 ==== config(25 keys) v1 ==== 1054+0+0 (secure 0 0 0) 0x7fb73000dbf0 con 0x7fb7400faed0
2023-12-26T21:56:38.728 INFO:teuthology.orchestra.run.smithi059.stderr:/usr/bin/ceph:
2023-12-26T21:56:38.724+0000 7fb73d59a700 1 -- 172.21.15.59:0/228971725 <== mon.0 v2:172.21.15.59:3300/0 3 ==== mon_map magic: 0 v1 ==== 229+0+0 (secure 0 0 0) 0x7fb730011bf0 con 0x7fb7400faed0
2023-12-26T21:56:38.729 INFO:teuthology.orchestra.run.smithi059.stderr:/usr/bin/ceph:
2023-12-26T21:56:38.724+0000 7fb744f16700 1 -- 172.21.15.59:0/228971725 >> [v2:172.21.15.59:3300/0,v1:172.21.15.59:6789/0] conn(0x7fb7400faed0 msgr2=0x7fb7400fb2f0 secure :-1 s=STATE_CONNECTION_ESTABLISHED l=1).mark_down
2023-12-26T21:56:38.729 INFO:teuthology.orchestra.run.smithi059.stderr:/usr/bin/ceph:
2023-12-26T21:56:38.724+0000 7fb744f16700 1 --2- 172.21.15.59:0/228971725 >> [v2:172.21.15.59:3300/0,v1:172.21.15.59:6789/0] conn(0x7fb7400faed0 0x7fb7400fb2f0 secure :-1 s=READY pgs=59 cs=0 l=1 rev1=1 rx=0x7fb73000b5f0 tx=0x7fb730006ee0).stop
2023-12-26T21:56:38.729 INFO:teuthology.orchestra.run.smithi059.stderr:/usr/bin/ceph:
2023-12-26T21:56:38.724+0000 7fb744f16700 1 -- 172.21.15.59:0/228971725 shutdown_connections
2023-12-26T21:56:38.729 INFO:teuthology.orchestra.run.smithi059.stderr:/usr/bin/ceph:
2023-12-26T21:56:38.724+0000 7fb744f16700 1 --2- 172.21.15.59:0/228971725 >> [v2:172.21.15.59:3300/0,v1:172.21.15.59:6789/0] conn(0x7fb7400faed0 0x7fb7400fb2f0 unknown :-1 s=CLOSED pgs=59 cs=0 l=1 rev1=1 rx=0 tx=0).stop
2023-12-26T21:56:38.729 INFO:teuthology.orchestra.run.smithi059.stderr:/usr/bin/ceph:
2023-12-26T21:56:38.724+0000 7fb744f16700 1 -- 172.21.15.59:0/228971725 >> 172.21.15.59:0/228971725 conn(0x7fb7400f6680 msgr2=0x7fb7400f8aa0 unknown :-1 s=STATE_NONE l=0).mark_down
2023-12-26T21:56:38.729 INFO:teuthology.orchestra.run.smithi059.stderr:/usr/bin/ceph:
2023-12-26T21:56:38.724+0000 7fb744f16700 1 -- 172.21.15.59:0/228971725 shutdown_connections
2023-12-26T21:56:38.730 INFO:teuthology.orchestra.run.smithi059.stderr:/usr/bin/ceph:
2023-12-26T21:56:38.724+0000 7fb744f16700 1 -- 172.21.15.59:0/228971725 wait complete.
2023-12-26T21:56:38.730 INFO:teuthology.orchestra.run.smithi059.stderr:/usr/bin/ceph:
2023-12-26T21:56:38.725+0000 7fb744f16700 1 Processor -- start
2023-12-26T21:56:38.732 INFO:teuthology.orchestra.run.smithi059.stderr:/usr/bin/ceph:
2023-12-26T21:56:38.726+0000 7fb744f16700 1 -- start start
2023-12-26T21:56:38.732 INFO:teuthology.orchestra.run.smithi059.stderr:/usr/bin/ceph:
2023-12-26T21:56:38.726+0000 7fb744f16700 1 --2- >> [v2:172.21.15.59:3300/0,v1:172.21.15.59:6789/0] conn(0x7fb7400faed0 0x7fb74010b800 unknown :-1 s=NONE pgs=0 cs=0 l=1 rev1=0 rx=0 tx=0).connect
2023-12-26T21:56:38.733 INFO:teuthology.orchestra.run.smithi059.stderr:/usr/bin/ceph:
2023-12-26T21:56:38.726+0000 7fb744f16700 1 -- --> [v2:172.21.15.59:3300/0,v1:172.21.15.59:6789/0] -- mon_getmap magic: 0 v1 -- 0x7fb74006adc0 con 0x7fb7400faed0
2023-12-26T21:56:38.733 INFO:teuthology.orchestra.run.smithi059.stderr:/usr/bin/ceph:
2023-12-26T21:56:38.726+0000 7fb73e59c700 1 --2- >> [v2:172.21.15.59:3300/0,v1:172.21.15.59:6789/0] conn(0x7fb7400faed0 0x7fb74010b800 unknown :-1 s=BANNER_CONNECTING pgs=0 cs=0 l=1 rev1=0 rx=0 tx=0)._handle_peer_banner_payload supported=1 required=0
2023-12-26T21:56:38.733 INFO:teuthology.orchestra.run.smithi059.stderr:/usr/bin/ceph:
2023-12-26T21:56:38.726+0000 7fb73e59c700 1 --2- >> [v2:172.21.15.59:3300/0,v1:172.21.15.59:6789/0] conn(0x7fb7400faed0 0x7fb74010b800 unknown :-1 s=HELLO_CONNECTING pgs=0 cs=0 l=1 rev1=1 rx=0 tx=0).handle_hello peer v2:172.21.15.59:3300/0 says I am v2:172.21.15.59:35226/0 (socket says 172.21.15.59:35226)
2023-12-26T21:56:38.733 INFO:teuthology.orchestra.run.smithi059.stderr:/usr/bin/ceph:
2023-12-26T21:56:38.726+0000 7fb73e59c700 1 -- 172.21.15.59:0/3143278345 learned_addr learned my addr 172.21.15.59:0/3143278345 (peer_addr_for_me v2:172.21.15.59:0/0)
2023-12-26T21:56:38.733 INFO:teuthology.orchestra.run.smithi059.stderr:/usr/bin/ceph:
2023-12-26T21:56:38.726+0000 7fb73e59c700 1 -- 172.21.15.59:0/3143278345 --> [v2:172.21.15.59:3300/0,v1:172.21.15.59:6789/0] -- mon_subscribe({config=0+,monmap=0+}) v3 -- 0x7fb73000b200 con 0x7fb7400faed0
2023-12-26T21:56:38.733 INFO:teuthology.orchestra.run.smithi059.stderr:/usr/bin/ceph:
2023-12-26T21:56:38.726+0000 7fb73e59c700 1 --2- 172.21.15.59:0/3143278345 >> [v2:172.21.15.59:3300/0,v1:172.21.15.59:6789/0] conn(0x7fb7400faed0 0x7fb74010b800 secure :-1 s=READY pgs=60 cs=0 l=1 rev1=1 rx=0x7fb730011de0 tx=0x7fb730006ee0).ready entity=mon.0 client_cookie=0 server_cookie=0 in_seq=0 out_seq=0
2023-12-26T21:56:38.734 INFO:teuthology.orchestra.run.smithi059.stderr:/usr/bin/ceph:
2023-12-26T21:56:38.726+0000 7fb72effd700 1 -- 172.21.15.59:0/3143278345 <== mon.0 v2:172.21.15.59:3300/0 1 ==== mon_map magic: 0 v1 ==== 229+0+0 (secure 0 0 0) 0x7fb73001b410 con 0x7fb7400faed0
2023-12-26T21:56:38.734 INFO:teuthology.orchestra.run.smithi059.stderr:/usr/bin/ceph:
2023-12-26T21:56:38.727+0000 7fb744f16700 1 -- 172.21.15.59:0/3143278345 --> [v2:172.21.15.59:3300/0,v1:172.21.15.59:6789/0] -- mon_subscribe({mgrmap=0+}) v3 -- 0x7fb74006afc0 con 0x7fb7400faed0
2023-12-26T21:56:38.734 INFO:teuthology.orchestra.run.smithi059.stderr:/usr/bin/ceph:
2023-12-26T21:56:38.727+0000 7fb72effd700 1 -- 172.21.15.59:0/3143278345 <== mon.0 v2:172.21.15.59:3300/0 2 ==== config(25 keys) v1 ==== 1054+0+0 (secure 0 0 0) 0x7fb73001ba00 con 0x7fb7400faed0
2023-12-26T21:56:38.734 INFO:teuthology.orchestra.run.smithi059.stderr:/usr/bin/ceph:
2023-12-26T21:56:38.727+0000 7fb72effd700 1 -- 172.21.15.59:0/3143278345 <== mon.0 v2:172.21.15.59:3300/0 3 ==== mon_map magic: 0 v1 ==== 229+0+0 (secure 0 0 0) 0x7fb73001a770 con 0x7fb7400faed0
2023-12-26T21:56:38.734 INFO:teuthology.orchestra.run.smithi059.stderr:/usr/bin/ceph:
2023-12-26T21:56:38.727+0000 7fb744f16700 1 -- 172.21.15.59:0/3143278345 --> [v2:172.21.15.59:3300/0,v1:172.21.15.59:6789/0] -- mon_subscribe({osdmap=0}) v3 -- 0x7fb74010bf30 con 0x7fb7400faed0
2023-12-26T21:56:38.734 INFO:teuthology.orchestra.run.smithi059.stderr:/usr/bin/ceph:
2023-12-26T21:56:38.728+0000 7fb72effd700 1 -- 172.21.15.59:0/3143278345 <== mon.0 v2:172.21.15.59:3300/0 4 ==== mgrmap(e 8) v1 ==== 37095+0+0 (secure 0 0 0) 0x7fb73002b070 con 0x7fb7400faed0
2023-12-26T21:56:38.735 INFO:teuthology.orchestra.run.smithi059.stderr:/usr/bin/ceph:
2023-12-26T21:56:38.728+0000 7fb744f16700 1 -- 172.21.15.59:0/3143278345 --> [v2:172.21.15.59:3300/0,v1:172.21.15.59:6789/0] -- mon_command({"prefix": "get_command_descriptions"} v 0) v1 -- 0x7fb740045bb0 con 0x7fb7400faed0
2023-12-26T21:56:38.735 INFO:teuthology.orchestra.run.smithi059.stderr:/usr/bin/ceph:
2023-12-26T21:56:38.728+0000 7fb72effd700 1 --2- 172.21.15.59:0/3143278345 >> [v2:172.21.15.59:6800/3069705549,v1:172.21.15.59:6801/3069705549] conn(0x7fb724030ff0 0x7fb7240334b0 unknown :-1 s=NONE pgs=0 cs=0 l=1 rev1=0 rx=0 tx=0).connect
2023-12-26T21:56:38.735 INFO:teuthology.orchestra.run.smithi059.stderr:/usr/bin/ceph:
2023-12-26T21:56:38.728+0000 7fb72effd700 1 -- 172.21.15.59:0/3143278345 <== mon.0 v2:172.21.15.59:3300/0 5 ==== osd_map(2..2 src has 1..2) v4 ==== 893+0+0 (secure 0 0 0) 0x7fb730042c60 con 0x7fb7400faed0
2023-12-26T21:56:38.735 INFO:teuthology.orchestra.run.smithi059.stderr:/usr/bin/ceph:
2023-12-26T21:56:38.730+0000 7fb73dd9b700 1 --2- 172.21.15.59:0/3143278345 >> [v2:172.21.15.59:6800/3069705549,v1:172.21.15.59:6801/3069705549] conn(0x7fb724030ff0 0x7fb7240334b0 unknown :-1 s=BANNER_CONNECTING pgs=0 cs=0 l=1 rev1=0 rx=0 tx=0)._handle_peer_banner_payload supported=1 required=0
2023-12-26T21:56:38.735 INFO:teuthology.orchestra.run.smithi059.stderr:/usr/bin/ceph:
2023-12-26T21:56:38.730+0000 7fb73dd9b700 1 --2- 172.21.15.59:0/3143278345 >> [v2:172.21.15.59:6800/3069705549,v1:172.21.15.59:6801/3069705549] conn(0x7fb724030ff0 0x7fb7240334b0 secure :-1 s=READY pgs=20 cs=0 l=1 rev1=1 rx=0x7fb7340096a0 tx=0x7fb734006b40).ready entity=mgr.14116 client_cookie=0 server_cookie=0 in_seq=0 out_seq=0
2023-12-26T21:56:38.736 INFO:teuthology.orchestra.run.smithi059.stderr:/usr/bin/ceph:
2023-12-26T21:56:38.732+0000 7fb72effd700 1 -- 172.21.15.59:0/3143278345 <== mon.0 v2:172.21.15.59:3300/0 6 ==== mon_command_ack([{"prefix": "get_command_descriptions"}]=0 v0) v1 ==== 72+0+153237 (secure 0 0 0) 0x7fb73002b8f0 con 0x7fb7400faed0
2023-12-26T21:56:38.943 INFO:teuthology.orchestra.run.smithi059.stderr:/usr/bin/ceph:
2023-12-26T21:56:38.943+0000 7fb744f16700 1 -- 172.21.15.59:0/3143278345 --> [v2:172.21.15.59:3300/0,v1:172.21.15.59:6789/0] -- mon_command({"prefix": "mgr module enable", "module": "dashboard"} v 0) v1 -- 0x7fb740027ae0 con 0x7fb7400faed0
2023-12-26T21:56:39.164 INFO:journalctl@ceph.mon.smithi059.smithi059.stdout:Dec 26 21:56:38 smithi059 ceph-761f1ff0-a439-11ee-95a5-87774f69a715-mon-smithi059[111931]: audit
2023-12-26T21:56:37.837402+0000 mon.smithi059 (mon.0) 65 : audit [INF] from='client.? 172.21.15.59:0/1858765932' entity='client.admin'
2023-12-26T21:56:39.165 INFO:journalctl@ceph.mon.smithi059.smithi059.stdout:Dec 26 21:56:38 smithi059 ceph-761f1ff0-a439-11ee-95a5-87774f69a715-mon-smithi059[111931]: audit
2023-12-26T21:56:38.175799+0000 mon.smithi059 (mon.0) 66 : audit [INF] from='mgr.14116 172.21.15.59:0/4078074858' entity='mgr.smithi059.gwkiyc'
2023-12-26T21:56:39.165 INFO:journalctl@ceph.mon.smithi059.smithi059.stdout:Dec 26 21:56:38 smithi059 ceph-761f1ff0-a439-11ee-95a5-87774f69a715-mon-smithi059[111931]: audit
2023-12-26T21:56:38.410259+0000 mon.smithi059 (mon.0) 67 : audit [INF] from='mgr.14116 172.21.15.59:0/4078074858' entity='mgr.smithi059.gwkiyc'
2023-12-26T21:56:39.889 INFO:teuthology.orchestra.run.smithi059.stderr:/usr/bin/ceph:
2023-12-26T21:56:39.888+0000 7fb72effd700 1 -- 172.21.15.59:0/3143278345 <== mon.0 v2:172.21.15.59:3300/0 7 ==== mgrmap(e 9) v1 ==== 37108+0+0 (secure 0 0 0) 0x7fb73000f070 con 0x7fb7400faed0
2023-12-26T21:56:39.890 INFO:teuthology.orchestra.run.smithi059.stderr:/usr/bin/ceph:
2023-12-26T21:56:39.890+0000 7fb72effd700 1 -- 172.21.15.59:0/3143278345 <== mon.0 v2:172.21.15.59:3300/0 8 ==== mon_command_ack([{"prefix": "mgr module enable", "module": "dashboard"}]=0 v9) v1 ==== 88+0+0 (secure 0 0 0) 0x7fb730023d30 con 0x7fb7400faed0
2023-12-26T21:56:39.893 INFO:teuthology.orchestra.run.smithi059.stderr:/usr/bin/ceph:
2023-12-26T21:56:39.893+0000 7fb744f16700 1 -- 172.21.15.59:0/3143278345 >> [v2:172.21.15.59:6800/3069705549,v1:172.21.15.59:6801/3069705549] conn(0x7fb724030ff0 msgr2=0x7fb7240334b0 secure :-1 s=STATE_CONNECTION_ESTABLISHED l=1).mark_down
2023-12-26T21:56:39.894 INFO:teuthology.orchestra.run.smithi059.stderr:/usr/bin/ceph:
2023-12-26T21:56:39.893+0000 7fb744f16700 1 --2- 172.21.15.59:0/3143278345 >> [v2:172.21.15.59:6800/3069705549,v1:172.21.15.59:6801/3069705549] conn(0x7fb724030ff0 0x7fb7240334b0 secure :-1 s=READY pgs=20 cs=0 l=1 rev1=1 rx=0x7fb7340096a0 tx=0x7fb734006b40).stop
2023-12-26T21:56:39.894 INFO:teuthology.orchestra.run.smithi059.stderr:/usr/bin/ceph:
2023-12-26T21:56:39.893+0000 7fb744f16700 1 -- 172.21.15.59:0/3143278345 >> [v2:172.21.15.59:3300/0,v1:172.21.15.59:6789/0] conn(0x7fb7400faed0 msgr2=0x7fb74010b800 secure :-1 s=STATE_CONNECTION_ESTABLISHED l=1).mark_down
2023-12-26T21:56:39.894 INFO:teuthology.orchestra.run.smithi059.stderr:/usr/bin/ceph:
2023-12-26T21:56:39.893+0000 7fb744f16700 1 --2- 172.21.15.59:0/3143278345 >> [v2:172.21.15.59:3300/0,v1:172.21.15.59:6789/0] conn(0x7fb7400faed0 0x7fb74010b800 secure :-1 s=READY pgs=60 cs=0 l=1 rev1=1 rx=0x7fb730011de0 tx=0x7fb730006ee0).stop
2023-12-26T21:56:39.894 INFO:teuthology.orchestra.run.smithi059.stderr:/usr/bin/ceph:
2023-12-26T21:56:39.893+0000 7fb744f16700 1 -- 172.21.15.59:0/3143278345 shutdown_connections
2023-12-26T21:56:39.895 INFO:teuthology.orchestra.run.smithi059.stderr:/usr/bin/ceph:
2023-12-26T21:56:39.893+0000 7fb744f16700 1 --2- 172.21.15.59:0/3143278345 >> [v2:172.21.15.59:6800/3069705549,v1:172.21.15.59:6801/3069705549] conn(0x7fb724030ff0 0x7fb7240334b0 unknown :-1 s=CLOSED pgs=20 cs=0 l=1 rev1=1 rx=0 tx=0).stop
2023-12-26T21:56:39.895 INFO:teuthology.orchestra.run.smithi059.stderr:/usr/bin/ceph:
2023-12-26T21:56:39.893+0000 7fb744f16700 1 --2- 172.21.15.59:0/3143278345 >> [v2:172.21.15.59:3300/0,v1:172.21.15.59:6789/0] conn(0x7fb7400faed0 0x7fb74010b800 unknown :-1 s=CLOSED pgs=60 cs=0 l=1 rev1=1 rx=0 tx=0).stop
2023-12-26T21:56:39.895 INFO:teuthology.orchestra.run.smithi059.stderr:/usr/bin/ceph:
2023-12-26T21:56:39.893+0000 7fb744f16700 1 -- 172.21.15.59:0/3143278345 >> 172.21.15.59:0/3143278345 conn(0x7fb7400f6680 msgr2=0x7fb7400f81a0 unknown :-1 s=STATE_NONE l=0).mark_down
2023-12-26T21:56:39.895 INFO:teuthology.orchestra.run.smithi059.stderr:/usr/bin/ceph:
2023-12-26T21:56:39.894+0000 7fb744f16700 1 -- 172.21.15.59:0/3143278345 shutdown_connections
2023-12-26T21:56:39.895 INFO:teuthology.orchestra.run.smithi059.stderr:/usr/bin/ceph:
2023-12-26T21:56:39.894+0000 7fb744f16700 1 -- 172.21.15.59:0/3143278345 wait complete.
2023-12-26T21:56:40.150 INFO:journalctl@ceph.mon.smithi059.smithi059.stdout:Dec 26 21:56:39 smithi059 ceph-761f1ff0-a439-11ee-95a5-87774f69a715-mon-smithi059[111931]: audit
2023-12-26T21:56:38.888518+0000 mon.smithi059 (mon.0) 68 : audit [INF] from='mgr.14116 172.21.15.59:0/4078074858' entity='mgr.smithi059.gwkiyc'
2023-12-26T21:56:40.151 INFO:journalctl@ceph.mon.smithi059.smithi059.stdout:Dec 26 21:56:39 smithi059 ceph-761f1ff0-a439-11ee-95a5-87774f69a715-mon-smithi059[111931]: audit
2023-12-26T21:56:38.944630+0000 mon.smithi059 (mon.0) 69 : audit [INF] from='client.? 172.21.15.59:0/3143278345' entity='client.admin' cmd=[{"prefix": "mgr module enable", "module": "dashboard"}]: dispatch
2023-12-26T21:56:40.653 INFO:teuthology.orchestra.run.smithi059.stderr:/usr/bin/ceph:
