2023-12-26T21:56:23.747+0000 7f353f7fe700 1 -- 172.21.15.59:0/2403865030 --> [v2:172.21.15.59:6800/3069705549,v1:172.21.15.59:6801/3069705549] -- command(tid 1: {"prefix": "mgr_status"}) v1 -- 0x7f3530002460 con 0x7f3540034850
2023-12-26T21:56:23.747 INFO:teuthology.orchestra.run.smithi059.stderr:/usr/bin/ceph:
2023-12-26T21:56:23.747+0000 7f3545ffb700 1 -- 172.21.15.59:0/2403865030 <== mgr.14116 v2:172.21.15.59:6800/3069705549 2 ==== command_reply(tid 1: 0 ) v1 ==== 8+0+51 (secure 0 0 0) 0x7f3530002460 con 0x7f3540034850
2023-12-26T21:56:23.747 INFO:teuthology.orchestra.run.smithi059.stderr:/usr/bin/ceph: {
2023-12-26T21:56:23.748 INFO:teuthology.orchestra.run.smithi059.stderr:/usr/bin/ceph: "mgrmap_epoch": 7,
2023-12-26T21:56:23.748 INFO:teuthology.orchestra.run.smithi059.stderr:/usr/bin/ceph: "initialized": true
2023-12-26T21:56:23.748 INFO:teuthology.orchestra.run.smithi059.stderr:/usr/bin/ceph: }
2023-12-26T21:56:23.748 INFO:teuthology.orchestra.run.smithi059.stderr:/usr/bin/ceph:
2023-12-26T21:56:23.747+0000 7f353f7fe700 1 -- 172.21.15.59:0/2403865030 >> [v2:172.21.15.59:6800/3069705549,v1:172.21.15.59:6801/3069705549] conn(0x7f3540034850 msgr2=0x7f3540036c40 secure :-1 s=STATE_CONNECTION_ESTABLISHED l=1).mark_down
2023-12-26T21:56:23.749 INFO:teuthology.orchestra.run.smithi059.stderr:/usr/bin/ceph:
2023-12-26T21:56:23.747+0000 7f353f7fe700 1 --2- 172.21.15.59:0/2403865030 >> [v2:172.21.15.59:6800/3069705549,v1:172.21.15.59:6801/3069705549] conn(0x7f3540034850 0x7f3540036c40 secure :-1 s=READY pgs=1 cs=0 l=1 rev1=1 rx=0x7f3548006fd0 tx=0x7f3548006d70).stop
2023-12-26T21:56:23.749 INFO:teuthology.orchestra.run.smithi059.stderr:/usr/bin/ceph:
2023-12-26T21:56:23.748+0000 7f353f7fe700 1 -- 172.21.15.59:0/2403865030 >> [v2:172.21.15.59:3300/0,v1:172.21.15.59:6789/0] conn(0x7f3558027630 msgr2=0x7f355810ad30 secure :-1 s=STATE_CONNECTION_ESTABLISHED l=1).mark_down
2023-12-26T21:56:23.749 INFO:teuthology.orchestra.run.smithi059.stderr:/usr/bin/ceph:
2023-12-26T21:56:23.748+0000 7f353f7fe700 1 --2- 172.21.15.59:0/2403865030 >> [v2:172.21.15.59:3300/0,v1:172.21.15.59:6789/0] conn(0x7f3558027630 0x7f355810ad30 secure :-1 s=READY pgs=25 cs=0 l=1 rev1=1 rx=0x7f3554000c00 tx=0x7f3554006ee0).stop
2023-12-26T21:56:23.749 INFO:teuthology.orchestra.run.smithi059.stderr:/usr/bin/ceph:
2023-12-26T21:56:23.748+0000 7f353f7fe700 1 -- 172.21.15.59:0/2403865030 shutdown_connections
2023-12-26T21:56:23.749 INFO:teuthology.orchestra.run.smithi059.stderr:/usr/bin/ceph:
2023-12-26T21:56:23.748+0000 7f353f7fe700 1 --2- 172.21.15.59:0/2403865030 >> [v2:172.21.15.59:6800/3069705549,v1:172.21.15.59:6801/3069705549] conn(0x7f3540034850 0x7f3540036c40 unknown :-1 s=CLOSED pgs=1 cs=0 l=1 rev1=1 rx=0 tx=0).stop
2023-12-26T21:56:23.749 INFO:teuthology.orchestra.run.smithi059.stderr:/usr/bin/ceph:
2023-12-26T21:56:23.748+0000 7f353f7fe700 1 --2- 172.21.15.59:0/2403865030 >> [v2:172.21.15.59:3300/0,v1:172.21.15.59:6789/0] conn(0x7f3558027630 0x7f355810ad30 unknown :-1 s=CLOSED pgs=25 cs=0 l=1 rev1=1 rx=0 tx=0).stop
2023-12-26T21:56:23.750 INFO:teuthology.orchestra.run.smithi059.stderr:/usr/bin/ceph:
2023-12-26T21:56:23.748+0000 7f353f7fe700 1 --2- 172.21.15.59:0/2403865030 >> [v2:172.21.15.59:6800/3091798160,v1:172.21.15.59:6801/3091798160] conn(0x7f3540030ff0 0x7f35400334b0 unknown :-1 s=CLOSED pgs=0 cs=0 l=1 rev1=0 rx=0 tx=0).stop
2023-12-26T21:56:23.750 INFO:teuthology.orchestra.run.smithi059.stderr:/usr/bin/ceph:
2023-12-26T21:56:23.748+0000 7f353f7fe700 1 -- 172.21.15.59:0/2403865030 >> 172.21.15.59:0/2403865030 conn(0x7f35580f6680 msgr2=0x7f35580f8150 unknown :-1 s=STATE_NONE l=0).mark_down
2023-12-26T21:56:23.750 INFO:teuthology.orchestra.run.smithi059.stderr:/usr/bin/ceph:
2023-12-26T21:56:23.748+0000 7f353f7fe700 1 -- 172.21.15.59:0/2403865030 shutdown_connections
2023-12-26T21:56:23.750 INFO:teuthology.orchestra.run.smithi059.stderr:/usr/bin/ceph:
2023-12-26T21:56:23.748+0000 7f353f7fe700 1 -- 172.21.15.59:0/2403865030 wait complete.
2023-12-26T21:56:24.045 INFO:journalctl@ceph.mon.smithi059.smithi059.stdout:Dec 26 21:56:23 smithi059 ceph-761f1ff0-a439-11ee-95a5-87774f69a715-mon-smithi059[111931]: cluster
2023-12-26T21:56:22.734735+0000 mon.smithi059 (mon.0) 33 : cluster [DBG] mgrmap e6: smithi059.gwkiyc(active, starting, since 0.617329s)
2023-12-26T21:56:24.045 INFO:journalctl@ceph.mon.smithi059.smithi059.stdout:Dec 26 21:56:23 smithi059 ceph-761f1ff0-a439-11ee-95a5-87774f69a715-mon-smithi059[111931]: audit
2023-12-26T21:56:22.735818+0000 mon.smithi059 (mon.0) 34 : audit [DBG] from='mgr.14116 172.21.15.59:0/4078074858' entity='mgr.smithi059.gwkiyc' cmd=[{"prefix": "mon metadata", "id": "smithi059"}]: dispatch
2023-12-26T21:56:24.045 INFO:journalctl@ceph.mon.smithi059.smithi059.stdout:Dec 26 21:56:23 smithi059 ceph-761f1ff0-a439-11ee-95a5-87774f69a715-mon-smithi059[111931]: audit
2023-12-26T21:56:22.736520+0000 mon.smithi059 (mon.0) 35 : audit [DBG] from='mgr.14116 172.21.15.59:0/4078074858' entity='mgr.smithi059.gwkiyc' cmd=[{"prefix": "mgr metadata", "who": "smithi059.gwkiyc", "id": "smithi059.gwkiyc"}]: dispatch
2023-12-26T21:56:24.045 INFO:journalctl@ceph.mon.smithi059.smithi059.stdout:Dec 26 21:56:23 smithi059 ceph-761f1ff0-a439-11ee-95a5-87774f69a715-mon-smithi059[111931]: audit
2023-12-26T21:56:22.737366+0000 mon.smithi059 (mon.0) 36 : audit [DBG] from='mgr.14116 172.21.15.59:0/4078074858' entity='mgr.smithi059.gwkiyc' cmd=[{"prefix": "mds metadata"}]: dispatch
2023-12-26T21:56:24.045 INFO:journalctl@ceph.mon.smithi059.smithi059.stdout:Dec 26 21:56:23 smithi059 ceph-761f1ff0-a439-11ee-95a5-87774f69a715-mon-smithi059[111931]: audit
2023-12-26T21:56:22.737639+0000 mon.smithi059 (mon.0) 37 : audit [DBG] from='mgr.14116 172.21.15.59:0/4078074858' entity='mgr.smithi059.gwkiyc' cmd=[{"prefix": "osd metadata"}]: dispatch
2023-12-26T21:56:24.045 INFO:journalctl@ceph.mon.smithi059.smithi059.stdout:Dec 26 21:56:23 smithi059 ceph-761f1ff0-a439-11ee-95a5-87774f69a715-mon-smithi059[111931]: audit
2023-12-26T21:56:22.737862+0000 mon.smithi059 (mon.0) 38 : audit [DBG] from='mgr.14116 172.21.15.59:0/4078074858' entity='mgr.smithi059.gwkiyc' cmd=[{"prefix": "mon metadata"}]: dispatch
2023-12-26T21:56:24.046 INFO:journalctl@ceph.mon.smithi059.smithi059.stdout:Dec 26 21:56:23 smithi059 ceph-761f1ff0-a439-11ee-95a5-87774f69a715-mon-smithi059[111931]: cluster
2023-12-26T21:56:22.751723+0000 mon.smithi059 (mon.0) 39 : cluster [INF] Manager daemon smithi059.gwkiyc is now available
2023-12-26T21:56:24.046 INFO:journalctl@ceph.mon.smithi059.smithi059.stdout:Dec 26 21:56:23 smithi059 ceph-761f1ff0-a439-11ee-95a5-87774f69a715-mon-smithi059[111931]: audit
2023-12-26T21:56:22.767369+0000 mon.smithi059 (mon.0) 40 : audit [INF] from='mgr.14116 172.21.15.59:0/4078074858' entity='mgr.smithi059.gwkiyc'
2023-12-26T21:56:24.046 INFO:journalctl@ceph.mon.smithi059.smithi059.stdout:Dec 26 21:56:23 smithi059 ceph-761f1ff0-a439-11ee-95a5-87774f69a715-mon-smithi059[111931]: audit
2023-12-26T21:56:22.770408+0000 mon.smithi059 (mon.0) 41 : audit [INF] from='mgr.14116 172.21.15.59:0/4078074858' entity='mgr.smithi059.gwkiyc'
2023-12-26T21:56:24.046 INFO:journalctl@ceph.mon.smithi059.smithi059.stdout:Dec 26 21:56:23 smithi059 ceph-761f1ff0-a439-11ee-95a5-87774f69a715-mon-smithi059[111931]: audit
2023-12-26T21:56:22.773175+0000 mon.smithi059 (mon.0) 42 : audit [INF] from='mgr.14116 172.21.15.59:0/4078074858' entity='mgr.smithi059.gwkiyc'
2023-12-26T21:56:24.046 INFO:journalctl@ceph.mon.smithi059.smithi059.stdout:Dec 26 21:56:23 smithi059 ceph-761f1ff0-a439-11ee-95a5-87774f69a715-mon-smithi059[111931]: audit
2023-12-26T21:56:22.871207+0000 mon.smithi059 (mon.0) 43 : audit [INF] from='mgr.14116 172.21.15.59:0/4078074858' entity='mgr.smithi059.gwkiyc'
2023-12-26T21:56:24.046 INFO:journalctl@ceph.mon.smithi059.smithi059.stdout:Dec 26 21:56:23 smithi059 ceph-761f1ff0-a439-11ee-95a5-87774f69a715-mon-smithi059[111931]: audit
2023-12-26T21:56:22.871985+0000 mon.smithi059 (mon.0) 44 : audit [DBG] from='mgr.14116 172.21.15.59:0/4078074858' entity='mgr.smithi059.gwkiyc' cmd=[{"prefix": "config dump", "format": "json"}]: dispatch
2023-12-26T21:56:24.046 INFO:journalctl@ceph.mon.smithi059.smithi059.stdout:Dec 26 21:56:23 smithi059 ceph-761f1ff0-a439-11ee-95a5-87774f69a715-mon-smithi059[111931]: audit
2023-12-26T21:56:22.873552+0000 mon.smithi059 (mon.0) 45 : audit [DBG] from='mgr.14116 172.21.15.59:0/4078074858' entity='mgr.smithi059.gwkiyc' cmd=[{"prefix": "config dump", "format": "json"}]: dispatch
2023-12-26T21:56:24.046 INFO:journalctl@ceph.mon.smithi059.smithi059.stdout:Dec 26 21:56:23 smithi059 ceph-761f1ff0-a439-11ee-95a5-87774f69a715-mon-smithi059[111931]: audit
2023-12-26T21:56:22.875246+0000 mon.smithi059 (mon.0) 46 : audit [DBG] from='mgr.14116 172.21.15.59:0/4078074858' entity='mgr.smithi059.gwkiyc' cmd=[{"prefix": "config dump", "format": "json"}]: dispatch
2023-12-26T21:56:24.046 INFO:journalctl@ceph.mon.smithi059.smithi059.stdout:Dec 26 21:56:23 smithi059 ceph-761f1ff0-a439-11ee-95a5-87774f69a715-mon-smithi059[111931]: audit
2023-12-26T21:56:22.885889+0000 mon.smithi059 (mon.0) 47 : audit [INF] from='mgr.14116 172.21.15.59:0/4078074858' entity='mgr.smithi059.gwkiyc' cmd=[{"prefix":"config rm","who":"mgr","name":"mgr/rbd_support/smithi059.gwkiyc/mirror_snapshot_schedule"}]: dispatch
2023-12-26T21:56:24.046 INFO:journalctl@ceph.mon.smithi059.smithi059.stdout:Dec 26 21:56:23 smithi059 ceph-761f1ff0-a439-11ee-95a5-87774f69a715-mon-smithi059[111931]: audit
2023-12-26T21:56:22.887053+0000 mon.smithi059 (mon.0) 48 : audit [INF] from='mgr.14116 172.21.15.59:0/4078074858' entity='mgr.smithi059.gwkiyc' cmd=[{"prefix":"config rm","who":"mgr","name":"mgr/rbd_support/smithi059.gwkiyc/trash_purge_schedule"}]: dispatch
2023-12-26T21:56:24.096 INFO:teuthology.orchestra.run.smithi059.stderr:mgr epoch 5 is available
2023-12-26T21:56:24.096 INFO:teuthology.orchestra.run.smithi059.stderr:Setting orchestrator backend to cephadm...
2023-12-26T21:56:24.617 INFO:teuthology.orchestra.run.smithi059.stderr:/usr/bin/ceph:
2023-12-26T21:56:24.614+0000 7f46d7024700 1 Processor -- start
2023-12-26T21:56:24.617 INFO:teuthology.orchestra.run.smithi059.stderr:/usr/bin/ceph:
2023-12-26T21:56:24.614+0000 7f46d7024700 1 -- start start
2023-12-26T21:56:24.618 INFO:teuthology.orchestra.run.smithi059.stderr:/usr/bin/ceph:
2023-12-26T21:56:24.614+0000 7f46d7024700 1 --2- >> [v2:172.21.15.59:3300/0,v1:172.21.15.59:6789/0] conn(0x7f46d00fc4d0 0x7f46d00fc8f0 unknown :-1 s=NONE pgs=0 cs=0 l=0 rev1=0 rx=0 tx=0).connect
2023-12-26T21:56:24.618 INFO:teuthology.orchestra.run.smithi059.stderr:/usr/bin/ceph:
2023-12-26T21:56:24.614+0000 7f46d7024700 1 -- --> [v2:172.21.15.59:3300/0,v1:172.21.15.59:6789/0] -- mon_getmap magic: 0 v1 -- 0x7f46d00fcde0 con 0x7f46d00fc4d0
2023-12-26T21:56:24.618 INFO:teuthology.orchestra.run.smithi059.stderr:/usr/bin/ceph:
2023-12-26T21:56:24.615+0000 7f46d4dc0700 1 --2- >> [v2:172.21.15.59:3300/0,v1:172.21.15.59:6789/0] conn(0x7f46d00fc4d0 0x7f46d00fc8f0 unknown :-1 s=BANNER_CONNECTING pgs=0 cs=0 l=0 rev1=0 rx=0 tx=0)._handle_peer_banner_payload supported=1 required=0
2023-12-26T21:56:24.618 INFO:teuthology.orchestra.run.smithi059.stderr:/usr/bin/ceph:
2023-12-26T21:56:24.615+0000 7f46d4dc0700 1 --2- >> [v2:172.21.15.59:3300/0,v1:172.21.15.59:6789/0] conn(0x7f46d00fc4d0 0x7f46d00fc8f0 unknown :-1 s=HELLO_CONNECTING pgs=0 cs=0 l=0 rev1=1 rx=0 tx=0).handle_hello peer v2:172.21.15.59:3300/0 says I am v2:172.21.15.59:36478/0 (socket says 172.21.15.59:36478)
2023-12-26T21:56:24.618 INFO:teuthology.orchestra.run.smithi059.stderr:/usr/bin/ceph:
2023-12-26T21:56:24.615+0000 7f46d4dc0700 1 -- 172.21.15.59:0/814285942 learned_addr learned my addr 172.21.15.59:0/814285942 (peer_addr_for_me v2:172.21.15.59:0/0)
2023-12-26T21:56:24.618 INFO:teuthology.orchestra.run.smithi059.stderr:/usr/bin/ceph:
2023-12-26T21:56:24.615+0000 7f46d4dc0700 1 -- 172.21.15.59:0/814285942 --> [v2:172.21.15.59:3300/0,v1:172.21.15.59:6789/0] -- mon_subscribe({config=0+,monmap=0+}) v3 -- 0x7f46d00fcf20 con 0x7f46d00fc4d0
2023-12-26T21:56:24.618 INFO:teuthology.orchestra.run.smithi059.stderr:/usr/bin/ceph:
2023-12-26T21:56:24.615+0000 7f46d4dc0700 1 --2- 172.21.15.59:0/814285942 >> [v2:172.21.15.59:3300/0,v1:172.21.15.59:6789/0] conn(0x7f46d00fc4d0 0x7f46d00fc8f0 secure :-1 s=READY pgs=31 cs=0 l=1 rev1=1 rx=0x7f46c400b5f0 tx=0x7f46c4006ee0).ready entity=mon.0 client_cookie=9582c6c623872c23 server_cookie=0 in_seq=0 out_seq=0
2023-12-26T21:56:24.618 INFO:teuthology.orchestra.run.smithi059.stderr:/usr/bin/ceph:
2023-12-26T21:56:24.615+0000 7f46cf7fe700 1 -- 172.21.15.59:0/814285942 <== mon.0 v2:172.21.15.59:3300/0 1 ==== mon_map magic: 0 v1 ==== 229+0+0 (secure 0 0 0) 0x7f46c400d600 con 0x7f46d00fc4d0
2023-12-26T21:56:24.618 INFO:teuthology.orchestra.run.smithi059.stderr:/usr/bin/ceph:
2023-12-26T21:56:24.615+0000 7f46cf7fe700 1 -- 172.21.15.59:0/814285942 <== mon.0 v2:172.21.15.59:3300/0 2 ==== config(25 keys) v1 ==== 997+0+0 (secure 0 0 0) 0x7f46c400dbc0 con 0x7f46d00fc4d0
2023-12-26T21:56:24.618 INFO:teuthology.orchestra.run.smithi059.stderr:/usr/bin/ceph:
2023-12-26T21:56:24.615+0000 7f46cf7fe700 1 -- 172.21.15.59:0/814285942 <== mon.0 v2:172.21.15.59:3300/0 3 ==== mon_map magic: 0 v1 ==== 229+0+0 (secure 0 0 0) 0x7f46c4011b90 con 0x7f46d00fc4d0
2023-12-26T21:56:24.618 INFO:teuthology.orchestra.run.smithi059.stderr:/usr/bin/ceph:
2023-12-26T21:56:24.616+0000 7f46d7024700 1 -- 172.21.15.59:0/814285942 >> [v2:172.21.15.59:3300/0,v1:172.21.15.59:6789/0] conn(0x7f46d00fc4d0 msgr2=0x7f46d00fc8f0 secure :-1 s=STATE_CONNECTION_ESTABLISHED l=1).mark_down
2023-12-26T21:56:24.618 INFO:teuthology.orchestra.run.smithi059.stderr:/usr/bin/ceph:
2023-12-26T21:56:24.616+0000 7f46d7024700 1 --2- 172.21.15.59:0/814285942 >> [v2:172.21.15.59:3300/0,v1:172.21.15.59:6789/0] conn(0x7f46d00fc4d0 0x7f46d00fc8f0 secure :-1 s=READY pgs=31 cs=0 l=1 rev1=1 rx=0x7f46c400b5f0 tx=0x7f46c4006ee0).stop
2023-12-26T21:56:24.619 INFO:teuthology.orchestra.run.smithi059.stderr:/usr/bin/ceph:
2023-12-26T21:56:24.616+0000 7f46d7024700 1 -- 172.21.15.59:0/814285942 shutdown_connections
2023-12-26T21:56:24.619 INFO:teuthology.orchestra.run.smithi059.stderr:/usr/bin/ceph:
2023-12-26T21:56:24.616+0000 7f46d7024700 1 --2- 172.21.15.59:0/814285942 >> [v2:172.21.15.59:3300/0,v1:172.21.15.59:6789/0] conn(0x7f46d00fc4d0 0x7f46d00fc8f0 unknown :-1 s=CLOSED pgs=31 cs=0 l=1 rev1=1 rx=0 tx=0).stop
2023-12-26T21:56:24.619 INFO:teuthology.orchestra.run.smithi059.stderr:/usr/bin/ceph:
2023-12-26T21:56:24.616+0000 7f46d7024700 1 -- 172.21.15.59:0/814285942 >> 172.21.15.59:0/814285942 conn(0x7f46d00f5e00 msgr2=0x7f46d00f8220 unknown :-1 s=STATE_NONE l=0).mark_down
2023-12-26T21:56:24.619 INFO:teuthology.orchestra.run.smithi059.stderr:/usr/bin/ceph:
2023-12-26T21:56:24.616+0000 7f46d7024700 1 -- 172.21.15.59:0/814285942 shutdown_connections
2023-12-26T21:56:24.619 INFO:teuthology.orchestra.run.smithi059.stderr:/usr/bin/ceph:
2023-12-26T21:56:24.616+0000 7f46d7024700 1 -- 172.21.15.59:0/814285942 wait complete.
2023-12-26T21:56:24.619 INFO:teuthology.orchestra.run.smithi059.stderr:/usr/bin/ceph:
2023-12-26T21:56:24.616+0000 7f46d7024700 1 Processor -- start
2023-12-26T21:56:24.619 INFO:teuthology.orchestra.run.smithi059.stderr:/usr/bin/ceph:
2023-12-26T21:56:24.616+0000 7f46d7024700 1 -- start start
2023-12-26T21:56:24.619 INFO:teuthology.orchestra.run.smithi059.stderr:/usr/bin/ceph:
2023-12-26T21:56:24.617+0000 7f46d7024700 1 --2- >> [v2:172.21.15.59:3300/0,v1:172.21.15.59:6789/0] conn(0x7f46d00fc4d0 0x7f46d010ceb0 unknown :-1 s=NONE pgs=0 cs=0 l=1 rev1=0 rx=0 tx=0).connect
2023-12-26T21:56:24.619 INFO:teuthology.orchestra.run.smithi059.stderr:/usr/bin/ceph:
2023-12-26T21:56:24.617+0000 7f46d7024700 1 -- --> [v2:172.21.15.59:3300/0,v1:172.21.15.59:6789/0] -- mon_getmap magic: 0 v1 -- 0x7f46d010d3a0 con 0x7f46d00fc4d0
2023-12-26T21:56:24.619 INFO:teuthology.orchestra.run.smithi059.stderr:/usr/bin/ceph:
2023-12-26T21:56:24.617+0000 7f46d4dc0700 1 --2- >> [v2:172.21.15.59:3300/0,v1:172.21.15.59:6789/0] conn(0x7f46d00fc4d0 0x7f46d010ceb0 unknown :-1 s=BANNER_CONNECTING pgs=0 cs=0 l=1 rev1=0 rx=0 tx=0)._handle_peer_banner_payload supported=1 required=0
2023-12-26T21:56:24.619 INFO:teuthology.orchestra.run.smithi059.stderr:/usr/bin/ceph:
2023-12-26T21:56:24.617+0000 7f46d4dc0700 1 --2- >> [v2:172.21.15.59:3300/0,v1:172.21.15.59:6789/0] conn(0x7f46d00fc4d0 0x7f46d010ceb0 unknown :-1 s=HELLO_CONNECTING pgs=0 cs=0 l=1 rev1=1 rx=0 tx=0).handle_hello peer v2:172.21.15.59:3300/0 says I am v2:172.21.15.59:36494/0 (socket says 172.21.15.59:36494)
2023-12-26T21:56:24.619 INFO:teuthology.orchestra.run.smithi059.stderr:/usr/bin/ceph:
2023-12-26T21:56:24.617+0000 7f46d4dc0700 1 -- 172.21.15.59:0/2115962087 learned_addr learned my addr 172.21.15.59:0/2115962087 (peer_addr_for_me v2:172.21.15.59:0/0)
2023-12-26T21:56:24.619 INFO:teuthology.orchestra.run.smithi059.stderr:/usr/bin/ceph:
2023-12-26T21:56:24.617+0000 7f46d4dc0700 1 -- 172.21.15.59:0/2115962087 --> [v2:172.21.15.59:3300/0,v1:172.21.15.59:6789/0] -- mon_subscribe({config=0+,monmap=0+}) v3 -- 0x7f46c400b200 con 0x7f46d00fc4d0
2023-12-26T21:56:24.620 INFO:teuthology.orchestra.run.smithi059.stderr:/usr/bin/ceph:
2023-12-26T21:56:24.617+0000 7f46d4dc0700 1 --2- 172.21.15.59:0/2115962087 >> [v2:172.21.15.59:3300/0,v1:172.21.15.59:6789/0] conn(0x7f46d00fc4d0 0x7f46d010ceb0 secure :-1 s=READY pgs=32 cs=0 l=1 rev1=1 rx=0x7f46c4000c00 tx=0x7f46c4006ee0).ready entity=mon.0 client_cookie=0 server_cookie=0 in_seq=0 out_seq=0
2023-12-26T21:56:24.620 INFO:teuthology.orchestra.run.smithi059.stderr:/usr/bin/ceph:
2023-12-26T21:56:24.617+0000 7f46cd7fa700 1 -- 172.21.15.59:0/2115962087 <== mon.0 v2:172.21.15.59:3300/0 1 ==== mon_map magic: 0 v1 ==== 229+0+0 (secure 0 0 0) 0x7f46c401b410 con 0x7f46d00fc4d0
2023-12-26T21:56:24.620 INFO:teuthology.orchestra.run.smithi059.stderr:/usr/bin/ceph:
2023-12-26T21:56:24.617+0000 7f46d7024700 1 -- 172.21.15.59:0/2115962087 --> [v2:172.21.15.59:3300/0,v1:172.21.15.59:6789/0] -- mon_subscribe({mgrmap=0+}) v3 -- 0x7f46d010d5a0 con 0x7f46d00fc4d0
2023-12-26T21:56:24.620 INFO:teuthology.orchestra.run.smithi059.stderr:/usr/bin/ceph:
2023-12-26T21:56:24.617+0000 7f46cd7fa700 1 -- 172.21.15.59:0/2115962087 <== mon.0 v2:172.21.15.59:3300/0 2 ==== config(25 keys) v1 ==== 997+0+0 (secure 0 0 0) 0x7f46c401b9d0 con 0x7f46d00fc4d0
2023-12-26T21:56:24.620 INFO:teuthology.orchestra.run.smithi059.stderr:/usr/bin/ceph:
2023-12-26T21:56:24.617+0000 7f46cd7fa700 1 -- 172.21.15.59:0/2115962087 <== mon.0 v2:172.21.15.59:3300/0 3 ==== mon_map magic: 0 v1 ==== 229+0+0 (secure 0 0 0) 0x7f46c401a600 con 0x7f46d00fc4d0
2023-12-26T21:56:24.620 INFO:teuthology.orchestra.run.smithi059.stderr:/usr/bin/ceph:
2023-12-26T21:56:24.617+0000 7f46d7024700 1 -- 172.21.15.59:0/2115962087 --> [v2:172.21.15.59:3300/0,v1:172.21.15.59:6789/0] -- mon_subscribe({osdmap=0}) v3 -- 0x7f46d010da30 con 0x7f46d00fc4d0
2023-12-26T21:56:24.621 INFO:teuthology.orchestra.run.smithi059.stderr:/usr/bin/ceph:
2023-12-26T21:56:24.618+0000 7f46cd7fa700 1 -- 172.21.15.59:0/2115962087 <== mon.0 v2:172.21.15.59:3300/0 4 ==== mgrmap(e 7) v1 ==== 37015+0+0 (secure 0 0 0) 0x7f46c402b070 con 0x7f46d00fc4d0
2023-12-26T21:56:24.621 INFO:teuthology.orchestra.run.smithi059.stderr:/usr/bin/ceph:
2023-12-26T21:56:24.619+0000 7f46d7024700 1 -- 172.21.15.59:0/2115962087 --> [v2:172.21.15.59:3300/0,v1:172.21.15.59:6789/0] -- mon_command({"prefix": "get_command_descriptions"} v 0) v1 -- 0x7f46d0045bb0 con 0x7f46d00fc4d0
2023-12-26T21:56:24.621 INFO:teuthology.orchestra.run.smithi059.stderr:/usr/bin/ceph:
2023-12-26T21:56:24.619+0000 7f46cd7fa700 1 --2- 172.21.15.59:0/2115962087 >> [v2:172.21.15.59:6800/3069705549,v1:172.21.15.59:6801/3069705549] conn(0x7f46b4030f30 0x7f46b40333f0 unknown :-1 s=NONE pgs=0 cs=0 l=1 rev1=0 rx=0 tx=0).connect
2023-12-26T21:56:24.622 INFO:teuthology.orchestra.run.smithi059.stderr:/usr/bin/ceph:
2023-12-26T21:56:24.619+0000 7f46cd7fa700 1 -- 172.21.15.59:0/2115962087 <== mon.0 v2:172.21.15.59:3300/0 5 ==== osd_map(2..2 src has 1..2) v4 ==== 893+0+0 (secure 0 0 0) 0x7f46c4042a80 con 0x7f46d00fc4d0
2023-12-26T21:56:24.622 INFO:teuthology.orchestra.run.smithi059.stderr:/usr/bin/ceph:
2023-12-26T21:56:24.619+0000 7f46cffff700 1 --2- 172.21.15.59:0/2115962087 >> [v2:172.21.15.59:6800/3069705549,v1:172.21.15.59:6801/3069705549] conn(0x7f46b4030f30 0x7f46b40333f0 unknown :-1 s=BANNER_CONNECTING pgs=0 cs=0 l=1 rev1=0 rx=0 tx=0)._handle_peer_banner_payload supported=1 required=0
2023-12-26T21:56:24.622 INFO:teuthology.orchestra.run.smithi059.stderr:/usr/bin/ceph:
2023-12-26T21:56:24.619+0000 7f46cffff700 1 --2- 172.21.15.59:0/2115962087 >> [v2:172.21.15.59:6800/3069705549,v1:172.21.15.59:6801/3069705549] conn(0x7f46b4030f30 0x7f46b40333f0 secure :-1 s=READY pgs=6 cs=0 l=1 rev1=1 rx=0x7f46bc0096a0 tx=0x7f46bc006b40).ready entity=mgr.14116 client_cookie=0 server_cookie=0 in_seq=0 out_seq=0
2023-12-26T21:56:24.622 INFO:teuthology.orchestra.run.smithi059.stderr:/usr/bin/ceph:
2023-12-26T21:56:24.623+0000 7f46cd7fa700 1 -- 172.21.15.59:0/2115962087 <== mon.0 v2:172.21.15.59:3300/0 6 ==== mon_command_ack([{"prefix": "get_command_descriptions"}]=0 v0) v1 ==== 72+0+153237 (secure 0 0 0) 0x7f46c401be20 con 0x7f46d00fc4d0
2023-12-26T21:56:24.741 INFO:teuthology.orchestra.run.smithi059.stderr:/usr/bin/ceph:
2023-12-26T21:56:24.741+0000 7f46cd7fa700 1 -- 172.21.15.59:0/2115962087 <== mon.0 v2:172.21.15.59:3300/0 7 ==== mgrmap(e 8) v1 ==== 37095+0+0 (secure 0 0 0) 0x7f46c400f070 con 0x7f46d00fc4d0
2023-12-26T21:56:24.797 INFO:teuthology.orchestra.run.smithi059.stderr:/usr/bin/ceph:
2023-12-26T21:56:24.797+0000 7f46d7024700 1 -- 172.21.15.59:0/2115962087 --> [v2:172.21.15.59:6800/3069705549,v1:172.21.15.59:6801/3069705549] -- mgr_command(tid 0: {"prefix": "orch set backend", "module_name": "cephadm", "target": ["mon-mgr", ""]}) v1 -- 0x7f46d010e290 con 0x7f46b4030f30
2023-12-26T21:56:24.802 INFO:teuthology.orchestra.run.smithi059.stderr:/usr/bin/ceph:
2023-12-26T21:56:24.803+0000 7f46cd7fa700 1 -- 172.21.15.59:0/2115962087 <== mgr.14116 v2:172.21.15.59:6800/3069705549 1 ==== mgr_command_reply(tid 0: 0 ) v1 ==== 8+0+0 (secure 0 0 0) 0x7f46d010e290 con 0x7f46b4030f30
2023-12-26T21:56:24.805 INFO:teuthology.orchestra.run.smithi059.stderr:/usr/bin/ceph:
2023-12-26T21:56:24.804+0000 7f46d7024700 1 -- 172.21.15.59:0/2115962087 >> [v2:172.21.15.59:6800/3069705549,v1:172.21.15.59:6801/3069705549] conn(0x7f46b4030f30 msgr2=0x7f46b40333f0 secure :-1 s=STATE_CONNECTION_ESTABLISHED l=1).mark_down
2023-12-26T21:56:24.805 INFO:teuthology.orchestra.run.smithi059.stderr:/usr/bin/ceph:
2023-12-26T21:56:24.804+0000 7f46d7024700 1 --2- 172.21.15.59:0/2115962087 >> [v2:172.21.15.59:6800/3069705549,v1:172.21.15.59:6801/3069705549] conn(0x7f46b4030f30 0x7f46b40333f0 secure :-1 s=READY pgs=6 cs=0 l=1 rev1=1 rx=0x7f46bc0096a0 tx=0x7f46bc006b40).stop
2023-12-26T21:56:24.805 INFO:teuthology.orchestra.run.smithi059.stderr:/usr/bin/ceph:
2023-12-26T21:56:24.804+0000 7f46d7024700 1 -- 172.21.15.59:0/2115962087 >> [v2:172.21.15.59:3300/0,v1:172.21.15.59:6789/0] conn(0x7f46d00fc4d0 msgr2=0x7f46d010ceb0 secure :-1 s=STATE_CONNECTION_ESTABLISHED l=1).mark_down
2023-12-26T21:56:24.805 INFO:teuthology.orchestra.run.smithi059.stderr:/usr/bin/ceph:
2023-12-26T21:56:24.804+0000 7f46d7024700 1 --2- 172.21.15.59:0/2115962087 >> [v2:172.21.15.59:3300/0,v1:172.21.15.59:6789/0] conn(0x7f46d00fc4d0 0x7f46d010ceb0 secure :-1 s=READY pgs=32 cs=0 l=1 rev1=1 rx=0x7f46c4000c00 tx=0x7f46c4006ee0).stop
2023-12-26T21:56:24.805 INFO:teuthology.orchestra.run.smithi059.stderr:/usr/bin/ceph:
2023-12-26T21:56:24.805+0000 7f46d7024700 1 -- 172.21.15.59:0/2115962087 shutdown_connections
2023-12-26T21:56:24.805 INFO:teuthology.orchestra.run.smithi059.stderr:/usr/bin/ceph:
2023-12-26T21:56:24.805+0000 7f46d7024700 1 --2- 172.21.15.59:0/2115962087 >> [v2:172.21.15.59:6800/3069705549,v1:172.21.15.59:6801/3069705549] conn(0x7f46b4030f30 0x7f46b40333f0 unknown :-1 s=CLOSED pgs=6 cs=0 l=1 rev1=1 rx=0 tx=0).stop
2023-12-26T21:56:24.805 INFO:teuthology.orchestra.run.smithi059.stderr:/usr/bin/ceph:
2023-12-26T21:56:24.805+0000 7f46d7024700 1 --2- 172.21.15.59:0/2115962087 >> [v2:172.21.15.59:3300/0,v1:172.21.15.59:6789/0] conn(0x7f46d00fc4d0 0x7f46d010ceb0 unknown :-1 s=CLOSED pgs=32 cs=0 l=1 rev1=1 rx=0 tx=0).stop
2023-12-26T21:56:24.805 INFO:teuthology.orchestra.run.smithi059.stderr:/usr/bin/ceph:
2023-12-26T21:56:24.805+0000 7f46d7024700 1 -- 172.21.15.59:0/2115962087 >> 172.21.15.59:0/2115962087 conn(0x7f46d00f5e00 msgr2=0x7f46d00ffcd0 unknown :-1 s=STATE_NONE l=0).mark_down
2023-12-26T21:56:24.806 INFO:teuthology.orchestra.run.smithi059.stderr:/usr/bin/ceph:
2023-12-26T21:56:24.805+0000 7f46d7024700 1 -- 172.21.15.59:0/2115962087 shutdown_connections
2023-12-26T21:56:24.806 INFO:teuthology.orchestra.run.smithi059.stderr:/usr/bin/ceph:
2023-12-26T21:56:24.805+0000 7f46d7024700 1 -- 172.21.15.59:0/2115962087 wait complete.
2023-12-26T21:56:25.044 INFO:journalctl@ceph.mon.smithi059.smithi059.stdout:Dec 26 21:56:24 smithi059 ceph-761f1ff0-a439-11ee-95a5-87774f69a715-mon-smithi059[111931]: audit
2023-12-26T21:56:23.740726+0000 mgr.smithi059.gwkiyc (mgr.14116) 1 : audit [DBG] from='client.14120 -' entity='client.admin' cmd=[{"prefix": "get_command_descriptions"}]: dispatch
2023-12-26T21:56:25.045 INFO:journalctl@ceph.mon.smithi059.smithi059.stdout:Dec 26 21:56:24 smithi059 ceph-761f1ff0-a439-11ee-95a5-87774f69a715-mon-smithi059[111931]: cluster
2023-12-26T21:56:23.741299+0000 mon.smithi059 (mon.0) 49 : cluster [DBG] mgrmap e7: smithi059.gwkiyc(active, since 1.62389s)
2023-12-26T21:56:25.045 INFO:journalctl@ceph.mon.smithi059.smithi059.stdout:Dec 26 21:56:24 smithi059 ceph-761f1ff0-a439-11ee-95a5-87774f69a715-mon-smithi059[111931]: audit
2023-12-26T21:56:23.747587+0000 mgr.smithi059.gwkiyc (mgr.14116) 2 : audit [DBG] from='client.14120 -' entity='client.admin' cmd=[{"prefix": "mgr_status"}]: dispatch
2023-12-26T21:56:25.455 INFO:teuthology.orchestra.run.smithi059.stderr:/usr/bin/ceph:
2023-12-26T21:56:25.451+0000 7fa28cabd700 1 Processor -- start
2023-12-26T21:56:25.456 INFO:teuthology.orchestra.run.smithi059.stderr:/usr/bin/ceph:
2023-12-26T21:56:25.451+0000 7fa28cabd700 1 -- start start
2023-12-26T21:56:25.456 INFO:teuthology.orchestra.run.smithi059.stderr:/usr/bin/ceph:
2023-12-26T21:56:25.451+0000 7fa28cabd700 1 --2- >> [v2:172.21.15.59:3300/0,v1:172.21.15.59:6789/0] conn(0x7fa288070c50 0x7fa288101070 unknown :-1 s=NONE pgs=0 cs=0 l=0 rev1=0 rx=0 tx=0).connect
2023-12-26T21:56:25.456 INFO:teuthology.orchestra.run.smithi059.stderr:/usr/bin/ceph:
2023-12-26T21:56:25.451+0000 7fa28cabd700 1 -- --> [v2:172.21.15.59:3300/0,v1:172.21.15.59:6789/0] -- mon_getmap magic: 0 v1 -- 0x7fa2880fca60 con 0x7fa288070c50
2023-12-26T21:56:25.456 INFO:teuthology.orchestra.run.smithi059.stderr:/usr/bin/ceph:
2023-12-26T21:56:25.451+0000 7fa28659c700 1 --2- >> [v2:172.21.15.59:3300/0,v1:172.21.15.59:6789/0] conn(0x7fa288070c50 0x7fa288101070 unknown :-1 s=BANNER_CONNECTING pgs=0 cs=0 l=0 rev1=0 rx=0 tx=0)._handle_peer_banner_payload supported=1 required=0
2023-12-26T21:56:25.456 INFO:teuthology.orchestra.run.smithi059.stderr:/usr/bin/ceph:
2023-12-26T21:56:25.451+0000 7fa28659c700 1 --2- >> [v2:172.21.15.59:3300/0,v1:172.21.15.59:6789/0] conn(0x7fa288070c50 0x7fa288101070 unknown :-1 s=HELLO_CONNECTING pgs=0 cs=0 l=0 rev1=1 rx=0 tx=0).handle_hello peer v2:172.21.15.59:3300/0 says I am v2:172.21.15.59:36508/0 (socket says 172.21.15.59:36508)
2023-12-26T21:56:25.456 INFO:teuthology.orchestra.run.smithi059.stderr:/usr/bin/ceph:
2023-12-26T21:56:25.451+0000 7fa28659c700 1 -- 172.21.15.59:0/4091953259 learned_addr learned my addr 172.21.15.59:0/4091953259 (peer_addr_for_me v2:172.21.15.59:0/0)
2023-12-26T21:56:25.456 INFO:teuthology.orchestra.run.smithi059.stderr:/usr/bin/ceph:
2023-12-26T21:56:25.452+0000 7fa28659c700 1 -- 172.21.15.59:0/4091953259 --> [v2:172.21.15.59:3300/0,v1:172.21.15.59:6789/0] -- mon_subscribe({config=0+,monmap=0+}) v3 -- 0x7fa288101560 con 0x7fa288070c50
2023-12-26T21:56:25.457 INFO:teuthology.orchestra.run.smithi059.stderr:/usr/bin/ceph:
2023-12-26T21:56:25.452+0000 7fa28659c700 1 --2- 172.21.15.59:0/4091953259 >> [v2:172.21.15.59:3300/0,v1:172.21.15.59:6789/0] conn(0x7fa288070c50 0x7fa288101070 secure :-1 s=READY pgs=33 cs=0 l=1 rev1=1 rx=0x7fa27800b5f0 tx=0x7fa278006ee0).ready entity=mon.0 client_cookie=cbdf3adba9a8b78f server_cookie=0 in_seq=0 out_seq=0
2023-12-26T21:56:25.457 INFO:teuthology.orchestra.run.smithi059.stderr:/usr/bin/ceph:
2023-12-26T21:56:25.452+0000 7fa28559a700 1 -- 172.21.15.59:0/4091953259 <== mon.0 v2:172.21.15.59:3300/0 1 ==== mon_map magic: 0 v1 ==== 229+0+0 (secure 0 0 0) 0x7fa27800d600 con 0x7fa288070c50
2023-12-26T21:56:25.457 INFO:teuthology.orchestra.run.smithi059.stderr:/usr/bin/ceph:
2023-12-26T21:56:25.452+0000 7fa28559a700 1 -- 172.21.15.59:0/4091953259 <== mon.0 v2:172.21.15.59:3300/0 2 ==== config(25 keys) v1 ==== 997+0+0 (secure 0 0 0) 0x7fa27800dbc0 con 0x7fa288070c50
2023-12-26T21:56:25.457 INFO:teuthology.orchestra.run.smithi059.stderr:/usr/bin/ceph:
2023-12-26T21:56:25.452+0000 7fa28559a700 1 -- 172.21.15.59:0/4091953259 <== mon.0 v2:172.21.15.59:3300/0 3 ==== mon_map magic: 0 v1 ==== 229+0+0 (secure 0 0 0) 0x7fa278011b90 con 0x7fa288070c50
2023-12-26T21:56:25.457 INFO:teuthology.orchestra.run.smithi059.stderr:/usr/bin/ceph:
2023-12-26T21:56:25.452+0000 7fa28cabd700 1 -- 172.21.15.59:0/4091953259 >> [v2:172.21.15.59:3300/0,v1:172.21.15.59:6789/0] conn(0x7fa288070c50 msgr2=0x7fa288101070 secure :-1 s=STATE_CONNECTION_ESTABLISHED l=1).mark_down
2023-12-26T21:56:25.457 INFO:teuthology.orchestra.run.smithi059.stderr:/usr/bin/ceph:
2023-12-26T21:56:25.452+0000 7fa28cabd700 1 --2- 172.21.15.59:0/4091953259 >> [v2:172.21.15.59:3300/0,v1:172.21.15.59:6789/0] conn(0x7fa288070c50 0x7fa288101070 secure :-1 s=READY pgs=33 cs=0 l=1 rev1=1 rx=0x7fa27800b5f0 tx=0x7fa278006ee0).stop
2023-12-26T21:56:25.457 INFO:teuthology.orchestra.run.smithi059.stderr:/usr/bin/ceph:
2023-12-26T21:56:25.453+0000 7fa28cabd700 1 -- 172.21.15.59:0/4091953259 shutdown_connections
2023-12-26T21:56:25.457 INFO:teuthology.orchestra.run.smithi059.stderr:/usr/bin/ceph:
2023-12-26T21:56:25.453+0000 7fa28cabd700 1 --2- 172.21.15.59:0/4091953259 >> [v2:172.21.15.59:3300/0,v1:172.21.15.59:6789/0] conn(0x7fa288070c50 0x7fa288101070 unknown :-1 s=CLOSED pgs=33 cs=0 l=1 rev1=1 rx=0 tx=0).stop
2023-12-26T21:56:25.457 INFO:teuthology.orchestra.run.smithi059.stderr:/usr/bin/ceph:
2023-12-26T21:56:25.453+0000 7fa28cabd700 1 -- 172.21.15.59:0/4091953259 >> 172.21.15.59:0/4091953259 conn(0x7fa2880f6690 msgr2=0x7fa2880f8ab0 unknown :-1 s=STATE_NONE l=0).mark_down
2023-12-26T21:56:25.458 INFO:teuthology.orchestra.run.smithi059.stderr:/usr/bin/ceph:
2023-12-26T21:56:25.453+0000 7fa28cabd700 1 -- 172.21.15.59:0/4091953259 shutdown_connections
2023-12-26T21:56:25.458 INFO:teuthology.orchestra.run.smithi059.stderr:/usr/bin/ceph:
2023-12-26T21:56:25.453+0000 7fa28cabd700 1 -- 172.21.15.59:0/4091953259 wait complete.
2023-12-26T21:56:25.458 INFO:teuthology.orchestra.run.smithi059.stderr:/usr/bin/ceph:
2023-12-26T21:56:25.453+0000 7fa28cabd700 1 Processor -- start
2023-12-26T21:56:25.458 INFO:teuthology.orchestra.run.smithi059.stderr:/usr/bin/ceph:
2023-12-26T21:56:25.453+0000 7fa28cabd700 1 -- start start
2023-12-26T21:56:25.458 INFO:teuthology.orchestra.run.smithi059.stderr:/usr/bin/ceph:
2023-12-26T21:56:25.453+0000 7fa28cabd700 1 --2- >> [v2:172.21.15.59:3300/0,v1:172.21.15.59:6789/0] conn(0x7fa288070c50 0x7fa28810cf20 unknown :-1 s=NONE pgs=0 cs=0 l=1 rev1=0 rx=0 tx=0).connect
2023-12-26T21:56:25.458 INFO:teuthology.orchestra.run.smithi059.stderr:/usr/bin/ceph:
2023-12-26T21:56:25.453+0000 7fa28cabd700 1 -- --> [v2:172.21.15.59:3300/0,v1:172.21.15.59:6789/0] -- mon_getmap magic: 0 v1 -- 0x7fa28810d410 con 0x7fa288070c50
2023-12-26T21:56:25.458 INFO:teuthology.orchestra.run.smithi059.stderr:/usr/bin/ceph:
2023-12-26T21:56:25.454+0000 7fa28659c700 1 --2- >> [v2:172.21.15.59:3300/0,v1:172.21.15.59:6789/0] conn(0x7fa288070c50 0x7fa28810cf20 unknown :-1 s=BANNER_CONNECTING pgs=0 cs=0 l=1 rev1=0 rx=0 tx=0)._handle_peer_banner_payload supported=1 required=0
2023-12-26T21:56:25.458 INFO:teuthology.orchestra.run.smithi059.stderr:/usr/bin/ceph:
2023-12-26T21:56:25.454+0000 7fa28659c700 1 --2- >> [v2:172.21.15.59:3300/0,v1:172.21.15.59:6789/0] conn(0x7fa288070c50 0x7fa28810cf20 unknown :-1 s=HELLO_CONNECTING pgs=0 cs=0 l=1 rev1=1 rx=0 tx=0).handle_hello peer v2:172.21.15.59:3300/0 says I am v2:172.21.15.59:36510/0 (socket says 172.21.15.59:36510)
2023-12-26T21:56:25.459 INFO:teuthology.orchestra.run.smithi059.stderr:/usr/bin/ceph:
2023-12-26T21:56:25.454+0000 7fa28659c700 1 -- 172.21.15.59:0/1398634546 learned_addr learned my addr 172.21.15.59:0/1398634546 (peer_addr_for_me v2:172.21.15.59:0/0)
2023-12-26T21:56:25.459 INFO:teuthology.orchestra.run.smithi059.stderr:/usr/bin/ceph:
2023-12-26T21:56:25.454+0000 7fa28659c700 1 -- 172.21.15.59:0/1398634546 --> [v2:172.21.15.59:3300/0,v1:172.21.15.59:6789/0] -- mon_subscribe({config=0+,monmap=0+}) v3 -- 0x7fa27800b200 con 0x7fa288070c50
2023-12-26T21:56:25.459 INFO:teuthology.orchestra.run.smithi059.stderr:/usr/bin/ceph:
2023-12-26T21:56:25.454+0000 7fa28659c700 1 --2- 172.21.15.59:0/1398634546 >> [v2:172.21.15.59:3300/0,v1:172.21.15.59:6789/0] conn(0x7fa288070c50 0x7fa28810cf20 secure :-1 s=READY pgs=34 cs=0 l=1 rev1=1 rx=0x7fa278000c00 tx=0x7fa278006ee0).ready entity=mon.0 client_cookie=0 server_cookie=0 in_seq=0 out_seq=0
2023-12-26T21:56:25.459 INFO:teuthology.orchestra.run.smithi059.stderr:/usr/bin/ceph:
2023-12-26T21:56:25.454+0000 7fa276ffd700 1 -- 172.21.15.59:0/1398634546 <== mon.0 v2:172.21.15.59:3300/0 1 ==== mon_map magic: 0 v1 ==== 229+0+0 (secure 0 0 0) 0x7fa27800de00 con 0x7fa288070c50
2023-12-26T21:56:25.459 INFO:teuthology.orchestra.run.smithi059.stderr:/usr/bin/ceph:
2023-12-26T21:56:25.454+0000 7fa276ffd700 1 -- 172.21.15.59:0/1398634546 <== mon.0 v2:172.21.15.59:3300/0 2 ==== config(25 keys) v1 ==== 997+0+0 (secure 0 0 0) 0x7fa27801b870 con 0x7fa288070c50
2023-12-26T21:56:25.459 INFO:teuthology.orchestra.run.smithi059.stderr:/usr/bin/ceph:
2023-12-26T21:56:25.454+0000 7fa276ffd700 1 -- 172.21.15.59:0/1398634546 <== mon.0 v2:172.21.15.59:3300/0 3 ==== mon_map magic: 0 v1 ==== 229+0+0 (secure 0 0 0) 0x7fa27801a670 con 0x7fa288070c50
2023-12-26T21:56:25.459 INFO:teuthology.orchestra.run.smithi059.stderr:/usr/bin/ceph:
2023-12-26T21:56:25.454+0000 7fa28cabd700 1 -- 172.21.15.59:0/1398634546 --> [v2:172.21.15.59:3300/0,v1:172.21.15.59:6789/0] -- mon_subscribe({mgrmap=0+}) v3 -- 0x7fa28810d610 con 0x7fa288070c50
2023-12-26T21:56:25.459 INFO:teuthology.orchestra.run.smithi059.stderr:/usr/bin/ceph:
2023-12-26T21:56:25.454+0000 7fa28cabd700 1 -- 172.21.15.59:0/1398634546 --> [v2:172.21.15.59:3300/0,v1:172.21.15.59:6789/0] -- mon_subscribe({osdmap=0}) v3 -- 0x7fa28810daa0 con 0x7fa288070c50
2023-12-26T21:56:25.460 INFO:teuthology.orchestra.run.smithi059.stderr:/usr/bin/ceph:
2023-12-26T21:56:25.455+0000 7fa276ffd700 1 -- 172.21.15.59:0/1398634546 <== mon.0 v2:172.21.15.59:3300/0 4 ==== mgrmap(e 8) v1 ==== 37095+0+0 (secure 0 0 0) 0x7fa27802b070 con 0x7fa288070c50
2023-12-26T21:56:25.461 INFO:teuthology.orchestra.run.smithi059.stderr:/usr/bin/ceph:
2023-12-26T21:56:25.455+0000 7fa28cabd700 1 -- 172.21.15.59:0/1398634546 --> [v2:172.21.15.59:3300/0,v1:172.21.15.59:6789/0] -- mon_command({"prefix": "get_command_descriptions"} v 0) v1 -- 0x7fa288045bb0 con 0x7fa288070c50
2023-12-26T21:56:25.461 INFO:teuthology.orchestra.run.smithi059.stderr:/usr/bin/ceph:
2023-12-26T21:56:25.455+0000 7fa276ffd700 1 --2- 172.21.15.59:0/1398634546 >> [v2:172.21.15.59:6800/3069705549,v1:172.21.15.59:6801/3069705549] conn(0x7fa26c030ff0 0x7fa26c0334b0 unknown :-1 s=NONE pgs=0 cs=0 l=1 rev1=0 rx=0 tx=0).connect
2023-12-26T21:56:25.461 INFO:teuthology.orchestra.run.smithi059.stderr:/usr/bin/ceph:
2023-12-26T21:56:25.455+0000 7fa276ffd700 1 -- 172.21.15.59:0/1398634546 <== mon.0 v2:172.21.15.59:3300/0 5 ==== osd_map(2..2 src has 1..2) v4 ==== 893+0+0 (secure 0 0 0) 0x7fa278042cd0 con 0x7fa288070c50
2023-12-26T21:56:25.461 INFO:teuthology.orchestra.run.smithi059.stderr:/usr/bin/ceph:
2023-12-26T21:56:25.455+0000 7fa285d9b700 1 --2- 172.21.15.59:0/1398634546 >> [v2:172.21.15.59:6800/3069705549,v1:172.21.15.59:6801/3069705549] conn(0x7fa26c030ff0 0x7fa26c0334b0 unknown :-1 s=BANNER_CONNECTING pgs=0 cs=0 l=1 rev1=0 rx=0 tx=0)._handle_peer_banner_payload supported=1 required=0
2023-12-26T21:56:25.461 INFO:teuthology.orchestra.run.smithi059.stderr:/usr/bin/ceph:
2023-12-26T21:56:25.456+0000 7fa285d9b700 1 --2- 172.21.15.59:0/1398634546 >> [v2:172.21.15.59:6800/3069705549,v1:172.21.15.59:6801/3069705549] conn(0x7fa26c030ff0 0x7fa26c0334b0 secure :-1 s=READY pgs=7 cs=0 l=1 rev1=1 rx=0x7fa27c0096a0 tx=0x7fa27c006b40).ready entity=mgr.14116 client_cookie=0 server_cookie=0 in_seq=0 out_seq=0
2023-12-26T21:56:25.461 INFO:teuthology.orchestra.run.smithi059.stderr:/usr/bin/ceph:
2023-12-26T21:56:25.459+0000 7fa276ffd700 1 -- 172.21.15.59:0/1398634546 <== mon.0 v2:172.21.15.59:3300/0 6 ==== mon_command_ack([{"prefix": "get_command_descriptions"}]=0 v0) v1 ==== 72+0+153237 (secure 0 0 0) 0x7fa27801b9e0 con 0x7fa288070c50
2023-12-26T21:56:25.622 INFO:teuthology.orchestra.run.smithi059.stderr:/usr/bin/ceph:
2023-12-26T21:56:25.622+0000 7fa28cabd700 1 -- 172.21.15.59:0/1398634546 --> [v2:172.21.15.59:6800/3069705549,v1:172.21.15.59:6801/3069705549] -- mgr_command(tid 0: {"prefix": "cephadm set-user", "user": "root", "target": ["mon-mgr", ""]}) v1 -- 0x7fa28810e300 con 0x7fa26c030ff0
2023-12-26T21:56:25.622 INFO:teuthology.orchestra.run.smithi059.stderr:/usr/bin/ceph:
2023-12-26T21:56:25.623+0000 7fa276ffd700 1 -- 172.21.15.59:0/1398634546 <== mgr.14116 v2:172.21.15.59:6800/3069705549 1 ==== mgr_command_reply(tid 0: 0 ) v1 ==== 8+0+16 (secure 0 0 0) 0x7fa28810e300 con 0x7fa26c030ff0
2023-12-26T21:56:25.622 INFO:teuthology.orchestra.run.smithi059.stderr:/usr/bin/ceph: value unchanged
2023-12-26T21:56:25.625 INFO:teuthology.orchestra.run.smithi059.stderr:/usr/bin/ceph:
2023-12-26T21:56:25.624+0000 7fa28cabd700 1 -- 172.21.15.59:0/1398634546 >> [v2:172.21.15.59:6800/3069705549,v1:172.21.15.59:6801/3069705549] conn(0x7fa26c030ff0 msgr2=0x7fa26c0334b0 secure :-1 s=STATE_CONNECTION_ESTABLISHED l=1).mark_down
2023-12-26T21:56:25.625 INFO:teuthology.orchestra.run.smithi059.stderr:/usr/bin/ceph:
2023-12-26T21:56:25.624+0000 7fa28cabd700 1 --2- 172.21.15.59:0/1398634546 >> [v2:172.21.15.59:6800/3069705549,v1:172.21.15.59:6801/3069705549] conn(0x7fa26c030ff0 0x7fa26c0334b0 secure :-1 s=READY pgs=7 cs=0 l=1 rev1=1 rx=0x7fa27c0096a0 tx=0x7fa27c006b40).stop
2023-12-26T21:56:25.625 INFO:teuthology.orchestra.run.smithi059.stderr:/usr/bin/ceph:
2023-12-26T21:56:25.624+0000 7fa28cabd700 1 -- 172.21.15.59:0/1398634546 >> [v2:172.21.15.59:3300/0,v1:172.21.15.59:6789/0] conn(0x7fa288070c50 msgr2=0x7fa28810cf20 secure :-1 s=STATE_CONNECTION_ESTABLISHED l=1).mark_down
2023-12-26T21:56:25.625 INFO:teuthology.orchestra.run.smithi059.stderr:/usr/bin/ceph:
2023-12-26T21:56:25.624+0000 7fa28cabd700 1 --2- 172.21.15.59:0/1398634546 >> [v2:172.21.15.59:3300/0,v1:172.21.15.59:6789/0] conn(0x7fa288070c50 0x7fa28810cf20 secure :-1 s=READY pgs=34 cs=0 l=1 rev1=1 rx=0x7fa278000c00 tx=0x7fa278006ee0).stop
2023-12-26T21:56:25.625 INFO:teuthology.orchestra.run.smithi059.stderr:/usr/bin/ceph:
2023-12-26T21:56:25.624+0000 7fa28cabd700 1 -- 172.21.15.59:0/1398634546 shutdown_connections
2023-12-26T21:56:25.625 INFO:teuthology.orchestra.run.smithi059.stderr:/usr/bin/ceph:
2023-12-26T21:56:25.624+0000 7fa28cabd700 1 --2- 172.21.15.59:0/1398634546 >> [v2:172.21.15.59:6800/3069705549,v1:172.21.15.59:6801/3069705549] conn(0x7fa26c030ff0 0x7fa26c0334b0 unknown :-1 s=CLOSED pgs=7 cs=0 l=1 rev1=1 rx=0 tx=0).stop
2023-12-26T21:56:25.625 INFO:teuthology.orchestra.run.smithi059.stderr:/usr/bin/ceph:
2023-12-26T21:56:25.624+0000 7fa28cabd700 1 --2- 172.21.15.59:0/1398634546 >> [v2:172.21.15.59:3300/0,v1:172.21.15.59:6789/0] conn(0x7fa288070c50 0x7fa28810cf20 unknown :-1 s=CLOSED pgs=34 cs=0 l=1 rev1=1 rx=0 tx=0).stop
2023-12-26T21:56:25.625 INFO:teuthology.orchestra.run.smithi059.stderr:/usr/bin/ceph:
2023-12-26T21:56:25.624+0000 7fa28cabd700 1 -- 172.21.15.59:0/1398634546 >> 172.21.15.59:0/1398634546 conn(0x7fa2880f6690 msgr2=0x7fa2880f8120 unknown :-1 s=STATE_NONE l=0).mark_down
2023-12-26T21:56:25.625 INFO:teuthology.orchestra.run.smithi059.stderr:/usr/bin/ceph:
2023-12-26T21:56:25.625+0000 7fa28cabd700 1 -- 172.21.15.59:0/1398634546 shutdown_connections
2023-12-26T21:56:25.625 INFO:teuthology.orchestra.run.smithi059.stderr:/usr/bin/ceph:
2023-12-26T21:56:25.625+0000 7fa28cabd700 1 -- 172.21.15.59:0/1398634546 wait complete.
2023-12-26T21:56:25.897 INFO:journalctl@ceph.mon.smithi059.smithi059.stdout:Dec 26 21:56:25 smithi059 ceph-761f1ff0-a439-11ee-95a5-87774f69a715-mon-smithi059[111931]: cluster
2023-12-26T21:56:24.742764+0000 mon.smithi059 (mon.0) 50 : cluster [DBG] mgrmap e8: smithi059.gwkiyc(active, since 2s)
2023-12-26T21:56:25.897 INFO:journalctl@ceph.mon.smithi059.smithi059.stdout:Dec 26 21:56:25 smithi059 ceph-761f1ff0-a439-11ee-95a5-87774f69a715-mon-smithi059[111931]: audit
2023-12-26T21:56:24.798121+0000 mgr.smithi059.gwkiyc (mgr.14116) 3 : audit [DBG] from='client.14126 -' entity='client.admin' cmd=[{"prefix": "orch set backend", "module_name": "cephadm", "target": ["mon-mgr", ""]}]: dispatch
2023-12-26T21:56:25.897 INFO:journalctl@ceph.mon.smithi059.smithi059.stdout:Dec 26 21:56:25 smithi059 ceph-761f1ff0-a439-11ee-95a5-87774f69a715-mon-smithi059[111931]: audit
2023-12-26T21:56:24.802930+0000 mon.smithi059 (mon.0) 51 : audit [INF] from='mgr.14116 172.21.15.59:0/4078074858' entity='mgr.smithi059.gwkiyc'
2023-12-26T21:56:25.897 INFO:journalctl@ceph.mon.smithi059.smithi059.stdout:Dec 26 21:56:25 smithi059 ceph-761f1ff0-a439-11ee-95a5-87774f69a715-mon-smithi059[111931]: audit
2023-12-26T21:56:24.806529+0000 mon.smithi059 (mon.0) 52 : audit [DBG] from='mgr.14116 172.21.15.59:0/4078074858' entity='mgr.smithi059.gwkiyc' cmd=[{"prefix": "config dump", "format": "json"}]: dispatch
2023-12-26T21:56:25.962 INFO:teuthology.orchestra.run.smithi059.stderr:Generating ssh key...
2023-12-26T21:56:26.368 INFO:teuthology.orchestra.run.smithi059.stderr:/usr/bin/ceph:
2023-12-26T21:56:26.367+0000 7fa7cb9df700 1 Processor -- start
2023-12-26T21:56:26.368 INFO:teuthology.orchestra.run.smithi059.stderr:/usr/bin/ceph:
2023-12-26T21:56:26.367+0000 7fa7cb9df700 1 -- start start
2023-12-26T21:56:26.368 INFO:teuthology.orchestra.run.smithi059.stderr:/usr/bin/ceph:
2023-12-26T21:56:26.367+0000 7fa7cb9df700 1 --2- >> [v2:172.21.15.59:3300/0,v1:172.21.15.59:6789/0] conn(0x7fa7c4070cd0 0x7fa7c40febf0 unknown :-1 s=NONE pgs=0 cs=0 l=0 rev1=0 rx=0 tx=0).connect
2023-12-26T21:56:26.368 INFO:teuthology.orchestra.run.smithi059.stderr:/usr/bin/ceph:
2023-12-26T21:56:26.367+0000 7fa7cb9df700 1 -- --> [v2:172.21.15.59:3300/0,v1:172.21.15.59:6789/0] -- mon_getmap magic: 0 v1 -- 0x7fa7c40ff0e0 con 0x7fa7c4070cd0
2023-12-26T21:56:26.368 INFO:teuthology.orchestra.run.smithi059.stderr:/usr/bin/ceph:
2023-12-26T21:56:26.368+0000 7fa7c977b700 1 --2- >> [v2:172.21.15.59:3300/0,v1:172.21.15.59:6789/0] conn(0x7fa7c4070cd0 0x7fa7c40febf0 unknown :-1 s=BANNER_CONNECTING pgs=0 cs=0 l=0 rev1=0 rx=0 tx=0)._handle_peer_banner_payload supported=1 required=0
2023-12-26T21:56:26.368 INFO:teuthology.orchestra.run.smithi059.stderr:/usr/bin/ceph:
2023-12-26T21:56:26.368+0000 7fa7c977b700 1 --2- >> [v2:172.21.15.59:3300/0,v1:172.21.15.59:6789/0] conn(0x7fa7c4070cd0 0x7fa7c40febf0 unknown :-1 s=HELLO_CONNECTING pgs=0 cs=0 l=0 rev1=1 rx=0 tx=0).handle_hello peer v2:172.21.15.59:3300/0 says I am v2:172.21.15.59:36520/0 (socket says 172.21.15.59:36520)
2023-12-26T21:56:26.368 INFO:teuthology.orchestra.run.smithi059.stderr:/usr/bin/ceph:
2023-12-26T21:56:26.368+0000 7fa7c977b700 1 -- 172.21.15.59:0/3295474539 learned_addr learned my addr 172.21.15.59:0/3295474539 (peer_addr_for_me v2:172.21.15.59:0/0)
2023-12-26T21:56:26.368 INFO:teuthology.orchestra.run.smithi059.stderr:/usr/bin/ceph:
2023-12-26T21:56:26.368+0000 7fa7c977b700 1 -- 172.21.15.59:0/3295474539 --> [v2:172.21.15.59:3300/0,v1:172.21.15.59:6789/0] -- mon_subscribe({config=0+,monmap=0+}) v3 -- 0x7fa7c40ff220 con 0x7fa7c4070cd0
2023-12-26T21:56:26.368 INFO:teuthology.orchestra.run.smithi059.stderr:/usr/bin/ceph:
2023-12-26T21:56:26.368+0000 7fa7c977b700 1 --2- 172.21.15.59:0/3295474539 >> [v2:172.21.15.59:3300/0,v1:172.21.15.59:6789/0] conn(0x7fa7c4070cd0 0x7fa7c40febf0 secure :-1 s=READY pgs=35 cs=0 l=1 rev1=1 rx=0x7fa7c000b5f0 tx=0x7fa7c0006ee0).ready entity=mon.0 client_cookie=708da477041c2b18 server_cookie=0 in_seq=0 out_seq=0
2023-12-26T21:56:26.369 INFO:teuthology.orchestra.run.smithi059.stderr:/usr/bin/ceph:
2023-12-26T21:56:26.368+0000 7fa7b3fff700 1 -- 172.21.15.59:0/3295474539 <== mon.0 v2:172.21.15.59:3300/0 1 ==== mon_map magic: 0 v1 ==== 229+0+0 (secure 0 0 0) 0x7fa7c000d600 con 0x7fa7c4070cd0
2023-12-26T21:56:26.369 INFO:teuthology.orchestra.run.smithi059.stderr:/usr/bin/ceph:
2023-12-26T21:56:26.368+0000 7fa7b3fff700 1 -- 172.21.15.59:0/3295474539 <== mon.0 v2:172.21.15.59:3300/0 2 ==== config(25 keys) v1 ==== 997+0+0 (secure 0 0 0) 0x7fa7c000dbc0 con 0x7fa7c4070cd0
2023-12-26T21:56:26.369 INFO:teuthology.orchestra.run.smithi059.stderr:/usr/bin/ceph:
2023-12-26T21:56:26.368+0000 7fa7b3fff700 1 -- 172.21.15.59:0/3295474539 <== mon.0 v2:172.21.15.59:3300/0 3 ==== mon_map magic: 0 v1 ==== 229+0+0 (secure 0 0 0) 0x7fa7c0011b90 con 0x7fa7c4070cd0
2023-12-26T21:56:26.370 INFO:teuthology.orchestra.run.smithi059.stderr:/usr/bin/ceph:
2023-12-26T21:56:26.369+0000 7fa7cb9df700 1 -- 172.21.15.59:0/3295474539 >> [v2:172.21.15.59:3300/0,v1:172.21.15.59:6789/0] conn(0x7fa7c4070cd0 msgr2=0x7fa7c40febf0 secure :-1 s=STATE_CONNECTION_ESTABLISHED l=1).mark_down
2023-12-26T21:56:26.371 INFO:teuthology.orchestra.run.smithi059.stderr:/usr/bin/ceph:
2023-12-26T21:56:26.369+0000 7fa7cb9df700 1 --2- 172.21.15.59:0/3295474539 >> [v2:172.21.15.59:3300/0,v1:172.21.15.59:6789/0] conn(0x7fa7c4070cd0 0x7fa7c40febf0 secure :-1 s=READY pgs=35 cs=0 l=1 rev1=1 rx=0x7fa7c000b5f0 tx=0x7fa7c0006ee0).stop
2023-12-26T21:56:26.371 INFO:teuthology.orchestra.run.smithi059.stderr:/usr/bin/ceph:
2023-12-26T21:56:26.369+0000 7fa7cb9df700 1 -- 172.21.15.59:0/3295474539 shutdown_connections
2023-12-26T21:56:26.371 INFO:teuthology.orchestra.run.smithi059.stderr:/usr/bin/ceph:
2023-12-26T21:56:26.369+0000 7fa7cb9df700 1 --2- 172.21.15.59:0/3295474539 >> [v2:172.21.15.59:3300/0,v1:172.21.15.59:6789/0] conn(0x7fa7c4070cd0 0x7fa7c40febf0 unknown :-1 s=CLOSED pgs=35 cs=0 l=1 rev1=1 rx=0 tx=0).stop
2023-12-26T21:56:26.371 INFO:teuthology.orchestra.run.smithi059.stderr:/usr/bin/ceph:
2023-12-26T21:56:26.369+0000 7fa7cb9df700 1 -- 172.21.15.59:0/3295474539 >> 172.21.15.59:0/3295474539 conn(0x7fa7c40f6690 msgr2=0x7fa7c40f8ab0 unknown :-1 s=STATE_NONE l=0).mark_down
2023-12-26T21:56:26.371 INFO:teuthology.orchestra.run.smithi059.stderr:/usr/bin/ceph:
2023-12-26T21:56:26.369+0000 7fa7cb9df700 1 -- 172.21.15.59:0/3295474539 shutdown_connections
2023-12-26T21:56:26.371 INFO:teuthology.orchestra.run.smithi059.stderr:/usr/bin/ceph:
2023-12-26T21:56:26.369+0000 7fa7cb9df700 1 -- 172.21.15.59:0/3295474539 wait complete.
2023-12-26T21:56:26.371 INFO:teuthology.orchestra.run.smithi059.stderr:/usr/bin/ceph:
2023-12-26T21:56:26.370+0000 7fa7cb9df700 1 Processor -- start
2023-12-26T21:56:26.371 INFO:teuthology.orchestra.run.smithi059.stderr:/usr/bin/ceph:
2023-12-26T21:56:26.370+0000 7fa7cb9df700 1 -- start start
2023-12-26T21:56:26.371 INFO:teuthology.orchestra.run.smithi059.stderr:/usr/bin/ceph:
2023-12-26T21:56:26.370+0000 7fa7cb9df700 1 --2- >> [v2:172.21.15.59:3300/0,v1:172.21.15.59:6789/0] conn(0x7fa7c4070cd0 0x7fa7c410ad60 unknown :-1 s=NONE pgs=0 cs=0 l=1 rev1=0 rx=0 tx=0).connect
2023-12-26T21:56:26.371 INFO:teuthology.orchestra.run.smithi059.stderr:/usr/bin/ceph:
2023-12-26T21:56:26.370+0000 7fa7cb9df700 1 -- --> [v2:172.21.15.59:3300/0,v1:172.21.15.59:6789/0] -- mon_getmap magic: 0 v1 -- 0x7fa7c410b250 con 0x7fa7c4070cd0
2023-12-26T21:56:26.371 INFO:teuthology.orchestra.run.smithi059.stderr:/usr/bin/ceph:
2023-12-26T21:56:26.370+0000 7fa7c977b700 1 --2- >> [v2:172.21.15.59:3300/0,v1:172.21.15.59:6789/0] conn(0x7fa7c4070cd0 0x7fa7c410ad60 unknown :-1 s=BANNER_CONNECTING pgs=0 cs=0 l=1 rev1=0 rx=0 tx=0)._handle_peer_banner_payload supported=1 required=0
2023-12-26T21:56:26.371 INFO:teuthology.orchestra.run.smithi059.stderr:/usr/bin/ceph:
2023-12-26T21:56:26.370+0000 7fa7c977b700 1 --2- >> [v2:172.21.15.59:3300/0,v1:172.21.15.59:6789/0] conn(0x7fa7c4070cd0 0x7fa7c410ad60 unknown :-1 s=HELLO_CONNECTING pgs=0 cs=0 l=1 rev1=1 rx=0 tx=0).handle_hello peer v2:172.21.15.59:3300/0 says I am v2:172.21.15.59:36522/0 (socket says 172.21.15.59:36522)
2023-12-26T21:56:26.371 INFO:teuthology.orchestra.run.smithi059.stderr:/usr/bin/ceph:
2023-12-26T21:56:26.370+0000 7fa7c977b700 1 -- 172.21.15.59:0/2776678459 learned_addr learned my addr 172.21.15.59:0/2776678459 (peer_addr_for_me v2:172.21.15.59:0/0)
2023-12-26T21:56:26.371 INFO:teuthology.orchestra.run.smithi059.stderr:/usr/bin/ceph:
2023-12-26T21:56:26.370+0000 7fa7c977b700 1 -- 172.21.15.59:0/2776678459 --> [v2:172.21.15.59:3300/0,v1:172.21.15.59:6789/0] -- mon_subscribe({config=0+,monmap=0+}) v3 -- 0x7fa7c000b200 con 0x7fa7c4070cd0
2023-12-26T21:56:26.372 INFO:teuthology.orchestra.run.smithi059.stderr:/usr/bin/ceph:
2023-12-26T21:56:26.370+0000 7fa7c977b700 1 --2- 172.21.15.59:0/2776678459 >> [v2:172.21.15.59:3300/0,v1:172.21.15.59:6789/0] conn(0x7fa7c4070cd0 0x7fa7c410ad60 secure :-1 s=READY pgs=36 cs=0 l=1 rev1=1 rx=0x7fa7c0000c00 tx=0x7fa7c0006ee0).ready entity=mon.0 client_cookie=0 server_cookie=0 in_seq=0 out_seq=0
2023-12-26T21:56:26.372 INFO:teuthology.orchestra.run.smithi059.stderr:/usr/bin/ceph:
