2023-12-26T22:07:11.560634+0000 mon.smithi062 (mon.0) 55 : audit [DBG] from='mgr.14114 172.21.15.62:0/449633640' entity='mgr.smithi062.nskdcp' cmd=[{"prefix": "config dump", "format": "json"}]: dispatch
2023-12-26T22:07:12.742 INFO:journalctl@ceph.mon.smithi062.smithi062.stdout:Dec 26 22:07:12 smithi062 ceph-f907c2cc-a43a-11ee-95a5-87774f69a715-mon.smithi062[111895]: audit
2023-12-26T22:07:12.451281+0000 mon.smithi062 (mon.0) 56 : audit [INF] from='mgr.14114 172.21.15.62:0/449633640' entity='mgr.smithi062.nskdcp'
2023-12-26T22:07:12.798 INFO:teuthology.orchestra.run.smithi062.stderr:Deploying mgr service with default placement...
2023-12-26T22:07:12.798 INFO:teuthology.orchestra.run.smithi062.stderr:Running command: /bin/podman run --rm --ipc=host --no-hosts --net=host --entrypoint /usr/bin/ceph --init -e CONTAINER_IMAGE=docker.io/ceph/ceph:v16.2.4 -e NODE_NAME=smithi062 -e CEPH_USE_RANDOM_NONCE=1 -v /var/log/ceph/f907c2cc-a43a-11ee-95a5-87774f69a715:/var/log/ceph:z -v /tmp/ceph-tmpp96aqyc7:/etc/ceph/ceph.client.admin.keyring:z -v /tmp/ceph-tmppyyw7c25:/etc/ceph/ceph.conf:z docker.io/ceph/ceph:v16.2.4 orch apply mgr
2023-12-26T22:07:13.157 INFO:teuthology.orchestra.run.smithi062.stderr:/usr/bin/ceph:
2023-12-26T22:07:13.156+0000 7f51bc836700 1 Processor -- start
2023-12-26T22:07:13.157 INFO:teuthology.orchestra.run.smithi062.stderr:/usr/bin/ceph:
2023-12-26T22:07:13.156+0000 7f51bc836700 1 -- start start
2023-12-26T22:07:13.157 INFO:teuthology.orchestra.run.smithi062.stderr:/usr/bin/ceph:
2023-12-26T22:07:13.157+0000 7f51bc836700 1 --2- >> [v2:172.21.15.62:3300/0,v1:172.21.15.62:6789/0] conn(0x7f51b8070480 0x7f51b80fe960 unknown :-1 s=NONE pgs=0 cs=0 l=0 rev1=0 rx=0 tx=0).connect
2023-12-26T22:07:13.157 INFO:teuthology.orchestra.run.smithi062.stderr:/usr/bin/ceph:
2023-12-26T22:07:13.157+0000 7f51bc836700 1 -- --> [v2:172.21.15.62:3300/0,v1:172.21.15.62:6789/0] -- mon_getmap magic: 0 v1 -- 0x7f51b80fee50 con 0x7f51b8070480
2023-12-26T22:07:13.158 INFO:teuthology.orchestra.run.smithi062.stderr:/usr/bin/ceph:
2023-12-26T22:07:13.157+0000 7f51b659c700 1 --2- >> [v2:172.21.15.62:3300/0,v1:172.21.15.62:6789/0] conn(0x7f51b8070480 0x7f51b80fe960 unknown :-1 s=BANNER_CONNECTING pgs=0 cs=0 l=0 rev1=0 rx=0 tx=0)._handle_peer_banner_payload supported=1 required=0
2023-12-26T22:07:13.158 INFO:teuthology.orchestra.run.smithi062.stderr:/usr/bin/ceph:
2023-12-26T22:07:13.157+0000 7f51b659c700 1 --2- >> [v2:172.21.15.62:3300/0,v1:172.21.15.62:6789/0] conn(0x7f51b8070480 0x7f51b80fe960 unknown :-1 s=HELLO_CONNECTING pgs=0 cs=0 l=0 rev1=1 rx=0 tx=0).handle_hello peer v2:172.21.15.62:3300/0 says I am v2:172.21.15.62:54530/0 (socket says 172.21.15.62:54530)
2023-12-26T22:07:13.158 INFO:teuthology.orchestra.run.smithi062.stderr:/usr/bin/ceph:
2023-12-26T22:07:13.157+0000 7f51b659c700 1 -- 172.21.15.62:0/2300924335 learned_addr learned my addr 172.21.15.62:0/2300924335 (peer_addr_for_me v2:172.21.15.62:0/0)
2023-12-26T22:07:13.159 INFO:teuthology.orchestra.run.smithi062.stderr:/usr/bin/ceph:
2023-12-26T22:07:13.157+0000 7f51b659c700 1 -- 172.21.15.62:0/2300924335 --> [v2:172.21.15.62:3300/0,v1:172.21.15.62:6789/0] -- mon_subscribe({config=0+,monmap=0+}) v3 -- 0x7f51b80fef90 con 0x7f51b8070480
2023-12-26T22:07:13.160 INFO:teuthology.orchestra.run.smithi062.stderr:/usr/bin/ceph:
2023-12-26T22:07:13.157+0000 7f51b659c700 1 --2- 172.21.15.62:0/2300924335 >> [v2:172.21.15.62:3300/0,v1:172.21.15.62:6789/0] conn(0x7f51b8070480 0x7f51b80fe960 secure :-1 s=READY pgs=41 cs=0 l=1 rev1=1 rx=0x7f51a800b5f0 tx=0x7f51a8006ee0).ready entity=mon.0 client_cookie=6fd91324698cf106 server_cookie=0 in_seq=0 out_seq=0
2023-12-26T22:07:13.160 INFO:teuthology.orchestra.run.smithi062.stderr:/usr/bin/ceph:
2023-12-26T22:07:13.158+0000 7f51b559a700 1 -- 172.21.15.62:0/2300924335 <== mon.0 v2:172.21.15.62:3300/0 1 ==== mon_map magic: 0 v1 ==== 229+0+0 (secure 0 0 0) 0x7f51a800d600 con 0x7f51b8070480
2023-12-26T22:07:13.160 INFO:teuthology.orchestra.run.smithi062.stderr:/usr/bin/ceph:
2023-12-26T22:07:13.158+0000 7f51b559a700 1 -- 172.21.15.62:0/2300924335 <== mon.0 v2:172.21.15.62:3300/0 2 ==== config(25 keys) v1 ==== 983+0+0 (secure 0 0 0) 0x7f51a800dbb0 con 0x7f51b8070480
2023-12-26T22:07:13.160 INFO:teuthology.orchestra.run.smithi062.stderr:/usr/bin/ceph:
2023-12-26T22:07:13.158+0000 7f51b559a700 1 -- 172.21.15.62:0/2300924335 <== mon.0 v2:172.21.15.62:3300/0 3 ==== mon_map magic: 0 v1 ==== 229+0+0 (secure 0 0 0) 0x7f51a8011bb0 con 0x7f51b8070480
2023-12-26T22:07:13.160 INFO:teuthology.orchestra.run.smithi062.stderr:/usr/bin/ceph:
2023-12-26T22:07:13.158+0000 7f51bc836700 1 -- 172.21.15.62:0/2300924335 >> [v2:172.21.15.62:3300/0,v1:172.21.15.62:6789/0] conn(0x7f51b8070480 msgr2=0x7f51b80fe960 secure :-1 s=STATE_CONNECTION_ESTABLISHED l=1).mark_down
2023-12-26T22:07:13.160 INFO:teuthology.orchestra.run.smithi062.stderr:/usr/bin/ceph:
2023-12-26T22:07:13.158+0000 7f51bc836700 1 --2- 172.21.15.62:0/2300924335 >> [v2:172.21.15.62:3300/0,v1:172.21.15.62:6789/0] conn(0x7f51b8070480 0x7f51b80fe960 secure :-1 s=READY pgs=41 cs=0 l=1 rev1=1 rx=0x7f51a800b5f0 tx=0x7f51a8006ee0).stop
2023-12-26T22:07:13.160 INFO:teuthology.orchestra.run.smithi062.stderr:/usr/bin/ceph:
2023-12-26T22:07:13.158+0000 7f51bc836700 1 -- 172.21.15.62:0/2300924335 shutdown_connections
2023-12-26T22:07:13.160 INFO:teuthology.orchestra.run.smithi062.stderr:/usr/bin/ceph:
2023-12-26T22:07:13.158+0000 7f51bc836700 1 --2- 172.21.15.62:0/2300924335 >> [v2:172.21.15.62:3300/0,v1:172.21.15.62:6789/0] conn(0x7f51b8070480 0x7f51b80fe960 unknown :-1 s=CLOSED pgs=41 cs=0 l=1 rev1=1 rx=0 tx=0).stop
2023-12-26T22:07:13.160 INFO:teuthology.orchestra.run.smithi062.stderr:/usr/bin/ceph:
2023-12-26T22:07:13.158+0000 7f51bc836700 1 -- 172.21.15.62:0/2300924335 >> 172.21.15.62:0/2300924335 conn(0x7f51b80f6460 msgr2=0x7f51b80f8880 unknown :-1 s=STATE_NONE l=0).mark_down
2023-12-26T22:07:13.160 INFO:teuthology.orchestra.run.smithi062.stderr:/usr/bin/ceph:
2023-12-26T22:07:13.158+0000 7f51bc836700 1 -- 172.21.15.62:0/2300924335 shutdown_connections
2023-12-26T22:07:13.160 INFO:teuthology.orchestra.run.smithi062.stderr:/usr/bin/ceph:
2023-12-26T22:07:13.158+0000 7f51bc836700 1 -- 172.21.15.62:0/2300924335 wait complete.
2023-12-26T22:07:13.160 INFO:teuthology.orchestra.run.smithi062.stderr:/usr/bin/ceph:
2023-12-26T22:07:13.159+0000 7f51bc836700 1 Processor -- start
2023-12-26T22:07:13.160 INFO:teuthology.orchestra.run.smithi062.stderr:/usr/bin/ceph:
2023-12-26T22:07:13.159+0000 7f51bc836700 1 -- start start
2023-12-26T22:07:13.160 INFO:teuthology.orchestra.run.smithi062.stderr:/usr/bin/ceph:
2023-12-26T22:07:13.159+0000 7f51bc836700 1 --2- >> [v2:172.21.15.62:3300/0,v1:172.21.15.62:6789/0] conn(0x7f51b8070480 0x7f51b810aae0 unknown :-1 s=NONE pgs=0 cs=0 l=1 rev1=0 rx=0 tx=0).connect
2023-12-26T22:07:13.160 INFO:teuthology.orchestra.run.smithi062.stderr:/usr/bin/ceph:
2023-12-26T22:07:13.159+0000 7f51bc836700 1 -- --> [v2:172.21.15.62:3300/0,v1:172.21.15.62:6789/0] -- mon_getmap magic: 0 v1 -- 0x7f51b810afd0 con 0x7f51b8070480
2023-12-26T22:07:13.161 INFO:teuthology.orchestra.run.smithi062.stderr:/usr/bin/ceph:
2023-12-26T22:07:13.159+0000 7f51b659c700 1 --2- >> [v2:172.21.15.62:3300/0,v1:172.21.15.62:6789/0] conn(0x7f51b8070480 0x7f51b810aae0 unknown :-1 s=BANNER_CONNECTING pgs=0 cs=0 l=1 rev1=0 rx=0 tx=0)._handle_peer_banner_payload supported=1 required=0
2023-12-26T22:07:13.161 INFO:teuthology.orchestra.run.smithi062.stderr:/usr/bin/ceph:
2023-12-26T22:07:13.159+0000 7f51b659c700 1 --2- >> [v2:172.21.15.62:3300/0,v1:172.21.15.62:6789/0] conn(0x7f51b8070480 0x7f51b810aae0 unknown :-1 s=HELLO_CONNECTING pgs=0 cs=0 l=1 rev1=1 rx=0 tx=0).handle_hello peer v2:172.21.15.62:3300/0 says I am v2:172.21.15.62:54536/0 (socket says 172.21.15.62:54536)
2023-12-26T22:07:13.162 INFO:teuthology.orchestra.run.smithi062.stderr:/usr/bin/ceph:
2023-12-26T22:07:13.159+0000 7f51b659c700 1 -- 172.21.15.62:0/2491054696 learned_addr learned my addr 172.21.15.62:0/2491054696 (peer_addr_for_me v2:172.21.15.62:0/0)
2023-12-26T22:07:13.162 INFO:teuthology.orchestra.run.smithi062.stderr:/usr/bin/ceph:
2023-12-26T22:07:13.160+0000 7f51b659c700 1 -- 172.21.15.62:0/2491054696 --> [v2:172.21.15.62:3300/0,v1:172.21.15.62:6789/0] -- mon_subscribe({config=0+,monmap=0+}) v3 -- 0x7f51a800b200 con 0x7f51b8070480
2023-12-26T22:07:13.162 INFO:teuthology.orchestra.run.smithi062.stderr:/usr/bin/ceph:
2023-12-26T22:07:13.160+0000 7f51b659c700 1 --2- 172.21.15.62:0/2491054696 >> [v2:172.21.15.62:3300/0,v1:172.21.15.62:6789/0] conn(0x7f51b8070480 0x7f51b810aae0 secure :-1 s=READY pgs=42 cs=0 l=1 rev1=1 rx=0x7f51a800db50 tx=0x7f51a8006ee0).ready entity=mon.0 client_cookie=0 server_cookie=0 in_seq=0 out_seq=0
2023-12-26T22:07:13.162 INFO:teuthology.orchestra.run.smithi062.stderr:/usr/bin/ceph:
2023-12-26T22:07:13.160+0000 7f51aeffd700 1 -- 172.21.15.62:0/2491054696 <== mon.0 v2:172.21.15.62:3300/0 1 ==== mon_map magic: 0 v1 ==== 229+0+0 (secure 0 0 0) 0x7f51a801b410 con 0x7f51b8070480
2023-12-26T22:07:13.162 INFO:teuthology.orchestra.run.smithi062.stderr:/usr/bin/ceph:
2023-12-26T22:07:13.160+0000 7f51aeffd700 1 -- 172.21.15.62:0/2491054696 <== mon.0 v2:172.21.15.62:3300/0 2 ==== config(25 keys) v1 ==== 983+0+0 (secure 0 0 0) 0x7f51a801b9c0 con 0x7f51b8070480
2023-12-26T22:07:13.162 INFO:teuthology.orchestra.run.smithi062.stderr:/usr/bin/ceph:
2023-12-26T22:07:13.160+0000 7f51aeffd700 1 -- 172.21.15.62:0/2491054696 <== mon.0 v2:172.21.15.62:3300/0 3 ==== mon_map magic: 0 v1 ==== 229+0+0 (secure 0 0 0) 0x7f51a801a6d0 con 0x7f51b8070480
2023-12-26T22:07:13.162 INFO:teuthology.orchestra.run.smithi062.stderr:/usr/bin/ceph:
2023-12-26T22:07:13.160+0000 7f51bc836700 1 -- 172.21.15.62:0/2491054696 --> [v2:172.21.15.62:3300/0,v1:172.21.15.62:6789/0] -- mon_subscribe({mgrmap=0+}) v3 -- 0x7f51b810b1d0 con 0x7f51b8070480
2023-12-26T22:07:13.162 INFO:teuthology.orchestra.run.smithi062.stderr:/usr/bin/ceph:
2023-12-26T22:07:13.160+0000 7f51bc836700 1 -- 172.21.15.62:0/2491054696 --> [v2:172.21.15.62:3300/0,v1:172.21.15.62:6789/0] -- mon_subscribe({osdmap=0}) v3 -- 0x7f51b810b5e0 con 0x7f51b8070480
2023-12-26T22:07:13.162 INFO:teuthology.orchestra.run.smithi062.stderr:/usr/bin/ceph:
2023-12-26T22:07:13.161+0000 7f51aeffd700 1 -- 172.21.15.62:0/2491054696 <== mon.0 v2:172.21.15.62:3300/0 4 ==== mgrmap(e 8) v1 ==== 36120+0+0 (secure 0 0 0) 0x7f51a800f070 con 0x7f51b8070480
2023-12-26T22:07:13.162 INFO:teuthology.orchestra.run.smithi062.stderr:/usr/bin/ceph:
2023-12-26T22:07:13.161+0000 7f51aeffd700 1 --2- 172.21.15.62:0/2491054696 >> [v2:172.21.15.62:6800/1462009901,v1:172.21.15.62:6801/1462009901] conn(0x7f519802fd50 0x7f5198032210 unknown :-1 s=NONE pgs=0 cs=0 l=1 rev1=0 rx=0 tx=0).connect
2023-12-26T22:07:13.162 INFO:teuthology.orchestra.run.smithi062.stderr:/usr/bin/ceph:
2023-12-26T22:07:13.161+0000 7f51aeffd700 1 -- 172.21.15.62:0/2491054696 <== mon.0 v2:172.21.15.62:3300/0 5 ==== osd_map(2..2 src has 1..2) v4 ==== 893+0+0 (secure 0 0 0) 0x7f51a8041150 con 0x7f51b8070480
2023-12-26T22:07:13.162 INFO:teuthology.orchestra.run.smithi062.stderr:/usr/bin/ceph:
2023-12-26T22:07:13.161+0000 7f51bc836700 1 -- 172.21.15.62:0/2491054696 --> [v2:172.21.15.62:3300/0,v1:172.21.15.62:6789/0] -- mon_command({"prefix": "get_command_descriptions"} v 0) v1 -- 0x7f51b8045ad0 con 0x7f51b8070480
2023-12-26T22:07:13.162 INFO:teuthology.orchestra.run.smithi062.stderr:/usr/bin/ceph:
2023-12-26T22:07:13.161+0000 7f51b5d9b700 1 --2- 172.21.15.62:0/2491054696 >> [v2:172.21.15.62:6800/1462009901,v1:172.21.15.62:6801/1462009901] conn(0x7f519802fd50 0x7f5198032210 unknown :-1 s=BANNER_CONNECTING pgs=0 cs=0 l=1 rev1=0 rx=0 tx=0)._handle_peer_banner_payload supported=1 required=0
2023-12-26T22:07:13.162 INFO:teuthology.orchestra.run.smithi062.stderr:/usr/bin/ceph:
2023-12-26T22:07:13.162+0000 7f51b5d9b700 1 --2- 172.21.15.62:0/2491054696 >> [v2:172.21.15.62:6800/1462009901,v1:172.21.15.62:6801/1462009901] conn(0x7f519802fd50 0x7f5198032210 secure :-1 s=READY pgs=12 cs=0 l=1 rev1=1 rx=0x7f51a00096a0 tx=0x7f51a0006b40).ready entity=mgr.14114 client_cookie=0 server_cookie=0 in_seq=0 out_seq=0
2023-12-26T22:07:13.165 INFO:teuthology.orchestra.run.smithi062.stderr:/usr/bin/ceph:
2023-12-26T22:07:13.165+0000 7f51aeffd700 1 -- 172.21.15.62:0/2491054696 <== mon.0 v2:172.21.15.62:3300/0 6 ==== mon_command_ack([{"prefix": "get_command_descriptions"}]=0 v0) v1 ==== 72+0+152212 (secure 0 0 0) 0x7f51a8016020 con 0x7f51b8070480
2023-12-26T22:07:13.352 INFO:teuthology.orchestra.run.smithi062.stderr:/usr/bin/ceph:
2023-12-26T22:07:13.352+0000 7f51bc836700 1 -- 172.21.15.62:0/2491054696 --> [v2:172.21.15.62:6800/1462009901,v1:172.21.15.62:6801/1462009901] -- mgr_command(tid 0: {"prefix": "orch apply", "service_type": "mgr", "target": ["mon-mgr", ""]}) v1 -- 0x7f51b810bec0 con 0x7f519802fd50
2023-12-26T22:07:13.355 INFO:teuthology.orchestra.run.smithi062.stderr:/usr/bin/ceph:
2023-12-26T22:07:13.356+0000 7f51aeffd700 1 -- 172.21.15.62:0/2491054696 <== mgr.14114 v2:172.21.15.62:6800/1462009901 1 ==== mgr_command_reply(tid 0: 0 ) v1 ==== 8+0+24 (secure 0 0 0) 0x7f51b810bec0 con 0x7f519802fd50
2023-12-26T22:07:13.356 INFO:teuthology.orchestra.run.smithi062.stderr:/usr/bin/ceph: Scheduled mgr update...
2023-12-26T22:07:13.358 INFO:teuthology.orchestra.run.smithi062.stderr:/usr/bin/ceph:
2023-12-26T22:07:13.357+0000 7f51bc836700 1 -- 172.21.15.62:0/2491054696 >> [v2:172.21.15.62:6800/1462009901,v1:172.21.15.62:6801/1462009901] conn(0x7f519802fd50 msgr2=0x7f5198032210 secure :-1 s=STATE_CONNECTION_ESTABLISHED l=1).mark_down
2023-12-26T22:07:13.358 INFO:teuthology.orchestra.run.smithi062.stderr:/usr/bin/ceph:
2023-12-26T22:07:13.357+0000 7f51bc836700 1 --2- 172.21.15.62:0/2491054696 >> [v2:172.21.15.62:6800/1462009901,v1:172.21.15.62:6801/1462009901] conn(0x7f519802fd50 0x7f5198032210 secure :-1 s=READY pgs=12 cs=0 l=1 rev1=1 rx=0x7f51a00096a0 tx=0x7f51a0006b40).stop
2023-12-26T22:07:13.358 INFO:teuthology.orchestra.run.smithi062.stderr:/usr/bin/ceph:
2023-12-26T22:07:13.357+0000 7f51bc836700 1 -- 172.21.15.62:0/2491054696 >> [v2:172.21.15.62:3300/0,v1:172.21.15.62:6789/0] conn(0x7f51b8070480 msgr2=0x7f51b810aae0 secure :-1 s=STATE_CONNECTION_ESTABLISHED l=1).mark_down
2023-12-26T22:07:13.358 INFO:teuthology.orchestra.run.smithi062.stderr:/usr/bin/ceph:
2023-12-26T22:07:13.357+0000 7f51bc836700 1 --2- 172.21.15.62:0/2491054696 >> [v2:172.21.15.62:3300/0,v1:172.21.15.62:6789/0] conn(0x7f51b8070480 0x7f51b810aae0 secure :-1 s=READY pgs=42 cs=0 l=1 rev1=1 rx=0x7f51a800db50 tx=0x7f51a8006ee0).stop
2023-12-26T22:07:13.358 INFO:teuthology.orchestra.run.smithi062.stderr:/usr/bin/ceph:
2023-12-26T22:07:13.358+0000 7f51bc836700 1 -- 172.21.15.62:0/2491054696 shutdown_connections
2023-12-26T22:07:13.358 INFO:teuthology.orchestra.run.smithi062.stderr:/usr/bin/ceph:
2023-12-26T22:07:13.358+0000 7f51bc836700 1 --2- 172.21.15.62:0/2491054696 >> [v2:172.21.15.62:6800/1462009901,v1:172.21.15.62:6801/1462009901] conn(0x7f519802fd50 0x7f5198032210 unknown :-1 s=CLOSED pgs=12 cs=0 l=1 rev1=1 rx=0 tx=0).stop
2023-12-26T22:07:13.358 INFO:teuthology.orchestra.run.smithi062.stderr:/usr/bin/ceph:
2023-12-26T22:07:13.358+0000 7f51bc836700 1 --2- 172.21.15.62:0/2491054696 >> [v2:172.21.15.62:3300/0,v1:172.21.15.62:6789/0] conn(0x7f51b8070480 0x7f51b810aae0 unknown :-1 s=CLOSED pgs=42 cs=0 l=1 rev1=1 rx=0 tx=0).stop
2023-12-26T22:07:13.358 INFO:teuthology.orchestra.run.smithi062.stderr:/usr/bin/ceph:
2023-12-26T22:07:13.358+0000 7f51bc836700 1 -- 172.21.15.62:0/2491054696 >> 172.21.15.62:0/2491054696 conn(0x7f51b80f6460 msgr2=0x7f51b80f7f70 unknown :-1 s=STATE_NONE l=0).mark_down
2023-12-26T22:07:13.358 INFO:teuthology.orchestra.run.smithi062.stderr:/usr/bin/ceph:
2023-12-26T22:07:13.358+0000 7f51bc836700 1 -- 172.21.15.62:0/2491054696 shutdown_connections
2023-12-26T22:07:13.358 INFO:teuthology.orchestra.run.smithi062.stderr:/usr/bin/ceph:
2023-12-26T22:07:13.358+0000 7f51bc836700 1 -- 172.21.15.62:0/2491054696 wait complete.
2023-12-26T22:07:13.634 INFO:journalctl@ceph.mon.smithi062.smithi062.stdout:Dec 26 22:07:13 smithi062 ceph-f907c2cc-a43a-11ee-95a5-87774f69a715-mon.smithi062[111895]: audit
2023-12-26T22:07:12.448249+0000 mgr.smithi062.nskdcp (mgr.14114) 10 : audit [DBG] from='client.14134 -' entity='client.admin' cmd=[{"prefix": "orch apply", "service_type": "mon", "target": ["mon-mgr", ""]}]: dispatch
2023-12-26T22:07:13.635 INFO:journalctl@ceph.mon.smithi062.smithi062.stdout:Dec 26 22:07:13 smithi062 ceph-f907c2cc-a43a-11ee-95a5-87774f69a715-mon.smithi062[111895]: cephadm
2023-12-26T22:07:12.449016+0000 mgr.smithi062.nskdcp (mgr.14114) 11 : cephadm [INF] Saving service mon spec with placement count:5
2023-12-26T22:07:13.635 INFO:journalctl@ceph.mon.smithi062.smithi062.stdout:Dec 26 22:07:13 smithi062 ceph-f907c2cc-a43a-11ee-95a5-87774f69a715-mon.smithi062[111895]: audit
2023-12-26T22:07:13.357223+0000 mon.smithi062 (mon.0) 57 : audit [INF] from='mgr.14114 172.21.15.62:0/449633640' entity='mgr.smithi062.nskdcp'
2023-12-26T22:07:13.698 INFO:teuthology.orchestra.run.smithi062.stderr:Deploying crash service with default placement...
2023-12-26T22:07:13.698 INFO:teuthology.orchestra.run.smithi062.stderr:Running command: /bin/podman run --rm --ipc=host --no-hosts --net=host --entrypoint /usr/bin/ceph --init -e CONTAINER_IMAGE=docker.io/ceph/ceph:v16.2.4 -e NODE_NAME=smithi062 -e CEPH_USE_RANDOM_NONCE=1 -v /var/log/ceph/f907c2cc-a43a-11ee-95a5-87774f69a715:/var/log/ceph:z -v /tmp/ceph-tmpp96aqyc7:/etc/ceph/ceph.client.admin.keyring:z -v /tmp/ceph-tmppyyw7c25:/etc/ceph/ceph.conf:z docker.io/ceph/ceph:v16.2.4 orch apply crash
2023-12-26T22:07:14.060 INFO:teuthology.orchestra.run.smithi062.stderr:/usr/bin/ceph:
2023-12-26T22:07:14.056+0000 7f62dc4d5700 1 Processor -- start
2023-12-26T22:07:14.060 INFO:teuthology.orchestra.run.smithi062.stderr:/usr/bin/ceph:
2023-12-26T22:07:14.056+0000 7f62dc4d5700 1 -- start start
2023-12-26T22:07:14.060 INFO:teuthology.orchestra.run.smithi062.stderr:/usr/bin/ceph:
2023-12-26T22:07:14.057+0000 7f62dc4d5700 1 --2- >> [v2:172.21.15.62:3300/0,v1:172.21.15.62:6789/0] conn(0x7f62d40703e0 0x7f62d4100e00 unknown :-1 s=NONE pgs=0 cs=0 l=0 rev1=0 rx=0 tx=0).connect
2023-12-26T22:07:14.060 INFO:teuthology.orchestra.run.smithi062.stderr:/usr/bin/ceph:
2023-12-26T22:07:14.057+0000 7f62dc4d5700 1 -- --> [v2:172.21.15.62:3300/0,v1:172.21.15.62:6789/0] -- mon_getmap magic: 0 v1 -- 0x7f62d40fc7f0 con 0x7f62d40703e0
2023-12-26T22:07:14.060 INFO:teuthology.orchestra.run.smithi062.stderr:/usr/bin/ceph:
2023-12-26T22:07:14.057+0000 7f62da271700 1 --2- >> [v2:172.21.15.62:3300/0,v1:172.21.15.62:6789/0] conn(0x7f62d40703e0 0x7f62d4100e00 unknown :-1 s=BANNER_CONNECTING pgs=0 cs=0 l=0 rev1=0 rx=0 tx=0)._handle_peer_banner_payload supported=1 required=0
2023-12-26T22:07:14.060 INFO:teuthology.orchestra.run.smithi062.stderr:/usr/bin/ceph:
2023-12-26T22:07:14.057+0000 7f62da271700 1 --2- >> [v2:172.21.15.62:3300/0,v1:172.21.15.62:6789/0] conn(0x7f62d40703e0 0x7f62d4100e00 unknown :-1 s=HELLO_CONNECTING pgs=0 cs=0 l=0 rev1=1 rx=0 tx=0).handle_hello peer v2:172.21.15.62:3300/0 says I am v2:172.21.15.62:55462/0 (socket says 172.21.15.62:55462)
2023-12-26T22:07:14.060 INFO:teuthology.orchestra.run.smithi062.stderr:/usr/bin/ceph:
2023-12-26T22:07:14.057+0000 7f62da271700 1 -- 172.21.15.62:0/187029343 learned_addr learned my addr 172.21.15.62:0/187029343 (peer_addr_for_me v2:172.21.15.62:0/0)
2023-12-26T22:07:14.060 INFO:teuthology.orchestra.run.smithi062.stderr:/usr/bin/ceph:
2023-12-26T22:07:14.057+0000 7f62da271700 1 -- 172.21.15.62:0/187029343 --> [v2:172.21.15.62:3300/0,v1:172.21.15.62:6789/0] -- mon_subscribe({config=0+,monmap=0+}) v3 -- 0x7f62d41012f0 con 0x7f62d40703e0
2023-12-26T22:07:14.060 INFO:teuthology.orchestra.run.smithi062.stderr:/usr/bin/ceph:
2023-12-26T22:07:14.057+0000 7f62da271700 1 --2- 172.21.15.62:0/187029343 >> [v2:172.21.15.62:3300/0,v1:172.21.15.62:6789/0] conn(0x7f62d40703e0 0x7f62d4100e00 secure :-1 s=READY pgs=43 cs=0 l=1 rev1=1 rx=0x7f62d000b5f0 tx=0x7f62d0006ee0).ready entity=mon.0 client_cookie=c05d72196c691c08 server_cookie=0 in_seq=0 out_seq=0
2023-12-26T22:07:14.060 INFO:teuthology.orchestra.run.smithi062.stderr:/usr/bin/ceph:
2023-12-26T22:07:14.057+0000 7f62d926f700 1 -- 172.21.15.62:0/187029343 <== mon.0 v2:172.21.15.62:3300/0 1 ==== mon_map magic: 0 v1 ==== 229+0+0 (secure 0 0 0) 0x7f62d000d600 con 0x7f62d40703e0
2023-12-26T22:07:14.060 INFO:teuthology.orchestra.run.smithi062.stderr:/usr/bin/ceph:
2023-12-26T22:07:14.057+0000 7f62d926f700 1 -- 172.21.15.62:0/187029343 <== mon.0 v2:172.21.15.62:3300/0 2 ==== config(25 keys) v1 ==== 983+0+0 (secure 0 0 0) 0x7f62d000dbb0 con 0x7f62d40703e0
2023-12-26T22:07:14.061 INFO:teuthology.orchestra.run.smithi062.stderr:/usr/bin/ceph:
2023-12-26T22:07:14.057+0000 7f62d926f700 1 -- 172.21.15.62:0/187029343 <== mon.0 v2:172.21.15.62:3300/0 3 ==== mon_map magic: 0 v1 ==== 229+0+0 (secure 0 0 0) 0x7f62d0011bb0 con 0x7f62d40703e0
2023-12-26T22:07:14.061 INFO:teuthology.orchestra.run.smithi062.stderr:/usr/bin/ceph:
2023-12-26T22:07:14.058+0000 7f62dc4d5700 1 -- 172.21.15.62:0/187029343 >> [v2:172.21.15.62:3300/0,v1:172.21.15.62:6789/0] conn(0x7f62d40703e0 msgr2=0x7f62d4100e00 secure :-1 s=STATE_CONNECTION_ESTABLISHED l=1).mark_down
2023-12-26T22:07:14.061 INFO:teuthology.orchestra.run.smithi062.stderr:/usr/bin/ceph:
2023-12-26T22:07:14.058+0000 7f62dc4d5700 1 --2- 172.21.15.62:0/187029343 >> [v2:172.21.15.62:3300/0,v1:172.21.15.62:6789/0] conn(0x7f62d40703e0 0x7f62d4100e00 secure :-1 s=READY pgs=43 cs=0 l=1 rev1=1 rx=0x7f62d000b5f0 tx=0x7f62d0006ee0).stop
2023-12-26T22:07:14.061 INFO:teuthology.orchestra.run.smithi062.stderr:/usr/bin/ceph:
2023-12-26T22:07:14.058+0000 7f62dc4d5700 1 -- 172.21.15.62:0/187029343 shutdown_connections
2023-12-26T22:07:14.061 INFO:teuthology.orchestra.run.smithi062.stderr:/usr/bin/ceph:
2023-12-26T22:07:14.058+0000 7f62dc4d5700 1 --2- 172.21.15.62:0/187029343 >> [v2:172.21.15.62:3300/0,v1:172.21.15.62:6789/0] conn(0x7f62d40703e0 0x7f62d4100e00 unknown :-1 s=CLOSED pgs=43 cs=0 l=1 rev1=1 rx=0 tx=0).stop
2023-12-26T22:07:14.061 INFO:teuthology.orchestra.run.smithi062.stderr:/usr/bin/ceph:
2023-12-26T22:07:14.058+0000 7f62dc4d5700 1 -- 172.21.15.62:0/187029343 >> 172.21.15.62:0/187029343 conn(0x7f62d40f6460 msgr2=0x7f62d40f8880 unknown :-1 s=STATE_NONE l=0).mark_down
2023-12-26T22:07:14.061 INFO:teuthology.orchestra.run.smithi062.stderr:/usr/bin/ceph:
2023-12-26T22:07:14.058+0000 7f62dc4d5700 1 -- 172.21.15.62:0/187029343 shutdown_connections
2023-12-26T22:07:14.061 INFO:teuthology.orchestra.run.smithi062.stderr:/usr/bin/ceph:
2023-12-26T22:07:14.058+0000 7f62dc4d5700 1 -- 172.21.15.62:0/187029343 wait complete.
2023-12-26T22:07:14.061 INFO:teuthology.orchestra.run.smithi062.stderr:/usr/bin/ceph:
2023-12-26T22:07:14.059+0000 7f62dc4d5700 1 Processor -- start
2023-12-26T22:07:14.061 INFO:teuthology.orchestra.run.smithi062.stderr:/usr/bin/ceph:
2023-12-26T22:07:14.059+0000 7f62dc4d5700 1 -- start start
2023-12-26T22:07:14.061 INFO:teuthology.orchestra.run.smithi062.stderr:/usr/bin/ceph:
2023-12-26T22:07:14.059+0000 7f62dc4d5700 1 --2- >> [v2:172.21.15.62:3300/0,v1:172.21.15.62:6789/0] conn(0x7f62d40703e0 0x7f62d410cda0 unknown :-1 s=NONE pgs=0 cs=0 l=1 rev1=0 rx=0 tx=0).connect
2023-12-26T22:07:14.061 INFO:teuthology.orchestra.run.smithi062.stderr:/usr/bin/ceph:
2023-12-26T22:07:14.059+0000 7f62dc4d5700 1 -- --> [v2:172.21.15.62:3300/0,v1:172.21.15.62:6789/0] -- mon_getmap magic: 0 v1 -- 0x7f62d410d290 con 0x7f62d40703e0
2023-12-26T22:07:14.061 INFO:teuthology.orchestra.run.smithi062.stderr:/usr/bin/ceph:
2023-12-26T22:07:14.059+0000 7f62da271700 1 --2- >> [v2:172.21.15.62:3300/0,v1:172.21.15.62:6789/0] conn(0x7f62d40703e0 0x7f62d410cda0 unknown :-1 s=BANNER_CONNECTING pgs=0 cs=0 l=1 rev1=0 rx=0 tx=0)._handle_peer_banner_payload supported=1 required=0
2023-12-26T22:07:14.061 INFO:teuthology.orchestra.run.smithi062.stderr:/usr/bin/ceph:
2023-12-26T22:07:14.059+0000 7f62da271700 1 --2- >> [v2:172.21.15.62:3300/0,v1:172.21.15.62:6789/0] conn(0x7f62d40703e0 0x7f62d410cda0 unknown :-1 s=HELLO_CONNECTING pgs=0 cs=0 l=1 rev1=1 rx=0 tx=0).handle_hello peer v2:172.21.15.62:3300/0 says I am v2:172.21.15.62:55468/0 (socket says 172.21.15.62:55468)
2023-12-26T22:07:14.062 INFO:teuthology.orchestra.run.smithi062.stderr:/usr/bin/ceph:
2023-12-26T22:07:14.059+0000 7f62da271700 1 -- 172.21.15.62:0/1126749066 learned_addr learned my addr 172.21.15.62:0/1126749066 (peer_addr_for_me v2:172.21.15.62:0/0)
2023-12-26T22:07:14.062 INFO:teuthology.orchestra.run.smithi062.stderr:/usr/bin/ceph:
2023-12-26T22:07:14.059+0000 7f62da271700 1 -- 172.21.15.62:0/1126749066 --> [v2:172.21.15.62:3300/0,v1:172.21.15.62:6789/0] -- mon_subscribe({config=0+,monmap=0+}) v3 -- 0x7f62d000b200 con 0x7f62d40703e0
2023-12-26T22:07:14.062 INFO:teuthology.orchestra.run.smithi062.stderr:/usr/bin/ceph:
2023-12-26T22:07:14.059+0000 7f62da271700 1 --2- 172.21.15.62:0/1126749066 >> [v2:172.21.15.62:3300/0,v1:172.21.15.62:6789/0] conn(0x7f62d40703e0 0x7f62d410cda0 secure :-1 s=READY pgs=44 cs=0 l=1 rev1=1 rx=0x7f62d000db50 tx=0x7f62d0006ee0).ready entity=mon.0 client_cookie=0 server_cookie=0 in_seq=0 out_seq=0
2023-12-26T22:07:14.062 INFO:teuthology.orchestra.run.smithi062.stderr:/usr/bin/ceph:
2023-12-26T22:07:14.059+0000 7f62c6ffd700 1 -- 172.21.15.62:0/1126749066 <== mon.0 v2:172.21.15.62:3300/0 1 ==== mon_map magic: 0 v1 ==== 229+0+0 (secure 0 0 0) 0x7f62d001b410 con 0x7f62d40703e0
2023-12-26T22:07:14.062 INFO:teuthology.orchestra.run.smithi062.stderr:/usr/bin/ceph:
2023-12-26T22:07:14.060+0000 7f62dc4d5700 1 -- 172.21.15.62:0/1126749066 --> [v2:172.21.15.62:3300/0,v1:172.21.15.62:6789/0] -- mon_subscribe({mgrmap=0+}) v3 -- 0x7f62d410d490 con 0x7f62d40703e0
2023-12-26T22:07:14.062 INFO:teuthology.orchestra.run.smithi062.stderr:/usr/bin/ceph:
2023-12-26T22:07:14.060+0000 7f62dc4d5700 1 -- 172.21.15.62:0/1126749066 --> [v2:172.21.15.62:3300/0,v1:172.21.15.62:6789/0] -- mon_subscribe({osdmap=0}) v3 -- 0x7f62d410d8a0 con 0x7f62d40703e0
2023-12-26T22:07:14.062 INFO:teuthology.orchestra.run.smithi062.stderr:/usr/bin/ceph:
2023-12-26T22:07:14.060+0000 7f62c6ffd700 1 -- 172.21.15.62:0/1126749066 <== mon.0 v2:172.21.15.62:3300/0 2 ==== config(25 keys) v1 ==== 983+0+0 (secure 0 0 0) 0x7f62d001b9c0 con 0x7f62d40703e0
2023-12-26T22:07:14.062 INFO:teuthology.orchestra.run.smithi062.stderr:/usr/bin/ceph:
2023-12-26T22:07:14.060+0000 7f62c6ffd700 1 -- 172.21.15.62:0/1126749066 <== mon.0 v2:172.21.15.62:3300/0 3 ==== mon_map magic: 0 v1 ==== 229+0+0 (secure 0 0 0) 0x7f62d001a6d0 con 0x7f62d40703e0
2023-12-26T22:07:14.062 INFO:teuthology.orchestra.run.smithi062.stderr:/usr/bin/ceph:
2023-12-26T22:07:14.060+0000 7f62c6ffd700 1 -- 172.21.15.62:0/1126749066 <== mon.0 v2:172.21.15.62:3300/0 4 ==== mgrmap(e 8) v1 ==== 36120+0+0 (secure 0 0 0) 0x7f62d000f070 con 0x7f62d40703e0
2023-12-26T22:07:14.063 INFO:teuthology.orchestra.run.smithi062.stderr:/usr/bin/ceph:
2023-12-26T22:07:14.060+0000 7f62c6ffd700 1 --2- 172.21.15.62:0/1126749066 >> [v2:172.21.15.62:6800/1462009901,v1:172.21.15.62:6801/1462009901] conn(0x7f62bc02fdb0 0x7f62bc032270 unknown :-1 s=NONE pgs=0 cs=0 l=1 rev1=0 rx=0 tx=0).connect
2023-12-26T22:07:14.063 INFO:teuthology.orchestra.run.smithi062.stderr:/usr/bin/ceph:
2023-12-26T22:07:14.060+0000 7f62c6ffd700 1 -- 172.21.15.62:0/1126749066 <== mon.0 v2:172.21.15.62:3300/0 5 ==== osd_map(2..2 src has 1..2) v4 ==== 893+0+0 (secure 0 0 0) 0x7f62d0041df0 con 0x7f62d40703e0
2023-12-26T22:07:14.063 INFO:teuthology.orchestra.run.smithi062.stderr:/usr/bin/ceph:
2023-12-26T22:07:14.061+0000 7f62d9a70700 1 --2- 172.21.15.62:0/1126749066 >> [v2:172.21.15.62:6800/1462009901,v1:172.21.15.62:6801/1462009901] conn(0x7f62bc02fdb0 0x7f62bc032270 unknown :-1 s=BANNER_CONNECTING pgs=0 cs=0 l=1 rev1=0 rx=0 tx=0)._handle_peer_banner_payload supported=1 required=0
2023-12-26T22:07:14.063 INFO:teuthology.orchestra.run.smithi062.stderr:/usr/bin/ceph:
2023-12-26T22:07:14.061+0000 7f62d9a70700 1 --2- 172.21.15.62:0/1126749066 >> [v2:172.21.15.62:6800/1462009901,v1:172.21.15.62:6801/1462009901] conn(0x7f62bc02fdb0 0x7f62bc032270 secure :-1 s=READY pgs=13 cs=0 l=1 rev1=1 rx=0x7f62c80096a0 tx=0x7f62c8006b40).ready entity=mgr.14114 client_cookie=0 server_cookie=0 in_seq=0 out_seq=0
2023-12-26T22:07:14.063 INFO:teuthology.orchestra.run.smithi062.stderr:/usr/bin/ceph:
2023-12-26T22:07:14.061+0000 7f62dc4d5700 1 -- 172.21.15.62:0/1126749066 --> [v2:172.21.15.62:3300/0,v1:172.21.15.62:6789/0] -- mon_command({"prefix": "get_command_descriptions"} v 0) v1 -- 0x7f62b4004fa0 con 0x7f62d40703e0
2023-12-26T22:07:14.065 INFO:teuthology.orchestra.run.smithi062.stderr:/usr/bin/ceph:
2023-12-26T22:07:14.065+0000 7f62c6ffd700 1 -- 172.21.15.62:0/1126749066 <== mon.0 v2:172.21.15.62:3300/0 6 ==== mon_command_ack([{"prefix": "get_command_descriptions"}]=0 v0) v1 ==== 72+0+152212 (secure 0 0 0) 0x7f62d0016070 con 0x7f62d40703e0
2023-12-26T22:07:14.251 INFO:teuthology.orchestra.run.smithi062.stderr:/usr/bin/ceph:
2023-12-26T22:07:14.251+0000 7f62dc4d5700 1 -- 172.21.15.62:0/1126749066 --> [v2:172.21.15.62:6800/1462009901,v1:172.21.15.62:6801/1462009901] -- mgr_command(tid 0: {"prefix": "orch apply", "service_type": "crash", "target": ["mon-mgr", ""]}) v1 -- 0x7f62b4002a50 con 0x7f62bc02fdb0
2023-12-26T22:07:14.255 INFO:teuthology.orchestra.run.smithi062.stderr:/usr/bin/ceph:
2023-12-26T22:07:14.255+0000 7f62c6ffd700 1 -- 172.21.15.62:0/1126749066 <== mgr.14114 v2:172.21.15.62:6800/1462009901 1 ==== mgr_command_reply(tid 0: 0 ) v1 ==== 8+0+26 (secure 0 0 0) 0x7f62b4002a50 con 0x7f62bc02fdb0
2023-12-26T22:07:14.255 INFO:teuthology.orchestra.run.smithi062.stderr:/usr/bin/ceph: Scheduled crash update...
2023-12-26T22:07:14.257 INFO:teuthology.orchestra.run.smithi062.stderr:/usr/bin/ceph:
2023-12-26T22:07:14.257+0000 7f62dc4d5700 1 -- 172.21.15.62:0/1126749066 >> [v2:172.21.15.62:6800/1462009901,v1:172.21.15.62:6801/1462009901] conn(0x7f62bc02fdb0 msgr2=0x7f62bc032270 secure :-1 s=STATE_CONNECTION_ESTABLISHED l=1).mark_down
2023-12-26T22:07:14.257 INFO:teuthology.orchestra.run.smithi062.stderr:/usr/bin/ceph:
2023-12-26T22:07:14.257+0000 7f62dc4d5700 1 --2- 172.21.15.62:0/1126749066 >> [v2:172.21.15.62:6800/1462009901,v1:172.21.15.62:6801/1462009901] conn(0x7f62bc02fdb0 0x7f62bc032270 secure :-1 s=READY pgs=13 cs=0 l=1 rev1=1 rx=0x7f62c80096a0 tx=0x7f62c8006b40).stop
2023-12-26T22:07:14.257 INFO:teuthology.orchestra.run.smithi062.stderr:/usr/bin/ceph:
2023-12-26T22:07:14.257+0000 7f62dc4d5700 1 -- 172.21.15.62:0/1126749066 >> [v2:172.21.15.62:3300/0,v1:172.21.15.62:6789/0] conn(0x7f62d40703e0 msgr2=0x7f62d410cda0 secure :-1 s=STATE_CONNECTION_ESTABLISHED l=1).mark_down
2023-12-26T22:07:14.257 INFO:teuthology.orchestra.run.smithi062.stderr:/usr/bin/ceph:
2023-12-26T22:07:14.257+0000 7f62dc4d5700 1 --2- 172.21.15.62:0/1126749066 >> [v2:172.21.15.62:3300/0,v1:172.21.15.62:6789/0] conn(0x7f62d40703e0 0x7f62d410cda0 secure :-1 s=READY pgs=44 cs=0 l=1 rev1=1 rx=0x7f62d000db50 tx=0x7f62d0006ee0).stop
2023-12-26T22:07:14.257 INFO:teuthology.orchestra.run.smithi062.stderr:/usr/bin/ceph:
2023-12-26T22:07:14.257+0000 7f62dc4d5700 1 -- 172.21.15.62:0/1126749066 shutdown_connections
2023-12-26T22:07:14.258 INFO:teuthology.orchestra.run.smithi062.stderr:/usr/bin/ceph:
2023-12-26T22:07:14.257+0000 7f62dc4d5700 1 --2- 172.21.15.62:0/1126749066 >> [v2:172.21.15.62:6800/1462009901,v1:172.21.15.62:6801/1462009901] conn(0x7f62bc02fdb0 0x7f62bc032270 unknown :-1 s=CLOSED pgs=13 cs=0 l=1 rev1=1 rx=0 tx=0).stop
2023-12-26T22:07:14.258 INFO:teuthology.orchestra.run.smithi062.stderr:/usr/bin/ceph:
2023-12-26T22:07:14.257+0000 7f62dc4d5700 1 --2- 172.21.15.62:0/1126749066 >> [v2:172.21.15.62:3300/0,v1:172.21.15.62:6789/0] conn(0x7f62d40703e0 0x7f62d410cda0 unknown :-1 s=CLOSED pgs=44 cs=0 l=1 rev1=1 rx=0 tx=0).stop
2023-12-26T22:07:14.258 INFO:teuthology.orchestra.run.smithi062.stderr:/usr/bin/ceph:
2023-12-26T22:07:14.257+0000 7f62dc4d5700 1 -- 172.21.15.62:0/1126749066 >> 172.21.15.62:0/1126749066 conn(0x7f62d40f6460 msgr2=0x7f62d40f8040 unknown :-1 s=STATE_NONE l=0).mark_down
2023-12-26T22:07:14.258 INFO:teuthology.orchestra.run.smithi062.stderr:/usr/bin/ceph:
2023-12-26T22:07:14.257+0000 7f62dc4d5700 1 -- 172.21.15.62:0/1126749066 shutdown_connections
2023-12-26T22:07:14.258 INFO:teuthology.orchestra.run.smithi062.stderr:/usr/bin/ceph:
2023-12-26T22:07:14.257+0000 7f62dc4d5700 1 -- 172.21.15.62:0/1126749066 wait complete.
2023-12-26T22:07:14.614 INFO:teuthology.orchestra.run.smithi062.stderr:Enabling mgr prometheus module...
2023-12-26T22:07:14.615 INFO:teuthology.orchestra.run.smithi062.stderr:Running command: /bin/podman run --rm --ipc=host --no-hosts --net=host --entrypoint /usr/bin/ceph --init -e CONTAINER_IMAGE=docker.io/ceph/ceph:v16.2.4 -e NODE_NAME=smithi062 -e CEPH_USE_RANDOM_NONCE=1 -v /var/log/ceph/f907c2cc-a43a-11ee-95a5-87774f69a715:/var/log/ceph:z -v /tmp/ceph-tmpp96aqyc7:/etc/ceph/ceph.client.admin.keyring:z -v /tmp/ceph-tmppyyw7c25:/etc/ceph/ceph.conf:z docker.io/ceph/ceph:v16.2.4 mgr module enable prometheus
2023-12-26T22:07:14.884 INFO:journalctl@ceph.mon.smithi062.smithi062.stdout:Dec 26 22:07:14 smithi062 ceph-f907c2cc-a43a-11ee-95a5-87774f69a715-mon.smithi062[111895]: audit
2023-12-26T22:07:13.354608+0000 mgr.smithi062.nskdcp (mgr.14114) 12 : audit [DBG] from='client.14136 -' entity='client.admin' cmd=[{"prefix": "orch apply", "service_type": "mgr", "target": ["mon-mgr", ""]}]: dispatch
2023-12-26T22:07:14.884 INFO:journalctl@ceph.mon.smithi062.smithi062.stdout:Dec 26 22:07:14 smithi062 ceph-f907c2cc-a43a-11ee-95a5-87774f69a715-mon.smithi062[111895]: cephadm
2023-12-26T22:07:13.355073+0000 mgr.smithi062.nskdcp (mgr.14114) 13 : cephadm [INF] Saving service mgr spec with placement count:2
2023-12-26T22:07:14.884 INFO:journalctl@ceph.mon.smithi062.smithi062.stdout:Dec 26 22:07:14 smithi062 ceph-f907c2cc-a43a-11ee-95a5-87774f69a715-mon.smithi062[111895]: audit
2023-12-26T22:07:14.256429+0000 mon.smithi062 (mon.0) 58 : audit [INF] from='mgr.14114 172.21.15.62:0/449633640' entity='mgr.smithi062.nskdcp'
2023-12-26T22:07:14.914 INFO:teuthology.orchestra.run.smithi062.stderr:/usr/bin/ceph:
2023-12-26T22:07:14.911+0000 7f9e598f0700 1 Processor -- start
2023-12-26T22:07:14.914 INFO:teuthology.orchestra.run.smithi062.stderr:/usr/bin/ceph:
2023-12-26T22:07:14.911+0000 7f9e598f0700 1 -- start start
2023-12-26T22:07:14.914 INFO:teuthology.orchestra.run.smithi062.stderr:/usr/bin/ceph:
2023-12-26T22:07:14.911+0000 7f9e598f0700 1 --2- >> [v2:172.21.15.62:3300/0,v1:172.21.15.62:6789/0] conn(0x7f9e540704f0 0x7f9e540fe960 unknown :-1 s=NONE pgs=0 cs=0 l=0 rev1=0 rx=0 tx=0).connect
2023-12-26T22:07:14.914 INFO:teuthology.orchestra.run.smithi062.stderr:/usr/bin/ceph:
2023-12-26T22:07:14.911+0000 7f9e598f0700 1 -- --> [v2:172.21.15.62:3300/0,v1:172.21.15.62:6789/0] -- mon_getmap magic: 0 v1 -- 0x7f9e540fee50 con 0x7f9e540704f0
2023-12-26T22:07:14.914 INFO:teuthology.orchestra.run.smithi062.stderr:/usr/bin/ceph:
2023-12-26T22:07:14.912+0000 7f9e52ffd700 1 --2- >> [v2:172.21.15.62:3300/0,v1:172.21.15.62:6789/0] conn(0x7f9e540704f0 0x7f9e540fe960 unknown :-1 s=BANNER_CONNECTING pgs=0 cs=0 l=0 rev1=0 rx=0 tx=0)._handle_peer_banner_payload supported=1 required=0
2023-12-26T22:07:14.914 INFO:teuthology.orchestra.run.smithi062.stderr:/usr/bin/ceph:
2023-12-26T22:07:14.912+0000 7f9e52ffd700 1 --2- >> [v2:172.21.15.62:3300/0,v1:172.21.15.62:6789/0] conn(0x7f9e540704f0 0x7f9e540fe960 unknown :-1 s=HELLO_CONNECTING pgs=0 cs=0 l=0 rev1=1 rx=0 tx=0).handle_hello peer v2:172.21.15.62:3300/0 says I am v2:172.21.15.62:55480/0 (socket says 172.21.15.62:55480)
2023-12-26T22:07:14.914 INFO:teuthology.orchestra.run.smithi062.stderr:/usr/bin/ceph:
2023-12-26T22:07:14.912+0000 7f9e52ffd700 1 -- 172.21.15.62:0/3757363613 learned_addr learned my addr 172.21.15.62:0/3757363613 (peer_addr_for_me v2:172.21.15.62:0/0)
2023-12-26T22:07:14.915 INFO:teuthology.orchestra.run.smithi062.stderr:/usr/bin/ceph:
2023-12-26T22:07:14.912+0000 7f9e52ffd700 1 -- 172.21.15.62:0/3757363613 --> [v2:172.21.15.62:3300/0,v1:172.21.15.62:6789/0] -- mon_subscribe({config=0+,monmap=0+}) v3 -- 0x7f9e540fef90 con 0x7f9e540704f0
2023-12-26T22:07:14.915 INFO:teuthology.orchestra.run.smithi062.stderr:/usr/bin/ceph:
2023-12-26T22:07:14.912+0000 7f9e52ffd700 1 --2- 172.21.15.62:0/3757363613 >> [v2:172.21.15.62:3300/0,v1:172.21.15.62:6789/0] conn(0x7f9e540704f0 0x7f9e540fe960 secure :-1 s=READY pgs=45 cs=0 l=1 rev1=1 rx=0x7f9e3c00b5f0 tx=0x7f9e3c006ee0).ready entity=mon.0 client_cookie=80d2b817111f4b55 server_cookie=0 in_seq=0 out_seq=0
2023-12-26T22:07:14.915 INFO:teuthology.orchestra.run.smithi062.stderr:/usr/bin/ceph:
2023-12-26T22:07:14.912+0000 7f9e51ffb700 1 -- 172.21.15.62:0/3757363613 <== mon.0 v2:172.21.15.62:3300/0 1 ==== mon_map magic: 0 v1 ==== 229+0+0 (secure 0 0 0) 0x7f9e3c00d600 con 0x7f9e540704f0
2023-12-26T22:07:14.915 INFO:teuthology.orchestra.run.smithi062.stderr:/usr/bin/ceph:
2023-12-26T22:07:14.912+0000 7f9e51ffb700 1 -- 172.21.15.62:0/3757363613 <== mon.0 v2:172.21.15.62:3300/0 2 ==== config(25 keys) v1 ==== 983+0+0 (secure 0 0 0) 0x7f9e3c00dbb0 con 0x7f9e540704f0
2023-12-26T22:07:14.915 INFO:teuthology.orchestra.run.smithi062.stderr:/usr/bin/ceph:
2023-12-26T22:07:14.912+0000 7f9e51ffb700 1 -- 172.21.15.62:0/3757363613 <== mon.0 v2:172.21.15.62:3300/0 3 ==== mon_map magic: 0 v1 ==== 229+0+0 (secure 0 0 0) 0x7f9e3c011bb0 con 0x7f9e540704f0
2023-12-26T22:07:14.915 INFO:teuthology.orchestra.run.smithi062.stderr:/usr/bin/ceph:
2023-12-26T22:07:14.913+0000 7f9e598f0700 1 -- 172.21.15.62:0/3757363613 >> [v2:172.21.15.62:3300/0,v1:172.21.15.62:6789/0] conn(0x7f9e540704f0 msgr2=0x7f9e540fe960 secure :-1 s=STATE_CONNECTION_ESTABLISHED l=1).mark_down
2023-12-26T22:07:14.915 INFO:teuthology.orchestra.run.smithi062.stderr:/usr/bin/ceph:
2023-12-26T22:07:14.913+0000 7f9e598f0700 1 --2- 172.21.15.62:0/3757363613 >> [v2:172.21.15.62:3300/0,v1:172.21.15.62:6789/0] conn(0x7f9e540704f0 0x7f9e540fe960 secure :-1 s=READY pgs=45 cs=0 l=1 rev1=1 rx=0x7f9e3c00b5f0 tx=0x7f9e3c006ee0).stop
2023-12-26T22:07:14.915 INFO:teuthology.orchestra.run.smithi062.stderr:/usr/bin/ceph:
2023-12-26T22:07:14.913+0000 7f9e598f0700 1 -- 172.21.15.62:0/3757363613 shutdown_connections
2023-12-26T22:07:14.915 INFO:teuthology.orchestra.run.smithi062.stderr:/usr/bin/ceph:
2023-12-26T22:07:14.913+0000 7f9e598f0700 1 --2- 172.21.15.62:0/3757363613 >> [v2:172.21.15.62:3300/0,v1:172.21.15.62:6789/0] conn(0x7f9e540704f0 0x7f9e540fe960 unknown :-1 s=CLOSED pgs=45 cs=0 l=1 rev1=1 rx=0 tx=0).stop
2023-12-26T22:07:14.915 INFO:teuthology.orchestra.run.smithi062.stderr:/usr/bin/ceph:
2023-12-26T22:07:14.913+0000 7f9e598f0700 1 -- 172.21.15.62:0/3757363613 >> 172.21.15.62:0/3757363613 conn(0x7f9e540f6440 msgr2=0x7f9e540f8860 unknown :-1 s=STATE_NONE l=0).mark_down
2023-12-26T22:07:14.915 INFO:teuthology.orchestra.run.smithi062.stderr:/usr/bin/ceph:
2023-12-26T22:07:14.913+0000 7f9e598f0700 1 -- 172.21.15.62:0/3757363613 shutdown_connections
2023-12-26T22:07:14.915 INFO:teuthology.orchestra.run.smithi062.stderr:/usr/bin/ceph:
2023-12-26T22:07:14.913+0000 7f9e598f0700 1 -- 172.21.15.62:0/3757363613 wait complete.
2023-12-26T22:07:14.915 INFO:teuthology.orchestra.run.smithi062.stderr:/usr/bin/ceph:
2023-12-26T22:07:14.914+0000 7f9e598f0700 1 Processor -- start
2023-12-26T22:07:14.915 INFO:teuthology.orchestra.run.smithi062.stderr:/usr/bin/ceph:
2023-12-26T22:07:14.914+0000 7f9e598f0700 1 -- start start
2023-12-26T22:07:14.915 INFO:teuthology.orchestra.run.smithi062.stderr:/usr/bin/ceph:
2023-12-26T22:07:14.914+0000 7f9e598f0700 1 --2- >> [v2:172.21.15.62:3300/0,v1:172.21.15.62:6789/0] conn(0x7f9e540704f0 0x7f9e5410aaf0 unknown :-1 s=NONE pgs=0 cs=0 l=1 rev1=0 rx=0 tx=0).connect
2023-12-26T22:07:14.915 INFO:teuthology.orchestra.run.smithi062.stderr:/usr/bin/ceph:
2023-12-26T22:07:14.914+0000 7f9e598f0700 1 -- --> [v2:172.21.15.62:3300/0,v1:172.21.15.62:6789/0] -- mon_getmap magic: 0 v1 -- 0x7f9e5410afe0 con 0x7f9e540704f0
2023-12-26T22:07:14.916 INFO:teuthology.orchestra.run.smithi062.stderr:/usr/bin/ceph:
2023-12-26T22:07:14.914+0000 7f9e52ffd700 1 --2- >> [v2:172.21.15.62:3300/0,v1:172.21.15.62:6789/0] conn(0x7f9e540704f0 0x7f9e5410aaf0 unknown :-1 s=BANNER_CONNECTING pgs=0 cs=0 l=1 rev1=0 rx=0 tx=0)._handle_peer_banner_payload supported=1 required=0
2023-12-26T22:07:14.916 INFO:teuthology.orchestra.run.smithi062.stderr:/usr/bin/ceph:
2023-12-26T22:07:14.914+0000 7f9e52ffd700 1 --2- >> [v2:172.21.15.62:3300/0,v1:172.21.15.62:6789/0] conn(0x7f9e540704f0 0x7f9e5410aaf0 unknown :-1 s=HELLO_CONNECTING pgs=0 cs=0 l=1 rev1=1 rx=0 tx=0).handle_hello peer v2:172.21.15.62:3300/0 says I am v2:172.21.15.62:55486/0 (socket says 172.21.15.62:55486)
2023-12-26T22:07:14.916 INFO:teuthology.orchestra.run.smithi062.stderr:/usr/bin/ceph:
2023-12-26T22:07:14.914+0000 7f9e52ffd700 1 -- 172.21.15.62:0/199932015 learned_addr learned my addr 172.21.15.62:0/199932015 (peer_addr_for_me v2:172.21.15.62:0/0)
2023-12-26T22:07:14.916 INFO:teuthology.orchestra.run.smithi062.stderr:/usr/bin/ceph:
2023-12-26T22:07:14.915+0000 7f9e52ffd700 1 -- 172.21.15.62:0/199932015 --> [v2:172.21.15.62:3300/0,v1:172.21.15.62:6789/0] -- mon_subscribe({config=0+,monmap=0+}) v3 -- 0x7f9e3c00b200 con 0x7f9e540704f0
2023-12-26T22:07:14.917 INFO:teuthology.orchestra.run.smithi062.stderr:/usr/bin/ceph:
2023-12-26T22:07:14.915+0000 7f9e52ffd700 1 --2- 172.21.15.62:0/199932015 >> [v2:172.21.15.62:3300/0,v1:172.21.15.62:6789/0] conn(0x7f9e540704f0 0x7f9e5410aaf0 secure :-1 s=READY pgs=46 cs=0 l=1 rev1=1 rx=0x7f9e3c00db50 tx=0x7f9e3c006ee0).ready entity=mon.0 client_cookie=0 server_cookie=0 in_seq=0 out_seq=0
2023-12-26T22:07:14.917 INFO:teuthology.orchestra.run.smithi062.stderr:/usr/bin/ceph:
2023-12-26T22:07:14.915+0000 7f9e4b7fe700 1 -- 172.21.15.62:0/199932015 <== mon.0 v2:172.21.15.62:3300/0 1 ==== mon_map magic: 0 v1 ==== 229+0+0 (secure 0 0 0) 0x7f9e3c01b410 con 0x7f9e540704f0
2023-12-26T22:07:14.917 INFO:teuthology.orchestra.run.smithi062.stderr:/usr/bin/ceph:
2023-12-26T22:07:14.915+0000 7f9e4b7fe700 1 -- 172.21.15.62:0/199932015 <== mon.0 v2:172.21.15.62:3300/0 2 ==== config(25 keys) v1 ==== 983+0+0 (secure 0 0 0) 0x7f9e3c01b9c0 con 0x7f9e540704f0
2023-12-26T22:07:14.917 INFO:teuthology.orchestra.run.smithi062.stderr:/usr/bin/ceph:
2023-12-26T22:07:14.915+0000 7f9e598f0700 1 -- 172.21.15.62:0/199932015 --> [v2:172.21.15.62:3300/0,v1:172.21.15.62:6789/0] -- mon_subscribe({mgrmap=0+}) v3 -- 0x7f9e5410b1e0 con 0x7f9e540704f0
2023-12-26T22:07:14.917 INFO:teuthology.orchestra.run.smithi062.stderr:/usr/bin/ceph:
2023-12-26T22:07:14.915+0000 7f9e4b7fe700 1 -- 172.21.15.62:0/199932015 <== mon.0 v2:172.21.15.62:3300/0 3 ==== mon_map magic: 0 v1 ==== 229+0+0 (secure 0 0 0) 0x7f9e3c01a6d0 con 0x7f9e540704f0
2023-12-26T22:07:14.917 INFO:teuthology.orchestra.run.smithi062.stderr:/usr/bin/ceph:
2023-12-26T22:07:14.915+0000 7f9e598f0700 1 -- 172.21.15.62:0/199932015 --> [v2:172.21.15.62:3300/0,v1:172.21.15.62:6789/0] -- mon_subscribe({osdmap=0}) v3 -- 0x7f9e5410b5f0 con 0x7f9e540704f0
2023-12-26T22:07:14.917 INFO:teuthology.orchestra.run.smithi062.stderr:/usr/bin/ceph:
2023-12-26T22:07:14.916+0000 7f9e4b7fe700 1 -- 172.21.15.62:0/199932015 <== mon.0 v2:172.21.15.62:3300/0 4 ==== mgrmap(e 8) v1 ==== 36120+0+0 (secure 0 0 0) 0x7f9e3c00f070 con 0x7f9e540704f0
2023-12-26T22:07:14.917 INFO:teuthology.orchestra.run.smithi062.stderr:/usr/bin/ceph:
2023-12-26T22:07:14.916+0000 7f9e4b7fe700 1 --2- 172.21.15.62:0/199932015 >> [v2:172.21.15.62:6800/1462009901,v1:172.21.15.62:6801/1462009901] conn(0x7f9e3402fdb0 0x7f9e34032270 unknown :-1 s=NONE pgs=0 cs=0 l=1 rev1=0 rx=0 tx=0).connect
2023-12-26T22:07:14.917 INFO:teuthology.orchestra.run.smithi062.stderr:/usr/bin/ceph:
2023-12-26T22:07:14.916+0000 7f9e4b7fe700 1 -- 172.21.15.62:0/199932015 <== mon.0 v2:172.21.15.62:3300/0 5 ==== osd_map(2..2 src has 1..2) v4 ==== 893+0+0 (secure 0 0 0) 0x7f9e3c041100 con 0x7f9e540704f0
2023-12-26T22:07:14.917 INFO:teuthology.orchestra.run.smithi062.stderr:/usr/bin/ceph:
2023-12-26T22:07:14.916+0000 7f9e598f0700 1 -- 172.21.15.62:0/199932015 --> [v2:172.21.15.62:3300/0,v1:172.21.15.62:6789/0] -- mon_command({"prefix": "get_command_descriptions"} v 0) v1 -- 0x7f9e54045ad0 con 0x7f9e540704f0
2023-12-26T22:07:14.917 INFO:teuthology.orchestra.run.smithi062.stderr:/usr/bin/ceph:
2023-12-26T22:07:14.916+0000 7f9e527fc700 1 --2- 172.21.15.62:0/199932015 >> [v2:172.21.15.62:6800/1462009901,v1:172.21.15.62:6801/1462009901] conn(0x7f9e3402fdb0 0x7f9e34032270 unknown :-1 s=BANNER_CONNECTING pgs=0 cs=0 l=1 rev1=0 rx=0 tx=0)._handle_peer_banner_payload supported=1 required=0
2023-12-26T22:07:14.917 INFO:teuthology.orchestra.run.smithi062.stderr:/usr/bin/ceph:
2023-12-26T22:07:14.916+0000 7f9e527fc700 1 --2- 172.21.15.62:0/199932015 >> [v2:172.21.15.62:6800/1462009901,v1:172.21.15.62:6801/1462009901] conn(0x7f9e3402fdb0 0x7f9e34032270 secure :-1 s=READY pgs=14 cs=0 l=1 rev1=1 rx=0x7f9e440096a0 tx=0x7f9e44006b40).ready entity=mgr.14114 client_cookie=0 server_cookie=0 in_seq=0 out_seq=0
2023-12-26T22:07:14.920 INFO:teuthology.orchestra.run.smithi062.stderr:/usr/bin/ceph:
2023-12-26T22:07:14.920+0000 7f9e4b7fe700 1 -- 172.21.15.62:0/199932015 <== mon.0 v2:172.21.15.62:3300/0 6 ==== mon_command_ack([{"prefix": "get_command_descriptions"}]=0 v0) v1 ==== 72+0+152212 (secure 0 0 0) 0x7f9e3c016080 con 0x7f9e540704f0
2023-12-26T22:07:15.119 INFO:teuthology.orchestra.run.smithi062.stderr:/usr/bin/ceph:
2023-12-26T22:07:15.119+0000 7f9e598f0700 1 -- 172.21.15.62:0/199932015 --> [v2:172.21.15.62:3300/0,v1:172.21.15.62:6789/0] -- mon_command({"prefix": "mgr module enable", "module": "prometheus"} v 0) v1 -- 0x7f9e541049e0 con 0x7f9e540704f0
2023-12-26T22:07:15.565 INFO:teuthology.orchestra.run.smithi062.stderr:/usr/bin/ceph:
2023-12-26T22:07:15.564+0000 7f9e4b7fe700 1 -- 172.21.15.62:0/199932015 <== mon.0 v2:172.21.15.62:3300/0 7 ==== mgrmap(e 9) v1 ==== 36134+0+0 (secure 0 0 0) 0x7f9e3c0254b0 con 0x7f9e540704f0
2023-12-26T22:07:15.565 INFO:teuthology.orchestra.run.smithi062.stderr:/usr/bin/ceph:
2023-12-26T22:07:15.565+0000 7f9e4b7fe700 1 -- 172.21.15.62:0/199932015 <== mon.0 v2:172.21.15.62:3300/0 8 ==== mon_command_ack([{"prefix": "mgr module enable", "module": "prometheus"}]=0 v9) v1 ==== 89+0+0 (secure 0 0 0) 0x7f9e3c040980 con 0x7f9e540704f0
2023-12-26T22:07:15.568 INFO:teuthology.orchestra.run.smithi062.stderr:/usr/bin/ceph:
2023-12-26T22:07:15.567+0000 7f9e598f0700 1 -- 172.21.15.62:0/199932015 >> [v2:172.21.15.62:6800/1462009901,v1:172.21.15.62:6801/1462009901] conn(0x7f9e3402fdb0 msgr2=0x7f9e34032270 secure :-1 s=STATE_CONNECTION_ESTABLISHED l=1).mark_down
2023-12-26T22:07:15.568 INFO:teuthology.orchestra.run.smithi062.stderr:/usr/bin/ceph:
2023-12-26T22:07:15.567+0000 7f9e598f0700 1 --2- 172.21.15.62:0/199932015 >> [v2:172.21.15.62:6800/1462009901,v1:172.21.15.62:6801/1462009901] conn(0x7f9e3402fdb0 0x7f9e34032270 secure :-1 s=READY pgs=14 cs=0 l=1 rev1=1 rx=0x7f9e440096a0 tx=0x7f9e44006b40).stop
2023-12-26T22:07:15.568 INFO:teuthology.orchestra.run.smithi062.stderr:/usr/bin/ceph:
2023-12-26T22:07:15.567+0000 7f9e598f0700 1 -- 172.21.15.62:0/199932015 >> [v2:172.21.15.62:3300/0,v1:172.21.15.62:6789/0] conn(0x7f9e540704f0 msgr2=0x7f9e5410aaf0 secure :-1 s=STATE_CONNECTION_ESTABLISHED l=1).mark_down
2023-12-26T22:07:15.568 INFO:teuthology.orchestra.run.smithi062.stderr:/usr/bin/ceph:
2023-12-26T22:07:15.567+0000 7f9e598f0700 1 --2- 172.21.15.62:0/199932015 >> [v2:172.21.15.62:3300/0,v1:172.21.15.62:6789/0] conn(0x7f9e540704f0 0x7f9e5410aaf0 secure :-1 s=READY pgs=46 cs=0 l=1 rev1=1 rx=0x7f9e3c00db50 tx=0x7f9e3c006ee0).stop
2023-12-26T22:07:15.569 INFO:teuthology.orchestra.run.smithi062.stderr:/usr/bin/ceph:
2023-12-26T22:07:15.567+0000 7f9e598f0700 1 -- 172.21.15.62:0/199932015 shutdown_connections
2023-12-26T22:07:15.569 INFO:teuthology.orchestra.run.smithi062.stderr:/usr/bin/ceph:
2023-12-26T22:07:15.568+0000 7f9e598f0700 1 --2- 172.21.15.62:0/199932015 >> [v2:172.21.15.62:6800/1462009901,v1:172.21.15.62:6801/1462009901] conn(0x7f9e3402fdb0 0x7f9e34032270 unknown :-1 s=CLOSED pgs=14 cs=0 l=1 rev1=1 rx=0 tx=0).stop
2023-12-26T22:07:15.569 INFO:teuthology.orchestra.run.smithi062.stderr:/usr/bin/ceph:
2023-12-26T22:07:15.568+0000 7f9e598f0700 1 --2- 172.21.15.62:0/199932015 >> [v2:172.21.15.62:3300/0,v1:172.21.15.62:6789/0] conn(0x7f9e540704f0 0x7f9e5410aaf0 unknown :-1 s=CLOSED pgs=46 cs=0 l=1 rev1=1 rx=0 tx=0).stop
2023-12-26T22:07:15.569 INFO:teuthology.orchestra.run.smithi062.stderr:/usr/bin/ceph:
2023-12-26T22:07:15.568+0000 7f9e598f0700 1 -- 172.21.15.62:0/199932015 >> 172.21.15.62:0/199932015 conn(0x7f9e540f6440 msgr2=0x7f9e540f7f70 unknown :-1 s=STATE_NONE l=0).mark_down
2023-12-26T22:07:15.569 INFO:teuthology.orchestra.run.smithi062.stderr:/usr/bin/ceph:
2023-12-26T22:07:15.568+0000 7f9e598f0700 1 -- 172.21.15.62:0/199932015 shutdown_connections
2023-12-26T22:07:15.569 INFO:teuthology.orchestra.run.smithi062.stderr:/usr/bin/ceph:
2023-12-26T22:07:15.568+0000 7f9e598f0700 1 -- 172.21.15.62:0/199932015 wait complete.
2023-12-26T22:07:15.850 INFO:journalctl@ceph.mon.smithi062.smithi062.stdout:Dec 26 22:07:15 smithi062 ceph-f907c2cc-a43a-11ee-95a5-87774f69a715-mon.smithi062[111895]: audit
2023-12-26T22:07:14.253640+0000 mgr.smithi062.nskdcp (mgr.14114) 14 : audit [DBG] from='client.14138 -' entity='client.admin' cmd=[{"prefix": "orch apply", "service_type": "crash", "target": ["mon-mgr", ""]}]: dispatch
2023-12-26T22:07:15.850 INFO:journalctl@ceph.mon.smithi062.smithi062.stdout:Dec 26 22:07:15 smithi062 ceph-f907c2cc-a43a-11ee-95a5-87774f69a715-mon.smithi062[111895]: cephadm
2023-12-26T22:07:14.254301+0000 mgr.smithi062.nskdcp (mgr.14114) 15 : cephadm [INF] Saving service crash spec with placement *
2023-12-26T22:07:15.850 INFO:journalctl@ceph.mon.smithi062.smithi062.stdout:Dec 26 22:07:15 smithi062 ceph-f907c2cc-a43a-11ee-95a5-87774f69a715-mon.smithi062[111895]: audit
