2024-01-11T05:02:52.651+0000 7fb073d2f700 1 --2- 172.21.15.67:0/4106605857 >> [v2:172.21.15.67:6800/653150909,v1:172.21.15.67:6801/653150909] conn(0x7fb054030fa0 0x7fb054033460 unknown :-1 s=CLOSED pgs=6 cs=0 l=1 rev1=1 rx=0 tx=0).stop
2024-01-11T05:02:52.654 INFO:teuthology.orchestra.run.smithi067.stderr:/usr/bin/ceph:
2024-01-11T05:02:52.651+0000 7fb073d2f700 1 --2- 172.21.15.67:0/4106605857 >> [v2:172.21.15.67:3300/0,v1:172.21.15.67:6789/0] conn(0x7fb06c027670 0x7fb06c0fc660 unknown :-1 s=CLOSED pgs=17 cs=0 l=1 rev1=1 rx=0 tx=0).stop
2024-01-11T05:02:52.655 INFO:teuthology.orchestra.run.smithi067.stderr:/usr/bin/ceph:
2024-01-11T05:02:52.651+0000 7fb073d2f700 1 -- 172.21.15.67:0/4106605857 >> 172.21.15.67:0/4106605857 conn(0x7fb06c0f6680 msgr2=0x7fb06c0f8180 unknown :-1 s=STATE_NONE l=0).mark_down
2024-01-11T05:02:52.655 INFO:teuthology.orchestra.run.smithi067.stderr:/usr/bin/ceph:
2024-01-11T05:02:52.652+0000 7fb073d2f700 1 -- 172.21.15.67:0/4106605857 shutdown_connections
2024-01-11T05:02:52.655 INFO:teuthology.orchestra.run.smithi067.stderr:/usr/bin/ceph:
2024-01-11T05:02:52.652+0000 7fb073d2f700 1 -- 172.21.15.67:0/4106605857 wait complete.
2024-01-11T05:02:52.965 INFO:journalctl@ceph.mon.smithi067.smithi067.stdout:Jan 11 05:02:52 smithi067 ceph-89773ea0-b03e-11ee-95ab-87774f69a715-mon-smithi067[38928]: audit
2024-01-11T05:02:52.649764+0000 mon.smithi067 (mon.0) 25 : audit [INF] from='client.? 172.21.15.67:0/4106605857' entity='client.admin' cmd=[{"prefix": "config assimilate-conf"}]: dispatch
2024-01-11T05:02:53.013 INFO:teuthology.orchestra.run.smithi067.stderr:Enabling cephadm module...
2024-01-11T05:02:53.330 INFO:teuthology.orchestra.run.smithi067.stderr:/usr/bin/ceph:
2024-01-11T05:02:53.327+0000 7f75cd365700 1 Processor -- start
2024-01-11T05:02:53.330 INFO:teuthology.orchestra.run.smithi067.stderr:/usr/bin/ceph:
2024-01-11T05:02:53.327+0000 7f75cd365700 1 -- start start
2024-01-11T05:02:53.330 INFO:teuthology.orchestra.run.smithi067.stderr:/usr/bin/ceph:
2024-01-11T05:02:53.327+0000 7f75cd365700 1 --2- >> [v2:172.21.15.67:3300/0,v1:172.21.15.67:6789/0] conn(0x7f75c80fada0 0x7f75c80fb1c0 unknown :-1 s=NONE pgs=0 cs=0 l=0 rev1=0 rx=0 tx=0).connect
2024-01-11T05:02:53.330 INFO:teuthology.orchestra.run.smithi067.stderr:/usr/bin/ceph:
2024-01-11T05:02:53.327+0000 7f75cd365700 1 -- --> [v2:172.21.15.67:3300/0,v1:172.21.15.67:6789/0] -- mon_getmap magic: 0 v1 -- 0x7f75c80fb6b0 con 0x7f75c80fada0
2024-01-11T05:02:53.330 INFO:teuthology.orchestra.run.smithi067.stderr:/usr/bin/ceph:
2024-01-11T05:02:53.327+0000 7f75c6ffd700 1 --2- >> [v2:172.21.15.67:3300/0,v1:172.21.15.67:6789/0] conn(0x7f75c80fada0 0x7f75c80fb1c0 unknown :-1 s=BANNER_CONNECTING pgs=0 cs=0 l=0 rev1=0 rx=0 tx=0)._handle_peer_banner_payload supported=1 required=0
2024-01-11T05:02:53.330 INFO:teuthology.orchestra.run.smithi067.stderr:/usr/bin/ceph:
2024-01-11T05:02:53.327+0000 7f75c6ffd700 1 --2- >> [v2:172.21.15.67:3300/0,v1:172.21.15.67:6789/0] conn(0x7f75c80fada0 0x7f75c80fb1c0 unknown :-1 s=HELLO_CONNECTING pgs=0 cs=0 l=0 rev1=1 rx=0 tx=0).handle_hello peer v2:172.21.15.67:3300/0 says I am v2:172.21.15.67:35254/0 (socket says 172.21.15.67:35254)
2024-01-11T05:02:53.330 INFO:teuthology.orchestra.run.smithi067.stderr:/usr/bin/ceph:
2024-01-11T05:02:53.327+0000 7f75c6ffd700 1 -- 172.21.15.67:0/445674309 learned_addr learned my addr 172.21.15.67:0/445674309 (peer_addr_for_me v2:172.21.15.67:0/0)
2024-01-11T05:02:53.330 INFO:teuthology.orchestra.run.smithi067.stderr:/usr/bin/ceph:
2024-01-11T05:02:53.327+0000 7f75c6ffd700 1 -- 172.21.15.67:0/445674309 --> [v2:172.21.15.67:3300/0,v1:172.21.15.67:6789/0] -- mon_subscribe({config=0+,monmap=0+}) v3 -- 0x7f75c80fb7f0 con 0x7f75c80fada0
2024-01-11T05:02:53.330 INFO:teuthology.orchestra.run.smithi067.stderr:/usr/bin/ceph:
2024-01-11T05:02:53.327+0000 7f75c6ffd700 1 --2- 172.21.15.67:0/445674309 >> [v2:172.21.15.67:3300/0,v1:172.21.15.67:6789/0] conn(0x7f75c80fada0 0x7f75c80fb1c0 secure :-1 s=READY pgs=18 cs=0 l=1 rev1=1 rx=0x7f75b800b870 tx=0x7f75b8006f70).ready entity=mon.0 client_cookie=678bdac5ff6241b1 server_cookie=0 in_seq=0 out_seq=0
2024-01-11T05:02:53.330 INFO:teuthology.orchestra.run.smithi067.stderr:/usr/bin/ceph:
2024-01-11T05:02:53.328+0000 7f75c5ffb700 1 -- 172.21.15.67:0/445674309 <== mon.0 v2:172.21.15.67:3300/0 1 ==== mon_map magic: 0 v1 ==== 229+0+0 (secure 0 0 0) 0x7f75b800da20 con 0x7f75c80fada0
2024-01-11T05:02:53.330 INFO:teuthology.orchestra.run.smithi067.stderr:/usr/bin/ceph:
2024-01-11T05:02:53.328+0000 7f75c5ffb700 1 -- 172.21.15.67:0/445674309 <== mon.0 v2:172.21.15.67:3300/0 2 ==== config(25 keys) v1 ==== 997+0+0 (secure 0 0 0) 0x7f75b8010470 con 0x7f75c80fada0
2024-01-11T05:02:53.331 INFO:teuthology.orchestra.run.smithi067.stderr:/usr/bin/ceph:
2024-01-11T05:02:53.328+0000 7f75c5ffb700 1 -- 172.21.15.67:0/445674309 <== mon.0 v2:172.21.15.67:3300/0 3 ==== mon_map magic: 0 v1 ==== 229+0+0 (secure 0 0 0) 0x7f75b800f5b0 con 0x7f75c80fada0
2024-01-11T05:02:53.331 INFO:teuthology.orchestra.run.smithi067.stderr:/usr/bin/ceph:
2024-01-11T05:02:53.328+0000 7f75cd365700 1 -- 172.21.15.67:0/445674309 >> [v2:172.21.15.67:3300/0,v1:172.21.15.67:6789/0] conn(0x7f75c80fada0 msgr2=0x7f75c80fb1c0 secure :-1 s=STATE_CONNECTION_ESTABLISHED l=1).mark_down
2024-01-11T05:02:53.331 INFO:teuthology.orchestra.run.smithi067.stderr:/usr/bin/ceph:
2024-01-11T05:02:53.328+0000 7f75cd365700 1 --2- 172.21.15.67:0/445674309 >> [v2:172.21.15.67:3300/0,v1:172.21.15.67:6789/0] conn(0x7f75c80fada0 0x7f75c80fb1c0 secure :-1 s=READY pgs=18 cs=0 l=1 rev1=1 rx=0x7f75b800b870 tx=0x7f75b8006f70).stop
2024-01-11T05:02:53.331 INFO:teuthology.orchestra.run.smithi067.stderr:/usr/bin/ceph:
2024-01-11T05:02:53.328+0000 7f75cd365700 1 -- 172.21.15.67:0/445674309 shutdown_connections
2024-01-11T05:02:53.331 INFO:teuthology.orchestra.run.smithi067.stderr:/usr/bin/ceph:
2024-01-11T05:02:53.328+0000 7f75cd365700 1 --2- 172.21.15.67:0/445674309 >> [v2:172.21.15.67:3300/0,v1:172.21.15.67:6789/0] conn(0x7f75c80fada0 0x7f75c80fb1c0 unknown :-1 s=CLOSED pgs=18 cs=0 l=1 rev1=1 rx=0 tx=0).stop
2024-01-11T05:02:53.331 INFO:teuthology.orchestra.run.smithi067.stderr:/usr/bin/ceph:
2024-01-11T05:02:53.328+0000 7f75cd365700 1 -- 172.21.15.67:0/445674309 >> 172.21.15.67:0/445674309 conn(0x7f75c80f6500 msgr2=0x7f75c80f8920 unknown :-1 s=STATE_NONE l=0).mark_down
2024-01-11T05:02:53.331 INFO:teuthology.orchestra.run.smithi067.stderr:/usr/bin/ceph:
2024-01-11T05:02:53.328+0000 7f75cd365700 1 -- 172.21.15.67:0/445674309 shutdown_connections
2024-01-11T05:02:53.331 INFO:teuthology.orchestra.run.smithi067.stderr:/usr/bin/ceph:
2024-01-11T05:02:53.328+0000 7f75cd365700 1 -- 172.21.15.67:0/445674309 wait complete.
2024-01-11T05:02:53.331 INFO:teuthology.orchestra.run.smithi067.stderr:/usr/bin/ceph:
2024-01-11T05:02:53.329+0000 7f75cd365700 1 Processor -- start
2024-01-11T05:02:53.331 INFO:teuthology.orchestra.run.smithi067.stderr:/usr/bin/ceph:
2024-01-11T05:02:53.329+0000 7f75cd365700 1 -- start start
2024-01-11T05:02:53.331 INFO:teuthology.orchestra.run.smithi067.stderr:/usr/bin/ceph:
2024-01-11T05:02:53.329+0000 7f75cd365700 1 --2- >> [v2:172.21.15.67:3300/0,v1:172.21.15.67:6789/0] conn(0x7f75c80fada0 0x7f75c8108970 unknown :-1 s=NONE pgs=0 cs=0 l=1 rev1=0 rx=0 tx=0).connect
2024-01-11T05:02:53.331 INFO:teuthology.orchestra.run.smithi067.stderr:/usr/bin/ceph:
2024-01-11T05:02:53.329+0000 7f75cd365700 1 -- --> [v2:172.21.15.67:3300/0,v1:172.21.15.67:6789/0] -- mon_getmap magic: 0 v1 -- 0x7f75c8108e60 con 0x7f75c80fada0
2024-01-11T05:02:53.331 INFO:teuthology.orchestra.run.smithi067.stderr:/usr/bin/ceph:
2024-01-11T05:02:53.329+0000 7f75c6ffd700 1 --2- >> [v2:172.21.15.67:3300/0,v1:172.21.15.67:6789/0] conn(0x7f75c80fada0 0x7f75c8108970 unknown :-1 s=BANNER_CONNECTING pgs=0 cs=0 l=1 rev1=0 rx=0 tx=0)._handle_peer_banner_payload supported=1 required=0
2024-01-11T05:02:53.332 INFO:teuthology.orchestra.run.smithi067.stderr:/usr/bin/ceph:
2024-01-11T05:02:53.329+0000 7f75c6ffd700 1 --2- >> [v2:172.21.15.67:3300/0,v1:172.21.15.67:6789/0] conn(0x7f75c80fada0 0x7f75c8108970 unknown :-1 s=HELLO_CONNECTING pgs=0 cs=0 l=1 rev1=1 rx=0 tx=0).handle_hello peer v2:172.21.15.67:3300/0 says I am v2:172.21.15.67:35270/0 (socket says 172.21.15.67:35270)
2024-01-11T05:02:53.332 INFO:teuthology.orchestra.run.smithi067.stderr:/usr/bin/ceph:
2024-01-11T05:02:53.329+0000 7f75c6ffd700 1 -- 172.21.15.67:0/574493294 learned_addr learned my addr 172.21.15.67:0/574493294 (peer_addr_for_me v2:172.21.15.67:0/0)
2024-01-11T05:02:53.333 INFO:teuthology.orchestra.run.smithi067.stderr:/usr/bin/ceph:
2024-01-11T05:02:53.330+0000 7f75c6ffd700 1 -- 172.21.15.67:0/574493294 --> [v2:172.21.15.67:3300/0,v1:172.21.15.67:6789/0] -- mon_subscribe({config=0+,monmap=0+}) v3 -- 0x7f75b800b480 con 0x7f75c80fada0
2024-01-11T05:02:53.333 INFO:teuthology.orchestra.run.smithi067.stderr:/usr/bin/ceph:
2024-01-11T05:02:53.330+0000 7f75c6ffd700 1 --2- 172.21.15.67:0/574493294 >> [v2:172.21.15.67:3300/0,v1:172.21.15.67:6789/0] conn(0x7f75c80fada0 0x7f75c8108970 secure :-1 s=READY pgs=19 cs=0 l=1 rev1=1 rx=0x7f75b8010d50 tx=0x7f75b8006f70).ready entity=mon.0 client_cookie=0 server_cookie=0 in_seq=0 out_seq=0
2024-01-11T05:02:53.333 INFO:teuthology.orchestra.run.smithi067.stderr:/usr/bin/ceph:
2024-01-11T05:02:53.330+0000 7f75af7fe700 1 -- 172.21.15.67:0/574493294 <== mon.0 v2:172.21.15.67:3300/0 1 ==== mon_map magic: 0 v1 ==== 229+0+0 (secure 0 0 0) 0x7f75b800f3d0 con 0x7f75c80fada0
2024-01-11T05:02:53.333 INFO:teuthology.orchestra.run.smithi067.stderr:/usr/bin/ceph:
2024-01-11T05:02:53.330+0000 7f75af7fe700 1 -- 172.21.15.67:0/574493294 <== mon.0 v2:172.21.15.67:3300/0 2 ==== config(25 keys) v1 ==== 997+0+0 (secure 0 0 0) 0x7f75b8006c10 con 0x7f75c80fada0
2024-01-11T05:02:53.333 INFO:teuthology.orchestra.run.smithi067.stderr:/usr/bin/ceph:
2024-01-11T05:02:53.330+0000 7f75af7fe700 1 -- 172.21.15.67:0/574493294 <== mon.0 v2:172.21.15.67:3300/0 3 ==== mon_map magic: 0 v1 ==== 229+0+0 (secure 0 0 0) 0x7f75b8019bb0 con 0x7f75c80fada0
2024-01-11T05:02:53.333 INFO:teuthology.orchestra.run.smithi067.stderr:/usr/bin/ceph:
2024-01-11T05:02:53.330+0000 7f75cd365700 1 -- 172.21.15.67:0/574493294 --> [v2:172.21.15.67:3300/0,v1:172.21.15.67:6789/0] -- mon_subscribe({mgrmap=0+}) v3 -- 0x7f75c8109060 con 0x7f75c80fada0
2024-01-11T05:02:53.333 INFO:teuthology.orchestra.run.smithi067.stderr:/usr/bin/ceph:
2024-01-11T05:02:53.330+0000 7f75cd365700 1 -- 172.21.15.67:0/574493294 --> [v2:172.21.15.67:3300/0,v1:172.21.15.67:6789/0] -- mon_subscribe({osdmap=0}) v3 -- 0x7f75c81094f0 con 0x7f75c80fada0
2024-01-11T05:02:53.333 INFO:teuthology.orchestra.run.smithi067.stderr:/usr/bin/ceph:
2024-01-11T05:02:53.331+0000 7f75af7fe700 1 -- 172.21.15.67:0/574493294 <== mon.0 v2:172.21.15.67:3300/0 4 ==== mgrmap(e 4) v1 ==== 37084+0+0 (secure 0 0 0) 0x7f75b8016030 con 0x7f75c80fada0
2024-01-11T05:02:53.333 INFO:teuthology.orchestra.run.smithi067.stderr:/usr/bin/ceph:
2024-01-11T05:02:53.331+0000 7f75af7fe700 1 --2- 172.21.15.67:0/574493294 >> [v2:172.21.15.67:6800/653150909,v1:172.21.15.67:6801/653150909] conn(0x7f75b4030fa0 0x7f75b4033460 unknown :-1 s=NONE pgs=0 cs=0 l=1 rev1=0 rx=0 tx=0).connect
2024-01-11T05:02:53.333 INFO:teuthology.orchestra.run.smithi067.stderr:/usr/bin/ceph:
2024-01-11T05:02:53.331+0000 7f75af7fe700 1 -- 172.21.15.67:0/574493294 <== mon.0 v2:172.21.15.67:3300/0 5 ==== osd_map(1..1 src has 1..1) v4 ==== 721+0+0 (secure 0 0 0) 0x7f75b8045870 con 0x7f75c80fada0
2024-01-11T05:02:53.333 INFO:teuthology.orchestra.run.smithi067.stderr:/usr/bin/ceph:
2024-01-11T05:02:53.331+0000 7f75cd365700 1 -- 172.21.15.67:0/574493294 --> [v2:172.21.15.67:3300/0,v1:172.21.15.67:6789/0] -- mon_command({"prefix": "get_command_descriptions"} v 0) v1 -- 0x7f75c8045bb0 con 0x7f75c80fada0
2024-01-11T05:02:53.333 INFO:teuthology.orchestra.run.smithi067.stderr:/usr/bin/ceph:
2024-01-11T05:02:53.331+0000 7f75c67fc700 1 --2- 172.21.15.67:0/574493294 >> [v2:172.21.15.67:6800/653150909,v1:172.21.15.67:6801/653150909] conn(0x7f75b4030fa0 0x7f75b4033460 unknown :-1 s=BANNER_CONNECTING pgs=0 cs=0 l=1 rev1=0 rx=0 tx=0)._handle_peer_banner_payload supported=1 required=0
2024-01-11T05:02:53.334 INFO:teuthology.orchestra.run.smithi067.stderr:/usr/bin/ceph:
2024-01-11T05:02:53.331+0000 7f75c67fc700 1 --2- 172.21.15.67:0/574493294 >> [v2:172.21.15.67:6800/653150909,v1:172.21.15.67:6801/653150909] conn(0x7f75b4030fa0 0x7f75b4033460 secure :-1 s=READY pgs=7 cs=0 l=1 rev1=1 rx=0x7f75bc0096a0 tx=0x7f75bc006b40).ready entity=mgr.14100 client_cookie=0 server_cookie=0 in_seq=0 out_seq=0
2024-01-11T05:02:53.335 INFO:teuthology.orchestra.run.smithi067.stderr:/usr/bin/ceph:
2024-01-11T05:02:53.335+0000 7f75af7fe700 1 -- 172.21.15.67:0/574493294 <== mon.0 v2:172.21.15.67:3300/0 6 ==== mon_command_ack([{"prefix": "get_command_descriptions"}]=0 v0) v1 ==== 72+0+153237 (secure 0 0 0) 0x7f75b8014070 con 0x7f75c80fada0
2024-01-11T05:02:53.537 INFO:teuthology.orchestra.run.smithi067.stderr:/usr/bin/ceph:
2024-01-11T05:02:53.537+0000 7f75cd365700 1 -- 172.21.15.67:0/574493294 --> [v2:172.21.15.67:3300/0,v1:172.21.15.67:6789/0] -- mon_command({"prefix": "mgr module enable", "module": "cephadm"} v 0) v1 -- 0x7f75c80fca50 con 0x7f75c80fada0
2024-01-11T05:02:53.706 INFO:teuthology.orchestra.run.smithi067.stderr:/usr/bin/ceph:
2024-01-11T05:02:53.706+0000 7f75af7fe700 1 -- 172.21.15.67:0/574493294 <== mon.0 v2:172.21.15.67:3300/0 7 ==== mgrmap(e 5) v1 ==== 37095+0+0 (secure 0 0 0) 0x7f75b802da00 con 0x7f75c80fada0
2024-01-11T05:02:53.707 INFO:teuthology.orchestra.run.smithi067.stderr:/usr/bin/ceph:
2024-01-11T05:02:53.707+0000 7f75af7fe700 1 -- 172.21.15.67:0/574493294 <== mon.0 v2:172.21.15.67:3300/0 8 ==== mon_command_ack([{"prefix": "mgr module enable", "module": "cephadm"}]=0 v5) v1 ==== 86+0+0 (secure 0 0 0) 0x7f75b802c5c0 con 0x7f75c80fada0
2024-01-11T05:02:53.710 INFO:teuthology.orchestra.run.smithi067.stderr:/usr/bin/ceph:
2024-01-11T05:02:53.709+0000 7f75cd365700 1 -- 172.21.15.67:0/574493294 >> [v2:172.21.15.67:6800/653150909,v1:172.21.15.67:6801/653150909] conn(0x7f75b4030fa0 msgr2=0x7f75b4033460 secure :-1 s=STATE_CONNECTION_ESTABLISHED l=1).mark_down
2024-01-11T05:02:53.710 INFO:teuthology.orchestra.run.smithi067.stderr:/usr/bin/ceph:
2024-01-11T05:02:53.709+0000 7f75cd365700 1 --2- 172.21.15.67:0/574493294 >> [v2:172.21.15.67:6800/653150909,v1:172.21.15.67:6801/653150909] conn(0x7f75b4030fa0 0x7f75b4033460 secure :-1 s=READY pgs=7 cs=0 l=1 rev1=1 rx=0x7f75bc0096a0 tx=0x7f75bc006b40).stop
2024-01-11T05:02:53.710 INFO:teuthology.orchestra.run.smithi067.stderr:/usr/bin/ceph:
2024-01-11T05:02:53.709+0000 7f75cd365700 1 -- 172.21.15.67:0/574493294 >> [v2:172.21.15.67:3300/0,v1:172.21.15.67:6789/0] conn(0x7f75c80fada0 msgr2=0x7f75c8108970 secure :-1 s=STATE_CONNECTION_ESTABLISHED l=1).mark_down
2024-01-11T05:02:53.710 INFO:teuthology.orchestra.run.smithi067.stderr:/usr/bin/ceph:
2024-01-11T05:02:53.709+0000 7f75cd365700 1 --2- 172.21.15.67:0/574493294 >> [v2:172.21.15.67:3300/0,v1:172.21.15.67:6789/0] conn(0x7f75c80fada0 0x7f75c8108970 secure :-1 s=READY pgs=19 cs=0 l=1 rev1=1 rx=0x7f75b8010d50 tx=0x7f75b8006f70).stop
2024-01-11T05:02:53.711 INFO:teuthology.orchestra.run.smithi067.stderr:/usr/bin/ceph:
2024-01-11T05:02:53.709+0000 7f75cd365700 1 -- 172.21.15.67:0/574493294 shutdown_connections
2024-01-11T05:02:53.711 INFO:teuthology.orchestra.run.smithi067.stderr:/usr/bin/ceph:
2024-01-11T05:02:53.709+0000 7f75cd365700 1 --2- 172.21.15.67:0/574493294 >> [v2:172.21.15.67:6800/653150909,v1:172.21.15.67:6801/653150909] conn(0x7f75b4030fa0 0x7f75b4033460 unknown :-1 s=CLOSED pgs=7 cs=0 l=1 rev1=1 rx=0 tx=0).stop
2024-01-11T05:02:53.711 INFO:teuthology.orchestra.run.smithi067.stderr:/usr/bin/ceph:
2024-01-11T05:02:53.709+0000 7f75cd365700 1 --2- 172.21.15.67:0/574493294 >> [v2:172.21.15.67:3300/0,v1:172.21.15.67:6789/0] conn(0x7f75c80fada0 0x7f75c8108970 unknown :-1 s=CLOSED pgs=19 cs=0 l=1 rev1=1 rx=0 tx=0).stop
2024-01-11T05:02:53.711 INFO:teuthology.orchestra.run.smithi067.stderr:/usr/bin/ceph:
2024-01-11T05:02:53.709+0000 7f75cd365700 1 -- 172.21.15.67:0/574493294 >> 172.21.15.67:0/574493294 conn(0x7f75c80f6500 msgr2=0x7f75c80ffa70 unknown :-1 s=STATE_NONE l=0).mark_down
2024-01-11T05:02:53.711 INFO:teuthology.orchestra.run.smithi067.stderr:/usr/bin/ceph:
2024-01-11T05:02:53.709+0000 7f75cd365700 1 -- 172.21.15.67:0/574493294 shutdown_connections
2024-01-11T05:02:53.711 INFO:teuthology.orchestra.run.smithi067.stderr:/usr/bin/ceph:
2024-01-11T05:02:53.709+0000 7f75cd365700 1 -- 172.21.15.67:0/574493294 wait complete.
2024-01-11T05:02:53.974 INFO:journalctl@ceph.mon.smithi067.smithi067.stdout:Jan 11 05:02:53 smithi067 ceph-89773ea0-b03e-11ee-95ab-87774f69a715-mon-smithi067[38928]: audit
2024-01-11T05:02:53.538237+0000 mon.smithi067 (mon.0) 26 : audit [INF] from='client.? 172.21.15.67:0/574493294' entity='client.admin' cmd=[{"prefix": "mgr module enable", "module": "cephadm"}]: dispatch
2024-01-11T05:02:54.440 INFO:teuthology.orchestra.run.smithi067.stderr:/usr/bin/ceph:
2024-01-11T05:02:54.440+0000 7fa82759e700 1 Processor -- start
2024-01-11T05:02:54.443 INFO:teuthology.orchestra.run.smithi067.stderr:/usr/bin/ceph:
2024-01-11T05:02:54.440+0000 7fa82759e700 1 -- start start
2024-01-11T05:02:54.443 INFO:teuthology.orchestra.run.smithi067.stderr:/usr/bin/ceph:
2024-01-11T05:02:54.440+0000 7fa82759e700 1 --2- >> [v2:172.21.15.67:3300/0,v1:172.21.15.67:6789/0] conn(0x7fa8280fad70 0x7fa8280fb190 unknown :-1 s=NONE pgs=0 cs=0 l=0 rev1=0 rx=0 tx=0).connect
2024-01-11T05:02:54.443 INFO:teuthology.orchestra.run.smithi067.stderr:/usr/bin/ceph:
2024-01-11T05:02:54.440+0000 7fa82759e700 1 -- --> [v2:172.21.15.67:3300/0,v1:172.21.15.67:6789/0] -- mon_getmap magic: 0 v1 -- 0x7fa8280fb680 con 0x7fa8280fad70
2024-01-11T05:02:54.443 INFO:teuthology.orchestra.run.smithi067.stderr:/usr/bin/ceph:
2024-01-11T05:02:54.440+0000 7fa82659c700 1 --2- >> [v2:172.21.15.67:3300/0,v1:172.21.15.67:6789/0] conn(0x7fa8280fad70 0x7fa8280fb190 unknown :-1 s=BANNER_CONNECTING pgs=0 cs=0 l=0 rev1=0 rx=0 tx=0)._handle_peer_banner_payload supported=1 required=0
2024-01-11T05:02:54.443 INFO:teuthology.orchestra.run.smithi067.stderr:/usr/bin/ceph:
2024-01-11T05:02:54.440+0000 7fa82659c700 1 --2- >> [v2:172.21.15.67:3300/0,v1:172.21.15.67:6789/0] conn(0x7fa8280fad70 0x7fa8280fb190 unknown :-1 s=HELLO_CONNECTING pgs=0 cs=0 l=0 rev1=1 rx=0 tx=0).handle_hello peer v2:172.21.15.67:3300/0 says I am v2:172.21.15.67:35304/0 (socket says 172.21.15.67:35304)
2024-01-11T05:02:54.443 INFO:teuthology.orchestra.run.smithi067.stderr:/usr/bin/ceph:
2024-01-11T05:02:54.440+0000 7fa82659c700 1 -- 172.21.15.67:0/2084999205 learned_addr learned my addr 172.21.15.67:0/2084999205 (peer_addr_for_me v2:172.21.15.67:0/0)
2024-01-11T05:02:54.444 INFO:teuthology.orchestra.run.smithi067.stderr:/usr/bin/ceph:
2024-01-11T05:02:54.440+0000 7fa82659c700 1 -- 172.21.15.67:0/2084999205 --> [v2:172.21.15.67:3300/0,v1:172.21.15.67:6789/0] -- mon_subscribe({config=0+,monmap=0+}) v3 -- 0x7fa8280fb7c0 con 0x7fa8280fad70
2024-01-11T05:02:54.444 INFO:teuthology.orchestra.run.smithi067.stderr:/usr/bin/ceph:
2024-01-11T05:02:54.441+0000 7fa82659c700 1 --2- 172.21.15.67:0/2084999205 >> [v2:172.21.15.67:3300/0,v1:172.21.15.67:6789/0] conn(0x7fa8280fad70 0x7fa8280fb190 secure :-1 s=READY pgs=22 cs=0 l=1 rev1=1 rx=0x7fa81800b5f0 tx=0x7fa818006ee0).ready entity=mon.0 client_cookie=1f28e764f03bf3cf server_cookie=0 in_seq=0 out_seq=0
2024-01-11T05:02:54.444 INFO:teuthology.orchestra.run.smithi067.stderr:/usr/bin/ceph:
2024-01-11T05:02:54.441+0000 7fa82559a700 1 -- 172.21.15.67:0/2084999205 <== mon.0 v2:172.21.15.67:3300/0 1 ==== mon_map magic: 0 v1 ==== 229+0+0 (secure 0 0 0) 0x7fa81800d600 con 0x7fa8280fad70
2024-01-11T05:02:54.444 INFO:teuthology.orchestra.run.smithi067.stderr:/usr/bin/ceph:
2024-01-11T05:02:54.441+0000 7fa82559a700 1 -- 172.21.15.67:0/2084999205 <== mon.0 v2:172.21.15.67:3300/0 2 ==== config(25 keys) v1 ==== 997+0+0 (secure 0 0 0) 0x7fa81800dbc0 con 0x7fa8280fad70
2024-01-11T05:02:54.444 INFO:teuthology.orchestra.run.smithi067.stderr:/usr/bin/ceph:
2024-01-11T05:02:54.441+0000 7fa82559a700 1 -- 172.21.15.67:0/2084999205 <== mon.0 v2:172.21.15.67:3300/0 3 ==== mon_map magic: 0 v1 ==== 229+0+0 (secure 0 0 0) 0x7fa818011b90 con 0x7fa8280fad70
2024-01-11T05:02:54.444 INFO:teuthology.orchestra.run.smithi067.stderr:/usr/bin/ceph:
2024-01-11T05:02:54.442+0000 7fa82759e700 1 -- 172.21.15.67:0/2084999205 >> [v2:172.21.15.67:3300/0,v1:172.21.15.67:6789/0] conn(0x7fa8280fad70 msgr2=0x7fa8280fb190 secure :-1 s=STATE_CONNECTION_ESTABLISHED l=1).mark_down
2024-01-11T05:02:54.444 INFO:teuthology.orchestra.run.smithi067.stderr:/usr/bin/ceph:
2024-01-11T05:02:54.442+0000 7fa82759e700 1 --2- 172.21.15.67:0/2084999205 >> [v2:172.21.15.67:3300/0,v1:172.21.15.67:6789/0] conn(0x7fa8280fad70 0x7fa8280fb190 secure :-1 s=READY pgs=22 cs=0 l=1 rev1=1 rx=0x7fa81800b5f0 tx=0x7fa818006ee0).stop
2024-01-11T05:02:54.444 INFO:teuthology.orchestra.run.smithi067.stderr:/usr/bin/ceph:
2024-01-11T05:02:54.442+0000 7fa82759e700 1 -- 172.21.15.67:0/2084999205 shutdown_connections
2024-01-11T05:02:54.444 INFO:teuthology.orchestra.run.smithi067.stderr:/usr/bin/ceph:
2024-01-11T05:02:54.442+0000 7fa82759e700 1 --2- 172.21.15.67:0/2084999205 >> [v2:172.21.15.67:3300/0,v1:172.21.15.67:6789/0] conn(0x7fa8280fad70 0x7fa8280fb190 unknown :-1 s=CLOSED pgs=22 cs=0 l=1 rev1=1 rx=0 tx=0).stop
2024-01-11T05:02:54.444 INFO:teuthology.orchestra.run.smithi067.stderr:/usr/bin/ceph:
2024-01-11T05:02:54.442+0000 7fa82759e700 1 -- 172.21.15.67:0/2084999205 >> 172.21.15.67:0/2084999205 conn(0x7fa8280f64d0 msgr2=0x7fa8280f88f0 unknown :-1 s=STATE_NONE l=0).mark_down
2024-01-11T05:02:54.444 INFO:teuthology.orchestra.run.smithi067.stderr:/usr/bin/ceph:
2024-01-11T05:02:54.442+0000 7fa82759e700 1 -- 172.21.15.67:0/2084999205 shutdown_connections
2024-01-11T05:02:54.444 INFO:teuthology.orchestra.run.smithi067.stderr:/usr/bin/ceph:
2024-01-11T05:02:54.442+0000 7fa82759e700 1 -- 172.21.15.67:0/2084999205 wait complete.
2024-01-11T05:02:54.445 INFO:teuthology.orchestra.run.smithi067.stderr:/usr/bin/ceph:
2024-01-11T05:02:54.442+0000 7fa82759e700 1 Processor -- start
2024-01-11T05:02:54.445 INFO:teuthology.orchestra.run.smithi067.stderr:/usr/bin/ceph:
2024-01-11T05:02:54.442+0000 7fa82759e700 1 -- start start
2024-01-11T05:02:54.445 INFO:teuthology.orchestra.run.smithi067.stderr:/usr/bin/ceph:
2024-01-11T05:02:54.443+0000 7fa82759e700 1 --2- >> [v2:172.21.15.67:3300/0,v1:172.21.15.67:6789/0] conn(0x7fa8280fad70 0x7fa828109a00 unknown :-1 s=NONE pgs=0 cs=0 l=1 rev1=0 rx=0 tx=0).connect
2024-01-11T05:02:54.445 INFO:teuthology.orchestra.run.smithi067.stderr:/usr/bin/ceph:
2024-01-11T05:02:54.443+0000 7fa82759e700 1 -- --> [v2:172.21.15.67:3300/0,v1:172.21.15.67:6789/0] -- mon_getmap magic: 0 v1 -- 0x7fa828109ef0 con 0x7fa8280fad70
2024-01-11T05:02:54.445 INFO:teuthology.orchestra.run.smithi067.stderr:/usr/bin/ceph:
2024-01-11T05:02:54.443+0000 7fa82659c700 1 --2- >> [v2:172.21.15.67:3300/0,v1:172.21.15.67:6789/0] conn(0x7fa8280fad70 0x7fa828109a00 unknown :-1 s=BANNER_CONNECTING pgs=0 cs=0 l=1 rev1=0 rx=0 tx=0)._handle_peer_banner_payload supported=1 required=0
2024-01-11T05:02:54.445 INFO:teuthology.orchestra.run.smithi067.stderr:/usr/bin/ceph:
2024-01-11T05:02:54.443+0000 7fa82659c700 1 --2- >> [v2:172.21.15.67:3300/0,v1:172.21.15.67:6789/0] conn(0x7fa8280fad70 0x7fa828109a00 unknown :-1 s=HELLO_CONNECTING pgs=0 cs=0 l=1 rev1=1 rx=0 tx=0).handle_hello peer v2:172.21.15.67:3300/0 says I am v2:172.21.15.67:35308/0 (socket says 172.21.15.67:35308)
2024-01-11T05:02:54.445 INFO:teuthology.orchestra.run.smithi067.stderr:/usr/bin/ceph:
2024-01-11T05:02:54.443+0000 7fa82659c700 1 -- 172.21.15.67:0/3300212512 learned_addr learned my addr 172.21.15.67:0/3300212512 (peer_addr_for_me v2:172.21.15.67:0/0)
2024-01-11T05:02:54.445 INFO:teuthology.orchestra.run.smithi067.stderr:/usr/bin/ceph:
2024-01-11T05:02:54.443+0000 7fa82659c700 1 -- 172.21.15.67:0/3300212512 --> [v2:172.21.15.67:3300/0,v1:172.21.15.67:6789/0] -- mon_subscribe({config=0+,monmap=0+}) v3 -- 0x7fa81800b200 con 0x7fa8280fad70
2024-01-11T05:02:54.445 INFO:teuthology.orchestra.run.smithi067.stderr:/usr/bin/ceph:
2024-01-11T05:02:54.443+0000 7fa82659c700 1 --2- 172.21.15.67:0/3300212512 >> [v2:172.21.15.67:3300/0,v1:172.21.15.67:6789/0] conn(0x7fa8280fad70 0x7fa828109a00 secure :-1 s=READY pgs=23 cs=0 l=1 rev1=1 rx=0x7fa81800e040 tx=0x7fa818006ee0).ready entity=mon.0 client_cookie=0 server_cookie=0 in_seq=0 out_seq=0
2024-01-11T05:02:54.446 INFO:teuthology.orchestra.run.smithi067.stderr:/usr/bin/ceph:
2024-01-11T05:02:54.443+0000 7fa816ffd700 1 -- 172.21.15.67:0/3300212512 <== mon.0 v2:172.21.15.67:3300/0 1 ==== mon_map magic: 0 v1 ==== 229+0+0 (secure 0 0 0) 0x7fa81800de00 con 0x7fa8280fad70
2024-01-11T05:02:54.446 INFO:teuthology.orchestra.run.smithi067.stderr:/usr/bin/ceph:
2024-01-11T05:02:54.443+0000 7fa816ffd700 1 -- 172.21.15.67:0/3300212512 <== mon.0 v2:172.21.15.67:3300/0 2 ==== config(25 keys) v1 ==== 997+0+0 (secure 0 0 0) 0x7fa81801b870 con 0x7fa8280fad70
2024-01-11T05:02:54.446 INFO:teuthology.orchestra.run.smithi067.stderr:/usr/bin/ceph:
2024-01-11T05:02:54.443+0000 7fa816ffd700 1 -- 172.21.15.67:0/3300212512 <== mon.0 v2:172.21.15.67:3300/0 3 ==== mon_map magic: 0 v1 ==== 229+0+0 (secure 0 0 0) 0x7fa81801a6c0 con 0x7fa8280fad70
2024-01-11T05:02:54.446 INFO:teuthology.orchestra.run.smithi067.stderr:/usr/bin/ceph:
2024-01-11T05:02:54.443+0000 7fa82759e700 1 -- 172.21.15.67:0/3300212512 --> [v2:172.21.15.67:3300/0,v1:172.21.15.67:6789/0] -- mon_subscribe({mgrmap=0+}) v3 -- 0x7fa82810a0f0 con 0x7fa8280fad70
2024-01-11T05:02:54.446 INFO:teuthology.orchestra.run.smithi067.stderr:/usr/bin/ceph:
2024-01-11T05:02:54.443+0000 7fa82759e700 1 -- 172.21.15.67:0/3300212512 --> [v2:172.21.15.67:3300/0,v1:172.21.15.67:6789/0] -- mon_subscribe({osdmap=0}) v3 -- 0x7fa82810a580 con 0x7fa8280fad70
2024-01-11T05:02:54.446 INFO:teuthology.orchestra.run.smithi067.stderr:/usr/bin/ceph:
2024-01-11T05:02:54.444+0000 7fa816ffd700 1 -- 172.21.15.67:0/3300212512 <== mon.0 v2:172.21.15.67:3300/0 4 ==== mgrmap(e 5) v1 ==== 37095+0+0 (secure 0 0 0) 0x7fa81800f070 con 0x7fa8280fad70
2024-01-11T05:02:54.446 INFO:teuthology.orchestra.run.smithi067.stderr:/usr/bin/ceph:
2024-01-11T05:02:54.444+0000 7fa816ffd700 1 --2- 172.21.15.67:0/3300212512 >> [v2:172.21.15.67:6800/653150909,v1:172.21.15.67:6801/653150909] conn(0x7fa80c030fa0 0x7fa80c033460 unknown :-1 s=NONE pgs=0 cs=0 l=1 rev1=0 rx=0 tx=0).connect
2024-01-11T05:02:54.446 INFO:teuthology.orchestra.run.smithi067.stderr:/usr/bin/ceph:
2024-01-11T05:02:54.444+0000 7fa816ffd700 1 -- 172.21.15.67:0/3300212512 <== mon.0 v2:172.21.15.67:3300/0 5 ==== osd_map(1..1 src has 1..1) v4 ==== 721+0+0 (secure 0 0 0) 0x7fa818042a20 con 0x7fa8280fad70
2024-01-11T05:02:54.446 INFO:teuthology.orchestra.run.smithi067.stderr:/usr/bin/ceph:
2024-01-11T05:02:54.444+0000 7fa825d9b700 1 -- 172.21.15.67:0/3300212512 >> [v2:172.21.15.67:6800/653150909,v1:172.21.15.67:6801/653150909] conn(0x7fa80c030fa0 msgr2=0x7fa80c033460 unknown :-1 s=STATE_CONNECTING_RE l=1).process reconnect failed to v2:172.21.15.67:6800/653150909
2024-01-11T05:02:54.446 INFO:teuthology.orchestra.run.smithi067.stderr:/usr/bin/ceph:
2024-01-11T05:02:54.444+0000 7fa825d9b700 1 --2- 172.21.15.67:0/3300212512 >> [v2:172.21.15.67:6800/653150909,v1:172.21.15.67:6801/653150909] conn(0x7fa80c030fa0 0x7fa80c033460 unknown :-1 s=START_CONNECT pgs=0 cs=0 l=1 rev1=0 rx=0 tx=0)._fault waiting 0.200000
2024-01-11T05:02:54.446 INFO:teuthology.orchestra.run.smithi067.stderr:/usr/bin/ceph:
2024-01-11T05:02:54.445+0000 7fa82759e700 1 -- 172.21.15.67:0/3300212512 --> [v2:172.21.15.67:3300/0,v1:172.21.15.67:6789/0] -- mon_command({"prefix": "get_command_descriptions"} v 0) v1 -- 0x7fa828045bb0 con 0x7fa8280fad70
2024-01-11T05:02:54.449 INFO:teuthology.orchestra.run.smithi067.stderr:/usr/bin/ceph:
2024-01-11T05:02:54.449+0000 7fa816ffd700 1 -- 172.21.15.67:0/3300212512 <== mon.0 v2:172.21.15.67:3300/0 6 ==== mon_command_ack([{"prefix": "get_command_descriptions"}]=0 v0) v1 ==== 72+0+153237 (secure 0 0 0) 0x7fa818016030 con 0x7fa8280fad70
2024-01-11T05:02:54.645 INFO:teuthology.orchestra.run.smithi067.stderr:/usr/bin/ceph:
2024-01-11T05:02:54.645+0000 7fa825d9b700 1 -- 172.21.15.67:0/3300212512 >> [v2:172.21.15.67:6800/653150909,v1:172.21.15.67:6801/653150909] conn(0x7fa80c030fa0 msgr2=0x7fa80c033460 unknown :-1 s=STATE_CONNECTING_RE l=1).process reconnect failed to v2:172.21.15.67:6800/653150909
2024-01-11T05:02:54.645 INFO:teuthology.orchestra.run.smithi067.stderr:/usr/bin/ceph:
2024-01-11T05:02:54.645+0000 7fa825d9b700 1 --2- 172.21.15.67:0/3300212512 >> [v2:172.21.15.67:6800/653150909,v1:172.21.15.67:6801/653150909] conn(0x7fa80c030fa0 0x7fa80c033460 unknown :-1 s=START_CONNECT pgs=0 cs=0 l=1 rev1=0 rx=0 tx=0)._fault waiting 0.400000
2024-01-11T05:02:54.658 INFO:teuthology.orchestra.run.smithi067.stderr:/usr/bin/ceph:
2024-01-11T05:02:54.658+0000 7fa82759e700 1 -- 172.21.15.67:0/3300212512 --> [v2:172.21.15.67:3300/0,v1:172.21.15.67:6789/0] -- mon_command({"prefix": "mgr stat"} v 0) v1 -- 0x7fa828103a60 con 0x7fa8280fad70
2024-01-11T05:02:54.659 INFO:teuthology.orchestra.run.smithi067.stderr:/usr/bin/ceph:
2024-01-11T05:02:54.658+0000 7fa816ffd700 1 -- 172.21.15.67:0/3300212512 <== mon.0 v2:172.21.15.67:3300/0 7 ==== mon_command_ack([{"prefix": "mgr stat"}]=0 v5) v1 ==== 56+0+103 (secure 0 0 0) 0x7fa81801b410 con 0x7fa8280fad70
2024-01-11T05:02:54.659 INFO:teuthology.orchestra.run.smithi067.stderr:/usr/bin/ceph: {
2024-01-11T05:02:54.659 INFO:teuthology.orchestra.run.smithi067.stderr:/usr/bin/ceph: "epoch": 5,
2024-01-11T05:02:54.659 INFO:teuthology.orchestra.run.smithi067.stderr:/usr/bin/ceph: "available": true,
2024-01-11T05:02:54.659 INFO:teuthology.orchestra.run.smithi067.stderr:/usr/bin/ceph: "active_name": "smithi067.srbzpc",
2024-01-11T05:02:54.659 INFO:teuthology.orchestra.run.smithi067.stderr:/usr/bin/ceph: "num_standby": 0
2024-01-11T05:02:54.659 INFO:teuthology.orchestra.run.smithi067.stderr:/usr/bin/ceph: }
2024-01-11T05:02:54.661 INFO:teuthology.orchestra.run.smithi067.stderr:/usr/bin/ceph:
2024-01-11T05:02:54.660+0000 7fa82759e700 1 -- 172.21.15.67:0/3300212512 >> [v2:172.21.15.67:6800/653150909,v1:172.21.15.67:6801/653150909] conn(0x7fa80c030fa0 msgr2=0x7fa80c033460 unknown :-1 s=STATE_CONNECTING l=1).mark_down
2024-01-11T05:02:54.661 INFO:teuthology.orchestra.run.smithi067.stderr:/usr/bin/ceph:
2024-01-11T05:02:54.660+0000 7fa82759e700 1 --2- 172.21.15.67:0/3300212512 >> [v2:172.21.15.67:6800/653150909,v1:172.21.15.67:6801/653150909] conn(0x7fa80c030fa0 0x7fa80c033460 unknown :-1 s=START_CONNECT pgs=0 cs=0 l=1 rev1=0 rx=0 tx=0).stop
2024-01-11T05:02:54.661 INFO:teuthology.orchestra.run.smithi067.stderr:/usr/bin/ceph:
2024-01-11T05:02:54.660+0000 7fa82759e700 1 -- 172.21.15.67:0/3300212512 >> [v2:172.21.15.67:3300/0,v1:172.21.15.67:6789/0] conn(0x7fa8280fad70 msgr2=0x7fa828109a00 secure :-1 s=STATE_CONNECTION_ESTABLISHED l=1).mark_down
2024-01-11T05:02:54.661 INFO:teuthology.orchestra.run.smithi067.stderr:/usr/bin/ceph:
2024-01-11T05:02:54.660+0000 7fa82759e700 1 --2- 172.21.15.67:0/3300212512 >> [v2:172.21.15.67:3300/0,v1:172.21.15.67:6789/0] conn(0x7fa8280fad70 0x7fa828109a00 secure :-1 s=READY pgs=23 cs=0 l=1 rev1=1 rx=0x7fa81800e040 tx=0x7fa818006ee0).stop
2024-01-11T05:02:54.661 INFO:teuthology.orchestra.run.smithi067.stderr:/usr/bin/ceph:
2024-01-11T05:02:54.660+0000 7fa82759e700 1 -- 172.21.15.67:0/3300212512 shutdown_connections
2024-01-11T05:02:54.661 INFO:teuthology.orchestra.run.smithi067.stderr:/usr/bin/ceph:
2024-01-11T05:02:54.660+0000 7fa82759e700 1 --2- 172.21.15.67:0/3300212512 >> [v2:172.21.15.67:6800/653150909,v1:172.21.15.67:6801/653150909] conn(0x7fa80c030fa0 0x7fa80c033460 unknown :-1 s=CLOSED pgs=0 cs=0 l=1 rev1=0 rx=0 tx=0).stop
2024-01-11T05:02:54.661 INFO:teuthology.orchestra.run.smithi067.stderr:/usr/bin/ceph:
2024-01-11T05:02:54.660+0000 7fa82759e700 1 --2- 172.21.15.67:0/3300212512 >> [v2:172.21.15.67:3300/0,v1:172.21.15.67:6789/0] conn(0x7fa8280fad70 0x7fa828109a00 unknown :-1 s=CLOSED pgs=23 cs=0 l=1 rev1=1 rx=0 tx=0).stop
2024-01-11T05:02:54.662 INFO:teuthology.orchestra.run.smithi067.stderr:/usr/bin/ceph:
2024-01-11T05:02:54.660+0000 7fa82759e700 1 -- 172.21.15.67:0/3300212512 >> 172.21.15.67:0/3300212512 conn(0x7fa8280f64d0 msgr2=0x7fa8280f7f10 unknown :-1 s=STATE_NONE l=0).mark_down
2024-01-11T05:02:54.662 INFO:teuthology.orchestra.run.smithi067.stderr:/usr/bin/ceph:
2024-01-11T05:02:54.660+0000 7fa82759e700 1 -- 172.21.15.67:0/3300212512 shutdown_connections
2024-01-11T05:02:54.662 INFO:teuthology.orchestra.run.smithi067.stderr:/usr/bin/ceph:
2024-01-11T05:02:54.660+0000 7fa82759e700 1 -- 172.21.15.67:0/3300212512 wait complete.
2024-01-11T05:02:54.957 INFO:journalctl@ceph.mon.smithi067.smithi067.stdout:Jan 11 05:02:54 smithi067 ceph-89773ea0-b03e-11ee-95ab-87774f69a715-mon-smithi067[38928]: audit
2024-01-11T05:02:53.708290+0000 mon.smithi067 (mon.0) 27 : audit [INF] from='client.? 172.21.15.67:0/574493294' entity='client.admin' cmd='[{"prefix": "mgr module enable", "module": "cephadm"}]': finished
2024-01-11T05:02:54.958 INFO:journalctl@ceph.mon.smithi067.smithi067.stdout:Jan 11 05:02:54 smithi067 ceph-89773ea0-b03e-11ee-95ab-87774f69a715-mon-smithi067[38928]: cluster
2024-01-11T05:02:53.708335+0000 mon.smithi067 (mon.0) 28 : cluster [DBG] mgrmap e5: smithi067.srbzpc(active, since 7s)
2024-01-11T05:02:54.958 INFO:journalctl@ceph.mon.smithi067.smithi067.stdout:Jan 11 05:02:54 smithi067 ceph-89773ea0-b03e-11ee-95ab-87774f69a715-mon-smithi067[38928]: audit
2024-01-11T05:02:54.659246+0000 mon.smithi067 (mon.0) 29 : audit [DBG] from='client.? 172.21.15.67:0/3300212512' entity='client.admin' cmd=[{"prefix": "mgr stat"}]: dispatch
2024-01-11T05:02:55.017 INFO:teuthology.orchestra.run.smithi067.stderr:Waiting for the mgr to restart...
2024-01-11T05:02:55.017 INFO:teuthology.orchestra.run.smithi067.stderr:Waiting for mgr epoch 5...
2024-01-11T05:02:55.424 INFO:teuthology.orchestra.run.smithi067.stderr:/usr/bin/ceph:
2024-01-11T05:02:55.422+0000 7fdb81038700 1 Processor -- start
2024-01-11T05:02:55.424 INFO:teuthology.orchestra.run.smithi067.stderr:/usr/bin/ceph:
2024-01-11T05:02:55.422+0000 7fdb81038700 1 -- start start
2024-01-11T05:02:55.424 INFO:teuthology.orchestra.run.smithi067.stderr:/usr/bin/ceph:
2024-01-11T05:02:55.422+0000 7fdb81038700 1 --2- >> [v2:172.21.15.67:3300/0,v1:172.21.15.67:6789/0] conn(0x7fdb7c0faed0 0x7fdb7c0fb2f0 unknown :-1 s=NONE pgs=0 cs=0 l=0 rev1=0 rx=0 tx=0).connect
2024-01-11T05:02:55.424 INFO:teuthology.orchestra.run.smithi067.stderr:/usr/bin/ceph:
2024-01-11T05:02:55.422+0000 7fdb81038700 1 -- --> [v2:172.21.15.67:3300/0,v1:172.21.15.67:6789/0] -- mon_getmap magic: 0 v1 -- 0x7fdb7c0fb7e0 con 0x7fdb7c0faed0
2024-01-11T05:02:55.424 INFO:teuthology.orchestra.run.smithi067.stderr:/usr/bin/ceph:
2024-01-11T05:02:55.422+0000 7fdb7ad9d700 1 --2- >> [v2:172.21.15.67:3300/0,v1:172.21.15.67:6789/0] conn(0x7fdb7c0faed0 0x7fdb7c0fb2f0 unknown :-1 s=BANNER_CONNECTING pgs=0 cs=0 l=0 rev1=0 rx=0 tx=0)._handle_peer_banner_payload supported=1 required=0
2024-01-11T05:02:55.424 INFO:teuthology.orchestra.run.smithi067.stderr:/usr/bin/ceph:
2024-01-11T05:02:55.423+0000 7fdb7ad9d700 1 --2- >> [v2:172.21.15.67:3300/0,v1:172.21.15.67:6789/0] conn(0x7fdb7c0faed0 0x7fdb7c0fb2f0 unknown :-1 s=HELLO_CONNECTING pgs=0 cs=0 l=0 rev1=1 rx=0 tx=0).handle_hello peer v2:172.21.15.67:3300/0 says I am v2:172.21.15.67:35322/0 (socket says 172.21.15.67:35322)
2024-01-11T05:02:55.424 INFO:teuthology.orchestra.run.smithi067.stderr:/usr/bin/ceph:
2024-01-11T05:02:55.423+0000 7fdb7ad9d700 1 -- 172.21.15.67:0/1938708039 learned_addr learned my addr 172.21.15.67:0/1938708039 (peer_addr_for_me v2:172.21.15.67:0/0)
2024-01-11T05:02:55.424 INFO:teuthology.orchestra.run.smithi067.stderr:/usr/bin/ceph:
2024-01-11T05:02:55.423+0000 7fdb7ad9d700 1 -- 172.21.15.67:0/1938708039 --> [v2:172.21.15.67:3300/0,v1:172.21.15.67:6789/0] -- mon_subscribe({config=0+,monmap=0+}) v3 -- 0x7fdb7c0fb920 con 0x7fdb7c0faed0
2024-01-11T05:02:55.424 INFO:teuthology.orchestra.run.smithi067.stderr:/usr/bin/ceph:
2024-01-11T05:02:55.423+0000 7fdb7ad9d700 1 --2- 172.21.15.67:0/1938708039 >> [v2:172.21.15.67:3300/0,v1:172.21.15.67:6789/0] conn(0x7fdb7c0faed0 0x7fdb7c0fb2f0 secure :-1 s=READY pgs=24 cs=0 l=1 rev1=1 rx=0x7fdb6c00b5f0 tx=0x7fdb6c006ee0).ready entity=mon.0 client_cookie=5bf09c1bb370d900 server_cookie=0 in_seq=0 out_seq=0
2024-01-11T05:02:55.424 INFO:teuthology.orchestra.run.smithi067.stderr:/usr/bin/ceph:
2024-01-11T05:02:55.423+0000 7fdb79d9b700 1 -- 172.21.15.67:0/1938708039 <== mon.0 v2:172.21.15.67:3300/0 1 ==== mon_map magic: 0 v1 ==== 229+0+0 (secure 0 0 0) 0x7fdb6c00d600 con 0x7fdb7c0faed0
2024-01-11T05:02:55.425 INFO:teuthology.orchestra.run.smithi067.stderr:/usr/bin/ceph:
2024-01-11T05:02:55.423+0000 7fdb79d9b700 1 -- 172.21.15.67:0/1938708039 <== mon.0 v2:172.21.15.67:3300/0 2 ==== config(25 keys) v1 ==== 997+0+0 (secure 0 0 0) 0x7fdb6c00dbc0 con 0x7fdb7c0faed0
2024-01-11T05:02:55.425 INFO:teuthology.orchestra.run.smithi067.stderr:/usr/bin/ceph:
2024-01-11T05:02:55.423+0000 7fdb79d9b700 1 -- 172.21.15.67:0/1938708039 <== mon.0 v2:172.21.15.67:3300/0 3 ==== mon_map magic: 0 v1 ==== 229+0+0 (secure 0 0 0) 0x7fdb6c011b90 con 0x7fdb7c0faed0
2024-01-11T05:02:55.427 INFO:teuthology.orchestra.run.smithi067.stderr:/usr/bin/ceph:
2024-01-11T05:02:55.424+0000 7fdb81038700 1 -- 172.21.15.67:0/1938708039 >> [v2:172.21.15.67:3300/0,v1:172.21.15.67:6789/0] conn(0x7fdb7c0faed0 msgr2=0x7fdb7c0fb2f0 secure :-1 s=STATE_CONNECTION_ESTABLISHED l=1).mark_down
2024-01-11T05:02:55.428 INFO:teuthology.orchestra.run.smithi067.stderr:/usr/bin/ceph:
2024-01-11T05:02:55.424+0000 7fdb81038700 1 --2- 172.21.15.67:0/1938708039 >> [v2:172.21.15.67:3300/0,v1:172.21.15.67:6789/0] conn(0x7fdb7c0faed0 0x7fdb7c0fb2f0 secure :-1 s=READY pgs=24 cs=0 l=1 rev1=1 rx=0x7fdb6c00b5f0 tx=0x7fdb6c006ee0).stop
2024-01-11T05:02:55.428 INFO:teuthology.orchestra.run.smithi067.stderr:/usr/bin/ceph:
2024-01-11T05:02:55.424+0000 7fdb81038700 1 -- 172.21.15.67:0/1938708039 shutdown_connections
2024-01-11T05:02:55.428 INFO:teuthology.orchestra.run.smithi067.stderr:/usr/bin/ceph:
2024-01-11T05:02:55.424+0000 7fdb81038700 1 --2- 172.21.15.67:0/1938708039 >> [v2:172.21.15.67:3300/0,v1:172.21.15.67:6789/0] conn(0x7fdb7c0faed0 0x7fdb7c0fb2f0 unknown :-1 s=CLOSED pgs=24 cs=0 l=1 rev1=1 rx=0 tx=0).stop
2024-01-11T05:02:55.428 INFO:teuthology.orchestra.run.smithi067.stderr:/usr/bin/ceph:
2024-01-11T05:02:55.424+0000 7fdb81038700 1 -- 172.21.15.67:0/1938708039 >> 172.21.15.67:0/1938708039 conn(0x7fdb7c0f6680 msgr2=0x7fdb7c0f8aa0 unknown :-1 s=STATE_NONE l=0).mark_down
2024-01-11T05:02:55.428 INFO:teuthology.orchestra.run.smithi067.stderr:/usr/bin/ceph:
2024-01-11T05:02:55.424+0000 7fdb81038700 1 -- 172.21.15.67:0/1938708039 shutdown_connections
2024-01-11T05:02:55.428 INFO:teuthology.orchestra.run.smithi067.stderr:/usr/bin/ceph:
2024-01-11T05:02:55.424+0000 7fdb81038700 1 -- 172.21.15.67:0/1938708039 wait complete.
2024-01-11T05:02:55.428 INFO:teuthology.orchestra.run.smithi067.stderr:/usr/bin/ceph:
2024-01-11T05:02:55.425+0000 7fdb81038700 1 Processor -- start
2024-01-11T05:02:55.428 INFO:teuthology.orchestra.run.smithi067.stderr:/usr/bin/ceph:
2024-01-11T05:02:55.425+0000 7fdb81038700 1 -- start start
2024-01-11T05:02:55.428 INFO:teuthology.orchestra.run.smithi067.stderr:/usr/bin/ceph:
2024-01-11T05:02:55.425+0000 7fdb81038700 1 --2- >> [v2:172.21.15.67:3300/0,v1:172.21.15.67:6789/0] conn(0x7fdb7c0faed0 0x7fdb7c10cef0 unknown :-1 s=NONE pgs=0 cs=0 l=1 rev1=0 rx=0 tx=0).connect
2024-01-11T05:02:55.428 INFO:teuthology.orchestra.run.smithi067.stderr:/usr/bin/ceph:
2024-01-11T05:02:55.425+0000 7fdb81038700 1 -- --> [v2:172.21.15.67:3300/0,v1:172.21.15.67:6789/0] -- mon_getmap magic: 0 v1 -- 0x7fdb7c10d3e0 con 0x7fdb7c0faed0
2024-01-11T05:02:55.428 INFO:teuthology.orchestra.run.smithi067.stderr:/usr/bin/ceph:
2024-01-11T05:02:55.425+0000 7fdb7ad9d700 1 --2- >> [v2:172.21.15.67:3300/0,v1:172.21.15.67:6789/0] conn(0x7fdb7c0faed0 0x7fdb7c10cef0 unknown :-1 s=BANNER_CONNECTING pgs=0 cs=0 l=1 rev1=0 rx=0 tx=0)._handle_peer_banner_payload supported=1 required=0
2024-01-11T05:02:55.428 INFO:teuthology.orchestra.run.smithi067.stderr:/usr/bin/ceph:
2024-01-11T05:02:55.425+0000 7fdb7ad9d700 1 --2- >> [v2:172.21.15.67:3300/0,v1:172.21.15.67:6789/0] conn(0x7fdb7c0faed0 0x7fdb7c10cef0 unknown :-1 s=HELLO_CONNECTING pgs=0 cs=0 l=1 rev1=1 rx=0 tx=0).handle_hello peer v2:172.21.15.67:3300/0 says I am v2:172.21.15.67:35332/0 (socket says 172.21.15.67:35332)
2024-01-11T05:02:55.429 INFO:teuthology.orchestra.run.smithi067.stderr:/usr/bin/ceph:
2024-01-11T05:02:55.425+0000 7fdb7ad9d700 1 -- 172.21.15.67:0/2627000546 learned_addr learned my addr 172.21.15.67:0/2627000546 (peer_addr_for_me v2:172.21.15.67:0/0)
2024-01-11T05:02:55.429 INFO:teuthology.orchestra.run.smithi067.stderr:/usr/bin/ceph:
2024-01-11T05:02:55.425+0000 7fdb7ad9d700 1 -- 172.21.15.67:0/2627000546 --> [v2:172.21.15.67:3300/0,v1:172.21.15.67:6789/0] -- mon_subscribe({config=0+,monmap=0+}) v3 -- 0x7fdb6c00b200 con 0x7fdb7c0faed0
2024-01-11T05:02:55.429 INFO:teuthology.orchestra.run.smithi067.stderr:/usr/bin/ceph:
2024-01-11T05:02:55.426+0000 7fdb7ad9d700 1 --2- 172.21.15.67:0/2627000546 >> [v2:172.21.15.67:3300/0,v1:172.21.15.67:6789/0] conn(0x7fdb7c0faed0 0x7fdb7c10cef0 secure :-1 s=READY pgs=25 cs=0 l=1 rev1=1 rx=0x7fdb6c000c00 tx=0x7fdb6c006ee0).ready entity=mon.0 client_cookie=0 server_cookie=0 in_seq=0 out_seq=0
2024-01-11T05:02:55.429 INFO:teuthology.orchestra.run.smithi067.stderr:/usr/bin/ceph:
2024-01-11T05:02:55.426+0000 7fdb637fe700 1 -- 172.21.15.67:0/2627000546 <== mon.0 v2:172.21.15.67:3300/0 1 ==== mon_map magic: 0 v1 ==== 229+0+0 (secure 0 0 0) 0x7fdb6c01b410 con 0x7fdb7c0faed0
2024-01-11T05:02:55.429 INFO:teuthology.orchestra.run.smithi067.stderr:/usr/bin/ceph:
2024-01-11T05:02:55.426+0000 7fdb637fe700 1 -- 172.21.15.67:0/2627000546 <== mon.0 v2:172.21.15.67:3300/0 2 ==== config(25 keys) v1 ==== 997+0+0 (secure 0 0 0) 0x7fdb6c01b9d0 con 0x7fdb7c0faed0
2024-01-11T05:02:55.429 INFO:teuthology.orchestra.run.smithi067.stderr:/usr/bin/ceph:
2024-01-11T05:02:55.426+0000 7fdb81038700 1 -- 172.21.15.67:0/2627000546 --> [v2:172.21.15.67:3300/0,v1:172.21.15.67:6789/0] -- mon_subscribe({mgrmap=0+}) v3 -- 0x7fdb7c10d5e0 con 0x7fdb7c0faed0
2024-01-11T05:02:55.429 INFO:teuthology.orchestra.run.smithi067.stderr:/usr/bin/ceph:
2024-01-11T05:02:55.426+0000 7fdb637fe700 1 -- 172.21.15.67:0/2627000546 <== mon.0 v2:172.21.15.67:3300/0 3 ==== mon_map magic: 0 v1 ==== 229+0+0 (secure 0 0 0) 0x7fdb6c01a620 con 0x7fdb7c0faed0
2024-01-11T05:02:55.429 INFO:teuthology.orchestra.run.smithi067.stderr:/usr/bin/ceph:
2024-01-11T05:02:55.426+0000 7fdb81038700 1 -- 172.21.15.67:0/2627000546 --> [v2:172.21.15.67:3300/0,v1:172.21.15.67:6789/0] -- mon_subscribe({osdmap=0}) v3 -- 0x7fdb7c10da70 con 0x7fdb7c0faed0
2024-01-11T05:02:55.429 INFO:teuthology.orchestra.run.smithi067.stderr:/usr/bin/ceph:
2024-01-11T05:02:55.427+0000 7fdb637fe700 1 -- 172.21.15.67:0/2627000546 <== mon.0 v2:172.21.15.67:3300/0 4 ==== mgrmap(e 5) v1 ==== 37095+0+0 (secure 0 0 0) 0x7fdb6c02b070 con 0x7fdb7c0faed0
2024-01-11T05:02:55.429 INFO:teuthology.orchestra.run.smithi067.stderr:/usr/bin/ceph:
2024-01-11T05:02:55.427+0000 7fdb637fe700 1 --2- 172.21.15.67:0/2627000546 >> [v2:172.21.15.67:6800/653150909,v1:172.21.15.67:6801/653150909] conn(0x7fdb68030fa0 0x7fdb68033460 unknown :-1 s=NONE pgs=0 cs=0 l=1 rev1=0 rx=0 tx=0).connect
2024-01-11T05:02:55.429 INFO:teuthology.orchestra.run.smithi067.stderr:/usr/bin/ceph:
2024-01-11T05:02:55.427+0000 7fdb81038700 1 -- 172.21.15.67:0/2627000546 --> [v2:172.21.15.67:6800/653150909,v1:172.21.15.67:6801/653150909] -- command(tid 0: {"prefix": "get_command_descriptions"}) v1 -- 0x7fdb7c0591e0 con 0x7fdb68030fa0
2024-01-11T05:02:55.429 INFO:teuthology.orchestra.run.smithi067.stderr:/usr/bin/ceph:
2024-01-11T05:02:55.427+0000 7fdb637fe700 1 -- 172.21.15.67:0/2627000546 <== mon.0 v2:172.21.15.67:3300/0 5 ==== osd_map(1..1 src has 1..1) v4 ==== 721+0+0 (secure 0 0 0) 0x7fdb6c042ba0 con 0x7fdb7c0faed0
2024-01-11T05:02:55.429 INFO:teuthology.orchestra.run.smithi067.stderr:/usr/bin/ceph:
2024-01-11T05:02:55.427+0000 7fdb7a59c700 1 -- 172.21.15.67:0/2627000546 >> [v2:172.21.15.67:6800/653150909,v1:172.21.15.67:6801/653150909] conn(0x7fdb68030fa0 msgr2=0x7fdb68033460 unknown :-1 s=STATE_CONNECTING_RE l=1).process reconnect failed to v2:172.21.15.67:6800/653150909
2024-01-11T05:02:55.430 INFO:teuthology.orchestra.run.smithi067.stderr:/usr/bin/ceph:
2024-01-11T05:02:55.427+0000 7fdb7a59c700 1 --2- 172.21.15.67:0/2627000546 >> [v2:172.21.15.67:6800/653150909,v1:172.21.15.67:6801/653150909] conn(0x7fdb68030fa0 0x7fdb68033460 unknown :-1 s=START_CONNECT pgs=0 cs=0 l=1 rev1=0 rx=0 tx=0)._fault waiting 0.200000
2024-01-11T05:02:55.628 INFO:teuthology.orchestra.run.smithi067.stderr:/usr/bin/ceph:
2024-01-11T05:02:55.628+0000 7fdb7a59c700 1 -- 172.21.15.67:0/2627000546 >> [v2:172.21.15.67:6800/653150909,v1:172.21.15.67:6801/653150909] conn(0x7fdb68030fa0 msgr2=0x7fdb68033460 unknown :-1 s=STATE_CONNECTING_RE l=1).process reconnect failed to v2:172.21.15.67:6800/653150909
2024-01-11T05:02:55.628 INFO:teuthology.orchestra.run.smithi067.stderr:/usr/bin/ceph:
2024-01-11T05:02:55.628+0000 7fdb7a59c700 1 --2- 172.21.15.67:0/2627000546 >> [v2:172.21.15.67:6800/653150909,v1:172.21.15.67:6801/653150909] conn(0x7fdb68030fa0 0x7fdb68033460 unknown :-1 s=START_CONNECT pgs=0 cs=0 l=1 rev1=0 rx=0 tx=0)._fault waiting 0.400000
2024-01-11T05:02:56.029 INFO:teuthology.orchestra.run.smithi067.stderr:/usr/bin/ceph:
2024-01-11T05:02:56.029+0000 7fdb7a59c700 1 -- 172.21.15.67:0/2627000546 >> [v2:172.21.15.67:6800/653150909,v1:172.21.15.67:6801/653150909] conn(0x7fdb68030fa0 msgr2=0x7fdb68033460 unknown :-1 s=STATE_CONNECTING_RE l=1).process reconnect failed to v2:172.21.15.67:6800/653150909
2024-01-11T05:02:56.029 INFO:teuthology.orchestra.run.smithi067.stderr:/usr/bin/ceph:
2024-01-11T05:02:56.029+0000 7fdb7a59c700 1 --2- 172.21.15.67:0/2627000546 >> [v2:172.21.15.67:6800/653150909,v1:172.21.15.67:6801/653150909] conn(0x7fdb68030fa0 0x7fdb68033460 unknown :-1 s=START_CONNECT pgs=0 cs=0 l=1 rev1=0 rx=0 tx=0)._fault waiting 0.800000
2024-01-11T05:02:56.830 INFO:teuthology.orchestra.run.smithi067.stderr:/usr/bin/ceph:
2024-01-11T05:02:56.830+0000 7fdb7a59c700 1 -- 172.21.15.67:0/2627000546 >> [v2:172.21.15.67:6800/653150909,v1:172.21.15.67:6801/653150909] conn(0x7fdb68030fa0 msgr2=0x7fdb68033460 unknown :-1 s=STATE_CONNECTING_RE l=1).process reconnect failed to v2:172.21.15.67:6800/653150909
2024-01-11T05:02:56.830 INFO:teuthology.orchestra.run.smithi067.stderr:/usr/bin/ceph:
2024-01-11T05:02:56.830+0000 7fdb7a59c700 1 --2- 172.21.15.67:0/2627000546 >> [v2:172.21.15.67:6800/653150909,v1:172.21.15.67:6801/653150909] conn(0x7fdb68030fa0 0x7fdb68033460 unknown :-1 s=START_CONNECT pgs=0 cs=0 l=1 rev1=0 rx=0 tx=0)._fault waiting 1.600000
2024-01-11T05:02:58.431 INFO:teuthology.orchestra.run.smithi067.stderr:/usr/bin/ceph:
2024-01-11T05:02:58.431+0000 7fdb7a59c700 1 -- 172.21.15.67:0/2627000546 >> [v2:172.21.15.67:6800/653150909,v1:172.21.15.67:6801/653150909] conn(0x7fdb68030fa0 msgr2=0x7fdb68033460 unknown :-1 s=STATE_CONNECTING_RE l=1).process reconnect failed to v2:172.21.15.67:6800/653150909
2024-01-11T05:02:58.431 INFO:teuthology.orchestra.run.smithi067.stderr:/usr/bin/ceph:
2024-01-11T05:02:58.431+0000 7fdb7a59c700 1 --2- 172.21.15.67:0/2627000546 >> [v2:172.21.15.67:6800/653150909,v1:172.21.15.67:6801/653150909] conn(0x7fdb68030fa0 0x7fdb68033460 unknown :-1 s=START_CONNECT pgs=0 cs=0 l=1 rev1=0 rx=0 tx=0)._fault waiting 3.200000
2024-01-11T05:02:59.995 INFO:teuthology.orchestra.run.smithi067.stderr:/usr/bin/ceph:
2024-01-11T05:02:59.994+0000 7fdb637fe700 1 -- 172.21.15.67:0/2627000546 <== mon.0 v2:172.21.15.67:3300/0 6 ==== mgrmap(e 6) v1 ==== 36945+0+0 (secure 0 0 0) 0x7fdb6c00f070 con 0x7fdb7c0faed0
2024-01-11T05:02:59.995 INFO:teuthology.orchestra.run.smithi067.stderr:/usr/bin/ceph:
2024-01-11T05:02:59.994+0000 7fdb637fe700 1 -- 172.21.15.67:0/2627000546 >> [v2:172.21.15.67:6800/653150909,v1:172.21.15.67:6801/653150909] conn(0x7fdb68030fa0 msgr2=0x7fdb68033460 unknown :-1 s=STATE_CONNECTING l=1).mark_down
2024-01-11T05:02:59.996 INFO:teuthology.orchestra.run.smithi067.stderr:/usr/bin/ceph:
2024-01-11T05:02:59.994+0000 7fdb637fe700 1 --2- 172.21.15.67:0/2627000546 >> [v2:172.21.15.67:6800/653150909,v1:172.21.15.67:6801/653150909] conn(0x7fdb68030fa0 0x7fdb68033460 unknown :-1 s=START_CONNECT pgs=0 cs=0 l=1 rev1=0 rx=0 tx=0).stop
2024-01-11T05:03:00.261 INFO:journalctl@ceph.mon.smithi067.smithi067.stdout:Jan 11 05:02:59 smithi067 ceph-89773ea0-b03e-11ee-95ab-87774f69a715-mon-smithi067[38928]: cluster
2024-01-11T05:02:59.055790+0000 mon.smithi067 (mon.0) 30 : cluster [INF] Active manager daemon smithi067.srbzpc restarted
2024-01-11T05:03:00.262 INFO:journalctl@ceph.mon.smithi067.smithi067.stdout:Jan 11 05:02:59 smithi067 ceph-89773ea0-b03e-11ee-95ab-87774f69a715-mon-smithi067[38928]: cluster
2024-01-11T05:02:59.056216+0000 mon.smithi067 (mon.0) 31 : cluster [INF] Activating manager daemon smithi067.srbzpc
2024-01-11T05:03:00.262 INFO:journalctl@ceph.mon.smithi067.smithi067.stdout:Jan 11 05:02:59 smithi067 ceph-89773ea0-b03e-11ee-95ab-87774f69a715-mon-smithi067[38928]: cluster
2024-01-11T05:02:59.059015+0000 mon.smithi067 (mon.0) 32 : cluster [DBG] osdmap e2: 0 total, 0 up, 0 in
2024-01-11T05:03:00.997 INFO:teuthology.orchestra.run.smithi067.stderr:/usr/bin/ceph:
2024-01-11T05:03:00.996+0000 7fdb637fe700 1 -- 172.21.15.67:0/2627000546 <== mon.0 v2:172.21.15.67:3300/0 7 ==== mgrmap(e 7) v1 ==== 37015+0+0 (secure 0 0 0) 0x7fdb6c01bb40 con 0x7fdb7c0faed0
2024-01-11T05:03:00.997 INFO:teuthology.orchestra.run.smithi067.stderr:/usr/bin/ceph:
