2024-01-16T17:10:36.799 INFO:teuthology.orchestra.run.smithi154.stderr:/usr/bin/ceph:
2024-01-16T17:10:36.816+0000 7efceb7fe700 1 -- 172.21.15.154:0/2549587379 <== mon.0 v2:172.21.15.154:3300/0 1 ==== mon_map magic: 0 v1 ==== 229+0+0 (secure 0 0 0) 0x7efce000d600 con 0x7efcec070430
2024-01-16T17:10:36.799 INFO:teuthology.orchestra.run.smithi154.stderr:/usr/bin/ceph:
2024-01-16T17:10:36.816+0000 7efceb7fe700 1 -- 172.21.15.154:0/2549587379 <== mon.0 v2:172.21.15.154:3300/0 2 ==== config(25 keys) v1 ==== 1010+0+0 (secure 0 0 0) 0x7efce000dbd0 con 0x7efcec070430
2024-01-16T17:10:36.799 INFO:teuthology.orchestra.run.smithi154.stderr:/usr/bin/ceph:
2024-01-16T17:10:36.816+0000 7efceb7fe700 1 -- 172.21.15.154:0/2549587379 <== mon.0 v2:172.21.15.154:3300/0 3 ==== mon_map magic: 0 v1 ==== 229+0+0 (secure 0 0 0) 0x7efce0011c00 con 0x7efcec070430
2024-01-16T17:10:36.799 INFO:teuthology.orchestra.run.smithi154.stderr:/usr/bin/ceph:
2024-01-16T17:10:36.816+0000 7efcf2cfc700 1 -- 172.21.15.154:0/2549587379 >> [v2:172.21.15.154:3300/0,v1:172.21.15.154:6789/0] conn(0x7efcec070430 msgr2=0x7efcec0fe8e0 secure :-1 s=STATE_CONNECTION_ESTABLISHED l=1).mark_down
2024-01-16T17:10:36.799 INFO:teuthology.orchestra.run.smithi154.stderr:/usr/bin/ceph:
2024-01-16T17:10:36.816+0000 7efcf2cfc700 1 --2- 172.21.15.154:0/2549587379 >> [v2:172.21.15.154:3300/0,v1:172.21.15.154:6789/0] conn(0x7efcec070430 0x7efcec0fe8e0 secure :-1 s=READY pgs=41 cs=0 l=1 rev1=1 rx=0x7efce000b5f0 tx=0x7efce0006ee0).stop
2024-01-16T17:10:36.799 INFO:teuthology.orchestra.run.smithi154.stderr:/usr/bin/ceph:
2024-01-16T17:10:36.817+0000 7efcf2cfc700 1 -- 172.21.15.154:0/2549587379 shutdown_connections
2024-01-16T17:10:36.799 INFO:teuthology.orchestra.run.smithi154.stderr:/usr/bin/ceph:
2024-01-16T17:10:36.817+0000 7efcf2cfc700 1 --2- 172.21.15.154:0/2549587379 >> [v2:172.21.15.154:3300/0,v1:172.21.15.154:6789/0] conn(0x7efcec070430 0x7efcec0fe8e0 unknown :-1 s=CLOSED pgs=41 cs=0 l=1 rev1=1 rx=0 tx=0).stop
2024-01-16T17:10:36.799 INFO:teuthology.orchestra.run.smithi154.stderr:/usr/bin/ceph:
2024-01-16T17:10:36.817+0000 7efcf2cfc700 1 -- 172.21.15.154:0/2549587379 >> 172.21.15.154:0/2549587379 conn(0x7efcec0f63c0 msgr2=0x7efcec0f87e0 unknown :-1 s=STATE_NONE l=0).mark_down
2024-01-16T17:10:36.800 INFO:teuthology.orchestra.run.smithi154.stderr:/usr/bin/ceph:
2024-01-16T17:10:36.817+0000 7efcf2cfc700 1 -- 172.21.15.154:0/2549587379 shutdown_connections
2024-01-16T17:10:36.800 INFO:teuthology.orchestra.run.smithi154.stderr:/usr/bin/ceph:
2024-01-16T17:10:36.817+0000 7efcf2cfc700 1 -- 172.21.15.154:0/2549587379 wait complete.
2024-01-16T17:10:36.800 INFO:teuthology.orchestra.run.smithi154.stderr:/usr/bin/ceph:
2024-01-16T17:10:36.817+0000 7efcf2cfc700 1 Processor -- start
2024-01-16T17:10:36.800 INFO:teuthology.orchestra.run.smithi154.stderr:/usr/bin/ceph:
2024-01-16T17:10:36.817+0000 7efcf2cfc700 1 -- start start
2024-01-16T17:10:36.800 INFO:teuthology.orchestra.run.smithi154.stderr:/usr/bin/ceph:
2024-01-16T17:10:36.818+0000 7efcf2cfc700 1 --2- >> [v2:172.21.15.154:3300/0,v1:172.21.15.154:6789/0] conn(0x7efcec070430 0x7efcec10aa40 unknown :-1 s=NONE pgs=0 cs=0 l=1 rev1=0 rx=0 tx=0).connect
2024-01-16T17:10:36.801 INFO:teuthology.orchestra.run.smithi154.stderr:/usr/bin/ceph:
2024-01-16T17:10:36.818+0000 7efcf2cfc700 1 -- --> [v2:172.21.15.154:3300/0,v1:172.21.15.154:6789/0] -- mon_getmap magic: 0 v1 -- 0x7efcec10af30 con 0x7efcec070430
2024-01-16T17:10:36.801 INFO:teuthology.orchestra.run.smithi154.stderr:/usr/bin/ceph:
2024-01-16T17:10:36.818+0000 7efcf0a98700 1 --2- >> [v2:172.21.15.154:3300/0,v1:172.21.15.154:6789/0] conn(0x7efcec070430 0x7efcec10aa40 unknown :-1 s=BANNER_CONNECTING pgs=0 cs=0 l=1 rev1=0 rx=0 tx=0)._handle_peer_banner_payload supported=1 required=0
2024-01-16T17:10:36.801 INFO:teuthology.orchestra.run.smithi154.stderr:/usr/bin/ceph:
2024-01-16T17:10:36.818+0000 7efcf0a98700 1 --2- >> [v2:172.21.15.154:3300/0,v1:172.21.15.154:6789/0] conn(0x7efcec070430 0x7efcec10aa40 unknown :-1 s=HELLO_CONNECTING pgs=0 cs=0 l=1 rev1=1 rx=0 tx=0).handle_hello peer v2:172.21.15.154:3300/0 says I am v2:172.21.15.154:43442/0 (socket says 172.21.15.154:43442)
2024-01-16T17:10:36.801 INFO:teuthology.orchestra.run.smithi154.stderr:/usr/bin/ceph:
2024-01-16T17:10:36.818+0000 7efcf0a98700 1 -- 172.21.15.154:0/3665473977 learned_addr learned my addr 172.21.15.154:0/3665473977 (peer_addr_for_me v2:172.21.15.154:0/0)
2024-01-16T17:10:36.801 INFO:teuthology.orchestra.run.smithi154.stderr:/usr/bin/ceph:
2024-01-16T17:10:36.818+0000 7efcf0a98700 1 -- 172.21.15.154:0/3665473977 --> [v2:172.21.15.154:3300/0,v1:172.21.15.154:6789/0] -- mon_subscribe({config=0+,monmap=0+}) v3 -- 0x7efce000b200 con 0x7efcec070430
2024-01-16T17:10:36.801 INFO:teuthology.orchestra.run.smithi154.stderr:/usr/bin/ceph:
2024-01-16T17:10:36.818+0000 7efcf0a98700 1 --2- 172.21.15.154:0/3665473977 >> [v2:172.21.15.154:3300/0,v1:172.21.15.154:6789/0] conn(0x7efcec070430 0x7efcec10aa40 secure :-1 s=READY pgs=42 cs=0 l=1 rev1=1 rx=0x7efce000e040 tx=0x7efce0006ee0).ready entity=mon.0 client_cookie=0 server_cookie=0 in_seq=0 out_seq=0
2024-01-16T17:10:36.801 INFO:teuthology.orchestra.run.smithi154.stderr:/usr/bin/ceph:
2024-01-16T17:10:36.818+0000 7efce97fa700 1 -- 172.21.15.154:0/3665473977 <== mon.0 v2:172.21.15.154:3300/0 1 ==== mon_map magic: 0 v1 ==== 229+0+0 (secure 0 0 0) 0x7efce000d9f0 con 0x7efcec070430
2024-01-16T17:10:36.801 INFO:teuthology.orchestra.run.smithi154.stderr:/usr/bin/ceph:
2024-01-16T17:10:36.819+0000 7efce97fa700 1 -- 172.21.15.154:0/3665473977 <== mon.0 v2:172.21.15.154:3300/0 2 ==== config(25 keys) v1 ==== 1010+0+0 (secure 0 0 0) 0x7efce001a9f0 con 0x7efcec070430
2024-01-16T17:10:36.801 INFO:teuthology.orchestra.run.smithi154.stderr:/usr/bin/ceph:
2024-01-16T17:10:36.819+0000 7efcf2cfc700 1 -- 172.21.15.154:0/3665473977 --> [v2:172.21.15.154:3300/0,v1:172.21.15.154:6789/0] -- mon_subscribe({mgrmap=0+}) v3 -- 0x7efcec10b130 con 0x7efcec070430
2024-01-16T17:10:36.801 INFO:teuthology.orchestra.run.smithi154.stderr:/usr/bin/ceph:
2024-01-16T17:10:36.819+0000 7efce97fa700 1 -- 172.21.15.154:0/3665473977 <== mon.0 v2:172.21.15.154:3300/0 3 ==== mon_map magic: 0 v1 ==== 229+0+0 (secure 0 0 0) 0x7efce001b8c0 con 0x7efcec070430
2024-01-16T17:10:36.801 INFO:teuthology.orchestra.run.smithi154.stderr:/usr/bin/ceph:
2024-01-16T17:10:36.819+0000 7efcf2cfc700 1 -- 172.21.15.154:0/3665473977 --> [v2:172.21.15.154:3300/0,v1:172.21.15.154:6789/0] -- mon_subscribe({osdmap=0}) v3 -- 0x7efcec10b540 con 0x7efcec070430
2024-01-16T17:10:36.802 INFO:teuthology.orchestra.run.smithi154.stderr:/usr/bin/ceph:
2024-01-16T17:10:36.819+0000 7efce97fa700 1 -- 172.21.15.154:0/3665473977 <== mon.0 v2:172.21.15.154:3300/0 4 ==== mgrmap(e 7) v1 ==== 36120+0+0 (secure 0 0 0) 0x7efce000f070 con 0x7efcec070430
2024-01-16T17:10:36.802 INFO:teuthology.orchestra.run.smithi154.stderr:/usr/bin/ceph:
2024-01-16T17:10:36.819+0000 7efce97fa700 1 --2- 172.21.15.154:0/3665473977 >> [v2:172.21.15.154:6800/3611230081,v1:172.21.15.154:6801/3611230081] conn(0x7efcd002fdb0 0x7efcd0032270 unknown :-1 s=NONE pgs=0 cs=0 l=1 rev1=0 rx=0 tx=0).connect
2024-01-16T17:10:36.802 INFO:teuthology.orchestra.run.smithi154.stderr:/usr/bin/ceph:
2024-01-16T17:10:36.819+0000 7efcf2cfc700 1 -- 172.21.15.154:0/3665473977 --> [v2:172.21.15.154:3300/0,v1:172.21.15.154:6789/0] -- mon_command({"prefix": "get_command_descriptions"} v 0) v1 -- 0x7efcec045ad0 con 0x7efcec070430
2024-01-16T17:10:36.802 INFO:teuthology.orchestra.run.smithi154.stderr:/usr/bin/ceph:
2024-01-16T17:10:36.820+0000 7efce97fa700 1 -- 172.21.15.154:0/3665473977 <== mon.0 v2:172.21.15.154:3300/0 5 ==== osd_map(2..2 src has 1..2) v4 ==== 926+0+0 (secure 0 0 0) 0x7efce00420c0 con 0x7efcec070430
2024-01-16T17:10:36.802 INFO:teuthology.orchestra.run.smithi154.stderr:/usr/bin/ceph:
2024-01-16T17:10:36.820+0000 7efcebfff700 1 --2- 172.21.15.154:0/3665473977 >> [v2:172.21.15.154:6800/3611230081,v1:172.21.15.154:6801/3611230081] conn(0x7efcd002fdb0 0x7efcd0032270 unknown :-1 s=BANNER_CONNECTING pgs=0 cs=0 l=1 rev1=0 rx=0 tx=0)._handle_peer_banner_payload supported=1 required=0
2024-01-16T17:10:36.802 INFO:teuthology.orchestra.run.smithi154.stderr:/usr/bin/ceph:
2024-01-16T17:10:36.820+0000 7efcebfff700 1 --2- 172.21.15.154:0/3665473977 >> [v2:172.21.15.154:6800/3611230081,v1:172.21.15.154:6801/3611230081] conn(0x7efcd002fdb0 0x7efcd0032270 secure :-1 s=READY pgs=12 cs=0 l=1 rev1=1 rx=0x7efcd80096a0 tx=0x7efcd8006b40).ready entity=mgr.14114 client_cookie=0 server_cookie=0 in_seq=0 out_seq=0
2024-01-16T17:10:36.804 INFO:teuthology.orchestra.run.smithi154.stderr:/usr/bin/ceph:
2024-01-16T17:10:36.824+0000 7efce97fa700 1 -- 172.21.15.154:0/3665473977 <== mon.0 v2:172.21.15.154:3300/0 6 ==== mon_command_ack([{"prefix": "get_command_descriptions"}]=0 v0) v1 ==== 72+0+152212 (secure 0 0 0) 0x7efce0016020 con 0x7efcec070430
2024-01-16T17:10:36.980 INFO:teuthology.orchestra.run.smithi154.stderr:/usr/bin/ceph:
2024-01-16T17:10:36.998+0000 7efcf2cfc700 1 -- 172.21.15.154:0/3665473977 --> [v2:172.21.15.154:6800/3611230081,v1:172.21.15.154:6801/3611230081] -- mgr_command(tid 0: {"prefix": "orch apply", "service_type": "mgr", "target": ["mon-mgr", ""]}) v1 -- 0x7efcec10be20 con 0x7efcd002fdb0
2024-01-16T17:10:36.983 INFO:teuthology.orchestra.run.smithi154.stderr:/usr/bin/ceph:
2024-01-16T17:10:37.002+0000 7efce97fa700 1 -- 172.21.15.154:0/3665473977 <== mgr.14114 v2:172.21.15.154:6800/3611230081 1 ==== mgr_command_reply(tid 0: 0 ) v1 ==== 8+0+24 (secure 0 0 0) 0x7efcec10be20 con 0x7efcd002fdb0
2024-01-16T17:10:36.983 INFO:teuthology.orchestra.run.smithi154.stderr:/usr/bin/ceph: Scheduled mgr update...
2024-01-16T17:10:36.986 INFO:teuthology.orchestra.run.smithi154.stderr:/usr/bin/ceph:
2024-01-16T17:10:37.004+0000 7efcf2cfc700 1 -- 172.21.15.154:0/3665473977 >> [v2:172.21.15.154:6800/3611230081,v1:172.21.15.154:6801/3611230081] conn(0x7efcd002fdb0 msgr2=0x7efcd0032270 secure :-1 s=STATE_CONNECTION_ESTABLISHED l=1).mark_down
2024-01-16T17:10:36.986 INFO:teuthology.orchestra.run.smithi154.stderr:/usr/bin/ceph:
2024-01-16T17:10:37.004+0000 7efcf2cfc700 1 --2- 172.21.15.154:0/3665473977 >> [v2:172.21.15.154:6800/3611230081,v1:172.21.15.154:6801/3611230081] conn(0x7efcd002fdb0 0x7efcd0032270 secure :-1 s=READY pgs=12 cs=0 l=1 rev1=1 rx=0x7efcd80096a0 tx=0x7efcd8006b40).stop
2024-01-16T17:10:36.986 INFO:teuthology.orchestra.run.smithi154.stderr:/usr/bin/ceph:
2024-01-16T17:10:37.004+0000 7efcf2cfc700 1 -- 172.21.15.154:0/3665473977 >> [v2:172.21.15.154:3300/0,v1:172.21.15.154:6789/0] conn(0x7efcec070430 msgr2=0x7efcec10aa40 secure :-1 s=STATE_CONNECTION_ESTABLISHED l=1).mark_down
2024-01-16T17:10:36.986 INFO:teuthology.orchestra.run.smithi154.stderr:/usr/bin/ceph:
2024-01-16T17:10:37.004+0000 7efcf2cfc700 1 --2- 172.21.15.154:0/3665473977 >> [v2:172.21.15.154:3300/0,v1:172.21.15.154:6789/0] conn(0x7efcec070430 0x7efcec10aa40 secure :-1 s=READY pgs=42 cs=0 l=1 rev1=1 rx=0x7efce000e040 tx=0x7efce0006ee0).stop
2024-01-16T17:10:36.986 INFO:teuthology.orchestra.run.smithi154.stderr:/usr/bin/ceph:
2024-01-16T17:10:37.004+0000 7efcf2cfc700 1 -- 172.21.15.154:0/3665473977 shutdown_connections
2024-01-16T17:10:36.986 INFO:teuthology.orchestra.run.smithi154.stderr:/usr/bin/ceph:
2024-01-16T17:10:37.004+0000 7efcf2cfc700 1 --2- 172.21.15.154:0/3665473977 >> [v2:172.21.15.154:6800/3611230081,v1:172.21.15.154:6801/3611230081] conn(0x7efcd002fdb0 0x7efcd0032270 unknown :-1 s=CLOSED pgs=12 cs=0 l=1 rev1=1 rx=0 tx=0).stop
2024-01-16T17:10:36.987 INFO:teuthology.orchestra.run.smithi154.stderr:/usr/bin/ceph:
2024-01-16T17:10:37.004+0000 7efcf2cfc700 1 --2- 172.21.15.154:0/3665473977 >> [v2:172.21.15.154:3300/0,v1:172.21.15.154:6789/0] conn(0x7efcec070430 0x7efcec10aa40 unknown :-1 s=CLOSED pgs=42 cs=0 l=1 rev1=1 rx=0 tx=0).stop
2024-01-16T17:10:36.987 INFO:teuthology.orchestra.run.smithi154.stderr:/usr/bin/ceph:
2024-01-16T17:10:37.004+0000 7efcf2cfc700 1 -- 172.21.15.154:0/3665473977 >> 172.21.15.154:0/3665473977 conn(0x7efcec0f63c0 msgr2=0x7efcec0f7f60 unknown :-1 s=STATE_NONE l=0).mark_down
2024-01-16T17:10:36.987 INFO:teuthology.orchestra.run.smithi154.stderr:/usr/bin/ceph:
2024-01-16T17:10:37.004+0000 7efcf2cfc700 1 -- 172.21.15.154:0/3665473977 shutdown_connections
2024-01-16T17:10:36.987 INFO:teuthology.orchestra.run.smithi154.stderr:/usr/bin/ceph:
2024-01-16T17:10:37.004+0000 7efcf2cfc700 1 -- 172.21.15.154:0/3665473977 wait complete.
2024-01-16T17:10:37.361 INFO:teuthology.orchestra.run.smithi154.stderr:Deploying crash service with default placement...
2024-01-16T17:10:37.362 INFO:teuthology.orchestra.run.smithi154.stderr:Running command: /bin/podman run --rm --ipc=host --no-hosts --net=host --entrypoint /usr/bin/ceph --init -e CONTAINER_IMAGE=docker.io/ceph/ceph:v16.2.4 -e NODE_NAME=smithi154 -e CEPH_USE_RANDOM_NONCE=1 -v /var/log/ceph/059f8940-b492-11ee-95ae-87774f69a715:/var/log/ceph:z -v /tmp/ceph-tmplbjoqvqr:/etc/ceph/ceph.client.admin.keyring:z -v /tmp/ceph-tmpq82nhrg6:/etc/ceph/ceph.conf:z docker.io/ceph/ceph:v16.2.4 orch apply crash
2024-01-16T17:10:37.695 INFO:teuthology.orchestra.run.smithi154.stderr:/usr/bin/ceph:
2024-01-16T17:10:37.711+0000 7f667b59e700 1 Processor -- start
2024-01-16T17:10:37.695 INFO:teuthology.orchestra.run.smithi154.stderr:/usr/bin/ceph:
2024-01-16T17:10:37.711+0000 7f667b59e700 1 -- start start
2024-01-16T17:10:37.695 INFO:teuthology.orchestra.run.smithi154.stderr:/usr/bin/ceph:
2024-01-16T17:10:37.711+0000 7f667b59e700 1 --2- >> [v2:172.21.15.154:3300/0,v1:172.21.15.154:6789/0] conn(0x7f667c0703d0 0x7f667c100b90 unknown :-1 s=NONE pgs=0 cs=0 l=0 rev1=0 rx=0 tx=0).connect
2024-01-16T17:10:37.695 INFO:teuthology.orchestra.run.smithi154.stderr:/usr/bin/ceph:
2024-01-16T17:10:37.711+0000 7f667b59e700 1 -- --> [v2:172.21.15.154:3300/0,v1:172.21.15.154:6789/0] -- mon_getmap magic: 0 v1 -- 0x7f667c0fc580 con 0x7f667c0703d0
2024-01-16T17:10:37.695 INFO:teuthology.orchestra.run.smithi154.stderr:/usr/bin/ceph:
2024-01-16T17:10:37.711+0000 7f667a59c700 1 --2- >> [v2:172.21.15.154:3300/0,v1:172.21.15.154:6789/0] conn(0x7f667c0703d0 0x7f667c100b90 unknown :-1 s=BANNER_CONNECTING pgs=0 cs=0 l=0 rev1=0 rx=0 tx=0)._handle_peer_banner_payload supported=1 required=0
2024-01-16T17:10:37.695 INFO:teuthology.orchestra.run.smithi154.stderr:/usr/bin/ceph:
2024-01-16T17:10:37.711+0000 7f667a59c700 1 --2- >> [v2:172.21.15.154:3300/0,v1:172.21.15.154:6789/0] conn(0x7f667c0703d0 0x7f667c100b90 unknown :-1 s=HELLO_CONNECTING pgs=0 cs=0 l=0 rev1=1 rx=0 tx=0).handle_hello peer v2:172.21.15.154:3300/0 says I am v2:172.21.15.154:43450/0 (socket says 172.21.15.154:43450)
2024-01-16T17:10:37.695 INFO:teuthology.orchestra.run.smithi154.stderr:/usr/bin/ceph:
2024-01-16T17:10:37.711+0000 7f667a59c700 1 -- 172.21.15.154:0/2695171942 learned_addr learned my addr 172.21.15.154:0/2695171942 (peer_addr_for_me v2:172.21.15.154:0/0)
2024-01-16T17:10:37.696 INFO:teuthology.orchestra.run.smithi154.stderr:/usr/bin/ceph:
2024-01-16T17:10:37.712+0000 7f667a59c700 1 -- 172.21.15.154:0/2695171942 --> [v2:172.21.15.154:3300/0,v1:172.21.15.154:6789/0] -- mon_subscribe({config=0+,monmap=0+}) v3 -- 0x7f667c101080 con 0x7f667c0703d0
2024-01-16T17:10:37.696 INFO:teuthology.orchestra.run.smithi154.stderr:/usr/bin/ceph:
2024-01-16T17:10:37.712+0000 7f667a59c700 1 --2- 172.21.15.154:0/2695171942 >> [v2:172.21.15.154:3300/0,v1:172.21.15.154:6789/0] conn(0x7f667c0703d0 0x7f667c100b90 secure :-1 s=READY pgs=43 cs=0 l=1 rev1=1 rx=0x7f666c00b5f0 tx=0x7f666c006ee0).ready entity=mon.0 client_cookie=15f69e3e8c4411bf server_cookie=0 in_seq=0 out_seq=0
2024-01-16T17:10:37.696 INFO:teuthology.orchestra.run.smithi154.stderr:/usr/bin/ceph:
2024-01-16T17:10:37.712+0000 7f667959a700 1 -- 172.21.15.154:0/2695171942 <== mon.0 v2:172.21.15.154:3300/0 1 ==== mon_map magic: 0 v1 ==== 229+0+0 (secure 0 0 0) 0x7f666c00d600 con 0x7f667c0703d0
2024-01-16T17:10:37.696 INFO:teuthology.orchestra.run.smithi154.stderr:/usr/bin/ceph:
2024-01-16T17:10:37.712+0000 7f667959a700 1 -- 172.21.15.154:0/2695171942 <== mon.0 v2:172.21.15.154:3300/0 2 ==== config(25 keys) v1 ==== 1010+0+0 (secure 0 0 0) 0x7f666c00dbd0 con 0x7f667c0703d0
2024-01-16T17:10:37.696 INFO:teuthology.orchestra.run.smithi154.stderr:/usr/bin/ceph:
2024-01-16T17:10:37.712+0000 7f667959a700 1 -- 172.21.15.154:0/2695171942 <== mon.0 v2:172.21.15.154:3300/0 3 ==== mon_map magic: 0 v1 ==== 229+0+0 (secure 0 0 0) 0x7f666c011c00 con 0x7f667c0703d0
2024-01-16T17:10:37.696 INFO:teuthology.orchestra.run.smithi154.stderr:/usr/bin/ceph:
2024-01-16T17:10:37.712+0000 7f667b59e700 1 -- 172.21.15.154:0/2695171942 >> [v2:172.21.15.154:3300/0,v1:172.21.15.154:6789/0] conn(0x7f667c0703d0 msgr2=0x7f667c100b90 secure :-1 s=STATE_CONNECTION_ESTABLISHED l=1).mark_down
2024-01-16T17:10:37.696 INFO:teuthology.orchestra.run.smithi154.stderr:/usr/bin/ceph:
2024-01-16T17:10:37.712+0000 7f667b59e700 1 --2- 172.21.15.154:0/2695171942 >> [v2:172.21.15.154:3300/0,v1:172.21.15.154:6789/0] conn(0x7f667c0703d0 0x7f667c100b90 secure :-1 s=READY pgs=43 cs=0 l=1 rev1=1 rx=0x7f666c00b5f0 tx=0x7f666c006ee0).stop
2024-01-16T17:10:37.696 INFO:teuthology.orchestra.run.smithi154.stderr:/usr/bin/ceph:
2024-01-16T17:10:37.712+0000 7f667b59e700 1 -- 172.21.15.154:0/2695171942 shutdown_connections
2024-01-16T17:10:37.696 INFO:teuthology.orchestra.run.smithi154.stderr:/usr/bin/ceph:
2024-01-16T17:10:37.712+0000 7f667b59e700 1 --2- 172.21.15.154:0/2695171942 >> [v2:172.21.15.154:3300/0,v1:172.21.15.154:6789/0] conn(0x7f667c0703d0 0x7f667c100b90 unknown :-1 s=CLOSED pgs=43 cs=0 l=1 rev1=1 rx=0 tx=0).stop
2024-01-16T17:10:37.696 INFO:teuthology.orchestra.run.smithi154.stderr:/usr/bin/ceph:
2024-01-16T17:10:37.712+0000 7f667b59e700 1 -- 172.21.15.154:0/2695171942 >> 172.21.15.154:0/2695171942 conn(0x7f667c0f6210 msgr2=0x7f667c0f8630 unknown :-1 s=STATE_NONE l=0).mark_down
2024-01-16T17:10:37.696 INFO:teuthology.orchestra.run.smithi154.stderr:/usr/bin/ceph:
2024-01-16T17:10:37.712+0000 7f667b59e700 1 -- 172.21.15.154:0/2695171942 shutdown_connections
2024-01-16T17:10:37.696 INFO:teuthology.orchestra.run.smithi154.stderr:/usr/bin/ceph:
2024-01-16T17:10:37.713+0000 7f667b59e700 1 -- 172.21.15.154:0/2695171942 wait complete.
2024-01-16T17:10:37.696 INFO:teuthology.orchestra.run.smithi154.stderr:/usr/bin/ceph:
2024-01-16T17:10:37.713+0000 7f667b59e700 1 Processor -- start
2024-01-16T17:10:37.696 INFO:teuthology.orchestra.run.smithi154.stderr:/usr/bin/ceph:
2024-01-16T17:10:37.713+0000 7f667b59e700 1 -- start start
2024-01-16T17:10:37.696 INFO:teuthology.orchestra.run.smithi154.stderr:/usr/bin/ceph:
2024-01-16T17:10:37.713+0000 7f667b59e700 1 --2- >> [v2:172.21.15.154:3300/0,v1:172.21.15.154:6789/0] conn(0x7f667c0703d0 0x7f667c10ca80 unknown :-1 s=NONE pgs=0 cs=0 l=1 rev1=0 rx=0 tx=0).connect
2024-01-16T17:10:37.697 INFO:teuthology.orchestra.run.smithi154.stderr:/usr/bin/ceph:
2024-01-16T17:10:37.713+0000 7f667b59e700 1 -- --> [v2:172.21.15.154:3300/0,v1:172.21.15.154:6789/0] -- mon_getmap magic: 0 v1 -- 0x7f667c10cf70 con 0x7f667c0703d0
2024-01-16T17:10:37.697 INFO:teuthology.orchestra.run.smithi154.stderr:/usr/bin/ceph:
2024-01-16T17:10:37.713+0000 7f667a59c700 1 --2- >> [v2:172.21.15.154:3300/0,v1:172.21.15.154:6789/0] conn(0x7f667c0703d0 0x7f667c10ca80 unknown :-1 s=BANNER_CONNECTING pgs=0 cs=0 l=1 rev1=0 rx=0 tx=0)._handle_peer_banner_payload supported=1 required=0
2024-01-16T17:10:37.697 INFO:teuthology.orchestra.run.smithi154.stderr:/usr/bin/ceph:
2024-01-16T17:10:37.713+0000 7f667a59c700 1 --2- >> [v2:172.21.15.154:3300/0,v1:172.21.15.154:6789/0] conn(0x7f667c0703d0 0x7f667c10ca80 unknown :-1 s=HELLO_CONNECTING pgs=0 cs=0 l=1 rev1=1 rx=0 tx=0).handle_hello peer v2:172.21.15.154:3300/0 says I am v2:172.21.15.154:43460/0 (socket says 172.21.15.154:43460)
2024-01-16T17:10:37.697 INFO:teuthology.orchestra.run.smithi154.stderr:/usr/bin/ceph:
2024-01-16T17:10:37.713+0000 7f667a59c700 1 -- 172.21.15.154:0/2206429715 learned_addr learned my addr 172.21.15.154:0/2206429715 (peer_addr_for_me v2:172.21.15.154:0/0)
2024-01-16T17:10:37.697 INFO:teuthology.orchestra.run.smithi154.stderr:/usr/bin/ceph:
2024-01-16T17:10:37.714+0000 7f667a59c700 1 -- 172.21.15.154:0/2206429715 --> [v2:172.21.15.154:3300/0,v1:172.21.15.154:6789/0] -- mon_subscribe({config=0+,monmap=0+}) v3 -- 0x7f666c00b200 con 0x7f667c0703d0
2024-01-16T17:10:37.697 INFO:teuthology.orchestra.run.smithi154.stderr:/usr/bin/ceph:
2024-01-16T17:10:37.714+0000 7f667a59c700 1 --2- 172.21.15.154:0/2206429715 >> [v2:172.21.15.154:3300/0,v1:172.21.15.154:6789/0] conn(0x7f667c0703d0 0x7f667c10ca80 secure :-1 s=READY pgs=44 cs=0 l=1 rev1=1 rx=0x7f666c00e040 tx=0x7f666c006ee0).ready entity=mon.0 client_cookie=0 server_cookie=0 in_seq=0 out_seq=0
2024-01-16T17:10:37.697 INFO:teuthology.orchestra.run.smithi154.stderr:/usr/bin/ceph:
2024-01-16T17:10:37.714+0000 7f666affd700 1 -- 172.21.15.154:0/2206429715 <== mon.0 v2:172.21.15.154:3300/0 1 ==== mon_map magic: 0 v1 ==== 229+0+0 (secure 0 0 0) 0x7f666c00d9f0 con 0x7f667c0703d0
2024-01-16T17:10:37.697 INFO:teuthology.orchestra.run.smithi154.stderr:/usr/bin/ceph:
2024-01-16T17:10:37.714+0000 7f666affd700 1 -- 172.21.15.154:0/2206429715 <== mon.0 v2:172.21.15.154:3300/0 2 ==== config(25 keys) v1 ==== 1010+0+0 (secure 0 0 0) 0x7f666c01a9f0 con 0x7f667c0703d0
2024-01-16T17:10:37.697 INFO:teuthology.orchestra.run.smithi154.stderr:/usr/bin/ceph:
2024-01-16T17:10:37.714+0000 7f667b59e700 1 -- 172.21.15.154:0/2206429715 --> [v2:172.21.15.154:3300/0,v1:172.21.15.154:6789/0] -- mon_subscribe({mgrmap=0+}) v3 -- 0x7f667c10d170 con 0x7f667c0703d0
2024-01-16T17:10:37.697 INFO:teuthology.orchestra.run.smithi154.stderr:/usr/bin/ceph:
2024-01-16T17:10:37.714+0000 7f666affd700 1 -- 172.21.15.154:0/2206429715 <== mon.0 v2:172.21.15.154:3300/0 3 ==== mon_map magic: 0 v1 ==== 229+0+0 (secure 0 0 0) 0x7f666c01b8c0 con 0x7f667c0703d0
2024-01-16T17:10:37.697 INFO:teuthology.orchestra.run.smithi154.stderr:/usr/bin/ceph:
2024-01-16T17:10:37.714+0000 7f667b59e700 1 -- 172.21.15.154:0/2206429715 --> [v2:172.21.15.154:3300/0,v1:172.21.15.154:6789/0] -- mon_subscribe({osdmap=0}) v3 -- 0x7f667c10d580 con 0x7f667c0703d0
2024-01-16T17:10:37.698 INFO:teuthology.orchestra.run.smithi154.stderr:/usr/bin/ceph:
2024-01-16T17:10:37.715+0000 7f666affd700 1 -- 172.21.15.154:0/2206429715 <== mon.0 v2:172.21.15.154:3300/0 4 ==== mgrmap(e 7) v1 ==== 36120+0+0 (secure 0 0 0) 0x7f666c00f070 con 0x7f667c0703d0
2024-01-16T17:10:37.698 INFO:teuthology.orchestra.run.smithi154.stderr:/usr/bin/ceph:
2024-01-16T17:10:37.715+0000 7f667b59e700 1 -- 172.21.15.154:0/2206429715 --> [v2:172.21.15.154:3300/0,v1:172.21.15.154:6789/0] -- mon_command({"prefix": "get_command_descriptions"} v 0) v1 -- 0x7f667c045ad0 con 0x7f667c0703d0
2024-01-16T17:10:37.698 INFO:teuthology.orchestra.run.smithi154.stderr:/usr/bin/ceph:
2024-01-16T17:10:37.715+0000 7f666affd700 1 --2- 172.21.15.154:0/2206429715 >> [v2:172.21.15.154:6800/3611230081,v1:172.21.15.154:6801/3611230081] conn(0x7f666002fd50 0x7f6660032210 unknown :-1 s=NONE pgs=0 cs=0 l=1 rev1=0 rx=0 tx=0).connect
2024-01-16T17:10:37.698 INFO:teuthology.orchestra.run.smithi154.stderr:/usr/bin/ceph:
2024-01-16T17:10:37.715+0000 7f666affd700 1 -- 172.21.15.154:0/2206429715 <== mon.0 v2:172.21.15.154:3300/0 5 ==== osd_map(2..2 src has 1..2) v4 ==== 926+0+0 (secure 0 0 0) 0x7f666c0413e0 con 0x7f667c0703d0
2024-01-16T17:10:37.698 INFO:teuthology.orchestra.run.smithi154.stderr:/usr/bin/ceph:
2024-01-16T17:10:37.715+0000 7f6679d9b700 1 --2- 172.21.15.154:0/2206429715 >> [v2:172.21.15.154:6800/3611230081,v1:172.21.15.154:6801/3611230081] conn(0x7f666002fd50 0x7f6660032210 unknown :-1 s=BANNER_CONNECTING pgs=0 cs=0 l=1 rev1=0 rx=0 tx=0)._handle_peer_banner_payload supported=1 required=0
2024-01-16T17:10:37.698 INFO:teuthology.orchestra.run.smithi154.stderr:/usr/bin/ceph:
2024-01-16T17:10:37.715+0000 7f6679d9b700 1 --2- 172.21.15.154:0/2206429715 >> [v2:172.21.15.154:6800/3611230081,v1:172.21.15.154:6801/3611230081] conn(0x7f666002fd50 0x7f6660032210 secure :-1 s=READY pgs=13 cs=0 l=1 rev1=1 rx=0x7f66700096a0 tx=0x7f6670006b40).ready entity=mgr.14114 client_cookie=0 server_cookie=0 in_seq=0 out_seq=0
2024-01-16T17:10:37.700 INFO:teuthology.orchestra.run.smithi154.stderr:/usr/bin/ceph:
2024-01-16T17:10:37.719+0000 7f666affd700 1 -- 172.21.15.154:0/2206429715 <== mon.0 v2:172.21.15.154:3300/0 6 ==== mon_command_ack([{"prefix": "get_command_descriptions"}]=0 v0) v1 ==== 72+0+152212 (secure 0 0 0) 0x7f666c0224f0 con 0x7f667c0703d0
2024-01-16T17:10:37.709 INFO:journalctl@ceph.mon.smithi154.smithi154.stdout:Jan 16 17:10:37 smithi154 ceph-059f8940-b492-11ee-95ae-87774f69a715-mon.smithi154[67522]: audit
2024-01-16T17:10:36.103502+0000 mgr.smithi154.sllivz (mgr.14114) 10 : audit [DBG] from='client.14134 -' entity='client.admin' cmd=[{"prefix": "orch apply", "service_type": "mon", "target": ["mon-mgr", ""]}]: dispatch
2024-01-16T17:10:37.710 INFO:journalctl@ceph.mon.smithi154.smithi154.stdout:Jan 16 17:10:37 smithi154 ceph-059f8940-b492-11ee-95ae-87774f69a715-mon.smithi154[67522]: cephadm
2024-01-16T17:10:36.104187+0000 mgr.smithi154.sllivz (mgr.14114) 11 : cephadm [INF] Saving service mon spec with placement count:5
2024-01-16T17:10:37.710 INFO:journalctl@ceph.mon.smithi154.smithi154.stdout:Jan 16 17:10:37 smithi154 ceph-059f8940-b492-11ee-95ae-87774f69a715-mon.smithi154[67522]: audit
2024-01-16T17:10:37.002695+0000 mon.smithi154 (mon.0) 56 : audit [INF] from='mgr.14114 172.21.15.154:0/4220626083' entity='mgr.smithi154.sllivz'
2024-01-16T17:10:37.875 INFO:teuthology.orchestra.run.smithi154.stderr:/usr/bin/ceph:
2024-01-16T17:10:37.894+0000 7f667b59e700 1 -- 172.21.15.154:0/2206429715 --> [v2:172.21.15.154:6800/3611230081,v1:172.21.15.154:6801/3611230081] -- mgr_command(tid 0: {"prefix": "orch apply", "service_type": "crash", "target": ["mon-mgr", ""]}) v1 -- 0x7f667c10dec0 con 0x7f666002fd50
2024-01-16T17:10:37.879 INFO:teuthology.orchestra.run.smithi154.stderr:/usr/bin/ceph:
2024-01-16T17:10:37.898+0000 7f666affd700 1 -- 172.21.15.154:0/2206429715 <== mgr.14114 v2:172.21.15.154:6800/3611230081 1 ==== mgr_command_reply(tid 0: 0 ) v1 ==== 8+0+26 (secure 0 0 0) 0x7f667c10dec0 con 0x7f666002fd50
2024-01-16T17:10:37.879 INFO:teuthology.orchestra.run.smithi154.stderr:/usr/bin/ceph: Scheduled crash update...
2024-01-16T17:10:37.881 INFO:teuthology.orchestra.run.smithi154.stderr:/usr/bin/ceph:
2024-01-16T17:10:37.899+0000 7f667b59e700 1 -- 172.21.15.154:0/2206429715 >> [v2:172.21.15.154:6800/3611230081,v1:172.21.15.154:6801/3611230081] conn(0x7f666002fd50 msgr2=0x7f6660032210 secure :-1 s=STATE_CONNECTION_ESTABLISHED l=1).mark_down
2024-01-16T17:10:37.881 INFO:teuthology.orchestra.run.smithi154.stderr:/usr/bin/ceph:
2024-01-16T17:10:37.899+0000 7f667b59e700 1 --2- 172.21.15.154:0/2206429715 >> [v2:172.21.15.154:6800/3611230081,v1:172.21.15.154:6801/3611230081] conn(0x7f666002fd50 0x7f6660032210 secure :-1 s=READY pgs=13 cs=0 l=1 rev1=1 rx=0x7f66700096a0 tx=0x7f6670006b40).stop
2024-01-16T17:10:37.881 INFO:teuthology.orchestra.run.smithi154.stderr:/usr/bin/ceph:
2024-01-16T17:10:37.899+0000 7f667b59e700 1 -- 172.21.15.154:0/2206429715 >> [v2:172.21.15.154:3300/0,v1:172.21.15.154:6789/0] conn(0x7f667c0703d0 msgr2=0x7f667c10ca80 secure :-1 s=STATE_CONNECTION_ESTABLISHED l=1).mark_down
2024-01-16T17:10:37.881 INFO:teuthology.orchestra.run.smithi154.stderr:/usr/bin/ceph:
2024-01-16T17:10:37.899+0000 7f667b59e700 1 --2- 172.21.15.154:0/2206429715 >> [v2:172.21.15.154:3300/0,v1:172.21.15.154:6789/0] conn(0x7f667c0703d0 0x7f667c10ca80 secure :-1 s=READY pgs=44 cs=0 l=1 rev1=1 rx=0x7f666c00e040 tx=0x7f666c006ee0).stop
2024-01-16T17:10:37.881 INFO:teuthology.orchestra.run.smithi154.stderr:/usr/bin/ceph:
2024-01-16T17:10:37.899+0000 7f667b59e700 1 -- 172.21.15.154:0/2206429715 shutdown_connections
2024-01-16T17:10:37.882 INFO:teuthology.orchestra.run.smithi154.stderr:/usr/bin/ceph:
2024-01-16T17:10:37.899+0000 7f667b59e700 1 --2- 172.21.15.154:0/2206429715 >> [v2:172.21.15.154:6800/3611230081,v1:172.21.15.154:6801/3611230081] conn(0x7f666002fd50 0x7f6660032210 unknown :-1 s=CLOSED pgs=13 cs=0 l=1 rev1=1 rx=0 tx=0).stop
2024-01-16T17:10:37.882 INFO:teuthology.orchestra.run.smithi154.stderr:/usr/bin/ceph:
2024-01-16T17:10:37.899+0000 7f667b59e700 1 --2- 172.21.15.154:0/2206429715 >> [v2:172.21.15.154:3300/0,v1:172.21.15.154:6789/0] conn(0x7f667c0703d0 0x7f667c10ca80 unknown :-1 s=CLOSED pgs=44 cs=0 l=1 rev1=1 rx=0 tx=0).stop
2024-01-16T17:10:37.882 INFO:teuthology.orchestra.run.smithi154.stderr:/usr/bin/ceph:
2024-01-16T17:10:37.899+0000 7f667b59e700 1 -- 172.21.15.154:0/2206429715 >> 172.21.15.154:0/2206429715 conn(0x7f667c0f6210 msgr2=0x7f667c0f7d10 unknown :-1 s=STATE_NONE l=0).mark_down
2024-01-16T17:10:37.882 INFO:teuthology.orchestra.run.smithi154.stderr:/usr/bin/ceph:
2024-01-16T17:10:37.900+0000 7f667b59e700 1 -- 172.21.15.154:0/2206429715 shutdown_connections
2024-01-16T17:10:37.882 INFO:teuthology.orchestra.run.smithi154.stderr:/usr/bin/ceph:
2024-01-16T17:10:37.900+0000 7f667b59e700 1 -- 172.21.15.154:0/2206429715 wait complete.
2024-01-16T17:10:38.262 INFO:teuthology.orchestra.run.smithi154.stderr:Enabling mgr prometheus module...
2024-01-16T17:10:38.262 INFO:teuthology.orchestra.run.smithi154.stderr:Running command: /bin/podman run --rm --ipc=host --no-hosts --net=host --entrypoint /usr/bin/ceph --init -e CONTAINER_IMAGE=docker.io/ceph/ceph:v16.2.4 -e NODE_NAME=smithi154 -e CEPH_USE_RANDOM_NONCE=1 -v /var/log/ceph/059f8940-b492-11ee-95ae-87774f69a715:/var/log/ceph:z -v /tmp/ceph-tmplbjoqvqr:/etc/ceph/ceph.client.admin.keyring:z -v /tmp/ceph-tmpq82nhrg6:/etc/ceph/ceph.conf:z docker.io/ceph/ceph:v16.2.4 mgr module enable prometheus
2024-01-16T17:10:38.460 INFO:journalctl@ceph.mon.smithi154.smithi154.stdout:Jan 16 17:10:38 smithi154 ceph-059f8940-b492-11ee-95ae-87774f69a715-mon.smithi154[67522]: audit
2024-01-16T17:10:36.999787+0000 mgr.smithi154.sllivz (mgr.14114) 12 : audit [DBG] from='client.14136 -' entity='client.admin' cmd=[{"prefix": "orch apply", "service_type": "mgr", "target": ["mon-mgr", ""]}]: dispatch
2024-01-16T17:10:38.460 INFO:journalctl@ceph.mon.smithi154.smithi154.stdout:Jan 16 17:10:38 smithi154 ceph-059f8940-b492-11ee-95ae-87774f69a715-mon.smithi154[67522]: cephadm
2024-01-16T17:10:37.000315+0000 mgr.smithi154.sllivz (mgr.14114) 13 : cephadm [INF] Saving service mgr spec with placement count:2
2024-01-16T17:10:38.460 INFO:journalctl@ceph.mon.smithi154.smithi154.stdout:Jan 16 17:10:38 smithi154 ceph-059f8940-b492-11ee-95ae-87774f69a715-mon.smithi154[67522]: audit
2024-01-16T17:10:37.897946+0000 mon.smithi154 (mon.0) 57 : audit [INF] from='mgr.14114 172.21.15.154:0/4220626083' entity='mgr.smithi154.sllivz'
2024-01-16T17:10:38.581 INFO:teuthology.orchestra.run.smithi154.stderr:/usr/bin/ceph:
2024-01-16T17:10:38.600+0000 7f4b8e90a700 1 Processor -- start
2024-01-16T17:10:38.583 INFO:teuthology.orchestra.run.smithi154.stderr:/usr/bin/ceph:
2024-01-16T17:10:38.600+0000 7f4b8e90a700 1 -- start start
2024-01-16T17:10:38.583 INFO:teuthology.orchestra.run.smithi154.stderr:/usr/bin/ceph:
2024-01-16T17:10:38.600+0000 7f4b8e90a700 1 --2- >> [v2:172.21.15.154:3300/0,v1:172.21.15.154:6789/0] conn(0x7f4b88070430 0x7f4b880fe8e0 unknown :-1 s=NONE pgs=0 cs=0 l=0 rev1=0 rx=0 tx=0).connect
2024-01-16T17:10:38.583 INFO:teuthology.orchestra.run.smithi154.stderr:/usr/bin/ceph:
2024-01-16T17:10:38.600+0000 7f4b8e90a700 1 -- --> [v2:172.21.15.154:3300/0,v1:172.21.15.154:6789/0] -- mon_getmap magic: 0 v1 -- 0x7f4b880fedd0 con 0x7f4b88070430
2024-01-16T17:10:38.583 INFO:teuthology.orchestra.run.smithi154.stderr:/usr/bin/ceph:
2024-01-16T17:10:38.601+0000 7f4b87fff700 1 --2- >> [v2:172.21.15.154:3300/0,v1:172.21.15.154:6789/0] conn(0x7f4b88070430 0x7f4b880fe8e0 unknown :-1 s=BANNER_CONNECTING pgs=0 cs=0 l=0 rev1=0 rx=0 tx=0)._handle_peer_banner_payload supported=1 required=0
2024-01-16T17:10:38.583 INFO:teuthology.orchestra.run.smithi154.stderr:/usr/bin/ceph:
2024-01-16T17:10:38.601+0000 7f4b87fff700 1 --2- >> [v2:172.21.15.154:3300/0,v1:172.21.15.154:6789/0] conn(0x7f4b88070430 0x7f4b880fe8e0 unknown :-1 s=HELLO_CONNECTING pgs=0 cs=0 l=0 rev1=1 rx=0 tx=0).handle_hello peer v2:172.21.15.154:3300/0 says I am v2:172.21.15.154:43464/0 (socket says 172.21.15.154:43464)
2024-01-16T17:10:38.583 INFO:teuthology.orchestra.run.smithi154.stderr:/usr/bin/ceph:
2024-01-16T17:10:38.601+0000 7f4b87fff700 1 -- 172.21.15.154:0/3851024058 learned_addr learned my addr 172.21.15.154:0/3851024058 (peer_addr_for_me v2:172.21.15.154:0/0)
2024-01-16T17:10:38.583 INFO:teuthology.orchestra.run.smithi154.stderr:/usr/bin/ceph:
2024-01-16T17:10:38.601+0000 7f4b87fff700 1 -- 172.21.15.154:0/3851024058 --> [v2:172.21.15.154:3300/0,v1:172.21.15.154:6789/0] -- mon_subscribe({config=0+,monmap=0+}) v3 -- 0x7f4b880fef10 con 0x7f4b88070430
2024-01-16T17:10:38.583 INFO:teuthology.orchestra.run.smithi154.stderr:/usr/bin/ceph:
2024-01-16T17:10:38.601+0000 7f4b87fff700 1 --2- 172.21.15.154:0/3851024058 >> [v2:172.21.15.154:3300/0,v1:172.21.15.154:6789/0] conn(0x7f4b88070430 0x7f4b880fe8e0 secure :-1 s=READY pgs=45 cs=0 l=1 rev1=1 rx=0x7f4b7c00b5f0 tx=0x7f4b7c006ee0).ready entity=mon.0 client_cookie=539f0a750e544131 server_cookie=0 in_seq=0 out_seq=0
2024-01-16T17:10:38.583 INFO:teuthology.orchestra.run.smithi154.stderr:/usr/bin/ceph:
2024-01-16T17:10:38.601+0000 7f4b86ffd700 1 -- 172.21.15.154:0/3851024058 <== mon.0 v2:172.21.15.154:3300/0 1 ==== mon_map magic: 0 v1 ==== 229+0+0 (secure 0 0 0) 0x7f4b7c00d600 con 0x7f4b88070430
2024-01-16T17:10:38.583 INFO:teuthology.orchestra.run.smithi154.stderr:/usr/bin/ceph:
2024-01-16T17:10:38.601+0000 7f4b86ffd700 1 -- 172.21.15.154:0/3851024058 <== mon.0 v2:172.21.15.154:3300/0 2 ==== config(25 keys) v1 ==== 1010+0+0 (secure 0 0 0) 0x7f4b7c00dbd0 con 0x7f4b88070430
2024-01-16T17:10:38.585 INFO:teuthology.orchestra.run.smithi154.stderr:/usr/bin/ceph:
2024-01-16T17:10:38.601+0000 7f4b86ffd700 1 -- 172.21.15.154:0/3851024058 <== mon.0 v2:172.21.15.154:3300/0 3 ==== mon_map magic: 0 v1 ==== 229+0+0 (secure 0 0 0) 0x7f4b7c011c00 con 0x7f4b88070430
2024-01-16T17:10:38.585 INFO:teuthology.orchestra.run.smithi154.stderr:/usr/bin/ceph:
2024-01-16T17:10:38.602+0000 7f4b8e90a700 1 -- 172.21.15.154:0/3851024058 >> [v2:172.21.15.154:3300/0,v1:172.21.15.154:6789/0] conn(0x7f4b88070430 msgr2=0x7f4b880fe8e0 secure :-1 s=STATE_CONNECTION_ESTABLISHED l=1).mark_down
2024-01-16T17:10:38.585 INFO:teuthology.orchestra.run.smithi154.stderr:/usr/bin/ceph:
2024-01-16T17:10:38.602+0000 7f4b8e90a700 1 --2- 172.21.15.154:0/3851024058 >> [v2:172.21.15.154:3300/0,v1:172.21.15.154:6789/0] conn(0x7f4b88070430 0x7f4b880fe8e0 secure :-1 s=READY pgs=45 cs=0 l=1 rev1=1 rx=0x7f4b7c00b5f0 tx=0x7f4b7c006ee0).stop
2024-01-16T17:10:38.585 INFO:teuthology.orchestra.run.smithi154.stderr:/usr/bin/ceph:
2024-01-16T17:10:38.602+0000 7f4b8e90a700 1 -- 172.21.15.154:0/3851024058 shutdown_connections
2024-01-16T17:10:38.585 INFO:teuthology.orchestra.run.smithi154.stderr:/usr/bin/ceph:
2024-01-16T17:10:38.602+0000 7f4b8e90a700 1 --2- 172.21.15.154:0/3851024058 >> [v2:172.21.15.154:3300/0,v1:172.21.15.154:6789/0] conn(0x7f4b88070430 0x7f4b880fe8e0 unknown :-1 s=CLOSED pgs=45 cs=0 l=1 rev1=1 rx=0 tx=0).stop
2024-01-16T17:10:38.585 INFO:teuthology.orchestra.run.smithi154.stderr:/usr/bin/ceph:
2024-01-16T17:10:38.602+0000 7f4b8e90a700 1 -- 172.21.15.154:0/3851024058 >> 172.21.15.154:0/3851024058 conn(0x7f4b880f63c0 msgr2=0x7f4b880f87e0 unknown :-1 s=STATE_NONE l=0).mark_down
2024-01-16T17:10:38.585 INFO:teuthology.orchestra.run.smithi154.stderr:/usr/bin/ceph:
2024-01-16T17:10:38.602+0000 7f4b8e90a700 1 -- 172.21.15.154:0/3851024058 shutdown_connections
2024-01-16T17:10:38.585 INFO:teuthology.orchestra.run.smithi154.stderr:/usr/bin/ceph:
2024-01-16T17:10:38.602+0000 7f4b8e90a700 1 -- 172.21.15.154:0/3851024058 wait complete.
2024-01-16T17:10:38.585 INFO:teuthology.orchestra.run.smithi154.stderr:/usr/bin/ceph:
2024-01-16T17:10:38.603+0000 7f4b8e90a700 1 Processor -- start
2024-01-16T17:10:38.585 INFO:teuthology.orchestra.run.smithi154.stderr:/usr/bin/ceph:
2024-01-16T17:10:38.603+0000 7f4b8e90a700 1 -- start start
2024-01-16T17:10:38.585 INFO:teuthology.orchestra.run.smithi154.stderr:/usr/bin/ceph:
2024-01-16T17:10:38.603+0000 7f4b8e90a700 1 --2- >> [v2:172.21.15.154:3300/0,v1:172.21.15.154:6789/0] conn(0x7f4b88070430 0x7f4b8810aa00 unknown :-1 s=NONE pgs=0 cs=0 l=1 rev1=0 rx=0 tx=0).connect
2024-01-16T17:10:38.585 INFO:teuthology.orchestra.run.smithi154.stderr:/usr/bin/ceph:
2024-01-16T17:10:38.603+0000 7f4b8e90a700 1 -- --> [v2:172.21.15.154:3300/0,v1:172.21.15.154:6789/0] -- mon_getmap magic: 0 v1 -- 0x7f4b8810aef0 con 0x7f4b88070430
2024-01-16T17:10:38.586 INFO:teuthology.orchestra.run.smithi154.stderr:/usr/bin/ceph:
2024-01-16T17:10:38.603+0000 7f4b87fff700 1 --2- >> [v2:172.21.15.154:3300/0,v1:172.21.15.154:6789/0] conn(0x7f4b88070430 0x7f4b8810aa00 unknown :-1 s=BANNER_CONNECTING pgs=0 cs=0 l=1 rev1=0 rx=0 tx=0)._handle_peer_banner_payload supported=1 required=0
2024-01-16T17:10:38.586 INFO:teuthology.orchestra.run.smithi154.stderr:/usr/bin/ceph:
2024-01-16T17:10:38.603+0000 7f4b87fff700 1 --2- >> [v2:172.21.15.154:3300/0,v1:172.21.15.154:6789/0] conn(0x7f4b88070430 0x7f4b8810aa00 unknown :-1 s=HELLO_CONNECTING pgs=0 cs=0 l=1 rev1=1 rx=0 tx=0).handle_hello peer v2:172.21.15.154:3300/0 says I am v2:172.21.15.154:43470/0 (socket says 172.21.15.154:43470)
2024-01-16T17:10:38.586 INFO:teuthology.orchestra.run.smithi154.stderr:/usr/bin/ceph:
2024-01-16T17:10:38.603+0000 7f4b87fff700 1 -- 172.21.15.154:0/3992383341 learned_addr learned my addr 172.21.15.154:0/3992383341 (peer_addr_for_me v2:172.21.15.154:0/0)
2024-01-16T17:10:38.587 INFO:teuthology.orchestra.run.smithi154.stderr:/usr/bin/ceph:
2024-01-16T17:10:38.604+0000 7f4b87fff700 1 -- 172.21.15.154:0/3992383341 --> [v2:172.21.15.154:3300/0,v1:172.21.15.154:6789/0] -- mon_subscribe({config=0+,monmap=0+}) v3 -- 0x7f4b7c00b200 con 0x7f4b88070430
2024-01-16T17:10:38.587 INFO:teuthology.orchestra.run.smithi154.stderr:/usr/bin/ceph:
2024-01-16T17:10:38.604+0000 7f4b87fff700 1 --2- 172.21.15.154:0/3992383341 >> [v2:172.21.15.154:3300/0,v1:172.21.15.154:6789/0] conn(0x7f4b88070430 0x7f4b8810aa00 secure :-1 s=READY pgs=46 cs=0 l=1 rev1=1 rx=0x7f4b7c00b190 tx=0x7f4b7c006ee0).ready entity=mon.0 client_cookie=0 server_cookie=0 in_seq=0 out_seq=0
2024-01-16T17:10:38.587 INFO:teuthology.orchestra.run.smithi154.stderr:/usr/bin/ceph:
2024-01-16T17:10:38.604+0000 7f4b84ff9700 1 -- 172.21.15.154:0/3992383341 <== mon.0 v2:172.21.15.154:3300/0 1 ==== mon_map magic: 0 v1 ==== 229+0+0 (secure 0 0 0) 0x7f4b7c01b410 con 0x7f4b88070430
2024-01-16T17:10:38.587 INFO:teuthology.orchestra.run.smithi154.stderr:/usr/bin/ceph:
2024-01-16T17:10:38.604+0000 7f4b84ff9700 1 -- 172.21.15.154:0/3992383341 <== mon.0 v2:172.21.15.154:3300/0 2 ==== config(25 keys) v1 ==== 1010+0+0 (secure 0 0 0) 0x7f4b7c01b9e0 con 0x7f4b88070430
2024-01-16T17:10:38.587 INFO:teuthology.orchestra.run.smithi154.stderr:/usr/bin/ceph:
2024-01-16T17:10:38.604+0000 7f4b8e90a700 1 -- 172.21.15.154:0/3992383341 --> [v2:172.21.15.154:3300/0,v1:172.21.15.154:6789/0] -- mon_subscribe({mgrmap=0+}) v3 -- 0x7f4b8810b0f0 con 0x7f4b88070430
2024-01-16T17:10:38.587 INFO:teuthology.orchestra.run.smithi154.stderr:/usr/bin/ceph:
2024-01-16T17:10:38.604+0000 7f4b84ff9700 1 -- 172.21.15.154:0/3992383341 <== mon.0 v2:172.21.15.154:3300/0 3 ==== mon_map magic: 0 v1 ==== 229+0+0 (secure 0 0 0) 0x7f4b7c01a880 con 0x7f4b88070430
2024-01-16T17:10:38.587 INFO:teuthology.orchestra.run.smithi154.stderr:/usr/bin/ceph:
2024-01-16T17:10:38.604+0000 7f4b8e90a700 1 -- 172.21.15.154:0/3992383341 --> [v2:172.21.15.154:3300/0,v1:172.21.15.154:6789/0] -- mon_subscribe({osdmap=0}) v3 -- 0x7f4b8810b500 con 0x7f4b88070430
2024-01-16T17:10:38.587 INFO:teuthology.orchestra.run.smithi154.stderr:/usr/bin/ceph:
2024-01-16T17:10:38.605+0000 7f4b84ff9700 1 -- 172.21.15.154:0/3992383341 <== mon.0 v2:172.21.15.154:3300/0 4 ==== mgrmap(e 7) v1 ==== 36120+0+0 (secure 0 0 0) 0x7f4b7c00f070 con 0x7f4b88070430
2024-01-16T17:10:38.587 INFO:teuthology.orchestra.run.smithi154.stderr:/usr/bin/ceph:
2024-01-16T17:10:38.605+0000 7f4b8e90a700 1 -- 172.21.15.154:0/3992383341 --> [v2:172.21.15.154:3300/0,v1:172.21.15.154:6789/0] -- mon_command({"prefix": "get_command_descriptions"} v 0) v1 -- 0x7f4b88045ad0 con 0x7f4b88070430
2024-01-16T17:10:38.587 INFO:teuthology.orchestra.run.smithi154.stderr:/usr/bin/ceph:
2024-01-16T17:10:38.605+0000 7f4b84ff9700 1 --2- 172.21.15.154:0/3992383341 >> [v2:172.21.15.154:6800/3611230081,v1:172.21.15.154:6801/3611230081] conn(0x7f4b7402fd50 0x7f4b74032210 unknown :-1 s=NONE pgs=0 cs=0 l=1 rev1=0 rx=0 tx=0).connect
2024-01-16T17:10:38.587 INFO:teuthology.orchestra.run.smithi154.stderr:/usr/bin/ceph:
2024-01-16T17:10:38.605+0000 7f4b84ff9700 1 -- 172.21.15.154:0/3992383341 <== mon.0 v2:172.21.15.154:3300/0 5 ==== osd_map(2..2 src has 1..2) v4 ==== 926+0+0 (secure 0 0 0) 0x7f4b7c041280 con 0x7f4b88070430
2024-01-16T17:10:38.587 INFO:teuthology.orchestra.run.smithi154.stderr:/usr/bin/ceph:
2024-01-16T17:10:38.605+0000 7f4b877fe700 1 --2- 172.21.15.154:0/3992383341 >> [v2:172.21.15.154:6800/3611230081,v1:172.21.15.154:6801/3611230081] conn(0x7f4b7402fd50 0x7f4b74032210 unknown :-1 s=BANNER_CONNECTING pgs=0 cs=0 l=1 rev1=0 rx=0 tx=0)._handle_peer_banner_payload supported=1 required=0
2024-01-16T17:10:38.587 INFO:teuthology.orchestra.run.smithi154.stderr:/usr/bin/ceph:
2024-01-16T17:10:38.605+0000 7f4b877fe700 1 --2- 172.21.15.154:0/3992383341 >> [v2:172.21.15.154:6800/3611230081,v1:172.21.15.154:6801/3611230081] conn(0x7f4b7402fd50 0x7f4b74032210 secure :-1 s=READY pgs=14 cs=0 l=1 rev1=1 rx=0x7f4b780096a0 tx=0x7f4b78006b40).ready entity=mgr.14114 client_cookie=0 server_cookie=0 in_seq=0 out_seq=0
2024-01-16T17:10:38.590 INFO:teuthology.orchestra.run.smithi154.stderr:/usr/bin/ceph:
2024-01-16T17:10:38.609+0000 7f4b84ff9700 1 -- 172.21.15.154:0/3992383341 <== mon.0 v2:172.21.15.154:3300/0 6 ==== mon_command_ack([{"prefix": "get_command_descriptions"}]=0 v0) v1 ==== 72+0+152212 (secure 0 0 0) 0x7f4b7c010360 con 0x7f4b88070430
2024-01-16T17:10:38.778 INFO:teuthology.orchestra.run.smithi154.stderr:/usr/bin/ceph:
2024-01-16T17:10:38.796+0000 7f4b8e90a700 1 -- 172.21.15.154:0/3992383341 --> [v2:172.21.15.154:3300/0,v1:172.21.15.154:6789/0] -- mon_command({"prefix": "mgr module enable", "module": "prometheus"} v 0) v1 -- 0x7f4b880ffb90 con 0x7f4b88070430
2024-01-16T17:10:39.361 INFO:teuthology.orchestra.run.smithi154.stderr:/usr/bin/ceph:
2024-01-16T17:10:39.380+0000 7f4b84ff9700 1 -- 172.21.15.154:0/3992383341 <== mon.0 v2:172.21.15.154:3300/0 7 ==== mgrmap(e 8) v1 ==== 36134+0+0 (secure 0 0 0) 0x7f4b7c025980 con 0x7f4b88070430
2024-01-16T17:10:39.362 INFO:teuthology.orchestra.run.smithi154.stderr:/usr/bin/ceph:
2024-01-16T17:10:39.381+0000 7f4b84ff9700 1 -- 172.21.15.154:0/3992383341 <== mon.0 v2:172.21.15.154:3300/0 8 ==== mon_command_ack([{"prefix": "mgr module enable", "module": "prometheus"}]=0 v8) v1 ==== 89+0+0 (secure 0 0 0) 0x7f4b7c005700 con 0x7f4b88070430
2024-01-16T17:10:39.365 INFO:teuthology.orchestra.run.smithi154.stderr:/usr/bin/ceph:
2024-01-16T17:10:39.383+0000 7f4b8e90a700 1 -- 172.21.15.154:0/3992383341 >> [v2:172.21.15.154:6800/3611230081,v1:172.21.15.154:6801/3611230081] conn(0x7f4b7402fd50 msgr2=0x7f4b74032210 secure :-1 s=STATE_CONNECTION_ESTABLISHED l=1).mark_down
2024-01-16T17:10:39.365 INFO:teuthology.orchestra.run.smithi154.stderr:/usr/bin/ceph:
2024-01-16T17:10:39.383+0000 7f4b8e90a700 1 --2- 172.21.15.154:0/3992383341 >> [v2:172.21.15.154:6800/3611230081,v1:172.21.15.154:6801/3611230081] conn(0x7f4b7402fd50 0x7f4b74032210 secure :-1 s=READY pgs=14 cs=0 l=1 rev1=1 rx=0x7f4b780096a0 tx=0x7f4b78006b40).stop
2024-01-16T17:10:39.365 INFO:teuthology.orchestra.run.smithi154.stderr:/usr/bin/ceph:
2024-01-16T17:10:39.383+0000 7f4b8e90a700 1 -- 172.21.15.154:0/3992383341 >> [v2:172.21.15.154:3300/0,v1:172.21.15.154:6789/0] conn(0x7f4b88070430 msgr2=0x7f4b8810aa00 secure :-1 s=STATE_CONNECTION_ESTABLISHED l=1).mark_down
2024-01-16T17:10:39.365 INFO:teuthology.orchestra.run.smithi154.stderr:/usr/bin/ceph:
2024-01-16T17:10:39.383+0000 7f4b8e90a700 1 --2- 172.21.15.154:0/3992383341 >> [v2:172.21.15.154:3300/0,v1:172.21.15.154:6789/0] conn(0x7f4b88070430 0x7f4b8810aa00 secure :-1 s=READY pgs=46 cs=0 l=1 rev1=1 rx=0x7f4b7c00b190 tx=0x7f4b7c006ee0).stop
2024-01-16T17:10:39.365 INFO:teuthology.orchestra.run.smithi154.stderr:/usr/bin/ceph:
2024-01-16T17:10:39.383+0000 7f4b8e90a700 1 -- 172.21.15.154:0/3992383341 shutdown_connections
2024-01-16T17:10:39.365 INFO:teuthology.orchestra.run.smithi154.stderr:/usr/bin/ceph:
2024-01-16T17:10:39.383+0000 7f4b8e90a700 1 --2- 172.21.15.154:0/3992383341 >> [v2:172.21.15.154:6800/3611230081,v1:172.21.15.154:6801/3611230081] conn(0x7f4b7402fd50 0x7f4b74032210 unknown :-1 s=CLOSED pgs=14 cs=0 l=1 rev1=1 rx=0 tx=0).stop
2024-01-16T17:10:39.365 INFO:teuthology.orchestra.run.smithi154.stderr:/usr/bin/ceph:
2024-01-16T17:10:39.383+0000 7f4b8e90a700 1 --2- 172.21.15.154:0/3992383341 >> [v2:172.21.15.154:3300/0,v1:172.21.15.154:6789/0] conn(0x7f4b88070430 0x7f4b8810aa00 unknown :-1 s=CLOSED pgs=46 cs=0 l=1 rev1=1 rx=0 tx=0).stop
2024-01-16T17:10:39.365 INFO:teuthology.orchestra.run.smithi154.stderr:/usr/bin/ceph:
2024-01-16T17:10:39.383+0000 7f4b8e90a700 1 -- 172.21.15.154:0/3992383341 >> 172.21.15.154:0/3992383341 conn(0x7f4b880f63c0 msgr2=0x7f4b880f7f20 unknown :-1 s=STATE_NONE l=0).mark_down
2024-01-16T17:10:39.365 INFO:teuthology.orchestra.run.smithi154.stderr:/usr/bin/ceph:
2024-01-16T17:10:39.383+0000 7f4b8e90a700 1 -- 172.21.15.154:0/3992383341 shutdown_connections
2024-01-16T17:10:39.365 INFO:teuthology.orchestra.run.smithi154.stderr:/usr/bin/ceph:
2024-01-16T17:10:39.383+0000 7f4b8e90a700 1 -- 172.21.15.154:0/3992383341 wait complete.
2024-01-16T17:10:39.647 INFO:journalctl@ceph.mon.smithi154.smithi154.stdout:Jan 16 17:10:39 smithi154 ceph-059f8940-b492-11ee-95ae-87774f69a715-mon.smithi154[67522]: audit
2024-01-16T17:10:37.895139+0000 mgr.smithi154.sllivz (mgr.14114) 14 : audit [DBG] from='client.14138 -' entity='client.admin' cmd=[{"prefix": "orch apply", "service_type": "crash", "target": ["mon-mgr", ""]}]: dispatch
2024-01-16T17:10:39.647 INFO:journalctl@ceph.mon.smithi154.smithi154.stdout:Jan 16 17:10:39 smithi154 ceph-059f8940-b492-11ee-95ae-87774f69a715-mon.smithi154[67522]: cephadm
2024-01-16T17:10:37.895743+0000 mgr.smithi154.sllivz (mgr.14114) 15 : cephadm [INF] Saving service crash spec with placement *
2024-01-16T17:10:39.647 INFO:journalctl@ceph.mon.smithi154.smithi154.stdout:Jan 16 17:10:39 smithi154 ceph-059f8940-b492-11ee-95ae-87774f69a715-mon.smithi154[67522]: audit
2024-01-16T17:10:38.797228+0000 mon.smithi154 (mon.0) 58 : audit [INF] from='client.? 172.21.15.154:0/3992383341' entity='client.admin' cmd=[{"prefix": "mgr module enable", "module": "prometheus"}]: dispatch
2024-01-16T17:10:39.695 INFO:teuthology.orchestra.run.smithi154.stderr:Deploying prometheus service with default placement...
2024-01-16T17:10:39.695 INFO:teuthology.orchestra.run.smithi154.stderr:Running command: /bin/podman run --rm --ipc=host --no-hosts --net=host --entrypoint /usr/bin/ceph --init -e CONTAINER_IMAGE=docker.io/ceph/ceph:v16.2.4 -e NODE_NAME=smithi154 -e CEPH_USE_RANDOM_NONCE=1 -v /var/log/ceph/059f8940-b492-11ee-95ae-87774f69a715:/var/log/ceph:z -v /tmp/ceph-tmplbjoqvqr:/etc/ceph/ceph.client.admin.keyring:z -v /tmp/ceph-tmpq82nhrg6:/etc/ceph/ceph.conf:z docker.io/ceph/ceph:v16.2.4 orch apply prometheus
2024-01-16T17:10:40.074 INFO:teuthology.orchestra.run.smithi154.stderr:/usr/bin/ceph:
2024-01-16T17:10:40.091+0000 7f33b9279700 1 Processor -- start
2024-01-16T17:10:40.074 INFO:teuthology.orchestra.run.smithi154.stderr:/usr/bin/ceph:
2024-01-16T17:10:40.091+0000 7f33b9279700 1 -- start start
2024-01-16T17:10:40.074 INFO:teuthology.orchestra.run.smithi154.stderr:/usr/bin/ceph:
2024-01-16T17:10:40.091+0000 7f33b9279700 1 --2- >> [v2:172.21.15.154:3300/0,v1:172.21.15.154:6789/0] conn(0x7f33b40faa00 0x7f33b40fae20 unknown :-1 s=NONE pgs=0 cs=0 l=0 rev1=0 rx=0 tx=0).connect
2024-01-16T17:10:40.074 INFO:teuthology.orchestra.run.smithi154.stderr:/usr/bin/ceph:
2024-01-16T17:10:40.091+0000 7f33b9279700 1 -- --> [v2:172.21.15.154:3300/0,v1:172.21.15.154:6789/0] -- mon_getmap magic: 0 v1 -- 0x7f33b40fb310 con 0x7f33b40faa00
2024-01-16T17:10:40.074 INFO:teuthology.orchestra.run.smithi154.stderr:/usr/bin/ceph:
2024-01-16T17:10:40.091+0000 7f33b2ffd700 1 --2- >> [v2:172.21.15.154:3300/0,v1:172.21.15.154:6789/0] conn(0x7f33b40faa00 0x7f33b40fae20 unknown :-1 s=BANNER_CONNECTING pgs=0 cs=0 l=0 rev1=0 rx=0 tx=0)._handle_peer_banner_payload supported=1 required=0
2024-01-16T17:10:40.074 INFO:teuthology.orchestra.run.smithi154.stderr:/usr/bin/ceph:
2024-01-16T17:10:40.091+0000 7f33b2ffd700 1 --2- >> [v2:172.21.15.154:3300/0,v1:172.21.15.154:6789/0] conn(0x7f33b40faa00 0x7f33b40fae20 unknown :-1 s=HELLO_CONNECTING pgs=0 cs=0 l=0 rev1=1 rx=0 tx=0).handle_hello peer v2:172.21.15.154:3300/0 says I am v2:172.21.15.154:43492/0 (socket says 172.21.15.154:43492)
2024-01-16T17:10:40.074 INFO:teuthology.orchestra.run.smithi154.stderr:/usr/bin/ceph:
2024-01-16T17:10:40.091+0000 7f33b2ffd700 1 -- 172.21.15.154:0/3177951361 learned_addr learned my addr 172.21.15.154:0/3177951361 (peer_addr_for_me v2:172.21.15.154:0/0)
2024-01-16T17:10:40.074 INFO:teuthology.orchestra.run.smithi154.stderr:/usr/bin/ceph:
2024-01-16T17:10:40.091+0000 7f33b2ffd700 1 -- 172.21.15.154:0/3177951361 --> [v2:172.21.15.154:3300/0,v1:172.21.15.154:6789/0] -- mon_subscribe({config=0+,monmap=0+}) v3 -- 0x7f33b40fb450 con 0x7f33b40faa00
2024-01-16T17:10:40.074 INFO:teuthology.orchestra.run.smithi154.stderr:/usr/bin/ceph:
