2024-01-18T06:48:01.319 INFO:teuthology.orchestra.run.smithi047.stderr:/usr/bin/ceph:
2024-01-18T06:48:01.317+0000 7f4677899700 1 --2- 172.21.15.47:0/1106936080 >> [v2:172.21.15.47:3300/0,v1:172.21.15.47:6789/0] conn(0x7f4670070430 0x7f467010cbd0 unknown :-1 s=CLOSED pgs=34 cs=0 l=1 rev1=1 rx=0 tx=0).stop
2024-01-18T06:48:01.319 INFO:teuthology.orchestra.run.smithi047.stderr:/usr/bin/ceph:
2024-01-18T06:48:01.317+0000 7f4677899700 1 -- 172.21.15.47:0/1106936080 >> 172.21.15.47:0/1106936080 conn(0x7f46700f63c0 msgr2=0x7f46700f7ec0 unknown :-1 s=STATE_NONE l=0).mark_down
2024-01-18T06:48:01.319 INFO:teuthology.orchestra.run.smithi047.stderr:/usr/bin/ceph:
2024-01-18T06:48:01.318+0000 7f4677899700 1 -- 172.21.15.47:0/1106936080 shutdown_connections
2024-01-18T06:48:01.319 INFO:teuthology.orchestra.run.smithi047.stderr:/usr/bin/ceph:
2024-01-18T06:48:01.318+0000 7f4677899700 1 -- 172.21.15.47:0/1106936080 wait complete.
2024-01-18T06:48:02.589 INFO:journalctl@ceph.mon.smithi047.smithi047.stdout:Jan 18 06:48:02 smithi047 ceph-653e4012-b5cd-11ee-95ae-87774f69a715-mon.smithi047[38797]: cephadm
2024-01-18T06:48:00.891969+0000 mgr.smithi047.fuhzzr (mgr.14114) 6 : cephadm [INF] Generating ssh key...
2024-01-18T06:48:02.589 INFO:journalctl@ceph.mon.smithi047.smithi047.stdout:Jan 18 06:48:02 smithi047 ceph-653e4012-b5cd-11ee-95ae-87774f69a715-mon.smithi047[38797]: audit
2024-01-18T06:48:01.315117+0000 mon.smithi047 (mon.0) 52 : audit [INF] from='mgr.14114 172.21.15.47:0/2934400552' entity='mgr.smithi047.fuhzzr'
2024-01-18T06:48:02.589 INFO:journalctl@ceph.mon.smithi047.smithi047.stdout:Jan 18 06:48:02 smithi047 ceph-653e4012-b5cd-11ee-95ae-87774f69a715-mon.smithi047[38797]: audit
2024-01-18T06:48:01.316742+0000 mon.smithi047 (mon.0) 53 : audit [INF] from='mgr.14114 172.21.15.47:0/2934400552' entity='mgr.smithi047.fuhzzr'
2024-01-18T06:48:03.515 INFO:teuthology.orchestra.run.smithi047.stderr:Running command: /bin/podman run --rm --ipc=host --no-hosts --net=host --entrypoint /usr/bin/ceph --init -e CONTAINER_IMAGE=docker.io/ceph/ceph:v16.2.4 -e NODE_NAME=smithi047 -e CEPH_USE_RANDOM_NONCE=1 -v /var/log/ceph/653e4012-b5cd-11ee-95ae-87774f69a715:/var/log/ceph:z -v /tmp/ceph-tmpck5s1jz7:/etc/ceph/ceph.client.admin.keyring:z -v /tmp/ceph-tmpcg0aieo2:/etc/ceph/ceph.conf:z docker.io/ceph/ceph:v16.2.4 cephadm get-pub-key
2024-01-18T06:48:04.674 INFO:teuthology.orchestra.run.smithi047.stderr:/usr/bin/ceph:
2024-01-18T06:48:04.577+0000 7f9f53a72700 1 Processor -- start
2024-01-18T06:48:04.674 INFO:teuthology.orchestra.run.smithi047.stderr:/usr/bin/ceph:
2024-01-18T06:48:04.578+0000 7f9f53a72700 1 -- start start
2024-01-18T06:48:04.674 INFO:teuthology.orchestra.run.smithi047.stderr:/usr/bin/ceph:
2024-01-18T06:48:04.578+0000 7f9f53a72700 1 --2- >> [v2:172.21.15.47:3300/0,v1:172.21.15.47:6789/0] conn(0x7f9f4c0fab80 0x7f9f4c0fafa0 unknown :-1 s=NONE pgs=0 cs=0 l=0 rev1=0 rx=0 tx=0).connect
2024-01-18T06:48:04.674 INFO:teuthology.orchestra.run.smithi047.stderr:/usr/bin/ceph:
2024-01-18T06:48:04.578+0000 7f9f53a72700 1 -- --> [v2:172.21.15.47:3300/0,v1:172.21.15.47:6789/0] -- mon_getmap magic: 0 v1 -- 0x7f9f4c0fb490 con 0x7f9f4c0fab80
2024-01-18T06:48:04.674 INFO:teuthology.orchestra.run.smithi047.stderr:/usr/bin/ceph:
2024-01-18T06:48:04.578+0000 7f9f5180e700 1 --2- >> [v2:172.21.15.47:3300/0,v1:172.21.15.47:6789/0] conn(0x7f9f4c0fab80 0x7f9f4c0fafa0 unknown :-1 s=BANNER_CONNECTING pgs=0 cs=0 l=0 rev1=0 rx=0 tx=0)._handle_peer_banner_payload supported=1 required=0
2024-01-18T06:48:04.674 INFO:teuthology.orchestra.run.smithi047.stderr:/usr/bin/ceph:
2024-01-18T06:48:04.578+0000 7f9f5180e700 1 --2- >> [v2:172.21.15.47:3300/0,v1:172.21.15.47:6789/0] conn(0x7f9f4c0fab80 0x7f9f4c0fafa0 unknown :-1 s=HELLO_CONNECTING pgs=0 cs=0 l=0 rev1=1 rx=0 tx=0).handle_hello peer v2:172.21.15.47:3300/0 says I am v2:172.21.15.47:57682/0 (socket says 172.21.15.47:57682)
2024-01-18T06:48:04.674 INFO:teuthology.orchestra.run.smithi047.stderr:/usr/bin/ceph:
2024-01-18T06:48:04.578+0000 7f9f5180e700 1 -- 172.21.15.47:0/1803809213 learned_addr learned my addr 172.21.15.47:0/1803809213 (peer_addr_for_me v2:172.21.15.47:0/0)
2024-01-18T06:48:04.677 INFO:teuthology.orchestra.run.smithi047.stderr:/usr/bin/ceph:
2024-01-18T06:48:04.578+0000 7f9f5180e700 1 -- 172.21.15.47:0/1803809213 --> [v2:172.21.15.47:3300/0,v1:172.21.15.47:6789/0] -- mon_subscribe({config=0+,monmap=0+}) v3 -- 0x7f9f4c0fb5d0 con 0x7f9f4c0fab80
2024-01-18T06:48:04.678 INFO:teuthology.orchestra.run.smithi047.stderr:/usr/bin/ceph:
2024-01-18T06:48:04.578+0000 7f9f5180e700 1 --2- 172.21.15.47:0/1803809213 >> [v2:172.21.15.47:3300/0,v1:172.21.15.47:6789/0] conn(0x7f9f4c0fab80 0x7f9f4c0fafa0 secure :-1 s=READY pgs=35 cs=0 l=1 rev1=1 rx=0x7f9f4800b5f0 tx=0x7f9f48006ee0).ready entity=mon.0 client_cookie=7174d8d616bdec7b server_cookie=0 in_seq=0 out_seq=0
2024-01-18T06:48:04.678 INFO:teuthology.orchestra.run.smithi047.stderr:/usr/bin/ceph:
2024-01-18T06:48:04.578+0000 7f9f5080c700 1 -- 172.21.15.47:0/1803809213 <== mon.0 v2:172.21.15.47:3300/0 1 ==== mon_map magic: 0 v1 ==== 229+0+0 (secure 0 0 0) 0x7f9f4800d600 con 0x7f9f4c0fab80
2024-01-18T06:48:04.678 INFO:teuthology.orchestra.run.smithi047.stderr:/usr/bin/ceph:
2024-01-18T06:48:04.579+0000 7f9f5080c700 1 -- 172.21.15.47:0/1803809213 <== mon.0 v2:172.21.15.47:3300/0 2 ==== config(25 keys) v1 ==== 1010+0+0 (secure 0 0 0) 0x7f9f4800dbd0 con 0x7f9f4c0fab80
2024-01-18T06:48:04.678 INFO:teuthology.orchestra.run.smithi047.stderr:/usr/bin/ceph:
2024-01-18T06:48:04.579+0000 7f9f5080c700 1 -- 172.21.15.47:0/1803809213 <== mon.0 v2:172.21.15.47:3300/0 3 ==== mon_map magic: 0 v1 ==== 229+0+0 (secure 0 0 0) 0x7f9f48011c00 con 0x7f9f4c0fab80
2024-01-18T06:48:04.678 INFO:teuthology.orchestra.run.smithi047.stderr:/usr/bin/ceph:
2024-01-18T06:48:04.579+0000 7f9f53a72700 1 -- 172.21.15.47:0/1803809213 >> [v2:172.21.15.47:3300/0,v1:172.21.15.47:6789/0] conn(0x7f9f4c0fab80 msgr2=0x7f9f4c0fafa0 secure :-1 s=STATE_CONNECTION_ESTABLISHED l=1).mark_down
2024-01-18T06:48:04.678 INFO:teuthology.orchestra.run.smithi047.stderr:/usr/bin/ceph:
2024-01-18T06:48:04.579+0000 7f9f53a72700 1 --2- 172.21.15.47:0/1803809213 >> [v2:172.21.15.47:3300/0,v1:172.21.15.47:6789/0] conn(0x7f9f4c0fab80 0x7f9f4c0fafa0 secure :-1 s=READY pgs=35 cs=0 l=1 rev1=1 rx=0x7f9f4800b5f0 tx=0x7f9f48006ee0).stop
2024-01-18T06:48:04.678 INFO:teuthology.orchestra.run.smithi047.stderr:/usr/bin/ceph:
2024-01-18T06:48:04.579+0000 7f9f53a72700 1 -- 172.21.15.47:0/1803809213 shutdown_connections
2024-01-18T06:48:04.678 INFO:teuthology.orchestra.run.smithi047.stderr:/usr/bin/ceph:
2024-01-18T06:48:04.579+0000 7f9f53a72700 1 --2- 172.21.15.47:0/1803809213 >> [v2:172.21.15.47:3300/0,v1:172.21.15.47:6789/0] conn(0x7f9f4c0fab80 0x7f9f4c0fafa0 unknown :-1 s=CLOSED pgs=35 cs=0 l=1 rev1=1 rx=0 tx=0).stop
2024-01-18T06:48:04.678 INFO:teuthology.orchestra.run.smithi047.stderr:/usr/bin/ceph:
2024-01-18T06:48:04.579+0000 7f9f53a72700 1 -- 172.21.15.47:0/1803809213 >> 172.21.15.47:0/1803809213 conn(0x7f9f4c0f63c0 msgr2=0x7f9f4c0f87e0 unknown :-1 s=STATE_NONE l=0).mark_down
2024-01-18T06:48:04.678 INFO:teuthology.orchestra.run.smithi047.stderr:/usr/bin/ceph:
2024-01-18T06:48:04.579+0000 7f9f53a72700 1 -- 172.21.15.47:0/1803809213 shutdown_connections
2024-01-18T06:48:04.678 INFO:teuthology.orchestra.run.smithi047.stderr:/usr/bin/ceph:
2024-01-18T06:48:04.579+0000 7f9f53a72700 1 -- 172.21.15.47:0/1803809213 wait complete.
2024-01-18T06:48:04.678 INFO:teuthology.orchestra.run.smithi047.stderr:/usr/bin/ceph:
2024-01-18T06:48:04.580+0000 7f9f53a72700 1 Processor -- start
2024-01-18T06:48:04.678 INFO:teuthology.orchestra.run.smithi047.stderr:/usr/bin/ceph:
2024-01-18T06:48:04.580+0000 7f9f53a72700 1 -- start start
2024-01-18T06:48:04.678 INFO:teuthology.orchestra.run.smithi047.stderr:/usr/bin/ceph:
2024-01-18T06:48:04.580+0000 7f9f53a72700 1 --2- >> [v2:172.21.15.47:3300/0,v1:172.21.15.47:6789/0] conn(0x7f9f4c0fab80 0x7f9f4c10d720 unknown :-1 s=NONE pgs=0 cs=0 l=1 rev1=0 rx=0 tx=0).connect
2024-01-18T06:48:04.678 INFO:teuthology.orchestra.run.smithi047.stderr:/usr/bin/ceph:
2024-01-18T06:48:04.580+0000 7f9f53a72700 1 -- --> [v2:172.21.15.47:3300/0,v1:172.21.15.47:6789/0] -- mon_getmap magic: 0 v1 -- 0x7f9f4c070450 con 0x7f9f4c0fab80
2024-01-18T06:48:04.679 INFO:teuthology.orchestra.run.smithi047.stderr:/usr/bin/ceph:
2024-01-18T06:48:04.580+0000 7f9f5180e700 1 --2- >> [v2:172.21.15.47:3300/0,v1:172.21.15.47:6789/0] conn(0x7f9f4c0fab80 0x7f9f4c10d720 unknown :-1 s=BANNER_CONNECTING pgs=0 cs=0 l=1 rev1=0 rx=0 tx=0)._handle_peer_banner_payload supported=1 required=0
2024-01-18T06:48:04.679 INFO:teuthology.orchestra.run.smithi047.stderr:/usr/bin/ceph:
2024-01-18T06:48:04.580+0000 7f9f5180e700 1 --2- >> [v2:172.21.15.47:3300/0,v1:172.21.15.47:6789/0] conn(0x7f9f4c0fab80 0x7f9f4c10d720 unknown :-1 s=HELLO_CONNECTING pgs=0 cs=0 l=1 rev1=1 rx=0 tx=0).handle_hello peer v2:172.21.15.47:3300/0 says I am v2:172.21.15.47:57690/0 (socket says 172.21.15.47:57690)
2024-01-18T06:48:04.679 INFO:teuthology.orchestra.run.smithi047.stderr:/usr/bin/ceph:
2024-01-18T06:48:04.580+0000 7f9f5180e700 1 -- 172.21.15.47:0/2267793577 learned_addr learned my addr 172.21.15.47:0/2267793577 (peer_addr_for_me v2:172.21.15.47:0/0)
2024-01-18T06:48:04.679 INFO:teuthology.orchestra.run.smithi047.stderr:/usr/bin/ceph:
2024-01-18T06:48:04.580+0000 7f9f5180e700 1 -- 172.21.15.47:0/2267793577 --> [v2:172.21.15.47:3300/0,v1:172.21.15.47:6789/0] -- mon_subscribe({config=0+,monmap=0+}) v3 -- 0x7f9f4800b200 con 0x7f9f4c0fab80
2024-01-18T06:48:04.679 INFO:teuthology.orchestra.run.smithi047.stderr:/usr/bin/ceph:
2024-01-18T06:48:04.581+0000 7f9f5180e700 1 --2- 172.21.15.47:0/2267793577 >> [v2:172.21.15.47:3300/0,v1:172.21.15.47:6789/0] conn(0x7f9f4c0fab80 0x7f9f4c10d720 secure :-1 s=READY pgs=36 cs=0 l=1 rev1=1 rx=0x7f9f4800b1d0 tx=0x7f9f48006ee0).ready entity=mon.0 client_cookie=0 server_cookie=0 in_seq=0 out_seq=0
2024-01-18T06:48:04.679 INFO:teuthology.orchestra.run.smithi047.stderr:/usr/bin/ceph:
2024-01-18T06:48:04.581+0000 7f9f3a7fc700 1 -- 172.21.15.47:0/2267793577 <== mon.0 v2:172.21.15.47:3300/0 1 ==== mon_map magic: 0 v1 ==== 229+0+0 (secure 0 0 0) 0x7f9f4801b410 con 0x7f9f4c0fab80
2024-01-18T06:48:04.679 INFO:teuthology.orchestra.run.smithi047.stderr:/usr/bin/ceph:
2024-01-18T06:48:04.581+0000 7f9f3a7fc700 1 -- 172.21.15.47:0/2267793577 <== mon.0 v2:172.21.15.47:3300/0 2 ==== config(25 keys) v1 ==== 1010+0+0 (secure 0 0 0) 0x7f9f4801b9e0 con 0x7f9f4c0fab80
2024-01-18T06:48:04.679 INFO:teuthology.orchestra.run.smithi047.stderr:/usr/bin/ceph:
2024-01-18T06:48:04.581+0000 7f9f53a72700 1 -- 172.21.15.47:0/2267793577 --> [v2:172.21.15.47:3300/0,v1:172.21.15.47:6789/0] -- mon_subscribe({mgrmap=0+}) v3 -- 0x7f9f4c070650 con 0x7f9f4c0fab80
2024-01-18T06:48:04.679 INFO:teuthology.orchestra.run.smithi047.stderr:/usr/bin/ceph:
2024-01-18T06:48:04.581+0000 7f9f3a7fc700 1 -- 172.21.15.47:0/2267793577 <== mon.0 v2:172.21.15.47:3300/0 3 ==== mon_map magic: 0 v1 ==== 229+0+0 (secure 0 0 0) 0x7f9f4801a840 con 0x7f9f4c0fab80
2024-01-18T06:48:04.679 INFO:teuthology.orchestra.run.smithi047.stderr:/usr/bin/ceph:
2024-01-18T06:48:04.581+0000 7f9f53a72700 1 -- 172.21.15.47:0/2267793577 --> [v2:172.21.15.47:3300/0,v1:172.21.15.47:6789/0] -- mon_subscribe({osdmap=0}) v3 -- 0x7f9f4c10ddd0 con 0x7f9f4c0fab80
2024-01-18T06:48:04.679 INFO:teuthology.orchestra.run.smithi047.stderr:/usr/bin/ceph:
2024-01-18T06:48:04.582+0000 7f9f3a7fc700 1 -- 172.21.15.47:0/2267793577 <== mon.0 v2:172.21.15.47:3300/0 4 ==== mgrmap(e 8) v1 ==== 36120+0+0 (secure 0 0 0) 0x7f9f4800f070 con 0x7f9f4c0fab80
2024-01-18T06:48:04.679 INFO:teuthology.orchestra.run.smithi047.stderr:/usr/bin/ceph:
2024-01-18T06:48:04.582+0000 7f9f3a7fc700 1 --2- 172.21.15.47:0/2267793577 >> [v2:172.21.15.47:6800/3978480908,v1:172.21.15.47:6801/3978480908] conn(0x7f9f3402fdb0 0x7f9f34032270 unknown :-1 s=NONE pgs=0 cs=0 l=1 rev1=0 rx=0 tx=0).connect
2024-01-18T06:48:04.679 INFO:teuthology.orchestra.run.smithi047.stderr:/usr/bin/ceph:
2024-01-18T06:48:04.582+0000 7f9f53a72700 1 -- 172.21.15.47:0/2267793577 --> [v2:172.21.15.47:3300/0,v1:172.21.15.47:6789/0] -- mon_command({"prefix": "get_command_descriptions"} v 0) v1 -- 0x7f9f4c045ad0 con 0x7f9f4c0fab80
2024-01-18T06:48:04.680 INFO:teuthology.orchestra.run.smithi047.stderr:/usr/bin/ceph:
2024-01-18T06:48:04.582+0000 7f9f3a7fc700 1 -- 172.21.15.47:0/2267793577 <== mon.0 v2:172.21.15.47:3300/0 5 ==== osd_map(2..2 src has 1..2) v4 ==== 926+0+0 (secure 0 0 0) 0x7f9f480411a0 con 0x7f9f4c0fab80
2024-01-18T06:48:04.680 INFO:teuthology.orchestra.run.smithi047.stderr:/usr/bin/ceph:
2024-01-18T06:48:04.582+0000 7f9f5100d700 1 --2- 172.21.15.47:0/2267793577 >> [v2:172.21.15.47:6800/3978480908,v1:172.21.15.47:6801/3978480908] conn(0x7f9f3402fdb0 0x7f9f34032270 unknown :-1 s=BANNER_CONNECTING pgs=0 cs=0 l=1 rev1=0 rx=0 tx=0)._handle_peer_banner_payload supported=1 required=0
2024-01-18T06:48:04.680 INFO:teuthology.orchestra.run.smithi047.stderr:/usr/bin/ceph:
2024-01-18T06:48:04.582+0000 7f9f5100d700 1 --2- 172.21.15.47:0/2267793577 >> [v2:172.21.15.47:6800/3978480908,v1:172.21.15.47:6801/3978480908] conn(0x7f9f3402fdb0 0x7f9f34032270 secure :-1 s=READY pgs=9 cs=0 l=1 rev1=1 rx=0x7f9f3c0096a0 tx=0x7f9f3c006b40).ready entity=mgr.14114 client_cookie=0 server_cookie=0 in_seq=0 out_seq=0
2024-01-18T06:48:04.680 INFO:teuthology.orchestra.run.smithi047.stderr:/usr/bin/ceph:
2024-01-18T06:48:04.586+0000 7f9f3a7fc700 1 -- 172.21.15.47:0/2267793577 <== mon.0 v2:172.21.15.47:3300/0 6 ==== mon_command_ack([{"prefix": "get_command_descriptions"}]=0 v0) v1 ==== 72+0+152212 (secure 0 0 0) 0x7f9f48016070 con 0x7f9f4c0fab80
2024-01-18T06:48:04.751 INFO:teuthology.orchestra.run.smithi047.stderr:/usr/bin/ceph:
2024-01-18T06:48:04.751+0000 7f9f53a72700 1 -- 172.21.15.47:0/2267793577 --> [v2:172.21.15.47:6800/3978480908,v1:172.21.15.47:6801/3978480908] -- mgr_command(tid 0: {"prefix": "cephadm get-pub-key", "target": ["mon-mgr", ""]}) v1 -- 0x7f9f4c057f10 con 0x7f9f3402fdb0
2024-01-18T06:48:04.752 INFO:teuthology.orchestra.run.smithi047.stderr:/usr/bin/ceph:
2024-01-18T06:48:04.751+0000 7f9f3a7fc700 1 -- 172.21.15.47:0/2267793577 <== mgr.14114 v2:172.21.15.47:6800/3978480908 1 ==== mgr_command_reply(tid 0: 0 ) v1 ==== 8+0+595 (secure 0 0 0) 0x7f9f4c057f10 con 0x7f9f3402fdb0
2024-01-18T06:48:04.752 INFO:teuthology.orchestra.run.smithi047.stderr:/usr/bin/ceph: ssh-rsa AAAAB3NzaC1yc2EAAAADAQABAAABgQDTUlFvL9QJzLbw5AICxcbAnlSDLfp3OyWF2qfKGQW5xqA24NQD/ytwqGXzFdU7CQB6S/43aYjhvz1aoYDblZCYmkQ0zmszLQRF3qzQ88zfyWrZrG6Yjl5L0sA1S8zQkd9fSfXXN0C5Zx5NYa3bfS59JmCoRWYX6Hm0t/IokIGAwQBu+ti0GTCrJvnkrMSRoAjny3OtFQ3DSsrOgzsLBOM8Ij3xky25fhFunkjzMLBlPTT3IogH2j5fwlr9XCk4ro8k+N735KuMN1JS8PJiNVpJWV+CYVybH1gMGK0hPelKMzARPJu4fi6nFeR7jQ3DxXzqq5O+qPWmH8JfMDSHXM+eMbKommvet1WW2b5GsmkTx5TplWn1LrplbMb1NPSzJC/7Zz04Tg9Bg3Fc38xk6vLXTMQYYXzCTOD8MY26IX07qq5KKDNCImtxdR0+Bnor7WSTJK5yYGYUG9Jy29mAXrRUoKdZAc1KxngjQkejKQCyx4YxplK6RoKGKmV3KnZ+des= ceph-653e4012-b5cd-11ee-95ae-87774f69a715
2024-01-18T06:48:04.754 INFO:teuthology.orchestra.run.smithi047.stderr:/usr/bin/ceph:
2024-01-18T06:48:04.753+0000 7f9f53a72700 1 -- 172.21.15.47:0/2267793577 >> [v2:172.21.15.47:6800/3978480908,v1:172.21.15.47:6801/3978480908] conn(0x7f9f3402fdb0 msgr2=0x7f9f34032270 secure :-1 s=STATE_CONNECTION_ESTABLISHED l=1).mark_down
2024-01-18T06:48:04.754 INFO:teuthology.orchestra.run.smithi047.stderr:/usr/bin/ceph:
2024-01-18T06:48:04.753+0000 7f9f53a72700 1 --2- 172.21.15.47:0/2267793577 >> [v2:172.21.15.47:6800/3978480908,v1:172.21.15.47:6801/3978480908] conn(0x7f9f3402fdb0 0x7f9f34032270 secure :-1 s=READY pgs=9 cs=0 l=1 rev1=1 rx=0x7f9f3c0096a0 tx=0x7f9f3c006b40).stop
2024-01-18T06:48:04.754 INFO:teuthology.orchestra.run.smithi047.stderr:/usr/bin/ceph:
2024-01-18T06:48:04.753+0000 7f9f53a72700 1 -- 172.21.15.47:0/2267793577 >> [v2:172.21.15.47:3300/0,v1:172.21.15.47:6789/0] conn(0x7f9f4c0fab80 msgr2=0x7f9f4c10d720 secure :-1 s=STATE_CONNECTION_ESTABLISHED l=1).mark_down
2024-01-18T06:48:04.754 INFO:teuthology.orchestra.run.smithi047.stderr:/usr/bin/ceph:
2024-01-18T06:48:04.753+0000 7f9f53a72700 1 --2- 172.21.15.47:0/2267793577 >> [v2:172.21.15.47:3300/0,v1:172.21.15.47:6789/0] conn(0x7f9f4c0fab80 0x7f9f4c10d720 secure :-1 s=READY pgs=36 cs=0 l=1 rev1=1 rx=0x7f9f4800b1d0 tx=0x7f9f48006ee0).stop
2024-01-18T06:48:04.754 INFO:teuthology.orchestra.run.smithi047.stderr:/usr/bin/ceph:
2024-01-18T06:48:04.753+0000 7f9f53a72700 1 -- 172.21.15.47:0/2267793577 shutdown_connections
2024-01-18T06:48:04.754 INFO:teuthology.orchestra.run.smithi047.stderr:/usr/bin/ceph:
2024-01-18T06:48:04.753+0000 7f9f53a72700 1 --2- 172.21.15.47:0/2267793577 >> [v2:172.21.15.47:6800/3978480908,v1:172.21.15.47:6801/3978480908] conn(0x7f9f3402fdb0 0x7f9f34032270 unknown :-1 s=CLOSED pgs=9 cs=0 l=1 rev1=1 rx=0 tx=0).stop
2024-01-18T06:48:04.754 INFO:teuthology.orchestra.run.smithi047.stderr:/usr/bin/ceph:
2024-01-18T06:48:04.753+0000 7f9f53a72700 1 --2- 172.21.15.47:0/2267793577 >> [v2:172.21.15.47:3300/0,v1:172.21.15.47:6789/0] conn(0x7f9f4c0fab80 0x7f9f4c10d720 unknown :-1 s=CLOSED pgs=36 cs=0 l=1 rev1=1 rx=0 tx=0).stop
2024-01-18T06:48:04.755 INFO:teuthology.orchestra.run.smithi047.stderr:/usr/bin/ceph:
2024-01-18T06:48:04.753+0000 7f9f53a72700 1 -- 172.21.15.47:0/2267793577 >> 172.21.15.47:0/2267793577 conn(0x7f9f4c0f63c0 msgr2=0x7f9f4c0f7ea0 unknown :-1 s=STATE_NONE l=0).mark_down
2024-01-18T06:48:04.755 INFO:teuthology.orchestra.run.smithi047.stderr:/usr/bin/ceph:
2024-01-18T06:48:04.753+0000 7f9f53a72700 1 -- 172.21.15.47:0/2267793577 shutdown_connections
2024-01-18T06:48:04.755 INFO:teuthology.orchestra.run.smithi047.stderr:/usr/bin/ceph:
2024-01-18T06:48:04.753+0000 7f9f53a72700 1 -- 172.21.15.47:0/2267793577 wait complete.
2024-01-18T06:48:06.213 INFO:journalctl@ceph.mon.smithi047.smithi047.stdout:Jan 18 06:48:05 smithi047 ceph-653e4012-b5cd-11ee-95ae-87774f69a715-mon.smithi047[38797]: audit
2024-01-18T06:48:04.753180+0000 mgr.smithi047.fuhzzr (mgr.14114) 7 : audit [DBG] from='client.14130 -' entity='client.admin' cmd=[{"prefix": "cephadm get-pub-key", "target": ["mon-mgr", ""]}]: dispatch
2024-01-18T06:48:06.632 INFO:teuthology.orchestra.run.smithi047.stderr:Wrote public SSH key to /home/ubuntu/cephtest/ceph.pub
2024-01-18T06:48:06.632 INFO:teuthology.orchestra.run.smithi047.stderr:Adding key to root@localhost authorized_keys...
2024-01-18T06:48:06.633 INFO:teuthology.orchestra.run.smithi047.stderr:Adding host smithi047...
2024-01-18T06:48:06.633 INFO:teuthology.orchestra.run.smithi047.stderr:Running command: /bin/podman run --rm --ipc=host --no-hosts --net=host --entrypoint /usr/bin/ceph --init -e CONTAINER_IMAGE=docker.io/ceph/ceph:v16.2.4 -e NODE_NAME=smithi047 -e CEPH_USE_RANDOM_NONCE=1 -v /var/log/ceph/653e4012-b5cd-11ee-95ae-87774f69a715:/var/log/ceph:z -v /tmp/ceph-tmpck5s1jz7:/etc/ceph/ceph.client.admin.keyring:z -v /tmp/ceph-tmpcg0aieo2:/etc/ceph/ceph.conf:z docker.io/ceph/ceph:v16.2.4 orch host add smithi047 172.21.15.47
2024-01-18T06:48:07.090 INFO:teuthology.orchestra.run.smithi047.stderr:/usr/bin/ceph:
2024-01-18T06:48:07.087+0000 7f117cf94700 1 Processor -- start
2024-01-18T06:48:07.090 INFO:teuthology.orchestra.run.smithi047.stderr:/usr/bin/ceph:
2024-01-18T06:48:07.087+0000 7f117cf94700 1 -- start start
2024-01-18T06:48:07.090 INFO:teuthology.orchestra.run.smithi047.stderr:/usr/bin/ceph:
2024-01-18T06:48:07.087+0000 7f117cf94700 1 --2- >> [v2:172.21.15.47:3300/0,v1:172.21.15.47:6789/0] conn(0x7f1178070430 0x7f11780fe8e0 unknown :-1 s=NONE pgs=0 cs=0 l=0 rev1=0 rx=0 tx=0).connect
2024-01-18T06:48:07.090 INFO:teuthology.orchestra.run.smithi047.stderr:/usr/bin/ceph:
2024-01-18T06:48:07.087+0000 7f117cf94700 1 -- --> [v2:172.21.15.47:3300/0,v1:172.21.15.47:6789/0] -- mon_getmap magic: 0 v1 -- 0x7f11780fedd0 con 0x7f1178070430
2024-01-18T06:48:07.090 INFO:teuthology.orchestra.run.smithi047.stderr:/usr/bin/ceph:
2024-01-18T06:48:07.088+0000 7f117659c700 1 --2- >> [v2:172.21.15.47:3300/0,v1:172.21.15.47:6789/0] conn(0x7f1178070430 0x7f11780fe8e0 unknown :-1 s=BANNER_CONNECTING pgs=0 cs=0 l=0 rev1=0 rx=0 tx=0)._handle_peer_banner_payload supported=1 required=0
2024-01-18T06:48:07.091 INFO:teuthology.orchestra.run.smithi047.stderr:/usr/bin/ceph:
2024-01-18T06:48:07.088+0000 7f117659c700 1 --2- >> [v2:172.21.15.47:3300/0,v1:172.21.15.47:6789/0] conn(0x7f1178070430 0x7f11780fe8e0 unknown :-1 s=HELLO_CONNECTING pgs=0 cs=0 l=0 rev1=1 rx=0 tx=0).handle_hello peer v2:172.21.15.47:3300/0 says I am v2:172.21.15.47:57694/0 (socket says 172.21.15.47:57694)
2024-01-18T06:48:07.091 INFO:teuthology.orchestra.run.smithi047.stderr:/usr/bin/ceph:
2024-01-18T06:48:07.088+0000 7f117659c700 1 -- 172.21.15.47:0/1175942709 learned_addr learned my addr 172.21.15.47:0/1175942709 (peer_addr_for_me v2:172.21.15.47:0/0)
2024-01-18T06:48:07.091 INFO:teuthology.orchestra.run.smithi047.stderr:/usr/bin/ceph:
2024-01-18T06:48:07.088+0000 7f117659c700 1 -- 172.21.15.47:0/1175942709 --> [v2:172.21.15.47:3300/0,v1:172.21.15.47:6789/0] -- mon_subscribe({config=0+,monmap=0+}) v3 -- 0x7f11780fef10 con 0x7f1178070430
2024-01-18T06:48:07.091 INFO:teuthology.orchestra.run.smithi047.stderr:/usr/bin/ceph:
2024-01-18T06:48:07.088+0000 7f117659c700 1 --2- 172.21.15.47:0/1175942709 >> [v2:172.21.15.47:3300/0,v1:172.21.15.47:6789/0] conn(0x7f1178070430 0x7f11780fe8e0 secure :-1 s=READY pgs=37 cs=0 l=1 rev1=1 rx=0x7f116c00b5f0 tx=0x7f116c006ee0).ready entity=mon.0 client_cookie=6bc0f312e22ab344 server_cookie=0 in_seq=0 out_seq=0
2024-01-18T06:48:07.091 INFO:teuthology.orchestra.run.smithi047.stderr:/usr/bin/ceph:
2024-01-18T06:48:07.088+0000 7f117559a700 1 -- 172.21.15.47:0/1175942709 <== mon.0 v2:172.21.15.47:3300/0 1 ==== mon_map magic: 0 v1 ==== 229+0+0 (secure 0 0 0) 0x7f116c00d600 con 0x7f1178070430
2024-01-18T06:48:07.091 INFO:teuthology.orchestra.run.smithi047.stderr:/usr/bin/ceph:
2024-01-18T06:48:07.088+0000 7f117559a700 1 -- 172.21.15.47:0/1175942709 <== mon.0 v2:172.21.15.47:3300/0 2 ==== config(25 keys) v1 ==== 1010+0+0 (secure 0 0 0) 0x7f116c00dbd0 con 0x7f1178070430
2024-01-18T06:48:07.091 INFO:teuthology.orchestra.run.smithi047.stderr:/usr/bin/ceph:
2024-01-18T06:48:07.088+0000 7f117559a700 1 -- 172.21.15.47:0/1175942709 <== mon.0 v2:172.21.15.47:3300/0 3 ==== mon_map magic: 0 v1 ==== 229+0+0 (secure 0 0 0) 0x7f116c011c00 con 0x7f1178070430
2024-01-18T06:48:07.091 INFO:teuthology.orchestra.run.smithi047.stderr:/usr/bin/ceph:
2024-01-18T06:48:07.089+0000 7f117cf94700 1 -- 172.21.15.47:0/1175942709 >> [v2:172.21.15.47:3300/0,v1:172.21.15.47:6789/0] conn(0x7f1178070430 msgr2=0x7f11780fe8e0 secure :-1 s=STATE_CONNECTION_ESTABLISHED l=1).mark_down
2024-01-18T06:48:07.091 INFO:teuthology.orchestra.run.smithi047.stderr:/usr/bin/ceph:
2024-01-18T06:48:07.089+0000 7f117cf94700 1 --2- 172.21.15.47:0/1175942709 >> [v2:172.21.15.47:3300/0,v1:172.21.15.47:6789/0] conn(0x7f1178070430 0x7f11780fe8e0 secure :-1 s=READY pgs=37 cs=0 l=1 rev1=1 rx=0x7f116c00b5f0 tx=0x7f116c006ee0).stop
2024-01-18T06:48:07.091 INFO:teuthology.orchestra.run.smithi047.stderr:/usr/bin/ceph:
2024-01-18T06:48:07.089+0000 7f117cf94700 1 -- 172.21.15.47:0/1175942709 shutdown_connections
2024-01-18T06:48:07.091 INFO:teuthology.orchestra.run.smithi047.stderr:/usr/bin/ceph:
2024-01-18T06:48:07.089+0000 7f117cf94700 1 --2- 172.21.15.47:0/1175942709 >> [v2:172.21.15.47:3300/0,v1:172.21.15.47:6789/0] conn(0x7f1178070430 0x7f11780fe8e0 unknown :-1 s=CLOSED pgs=37 cs=0 l=1 rev1=1 rx=0 tx=0).stop
2024-01-18T06:48:07.091 INFO:teuthology.orchestra.run.smithi047.stderr:/usr/bin/ceph:
2024-01-18T06:48:07.089+0000 7f117cf94700 1 -- 172.21.15.47:0/1175942709 >> 172.21.15.47:0/1175942709 conn(0x7f11780f63c0 msgr2=0x7f11780f87e0 unknown :-1 s=STATE_NONE l=0).mark_down
2024-01-18T06:48:07.091 INFO:teuthology.orchestra.run.smithi047.stderr:/usr/bin/ceph:
2024-01-18T06:48:07.089+0000 7f117cf94700 1 -- 172.21.15.47:0/1175942709 shutdown_connections
2024-01-18T06:48:07.091 INFO:teuthology.orchestra.run.smithi047.stderr:/usr/bin/ceph:
2024-01-18T06:48:07.089+0000 7f117cf94700 1 -- 172.21.15.47:0/1175942709 wait complete.
2024-01-18T06:48:07.092 INFO:teuthology.orchestra.run.smithi047.stderr:/usr/bin/ceph:
2024-01-18T06:48:07.090+0000 7f117cf94700 1 Processor -- start
2024-01-18T06:48:07.092 INFO:teuthology.orchestra.run.smithi047.stderr:/usr/bin/ceph:
2024-01-18T06:48:07.090+0000 7f117cf94700 1 -- start start
2024-01-18T06:48:07.094 INFO:teuthology.orchestra.run.smithi047.stderr:/usr/bin/ceph:
2024-01-18T06:48:07.090+0000 7f117cf94700 1 --2- >> [v2:172.21.15.47:3300/0,v1:172.21.15.47:6789/0] conn(0x7f1178070430 0x7f117810aa00 unknown :-1 s=NONE pgs=0 cs=0 l=1 rev1=0 rx=0 tx=0).connect
2024-01-18T06:48:07.094 INFO:teuthology.orchestra.run.smithi047.stderr:/usr/bin/ceph:
2024-01-18T06:48:07.090+0000 7f117cf94700 1 -- --> [v2:172.21.15.47:3300/0,v1:172.21.15.47:6789/0] -- mon_getmap magic: 0 v1 -- 0x7f117810aef0 con 0x7f1178070430
2024-01-18T06:48:07.094 INFO:teuthology.orchestra.run.smithi047.stderr:/usr/bin/ceph:
2024-01-18T06:48:07.090+0000 7f117659c700 1 --2- >> [v2:172.21.15.47:3300/0,v1:172.21.15.47:6789/0] conn(0x7f1178070430 0x7f117810aa00 unknown :-1 s=BANNER_CONNECTING pgs=0 cs=0 l=1 rev1=0 rx=0 tx=0)._handle_peer_banner_payload supported=1 required=0
2024-01-18T06:48:07.094 INFO:teuthology.orchestra.run.smithi047.stderr:/usr/bin/ceph:
2024-01-18T06:48:07.090+0000 7f117659c700 1 --2- >> [v2:172.21.15.47:3300/0,v1:172.21.15.47:6789/0] conn(0x7f1178070430 0x7f117810aa00 unknown :-1 s=HELLO_CONNECTING pgs=0 cs=0 l=1 rev1=1 rx=0 tx=0).handle_hello peer v2:172.21.15.47:3300/0 says I am v2:172.21.15.47:57702/0 (socket says 172.21.15.47:57702)
2024-01-18T06:48:07.094 INFO:teuthology.orchestra.run.smithi047.stderr:/usr/bin/ceph:
2024-01-18T06:48:07.090+0000 7f117659c700 1 -- 172.21.15.47:0/4162619371 learned_addr learned my addr 172.21.15.47:0/4162619371 (peer_addr_for_me v2:172.21.15.47:0/0)
2024-01-18T06:48:07.094 INFO:teuthology.orchestra.run.smithi047.stderr:/usr/bin/ceph:
2024-01-18T06:48:07.090+0000 7f117659c700 1 -- 172.21.15.47:0/4162619371 --> [v2:172.21.15.47:3300/0,v1:172.21.15.47:6789/0] -- mon_subscribe({config=0+,monmap=0+}) v3 -- 0x7f116c00b200 con 0x7f1178070430
2024-01-18T06:48:07.094 INFO:teuthology.orchestra.run.smithi047.stderr:/usr/bin/ceph:
2024-01-18T06:48:07.090+0000 7f117659c700 1 --2- 172.21.15.47:0/4162619371 >> [v2:172.21.15.47:3300/0,v1:172.21.15.47:6789/0] conn(0x7f1178070430 0x7f117810aa00 secure :-1 s=READY pgs=38 cs=0 l=1 rev1=1 rx=0x7f116c00b190 tx=0x7f116c006ee0).ready entity=mon.0 client_cookie=0 server_cookie=0 in_seq=0 out_seq=0
2024-01-18T06:48:07.094 INFO:teuthology.orchestra.run.smithi047.stderr:/usr/bin/ceph:
2024-01-18T06:48:07.091+0000 7f1166ffd700 1 -- 172.21.15.47:0/4162619371 <== mon.0 v2:172.21.15.47:3300/0 1 ==== mon_map magic: 0 v1 ==== 229+0+0 (secure 0 0 0) 0x7f116c01b410 con 0x7f1178070430
2024-01-18T06:48:07.094 INFO:teuthology.orchestra.run.smithi047.stderr:/usr/bin/ceph:
2024-01-18T06:48:07.091+0000 7f1166ffd700 1 -- 172.21.15.47:0/4162619371 <== mon.0 v2:172.21.15.47:3300/0 2 ==== config(25 keys) v1 ==== 1010+0+0 (secure 0 0 0) 0x7f116c01b9e0 con 0x7f1178070430
2024-01-18T06:48:07.094 INFO:teuthology.orchestra.run.smithi047.stderr:/usr/bin/ceph:
2024-01-18T06:48:07.091+0000 7f117cf94700 1 -- 172.21.15.47:0/4162619371 --> [v2:172.21.15.47:3300/0,v1:172.21.15.47:6789/0] -- mon_subscribe({mgrmap=0+}) v3 -- 0x7f117810b0f0 con 0x7f1178070430
2024-01-18T06:48:07.094 INFO:teuthology.orchestra.run.smithi047.stderr:/usr/bin/ceph:
2024-01-18T06:48:07.091+0000 7f1166ffd700 1 -- 172.21.15.47:0/4162619371 <== mon.0 v2:172.21.15.47:3300/0 3 ==== mon_map magic: 0 v1 ==== 229+0+0 (secure 0 0 0) 0x7f116c01a880 con 0x7f1178070430
2024-01-18T06:48:07.094 INFO:teuthology.orchestra.run.smithi047.stderr:/usr/bin/ceph:
2024-01-18T06:48:07.091+0000 7f117cf94700 1 -- 172.21.15.47:0/4162619371 --> [v2:172.21.15.47:3300/0,v1:172.21.15.47:6789/0] -- mon_subscribe({osdmap=0}) v3 -- 0x7f117810b500 con 0x7f1178070430
2024-01-18T06:48:07.095 INFO:teuthology.orchestra.run.smithi047.stderr:/usr/bin/ceph:
2024-01-18T06:48:07.092+0000 7f1166ffd700 1 -- 172.21.15.47:0/4162619371 <== mon.0 v2:172.21.15.47:3300/0 4 ==== mgrmap(e 8) v1 ==== 36120+0+0 (secure 0 0 0) 0x7f116c00f070 con 0x7f1178070430
2024-01-18T06:48:07.095 INFO:teuthology.orchestra.run.smithi047.stderr:/usr/bin/ceph:
2024-01-18T06:48:07.092+0000 7f1166ffd700 1 --2- 172.21.15.47:0/4162619371 >> [v2:172.21.15.47:6800/3978480908,v1:172.21.15.47:6801/3978480908] conn(0x7f115c02fd50 0x7f115c032210 unknown :-1 s=NONE pgs=0 cs=0 l=1 rev1=0 rx=0 tx=0).connect
2024-01-18T06:48:07.095 INFO:teuthology.orchestra.run.smithi047.stderr:/usr/bin/ceph:
2024-01-18T06:48:07.092+0000 7f1166ffd700 1 -- 172.21.15.47:0/4162619371 <== mon.0 v2:172.21.15.47:3300/0 5 ==== osd_map(2..2 src has 1..2) v4 ==== 926+0+0 (secure 0 0 0) 0x7f116c0412a0 con 0x7f1178070430
2024-01-18T06:48:07.095 INFO:teuthology.orchestra.run.smithi047.stderr:/usr/bin/ceph:
2024-01-18T06:48:07.092+0000 7f1175d9b700 1 --2- 172.21.15.47:0/4162619371 >> [v2:172.21.15.47:6800/3978480908,v1:172.21.15.47:6801/3978480908] conn(0x7f115c02fd50 0x7f115c032210 unknown :-1 s=BANNER_CONNECTING pgs=0 cs=0 l=1 rev1=0 rx=0 tx=0)._handle_peer_banner_payload supported=1 required=0
2024-01-18T06:48:07.095 INFO:teuthology.orchestra.run.smithi047.stderr:/usr/bin/ceph:
2024-01-18T06:48:07.092+0000 7f117cf94700 1 -- 172.21.15.47:0/4162619371 --> [v2:172.21.15.47:3300/0,v1:172.21.15.47:6789/0] -- mon_command({"prefix": "get_command_descriptions"} v 0) v1 -- 0x7f1178059100 con 0x7f1178070430
2024-01-18T06:48:07.095 INFO:teuthology.orchestra.run.smithi047.stderr:/usr/bin/ceph:
2024-01-18T06:48:07.092+0000 7f1175d9b700 1 --2- 172.21.15.47:0/4162619371 >> [v2:172.21.15.47:6800/3978480908,v1:172.21.15.47:6801/3978480908] conn(0x7f115c02fd50 0x7f115c032210 secure :-1 s=READY pgs=10 cs=0 l=1 rev1=1 rx=0x7f11680096a0 tx=0x7f1168006b40).ready entity=mgr.14114 client_cookie=0 server_cookie=0 in_seq=0 out_seq=0
2024-01-18T06:48:07.096 INFO:teuthology.orchestra.run.smithi047.stderr:/usr/bin/ceph:
2024-01-18T06:48:07.096+0000 7f1166ffd700 1 -- 172.21.15.47:0/4162619371 <== mon.0 v2:172.21.15.47:3300/0 6 ==== mon_command_ack([{"prefix": "get_command_descriptions"}]=0 v0) v1 ==== 72+0+152212 (secure 0 0 0) 0x7f116c016070 con 0x7f1178070430
2024-01-18T06:48:07.277 INFO:teuthology.orchestra.run.smithi047.stderr:/usr/bin/ceph:
2024-01-18T06:48:07.276+0000 7f117cf94700 1 -- 172.21.15.47:0/4162619371 --> [v2:172.21.15.47:6800/3978480908,v1:172.21.15.47:6801/3978480908] -- mgr_command(tid 0: {"prefix": "orch host add", "hostname": "smithi047", "addr": "172.21.15.47", "target": ["mon-mgr", ""]}) v1 -- 0x7f11781048f0 con 0x7f115c02fd50
2024-01-18T06:48:07.880 INFO:teuthology.orchestra.run.smithi047.stderr:/usr/bin/ceph: Added host 'smithi047'
2024-01-18T06:48:07.880 INFO:teuthology.orchestra.run.smithi047.stderr:/usr/bin/ceph:
2024-01-18T06:48:07.878+0000 7f1166ffd700 1 -- 172.21.15.47:0/4162619371 <== mgr.14114 v2:172.21.15.47:6800/3978480908 1 ==== mgr_command_reply(tid 0: 0 ) v1 ==== 8+0+23 (secure 0 0 0) 0x7f11781048f0 con 0x7f115c02fd50
2024-01-18T06:48:07.881 INFO:teuthology.orchestra.run.smithi047.stderr:/usr/bin/ceph:
2024-01-18T06:48:07.881+0000 7f117cf94700 1 -- 172.21.15.47:0/4162619371 >> [v2:172.21.15.47:6800/3978480908,v1:172.21.15.47:6801/3978480908] conn(0x7f115c02fd50 msgr2=0x7f115c032210 secure :-1 s=STATE_CONNECTION_ESTABLISHED l=1).mark_down
2024-01-18T06:48:07.882 INFO:teuthology.orchestra.run.smithi047.stderr:/usr/bin/ceph:
2024-01-18T06:48:07.881+0000 7f117cf94700 1 --2- 172.21.15.47:0/4162619371 >> [v2:172.21.15.47:6800/3978480908,v1:172.21.15.47:6801/3978480908] conn(0x7f115c02fd50 0x7f115c032210 secure :-1 s=READY pgs=10 cs=0 l=1 rev1=1 rx=0x7f11680096a0 tx=0x7f1168006b40).stop
2024-01-18T06:48:07.882 INFO:teuthology.orchestra.run.smithi047.stderr:/usr/bin/ceph:
2024-01-18T06:48:07.881+0000 7f117cf94700 1 -- 172.21.15.47:0/4162619371 >> [v2:172.21.15.47:3300/0,v1:172.21.15.47:6789/0] conn(0x7f1178070430 msgr2=0x7f117810aa00 secure :-1 s=STATE_CONNECTION_ESTABLISHED l=1).mark_down
2024-01-18T06:48:07.882 INFO:teuthology.orchestra.run.smithi047.stderr:/usr/bin/ceph:
2024-01-18T06:48:07.881+0000 7f117cf94700 1 --2- 172.21.15.47:0/4162619371 >> [v2:172.21.15.47:3300/0,v1:172.21.15.47:6789/0] conn(0x7f1178070430 0x7f117810aa00 secure :-1 s=READY pgs=38 cs=0 l=1 rev1=1 rx=0x7f116c00b190 tx=0x7f116c006ee0).stop
2024-01-18T06:48:07.882 INFO:teuthology.orchestra.run.smithi047.stderr:/usr/bin/ceph:
2024-01-18T06:48:07.881+0000 7f117cf94700 1 -- 172.21.15.47:0/4162619371 shutdown_connections
2024-01-18T06:48:07.883 INFO:teuthology.orchestra.run.smithi047.stderr:/usr/bin/ceph:
2024-01-18T06:48:07.881+0000 7f117cf94700 1 --2- 172.21.15.47:0/4162619371 >> [v2:172.21.15.47:6800/3978480908,v1:172.21.15.47:6801/3978480908] conn(0x7f115c02fd50 0x7f115c032210 unknown :-1 s=CLOSED pgs=10 cs=0 l=1 rev1=1 rx=0 tx=0).stop
2024-01-18T06:48:07.883 INFO:teuthology.orchestra.run.smithi047.stderr:/usr/bin/ceph:
2024-01-18T06:48:07.881+0000 7f117cf94700 1 --2- 172.21.15.47:0/4162619371 >> [v2:172.21.15.47:3300/0,v1:172.21.15.47:6789/0] conn(0x7f1178070430 0x7f117810aa00 unknown :-1 s=CLOSED pgs=38 cs=0 l=1 rev1=1 rx=0 tx=0).stop
2024-01-18T06:48:07.883 INFO:teuthology.orchestra.run.smithi047.stderr:/usr/bin/ceph:
2024-01-18T06:48:07.881+0000 7f117cf94700 1 -- 172.21.15.47:0/4162619371 >> 172.21.15.47:0/4162619371 conn(0x7f11780f63c0 msgr2=0x7f11780f7f20 unknown :-1 s=STATE_NONE l=0).mark_down
2024-01-18T06:48:07.883 INFO:teuthology.orchestra.run.smithi047.stderr:/usr/bin/ceph:
2024-01-18T06:48:07.881+0000 7f117cf94700 1 -- 172.21.15.47:0/4162619371 shutdown_connections
2024-01-18T06:48:07.883 INFO:teuthology.orchestra.run.smithi047.stderr:/usr/bin/ceph:
2024-01-18T06:48:07.881+0000 7f117cf94700 1 -- 172.21.15.47:0/4162619371 wait complete.
2024-01-18T06:48:08.047 INFO:journalctl@ceph.mon.smithi047.smithi047.stdout:Jan 18 06:48:07 smithi047 ceph-653e4012-b5cd-11ee-95ae-87774f69a715-mon.smithi047[38797]: audit
2024-01-18T06:48:07.279012+0000 mgr.smithi047.fuhzzr (mgr.14114) 8 : audit [DBG] from='client.14132 -' entity='client.admin' cmd=[{"prefix": "orch host add", "hostname": "smithi047", "addr": "172.21.15.47", "target": ["mon-mgr", ""]}]: dispatch
2024-01-18T06:48:08.206 INFO:teuthology.orchestra.run.smithi047.stderr:Deploying mon service with default placement...
2024-01-18T06:48:08.206 INFO:teuthology.orchestra.run.smithi047.stderr:Running command: /bin/podman run --rm --ipc=host --no-hosts --net=host --entrypoint /usr/bin/ceph --init -e CONTAINER_IMAGE=docker.io/ceph/ceph:v16.2.4 -e NODE_NAME=smithi047 -e CEPH_USE_RANDOM_NONCE=1 -v /var/log/ceph/653e4012-b5cd-11ee-95ae-87774f69a715:/var/log/ceph:z -v /tmp/ceph-tmpck5s1jz7:/etc/ceph/ceph.client.admin.keyring:z -v /tmp/ceph-tmpcg0aieo2:/etc/ceph/ceph.conf:z docker.io/ceph/ceph:v16.2.4 orch apply mon
2024-01-18T06:48:08.585 INFO:teuthology.orchestra.run.smithi047.stderr:/usr/bin/ceph:
2024-01-18T06:48:08.584+0000 7f4b7d57a700 1 Processor -- start
2024-01-18T06:48:08.585 INFO:teuthology.orchestra.run.smithi047.stderr:/usr/bin/ceph:
2024-01-18T06:48:08.584+0000 7f4b7d57a700 1 -- start start
2024-01-18T06:48:08.585 INFO:teuthology.orchestra.run.smithi047.stderr:/usr/bin/ceph:
2024-01-18T06:48:08.584+0000 7f4b7d57a700 1 --2- >> [v2:172.21.15.47:3300/0,v1:172.21.15.47:6789/0] conn(0x7f4b780703f0 0x7f4b780fe7a0 unknown :-1 s=NONE pgs=0 cs=0 l=0 rev1=0 rx=0 tx=0).connect
2024-01-18T06:48:08.585 INFO:teuthology.orchestra.run.smithi047.stderr:/usr/bin/ceph:
2024-01-18T06:48:08.584+0000 7f4b7d57a700 1 -- --> [v2:172.21.15.47:3300/0,v1:172.21.15.47:6789/0] -- mon_getmap magic: 0 v1 -- 0x7f4b780fec90 con 0x7f4b780703f0
2024-01-18T06:48:08.585 INFO:teuthology.orchestra.run.smithi047.stderr:/usr/bin/ceph:
2024-01-18T06:48:08.584+0000 7f4b76ffd700 1 --2- >> [v2:172.21.15.47:3300/0,v1:172.21.15.47:6789/0] conn(0x7f4b780703f0 0x7f4b780fe7a0 unknown :-1 s=BANNER_CONNECTING pgs=0 cs=0 l=0 rev1=0 rx=0 tx=0)._handle_peer_banner_payload supported=1 required=0
2024-01-18T06:48:08.586 INFO:teuthology.orchestra.run.smithi047.stderr:/usr/bin/ceph:
2024-01-18T06:48:08.584+0000 7f4b76ffd700 1 --2- >> [v2:172.21.15.47:3300/0,v1:172.21.15.47:6789/0] conn(0x7f4b780703f0 0x7f4b780fe7a0 unknown :-1 s=HELLO_CONNECTING pgs=0 cs=0 l=0 rev1=1 rx=0 tx=0).handle_hello peer v2:172.21.15.47:3300/0 says I am v2:172.21.15.47:57718/0 (socket says 172.21.15.47:57718)
2024-01-18T06:48:08.586 INFO:teuthology.orchestra.run.smithi047.stderr:/usr/bin/ceph:
2024-01-18T06:48:08.584+0000 7f4b76ffd700 1 -- 172.21.15.47:0/2397767608 learned_addr learned my addr 172.21.15.47:0/2397767608 (peer_addr_for_me v2:172.21.15.47:0/0)
2024-01-18T06:48:08.586 INFO:teuthology.orchestra.run.smithi047.stderr:/usr/bin/ceph:
2024-01-18T06:48:08.585+0000 7f4b76ffd700 1 -- 172.21.15.47:0/2397767608 --> [v2:172.21.15.47:3300/0,v1:172.21.15.47:6789/0] -- mon_subscribe({config=0+,monmap=0+}) v3 -- 0x7f4b780fedd0 con 0x7f4b780703f0
2024-01-18T06:48:08.586 INFO:teuthology.orchestra.run.smithi047.stderr:/usr/bin/ceph:
2024-01-18T06:48:08.585+0000 7f4b76ffd700 1 --2- 172.21.15.47:0/2397767608 >> [v2:172.21.15.47:3300/0,v1:172.21.15.47:6789/0] conn(0x7f4b780703f0 0x7f4b780fe7a0 secure :-1 s=READY pgs=39 cs=0 l=1 rev1=1 rx=0x7f4b6800b5f0 tx=0x7f4b68006ee0).ready entity=mon.0 client_cookie=8c65fd87c639fb39 server_cookie=0 in_seq=0 out_seq=0
2024-01-18T06:48:08.588 INFO:teuthology.orchestra.run.smithi047.stderr:/usr/bin/ceph:
2024-01-18T06:48:08.585+0000 7f4b75ffb700 1 -- 172.21.15.47:0/2397767608 <== mon.0 v2:172.21.15.47:3300/0 1 ==== mon_map magic: 0 v1 ==== 229+0+0 (secure 0 0 0) 0x7f4b6800d600 con 0x7f4b780703f0
2024-01-18T06:48:08.588 INFO:teuthology.orchestra.run.smithi047.stderr:/usr/bin/ceph:
2024-01-18T06:48:08.585+0000 7f4b75ffb700 1 -- 172.21.15.47:0/2397767608 <== mon.0 v2:172.21.15.47:3300/0 2 ==== config(25 keys) v1 ==== 1010+0+0 (secure 0 0 0) 0x7f4b6800dbd0 con 0x7f4b780703f0
2024-01-18T06:48:08.588 INFO:teuthology.orchestra.run.smithi047.stderr:/usr/bin/ceph:
2024-01-18T06:48:08.585+0000 7f4b75ffb700 1 -- 172.21.15.47:0/2397767608 <== mon.0 v2:172.21.15.47:3300/0 3 ==== mon_map magic: 0 v1 ==== 229+0+0 (secure 0 0 0) 0x7f4b68011c00 con 0x7f4b780703f0
2024-01-18T06:48:08.588 INFO:teuthology.orchestra.run.smithi047.stderr:/usr/bin/ceph:
2024-01-18T06:48:08.585+0000 7f4b7d57a700 1 -- 172.21.15.47:0/2397767608 >> [v2:172.21.15.47:3300/0,v1:172.21.15.47:6789/0] conn(0x7f4b780703f0 msgr2=0x7f4b780fe7a0 secure :-1 s=STATE_CONNECTION_ESTABLISHED l=1).mark_down
2024-01-18T06:48:08.588 INFO:teuthology.orchestra.run.smithi047.stderr:/usr/bin/ceph:
2024-01-18T06:48:08.585+0000 7f4b7d57a700 1 --2- 172.21.15.47:0/2397767608 >> [v2:172.21.15.47:3300/0,v1:172.21.15.47:6789/0] conn(0x7f4b780703f0 0x7f4b780fe7a0 secure :-1 s=READY pgs=39 cs=0 l=1 rev1=1 rx=0x7f4b6800b5f0 tx=0x7f4b68006ee0).stop
2024-01-18T06:48:08.588 INFO:teuthology.orchestra.run.smithi047.stderr:/usr/bin/ceph:
2024-01-18T06:48:08.586+0000 7f4b7d57a700 1 -- 172.21.15.47:0/2397767608 shutdown_connections
2024-01-18T06:48:08.589 INFO:teuthology.orchestra.run.smithi047.stderr:/usr/bin/ceph:
2024-01-18T06:48:08.586+0000 7f4b7d57a700 1 --2- 172.21.15.47:0/2397767608 >> [v2:172.21.15.47:3300/0,v1:172.21.15.47:6789/0] conn(0x7f4b780703f0 0x7f4b780fe7a0 unknown :-1 s=CLOSED pgs=39 cs=0 l=1 rev1=1 rx=0 tx=0).stop
2024-01-18T06:48:08.589 INFO:teuthology.orchestra.run.smithi047.stderr:/usr/bin/ceph:
2024-01-18T06:48:08.586+0000 7f4b7d57a700 1 -- 172.21.15.47:0/2397767608 >> 172.21.15.47:0/2397767608 conn(0x7f4b780f6240 msgr2=0x7f4b780f8660 unknown :-1 s=STATE_NONE l=0).mark_down
2024-01-18T06:48:08.589 INFO:teuthology.orchestra.run.smithi047.stderr:/usr/bin/ceph:
2024-01-18T06:48:08.586+0000 7f4b7d57a700 1 -- 172.21.15.47:0/2397767608 shutdown_connections
2024-01-18T06:48:08.589 INFO:teuthology.orchestra.run.smithi047.stderr:/usr/bin/ceph:
2024-01-18T06:48:08.586+0000 7f4b7d57a700 1 -- 172.21.15.47:0/2397767608 wait complete.
2024-01-18T06:48:08.589 INFO:teuthology.orchestra.run.smithi047.stderr:/usr/bin/ceph:
2024-01-18T06:48:08.586+0000 7f4b7d57a700 1 Processor -- start
2024-01-18T06:48:08.589 INFO:teuthology.orchestra.run.smithi047.stderr:/usr/bin/ceph:
2024-01-18T06:48:08.586+0000 7f4b7d57a700 1 -- start start
2024-01-18T06:48:08.589 INFO:teuthology.orchestra.run.smithi047.stderr:/usr/bin/ceph:
2024-01-18T06:48:08.586+0000 7f4b7d57a700 1 --2- >> [v2:172.21.15.47:3300/0,v1:172.21.15.47:6789/0] conn(0x7f4b780703f0 0x7f4b7810a840 unknown :-1 s=NONE pgs=0 cs=0 l=1 rev1=0 rx=0 tx=0).connect
2024-01-18T06:48:08.589 INFO:teuthology.orchestra.run.smithi047.stderr:/usr/bin/ceph:
2024-01-18T06:48:08.587+0000 7f4b7d57a700 1 -- --> [v2:172.21.15.47:3300/0,v1:172.21.15.47:6789/0] -- mon_getmap magic: 0 v1 -- 0x7f4b7810ad30 con 0x7f4b780703f0
2024-01-18T06:48:08.589 INFO:teuthology.orchestra.run.smithi047.stderr:/usr/bin/ceph:
2024-01-18T06:48:08.587+0000 7f4b76ffd700 1 --2- >> [v2:172.21.15.47:3300/0,v1:172.21.15.47:6789/0] conn(0x7f4b780703f0 0x7f4b7810a840 unknown :-1 s=BANNER_CONNECTING pgs=0 cs=0 l=1 rev1=0 rx=0 tx=0)._handle_peer_banner_payload supported=1 required=0
2024-01-18T06:48:08.589 INFO:teuthology.orchestra.run.smithi047.stderr:/usr/bin/ceph:
2024-01-18T06:48:08.587+0000 7f4b76ffd700 1 --2- >> [v2:172.21.15.47:3300/0,v1:172.21.15.47:6789/0] conn(0x7f4b780703f0 0x7f4b7810a840 unknown :-1 s=HELLO_CONNECTING pgs=0 cs=0 l=1 rev1=1 rx=0 tx=0).handle_hello peer v2:172.21.15.47:3300/0 says I am v2:172.21.15.47:57726/0 (socket says 172.21.15.47:57726)
2024-01-18T06:48:08.589 INFO:teuthology.orchestra.run.smithi047.stderr:/usr/bin/ceph:
2024-01-18T06:48:08.587+0000 7f4b76ffd700 1 -- 172.21.15.47:0/588285274 learned_addr learned my addr 172.21.15.47:0/588285274 (peer_addr_for_me v2:172.21.15.47:0/0)
2024-01-18T06:48:08.589 INFO:teuthology.orchestra.run.smithi047.stderr:/usr/bin/ceph:
2024-01-18T06:48:08.587+0000 7f4b76ffd700 1 -- 172.21.15.47:0/588285274 --> [v2:172.21.15.47:3300/0,v1:172.21.15.47:6789/0] -- mon_subscribe({config=0+,monmap=0+}) v3 -- 0x7f4b6800b200 con 0x7f4b780703f0
2024-01-18T06:48:08.589 INFO:teuthology.orchestra.run.smithi047.stderr:/usr/bin/ceph:
2024-01-18T06:48:08.587+0000 7f4b76ffd700 1 --2- 172.21.15.47:0/588285274 >> [v2:172.21.15.47:3300/0,v1:172.21.15.47:6789/0] conn(0x7f4b780703f0 0x7f4b7810a840 secure :-1 s=READY pgs=40 cs=0 l=1 rev1=1 rx=0x7f4b6800b190 tx=0x7f4b68006ee0).ready entity=mon.0 client_cookie=0 server_cookie=0 in_seq=0 out_seq=0
2024-01-18T06:48:08.589 INFO:teuthology.orchestra.run.smithi047.stderr:/usr/bin/ceph:
2024-01-18T06:48:08.587+0000 7f4b5f7fe700 1 -- 172.21.15.47:0/588285274 <== mon.0 v2:172.21.15.47:3300/0 1 ==== mon_map magic: 0 v1 ==== 229+0+0 (secure 0 0 0) 0x7f4b6801b410 con 0x7f4b780703f0
2024-01-18T06:48:08.589 INFO:teuthology.orchestra.run.smithi047.stderr:/usr/bin/ceph:
2024-01-18T06:48:08.587+0000 7f4b5f7fe700 1 -- 172.21.15.47:0/588285274 <== mon.0 v2:172.21.15.47:3300/0 2 ==== config(25 keys) v1 ==== 1010+0+0 (secure 0 0 0) 0x7f4b6801b9e0 con 0x7f4b780703f0
2024-01-18T06:48:08.590 INFO:teuthology.orchestra.run.smithi047.stderr:/usr/bin/ceph:
2024-01-18T06:48:08.587+0000 7f4b7d57a700 1 -- 172.21.15.47:0/588285274 --> [v2:172.21.15.47:3300/0,v1:172.21.15.47:6789/0] -- mon_subscribe({mgrmap=0+}) v3 -- 0x7f4b7810af30 con 0x7f4b780703f0
2024-01-18T06:48:08.590 INFO:teuthology.orchestra.run.smithi047.stderr:/usr/bin/ceph:
2024-01-18T06:48:08.587+0000 7f4b5f7fe700 1 -- 172.21.15.47:0/588285274 <== mon.0 v2:172.21.15.47:3300/0 3 ==== mon_map magic: 0 v1 ==== 229+0+0 (secure 0 0 0) 0x7f4b6801a880 con 0x7f4b780703f0
2024-01-18T06:48:08.590 INFO:teuthology.orchestra.run.smithi047.stderr:/usr/bin/ceph:
2024-01-18T06:48:08.587+0000 7f4b7d57a700 1 -- 172.21.15.47:0/588285274 --> [v2:172.21.15.47:3300/0,v1:172.21.15.47:6789/0] -- mon_subscribe({osdmap=0}) v3 -- 0x7f4b7810b340 con 0x7f4b780703f0
2024-01-18T06:48:08.590 INFO:teuthology.orchestra.run.smithi047.stderr:/usr/bin/ceph:
2024-01-18T06:48:08.588+0000 7f4b5f7fe700 1 -- 172.21.15.47:0/588285274 <== mon.0 v2:172.21.15.47:3300/0 4 ==== mgrmap(e 8) v1 ==== 36120+0+0 (secure 0 0 0) 0x7f4b6800f070 con 0x7f4b780703f0
2024-01-18T06:48:08.591 INFO:teuthology.orchestra.run.smithi047.stderr:/usr/bin/ceph:
2024-01-18T06:48:08.588+0000 7f4b5f7fe700 1 --2- 172.21.15.47:0/588285274 >> [v2:172.21.15.47:6800/3978480908,v1:172.21.15.47:6801/3978480908] conn(0x7f4b6402fdb0 0x7f4b64032270 unknown :-1 s=NONE pgs=0 cs=0 l=1 rev1=0 rx=0 tx=0).connect
2024-01-18T06:48:08.591 INFO:teuthology.orchestra.run.smithi047.stderr:/usr/bin/ceph:
2024-01-18T06:48:08.588+0000 7f4b5f7fe700 1 -- 172.21.15.47:0/588285274 <== mon.0 v2:172.21.15.47:3300/0 5 ==== osd_map(2..2 src has 1..2) v4 ==== 926+0+0 (secure 0 0 0) 0x7f4b680411e0 con 0x7f4b780703f0
2024-01-18T06:48:08.591 INFO:teuthology.orchestra.run.smithi047.stderr:/usr/bin/ceph:
2024-01-18T06:48:08.588+0000 7f4b7d57a700 1 -- 172.21.15.47:0/588285274 --> [v2:172.21.15.47:3300/0,v1:172.21.15.47:6789/0] -- mon_command({"prefix": "get_command_descriptions"} v 0) v1 -- 0x7f4b78045ad0 con 0x7f4b780703f0
2024-01-18T06:48:08.591 INFO:teuthology.orchestra.run.smithi047.stderr:/usr/bin/ceph:
2024-01-18T06:48:08.588+0000 7f4b767fc700 1 --2- 172.21.15.47:0/588285274 >> [v2:172.21.15.47:6800/3978480908,v1:172.21.15.47:6801/3978480908] conn(0x7f4b6402fdb0 0x7f4b64032270 unknown :-1 s=BANNER_CONNECTING pgs=0 cs=0 l=1 rev1=0 rx=0 tx=0)._handle_peer_banner_payload supported=1 required=0
2024-01-18T06:48:08.591 INFO:teuthology.orchestra.run.smithi047.stderr:/usr/bin/ceph:
2024-01-18T06:48:08.589+0000 7f4b767fc700 1 --2- 172.21.15.47:0/588285274 >> [v2:172.21.15.47:6800/3978480908,v1:172.21.15.47:6801/3978480908] conn(0x7f4b6402fdb0 0x7f4b64032270 secure :-1 s=READY pgs=11 cs=0 l=1 rev1=1 rx=0x7f4b6c0096a0 tx=0x7f4b6c006b40).ready entity=mgr.14114 client_cookie=0 server_cookie=0 in_seq=0 out_seq=0
2024-01-18T06:48:08.593 INFO:teuthology.orchestra.run.smithi047.stderr:/usr/bin/ceph:
2024-01-18T06:48:08.593+0000 7f4b5f7fe700 1 -- 172.21.15.47:0/588285274 <== mon.0 v2:172.21.15.47:3300/0 6 ==== mon_command_ack([{"prefix": "get_command_descriptions"}]=0 v0) v1 ==== 72+0+152212 (secure 0 0 0) 0x7f4b68025460 con 0x7f4b780703f0
2024-01-18T06:48:08.778 INFO:teuthology.orchestra.run.smithi047.stderr:/usr/bin/ceph:
2024-01-18T06:48:08.778+0000 7f4b7d57a700 1 -- 172.21.15.47:0/588285274 --> [v2:172.21.15.47:6800/3978480908,v1:172.21.15.47:6801/3978480908] -- mgr_command(tid 0: {"prefix": "orch apply", "service_type": "mon", "target": ["mon-mgr", ""]}) v1 -- 0x7f4b781046e0 con 0x7f4b6402fdb0
2024-01-18T06:48:08.782 INFO:teuthology.orchestra.run.smithi047.stderr:/usr/bin/ceph:
2024-01-18T06:48:08.782+0000 7f4b5f7fe700 1 -- 172.21.15.47:0/588285274 <== mgr.14114 v2:172.21.15.47:6800/3978480908 1 ==== mgr_command_reply(tid 0: 0 ) v1 ==== 8+0+24 (secure 0 0 0) 0x7f4b781046e0 con 0x7f4b6402fdb0
2024-01-18T06:48:08.782 INFO:teuthology.orchestra.run.smithi047.stderr:/usr/bin/ceph: Scheduled mon update...
2024-01-18T06:48:08.784 INFO:teuthology.orchestra.run.smithi047.stderr:/usr/bin/ceph:
2024-01-18T06:48:08.783+0000 7f4b7d57a700 1 -- 172.21.15.47:0/588285274 >> [v2:172.21.15.47:6800/3978480908,v1:172.21.15.47:6801/3978480908] conn(0x7f4b6402fdb0 msgr2=0x7f4b64032270 secure :-1 s=STATE_CONNECTION_ESTABLISHED l=1).mark_down
2024-01-18T06:48:08.785 INFO:teuthology.orchestra.run.smithi047.stderr:/usr/bin/ceph:
2024-01-18T06:48:08.783+0000 7f4b7d57a700 1 --2- 172.21.15.47:0/588285274 >> [v2:172.21.15.47:6800/3978480908,v1:172.21.15.47:6801/3978480908] conn(0x7f4b6402fdb0 0x7f4b64032270 secure :-1 s=READY pgs=11 cs=0 l=1 rev1=1 rx=0x7f4b6c0096a0 tx=0x7f4b6c006b40).stop
2024-01-18T06:48:08.785 INFO:teuthology.orchestra.run.smithi047.stderr:/usr/bin/ceph:
2024-01-18T06:48:08.783+0000 7f4b7d57a700 1 -- 172.21.15.47:0/588285274 >> [v2:172.21.15.47:3300/0,v1:172.21.15.47:6789/0] conn(0x7f4b780703f0 msgr2=0x7f4b7810a840 secure :-1 s=STATE_CONNECTION_ESTABLISHED l=1).mark_down
2024-01-18T06:48:08.785 INFO:teuthology.orchestra.run.smithi047.stderr:/usr/bin/ceph:
2024-01-18T06:48:08.783+0000 7f4b7d57a700 1 --2- 172.21.15.47:0/588285274 >> [v2:172.21.15.47:3300/0,v1:172.21.15.47:6789/0] conn(0x7f4b780703f0 0x7f4b7810a840 secure :-1 s=READY pgs=40 cs=0 l=1 rev1=1 rx=0x7f4b6800b190 tx=0x7f4b68006ee0).stop
2024-01-18T06:48:08.785 INFO:teuthology.orchestra.run.smithi047.stderr:/usr/bin/ceph:
2024-01-18T06:48:08.783+0000 7f4b7d57a700 1 -- 172.21.15.47:0/588285274 shutdown_connections
2024-01-18T06:48:08.785 INFO:teuthology.orchestra.run.smithi047.stderr:/usr/bin/ceph:
2024-01-18T06:48:08.783+0000 7f4b7d57a700 1 --2- 172.21.15.47:0/588285274 >> [v2:172.21.15.47:6800/3978480908,v1:172.21.15.47:6801/3978480908] conn(0x7f4b6402fdb0 0x7f4b64032270 unknown :-1 s=CLOSED pgs=11 cs=0 l=1 rev1=1 rx=0 tx=0).stop
2024-01-18T06:48:08.785 INFO:teuthology.orchestra.run.smithi047.stderr:/usr/bin/ceph:
2024-01-18T06:48:08.783+0000 7f4b7d57a700 1 --2- 172.21.15.47:0/588285274 >> [v2:172.21.15.47:3300/0,v1:172.21.15.47:6789/0] conn(0x7f4b780703f0 0x7f4b7810a840 unknown :-1 s=CLOSED pgs=40 cs=0 l=1 rev1=1 rx=0 tx=0).stop
2024-01-18T06:48:08.785 INFO:teuthology.orchestra.run.smithi047.stderr:/usr/bin/ceph:
2024-01-18T06:48:08.783+0000 7f4b7d57a700 1 -- 172.21.15.47:0/588285274 >> 172.21.15.47:0/588285274 conn(0x7f4b780f6240 msgr2=0x7f4b780f7cd0 unknown :-1 s=STATE_NONE l=0).mark_down
2024-01-18T06:48:08.785 INFO:teuthology.orchestra.run.smithi047.stderr:/usr/bin/ceph:
2024-01-18T06:48:08.783+0000 7f4b7d57a700 1 -- 172.21.15.47:0/588285274 shutdown_connections
2024-01-18T06:48:08.785 INFO:teuthology.orchestra.run.smithi047.stderr:/usr/bin/ceph:
2024-01-18T06:48:08.783+0000 7f4b7d57a700 1 -- 172.21.15.47:0/588285274 wait complete.
2024-01-18T06:48:09.116 INFO:journalctl@ceph.mon.smithi047.smithi047.stdout:Jan 18 06:48:08 smithi047 ceph-653e4012-b5cd-11ee-95ae-87774f69a715-mon.smithi047[38797]: audit
