2024-01-18T07:18:55.172+0000 7fe7e9ffb700 1 -- 172.21.15.84:0/966182934 <== mon.0 v2:172.21.15.84:3300/0 8 ==== mon_command_ack([{"prefix": "mgr module enable", "module": "cephadm"}]=0 v5) v1 ==== 86+0+0 (secure 0 0 0) 0x7fe7ec025460 con 0x7fe7fc0703f0
2024-01-18T07:18:55.175 INFO:teuthology.orchestra.run.smithi084.stderr:/usr/bin/ceph:
2024-01-18T07:18:55.175+0000 7fe803593700 1 -- 172.21.15.84:0/966182934 >> [v2:172.21.15.84:6800/2132670921,v1:172.21.15.84:6801/2132670921] conn(0x7fe7e402fd50 msgr2=0x7fe7e4032210 secure :-1 s=STATE_CONNECTION_ESTABLISHED l=1).mark_down
2024-01-18T07:18:55.176 INFO:teuthology.orchestra.run.smithi084.stderr:/usr/bin/ceph:
2024-01-18T07:18:55.175+0000 7fe803593700 1 --2- 172.21.15.84:0/966182934 >> [v2:172.21.15.84:6800/2132670921,v1:172.21.15.84:6801/2132670921] conn(0x7fe7e402fd50 0x7fe7e4032210 secure :-1 s=READY pgs=6 cs=0 l=1 rev1=1 rx=0x7fe7f80096a0 tx=0x7fe7f8006b40).stop
2024-01-18T07:18:55.176 INFO:teuthology.orchestra.run.smithi084.stderr:/usr/bin/ceph:
2024-01-18T07:18:55.175+0000 7fe803593700 1 -- 172.21.15.84:0/966182934 >> [v2:172.21.15.84:3300/0,v1:172.21.15.84:6789/0] conn(0x7fe7fc0703f0 msgr2=0x7fe7fc10a9c0 secure :-1 s=STATE_CONNECTION_ESTABLISHED l=1).mark_down
2024-01-18T07:18:55.176 INFO:teuthology.orchestra.run.smithi084.stderr:/usr/bin/ceph:
2024-01-18T07:18:55.175+0000 7fe803593700 1 --2- 172.21.15.84:0/966182934 >> [v2:172.21.15.84:3300/0,v1:172.21.15.84:6789/0] conn(0x7fe7fc0703f0 0x7fe7fc10a9c0 secure :-1 s=READY pgs=17 cs=0 l=1 rev1=1 rx=0x7fe7ec00b190 tx=0x7fe7ec006ee0).stop
2024-01-18T07:18:55.177 INFO:teuthology.orchestra.run.smithi084.stderr:/usr/bin/ceph:
2024-01-18T07:18:55.175+0000 7fe803593700 1 -- 172.21.15.84:0/966182934 shutdown_connections
2024-01-18T07:18:55.177 INFO:teuthology.orchestra.run.smithi084.stderr:/usr/bin/ceph:
2024-01-18T07:18:55.175+0000 7fe803593700 1 --2- 172.21.15.84:0/966182934 >> [v2:172.21.15.84:6800/2132670921,v1:172.21.15.84:6801/2132670921] conn(0x7fe7e402fd50 0x7fe7e4032210 unknown :-1 s=CLOSED pgs=6 cs=0 l=1 rev1=1 rx=0 tx=0).stop
2024-01-18T07:18:55.177 INFO:teuthology.orchestra.run.smithi084.stderr:/usr/bin/ceph:
2024-01-18T07:18:55.175+0000 7fe803593700 1 --2- 172.21.15.84:0/966182934 >> [v2:172.21.15.84:3300/0,v1:172.21.15.84:6789/0] conn(0x7fe7fc0703f0 0x7fe7fc10a9c0 unknown :-1 s=CLOSED pgs=17 cs=0 l=1 rev1=1 rx=0 tx=0).stop
2024-01-18T07:18:55.177 INFO:teuthology.orchestra.run.smithi084.stderr:/usr/bin/ceph:
2024-01-18T07:18:55.175+0000 7fe803593700 1 -- 172.21.15.84:0/966182934 >> 172.21.15.84:0/966182934 conn(0x7fe7fc0f63c0 msgr2=0x7fe7fc0f7ee0 unknown :-1 s=STATE_NONE l=0).mark_down
2024-01-18T07:18:55.177 INFO:teuthology.orchestra.run.smithi084.stderr:/usr/bin/ceph:
2024-01-18T07:18:55.176+0000 7fe803593700 1 -- 172.21.15.84:0/966182934 shutdown_connections
2024-01-18T07:18:55.177 INFO:teuthology.orchestra.run.smithi084.stderr:/usr/bin/ceph:
2024-01-18T07:18:55.176+0000 7fe803593700 1 -- 172.21.15.84:0/966182934 wait complete.
2024-01-18T07:18:55.512 INFO:journalctl@ceph.mon.smithi084.smithi084.stdout:Jan 18 07:18:55 smithi084 ceph-bf9448d2-b5d1-11ee-95ae-87774f69a715-mon.smithi084[38736]: cluster
2024-01-18T07:18:54.169505+0000 mon.smithi084 (mon.0) 24 : cluster [DBG] mgrmap e4: smithi084.sihbqg(active, since 2s)
2024-01-18T07:18:55.512 INFO:journalctl@ceph.mon.smithi084.smithi084.stdout:Jan 18 07:18:55 smithi084 ceph-bf9448d2-b5d1-11ee-95ae-87774f69a715-mon.smithi084[38736]: audit
2024-01-18T07:18:54.456043+0000 mon.smithi084 (mon.0) 25 : audit [INF] from='client.? 172.21.15.84:0/966182934' entity='client.admin' cmd=[{"prefix": "mgr module enable", "module": "cephadm"}]: dispatch
2024-01-18T07:18:55.543 INFO:teuthology.orchestra.run.smithi084.stderr:Running command: /bin/podman run --rm --ipc=host --no-hosts --net=host --entrypoint /usr/bin/ceph --init -e CONTAINER_IMAGE=docker.io/ceph/ceph:v16.2.4 -e NODE_NAME=smithi084 -e CEPH_USE_RANDOM_NONCE=1 -v /var/log/ceph/bf9448d2-b5d1-11ee-95ae-87774f69a715:/var/log/ceph:z -v /tmp/ceph-tmpooof30fr:/etc/ceph/ceph.client.admin.keyring:z -v /tmp/ceph-tmpuv3tqghe:/etc/ceph/ceph.conf:z docker.io/ceph/ceph:v16.2.4 mgr stat
2024-01-18T07:18:55.919 INFO:teuthology.orchestra.run.smithi084.stderr:/usr/bin/ceph:
2024-01-18T07:18:55.914+0000 7fee16737700 1 Processor -- start
2024-01-18T07:18:55.919 INFO:teuthology.orchestra.run.smithi084.stderr:/usr/bin/ceph:
2024-01-18T07:18:55.915+0000 7fee16737700 1 -- start start
2024-01-18T07:18:55.919 INFO:teuthology.orchestra.run.smithi084.stderr:/usr/bin/ceph:
2024-01-18T07:18:55.915+0000 7fee16737700 1 --2- >> [v2:172.21.15.84:3300/0,v1:172.21.15.84:6789/0] conn(0x7fee100fab80 0x7fee100fafa0 unknown :-1 s=NONE pgs=0 cs=0 l=0 rev1=0 rx=0 tx=0).connect
2024-01-18T07:18:55.919 INFO:teuthology.orchestra.run.smithi084.stderr:/usr/bin/ceph:
2024-01-18T07:18:55.915+0000 7fee16737700 1 -- --> [v2:172.21.15.84:3300/0,v1:172.21.15.84:6789/0] -- mon_getmap magic: 0 v1 -- 0x7fee100fb490 con 0x7fee100fab80
2024-01-18T07:18:55.919 INFO:teuthology.orchestra.run.smithi084.stderr:/usr/bin/ceph:
2024-01-18T07:18:55.915+0000 7fee0ffff700 1 --2- >> [v2:172.21.15.84:3300/0,v1:172.21.15.84:6789/0] conn(0x7fee100fab80 0x7fee100fafa0 unknown :-1 s=BANNER_CONNECTING pgs=0 cs=0 l=0 rev1=0 rx=0 tx=0)._handle_peer_banner_payload supported=1 required=0
2024-01-18T07:18:55.919 INFO:teuthology.orchestra.run.smithi084.stderr:/usr/bin/ceph:
2024-01-18T07:18:55.915+0000 7fee0ffff700 1 --2- >> [v2:172.21.15.84:3300/0,v1:172.21.15.84:6789/0] conn(0x7fee100fab80 0x7fee100fafa0 unknown :-1 s=HELLO_CONNECTING pgs=0 cs=0 l=0 rev1=1 rx=0 tx=0).handle_hello peer v2:172.21.15.84:3300/0 says I am v2:172.21.15.84:52440/0 (socket says 172.21.15.84:52440)
2024-01-18T07:18:55.919 INFO:teuthology.orchestra.run.smithi084.stderr:/usr/bin/ceph:
2024-01-18T07:18:55.915+0000 7fee0ffff700 1 -- 172.21.15.84:0/825878521 learned_addr learned my addr 172.21.15.84:0/825878521 (peer_addr_for_me v2:172.21.15.84:0/0)
2024-01-18T07:18:55.919 INFO:teuthology.orchestra.run.smithi084.stderr:/usr/bin/ceph:
2024-01-18T07:18:55.915+0000 7fee0ffff700 1 -- 172.21.15.84:0/825878521 --> [v2:172.21.15.84:3300/0,v1:172.21.15.84:6789/0] -- mon_subscribe({config=0+,monmap=0+}) v3 -- 0x7fee100fb5d0 con 0x7fee100fab80
2024-01-18T07:18:55.919 INFO:teuthology.orchestra.run.smithi084.stderr:/usr/bin/ceph:
2024-01-18T07:18:55.915+0000 7fee0ffff700 1 --2- 172.21.15.84:0/825878521 >> [v2:172.21.15.84:3300/0,v1:172.21.15.84:6789/0] conn(0x7fee100fab80 0x7fee100fafa0 secure :-1 s=READY pgs=20 cs=0 l=1 rev1=1 rx=0x7fee0000b5f0 tx=0x7fee00006ee0).ready entity=mon.0 client_cookie=ade39cb3bcfde5f1 server_cookie=0 in_seq=0 out_seq=0
2024-01-18T07:18:55.919 INFO:teuthology.orchestra.run.smithi084.stderr:/usr/bin/ceph:
2024-01-18T07:18:55.915+0000 7fee0effd700 1 -- 172.21.15.84:0/825878521 <== mon.0 v2:172.21.15.84:3300/0 1 ==== mon_map magic: 0 v1 ==== 229+0+0 (secure 0 0 0) 0x7fee0000d600 con 0x7fee100fab80
2024-01-18T07:18:55.920 INFO:teuthology.orchestra.run.smithi084.stderr:/usr/bin/ceph:
2024-01-18T07:18:55.916+0000 7fee0effd700 1 -- 172.21.15.84:0/825878521 <== mon.0 v2:172.21.15.84:3300/0 2 ==== config(25 keys) v1 ==== 1010+0+0 (secure 0 0 0) 0x7fee0000dbd0 con 0x7fee100fab80
2024-01-18T07:18:55.920 INFO:teuthology.orchestra.run.smithi084.stderr:/usr/bin/ceph:
2024-01-18T07:18:55.916+0000 7fee0effd700 1 -- 172.21.15.84:0/825878521 <== mon.0 v2:172.21.15.84:3300/0 3 ==== mon_map magic: 0 v1 ==== 229+0+0 (secure 0 0 0) 0x7fee00011c00 con 0x7fee100fab80
2024-01-18T07:18:55.920 INFO:teuthology.orchestra.run.smithi084.stderr:/usr/bin/ceph:
2024-01-18T07:18:55.916+0000 7fee16737700 1 -- 172.21.15.84:0/825878521 >> [v2:172.21.15.84:3300/0,v1:172.21.15.84:6789/0] conn(0x7fee100fab80 msgr2=0x7fee100fafa0 secure :-1 s=STATE_CONNECTION_ESTABLISHED l=1).mark_down
2024-01-18T07:18:55.920 INFO:teuthology.orchestra.run.smithi084.stderr:/usr/bin/ceph:
2024-01-18T07:18:55.916+0000 7fee16737700 1 --2- 172.21.15.84:0/825878521 >> [v2:172.21.15.84:3300/0,v1:172.21.15.84:6789/0] conn(0x7fee100fab80 0x7fee100fafa0 secure :-1 s=READY pgs=20 cs=0 l=1 rev1=1 rx=0x7fee0000b5f0 tx=0x7fee00006ee0).stop
2024-01-18T07:18:55.920 INFO:teuthology.orchestra.run.smithi084.stderr:/usr/bin/ceph:
2024-01-18T07:18:55.916+0000 7fee16737700 1 -- 172.21.15.84:0/825878521 shutdown_connections
2024-01-18T07:18:55.920 INFO:teuthology.orchestra.run.smithi084.stderr:/usr/bin/ceph:
2024-01-18T07:18:55.916+0000 7fee16737700 1 --2- 172.21.15.84:0/825878521 >> [v2:172.21.15.84:3300/0,v1:172.21.15.84:6789/0] conn(0x7fee100fab80 0x7fee100fafa0 unknown :-1 s=CLOSED pgs=20 cs=0 l=1 rev1=1 rx=0 tx=0).stop
2024-01-18T07:18:55.920 INFO:teuthology.orchestra.run.smithi084.stderr:/usr/bin/ceph:
2024-01-18T07:18:55.916+0000 7fee16737700 1 -- 172.21.15.84:0/825878521 >> 172.21.15.84:0/825878521 conn(0x7fee100f63c0 msgr2=0x7fee100f87e0 unknown :-1 s=STATE_NONE l=0).mark_down
2024-01-18T07:18:55.920 INFO:teuthology.orchestra.run.smithi084.stderr:/usr/bin/ceph:
2024-01-18T07:18:55.916+0000 7fee16737700 1 -- 172.21.15.84:0/825878521 shutdown_connections
2024-01-18T07:18:55.920 INFO:teuthology.orchestra.run.smithi084.stderr:/usr/bin/ceph:
2024-01-18T07:18:55.916+0000 7fee16737700 1 -- 172.21.15.84:0/825878521 wait complete.
2024-01-18T07:18:55.920 INFO:teuthology.orchestra.run.smithi084.stderr:/usr/bin/ceph:
2024-01-18T07:18:55.917+0000 7fee16737700 1 Processor -- start
2024-01-18T07:18:55.920 INFO:teuthology.orchestra.run.smithi084.stderr:/usr/bin/ceph:
2024-01-18T07:18:55.917+0000 7fee16737700 1 -- start start
2024-01-18T07:18:55.920 INFO:teuthology.orchestra.run.smithi084.stderr:/usr/bin/ceph:
2024-01-18T07:18:55.917+0000 7fee16737700 1 --2- >> [v2:172.21.15.84:3300/0,v1:172.21.15.84:6789/0] conn(0x7fee100fab80 0x7fee1010ccc0 unknown :-1 s=NONE pgs=0 cs=0 l=1 rev1=0 rx=0 tx=0).connect
2024-01-18T07:18:55.920 INFO:teuthology.orchestra.run.smithi084.stderr:/usr/bin/ceph:
2024-01-18T07:18:55.917+0000 7fee16737700 1 -- --> [v2:172.21.15.84:3300/0,v1:172.21.15.84:6789/0] -- mon_getmap magic: 0 v1 -- 0x7fee1010d1b0 con 0x7fee100fab80
2024-01-18T07:18:55.920 INFO:teuthology.orchestra.run.smithi084.stderr:/usr/bin/ceph:
2024-01-18T07:18:55.917+0000 7fee0ffff700 1 --2- >> [v2:172.21.15.84:3300/0,v1:172.21.15.84:6789/0] conn(0x7fee100fab80 0x7fee1010ccc0 unknown :-1 s=BANNER_CONNECTING pgs=0 cs=0 l=1 rev1=0 rx=0 tx=0)._handle_peer_banner_payload supported=1 required=0
2024-01-18T07:18:55.921 INFO:teuthology.orchestra.run.smithi084.stderr:/usr/bin/ceph:
2024-01-18T07:18:55.917+0000 7fee0ffff700 1 --2- >> [v2:172.21.15.84:3300/0,v1:172.21.15.84:6789/0] conn(0x7fee100fab80 0x7fee1010ccc0 unknown :-1 s=HELLO_CONNECTING pgs=0 cs=0 l=1 rev1=1 rx=0 tx=0).handle_hello peer v2:172.21.15.84:3300/0 says I am v2:172.21.15.84:52456/0 (socket says 172.21.15.84:52456)
2024-01-18T07:18:55.921 INFO:teuthology.orchestra.run.smithi084.stderr:/usr/bin/ceph:
2024-01-18T07:18:55.917+0000 7fee0ffff700 1 -- 172.21.15.84:0/1476065479 learned_addr learned my addr 172.21.15.84:0/1476065479 (peer_addr_for_me v2:172.21.15.84:0/0)
2024-01-18T07:18:55.921 INFO:teuthology.orchestra.run.smithi084.stderr:/usr/bin/ceph:
2024-01-18T07:18:55.918+0000 7fee0ffff700 1 -- 172.21.15.84:0/1476065479 --> [v2:172.21.15.84:3300/0,v1:172.21.15.84:6789/0] -- mon_subscribe({config=0+,monmap=0+}) v3 -- 0x7fee0000b200 con 0x7fee100fab80
2024-01-18T07:18:55.921 INFO:teuthology.orchestra.run.smithi084.stderr:/usr/bin/ceph:
2024-01-18T07:18:55.918+0000 7fee0ffff700 1 --2- 172.21.15.84:0/1476065479 >> [v2:172.21.15.84:3300/0,v1:172.21.15.84:6789/0] conn(0x7fee100fab80 0x7fee1010ccc0 secure :-1 s=READY pgs=21 cs=0 l=1 rev1=1 rx=0x7fee0000e040 tx=0x7fee00006ee0).ready entity=mon.0 client_cookie=0 server_cookie=0 in_seq=0 out_seq=0
2024-01-18T07:18:55.921 INFO:teuthology.orchestra.run.smithi084.stderr:/usr/bin/ceph:
2024-01-18T07:18:55.918+0000 7fee0cff9700 1 -- 172.21.15.84:0/1476065479 <== mon.0 v2:172.21.15.84:3300/0 1 ==== mon_map magic: 0 v1 ==== 229+0+0 (secure 0 0 0) 0x7fee0001b410 con 0x7fee100fab80
2024-01-18T07:18:55.921 INFO:teuthology.orchestra.run.smithi084.stderr:/usr/bin/ceph:
2024-01-18T07:18:55.918+0000 7fee0cff9700 1 -- 172.21.15.84:0/1476065479 <== mon.0 v2:172.21.15.84:3300/0 2 ==== config(25 keys) v1 ==== 1010+0+0 (secure 0 0 0) 0x7fee0001b9e0 con 0x7fee100fab80
2024-01-18T07:18:55.921 INFO:teuthology.orchestra.run.smithi084.stderr:/usr/bin/ceph:
2024-01-18T07:18:55.918+0000 7fee16737700 1 -- 172.21.15.84:0/1476065479 --> [v2:172.21.15.84:3300/0,v1:172.21.15.84:6789/0] -- mon_subscribe({mgrmap=0+}) v3 -- 0x7fee1010d3b0 con 0x7fee100fab80
2024-01-18T07:18:55.921 INFO:teuthology.orchestra.run.smithi084.stderr:/usr/bin/ceph:
2024-01-18T07:18:55.918+0000 7fee0cff9700 1 -- 172.21.15.84:0/1476065479 <== mon.0 v2:172.21.15.84:3300/0 3 ==== mon_map magic: 0 v1 ==== 229+0+0 (secure 0 0 0) 0x7fee0001a820 con 0x7fee100fab80
2024-01-18T07:18:55.921 INFO:teuthology.orchestra.run.smithi084.stderr:/usr/bin/ceph:
2024-01-18T07:18:55.918+0000 7fee16737700 1 -- 172.21.15.84:0/1476065479 --> [v2:172.21.15.84:3300/0,v1:172.21.15.84:6789/0] -- mon_subscribe({osdmap=0}) v3 -- 0x7fee1010d7c0 con 0x7fee100fab80
2024-01-18T07:18:55.922 INFO:teuthology.orchestra.run.smithi084.stderr:/usr/bin/ceph:
2024-01-18T07:18:55.919+0000 7fee16737700 1 -- 172.21.15.84:0/1476065479 --> [v2:172.21.15.84:3300/0,v1:172.21.15.84:6789/0] -- mon_command({"prefix": "get_command_descriptions"} v 0) v1 -- 0x7fee10045ad0 con 0x7fee100fab80
2024-01-18T07:18:55.922 INFO:teuthology.orchestra.run.smithi084.stderr:/usr/bin/ceph:
2024-01-18T07:18:55.919+0000 7fee0cff9700 1 -- 172.21.15.84:0/1476065479 <== mon.0 v2:172.21.15.84:3300/0 4 ==== mgrmap(e 5) v1 ==== 36120+0+0 (secure 0 0 0) 0x7fee0000f070 con 0x7fee100fab80
2024-01-18T07:18:55.922 INFO:teuthology.orchestra.run.smithi084.stderr:/usr/bin/ceph:
2024-01-18T07:18:55.919+0000 7fee0cff9700 1 --2- 172.21.15.84:0/1476065479 >> [v2:172.21.15.84:6800/2132670921,v1:172.21.15.84:6801/2132670921] conn(0x7fedfc02fd40 0x7fedfc032200 unknown :-1 s=NONE pgs=0 cs=0 l=1 rev1=0 rx=0 tx=0).connect
2024-01-18T07:18:55.923 INFO:teuthology.orchestra.run.smithi084.stderr:/usr/bin/ceph:
2024-01-18T07:18:55.919+0000 7fee0cff9700 1 -- 172.21.15.84:0/1476065479 <== mon.0 v2:172.21.15.84:3300/0 5 ==== osd_map(1..1 src has 1..1) v4 ==== 754+0+0 (secure 0 0 0) 0x7fee00041320 con 0x7fee100fab80
2024-01-18T07:18:55.923 INFO:teuthology.orchestra.run.smithi084.stderr:/usr/bin/ceph:
2024-01-18T07:18:55.919+0000 7fee0f7fe700 1 -- 172.21.15.84:0/1476065479 >> [v2:172.21.15.84:6800/2132670921,v1:172.21.15.84:6801/2132670921] conn(0x7fedfc02fd40 msgr2=0x7fedfc032200 unknown :-1 s=STATE_CONNECTING_RE l=1).process reconnect failed to v2:172.21.15.84:6800/2132670921
2024-01-18T07:18:55.923 INFO:teuthology.orchestra.run.smithi084.stderr:/usr/bin/ceph:
2024-01-18T07:18:55.919+0000 7fee0f7fe700 1 --2- 172.21.15.84:0/1476065479 >> [v2:172.21.15.84:6800/2132670921,v1:172.21.15.84:6801/2132670921] conn(0x7fedfc02fd40 0x7fedfc032200 unknown :-1 s=START_CONNECT pgs=0 cs=0 l=1 rev1=0 rx=0 tx=0)._fault waiting 0.200000
2024-01-18T07:18:55.924 INFO:teuthology.orchestra.run.smithi084.stderr:/usr/bin/ceph:
2024-01-18T07:18:55.923+0000 7fee0cff9700 1 -- 172.21.15.84:0/1476065479 <== mon.0 v2:172.21.15.84:3300/0 6 ==== mon_command_ack([{"prefix": "get_command_descriptions"}]=0 v0) v1 ==== 72+0+152212 (secure 0 0 0) 0x7fee00022b90 con 0x7fee100fab80
2024-01-18T07:18:56.116 INFO:teuthology.orchestra.run.smithi084.stderr:/usr/bin/ceph:
2024-01-18T07:18:56.114+0000 7fee16737700 1 -- 172.21.15.84:0/1476065479 --> [v2:172.21.15.84:3300/0,v1:172.21.15.84:6789/0] -- mon_command({"prefix": "mgr stat"} v 0) v1 -- 0x7fee1010e660 con 0x7fee100fab80
2024-01-18T07:18:56.116 INFO:teuthology.orchestra.run.smithi084.stderr:/usr/bin/ceph:
2024-01-18T07:18:56.115+0000 7fee0cff9700 1 -- 172.21.15.84:0/1476065479 <== mon.0 v2:172.21.15.84:3300/0 7 ==== mon_command_ack([{"prefix": "mgr stat"}]=0 v5) v1 ==== 56+0+103 (secure 0 0 0) 0x7fee00016070 con 0x7fee100fab80
2024-01-18T07:18:56.116 INFO:teuthology.orchestra.run.smithi084.stderr:/usr/bin/ceph: {
2024-01-18T07:18:56.116 INFO:teuthology.orchestra.run.smithi084.stderr:/usr/bin/ceph: "epoch": 5,
2024-01-18T07:18:56.116 INFO:teuthology.orchestra.run.smithi084.stderr:/usr/bin/ceph: "available": true,
2024-01-18T07:18:56.116 INFO:teuthology.orchestra.run.smithi084.stderr:/usr/bin/ceph: "active_name": "smithi084.sihbqg",
2024-01-18T07:18:56.117 INFO:teuthology.orchestra.run.smithi084.stderr:/usr/bin/ceph: "num_standby": 0
2024-01-18T07:18:56.117 INFO:teuthology.orchestra.run.smithi084.stderr:/usr/bin/ceph: }
2024-01-18T07:18:56.118 INFO:teuthology.orchestra.run.smithi084.stderr:/usr/bin/ceph:
2024-01-18T07:18:56.117+0000 7fee16737700 1 -- 172.21.15.84:0/1476065479 >> [v2:172.21.15.84:6800/2132670921,v1:172.21.15.84:6801/2132670921] conn(0x7fedfc02fd40 msgr2=0x7fedfc032200 unknown :-1 s=STATE_CONNECTING l=1).mark_down
2024-01-18T07:18:56.118 INFO:teuthology.orchestra.run.smithi084.stderr:/usr/bin/ceph:
2024-01-18T07:18:56.117+0000 7fee16737700 1 --2- 172.21.15.84:0/1476065479 >> [v2:172.21.15.84:6800/2132670921,v1:172.21.15.84:6801/2132670921] conn(0x7fedfc02fd40 0x7fedfc032200 unknown :-1 s=START_CONNECT pgs=0 cs=0 l=1 rev1=0 rx=0 tx=0).stop
2024-01-18T07:18:56.118 INFO:teuthology.orchestra.run.smithi084.stderr:/usr/bin/ceph:
2024-01-18T07:18:56.117+0000 7fee16737700 1 -- 172.21.15.84:0/1476065479 >> [v2:172.21.15.84:3300/0,v1:172.21.15.84:6789/0] conn(0x7fee100fab80 msgr2=0x7fee1010ccc0 secure :-1 s=STATE_CONNECTION_ESTABLISHED l=1).mark_down
2024-01-18T07:18:56.118 INFO:teuthology.orchestra.run.smithi084.stderr:/usr/bin/ceph:
2024-01-18T07:18:56.117+0000 7fee16737700 1 --2- 172.21.15.84:0/1476065479 >> [v2:172.21.15.84:3300/0,v1:172.21.15.84:6789/0] conn(0x7fee100fab80 0x7fee1010ccc0 secure :-1 s=READY pgs=21 cs=0 l=1 rev1=1 rx=0x7fee0000e040 tx=0x7fee00006ee0).stop
2024-01-18T07:18:56.118 INFO:teuthology.orchestra.run.smithi084.stderr:/usr/bin/ceph:
2024-01-18T07:18:56.117+0000 7fee16737700 1 -- 172.21.15.84:0/1476065479 shutdown_connections
2024-01-18T07:18:56.118 INFO:teuthology.orchestra.run.smithi084.stderr:/usr/bin/ceph:
2024-01-18T07:18:56.117+0000 7fee16737700 1 --2- 172.21.15.84:0/1476065479 >> [v2:172.21.15.84:6800/2132670921,v1:172.21.15.84:6801/2132670921] conn(0x7fedfc02fd40 0x7fedfc032200 unknown :-1 s=CLOSED pgs=0 cs=0 l=1 rev1=0 rx=0 tx=0).stop
2024-01-18T07:18:56.118 INFO:teuthology.orchestra.run.smithi084.stderr:/usr/bin/ceph:
2024-01-18T07:18:56.117+0000 7fee16737700 1 --2- 172.21.15.84:0/1476065479 >> [v2:172.21.15.84:3300/0,v1:172.21.15.84:6789/0] conn(0x7fee100fab80 0x7fee1010ccc0 unknown :-1 s=CLOSED pgs=21 cs=0 l=1 rev1=1 rx=0 tx=0).stop
2024-01-18T07:18:56.118 INFO:teuthology.orchestra.run.smithi084.stderr:/usr/bin/ceph:
2024-01-18T07:18:56.117+0000 7fee16737700 1 -- 172.21.15.84:0/1476065479 >> 172.21.15.84:0/1476065479 conn(0x7fee100f63c0 msgr2=0x7fee100ff910 unknown :-1 s=STATE_NONE l=0).mark_down
2024-01-18T07:18:56.119 INFO:teuthology.orchestra.run.smithi084.stderr:/usr/bin/ceph:
2024-01-18T07:18:56.117+0000 7fee16737700 1 -- 172.21.15.84:0/1476065479 shutdown_connections
2024-01-18T07:18:56.119 INFO:teuthology.orchestra.run.smithi084.stderr:/usr/bin/ceph:
2024-01-18T07:18:56.117+0000 7fee16737700 1 -- 172.21.15.84:0/1476065479 wait complete.
2024-01-18T07:18:56.447 INFO:journalctl@ceph.mon.smithi084.smithi084.stdout:Jan 18 07:18:56 smithi084 ceph-bf9448d2-b5d1-11ee-95ae-87774f69a715-mon.smithi084[38736]: audit
2024-01-18T07:18:55.173230+0000 mon.smithi084 (mon.0) 26 : audit [INF] from='client.? 172.21.15.84:0/966182934' entity='client.admin' cmd='[{"prefix": "mgr module enable", "module": "cephadm"}]': finished
2024-01-18T07:18:56.447 INFO:journalctl@ceph.mon.smithi084.smithi084.stdout:Jan 18 07:18:56 smithi084 ceph-bf9448d2-b5d1-11ee-95ae-87774f69a715-mon.smithi084[38736]: cluster
2024-01-18T07:18:55.173288+0000 mon.smithi084 (mon.0) 27 : cluster [DBG] mgrmap e5: smithi084.sihbqg(active, since 3s)
2024-01-18T07:18:56.447 INFO:journalctl@ceph.mon.smithi084.smithi084.stdout:Jan 18 07:18:56 smithi084 ceph-bf9448d2-b5d1-11ee-95ae-87774f69a715-mon.smithi084[38736]: audit
2024-01-18T07:18:56.115985+0000 mon.smithi084 (mon.0) 28 : audit [DBG] from='client.? 172.21.15.84:0/1476065479' entity='client.admin' cmd=[{"prefix": "mgr stat"}]: dispatch
2024-01-18T07:18:56.462 INFO:teuthology.orchestra.run.smithi084.stderr:Waiting for the mgr to restart...
2024-01-18T07:18:56.462 INFO:teuthology.orchestra.run.smithi084.stderr:Waiting for mgr epoch 5...
2024-01-18T07:18:56.462 INFO:teuthology.orchestra.run.smithi084.stderr:Running command: /bin/podman run --rm --ipc=host --no-hosts --net=host --entrypoint /usr/bin/ceph --init -e CONTAINER_IMAGE=docker.io/ceph/ceph:v16.2.4 -e NODE_NAME=smithi084 -e CEPH_USE_RANDOM_NONCE=1 -v /var/log/ceph/bf9448d2-b5d1-11ee-95ae-87774f69a715:/var/log/ceph:z -v /tmp/ceph-tmpooof30fr:/etc/ceph/ceph.client.admin.keyring:z -v /tmp/ceph-tmpuv3tqghe:/etc/ceph/ceph.conf:z docker.io/ceph/ceph:v16.2.4 tell mgr mgr_status
2024-01-18T07:18:56.860 INFO:teuthology.orchestra.run.smithi084.stderr:/usr/bin/ceph:
2024-01-18T07:18:56.857+0000 7fa5d3c5e700 1 Processor -- start
2024-01-18T07:18:56.861 INFO:teuthology.orchestra.run.smithi084.stderr:/usr/bin/ceph:
2024-01-18T07:18:56.857+0000 7fa5d3c5e700 1 -- start start
2024-01-18T07:18:56.861 INFO:teuthology.orchestra.run.smithi084.stderr:/usr/bin/ceph:
2024-01-18T07:18:56.858+0000 7fa5d3c5e700 1 --2- >> [v2:172.21.15.84:3300/0,v1:172.21.15.84:6789/0] conn(0x7fa5cc0faa70 0x7fa5cc0fae90 unknown :-1 s=NONE pgs=0 cs=0 l=0 rev1=0 rx=0 tx=0).connect
2024-01-18T07:18:56.861 INFO:teuthology.orchestra.run.smithi084.stderr:/usr/bin/ceph:
2024-01-18T07:18:56.858+0000 7fa5d3c5e700 1 -- --> [v2:172.21.15.84:3300/0,v1:172.21.15.84:6789/0] -- mon_getmap magic: 0 v1 -- 0x7fa5cc0fb380 con 0x7fa5cc0faa70
2024-01-18T07:18:56.861 INFO:teuthology.orchestra.run.smithi084.stderr:/usr/bin/ceph:
2024-01-18T07:18:56.858+0000 7fa5d19fa700 1 --2- >> [v2:172.21.15.84:3300/0,v1:172.21.15.84:6789/0] conn(0x7fa5cc0faa70 0x7fa5cc0fae90 unknown :-1 s=BANNER_CONNECTING pgs=0 cs=0 l=0 rev1=0 rx=0 tx=0)._handle_peer_banner_payload supported=1 required=0
2024-01-18T07:18:56.861 INFO:teuthology.orchestra.run.smithi084.stderr:/usr/bin/ceph:
2024-01-18T07:18:56.858+0000 7fa5d19fa700 1 --2- >> [v2:172.21.15.84:3300/0,v1:172.21.15.84:6789/0] conn(0x7fa5cc0faa70 0x7fa5cc0fae90 unknown :-1 s=HELLO_CONNECTING pgs=0 cs=0 l=0 rev1=1 rx=0 tx=0).handle_hello peer v2:172.21.15.84:3300/0 says I am v2:172.21.15.84:59530/0 (socket says 172.21.15.84:59530)
2024-01-18T07:18:56.861 INFO:teuthology.orchestra.run.smithi084.stderr:/usr/bin/ceph:
2024-01-18T07:18:56.858+0000 7fa5d19fa700 1 -- 172.21.15.84:0/2868464605 learned_addr learned my addr 172.21.15.84:0/2868464605 (peer_addr_for_me v2:172.21.15.84:0/0)
2024-01-18T07:18:56.861 INFO:teuthology.orchestra.run.smithi084.stderr:/usr/bin/ceph:
2024-01-18T07:18:56.858+0000 7fa5d19fa700 1 -- 172.21.15.84:0/2868464605 --> [v2:172.21.15.84:3300/0,v1:172.21.15.84:6789/0] -- mon_subscribe({config=0+,monmap=0+}) v3 -- 0x7fa5cc0fb4c0 con 0x7fa5cc0faa70
2024-01-18T07:18:56.861 INFO:teuthology.orchestra.run.smithi084.stderr:/usr/bin/ceph:
2024-01-18T07:18:56.858+0000 7fa5d19fa700 1 --2- 172.21.15.84:0/2868464605 >> [v2:172.21.15.84:3300/0,v1:172.21.15.84:6789/0] conn(0x7fa5cc0faa70 0x7fa5cc0fae90 secure :-1 s=READY pgs=22 cs=0 l=1 rev1=1 rx=0x7fa5c800b5f0 tx=0x7fa5c8006ee0).ready entity=mon.0 client_cookie=8d07b4ec35d16c6c server_cookie=0 in_seq=0 out_seq=0
2024-01-18T07:18:56.861 INFO:teuthology.orchestra.run.smithi084.stderr:/usr/bin/ceph:
2024-01-18T07:18:56.858+0000 7fa5d09f8700 1 -- 172.21.15.84:0/2868464605 <== mon.0 v2:172.21.15.84:3300/0 1 ==== mon_map magic: 0 v1 ==== 229+0+0 (secure 0 0 0) 0x7fa5c800d600 con 0x7fa5cc0faa70
2024-01-18T07:18:56.861 INFO:teuthology.orchestra.run.smithi084.stderr:/usr/bin/ceph:
2024-01-18T07:18:56.858+0000 7fa5d09f8700 1 -- 172.21.15.84:0/2868464605 <== mon.0 v2:172.21.15.84:3300/0 2 ==== config(25 keys) v1 ==== 1010+0+0 (secure 0 0 0) 0x7fa5c800dbd0 con 0x7fa5cc0faa70
2024-01-18T07:18:56.861 INFO:teuthology.orchestra.run.smithi084.stderr:/usr/bin/ceph:
2024-01-18T07:18:56.858+0000 7fa5d09f8700 1 -- 172.21.15.84:0/2868464605 <== mon.0 v2:172.21.15.84:3300/0 3 ==== mon_map magic: 0 v1 ==== 229+0+0 (secure 0 0 0) 0x7fa5c8011c00 con 0x7fa5cc0faa70
2024-01-18T07:18:56.861 INFO:teuthology.orchestra.run.smithi084.stderr:/usr/bin/ceph:
2024-01-18T07:18:56.859+0000 7fa5d3c5e700 1 -- 172.21.15.84:0/2868464605 >> [v2:172.21.15.84:3300/0,v1:172.21.15.84:6789/0] conn(0x7fa5cc0faa70 msgr2=0x7fa5cc0fae90 secure :-1 s=STATE_CONNECTION_ESTABLISHED l=1).mark_down
2024-01-18T07:18:56.861 INFO:teuthology.orchestra.run.smithi084.stderr:/usr/bin/ceph:
2024-01-18T07:18:56.859+0000 7fa5d3c5e700 1 --2- 172.21.15.84:0/2868464605 >> [v2:172.21.15.84:3300/0,v1:172.21.15.84:6789/0] conn(0x7fa5cc0faa70 0x7fa5cc0fae90 secure :-1 s=READY pgs=22 cs=0 l=1 rev1=1 rx=0x7fa5c800b5f0 tx=0x7fa5c8006ee0).stop
2024-01-18T07:18:56.862 INFO:teuthology.orchestra.run.smithi084.stderr:/usr/bin/ceph:
2024-01-18T07:18:56.859+0000 7fa5d3c5e700 1 -- 172.21.15.84:0/2868464605 shutdown_connections
2024-01-18T07:18:56.862 INFO:teuthology.orchestra.run.smithi084.stderr:/usr/bin/ceph:
2024-01-18T07:18:56.859+0000 7fa5d3c5e700 1 --2- 172.21.15.84:0/2868464605 >> [v2:172.21.15.84:3300/0,v1:172.21.15.84:6789/0] conn(0x7fa5cc0faa70 0x7fa5cc0fae90 unknown :-1 s=CLOSED pgs=22 cs=0 l=1 rev1=1 rx=0 tx=0).stop
2024-01-18T07:18:56.862 INFO:teuthology.orchestra.run.smithi084.stderr:/usr/bin/ceph:
2024-01-18T07:18:56.859+0000 7fa5d3c5e700 1 -- 172.21.15.84:0/2868464605 >> 172.21.15.84:0/2868464605 conn(0x7fa5cc0f6290 msgr2=0x7fa5cc0f86b0 unknown :-1 s=STATE_NONE l=0).mark_down
2024-01-18T07:18:56.862 INFO:teuthology.orchestra.run.smithi084.stderr:/usr/bin/ceph:
2024-01-18T07:18:56.859+0000 7fa5d3c5e700 1 -- 172.21.15.84:0/2868464605 shutdown_connections
2024-01-18T07:18:56.862 INFO:teuthology.orchestra.run.smithi084.stderr:/usr/bin/ceph:
2024-01-18T07:18:56.859+0000 7fa5d3c5e700 1 -- 172.21.15.84:0/2868464605 wait complete.
2024-01-18T07:18:56.862 INFO:teuthology.orchestra.run.smithi084.stderr:/usr/bin/ceph:
2024-01-18T07:18:56.860+0000 7fa5d3c5e700 1 Processor -- start
2024-01-18T07:18:56.862 INFO:teuthology.orchestra.run.smithi084.stderr:/usr/bin/ceph:
2024-01-18T07:18:56.860+0000 7fa5d3c5e700 1 -- start start
2024-01-18T07:18:56.864 INFO:teuthology.orchestra.run.smithi084.stderr:/usr/bin/ceph:
2024-01-18T07:18:56.860+0000 7fa5d3c5e700 1 --2- >> [v2:172.21.15.84:3300/0,v1:172.21.15.84:6789/0] conn(0x7fa5cc0faa70 0x7fa5cc10d680 unknown :-1 s=NONE pgs=0 cs=0 l=1 rev1=0 rx=0 tx=0).connect
2024-01-18T07:18:56.864 INFO:teuthology.orchestra.run.smithi084.stderr:/usr/bin/ceph:
2024-01-18T07:18:56.860+0000 7fa5d3c5e700 1 -- --> [v2:172.21.15.84:3300/0,v1:172.21.15.84:6789/0] -- mon_getmap magic: 0 v1 -- 0x7fa5cc06fc30 con 0x7fa5cc0faa70
2024-01-18T07:18:56.864 INFO:teuthology.orchestra.run.smithi084.stderr:/usr/bin/ceph:
2024-01-18T07:18:56.861+0000 7fa5d19fa700 1 --2- >> [v2:172.21.15.84:3300/0,v1:172.21.15.84:6789/0] conn(0x7fa5cc0faa70 0x7fa5cc10d680 unknown :-1 s=BANNER_CONNECTING pgs=0 cs=0 l=1 rev1=0 rx=0 tx=0)._handle_peer_banner_payload supported=1 required=0
2024-01-18T07:18:56.864 INFO:teuthology.orchestra.run.smithi084.stderr:/usr/bin/ceph:
2024-01-18T07:18:56.861+0000 7fa5d19fa700 1 --2- >> [v2:172.21.15.84:3300/0,v1:172.21.15.84:6789/0] conn(0x7fa5cc0faa70 0x7fa5cc10d680 unknown :-1 s=HELLO_CONNECTING pgs=0 cs=0 l=1 rev1=1 rx=0 tx=0).handle_hello peer v2:172.21.15.84:3300/0 says I am v2:172.21.15.84:59534/0 (socket says 172.21.15.84:59534)
2024-01-18T07:18:56.865 INFO:teuthology.orchestra.run.smithi084.stderr:/usr/bin/ceph:
2024-01-18T07:18:56.861+0000 7fa5d19fa700 1 -- 172.21.15.84:0/1668243617 learned_addr learned my addr 172.21.15.84:0/1668243617 (peer_addr_for_me v2:172.21.15.84:0/0)
2024-01-18T07:18:56.865 INFO:teuthology.orchestra.run.smithi084.stderr:/usr/bin/ceph:
2024-01-18T07:18:56.861+0000 7fa5d19fa700 1 -- 172.21.15.84:0/1668243617 --> [v2:172.21.15.84:3300/0,v1:172.21.15.84:6789/0] -- mon_subscribe({config=0+,monmap=0+}) v3 -- 0x7fa5c800b200 con 0x7fa5cc0faa70
2024-01-18T07:18:56.865 INFO:teuthology.orchestra.run.smithi084.stderr:/usr/bin/ceph:
2024-01-18T07:18:56.861+0000 7fa5d19fa700 1 --2- 172.21.15.84:0/1668243617 >> [v2:172.21.15.84:3300/0,v1:172.21.15.84:6789/0] conn(0x7fa5cc0faa70 0x7fa5cc10d680 secure :-1 s=READY pgs=23 cs=0 l=1 rev1=1 rx=0x7fa5c800e040 tx=0x7fa5c8006ee0).ready entity=mon.0 client_cookie=0 server_cookie=0 in_seq=0 out_seq=0
2024-01-18T07:18:56.865 INFO:teuthology.orchestra.run.smithi084.stderr:/usr/bin/ceph:
2024-01-18T07:18:56.861+0000 7fa5ba7fc700 1 -- 172.21.15.84:0/1668243617 <== mon.0 v2:172.21.15.84:3300/0 1 ==== mon_map magic: 0 v1 ==== 229+0+0 (secure 0 0 0) 0x7fa5c801b410 con 0x7fa5cc0faa70
2024-01-18T07:18:56.865 INFO:teuthology.orchestra.run.smithi084.stderr:/usr/bin/ceph:
2024-01-18T07:18:56.861+0000 7fa5ba7fc700 1 -- 172.21.15.84:0/1668243617 <== mon.0 v2:172.21.15.84:3300/0 2 ==== config(25 keys) v1 ==== 1010+0+0 (secure 0 0 0) 0x7fa5c801b9e0 con 0x7fa5cc0faa70
2024-01-18T07:18:56.865 INFO:teuthology.orchestra.run.smithi084.stderr:/usr/bin/ceph:
2024-01-18T07:18:56.861+0000 7fa5d3c5e700 1 -- 172.21.15.84:0/1668243617 --> [v2:172.21.15.84:3300/0,v1:172.21.15.84:6789/0] -- mon_subscribe({mgrmap=0+}) v3 -- 0x7fa5cc06fe30 con 0x7fa5cc0faa70
2024-01-18T07:18:56.865 INFO:teuthology.orchestra.run.smithi084.stderr:/usr/bin/ceph:
2024-01-18T07:18:56.861+0000 7fa5ba7fc700 1 -- 172.21.15.84:0/1668243617 <== mon.0 v2:172.21.15.84:3300/0 3 ==== mon_map magic: 0 v1 ==== 229+0+0 (secure 0 0 0) 0x7fa5c801a820 con 0x7fa5cc0faa70
2024-01-18T07:18:56.865 INFO:teuthology.orchestra.run.smithi084.stderr:/usr/bin/ceph:
2024-01-18T07:18:56.861+0000 7fa5d3c5e700 1 -- 172.21.15.84:0/1668243617 --> [v2:172.21.15.84:3300/0,v1:172.21.15.84:6789/0] -- mon_subscribe({osdmap=0}) v3 -- 0x7fa5cc10dd30 con 0x7fa5cc0faa70
2024-01-18T07:18:56.865 INFO:teuthology.orchestra.run.smithi084.stderr:/usr/bin/ceph:
2024-01-18T07:18:56.862+0000 7fa5ba7fc700 1 -- 172.21.15.84:0/1668243617 <== mon.0 v2:172.21.15.84:3300/0 4 ==== mgrmap(e 5) v1 ==== 36120+0+0 (secure 0 0 0) 0x7fa5c800f070 con 0x7fa5cc0faa70
2024-01-18T07:18:56.865 INFO:teuthology.orchestra.run.smithi084.stderr:/usr/bin/ceph:
2024-01-18T07:18:56.862+0000 7fa5ba7fc700 1 --2- 172.21.15.84:0/1668243617 >> [v2:172.21.15.84:6800/2132670921,v1:172.21.15.84:6801/2132670921] conn(0x7fa5b402fd50 0x7fa5b4032210 unknown :-1 s=NONE pgs=0 cs=0 l=1 rev1=0 rx=0 tx=0).connect
2024-01-18T07:18:56.865 INFO:teuthology.orchestra.run.smithi084.stderr:/usr/bin/ceph:
2024-01-18T07:18:56.862+0000 7fa5ba7fc700 1 -- 172.21.15.84:0/1668243617 --> [v2:172.21.15.84:6800/2132670921,v1:172.21.15.84:6801/2132670921] -- command(tid 0: {"prefix": "get_command_descriptions"}) v1 -- 0x7fa5b40328d0 con 0x7fa5b402fd50
2024-01-18T07:18:56.865 INFO:teuthology.orchestra.run.smithi084.stderr:/usr/bin/ceph:
2024-01-18T07:18:56.862+0000 7fa5ba7fc700 1 -- 172.21.15.84:0/1668243617 <== mon.0 v2:172.21.15.84:3300/0 5 ==== osd_map(1..1 src has 1..1) v4 ==== 754+0+0 (secure 0 0 0) 0x7fa5c80412f0 con 0x7fa5cc0faa70
2024-01-18T07:18:56.865 INFO:teuthology.orchestra.run.smithi084.stderr:/usr/bin/ceph:
2024-01-18T07:18:56.862+0000 7fa5d11f9700 1 -- 172.21.15.84:0/1668243617 >> [v2:172.21.15.84:6800/2132670921,v1:172.21.15.84:6801/2132670921] conn(0x7fa5b402fd50 msgr2=0x7fa5b4032210 unknown :-1 s=STATE_CONNECTING_RE l=1).process reconnect failed to v2:172.21.15.84:6800/2132670921
2024-01-18T07:18:56.865 INFO:teuthology.orchestra.run.smithi084.stderr:/usr/bin/ceph:
2024-01-18T07:18:56.862+0000 7fa5d11f9700 1 --2- 172.21.15.84:0/1668243617 >> [v2:172.21.15.84:6800/2132670921,v1:172.21.15.84:6801/2132670921] conn(0x7fa5b402fd50 0x7fa5b4032210 unknown :-1 s=START_CONNECT pgs=0 cs=0 l=1 rev1=0 rx=0 tx=0)._fault waiting 0.200000
2024-01-18T07:18:57.064 INFO:teuthology.orchestra.run.smithi084.stderr:/usr/bin/ceph:
2024-01-18T07:18:57.063+0000 7fa5d11f9700 1 -- 172.21.15.84:0/1668243617 >> [v2:172.21.15.84:6800/2132670921,v1:172.21.15.84:6801/2132670921] conn(0x7fa5b402fd50 msgr2=0x7fa5b4032210 unknown :-1 s=STATE_CONNECTING_RE l=1).process reconnect failed to v2:172.21.15.84:6800/2132670921
2024-01-18T07:18:57.064 INFO:teuthology.orchestra.run.smithi084.stderr:/usr/bin/ceph:
2024-01-18T07:18:57.063+0000 7fa5d11f9700 1 --2- 172.21.15.84:0/1668243617 >> [v2:172.21.15.84:6800/2132670921,v1:172.21.15.84:6801/2132670921] conn(0x7fa5b402fd50 0x7fa5b4032210 unknown :-1 s=START_CONNECT pgs=0 cs=0 l=1 rev1=0 rx=0 tx=0)._fault waiting 0.400000
2024-01-18T07:18:57.464 INFO:teuthology.orchestra.run.smithi084.stderr:/usr/bin/ceph:
2024-01-18T07:18:57.464+0000 7fa5d11f9700 1 -- 172.21.15.84:0/1668243617 >> [v2:172.21.15.84:6800/2132670921,v1:172.21.15.84:6801/2132670921] conn(0x7fa5b402fd50 msgr2=0x7fa5b4032210 unknown :-1 s=STATE_CONNECTING_RE l=1).process reconnect failed to v2:172.21.15.84:6800/2132670921
2024-01-18T07:18:57.465 INFO:teuthology.orchestra.run.smithi084.stderr:/usr/bin/ceph:
2024-01-18T07:18:57.464+0000 7fa5d11f9700 1 --2- 172.21.15.84:0/1668243617 >> [v2:172.21.15.84:6800/2132670921,v1:172.21.15.84:6801/2132670921] conn(0x7fa5b402fd50 0x7fa5b4032210 unknown :-1 s=START_CONNECT pgs=0 cs=0 l=1 rev1=0 rx=0 tx=0)._fault waiting 0.800000
2024-01-18T07:18:58.265 INFO:teuthology.orchestra.run.smithi084.stderr:/usr/bin/ceph:
2024-01-18T07:18:58.265+0000 7fa5d11f9700 1 -- 172.21.15.84:0/1668243617 >> [v2:172.21.15.84:6800/2132670921,v1:172.21.15.84:6801/2132670921] conn(0x7fa5b402fd50 msgr2=0x7fa5b4032210 unknown :-1 s=STATE_CONNECTING_RE l=1).process reconnect failed to v2:172.21.15.84:6800/2132670921
2024-01-18T07:18:58.266 INFO:teuthology.orchestra.run.smithi084.stderr:/usr/bin/ceph:
2024-01-18T07:18:58.265+0000 7fa5d11f9700 1 --2- 172.21.15.84:0/1668243617 >> [v2:172.21.15.84:6800/2132670921,v1:172.21.15.84:6801/2132670921] conn(0x7fa5b402fd50 0x7fa5b4032210 unknown :-1 s=START_CONNECT pgs=0 cs=0 l=1 rev1=0 rx=0 tx=0)._fault waiting 1.600000
2024-01-18T07:18:59.866 INFO:teuthology.orchestra.run.smithi084.stderr:/usr/bin/ceph:
2024-01-18T07:18:59.866+0000 7fa5d11f9700 1 -- 172.21.15.84:0/1668243617 >> [v2:172.21.15.84:6800/2132670921,v1:172.21.15.84:6801/2132670921] conn(0x7fa5b402fd50 msgr2=0x7fa5b4032210 unknown :-1 s=STATE_CONNECTING_RE l=1).process reconnect failed to v2:172.21.15.84:6800/2132670921
2024-01-18T07:18:59.867 INFO:teuthology.orchestra.run.smithi084.stderr:/usr/bin/ceph:
2024-01-18T07:18:59.866+0000 7fa5d11f9700 1 --2- 172.21.15.84:0/1668243617 >> [v2:172.21.15.84:6800/2132670921,v1:172.21.15.84:6801/2132670921] conn(0x7fa5b402fd50 0x7fa5b4032210 unknown :-1 s=START_CONNECT pgs=0 cs=0 l=1 rev1=0 rx=0 tx=0)._fault waiting 3.200000
2024-01-18T07:19:00.170 INFO:teuthology.orchestra.run.smithi084.stderr:/usr/bin/ceph:
2024-01-18T07:19:00.169+0000 7fa5ba7fc700 1 -- 172.21.15.84:0/1668243617 <== mon.0 v2:172.21.15.84:3300/0 6 ==== mgrmap(e 6) v1 ==== 35970+0+0 (secure 0 0 0) 0x7fa5c801aa50 con 0x7fa5cc0faa70
2024-01-18T07:19:00.170 INFO:teuthology.orchestra.run.smithi084.stderr:/usr/bin/ceph:
2024-01-18T07:19:00.169+0000 7fa5ba7fc700 1 -- 172.21.15.84:0/1668243617 >> [v2:172.21.15.84:6800/2132670921,v1:172.21.15.84:6801/2132670921] conn(0x7fa5b402fd50 msgr2=0x7fa5b4032210 unknown :-1 s=STATE_CONNECTING l=1).mark_down
2024-01-18T07:19:00.170 INFO:teuthology.orchestra.run.smithi084.stderr:/usr/bin/ceph:
2024-01-18T07:19:00.169+0000 7fa5ba7fc700 1 --2- 172.21.15.84:0/1668243617 >> [v2:172.21.15.84:6800/2132670921,v1:172.21.15.84:6801/2132670921] conn(0x7fa5b402fd50 0x7fa5b4032210 unknown :-1 s=START_CONNECT pgs=0 cs=0 l=1 rev1=0 rx=0 tx=0).stop
2024-01-18T07:19:01.172 INFO:teuthology.orchestra.run.smithi084.stderr:/usr/bin/ceph:
2024-01-18T07:19:01.171+0000 7fa5ba7fc700 1 -- 172.21.15.84:0/1668243617 <== mon.0 v2:172.21.15.84:3300/0 7 ==== mgrmap(e 7) v1 ==== 36040+0+0 (secure 0 0 0) 0x7fa5c8042bc0 con 0x7fa5cc0faa70
2024-01-18T07:19:01.173 INFO:teuthology.orchestra.run.smithi084.stderr:/usr/bin/ceph:
2024-01-18T07:19:01.172+0000 7fa5ba7fc700 1 --2- 172.21.15.84:0/1668243617 >> [v2:172.21.15.84:6800/2693695158,v1:172.21.15.84:6801/2693695158] conn(0x7fa5b4033820 0x7fa5b4035c10 unknown :-1 s=NONE pgs=0 cs=0 l=1 rev1=0 rx=0 tx=0).connect
2024-01-18T07:19:01.173 INFO:teuthology.orchestra.run.smithi084.stderr:/usr/bin/ceph:
2024-01-18T07:19:01.172+0000 7fa5ba7fc700 1 -- 172.21.15.84:0/1668243617 --> [v2:172.21.15.84:6800/2693695158,v1:172.21.15.84:6801/2693695158] -- command(tid 0: {"prefix": "get_command_descriptions"}) v1 -- 0x7fa5b40328d0 con 0x7fa5b4033820
2024-01-18T07:19:01.173 INFO:teuthology.orchestra.run.smithi084.stderr:/usr/bin/ceph:
2024-01-18T07:19:01.172+0000 7fa5d11f9700 1 --2- 172.21.15.84:0/1668243617 >> [v2:172.21.15.84:6800/2693695158,v1:172.21.15.84:6801/2693695158] conn(0x7fa5b4033820 0x7fa5b4035c10 unknown :-1 s=BANNER_CONNECTING pgs=0 cs=0 l=1 rev1=0 rx=0 tx=0)._handle_peer_banner_payload supported=1 required=0
2024-01-18T07:19:01.173 INFO:teuthology.orchestra.run.smithi084.stderr:/usr/bin/ceph:
2024-01-18T07:19:01.173+0000 7fa5d11f9700 1 --2- 172.21.15.84:0/1668243617 >> [v2:172.21.15.84:6800/2693695158,v1:172.21.15.84:6801/2693695158] conn(0x7fa5b4033820 0x7fa5b4035c10 secure :-1 s=READY pgs=2 cs=0 l=1 rev1=1 rx=0x7fa5bc006fd0 tx=0x7fa5bc006cf0).ready entity=mgr.14114 client_cookie=0 server_cookie=0 in_seq=0 out_seq=0
2024-01-18T07:19:01.174 INFO:teuthology.orchestra.run.smithi084.stderr:/usr/bin/ceph:
2024-01-18T07:19:01.173+0000 7fa5ba7fc700 1 -- 172.21.15.84:0/1668243617 <== mgr.14114 v2:172.21.15.84:6800/2693695158 1 ==== command_reply(tid 0: 0 ) v1 ==== 8+0+6438 (secure 0 0 0) 0x7fa5b40328d0 con 0x7fa5b4033820
2024-01-18T07:19:01.180 INFO:teuthology.orchestra.run.smithi084.stderr:/usr/bin/ceph:
2024-01-18T07:19:01.179+0000 7fa5d3c5e700 1 -- 172.21.15.84:0/1668243617 --> [v2:172.21.15.84:6800/2693695158,v1:172.21.15.84:6801/2693695158] -- command(tid 1: {"prefix": "mgr_status"}) v1 -- 0x7fa5cc059100 con 0x7fa5b4033820
2024-01-18T07:19:01.180 INFO:teuthology.orchestra.run.smithi084.stderr:/usr/bin/ceph:
2024-01-18T07:19:01.180+0000 7fa5ba7fc700 1 -- 172.21.15.84:0/1668243617 <== mgr.14114 v2:172.21.15.84:6800/2693695158 2 ==== command_reply(tid 1: 0 ) v1 ==== 8+0+51 (secure 0 0 0) 0x7fa5cc059100 con 0x7fa5b4033820
2024-01-18T07:19:01.181 INFO:teuthology.orchestra.run.smithi084.stderr:/usr/bin/ceph: {
2024-01-18T07:19:01.181 INFO:teuthology.orchestra.run.smithi084.stderr:/usr/bin/ceph: "mgrmap_epoch": 7,
2024-01-18T07:19:01.181 INFO:teuthology.orchestra.run.smithi084.stderr:/usr/bin/ceph: "initialized": true
2024-01-18T07:19:01.181 INFO:teuthology.orchestra.run.smithi084.stderr:/usr/bin/ceph: }
2024-01-18T07:19:01.182 INFO:teuthology.orchestra.run.smithi084.stderr:/usr/bin/ceph:
2024-01-18T07:19:01.180+0000 7fa5d3c5e700 1 -- 172.21.15.84:0/1668243617 >> [v2:172.21.15.84:6800/2693695158,v1:172.21.15.84:6801/2693695158] conn(0x7fa5b4033820 msgr2=0x7fa5b4035c10 secure :-1 s=STATE_CONNECTION_ESTABLISHED l=1).mark_down
2024-01-18T07:19:01.182 INFO:teuthology.orchestra.run.smithi084.stderr:/usr/bin/ceph:
2024-01-18T07:19:01.180+0000 7fa5d3c5e700 1 --2- 172.21.15.84:0/1668243617 >> [v2:172.21.15.84:6800/2693695158,v1:172.21.15.84:6801/2693695158] conn(0x7fa5b4033820 0x7fa5b4035c10 secure :-1 s=READY pgs=2 cs=0 l=1 rev1=1 rx=0x7fa5bc006fd0 tx=0x7fa5bc006cf0).stop
2024-01-18T07:19:01.182 INFO:teuthology.orchestra.run.smithi084.stderr:/usr/bin/ceph:
2024-01-18T07:19:01.180+0000 7fa5d3c5e700 1 -- 172.21.15.84:0/1668243617 >> [v2:172.21.15.84:3300/0,v1:172.21.15.84:6789/0] conn(0x7fa5cc0faa70 msgr2=0x7fa5cc10d680 secure :-1 s=STATE_CONNECTION_ESTABLISHED l=1).mark_down
2024-01-18T07:19:01.182 INFO:teuthology.orchestra.run.smithi084.stderr:/usr/bin/ceph:
2024-01-18T07:19:01.180+0000 7fa5d3c5e700 1 --2- 172.21.15.84:0/1668243617 >> [v2:172.21.15.84:3300/0,v1:172.21.15.84:6789/0] conn(0x7fa5cc0faa70 0x7fa5cc10d680 secure :-1 s=READY pgs=23 cs=0 l=1 rev1=1 rx=0x7fa5c800e040 tx=0x7fa5c8006ee0).stop
2024-01-18T07:19:01.182 INFO:teuthology.orchestra.run.smithi084.stderr:/usr/bin/ceph:
2024-01-18T07:19:01.180+0000 7fa5d3c5e700 1 -- 172.21.15.84:0/1668243617 shutdown_connections
2024-01-18T07:19:01.183 INFO:teuthology.orchestra.run.smithi084.stderr:/usr/bin/ceph:
2024-01-18T07:19:01.180+0000 7fa5d3c5e700 1 --2- 172.21.15.84:0/1668243617 >> [v2:172.21.15.84:3300/0,v1:172.21.15.84:6789/0] conn(0x7fa5cc0faa70 0x7fa5cc10d680 unknown :-1 s=CLOSED pgs=23 cs=0 l=1 rev1=1 rx=0 tx=0).stop
2024-01-18T07:19:01.183 INFO:teuthology.orchestra.run.smithi084.stderr:/usr/bin/ceph:
2024-01-18T07:19:01.180+0000 7fa5d3c5e700 1 --2- 172.21.15.84:0/1668243617 >> [v2:172.21.15.84:6800/2693695158,v1:172.21.15.84:6801/2693695158] conn(0x7fa5b4033820 0x7fa5b4035c10 unknown :-1 s=CLOSED pgs=2 cs=0 l=1 rev1=1 rx=0 tx=0).stop
2024-01-18T07:19:01.183 INFO:teuthology.orchestra.run.smithi084.stderr:/usr/bin/ceph:
2024-01-18T07:19:01.180+0000 7fa5d3c5e700 1 --2- 172.21.15.84:0/1668243617 >> [v2:172.21.15.84:6800/2132670921,v1:172.21.15.84:6801/2132670921] conn(0x7fa5b402fd50 0x7fa5b4032210 unknown :-1 s=CLOSED pgs=0 cs=0 l=1 rev1=0 rx=0 tx=0).stop
2024-01-18T07:19:01.183 INFO:teuthology.orchestra.run.smithi084.stderr:/usr/bin/ceph:
2024-01-18T07:19:01.180+0000 7fa5d3c5e700 1 -- 172.21.15.84:0/1668243617 >> 172.21.15.84:0/1668243617 conn(0x7fa5cc0f6290 msgr2=0x7fa5cc0f7d90 unknown :-1 s=STATE_NONE l=0).mark_down
2024-01-18T07:19:01.183 INFO:teuthology.orchestra.run.smithi084.stderr:/usr/bin/ceph:
2024-01-18T07:19:01.180+0000 7fa5d3c5e700 1 -- 172.21.15.84:0/1668243617 shutdown_connections
2024-01-18T07:19:01.183 INFO:teuthology.orchestra.run.smithi084.stderr:/usr/bin/ceph:
2024-01-18T07:19:01.180+0000 7fa5d3c5e700 1 -- 172.21.15.84:0/1668243617 wait complete.
2024-01-18T07:19:01.382 INFO:journalctl@ceph.mon.smithi084.smithi084.stdout:Jan 18 07:19:01 smithi084 ceph-bf9448d2-b5d1-11ee-95ae-87774f69a715-mon.smithi084[38736]: cluster
2024-01-18T07:19:00.115707+0000 mon.smithi084 (mon.0) 29 : cluster [INF] Active manager daemon smithi084.sihbqg restarted
2024-01-18T07:19:01.383 INFO:journalctl@ceph.mon.smithi084.smithi084.stdout:Jan 18 07:19:01 smithi084 ceph-bf9448d2-b5d1-11ee-95ae-87774f69a715-mon.smithi084[38736]: cluster
2024-01-18T07:19:00.116201+0000 mon.smithi084 (mon.0) 30 : cluster [INF] Activating manager daemon smithi084.sihbqg
2024-01-18T07:19:01.383 INFO:journalctl@ceph.mon.smithi084.smithi084.stdout:Jan 18 07:19:01 smithi084 ceph-bf9448d2-b5d1-11ee-95ae-87774f69a715-mon.smithi084[38736]: cluster
2024-01-18T07:19:00.118060+0000 mon.smithi084 (mon.0) 31 : cluster [DBG] osdmap e2: 0 total, 0 up, 0 in
2024-01-18T07:19:01.383 INFO:journalctl@ceph.mon.smithi084.smithi084.stdout:Jan 18 07:19:01 smithi084 ceph-bf9448d2-b5d1-11ee-95ae-87774f69a715-mon.smithi084[38736]: cluster
2024-01-18T07:19:00.171419+0000 mon.smithi084 (mon.0) 32 : cluster [DBG] mgrmap e6: smithi084.sihbqg(active, starting, since 0.0553304s)
2024-01-18T07:19:01.383 INFO:journalctl@ceph.mon.smithi084.smithi084.stdout:Jan 18 07:19:01 smithi084 ceph-bf9448d2-b5d1-11ee-95ae-87774f69a715-mon.smithi084[38736]: audit
2024-01-18T07:19:00.171972+0000 mon.smithi084 (mon.0) 33 : audit [DBG] from='mgr.14114 172.21.15.84:0/4284532851' entity='mgr.smithi084.sihbqg' cmd=[{"prefix": "mon metadata", "id": "smithi084"}]: dispatch
2024-01-18T07:19:01.383 INFO:journalctl@ceph.mon.smithi084.smithi084.stdout:Jan 18 07:19:01 smithi084 ceph-bf9448d2-b5d1-11ee-95ae-87774f69a715-mon.smithi084[38736]: audit
2024-01-18T07:19:00.172550+0000 mon.smithi084 (mon.0) 34 : audit [DBG] from='mgr.14114 172.21.15.84:0/4284532851' entity='mgr.smithi084.sihbqg' cmd=[{"prefix": "mgr metadata", "who": "smithi084.sihbqg", "id": "smithi084.sihbqg"}]: dispatch
2024-01-18T07:19:01.383 INFO:journalctl@ceph.mon.smithi084.smithi084.stdout:Jan 18 07:19:01 smithi084 ceph-bf9448d2-b5d1-11ee-95ae-87774f69a715-mon.smithi084[38736]: audit
2024-01-18T07:19:00.173148+0000 mon.smithi084 (mon.0) 35 : audit [DBG] from='mgr.14114 172.21.15.84:0/4284532851' entity='mgr.smithi084.sihbqg' cmd=[{"prefix": "mds metadata"}]: dispatch
2024-01-18T07:19:01.383 INFO:journalctl@ceph.mon.smithi084.smithi084.stdout:Jan 18 07:19:01 smithi084 ceph-bf9448d2-b5d1-11ee-95ae-87774f69a715-mon.smithi084[38736]: audit
2024-01-18T07:19:00.173300+0000 mon.smithi084 (mon.0) 36 : audit [DBG] from='mgr.14114 172.21.15.84:0/4284532851' entity='mgr.smithi084.sihbqg' cmd=[{"prefix": "osd metadata"}]: dispatch
2024-01-18T07:19:01.383 INFO:journalctl@ceph.mon.smithi084.smithi084.stdout:Jan 18 07:19:01 smithi084 ceph-bf9448d2-b5d1-11ee-95ae-87774f69a715-mon.smithi084[38736]: audit
2024-01-18T07:19:00.173413+0000 mon.smithi084 (mon.0) 37 : audit [DBG] from='mgr.14114 172.21.15.84:0/4284532851' entity='mgr.smithi084.sihbqg' cmd=[{"prefix": "mon metadata"}]: dispatch
2024-01-18T07:19:01.383 INFO:journalctl@ceph.mon.smithi084.smithi084.stdout:Jan 18 07:19:01 smithi084 ceph-bf9448d2-b5d1-11ee-95ae-87774f69a715-mon.smithi084[38736]: cluster
2024-01-18T07:19:00.187048+0000 mon.smithi084 (mon.0) 38 : cluster [INF] Manager daemon smithi084.sihbqg is now available
2024-01-18T07:19:01.383 INFO:journalctl@ceph.mon.smithi084.smithi084.stdout:Jan 18 07:19:01 smithi084 ceph-bf9448d2-b5d1-11ee-95ae-87774f69a715-mon.smithi084[38736]: audit
2024-01-18T07:19:00.200569+0000 mon.smithi084 (mon.0) 39 : audit [INF] from='mgr.14114 172.21.15.84:0/4284532851' entity='mgr.smithi084.sihbqg'
2024-01-18T07:19:01.383 INFO:journalctl@ceph.mon.smithi084.smithi084.stdout:Jan 18 07:19:01 smithi084 ceph-bf9448d2-b5d1-11ee-95ae-87774f69a715-mon.smithi084[38736]: audit
2024-01-18T07:19:00.205938+0000 mon.smithi084 (mon.0) 40 : audit [INF] from='mgr.14114 172.21.15.84:0/4284532851' entity='mgr.smithi084.sihbqg'
2024-01-18T07:19:01.384 INFO:journalctl@ceph.mon.smithi084.smithi084.stdout:Jan 18 07:19:01 smithi084 ceph-bf9448d2-b5d1-11ee-95ae-87774f69a715-mon.smithi084[38736]: audit
2024-01-18T07:19:00.208402+0000 mon.smithi084 (mon.0) 41 : audit [INF] from='mgr.14114 172.21.15.84:0/4284532851' entity='mgr.smithi084.sihbqg'
2024-01-18T07:19:01.384 INFO:journalctl@ceph.mon.smithi084.smithi084.stdout:Jan 18 07:19:01 smithi084 ceph-bf9448d2-b5d1-11ee-95ae-87774f69a715-mon.smithi084[38736]: audit
2024-01-18T07:19:00.295757+0000 mon.smithi084 (mon.0) 42 : audit [INF] from='mgr.14114 172.21.15.84:0/4284532851' entity='mgr.smithi084.sihbqg'
2024-01-18T07:19:01.384 INFO:journalctl@ceph.mon.smithi084.smithi084.stdout:Jan 18 07:19:01 smithi084 ceph-bf9448d2-b5d1-11ee-95ae-87774f69a715-mon.smithi084[38736]: audit
2024-01-18T07:19:00.296432+0000 mon.smithi084 (mon.0) 43 : audit [DBG] from='mgr.14114 172.21.15.84:0/4284532851' entity='mgr.smithi084.sihbqg' cmd=[{"prefix": "config dump", "format": "json"}]: dispatch
2024-01-18T07:19:01.384 INFO:journalctl@ceph.mon.smithi084.smithi084.stdout:Jan 18 07:19:01 smithi084 ceph-bf9448d2-b5d1-11ee-95ae-87774f69a715-mon.smithi084[38736]: audit
2024-01-18T07:19:00.297523+0000 mon.smithi084 (mon.0) 44 : audit [DBG] from='mgr.14114 172.21.15.84:0/4284532851' entity='mgr.smithi084.sihbqg' cmd=[{"prefix": "config dump", "format": "json"}]: dispatch
2024-01-18T07:19:01.384 INFO:journalctl@ceph.mon.smithi084.smithi084.stdout:Jan 18 07:19:01 smithi084 ceph-bf9448d2-b5d1-11ee-95ae-87774f69a715-mon.smithi084[38736]: audit
2024-01-18T07:19:00.299314+0000 mon.smithi084 (mon.0) 45 : audit [DBG] from='mgr.14114 172.21.15.84:0/4284532851' entity='mgr.smithi084.sihbqg' cmd=[{"prefix": "config dump", "format": "json"}]: dispatch
2024-01-18T07:19:01.384 INFO:journalctl@ceph.mon.smithi084.smithi084.stdout:Jan 18 07:19:01 smithi084 ceph-bf9448d2-b5d1-11ee-95ae-87774f69a715-mon.smithi084[38736]: audit
2024-01-18T07:19:00.309086+0000 mon.smithi084 (mon.0) 46 : audit [INF] from='mgr.14114 172.21.15.84:0/4284532851' entity='mgr.smithi084.sihbqg' cmd=[{"prefix":"config rm","who":"mgr","name":"mgr/rbd_support/smithi084.sihbqg/mirror_snapshot_schedule"}]: dispatch
2024-01-18T07:19:01.384 INFO:journalctl@ceph.mon.smithi084.smithi084.stdout:Jan 18 07:19:01 smithi084 ceph-bf9448d2-b5d1-11ee-95ae-87774f69a715-mon.smithi084[38736]: audit
2024-01-18T07:19:00.310191+0000 mon.smithi084 (mon.0) 47 : audit [INF] from='mgr.14114 172.21.15.84:0/4284532851' entity='mgr.smithi084.sihbqg' cmd=[{"prefix":"config rm","who":"mgr","name":"mgr/rbd_support/smithi084.sihbqg/trash_purge_schedule"}]: dispatch
2024-01-18T07:19:01.784 INFO:teuthology.orchestra.run.smithi084.stderr:mgr epoch 5 is available
2024-01-18T07:19:01.784 INFO:teuthology.orchestra.run.smithi084.stderr:Setting orchestrator backend to cephadm...
2024-01-18T07:19:01.784 INFO:teuthology.orchestra.run.smithi084.stderr:Running command: /bin/podman run --rm --ipc=host --no-hosts --net=host --entrypoint /usr/bin/ceph --init -e CONTAINER_IMAGE=docker.io/ceph/ceph:v16.2.4 -e NODE_NAME=smithi084 -e CEPH_USE_RANDOM_NONCE=1 -v /var/log/ceph/bf9448d2-b5d1-11ee-95ae-87774f69a715:/var/log/ceph:z -v /tmp/ceph-tmpooof30fr:/etc/ceph/ceph.client.admin.keyring:z -v /tmp/ceph-tmpuv3tqghe:/etc/ceph/ceph.conf:z docker.io/ceph/ceph:v16.2.4 orch set backend cephadm
2024-01-18T07:19:02.134 INFO:teuthology.orchestra.run.smithi084.stderr:/usr/bin/ceph:
2024-01-18T07:19:02.130+0000 7f8fc9d43700 1 Processor -- start
2024-01-18T07:19:02.135 INFO:teuthology.orchestra.run.smithi084.stderr:/usr/bin/ceph:
2024-01-18T07:19:02.130+0000 7f8fc9d43700 1 -- start start
2024-01-18T07:19:02.135 INFO:teuthology.orchestra.run.smithi084.stderr:/usr/bin/ceph:
2024-01-18T07:19:02.131+0000 7f8fc9d43700 1 --2- >> [v2:172.21.15.84:3300/0,v1:172.21.15.84:6789/0] conn(0x7f8fc40fab80 0x7f8fc40fafa0 unknown :-1 s=NONE pgs=0 cs=0 l=0 rev1=0 rx=0 tx=0).connect
2024-01-18T07:19:02.135 INFO:teuthology.orchestra.run.smithi084.stderr:/usr/bin/ceph:
2024-01-18T07:19:02.131+0000 7f8fc9d43700 1 -- --> [v2:172.21.15.84:3300/0,v1:172.21.15.84:6789/0] -- mon_getmap magic: 0 v1 -- 0x7f8fc40fb490 con 0x7f8fc40fab80
