2024-01-21T07:28:36.945+0000 7effcbd83700 1 -- 172.21.15.107:0/354602574 wait complete.
2024-01-21T07:28:37.315 INFO:journalctl@ceph.mon.smithi107.smithi107.stdout:Jan 21 07:28:36 smithi107 ceph-962f5a9a-b82e-11ee-95b0-87774f69a715-mon.smithi107[38761]: cluster
2024-01-21T07:28:35.929162+0000 mon.smithi107 (mon.0) 31 : cluster [DBG] mgrmap e5: smithi107.adejht(active, starting, since 0.0528392s)
2024-01-21T07:28:37.316 INFO:journalctl@ceph.mon.smithi107.smithi107.stdout:Jan 21 07:28:36 smithi107 ceph-962f5a9a-b82e-11ee-95b0-87774f69a715-mon.smithi107[38761]: audit
2024-01-21T07:28:35.930675+0000 mon.smithi107 (mon.0) 32 : audit [DBG] from='mgr.14114 172.21.15.107:0/4020153640' entity='mgr.smithi107.adejht' cmd=[{"prefix": "mon metadata", "id": "smithi107"}]: dispatch
2024-01-21T07:28:37.316 INFO:journalctl@ceph.mon.smithi107.smithi107.stdout:Jan 21 07:28:36 smithi107 ceph-962f5a9a-b82e-11ee-95b0-87774f69a715-mon.smithi107[38761]: audit
2024-01-21T07:28:35.931258+0000 mon.smithi107 (mon.0) 33 : audit [DBG] from='mgr.14114 172.21.15.107:0/4020153640' entity='mgr.smithi107.adejht' cmd=[{"prefix": "mgr metadata", "who": "smithi107.adejht", "id": "smithi107.adejht"}]: dispatch
2024-01-21T07:28:37.316 INFO:journalctl@ceph.mon.smithi107.smithi107.stdout:Jan 21 07:28:36 smithi107 ceph-962f5a9a-b82e-11ee-95b0-87774f69a715-mon.smithi107[38761]: audit
2024-01-21T07:28:35.931998+0000 mon.smithi107 (mon.0) 34 : audit [DBG] from='mgr.14114 172.21.15.107:0/4020153640' entity='mgr.smithi107.adejht' cmd=[{"prefix": "mds metadata"}]: dispatch
2024-01-21T07:28:37.316 INFO:journalctl@ceph.mon.smithi107.smithi107.stdout:Jan 21 07:28:36 smithi107 ceph-962f5a9a-b82e-11ee-95b0-87774f69a715-mon.smithi107[38761]: audit
2024-01-21T07:28:35.932128+0000 mon.smithi107 (mon.0) 35 : audit [DBG] from='mgr.14114 172.21.15.107:0/4020153640' entity='mgr.smithi107.adejht' cmd=[{"prefix": "osd metadata"}]: dispatch
2024-01-21T07:28:37.316 INFO:journalctl@ceph.mon.smithi107.smithi107.stdout:Jan 21 07:28:36 smithi107 ceph-962f5a9a-b82e-11ee-95b0-87774f69a715-mon.smithi107[38761]: audit
2024-01-21T07:28:35.932260+0000 mon.smithi107 (mon.0) 36 : audit [DBG] from='mgr.14114 172.21.15.107:0/4020153640' entity='mgr.smithi107.adejht' cmd=[{"prefix": "mon metadata"}]: dispatch
2024-01-21T07:28:37.316 INFO:journalctl@ceph.mon.smithi107.smithi107.stdout:Jan 21 07:28:36 smithi107 ceph-962f5a9a-b82e-11ee-95b0-87774f69a715-mon.smithi107[38761]: cluster
2024-01-21T07:28:35.945624+0000 mon.smithi107 (mon.0) 37 : cluster [INF] Manager daemon smithi107.adejht is now available
2024-01-21T07:28:37.316 INFO:journalctl@ceph.mon.smithi107.smithi107.stdout:Jan 21 07:28:36 smithi107 ceph-962f5a9a-b82e-11ee-95b0-87774f69a715-mon.smithi107[38761]: audit
2024-01-21T07:28:35.960964+0000 mon.smithi107 (mon.0) 38 : audit [INF] from='mgr.14114 172.21.15.107:0/4020153640' entity='mgr.smithi107.adejht'
2024-01-21T07:28:37.316 INFO:journalctl@ceph.mon.smithi107.smithi107.stdout:Jan 21 07:28:36 smithi107 ceph-962f5a9a-b82e-11ee-95b0-87774f69a715-mon.smithi107[38761]: audit
2024-01-21T07:28:35.966302+0000 mon.smithi107 (mon.0) 39 : audit [INF] from='mgr.14114 172.21.15.107:0/4020153640' entity='mgr.smithi107.adejht'
2024-01-21T07:28:37.316 INFO:journalctl@ceph.mon.smithi107.smithi107.stdout:Jan 21 07:28:36 smithi107 ceph-962f5a9a-b82e-11ee-95b0-87774f69a715-mon.smithi107[38761]: audit
2024-01-21T07:28:35.971814+0000 mon.smithi107 (mon.0) 40 : audit [INF] from='mgr.14114 172.21.15.107:0/4020153640' entity='mgr.smithi107.adejht'
2024-01-21T07:28:37.316 INFO:journalctl@ceph.mon.smithi107.smithi107.stdout:Jan 21 07:28:36 smithi107 ceph-962f5a9a-b82e-11ee-95b0-87774f69a715-mon.smithi107[38761]: audit
2024-01-21T07:28:36.059436+0000 mon.smithi107 (mon.0) 41 : audit [INF] from='mgr.14114 172.21.15.107:0/4020153640' entity='mgr.smithi107.adejht'
2024-01-21T07:28:37.316 INFO:journalctl@ceph.mon.smithi107.smithi107.stdout:Jan 21 07:28:36 smithi107 ceph-962f5a9a-b82e-11ee-95b0-87774f69a715-mon.smithi107[38761]: audit
2024-01-21T07:28:36.060060+0000 mon.smithi107 (mon.0) 42 : audit [DBG] from='mgr.14114 172.21.15.107:0/4020153640' entity='mgr.smithi107.adejht' cmd=[{"prefix": "config dump", "format": "json"}]: dispatch
2024-01-21T07:28:37.316 INFO:journalctl@ceph.mon.smithi107.smithi107.stdout:Jan 21 07:28:36 smithi107 ceph-962f5a9a-b82e-11ee-95b0-87774f69a715-mon.smithi107[38761]: audit
2024-01-21T07:28:36.065064+0000 mon.smithi107 (mon.0) 43 : audit [DBG] from='mgr.14114 172.21.15.107:0/4020153640' entity='mgr.smithi107.adejht' cmd=[{"prefix": "config dump", "format": "json"}]: dispatch
2024-01-21T07:28:37.316 INFO:journalctl@ceph.mon.smithi107.smithi107.stdout:Jan 21 07:28:36 smithi107 ceph-962f5a9a-b82e-11ee-95b0-87774f69a715-mon.smithi107[38761]: audit
2024-01-21T07:28:36.066454+0000 mon.smithi107 (mon.0) 44 : audit [DBG] from='mgr.14114 172.21.15.107:0/4020153640' entity='mgr.smithi107.adejht' cmd=[{"prefix": "config dump", "format": "json"}]: dispatch
2024-01-21T07:28:37.317 INFO:journalctl@ceph.mon.smithi107.smithi107.stdout:Jan 21 07:28:36 smithi107 ceph-962f5a9a-b82e-11ee-95b0-87774f69a715-mon.smithi107[38761]: audit
2024-01-21T07:28:36.072943+0000 mon.smithi107 (mon.0) 45 : audit [INF] from='mgr.14114 172.21.15.107:0/4020153640' entity='mgr.smithi107.adejht' cmd=[{"prefix":"config rm","who":"mgr","name":"mgr/rbd_support/smithi107.adejht/mirror_snapshot_schedule"}]: dispatch
2024-01-21T07:28:37.317 INFO:journalctl@ceph.mon.smithi107.smithi107.stdout:Jan 21 07:28:36 smithi107 ceph-962f5a9a-b82e-11ee-95b0-87774f69a715-mon.smithi107[38761]: audit
2024-01-21T07:28:36.074153+0000 mon.smithi107 (mon.0) 46 : audit [INF] from='mgr.14114 172.21.15.107:0/4020153640' entity='mgr.smithi107.adejht' cmd=[{"prefix":"config rm","who":"mgr","name":"mgr/rbd_support/smithi107.adejht/trash_purge_schedule"}]: dispatch
2024-01-21T07:28:37.781 INFO:teuthology.orchestra.run.smithi107.stderr:mgr epoch 4 is available
2024-01-21T07:28:37.781 INFO:teuthology.orchestra.run.smithi107.stderr:Setting orchestrator backend to cephadm...
2024-01-21T07:28:37.781 INFO:teuthology.orchestra.run.smithi107.stderr:Running command: /bin/podman run --rm --ipc=host --no-hosts --net=host --entrypoint /usr/bin/ceph --init -e CONTAINER_IMAGE=docker.io/ceph/ceph:v16.2.4 -e NODE_NAME=smithi107 -e CEPH_USE_RANDOM_NONCE=1 -v /var/log/ceph/962f5a9a-b82e-11ee-95b0-87774f69a715:/var/log/ceph:z -v /tmp/ceph-tmp9v9j9ro4:/etc/ceph/ceph.client.admin.keyring:z -v /tmp/ceph-tmpcnfa6skr:/etc/ceph/ceph.conf:z docker.io/ceph/ceph:v16.2.4 orch set backend cephadm
2024-01-21T07:28:38.130 INFO:teuthology.orchestra.run.smithi107.stderr:/usr/bin/ceph:
2024-01-21T07:28:38.124+0000 7f4a51393700 1 Processor -- start
2024-01-21T07:28:38.130 INFO:teuthology.orchestra.run.smithi107.stderr:/usr/bin/ceph:
2024-01-21T07:28:38.124+0000 7f4a51393700 1 -- start start
2024-01-21T07:28:38.130 INFO:teuthology.orchestra.run.smithi107.stderr:/usr/bin/ceph:
2024-01-21T07:28:38.124+0000 7f4a51393700 1 --2- >> [v2:172.21.15.107:3300/0,v1:172.21.15.107:6789/0] conn(0x7f4a4c0703b0 0x7f4a4c0fe960 unknown :-1 s=NONE pgs=0 cs=0 l=0 rev1=0 rx=0 tx=0).connect
2024-01-21T07:28:38.130 INFO:teuthology.orchestra.run.smithi107.stderr:/usr/bin/ceph:
2024-01-21T07:28:38.124+0000 7f4a51393700 1 -- --> [v2:172.21.15.107:3300/0,v1:172.21.15.107:6789/0] -- mon_getmap magic: 0 v1 -- 0x7f4a4c0fee50 con 0x7f4a4c0703b0
2024-01-21T07:28:38.130 INFO:teuthology.orchestra.run.smithi107.stderr:/usr/bin/ceph:
2024-01-21T07:28:38.125+0000 7f4a4affd700 1 --2- >> [v2:172.21.15.107:3300/0,v1:172.21.15.107:6789/0] conn(0x7f4a4c0703b0 0x7f4a4c0fe960 unknown :-1 s=BANNER_CONNECTING pgs=0 cs=0 l=0 rev1=0 rx=0 tx=0)._handle_peer_banner_payload supported=1 required=0
2024-01-21T07:28:38.130 INFO:teuthology.orchestra.run.smithi107.stderr:/usr/bin/ceph:
2024-01-21T07:28:38.125+0000 7f4a4affd700 1 --2- >> [v2:172.21.15.107:3300/0,v1:172.21.15.107:6789/0] conn(0x7f4a4c0703b0 0x7f4a4c0fe960 unknown :-1 s=HELLO_CONNECTING pgs=0 cs=0 l=0 rev1=1 rx=0 tx=0).handle_hello peer v2:172.21.15.107:3300/0 says I am v2:172.21.15.107:41732/0 (socket says 172.21.15.107:41732)
2024-01-21T07:28:38.131 INFO:teuthology.orchestra.run.smithi107.stderr:/usr/bin/ceph:
2024-01-21T07:28:38.125+0000 7f4a4affd700 1 -- 172.21.15.107:0/735314823 learned_addr learned my addr 172.21.15.107:0/735314823 (peer_addr_for_me v2:172.21.15.107:0/0)
2024-01-21T07:28:38.131 INFO:teuthology.orchestra.run.smithi107.stderr:/usr/bin/ceph:
2024-01-21T07:28:38.125+0000 7f4a4affd700 1 -- 172.21.15.107:0/735314823 --> [v2:172.21.15.107:3300/0,v1:172.21.15.107:6789/0] -- mon_subscribe({config=0+,monmap=0+}) v3 -- 0x7f4a4c0fef90 con 0x7f4a4c0703b0
2024-01-21T07:28:38.131 INFO:teuthology.orchestra.run.smithi107.stderr:/usr/bin/ceph:
2024-01-21T07:28:38.125+0000 7f4a4affd700 1 --2- 172.21.15.107:0/735314823 >> [v2:172.21.15.107:3300/0,v1:172.21.15.107:6789/0] conn(0x7f4a4c0703b0 0x7f4a4c0fe960 secure :-1 s=READY pgs=29 cs=0 l=1 rev1=1 rx=0x7f4a4000b5f0 tx=0x7f4a40006ee0).ready entity=mon.0 client_cookie=96c84de295c3d12e server_cookie=0 in_seq=0 out_seq=0
2024-01-21T07:28:38.131 INFO:teuthology.orchestra.run.smithi107.stderr:/usr/bin/ceph:
2024-01-21T07:28:38.125+0000 7f4a49ffb700 1 -- 172.21.15.107:0/735314823 <== mon.0 v2:172.21.15.107:3300/0 1 ==== mon_map magic: 0 v1 ==== 229+0+0 (secure 0 0 0) 0x7f4a4000d600 con 0x7f4a4c0703b0
2024-01-21T07:28:38.131 INFO:teuthology.orchestra.run.smithi107.stderr:/usr/bin/ceph:
2024-01-21T07:28:38.125+0000 7f4a49ffb700 1 -- 172.21.15.107:0/735314823 <== mon.0 v2:172.21.15.107:3300/0 2 ==== config(25 keys) v1 ==== 1010+0+0 (secure 0 0 0) 0x7f4a4000dbd0 con 0x7f4a4c0703b0
2024-01-21T07:28:38.131 INFO:teuthology.orchestra.run.smithi107.stderr:/usr/bin/ceph:
2024-01-21T07:28:38.125+0000 7f4a49ffb700 1 -- 172.21.15.107:0/735314823 <== mon.0 v2:172.21.15.107:3300/0 3 ==== mon_map magic: 0 v1 ==== 229+0+0 (secure 0 0 0) 0x7f4a40011c00 con 0x7f4a4c0703b0
2024-01-21T07:28:38.131 INFO:teuthology.orchestra.run.smithi107.stderr:/usr/bin/ceph:
2024-01-21T07:28:38.126+0000 7f4a51393700 1 -- 172.21.15.107:0/735314823 >> [v2:172.21.15.107:3300/0,v1:172.21.15.107:6789/0] conn(0x7f4a4c0703b0 msgr2=0x7f4a4c0fe960 secure :-1 s=STATE_CONNECTION_ESTABLISHED l=1).mark_down
2024-01-21T07:28:38.131 INFO:teuthology.orchestra.run.smithi107.stderr:/usr/bin/ceph:
2024-01-21T07:28:38.126+0000 7f4a51393700 1 --2- 172.21.15.107:0/735314823 >> [v2:172.21.15.107:3300/0,v1:172.21.15.107:6789/0] conn(0x7f4a4c0703b0 0x7f4a4c0fe960 secure :-1 s=READY pgs=29 cs=0 l=1 rev1=1 rx=0x7f4a4000b5f0 tx=0x7f4a40006ee0).stop
2024-01-21T07:28:38.131 INFO:teuthology.orchestra.run.smithi107.stderr:/usr/bin/ceph:
2024-01-21T07:28:38.126+0000 7f4a51393700 1 -- 172.21.15.107:0/735314823 shutdown_connections
2024-01-21T07:28:38.131 INFO:teuthology.orchestra.run.smithi107.stderr:/usr/bin/ceph:
2024-01-21T07:28:38.126+0000 7f4a51393700 1 --2- 172.21.15.107:0/735314823 >> [v2:172.21.15.107:3300/0,v1:172.21.15.107:6789/0] conn(0x7f4a4c0703b0 0x7f4a4c0fe960 unknown :-1 s=CLOSED pgs=29 cs=0 l=1 rev1=1 rx=0 tx=0).stop
2024-01-21T07:28:38.131 INFO:teuthology.orchestra.run.smithi107.stderr:/usr/bin/ceph:
2024-01-21T07:28:38.126+0000 7f4a51393700 1 -- 172.21.15.107:0/735314823 >> 172.21.15.107:0/735314823 conn(0x7f4a4c0f63c0 msgr2=0x7f4a4c0f87e0 unknown :-1 s=STATE_NONE l=0).mark_down
2024-01-21T07:28:38.131 INFO:teuthology.orchestra.run.smithi107.stderr:/usr/bin/ceph:
2024-01-21T07:28:38.126+0000 7f4a51393700 1 -- 172.21.15.107:0/735314823 shutdown_connections
2024-01-21T07:28:38.131 INFO:teuthology.orchestra.run.smithi107.stderr:/usr/bin/ceph:
2024-01-21T07:28:38.126+0000 7f4a51393700 1 -- 172.21.15.107:0/735314823 wait complete.
2024-01-21T07:28:38.132 INFO:teuthology.orchestra.run.smithi107.stderr:/usr/bin/ceph:
2024-01-21T07:28:38.126+0000 7f4a51393700 1 Processor -- start
2024-01-21T07:28:38.132 INFO:teuthology.orchestra.run.smithi107.stderr:/usr/bin/ceph:
2024-01-21T07:28:38.127+0000 7f4a51393700 1 -- start start
2024-01-21T07:28:38.132 INFO:teuthology.orchestra.run.smithi107.stderr:/usr/bin/ceph:
2024-01-21T07:28:38.127+0000 7f4a51393700 1 --2- >> [v2:172.21.15.107:3300/0,v1:172.21.15.107:6789/0] conn(0x7f4a4c0703b0 0x7f4a4c0fc3e0 unknown :-1 s=NONE pgs=0 cs=0 l=1 rev1=0 rx=0 tx=0).connect
2024-01-21T07:28:38.132 INFO:teuthology.orchestra.run.smithi107.stderr:/usr/bin/ceph:
2024-01-21T07:28:38.127+0000 7f4a51393700 1 -- --> [v2:172.21.15.107:3300/0,v1:172.21.15.107:6789/0] -- mon_getmap magic: 0 v1 -- 0x7f4a4c0fa860 con 0x7f4a4c0703b0
2024-01-21T07:28:38.132 INFO:teuthology.orchestra.run.smithi107.stderr:/usr/bin/ceph:
2024-01-21T07:28:38.127+0000 7f4a4affd700 1 --2- >> [v2:172.21.15.107:3300/0,v1:172.21.15.107:6789/0] conn(0x7f4a4c0703b0 0x7f4a4c0fc3e0 unknown :-1 s=BANNER_CONNECTING pgs=0 cs=0 l=1 rev1=0 rx=0 tx=0)._handle_peer_banner_payload supported=1 required=0
2024-01-21T07:28:38.132 INFO:teuthology.orchestra.run.smithi107.stderr:/usr/bin/ceph:
2024-01-21T07:28:38.127+0000 7f4a4affd700 1 --2- >> [v2:172.21.15.107:3300/0,v1:172.21.15.107:6789/0] conn(0x7f4a4c0703b0 0x7f4a4c0fc3e0 unknown :-1 s=HELLO_CONNECTING pgs=0 cs=0 l=1 rev1=1 rx=0 tx=0).handle_hello peer v2:172.21.15.107:3300/0 says I am v2:172.21.15.107:41738/0 (socket says 172.21.15.107:41738)
2024-01-21T07:28:38.132 INFO:teuthology.orchestra.run.smithi107.stderr:/usr/bin/ceph:
2024-01-21T07:28:38.127+0000 7f4a4affd700 1 -- 172.21.15.107:0/2655338158 learned_addr learned my addr 172.21.15.107:0/2655338158 (peer_addr_for_me v2:172.21.15.107:0/0)
2024-01-21T07:28:38.132 INFO:teuthology.orchestra.run.smithi107.stderr:/usr/bin/ceph:
2024-01-21T07:28:38.127+0000 7f4a4affd700 1 -- 172.21.15.107:0/2655338158 --> [v2:172.21.15.107:3300/0,v1:172.21.15.107:6789/0] -- mon_subscribe({config=0+,monmap=0+}) v3 -- 0x7f4a4000b200 con 0x7f4a4c0703b0
2024-01-21T07:28:38.132 INFO:teuthology.orchestra.run.smithi107.stderr:/usr/bin/ceph:
2024-01-21T07:28:38.127+0000 7f4a4affd700 1 --2- 172.21.15.107:0/2655338158 >> [v2:172.21.15.107:3300/0,v1:172.21.15.107:6789/0] conn(0x7f4a4c0703b0 0x7f4a4c0fc3e0 secure :-1 s=READY pgs=30 cs=0 l=1 rev1=1 rx=0x7f4a4000b190 tx=0x7f4a40006ee0).ready entity=mon.0 client_cookie=0 server_cookie=0 in_seq=0 out_seq=0
2024-01-21T07:28:38.132 INFO:teuthology.orchestra.run.smithi107.stderr:/usr/bin/ceph:
2024-01-21T07:28:38.127+0000 7f4a337fe700 1 -- 172.21.15.107:0/2655338158 <== mon.0 v2:172.21.15.107:3300/0 1 ==== mon_map magic: 0 v1 ==== 229+0+0 (secure 0 0 0) 0x7f4a4001b410 con 0x7f4a4c0703b0
2024-01-21T07:28:38.132 INFO:teuthology.orchestra.run.smithi107.stderr:/usr/bin/ceph:
2024-01-21T07:28:38.127+0000 7f4a51393700 1 -- 172.21.15.107:0/2655338158 --> [v2:172.21.15.107:3300/0,v1:172.21.15.107:6789/0] -- mon_subscribe({mgrmap=0+}) v3 -- 0x7f4a4c0faa00 con 0x7f4a4c0703b0
2024-01-21T07:28:38.132 INFO:teuthology.orchestra.run.smithi107.stderr:/usr/bin/ceph:
2024-01-21T07:28:38.127+0000 7f4a337fe700 1 -- 172.21.15.107:0/2655338158 <== mon.0 v2:172.21.15.107:3300/0 2 ==== config(25 keys) v1 ==== 1010+0+0 (secure 0 0 0) 0x7f4a4001b9e0 con 0x7f4a4c0703b0
2024-01-21T07:28:38.133 INFO:teuthology.orchestra.run.smithi107.stderr:/usr/bin/ceph:
2024-01-21T07:28:38.127+0000 7f4a337fe700 1 -- 172.21.15.107:0/2655338158 <== mon.0 v2:172.21.15.107:3300/0 3 ==== mon_map magic: 0 v1 ==== 229+0+0 (secure 0 0 0) 0x7f4a4001a8f0 con 0x7f4a4c0703b0
2024-01-21T07:28:38.133 INFO:teuthology.orchestra.run.smithi107.stderr:/usr/bin/ceph:
2024-01-21T07:28:38.127+0000 7f4a51393700 1 -- 172.21.15.107:0/2655338158 --> [v2:172.21.15.107:3300/0,v1:172.21.15.107:6789/0] -- mon_subscribe({osdmap=0}) v3 -- 0x7f4a4c0fae10 con 0x7f4a4c0703b0
2024-01-21T07:28:38.133 INFO:teuthology.orchestra.run.smithi107.stderr:/usr/bin/ceph:
2024-01-21T07:28:38.128+0000 7f4a337fe700 1 -- 172.21.15.107:0/2655338158 <== mon.0 v2:172.21.15.107:3300/0 4 ==== mgrmap(e 7) v1 ==== 36120+0+0 (secure 0 0 0) 0x7f4a4000f070 con 0x7f4a4c0703b0
2024-01-21T07:28:38.133 INFO:teuthology.orchestra.run.smithi107.stderr:/usr/bin/ceph:
2024-01-21T07:28:38.128+0000 7f4a51393700 1 -- 172.21.15.107:0/2655338158 --> [v2:172.21.15.107:3300/0,v1:172.21.15.107:6789/0] -- mon_command({"prefix": "get_command_descriptions"} v 0) v1 -- 0x7f4a4c045ad0 con 0x7f4a4c0703b0
2024-01-21T07:28:38.134 INFO:teuthology.orchestra.run.smithi107.stderr:/usr/bin/ceph:
2024-01-21T07:28:38.128+0000 7f4a337fe700 1 --2- 172.21.15.107:0/2655338158 >> [v2:172.21.15.107:6800/1859130614,v1:172.21.15.107:6801/1859130614] conn(0x7f4a3802fd50 0x7f4a38032210 unknown :-1 s=NONE pgs=0 cs=0 l=1 rev1=0 rx=0 tx=0).connect
2024-01-21T07:28:38.134 INFO:teuthology.orchestra.run.smithi107.stderr:/usr/bin/ceph:
2024-01-21T07:28:38.128+0000 7f4a337fe700 1 -- 172.21.15.107:0/2655338158 <== mon.0 v2:172.21.15.107:3300/0 5 ==== osd_map(2..2 src has 1..2) v4 ==== 926+0+0 (secure 0 0 0) 0x7f4a40041370 con 0x7f4a4c0703b0
2024-01-21T07:28:38.134 INFO:teuthology.orchestra.run.smithi107.stderr:/usr/bin/ceph:
2024-01-21T07:28:38.128+0000 7f4a4a7fc700 1 --2- 172.21.15.107:0/2655338158 >> [v2:172.21.15.107:6800/1859130614,v1:172.21.15.107:6801/1859130614] conn(0x7f4a3802fd50 0x7f4a38032210 unknown :-1 s=BANNER_CONNECTING pgs=0 cs=0 l=1 rev1=0 rx=0 tx=0)._handle_peer_banner_payload supported=1 required=0
2024-01-21T07:28:38.134 INFO:teuthology.orchestra.run.smithi107.stderr:/usr/bin/ceph:
2024-01-21T07:28:38.129+0000 7f4a4a7fc700 1 --2- 172.21.15.107:0/2655338158 >> [v2:172.21.15.107:6800/1859130614,v1:172.21.15.107:6801/1859130614] conn(0x7f4a3802fd50 0x7f4a38032210 secure :-1 s=READY pgs=6 cs=0 l=1 rev1=1 rx=0x7f4a3c0096a0 tx=0x7f4a3c006b40).ready entity=mgr.14114 client_cookie=0 server_cookie=0 in_seq=0 out_seq=0
2024-01-21T07:28:38.134 INFO:teuthology.orchestra.run.smithi107.stderr:/usr/bin/ceph:
2024-01-21T07:28:38.132+0000 7f4a337fe700 1 -- 172.21.15.107:0/2655338158 <== mon.0 v2:172.21.15.107:3300/0 6 ==== mon_command_ack([{"prefix": "get_command_descriptions"}]=0 v0) v1 ==== 72+0+152212 (secure 0 0 0) 0x7f4a400224f0 con 0x7f4a4c0703b0
2024-01-21T07:28:38.312 INFO:teuthology.orchestra.run.smithi107.stderr:/usr/bin/ceph:
2024-01-21T07:28:38.310+0000 7f4a51393700 1 -- 172.21.15.107:0/2655338158 --> [v2:172.21.15.107:6800/1859130614,v1:172.21.15.107:6801/1859130614] -- mgr_command(tid 0: {"prefix": "orch set backend", "module_name": "cephadm", "target": ["mon-mgr", ""]}) v1 -- 0x7f4a4c0ffcc0 con 0x7f4a3802fd50
2024-01-21T07:28:38.315 INFO:journalctl@ceph.mon.smithi107.smithi107.stdout:Jan 21 07:28:37 smithi107 ceph-962f5a9a-b82e-11ee-95b0-87774f69a715-mon.smithi107[38761]: audit
2024-01-21T07:28:36.936788+0000 mgr.smithi107.adejht (mgr.14114) 1 : audit [DBG] from='client.14118 -' entity='client.admin' cmd=[{"prefix": "get_command_descriptions"}]: dispatch
2024-01-21T07:28:38.315 INFO:journalctl@ceph.mon.smithi107.smithi107.stdout:Jan 21 07:28:37 smithi107 ceph-962f5a9a-b82e-11ee-95b0-87774f69a715-mon.smithi107[38761]: cluster
2024-01-21T07:28:36.937367+0000 mon.smithi107 (mon.0) 47 : cluster [DBG] mgrmap e6: smithi107.adejht(active, since 1.06103s)
2024-01-21T07:28:38.315 INFO:journalctl@ceph.mon.smithi107.smithi107.stdout:Jan 21 07:28:37 smithi107 ceph-962f5a9a-b82e-11ee-95b0-87774f69a715-mon.smithi107[38761]: audit
2024-01-21T07:28:36.945688+0000 mgr.smithi107.adejht (mgr.14114) 2 : audit [DBG] from='client.14118 -' entity='client.admin' cmd=[{"prefix": "mgr_status"}]: dispatch
2024-01-21T07:28:38.317 INFO:teuthology.orchestra.run.smithi107.stderr:/usr/bin/ceph:
2024-01-21T07:28:38.315+0000 7f4a337fe700 1 -- 172.21.15.107:0/2655338158 <== mgr.14114 v2:172.21.15.107:6800/1859130614 1 ==== mgr_command_reply(tid 0: 0 ) v1 ==== 8+0+0 (secure 0 0 0) 0x7f4a4c0ffcc0 con 0x7f4a3802fd50
2024-01-21T07:28:38.319 INFO:teuthology.orchestra.run.smithi107.stderr:/usr/bin/ceph:
2024-01-21T07:28:38.317+0000 7f4a51393700 1 -- 172.21.15.107:0/2655338158 >> [v2:172.21.15.107:6800/1859130614,v1:172.21.15.107:6801/1859130614] conn(0x7f4a3802fd50 msgr2=0x7f4a38032210 secure :-1 s=STATE_CONNECTION_ESTABLISHED l=1).mark_down
2024-01-21T07:28:38.319 INFO:teuthology.orchestra.run.smithi107.stderr:/usr/bin/ceph:
2024-01-21T07:28:38.317+0000 7f4a51393700 1 --2- 172.21.15.107:0/2655338158 >> [v2:172.21.15.107:6800/1859130614,v1:172.21.15.107:6801/1859130614] conn(0x7f4a3802fd50 0x7f4a38032210 secure :-1 s=READY pgs=6 cs=0 l=1 rev1=1 rx=0x7f4a3c0096a0 tx=0x7f4a3c006b40).stop
2024-01-21T07:28:38.319 INFO:teuthology.orchestra.run.smithi107.stderr:/usr/bin/ceph:
2024-01-21T07:28:38.317+0000 7f4a51393700 1 -- 172.21.15.107:0/2655338158 >> [v2:172.21.15.107:3300/0,v1:172.21.15.107:6789/0] conn(0x7f4a4c0703b0 msgr2=0x7f4a4c0fc3e0 secure :-1 s=STATE_CONNECTION_ESTABLISHED l=1).mark_down
2024-01-21T07:28:38.319 INFO:teuthology.orchestra.run.smithi107.stderr:/usr/bin/ceph:
2024-01-21T07:28:38.317+0000 7f4a51393700 1 --2- 172.21.15.107:0/2655338158 >> [v2:172.21.15.107:3300/0,v1:172.21.15.107:6789/0] conn(0x7f4a4c0703b0 0x7f4a4c0fc3e0 secure :-1 s=READY pgs=30 cs=0 l=1 rev1=1 rx=0x7f4a4000b190 tx=0x7f4a40006ee0).stop
2024-01-21T07:28:38.320 INFO:teuthology.orchestra.run.smithi107.stderr:/usr/bin/ceph:
2024-01-21T07:28:38.317+0000 7f4a51393700 1 -- 172.21.15.107:0/2655338158 shutdown_connections
2024-01-21T07:28:38.320 INFO:teuthology.orchestra.run.smithi107.stderr:/usr/bin/ceph:
2024-01-21T07:28:38.317+0000 7f4a51393700 1 --2- 172.21.15.107:0/2655338158 >> [v2:172.21.15.107:6800/1859130614,v1:172.21.15.107:6801/1859130614] conn(0x7f4a3802fd50 0x7f4a38032210 unknown :-1 s=CLOSED pgs=6 cs=0 l=1 rev1=1 rx=0 tx=0).stop
2024-01-21T07:28:38.320 INFO:teuthology.orchestra.run.smithi107.stderr:/usr/bin/ceph:
2024-01-21T07:28:38.317+0000 7f4a51393700 1 --2- 172.21.15.107:0/2655338158 >> [v2:172.21.15.107:3300/0,v1:172.21.15.107:6789/0] conn(0x7f4a4c0703b0 0x7f4a4c0fc3e0 unknown :-1 s=CLOSED pgs=30 cs=0 l=1 rev1=1 rx=0 tx=0).stop
2024-01-21T07:28:38.320 INFO:teuthology.orchestra.run.smithi107.stderr:/usr/bin/ceph:
2024-01-21T07:28:38.317+0000 7f4a51393700 1 -- 172.21.15.107:0/2655338158 >> 172.21.15.107:0/2655338158 conn(0x7f4a4c0f63c0 msgr2=0x7f4a4c0f7e90 unknown :-1 s=STATE_NONE l=0).mark_down
2024-01-21T07:28:38.320 INFO:teuthology.orchestra.run.smithi107.stderr:/usr/bin/ceph:
2024-01-21T07:28:38.317+0000 7f4a51393700 1 -- 172.21.15.107:0/2655338158 shutdown_connections
2024-01-21T07:28:38.320 INFO:teuthology.orchestra.run.smithi107.stderr:/usr/bin/ceph:
2024-01-21T07:28:38.317+0000 7f4a51393700 1 -- 172.21.15.107:0/2655338158 wait complete.
2024-01-21T07:28:38.672 INFO:teuthology.orchestra.run.smithi107.stderr:Running command: /bin/podman run --rm --ipc=host --no-hosts --net=host --entrypoint /usr/bin/ceph --init -e CONTAINER_IMAGE=docker.io/ceph/ceph:v16.2.4 -e NODE_NAME=smithi107 -e CEPH_USE_RANDOM_NONCE=1 -v /var/log/ceph/962f5a9a-b82e-11ee-95b0-87774f69a715:/var/log/ceph:z -v /tmp/ceph-tmp9v9j9ro4:/etc/ceph/ceph.client.admin.keyring:z -v /tmp/ceph-tmpcnfa6skr:/etc/ceph/ceph.conf:z docker.io/ceph/ceph:v16.2.4 cephadm set-user root
2024-01-21T07:28:38.991 INFO:teuthology.orchestra.run.smithi107.stderr:/usr/bin/ceph:
2024-01-21T07:28:38.986+0000 7f3cb6c94700 1 Processor -- start
2024-01-21T07:28:38.991 INFO:teuthology.orchestra.run.smithi107.stderr:/usr/bin/ceph:
2024-01-21T07:28:38.986+0000 7f3cb6c94700 1 -- start start
2024-01-21T07:28:38.991 INFO:teuthology.orchestra.run.smithi107.stderr:/usr/bin/ceph:
2024-01-21T07:28:38.986+0000 7f3cb6c94700 1 --2- >> [v2:172.21.15.107:3300/0,v1:172.21.15.107:6789/0] conn(0x7f3cb00703f0 0x7f3cb00fe920 unknown :-1 s=NONE pgs=0 cs=0 l=0 rev1=0 rx=0 tx=0).connect
2024-01-21T07:28:38.992 INFO:teuthology.orchestra.run.smithi107.stderr:/usr/bin/ceph:
2024-01-21T07:28:38.986+0000 7f3cb6c94700 1 -- --> [v2:172.21.15.107:3300/0,v1:172.21.15.107:6789/0] -- mon_getmap magic: 0 v1 -- 0x7f3cb00fee10 con 0x7f3cb00703f0
2024-01-21T07:28:38.992 INFO:teuthology.orchestra.run.smithi107.stderr:/usr/bin/ceph:
2024-01-21T07:28:38.987+0000 7f3cb4a30700 1 --2- >> [v2:172.21.15.107:3300/0,v1:172.21.15.107:6789/0] conn(0x7f3cb00703f0 0x7f3cb00fe920 unknown :-1 s=BANNER_CONNECTING pgs=0 cs=0 l=0 rev1=0 rx=0 tx=0)._handle_peer_banner_payload supported=1 required=0
2024-01-21T07:28:38.992 INFO:teuthology.orchestra.run.smithi107.stderr:/usr/bin/ceph:
2024-01-21T07:28:38.987+0000 7f3cb4a30700 1 --2- >> [v2:172.21.15.107:3300/0,v1:172.21.15.107:6789/0] conn(0x7f3cb00703f0 0x7f3cb00fe920 unknown :-1 s=HELLO_CONNECTING pgs=0 cs=0 l=0 rev1=1 rx=0 tx=0).handle_hello peer v2:172.21.15.107:3300/0 says I am v2:172.21.15.107:41748/0 (socket says 172.21.15.107:41748)
2024-01-21T07:28:38.992 INFO:teuthology.orchestra.run.smithi107.stderr:/usr/bin/ceph:
2024-01-21T07:28:38.987+0000 7f3cb4a30700 1 -- 172.21.15.107:0/1352794520 learned_addr learned my addr 172.21.15.107:0/1352794520 (peer_addr_for_me v2:172.21.15.107:0/0)
2024-01-21T07:28:38.992 INFO:teuthology.orchestra.run.smithi107.stderr:/usr/bin/ceph:
2024-01-21T07:28:38.987+0000 7f3cb4a30700 1 -- 172.21.15.107:0/1352794520 --> [v2:172.21.15.107:3300/0,v1:172.21.15.107:6789/0] -- mon_subscribe({config=0+,monmap=0+}) v3 -- 0x7f3cb00fef50 con 0x7f3cb00703f0
2024-01-21T07:28:38.992 INFO:teuthology.orchestra.run.smithi107.stderr:/usr/bin/ceph:
2024-01-21T07:28:38.987+0000 7f3cb4a30700 1 --2- 172.21.15.107:0/1352794520 >> [v2:172.21.15.107:3300/0,v1:172.21.15.107:6789/0] conn(0x7f3cb00703f0 0x7f3cb00fe920 secure :-1 s=READY pgs=31 cs=0 l=1 rev1=1 rx=0x7f3ca400b5f0 tx=0x7f3ca4006ee0).ready entity=mon.0 client_cookie=3656127e4058cf1a server_cookie=0 in_seq=0 out_seq=0
2024-01-21T07:28:38.992 INFO:teuthology.orchestra.run.smithi107.stderr:/usr/bin/ceph:
2024-01-21T07:28:38.987+0000 7f3caf7fe700 1 -- 172.21.15.107:0/1352794520 <== mon.0 v2:172.21.15.107:3300/0 1 ==== mon_map magic: 0 v1 ==== 229+0+0 (secure 0 0 0) 0x7f3ca400d600 con 0x7f3cb00703f0
2024-01-21T07:28:38.992 INFO:teuthology.orchestra.run.smithi107.stderr:/usr/bin/ceph:
2024-01-21T07:28:38.987+0000 7f3caf7fe700 1 -- 172.21.15.107:0/1352794520 <== mon.0 v2:172.21.15.107:3300/0 2 ==== config(25 keys) v1 ==== 1010+0+0 (secure 0 0 0) 0x7f3ca400dbd0 con 0x7f3cb00703f0
2024-01-21T07:28:38.992 INFO:teuthology.orchestra.run.smithi107.stderr:/usr/bin/ceph:
2024-01-21T07:28:38.987+0000 7f3caf7fe700 1 -- 172.21.15.107:0/1352794520 <== mon.0 v2:172.21.15.107:3300/0 3 ==== mon_map magic: 0 v1 ==== 229+0+0 (secure 0 0 0) 0x7f3ca4011c00 con 0x7f3cb00703f0
2024-01-21T07:28:38.992 INFO:teuthology.orchestra.run.smithi107.stderr:/usr/bin/ceph:
2024-01-21T07:28:38.988+0000 7f3cb6c94700 1 -- 172.21.15.107:0/1352794520 >> [v2:172.21.15.107:3300/0,v1:172.21.15.107:6789/0] conn(0x7f3cb00703f0 msgr2=0x7f3cb00fe920 secure :-1 s=STATE_CONNECTION_ESTABLISHED l=1).mark_down
2024-01-21T07:28:38.992 INFO:teuthology.orchestra.run.smithi107.stderr:/usr/bin/ceph:
2024-01-21T07:28:38.988+0000 7f3cb6c94700 1 --2- 172.21.15.107:0/1352794520 >> [v2:172.21.15.107:3300/0,v1:172.21.15.107:6789/0] conn(0x7f3cb00703f0 0x7f3cb00fe920 secure :-1 s=READY pgs=31 cs=0 l=1 rev1=1 rx=0x7f3ca400b5f0 tx=0x7f3ca4006ee0).stop
2024-01-21T07:28:38.992 INFO:teuthology.orchestra.run.smithi107.stderr:/usr/bin/ceph:
2024-01-21T07:28:38.988+0000 7f3cb6c94700 1 -- 172.21.15.107:0/1352794520 shutdown_connections
2024-01-21T07:28:38.992 INFO:teuthology.orchestra.run.smithi107.stderr:/usr/bin/ceph:
2024-01-21T07:28:38.988+0000 7f3cb6c94700 1 --2- 172.21.15.107:0/1352794520 >> [v2:172.21.15.107:3300/0,v1:172.21.15.107:6789/0] conn(0x7f3cb00703f0 0x7f3cb00fe920 unknown :-1 s=CLOSED pgs=31 cs=0 l=1 rev1=1 rx=0 tx=0).stop
2024-01-21T07:28:38.992 INFO:teuthology.orchestra.run.smithi107.stderr:/usr/bin/ceph:
2024-01-21T07:28:38.988+0000 7f3cb6c94700 1 -- 172.21.15.107:0/1352794520 >> 172.21.15.107:0/1352794520 conn(0x7f3cb00f63c0 msgr2=0x7f3cb00f87e0 unknown :-1 s=STATE_NONE l=0).mark_down
2024-01-21T07:28:38.993 INFO:teuthology.orchestra.run.smithi107.stderr:/usr/bin/ceph:
2024-01-21T07:28:38.988+0000 7f3cb6c94700 1 -- 172.21.15.107:0/1352794520 shutdown_connections
2024-01-21T07:28:38.993 INFO:teuthology.orchestra.run.smithi107.stderr:/usr/bin/ceph:
2024-01-21T07:28:38.988+0000 7f3cb6c94700 1 -- 172.21.15.107:0/1352794520 wait complete.
2024-01-21T07:28:38.993 INFO:teuthology.orchestra.run.smithi107.stderr:/usr/bin/ceph:
2024-01-21T07:28:38.988+0000 7f3cb6c94700 1 Processor -- start
2024-01-21T07:28:38.993 INFO:teuthology.orchestra.run.smithi107.stderr:/usr/bin/ceph:
2024-01-21T07:28:38.988+0000 7f3cb6c94700 1 -- start start
2024-01-21T07:28:38.993 INFO:teuthology.orchestra.run.smithi107.stderr:/usr/bin/ceph:
2024-01-21T07:28:38.989+0000 7f3cb6c94700 1 --2- >> [v2:172.21.15.107:3300/0,v1:172.21.15.107:6789/0] conn(0x7f3cb00703f0 0x7f3cb010aa50 unknown :-1 s=NONE pgs=0 cs=0 l=1 rev1=0 rx=0 tx=0).connect
2024-01-21T07:28:38.993 INFO:teuthology.orchestra.run.smithi107.stderr:/usr/bin/ceph:
2024-01-21T07:28:38.989+0000 7f3cb6c94700 1 -- --> [v2:172.21.15.107:3300/0,v1:172.21.15.107:6789/0] -- mon_getmap magic: 0 v1 -- 0x7f3cb010af40 con 0x7f3cb00703f0
2024-01-21T07:28:38.993 INFO:teuthology.orchestra.run.smithi107.stderr:/usr/bin/ceph:
2024-01-21T07:28:38.989+0000 7f3cb4a30700 1 --2- >> [v2:172.21.15.107:3300/0,v1:172.21.15.107:6789/0] conn(0x7f3cb00703f0 0x7f3cb010aa50 unknown :-1 s=BANNER_CONNECTING pgs=0 cs=0 l=1 rev1=0 rx=0 tx=0)._handle_peer_banner_payload supported=1 required=0
2024-01-21T07:28:38.993 INFO:teuthology.orchestra.run.smithi107.stderr:/usr/bin/ceph:
2024-01-21T07:28:38.989+0000 7f3cb4a30700 1 --2- >> [v2:172.21.15.107:3300/0,v1:172.21.15.107:6789/0] conn(0x7f3cb00703f0 0x7f3cb010aa50 unknown :-1 s=HELLO_CONNECTING pgs=0 cs=0 l=1 rev1=1 rx=0 tx=0).handle_hello peer v2:172.21.15.107:3300/0 says I am v2:172.21.15.107:41762/0 (socket says 172.21.15.107:41762)
2024-01-21T07:28:38.993 INFO:teuthology.orchestra.run.smithi107.stderr:/usr/bin/ceph:
2024-01-21T07:28:38.989+0000 7f3cb4a30700 1 -- 172.21.15.107:0/3515569629 learned_addr learned my addr 172.21.15.107:0/3515569629 (peer_addr_for_me v2:172.21.15.107:0/0)
2024-01-21T07:28:38.994 INFO:teuthology.orchestra.run.smithi107.stderr:/usr/bin/ceph:
2024-01-21T07:28:38.989+0000 7f3cb4a30700 1 -- 172.21.15.107:0/3515569629 --> [v2:172.21.15.107:3300/0,v1:172.21.15.107:6789/0] -- mon_subscribe({config=0+,monmap=0+}) v3 -- 0x7f3ca400b200 con 0x7f3cb00703f0
2024-01-21T07:28:38.994 INFO:teuthology.orchestra.run.smithi107.stderr:/usr/bin/ceph:
2024-01-21T07:28:38.989+0000 7f3cb4a30700 1 --2- 172.21.15.107:0/3515569629 >> [v2:172.21.15.107:3300/0,v1:172.21.15.107:6789/0] conn(0x7f3cb00703f0 0x7f3cb010aa50 secure :-1 s=READY pgs=32 cs=0 l=1 rev1=1 rx=0x7f3ca400e040 tx=0x7f3ca4006ee0).ready entity=mon.0 client_cookie=0 server_cookie=0 in_seq=0 out_seq=0
2024-01-21T07:28:38.994 INFO:teuthology.orchestra.run.smithi107.stderr:/usr/bin/ceph:
2024-01-21T07:28:38.989+0000 7f3cad7fa700 1 -- 172.21.15.107:0/3515569629 <== mon.0 v2:172.21.15.107:3300/0 1 ==== mon_map magic: 0 v1 ==== 229+0+0 (secure 0 0 0) 0x7f3ca400d9f0 con 0x7f3cb00703f0
2024-01-21T07:28:38.994 INFO:teuthology.orchestra.run.smithi107.stderr:/usr/bin/ceph:
2024-01-21T07:28:38.989+0000 7f3cad7fa700 1 -- 172.21.15.107:0/3515569629 <== mon.0 v2:172.21.15.107:3300/0 2 ==== config(25 keys) v1 ==== 1010+0+0 (secure 0 0 0) 0x7f3ca401a9f0 con 0x7f3cb00703f0
2024-01-21T07:28:38.994 INFO:teuthology.orchestra.run.smithi107.stderr:/usr/bin/ceph:
2024-01-21T07:28:38.989+0000 7f3cb6c94700 1 -- 172.21.15.107:0/3515569629 --> [v2:172.21.15.107:3300/0,v1:172.21.15.107:6789/0] -- mon_subscribe({mgrmap=0+}) v3 -- 0x7f3cb010b140 con 0x7f3cb00703f0
2024-01-21T07:28:38.995 INFO:teuthology.orchestra.run.smithi107.stderr:/usr/bin/ceph:
2024-01-21T07:28:38.989+0000 7f3cad7fa700 1 -- 172.21.15.107:0/3515569629 <== mon.0 v2:172.21.15.107:3300/0 3 ==== mon_map magic: 0 v1 ==== 229+0+0 (secure 0 0 0) 0x7f3ca401b8c0 con 0x7f3cb00703f0
2024-01-21T07:28:38.995 INFO:teuthology.orchestra.run.smithi107.stderr:/usr/bin/ceph:
2024-01-21T07:28:38.989+0000 7f3cb6c94700 1 -- 172.21.15.107:0/3515569629 --> [v2:172.21.15.107:3300/0,v1:172.21.15.107:6789/0] -- mon_subscribe({osdmap=0}) v3 -- 0x7f3cb010b550 con 0x7f3cb00703f0
2024-01-21T07:28:38.995 INFO:teuthology.orchestra.run.smithi107.stderr:/usr/bin/ceph:
2024-01-21T07:28:38.990+0000 7f3cad7fa700 1 -- 172.21.15.107:0/3515569629 <== mon.0 v2:172.21.15.107:3300/0 4 ==== mgrmap(e 7) v1 ==== 36120+0+0 (secure 0 0 0) 0x7f3ca400f070 con 0x7f3cb00703f0
2024-01-21T07:28:38.995 INFO:teuthology.orchestra.run.smithi107.stderr:/usr/bin/ceph:
2024-01-21T07:28:38.990+0000 7f3cad7fa700 1 --2- 172.21.15.107:0/3515569629 >> [v2:172.21.15.107:6800/1859130614,v1:172.21.15.107:6801/1859130614] conn(0x7f3c9402fdb0 0x7f3c94032270 unknown :-1 s=NONE pgs=0 cs=0 l=1 rev1=0 rx=0 tx=0).connect
2024-01-21T07:28:38.995 INFO:teuthology.orchestra.run.smithi107.stderr:/usr/bin/ceph:
2024-01-21T07:28:38.990+0000 7f3cad7fa700 1 -- 172.21.15.107:0/3515569629 <== mon.0 v2:172.21.15.107:3300/0 5 ==== osd_map(2..2 src has 1..2) v4 ==== 926+0+0 (secure 0 0 0) 0x7f3ca40412c0 con 0x7f3cb00703f0
2024-01-21T07:28:38.995 INFO:teuthology.orchestra.run.smithi107.stderr:/usr/bin/ceph:
2024-01-21T07:28:38.990+0000 7f3cb6c94700 1 -- 172.21.15.107:0/3515569629 --> [v2:172.21.15.107:3300/0,v1:172.21.15.107:6789/0] -- mon_command({"prefix": "get_command_descriptions"} v 0) v1 -- 0x7f3cb0045ad0 con 0x7f3cb00703f0
2024-01-21T07:28:38.995 INFO:teuthology.orchestra.run.smithi107.stderr:/usr/bin/ceph:
2024-01-21T07:28:38.990+0000 7f3caffff700 1 --2- 172.21.15.107:0/3515569629 >> [v2:172.21.15.107:6800/1859130614,v1:172.21.15.107:6801/1859130614] conn(0x7f3c9402fdb0 0x7f3c94032270 unknown :-1 s=BANNER_CONNECTING pgs=0 cs=0 l=1 rev1=0 rx=0 tx=0)._handle_peer_banner_payload supported=1 required=0
2024-01-21T07:28:38.995 INFO:teuthology.orchestra.run.smithi107.stderr:/usr/bin/ceph:
2024-01-21T07:28:38.991+0000 7f3caffff700 1 --2- 172.21.15.107:0/3515569629 >> [v2:172.21.15.107:6800/1859130614,v1:172.21.15.107:6801/1859130614] conn(0x7f3c9402fdb0 0x7f3c94032270 secure :-1 s=READY pgs=7 cs=0 l=1 rev1=1 rx=0x7f3c9c0096a0 tx=0x7f3c9c006b40).ready entity=mgr.14114 client_cookie=0 server_cookie=0 in_seq=0 out_seq=0
2024-01-21T07:28:38.996 INFO:teuthology.orchestra.run.smithi107.stderr:/usr/bin/ceph:
2024-01-21T07:28:38.994+0000 7f3cad7fa700 1 -- 172.21.15.107:0/3515569629 <== mon.0 v2:172.21.15.107:3300/0 6 ==== mon_command_ack([{"prefix": "get_command_descriptions"}]=0 v0) v1 ==== 72+0+152212 (secure 0 0 0) 0x7f3ca4016070 con 0x7f3cb00703f0
2024-01-21T07:28:39.148 INFO:teuthology.orchestra.run.smithi107.stderr:/usr/bin/ceph:
2024-01-21T07:28:39.145+0000 7f3cb6c94700 1 -- 172.21.15.107:0/3515569629 --> [v2:172.21.15.107:6800/1859130614,v1:172.21.15.107:6801/1859130614] -- mgr_command(tid 0: {"prefix": "cephadm set-user", "user": "root", "target": ["mon-mgr", ""]}) v1 -- 0x7f3cb010bdc0 con 0x7f3c9402fdb0
2024-01-21T07:28:39.148 INFO:teuthology.orchestra.run.smithi107.stderr:/usr/bin/ceph:
2024-01-21T07:28:39.146+0000 7f3cad7fa700 1 -- 172.21.15.107:0/3515569629 <== mgr.14114 v2:172.21.15.107:6800/1859130614 1 ==== mgr_command_reply(tid 0: 0 ) v1 ==== 8+0+16 (secure 0 0 0) 0x7f3cb010bdc0 con 0x7f3c9402fdb0
2024-01-21T07:28:39.148 INFO:teuthology.orchestra.run.smithi107.stderr:/usr/bin/ceph: value unchanged
2024-01-21T07:28:39.150 INFO:teuthology.orchestra.run.smithi107.stderr:/usr/bin/ceph:
2024-01-21T07:28:39.147+0000 7f3cb6c94700 1 -- 172.21.15.107:0/3515569629 >> [v2:172.21.15.107:6800/1859130614,v1:172.21.15.107:6801/1859130614] conn(0x7f3c9402fdb0 msgr2=0x7f3c94032270 secure :-1 s=STATE_CONNECTION_ESTABLISHED l=1).mark_down
2024-01-21T07:28:39.150 INFO:teuthology.orchestra.run.smithi107.stderr:/usr/bin/ceph:
2024-01-21T07:28:39.147+0000 7f3cb6c94700 1 --2- 172.21.15.107:0/3515569629 >> [v2:172.21.15.107:6800/1859130614,v1:172.21.15.107:6801/1859130614] conn(0x7f3c9402fdb0 0x7f3c94032270 secure :-1 s=READY pgs=7 cs=0 l=1 rev1=1 rx=0x7f3c9c0096a0 tx=0x7f3c9c006b40).stop
2024-01-21T07:28:39.150 INFO:teuthology.orchestra.run.smithi107.stderr:/usr/bin/ceph:
2024-01-21T07:28:39.147+0000 7f3cb6c94700 1 -- 172.21.15.107:0/3515569629 >> [v2:172.21.15.107:3300/0,v1:172.21.15.107:6789/0] conn(0x7f3cb00703f0 msgr2=0x7f3cb010aa50 secure :-1 s=STATE_CONNECTION_ESTABLISHED l=1).mark_down
2024-01-21T07:28:39.151 INFO:teuthology.orchestra.run.smithi107.stderr:/usr/bin/ceph:
2024-01-21T07:28:39.147+0000 7f3cb6c94700 1 --2- 172.21.15.107:0/3515569629 >> [v2:172.21.15.107:3300/0,v1:172.21.15.107:6789/0] conn(0x7f3cb00703f0 0x7f3cb010aa50 secure :-1 s=READY pgs=32 cs=0 l=1 rev1=1 rx=0x7f3ca400e040 tx=0x7f3ca4006ee0).stop
2024-01-21T07:28:39.151 INFO:teuthology.orchestra.run.smithi107.stderr:/usr/bin/ceph:
2024-01-21T07:28:39.147+0000 7f3cb6c94700 1 -- 172.21.15.107:0/3515569629 shutdown_connections
2024-01-21T07:28:39.151 INFO:teuthology.orchestra.run.smithi107.stderr:/usr/bin/ceph:
2024-01-21T07:28:39.147+0000 7f3cb6c94700 1 --2- 172.21.15.107:0/3515569629 >> [v2:172.21.15.107:6800/1859130614,v1:172.21.15.107:6801/1859130614] conn(0x7f3c9402fdb0 0x7f3c94032270 unknown :-1 s=CLOSED pgs=7 cs=0 l=1 rev1=1 rx=0 tx=0).stop
2024-01-21T07:28:39.151 INFO:teuthology.orchestra.run.smithi107.stderr:/usr/bin/ceph:
2024-01-21T07:28:39.147+0000 7f3cb6c94700 1 --2- 172.21.15.107:0/3515569629 >> [v2:172.21.15.107:3300/0,v1:172.21.15.107:6789/0] conn(0x7f3cb00703f0 0x7f3cb010aa50 unknown :-1 s=CLOSED pgs=32 cs=0 l=1 rev1=1 rx=0 tx=0).stop
2024-01-21T07:28:39.151 INFO:teuthology.orchestra.run.smithi107.stderr:/usr/bin/ceph:
2024-01-21T07:28:39.147+0000 7f3cb6c94700 1 -- 172.21.15.107:0/3515569629 >> 172.21.15.107:0/3515569629 conn(0x7f3cb00f63c0 msgr2=0x7f3cb00f7f20 unknown :-1 s=STATE_NONE l=0).mark_down
2024-01-21T07:28:39.151 INFO:teuthology.orchestra.run.smithi107.stderr:/usr/bin/ceph:
2024-01-21T07:28:39.147+0000 7f3cb6c94700 1 -- 172.21.15.107:0/3515569629 shutdown_connections
2024-01-21T07:28:39.151 INFO:teuthology.orchestra.run.smithi107.stderr:/usr/bin/ceph:
2024-01-21T07:28:39.147+0000 7f3cb6c94700 1 -- 172.21.15.107:0/3515569629 wait complete.
2024-01-21T07:28:39.315 INFO:journalctl@ceph.mon.smithi107.smithi107.stdout:Jan 21 07:28:38 smithi107 ceph-962f5a9a-b82e-11ee-95b0-87774f69a715-mon.smithi107[38761]: cluster
2024-01-21T07:28:37.943926+0000 mon.smithi107 (mon.0) 48 : cluster [DBG] mgrmap e7: smithi107.adejht(active, since 2s)
2024-01-21T07:28:39.315 INFO:journalctl@ceph.mon.smithi107.smithi107.stdout:Jan 21 07:28:38 smithi107 ceph-962f5a9a-b82e-11ee-95b0-87774f69a715-mon.smithi107[38761]: audit
2024-01-21T07:28:38.316144+0000 mon.smithi107 (mon.0) 49 : audit [INF] from='mgr.14114 172.21.15.107:0/4020153640' entity='mgr.smithi107.adejht'
2024-01-21T07:28:39.315 INFO:journalctl@ceph.mon.smithi107.smithi107.stdout:Jan 21 07:28:38 smithi107 ceph-962f5a9a-b82e-11ee-95b0-87774f69a715-mon.smithi107[38761]: audit
2024-01-21T07:28:38.319393+0000 mon.smithi107 (mon.0) 50 : audit [DBG] from='mgr.14114 172.21.15.107:0/4020153640' entity='mgr.smithi107.adejht' cmd=[{"prefix": "config dump", "format": "json"}]: dispatch
2024-01-21T07:28:39.521 INFO:teuthology.orchestra.run.smithi107.stderr:Generating ssh key...
2024-01-21T07:28:39.522 INFO:teuthology.orchestra.run.smithi107.stderr:Running command: /bin/podman run --rm --ipc=host --no-hosts --net=host --entrypoint /usr/bin/ceph --init -e CONTAINER_IMAGE=docker.io/ceph/ceph:v16.2.4 -e NODE_NAME=smithi107 -e CEPH_USE_RANDOM_NONCE=1 -v /var/log/ceph/962f5a9a-b82e-11ee-95b0-87774f69a715:/var/log/ceph:z -v /tmp/ceph-tmp9v9j9ro4:/etc/ceph/ceph.client.admin.keyring:z -v /tmp/ceph-tmpcnfa6skr:/etc/ceph/ceph.conf:z docker.io/ceph/ceph:v16.2.4 cephadm generate-key
2024-01-21T07:28:39.889 INFO:teuthology.orchestra.run.smithi107.stderr:/usr/bin/ceph:
2024-01-21T07:28:39.884+0000 7f3bf637d700 1 Processor -- start
2024-01-21T07:28:39.889 INFO:teuthology.orchestra.run.smithi107.stderr:/usr/bin/ceph:
2024-01-21T07:28:39.884+0000 7f3bf637d700 1 -- start start
2024-01-21T07:28:39.889 INFO:teuthology.orchestra.run.smithi107.stderr:/usr/bin/ceph:
2024-01-21T07:28:39.884+0000 7f3bf637d700 1 --2- >> [v2:172.21.15.107:3300/0,v1:172.21.15.107:6789/0] conn(0x7f3bf00fab80 0x7f3bf00fafa0 unknown :-1 s=NONE pgs=0 cs=0 l=0 rev1=0 rx=0 tx=0).connect
2024-01-21T07:28:39.890 INFO:teuthology.orchestra.run.smithi107.stderr:/usr/bin/ceph:
2024-01-21T07:28:39.884+0000 7f3bf637d700 1 -- --> [v2:172.21.15.107:3300/0,v1:172.21.15.107:6789/0] -- mon_getmap magic: 0 v1 -- 0x7f3bf00fb490 con 0x7f3bf00fab80
2024-01-21T07:28:39.890 INFO:teuthology.orchestra.run.smithi107.stderr:/usr/bin/ceph:
2024-01-21T07:28:39.885+0000 7f3beffff700 1 --2- >> [v2:172.21.15.107:3300/0,v1:172.21.15.107:6789/0] conn(0x7f3bf00fab80 0x7f3bf00fafa0 unknown :-1 s=BANNER_CONNECTING pgs=0 cs=0 l=0 rev1=0 rx=0 tx=0)._handle_peer_banner_payload supported=1 required=0
2024-01-21T07:28:39.890 INFO:teuthology.orchestra.run.smithi107.stderr:/usr/bin/ceph:
2024-01-21T07:28:39.885+0000 7f3beffff700 1 --2- >> [v2:172.21.15.107:3300/0,v1:172.21.15.107:6789/0] conn(0x7f3bf00fab80 0x7f3bf00fafa0 unknown :-1 s=HELLO_CONNECTING pgs=0 cs=0 l=0 rev1=1 rx=0 tx=0).handle_hello peer v2:172.21.15.107:3300/0 says I am v2:172.21.15.107:48476/0 (socket says 172.21.15.107:48476)
2024-01-21T07:28:39.890 INFO:teuthology.orchestra.run.smithi107.stderr:/usr/bin/ceph:
2024-01-21T07:28:39.885+0000 7f3beffff700 1 -- 172.21.15.107:0/2672334776 learned_addr learned my addr 172.21.15.107:0/2672334776 (peer_addr_for_me v2:172.21.15.107:0/0)
2024-01-21T07:28:39.890 INFO:teuthology.orchestra.run.smithi107.stderr:/usr/bin/ceph:
2024-01-21T07:28:39.885+0000 7f3beffff700 1 -- 172.21.15.107:0/2672334776 --> [v2:172.21.15.107:3300/0,v1:172.21.15.107:6789/0] -- mon_subscribe({config=0+,monmap=0+}) v3 -- 0x7f3bf00fb5d0 con 0x7f3bf00fab80
2024-01-21T07:28:39.890 INFO:teuthology.orchestra.run.smithi107.stderr:/usr/bin/ceph:
2024-01-21T07:28:39.885+0000 7f3beffff700 1 --2- 172.21.15.107:0/2672334776 >> [v2:172.21.15.107:3300/0,v1:172.21.15.107:6789/0] conn(0x7f3bf00fab80 0x7f3bf00fafa0 secure :-1 s=READY pgs=33 cs=0 l=1 rev1=1 rx=0x7f3be400b5f0 tx=0x7f3be4006ee0).ready entity=mon.0 client_cookie=805dfc9b3370a505 server_cookie=0 in_seq=0 out_seq=0
2024-01-21T07:28:39.890 INFO:teuthology.orchestra.run.smithi107.stderr:/usr/bin/ceph:
2024-01-21T07:28:39.885+0000 7f3beeffd700 1 -- 172.21.15.107:0/2672334776 <== mon.0 v2:172.21.15.107:3300/0 1 ==== mon_map magic: 0 v1 ==== 229+0+0 (secure 0 0 0) 0x7f3be400d600 con 0x7f3bf00fab80
2024-01-21T07:28:39.890 INFO:teuthology.orchestra.run.smithi107.stderr:/usr/bin/ceph:
2024-01-21T07:28:39.885+0000 7f3beeffd700 1 -- 172.21.15.107:0/2672334776 <== mon.0 v2:172.21.15.107:3300/0 2 ==== config(25 keys) v1 ==== 1010+0+0 (secure 0 0 0) 0x7f3be400dbd0 con 0x7f3bf00fab80
2024-01-21T07:28:39.890 INFO:teuthology.orchestra.run.smithi107.stderr:/usr/bin/ceph:
2024-01-21T07:28:39.885+0000 7f3beeffd700 1 -- 172.21.15.107:0/2672334776 <== mon.0 v2:172.21.15.107:3300/0 3 ==== mon_map magic: 0 v1 ==== 229+0+0 (secure 0 0 0) 0x7f3be4011c00 con 0x7f3bf00fab80
2024-01-21T07:28:39.890 INFO:teuthology.orchestra.run.smithi107.stderr:/usr/bin/ceph:
2024-01-21T07:28:39.886+0000 7f3bf637d700 1 -- 172.21.15.107:0/2672334776 >> [v2:172.21.15.107:3300/0,v1:172.21.15.107:6789/0] conn(0x7f3bf00fab80 msgr2=0x7f3bf00fafa0 secure :-1 s=STATE_CONNECTION_ESTABLISHED l=1).mark_down
2024-01-21T07:28:39.890 INFO:teuthology.orchestra.run.smithi107.stderr:/usr/bin/ceph:
2024-01-21T07:28:39.886+0000 7f3bf637d700 1 --2- 172.21.15.107:0/2672334776 >> [v2:172.21.15.107:3300/0,v1:172.21.15.107:6789/0] conn(0x7f3bf00fab80 0x7f3bf00fafa0 secure :-1 s=READY pgs=33 cs=0 l=1 rev1=1 rx=0x7f3be400b5f0 tx=0x7f3be4006ee0).stop
2024-01-21T07:28:39.890 INFO:teuthology.orchestra.run.smithi107.stderr:/usr/bin/ceph:
2024-01-21T07:28:39.886+0000 7f3bf637d700 1 -- 172.21.15.107:0/2672334776 shutdown_connections
2024-01-21T07:28:39.890 INFO:teuthology.orchestra.run.smithi107.stderr:/usr/bin/ceph:
2024-01-21T07:28:39.886+0000 7f3bf637d700 1 --2- 172.21.15.107:0/2672334776 >> [v2:172.21.15.107:3300/0,v1:172.21.15.107:6789/0] conn(0x7f3bf00fab80 0x7f3bf00fafa0 unknown :-1 s=CLOSED pgs=33 cs=0 l=1 rev1=1 rx=0 tx=0).stop
2024-01-21T07:28:39.890 INFO:teuthology.orchestra.run.smithi107.stderr:/usr/bin/ceph:
2024-01-21T07:28:39.886+0000 7f3bf637d700 1 -- 172.21.15.107:0/2672334776 >> 172.21.15.107:0/2672334776 conn(0x7f3bf00f63c0 msgr2=0x7f3bf00f87e0 unknown :-1 s=STATE_NONE l=0).mark_down
2024-01-21T07:28:39.891 INFO:teuthology.orchestra.run.smithi107.stderr:/usr/bin/ceph:
2024-01-21T07:28:39.886+0000 7f3bf637d700 1 -- 172.21.15.107:0/2672334776 shutdown_connections
2024-01-21T07:28:39.891 INFO:teuthology.orchestra.run.smithi107.stderr:/usr/bin/ceph:
2024-01-21T07:28:39.886+0000 7f3bf637d700 1 -- 172.21.15.107:0/2672334776 wait complete.
2024-01-21T07:28:39.891 INFO:teuthology.orchestra.run.smithi107.stderr:/usr/bin/ceph:
2024-01-21T07:28:39.886+0000 7f3bf637d700 1 Processor -- start
2024-01-21T07:28:39.891 INFO:teuthology.orchestra.run.smithi107.stderr:/usr/bin/ceph:
2024-01-21T07:28:39.886+0000 7f3bf637d700 1 -- start start
2024-01-21T07:28:39.891 INFO:teuthology.orchestra.run.smithi107.stderr:/usr/bin/ceph:
2024-01-21T07:28:39.887+0000 7f3bf637d700 1 --2- >> [v2:172.21.15.107:3300/0,v1:172.21.15.107:6789/0] conn(0x7f3bf00fab80 0x7f3bf010ccc0 unknown :-1 s=NONE pgs=0 cs=0 l=1 rev1=0 rx=0 tx=0).connect
2024-01-21T07:28:39.891 INFO:teuthology.orchestra.run.smithi107.stderr:/usr/bin/ceph:
2024-01-21T07:28:39.887+0000 7f3bf637d700 1 -- --> [v2:172.21.15.107:3300/0,v1:172.21.15.107:6789/0] -- mon_getmap magic: 0 v1 -- 0x7f3bf010d1b0 con 0x7f3bf00fab80
2024-01-21T07:28:39.891 INFO:teuthology.orchestra.run.smithi107.stderr:/usr/bin/ceph:
2024-01-21T07:28:39.887+0000 7f3beffff700 1 --2- >> [v2:172.21.15.107:3300/0,v1:172.21.15.107:6789/0] conn(0x7f3bf00fab80 0x7f3bf010ccc0 unknown :-1 s=BANNER_CONNECTING pgs=0 cs=0 l=1 rev1=0 rx=0 tx=0)._handle_peer_banner_payload supported=1 required=0
2024-01-21T07:28:39.891 INFO:teuthology.orchestra.run.smithi107.stderr:/usr/bin/ceph:
2024-01-21T07:28:39.887+0000 7f3beffff700 1 --2- >> [v2:172.21.15.107:3300/0,v1:172.21.15.107:6789/0] conn(0x7f3bf00fab80 0x7f3bf010ccc0 unknown :-1 s=HELLO_CONNECTING pgs=0 cs=0 l=1 rev1=1 rx=0 tx=0).handle_hello peer v2:172.21.15.107:3300/0 says I am v2:172.21.15.107:48482/0 (socket says 172.21.15.107:48482)
2024-01-21T07:28:39.891 INFO:teuthology.orchestra.run.smithi107.stderr:/usr/bin/ceph:
2024-01-21T07:28:39.887+0000 7f3beffff700 1 -- 172.21.15.107:0/125583756 learned_addr learned my addr 172.21.15.107:0/125583756 (peer_addr_for_me v2:172.21.15.107:0/0)
2024-01-21T07:28:39.892 INFO:teuthology.orchestra.run.smithi107.stderr:/usr/bin/ceph:
2024-01-21T07:28:39.887+0000 7f3beffff700 1 -- 172.21.15.107:0/125583756 --> [v2:172.21.15.107:3300/0,v1:172.21.15.107:6789/0] -- mon_subscribe({config=0+,monmap=0+}) v3 -- 0x7f3be400b200 con 0x7f3bf00fab80
2024-01-21T07:28:39.892 INFO:teuthology.orchestra.run.smithi107.stderr:/usr/bin/ceph:
2024-01-21T07:28:39.887+0000 7f3beffff700 1 --2- 172.21.15.107:0/125583756 >> [v2:172.21.15.107:3300/0,v1:172.21.15.107:6789/0] conn(0x7f3bf00fab80 0x7f3bf010ccc0 secure :-1 s=READY pgs=34 cs=0 l=1 rev1=1 rx=0x7f3be400e040 tx=0x7f3be4006ee0).ready entity=mon.0 client_cookie=0 server_cookie=0 in_seq=0 out_seq=0
2024-01-21T07:28:39.892 INFO:teuthology.orchestra.run.smithi107.stderr:/usr/bin/ceph:
2024-01-21T07:28:39.887+0000 7f3becff9700 1 -- 172.21.15.107:0/125583756 <== mon.0 v2:172.21.15.107:3300/0 1 ==== mon_map magic: 0 v1 ==== 229+0+0 (secure 0 0 0) 0x7f3be401b410 con 0x7f3bf00fab80
2024-01-21T07:28:39.892 INFO:teuthology.orchestra.run.smithi107.stderr:/usr/bin/ceph:
2024-01-21T07:28:39.887+0000 7f3becff9700 1 -- 172.21.15.107:0/125583756 <== mon.0 v2:172.21.15.107:3300/0 2 ==== config(25 keys) v1 ==== 1010+0+0 (secure 0 0 0) 0x7f3be401b9e0 con 0x7f3bf00fab80
2024-01-21T07:28:39.892 INFO:teuthology.orchestra.run.smithi107.stderr:/usr/bin/ceph:
2024-01-21T07:28:39.887+0000 7f3bf637d700 1 -- 172.21.15.107:0/125583756 --> [v2:172.21.15.107:3300/0,v1:172.21.15.107:6789/0] -- mon_subscribe({mgrmap=0+}) v3 -- 0x7f3bf010d3b0 con 0x7f3bf00fab80
2024-01-21T07:28:39.893 INFO:teuthology.orchestra.run.smithi107.stderr:/usr/bin/ceph:
2024-01-21T07:28:39.887+0000 7f3becff9700 1 -- 172.21.15.107:0/125583756 <== mon.0 v2:172.21.15.107:3300/0 3 ==== mon_map magic: 0 v1 ==== 229+0+0 (secure 0 0 0) 0x7f3be401a820 con 0x7f3bf00fab80
2024-01-21T07:28:39.893 INFO:teuthology.orchestra.run.smithi107.stderr:/usr/bin/ceph:
2024-01-21T07:28:39.887+0000 7f3bf637d700 1 -- 172.21.15.107:0/125583756 --> [v2:172.21.15.107:3300/0,v1:172.21.15.107:6789/0] -- mon_subscribe({osdmap=0}) v3 -- 0x7f3bf010d7c0 con 0x7f3bf00fab80
2024-01-21T07:28:39.893 INFO:teuthology.orchestra.run.smithi107.stderr:/usr/bin/ceph:
2024-01-21T07:28:39.888+0000 7f3becff9700 1 -- 172.21.15.107:0/125583756 <== mon.0 v2:172.21.15.107:3300/0 4 ==== mgrmap(e 7) v1 ==== 36120+0+0 (secure 0 0 0) 0x7f3be400f070 con 0x7f3bf00fab80
2024-01-21T07:28:39.893 INFO:teuthology.orchestra.run.smithi107.stderr:/usr/bin/ceph:
2024-01-21T07:28:39.888+0000 7f3becff9700 1 --2- 172.21.15.107:0/125583756 >> [v2:172.21.15.107:6800/1859130614,v1:172.21.15.107:6801/1859130614] conn(0x7f3bdc02fd50 0x7f3bdc032210 unknown :-1 s=NONE pgs=0 cs=0 l=1 rev1=0 rx=0 tx=0).connect
2024-01-21T07:28:39.893 INFO:teuthology.orchestra.run.smithi107.stderr:/usr/bin/ceph:
2024-01-21T07:28:39.888+0000 7f3bf637d700 1 -- 172.21.15.107:0/125583756 --> [v2:172.21.15.107:3300/0,v1:172.21.15.107:6789/0] -- mon_command({"prefix": "get_command_descriptions"} v 0) v1 -- 0x7f3bf0045ad0 con 0x7f3bf00fab80
2024-01-21T07:28:39.893 INFO:teuthology.orchestra.run.smithi107.stderr:/usr/bin/ceph:
2024-01-21T07:28:39.888+0000 7f3becff9700 1 -- 172.21.15.107:0/125583756 <== mon.0 v2:172.21.15.107:3300/0 5 ==== osd_map(2..2 src has 1..2) v4 ==== 926+0+0 (secure 0 0 0) 0x7f3be40413f0 con 0x7f3bf00fab80
2024-01-21T07:28:39.893 INFO:teuthology.orchestra.run.smithi107.stderr:/usr/bin/ceph:
