2024-01-21T07:28:30.004+0000 7f433899a700 1 --2- >> [v2:172.21.15.107:3300/0,v1:172.21.15.107:6789/0] conn(0x7f43340fa9d0 0x7f433410ca80 unknown :-1 s=BANNER_CONNECTING pgs=0 cs=0 l=1 rev1=0 rx=0 tx=0)._handle_peer_banner_payload supported=1 required=0
2024-01-21T07:28:30.008 INFO:teuthology.orchestra.run.smithi107.stderr:/usr/bin/ceph:
2024-01-21T07:28:30.004+0000 7f433899a700 1 --2- >> [v2:172.21.15.107:3300/0,v1:172.21.15.107:6789/0] conn(0x7f43340fa9d0 0x7f433410ca80 unknown :-1 s=HELLO_CONNECTING pgs=0 cs=0 l=1 rev1=1 rx=0 tx=0).handle_hello peer v2:172.21.15.107:3300/0 says I am v2:172.21.15.107:41612/0 (socket says 172.21.15.107:41612)
2024-01-21T07:28:30.008 INFO:teuthology.orchestra.run.smithi107.stderr:/usr/bin/ceph:
2024-01-21T07:28:30.004+0000 7f433899a700 1 -- 172.21.15.107:0/1210093049 learned_addr learned my addr 172.21.15.107:0/1210093049 (peer_addr_for_me v2:172.21.15.107:0/0)
2024-01-21T07:28:30.008 INFO:teuthology.orchestra.run.smithi107.stderr:/usr/bin/ceph:
2024-01-21T07:28:30.005+0000 7f433899a700 1 -- 172.21.15.107:0/1210093049 --> [v2:172.21.15.107:3300/0,v1:172.21.15.107:6789/0] -- mon_subscribe({config=0+,monmap=0+}) v3 -- 0x7f432800b200 con 0x7f43340fa9d0
2024-01-21T07:28:30.008 INFO:teuthology.orchestra.run.smithi107.stderr:/usr/bin/ceph:
2024-01-21T07:28:30.005+0000 7f433899a700 1 --2- 172.21.15.107:0/1210093049 >> [v2:172.21.15.107:3300/0,v1:172.21.15.107:6789/0] conn(0x7f43340fa9d0 0x7f433410ca80 secure :-1 s=READY pgs=17 cs=0 l=1 rev1=1 rx=0x7f432800e040 tx=0x7f4328006ee0).ready entity=mon.0 client_cookie=0 server_cookie=0 in_seq=0 out_seq=0
2024-01-21T07:28:30.008 INFO:teuthology.orchestra.run.smithi107.stderr:/usr/bin/ceph:
2024-01-21T07:28:30.005+0000 7f43317fa700 1 -- 172.21.15.107:0/1210093049 <== mon.0 v2:172.21.15.107:3300/0 1 ==== mon_map magic: 0 v1 ==== 229+0+0 (secure 0 0 0) 0x7f432801b410 con 0x7f43340fa9d0
2024-01-21T07:28:30.008 INFO:teuthology.orchestra.run.smithi107.stderr:/usr/bin/ceph:
2024-01-21T07:28:30.005+0000 7f433999c700 1 -- 172.21.15.107:0/1210093049 --> [v2:172.21.15.107:3300/0,v1:172.21.15.107:6789/0] -- mon_subscribe({mgrmap=0+}) v3 -- 0x7f433410d170 con 0x7f43340fa9d0
2024-01-21T07:28:30.009 INFO:teuthology.orchestra.run.smithi107.stderr:/usr/bin/ceph:
2024-01-21T07:28:30.005+0000 7f43317fa700 1 -- 172.21.15.107:0/1210093049 <== mon.0 v2:172.21.15.107:3300/0 2 ==== config(25 keys) v1 ==== 1010+0+0 (secure 0 0 0) 0x7f432801b9e0 con 0x7f43340fa9d0
2024-01-21T07:28:30.009 INFO:teuthology.orchestra.run.smithi107.stderr:/usr/bin/ceph:
2024-01-21T07:28:30.005+0000 7f43317fa700 1 -- 172.21.15.107:0/1210093049 <== mon.0 v2:172.21.15.107:3300/0 3 ==== mon_map magic: 0 v1 ==== 229+0+0 (secure 0 0 0) 0x7f432801a820 con 0x7f43340fa9d0
2024-01-21T07:28:30.009 INFO:teuthology.orchestra.run.smithi107.stderr:/usr/bin/ceph:
2024-01-21T07:28:30.005+0000 7f433999c700 1 -- 172.21.15.107:0/1210093049 --> [v2:172.21.15.107:3300/0,v1:172.21.15.107:6789/0] -- mon_subscribe({osdmap=0}) v3 -- 0x7f433410d580 con 0x7f43340fa9d0
2024-01-21T07:28:30.010 INFO:teuthology.orchestra.run.smithi107.stderr:/usr/bin/ceph:
2024-01-21T07:28:30.006+0000 7f43317fa700 1 -- 172.21.15.107:0/1210093049 <== mon.0 v2:172.21.15.107:3300/0 4 ==== mgrmap(e 3) v1 ==== 36029+0+0 (secure 0 0 0) 0x7f432800f070 con 0x7f43340fa9d0
2024-01-21T07:28:30.010 INFO:teuthology.orchestra.run.smithi107.stderr:/usr/bin/ceph:
2024-01-21T07:28:30.006+0000 7f43317fa700 1 --2- 172.21.15.107:0/1210093049 >> [v2:172.21.15.107:6800/553526196,v1:172.21.15.107:6801/553526196] conn(0x7f431802fc50 0x7f4318032110 unknown :-1 s=NONE pgs=0 cs=0 l=1 rev1=0 rx=0 tx=0).connect
2024-01-21T07:28:30.010 INFO:teuthology.orchestra.run.smithi107.stderr:/usr/bin/ceph:
2024-01-21T07:28:30.006+0000 7f43317fa700 1 -- 172.21.15.107:0/1210093049 <== mon.0 v2:172.21.15.107:3300/0 5 ==== osd_map(1..1 src has 1..1) v4 ==== 754+0+0 (secure 0 0 0) 0x7f4328041ff0 con 0x7f43340fa9d0
2024-01-21T07:28:30.010 INFO:teuthology.orchestra.run.smithi107.stderr:/usr/bin/ceph:
2024-01-21T07:28:30.006+0000 7f4333fff700 1 --2- 172.21.15.107:0/1210093049 >> [v2:172.21.15.107:6800/553526196,v1:172.21.15.107:6801/553526196] conn(0x7f431802fc50 0x7f4318032110 unknown :-1 s=BANNER_CONNECTING pgs=0 cs=0 l=1 rev1=0 rx=0 tx=0)._handle_peer_banner_payload supported=1 required=0
2024-01-21T07:28:30.010 INFO:teuthology.orchestra.run.smithi107.stderr:/usr/bin/ceph:
2024-01-21T07:28:30.006+0000 7f433999c700 1 -- 172.21.15.107:0/1210093049 --> [v2:172.21.15.107:3300/0,v1:172.21.15.107:6789/0] -- mon_command({"prefix": "get_command_descriptions"} v 0) v1 -- 0x7f4334059100 con 0x7f43340fa9d0
2024-01-21T07:28:30.010 INFO:teuthology.orchestra.run.smithi107.stderr:/usr/bin/ceph:
2024-01-21T07:28:30.006+0000 7f4333fff700 1 --2- 172.21.15.107:0/1210093049 >> [v2:172.21.15.107:6800/553526196,v1:172.21.15.107:6801/553526196] conn(0x7f431802fc50 0x7f4318032110 secure :-1 s=READY pgs=6 cs=0 l=1 rev1=1 rx=0x7f43200096a0 tx=0x7f4320006b40).ready entity=mgr.14100 client_cookie=0 server_cookie=0 in_seq=0 out_seq=0
2024-01-21T07:28:30.011 INFO:teuthology.orchestra.run.smithi107.stderr:/usr/bin/ceph:
2024-01-21T07:28:30.010+0000 7f43317fa700 1 -- 172.21.15.107:0/1210093049 <== mon.0 v2:172.21.15.107:3300/0 6 ==== mon_command_ack([{"prefix": "get_command_descriptions"}]=0 v0) v1 ==== 72+0+152212 (secure 0 0 0) 0x7f4328016070 con 0x7f43340fa9d0
2024-01-21T07:28:30.195 INFO:teuthology.orchestra.run.smithi107.stderr:/usr/bin/ceph:
2024-01-21T07:28:30.194+0000 7f433999c700 1 -- 172.21.15.107:0/1210093049 --> [v2:172.21.15.107:3300/0,v1:172.21.15.107:6789/0] -- mon_command({"prefix": "mgr module enable", "module": "cephadm"} v 0) v1 -- 0x7f43340fc6e0 con 0x7f43340fa9d0
2024-01-21T07:28:30.315 INFO:journalctl@ceph.mon.smithi107.smithi107.stdout:Jan 21 07:28:29 smithi107 ceph-962f5a9a-b82e-11ee-95b0-87774f69a715-mon.smithi107[38761]: cluster
2024-01-21T07:28:28.974055+0000 mon.smithi107 (mon.0) 22 : cluster [DBG] mgrmap e3: smithi107.adejht(active, since 1.005s)
2024-01-21T07:28:30.315 INFO:journalctl@ceph.mon.smithi107.smithi107.stdout:Jan 21 07:28:29 smithi107 ceph-962f5a9a-b82e-11ee-95b0-87774f69a715-mon.smithi107[38761]: audit
2024-01-21T07:28:29.305251+0000 mon.smithi107 (mon.0) 23 : audit [DBG] from='client.? 172.21.15.107:0/210372681' entity='client.admin' cmd=[{"prefix": "status", "format": "json-pretty"}]: dispatch
2024-01-21T07:28:30.974 INFO:teuthology.orchestra.run.smithi107.stderr:/usr/bin/ceph:
2024-01-21T07:28:30.973+0000 7f43317fa700 1 -- 172.21.15.107:0/1210093049 <== mon.0 v2:172.21.15.107:3300/0 7 ==== mgrmap(e 4) v1 ==== 36120+0+0 (secure 0 0 0) 0x7f43280257e0 con 0x7f43340fa9d0
2024-01-21T07:28:30.975 INFO:teuthology.orchestra.run.smithi107.stderr:/usr/bin/ceph:
2024-01-21T07:28:30.974+0000 7f43317fa700 1 -- 172.21.15.107:0/1210093049 <== mon.0 v2:172.21.15.107:3300/0 8 ==== mon_command_ack([{"prefix": "mgr module enable", "module": "cephadm"}]=0 v4) v1 ==== 86+0+0 (secure 0 0 0) 0x7f4328022310 con 0x7f43340fa9d0
2024-01-21T07:28:30.978 INFO:teuthology.orchestra.run.smithi107.stderr:/usr/bin/ceph:
2024-01-21T07:28:30.976+0000 7f433999c700 1 -- 172.21.15.107:0/1210093049 >> [v2:172.21.15.107:6800/553526196,v1:172.21.15.107:6801/553526196] conn(0x7f431802fc50 msgr2=0x7f4318032110 secure :-1 s=STATE_CONNECTION_ESTABLISHED l=1).mark_down
2024-01-21T07:28:30.978 INFO:teuthology.orchestra.run.smithi107.stderr:/usr/bin/ceph:
2024-01-21T07:28:30.976+0000 7f433999c700 1 --2- 172.21.15.107:0/1210093049 >> [v2:172.21.15.107:6800/553526196,v1:172.21.15.107:6801/553526196] conn(0x7f431802fc50 0x7f4318032110 secure :-1 s=READY pgs=6 cs=0 l=1 rev1=1 rx=0x7f43200096a0 tx=0x7f4320006b40).stop
2024-01-21T07:28:30.978 INFO:teuthology.orchestra.run.smithi107.stderr:/usr/bin/ceph:
2024-01-21T07:28:30.976+0000 7f433999c700 1 -- 172.21.15.107:0/1210093049 >> [v2:172.21.15.107:3300/0,v1:172.21.15.107:6789/0] conn(0x7f43340fa9d0 msgr2=0x7f433410ca80 secure :-1 s=STATE_CONNECTION_ESTABLISHED l=1).mark_down
2024-01-21T07:28:30.978 INFO:teuthology.orchestra.run.smithi107.stderr:/usr/bin/ceph:
2024-01-21T07:28:30.976+0000 7f433999c700 1 --2- 172.21.15.107:0/1210093049 >> [v2:172.21.15.107:3300/0,v1:172.21.15.107:6789/0] conn(0x7f43340fa9d0 0x7f433410ca80 secure :-1 s=READY pgs=17 cs=0 l=1 rev1=1 rx=0x7f432800e040 tx=0x7f4328006ee0).stop
2024-01-21T07:28:30.979 INFO:teuthology.orchestra.run.smithi107.stderr:/usr/bin/ceph:
2024-01-21T07:28:30.976+0000 7f433999c700 1 -- 172.21.15.107:0/1210093049 shutdown_connections
2024-01-21T07:28:30.979 INFO:teuthology.orchestra.run.smithi107.stderr:/usr/bin/ceph:
2024-01-21T07:28:30.976+0000 7f433999c700 1 --2- 172.21.15.107:0/1210093049 >> [v2:172.21.15.107:6800/553526196,v1:172.21.15.107:6801/553526196] conn(0x7f431802fc50 0x7f4318032110 unknown :-1 s=CLOSED pgs=6 cs=0 l=1 rev1=1 rx=0 tx=0).stop
2024-01-21T07:28:30.979 INFO:teuthology.orchestra.run.smithi107.stderr:/usr/bin/ceph:
2024-01-21T07:28:30.976+0000 7f433999c700 1 --2- 172.21.15.107:0/1210093049 >> [v2:172.21.15.107:3300/0,v1:172.21.15.107:6789/0] conn(0x7f43340fa9d0 0x7f433410ca80 unknown :-1 s=CLOSED pgs=17 cs=0 l=1 rev1=1 rx=0 tx=0).stop
2024-01-21T07:28:30.979 INFO:teuthology.orchestra.run.smithi107.stderr:/usr/bin/ceph:
2024-01-21T07:28:30.976+0000 7f433999c700 1 -- 172.21.15.107:0/1210093049 >> 172.21.15.107:0/1210093049 conn(0x7f43340f6210 msgr2=0x7f4334070050 unknown :-1 s=STATE_NONE l=0).mark_down
2024-01-21T07:28:30.979 INFO:teuthology.orchestra.run.smithi107.stderr:/usr/bin/ceph:
2024-01-21T07:28:30.976+0000 7f433999c700 1 -- 172.21.15.107:0/1210093049 shutdown_connections
2024-01-21T07:28:30.979 INFO:teuthology.orchestra.run.smithi107.stderr:/usr/bin/ceph:
2024-01-21T07:28:30.976+0000 7f433999c700 1 -- 172.21.15.107:0/1210093049 wait complete.
2024-01-21T07:28:31.258 INFO:journalctl@ceph.mon.smithi107.smithi107.stdout:Jan 21 07:28:30 smithi107 ceph-962f5a9a-b82e-11ee-95b0-87774f69a715-mon.smithi107[38761]: audit
2024-01-21T07:28:30.194671+0000 mon.smithi107 (mon.0) 24 : audit [INF] from='client.? 172.21.15.107:0/1210093049' entity='client.admin' cmd=[{"prefix": "mgr module enable", "module": "cephadm"}]: dispatch
2024-01-21T07:28:31.286 INFO:teuthology.orchestra.run.smithi107.stderr:Running command: /bin/podman run --rm --ipc=host --no-hosts --net=host --entrypoint /usr/bin/ceph --init -e CONTAINER_IMAGE=docker.io/ceph/ceph:v16.2.4 -e NODE_NAME=smithi107 -e CEPH_USE_RANDOM_NONCE=1 -v /var/log/ceph/962f5a9a-b82e-11ee-95b0-87774f69a715:/var/log/ceph:z -v /tmp/ceph-tmp9v9j9ro4:/etc/ceph/ceph.client.admin.keyring:z -v /tmp/ceph-tmpcnfa6skr:/etc/ceph/ceph.conf:z docker.io/ceph/ceph:v16.2.4 mgr stat
2024-01-21T07:28:31.645 INFO:teuthology.orchestra.run.smithi107.stderr:/usr/bin/ceph:
2024-01-21T07:28:31.642+0000 7f0bc59f3700 1 Processor -- start
2024-01-21T07:28:31.645 INFO:teuthology.orchestra.run.smithi107.stderr:/usr/bin/ceph:
2024-01-21T07:28:31.642+0000 7f0bc59f3700 1 -- start start
2024-01-21T07:28:31.645 INFO:teuthology.orchestra.run.smithi107.stderr:/usr/bin/ceph:
2024-01-21T07:28:31.642+0000 7f0bc59f3700 1 --2- >> [v2:172.21.15.107:3300/0,v1:172.21.15.107:6789/0] conn(0x7f0bc00703b0 0x7f0bc0100bb0 unknown :-1 s=NONE pgs=0 cs=0 l=0 rev1=0 rx=0 tx=0).connect
2024-01-21T07:28:31.645 INFO:teuthology.orchestra.run.smithi107.stderr:/usr/bin/ceph:
2024-01-21T07:28:31.642+0000 7f0bc59f3700 1 -- --> [v2:172.21.15.107:3300/0,v1:172.21.15.107:6789/0] -- mon_getmap magic: 0 v1 -- 0x7f0bc00fc5a0 con 0x7f0bc00703b0
2024-01-21T07:28:31.646 INFO:teuthology.orchestra.run.smithi107.stderr:/usr/bin/ceph:
2024-01-21T07:28:31.642+0000 7f0bc49f1700 1 --2- >> [v2:172.21.15.107:3300/0,v1:172.21.15.107:6789/0] conn(0x7f0bc00703b0 0x7f0bc0100bb0 unknown :-1 s=BANNER_CONNECTING pgs=0 cs=0 l=0 rev1=0 rx=0 tx=0)._handle_peer_banner_payload supported=1 required=0
2024-01-21T07:28:31.646 INFO:teuthology.orchestra.run.smithi107.stderr:/usr/bin/ceph:
2024-01-21T07:28:31.642+0000 7f0bc49f1700 1 --2- >> [v2:172.21.15.107:3300/0,v1:172.21.15.107:6789/0] conn(0x7f0bc00703b0 0x7f0bc0100bb0 unknown :-1 s=HELLO_CONNECTING pgs=0 cs=0 l=0 rev1=1 rx=0 tx=0).handle_hello peer v2:172.21.15.107:3300/0 says I am v2:172.21.15.107:41632/0 (socket says 172.21.15.107:41632)
2024-01-21T07:28:31.646 INFO:teuthology.orchestra.run.smithi107.stderr:/usr/bin/ceph:
2024-01-21T07:28:31.642+0000 7f0bc49f1700 1 -- 172.21.15.107:0/2816398237 learned_addr learned my addr 172.21.15.107:0/2816398237 (peer_addr_for_me v2:172.21.15.107:0/0)
2024-01-21T07:28:31.646 INFO:teuthology.orchestra.run.smithi107.stderr:/usr/bin/ceph:
2024-01-21T07:28:31.643+0000 7f0bc49f1700 1 -- 172.21.15.107:0/2816398237 --> [v2:172.21.15.107:3300/0,v1:172.21.15.107:6789/0] -- mon_subscribe({config=0+,monmap=0+}) v3 -- 0x7f0bc01010a0 con 0x7f0bc00703b0
2024-01-21T07:28:31.646 INFO:teuthology.orchestra.run.smithi107.stderr:/usr/bin/ceph:
2024-01-21T07:28:31.643+0000 7f0bc49f1700 1 --2- 172.21.15.107:0/2816398237 >> [v2:172.21.15.107:3300/0,v1:172.21.15.107:6789/0] conn(0x7f0bc00703b0 0x7f0bc0100bb0 secure :-1 s=READY pgs=20 cs=0 l=1 rev1=1 rx=0x7f0bb400b5f0 tx=0x7f0bb4006ee0).ready entity=mon.0 client_cookie=febf560c8c5b5e34 server_cookie=0 in_seq=0 out_seq=0
2024-01-21T07:28:31.646 INFO:teuthology.orchestra.run.smithi107.stderr:/usr/bin/ceph:
2024-01-21T07:28:31.643+0000 7f0bbf7fe700 1 -- 172.21.15.107:0/2816398237 <== mon.0 v2:172.21.15.107:3300/0 1 ==== mon_map magic: 0 v1 ==== 229+0+0 (secure 0 0 0) 0x7f0bb400d600 con 0x7f0bc00703b0
2024-01-21T07:28:31.646 INFO:teuthology.orchestra.run.smithi107.stderr:/usr/bin/ceph:
2024-01-21T07:28:31.643+0000 7f0bbf7fe700 1 -- 172.21.15.107:0/2816398237 <== mon.0 v2:172.21.15.107:3300/0 2 ==== config(25 keys) v1 ==== 1010+0+0 (secure 0 0 0) 0x7f0bb400dbd0 con 0x7f0bc00703b0
2024-01-21T07:28:31.646 INFO:teuthology.orchestra.run.smithi107.stderr:/usr/bin/ceph:
2024-01-21T07:28:31.643+0000 7f0bbf7fe700 1 -- 172.21.15.107:0/2816398237 <== mon.0 v2:172.21.15.107:3300/0 3 ==== mon_map magic: 0 v1 ==== 229+0+0 (secure 0 0 0) 0x7f0bb4011c00 con 0x7f0bc00703b0
2024-01-21T07:28:31.646 INFO:teuthology.orchestra.run.smithi107.stderr:/usr/bin/ceph:
2024-01-21T07:28:31.643+0000 7f0bc59f3700 1 -- 172.21.15.107:0/2816398237 >> [v2:172.21.15.107:3300/0,v1:172.21.15.107:6789/0] conn(0x7f0bc00703b0 msgr2=0x7f0bc0100bb0 secure :-1 s=STATE_CONNECTION_ESTABLISHED l=1).mark_down
2024-01-21T07:28:31.646 INFO:teuthology.orchestra.run.smithi107.stderr:/usr/bin/ceph:
2024-01-21T07:28:31.643+0000 7f0bc59f3700 1 --2- 172.21.15.107:0/2816398237 >> [v2:172.21.15.107:3300/0,v1:172.21.15.107:6789/0] conn(0x7f0bc00703b0 0x7f0bc0100bb0 secure :-1 s=READY pgs=20 cs=0 l=1 rev1=1 rx=0x7f0bb400b5f0 tx=0x7f0bb4006ee0).stop
2024-01-21T07:28:31.646 INFO:teuthology.orchestra.run.smithi107.stderr:/usr/bin/ceph:
2024-01-21T07:28:31.643+0000 7f0bc59f3700 1 -- 172.21.15.107:0/2816398237 shutdown_connections
2024-01-21T07:28:31.646 INFO:teuthology.orchestra.run.smithi107.stderr:/usr/bin/ceph:
2024-01-21T07:28:31.643+0000 7f0bc59f3700 1 --2- 172.21.15.107:0/2816398237 >> [v2:172.21.15.107:3300/0,v1:172.21.15.107:6789/0] conn(0x7f0bc00703b0 0x7f0bc0100bb0 unknown :-1 s=CLOSED pgs=20 cs=0 l=1 rev1=1 rx=0 tx=0).stop
2024-01-21T07:28:31.646 INFO:teuthology.orchestra.run.smithi107.stderr:/usr/bin/ceph:
2024-01-21T07:28:31.643+0000 7f0bc59f3700 1 -- 172.21.15.107:0/2816398237 >> 172.21.15.107:0/2816398237 conn(0x7f0bc00f6210 msgr2=0x7f0bc00f8630 unknown :-1 s=STATE_NONE l=0).mark_down
2024-01-21T07:28:31.646 INFO:teuthology.orchestra.run.smithi107.stderr:/usr/bin/ceph:
2024-01-21T07:28:31.644+0000 7f0bc59f3700 1 -- 172.21.15.107:0/2816398237 shutdown_connections
2024-01-21T07:28:31.646 INFO:teuthology.orchestra.run.smithi107.stderr:/usr/bin/ceph:
2024-01-21T07:28:31.644+0000 7f0bc59f3700 1 -- 172.21.15.107:0/2816398237 wait complete.
2024-01-21T07:28:31.649 INFO:teuthology.orchestra.run.smithi107.stderr:/usr/bin/ceph:
2024-01-21T07:28:31.645+0000 7f0bc59f3700 1 Processor -- start
2024-01-21T07:28:31.649 INFO:teuthology.orchestra.run.smithi107.stderr:/usr/bin/ceph:
2024-01-21T07:28:31.645+0000 7f0bc59f3700 1 -- start start
2024-01-21T07:28:31.649 INFO:teuthology.orchestra.run.smithi107.stderr:/usr/bin/ceph:
2024-01-21T07:28:31.645+0000 7f0bc59f3700 1 --2- >> [v2:172.21.15.107:3300/0,v1:172.21.15.107:6789/0] conn(0x7f0bc00703b0 0x7f0bc010ca70 unknown :-1 s=NONE pgs=0 cs=0 l=1 rev1=0 rx=0 tx=0).connect
2024-01-21T07:28:31.649 INFO:teuthology.orchestra.run.smithi107.stderr:/usr/bin/ceph:
2024-01-21T07:28:31.645+0000 7f0bc59f3700 1 -- --> [v2:172.21.15.107:3300/0,v1:172.21.15.107:6789/0] -- mon_getmap magic: 0 v1 -- 0x7f0bc010cf60 con 0x7f0bc00703b0
2024-01-21T07:28:31.649 INFO:teuthology.orchestra.run.smithi107.stderr:/usr/bin/ceph:
2024-01-21T07:28:31.645+0000 7f0bc49f1700 1 --2- >> [v2:172.21.15.107:3300/0,v1:172.21.15.107:6789/0] conn(0x7f0bc00703b0 0x7f0bc010ca70 unknown :-1 s=BANNER_CONNECTING pgs=0 cs=0 l=1 rev1=0 rx=0 tx=0)._handle_peer_banner_payload supported=1 required=0
2024-01-21T07:28:31.649 INFO:teuthology.orchestra.run.smithi107.stderr:/usr/bin/ceph:
2024-01-21T07:28:31.645+0000 7f0bc49f1700 1 --2- >> [v2:172.21.15.107:3300/0,v1:172.21.15.107:6789/0] conn(0x7f0bc00703b0 0x7f0bc010ca70 unknown :-1 s=HELLO_CONNECTING pgs=0 cs=0 l=1 rev1=1 rx=0 tx=0).handle_hello peer v2:172.21.15.107:3300/0 says I am v2:172.21.15.107:41640/0 (socket says 172.21.15.107:41640)
2024-01-21T07:28:31.649 INFO:teuthology.orchestra.run.smithi107.stderr:/usr/bin/ceph:
2024-01-21T07:28:31.645+0000 7f0bc49f1700 1 -- 172.21.15.107:0/66770819 learned_addr learned my addr 172.21.15.107:0/66770819 (peer_addr_for_me v2:172.21.15.107:0/0)
2024-01-21T07:28:31.649 INFO:teuthology.orchestra.run.smithi107.stderr:/usr/bin/ceph:
2024-01-21T07:28:31.645+0000 7f0bc49f1700 1 -- 172.21.15.107:0/66770819 --> [v2:172.21.15.107:3300/0,v1:172.21.15.107:6789/0] -- mon_subscribe({config=0+,monmap=0+}) v3 -- 0x7f0bb400b200 con 0x7f0bc00703b0
2024-01-21T07:28:31.649 INFO:teuthology.orchestra.run.smithi107.stderr:/usr/bin/ceph:
2024-01-21T07:28:31.645+0000 7f0bc49f1700 1 --2- 172.21.15.107:0/66770819 >> [v2:172.21.15.107:3300/0,v1:172.21.15.107:6789/0] conn(0x7f0bc00703b0 0x7f0bc010ca70 secure :-1 s=READY pgs=21 cs=0 l=1 rev1=1 rx=0x7f0bb400e040 tx=0x7f0bb4006ee0).ready entity=mon.0 client_cookie=0 server_cookie=0 in_seq=0 out_seq=0
2024-01-21T07:28:31.649 INFO:teuthology.orchestra.run.smithi107.stderr:/usr/bin/ceph:
2024-01-21T07:28:31.646+0000 7f0bbd7fa700 1 -- 172.21.15.107:0/66770819 <== mon.0 v2:172.21.15.107:3300/0 1 ==== mon_map magic: 0 v1 ==== 229+0+0 (secure 0 0 0) 0x7f0bb400d9f0 con 0x7f0bc00703b0
2024-01-21T07:28:31.649 INFO:teuthology.orchestra.run.smithi107.stderr:/usr/bin/ceph:
2024-01-21T07:28:31.646+0000 7f0bbd7fa700 1 -- 172.21.15.107:0/66770819 <== mon.0 v2:172.21.15.107:3300/0 2 ==== config(25 keys) v1 ==== 1010+0+0 (secure 0 0 0) 0x7f0bb401a9f0 con 0x7f0bc00703b0
2024-01-21T07:28:31.650 INFO:teuthology.orchestra.run.smithi107.stderr:/usr/bin/ceph:
2024-01-21T07:28:31.646+0000 7f0bc59f3700 1 -- 172.21.15.107:0/66770819 --> [v2:172.21.15.107:3300/0,v1:172.21.15.107:6789/0] -- mon_subscribe({mgrmap=0+}) v3 -- 0x7f0bc010d160 con 0x7f0bc00703b0
2024-01-21T07:28:31.650 INFO:teuthology.orchestra.run.smithi107.stderr:/usr/bin/ceph:
2024-01-21T07:28:31.646+0000 7f0bbd7fa700 1 -- 172.21.15.107:0/66770819 <== mon.0 v2:172.21.15.107:3300/0 3 ==== mon_map magic: 0 v1 ==== 229+0+0 (secure 0 0 0) 0x7f0bb401b8c0 con 0x7f0bc00703b0
2024-01-21T07:28:31.650 INFO:teuthology.orchestra.run.smithi107.stderr:/usr/bin/ceph:
2024-01-21T07:28:31.646+0000 7f0bc59f3700 1 -- 172.21.15.107:0/66770819 --> [v2:172.21.15.107:3300/0,v1:172.21.15.107:6789/0] -- mon_subscribe({osdmap=0}) v3 -- 0x7f0bc010d570 con 0x7f0bc00703b0
2024-01-21T07:28:31.650 INFO:teuthology.orchestra.run.smithi107.stderr:/usr/bin/ceph:
2024-01-21T07:28:31.646+0000 7f0bbd7fa700 1 -- 172.21.15.107:0/66770819 <== mon.0 v2:172.21.15.107:3300/0 4 ==== mgrmap(e 4) v1 ==== 36120+0+0 (secure 0 0 0) 0x7f0bb400f070 con 0x7f0bc00703b0
2024-01-21T07:28:31.650 INFO:teuthology.orchestra.run.smithi107.stderr:/usr/bin/ceph:
2024-01-21T07:28:31.647+0000 7f0bbd7fa700 1 --2- 172.21.15.107:0/66770819 >> [v2:172.21.15.107:6800/553526196,v1:172.21.15.107:6801/553526196] conn(0x7f0ba402fd50 0x7f0ba4032210 unknown :-1 s=NONE pgs=0 cs=0 l=1 rev1=0 rx=0 tx=0).connect
2024-01-21T07:28:31.650 INFO:teuthology.orchestra.run.smithi107.stderr:/usr/bin/ceph:
2024-01-21T07:28:31.647+0000 7f0bbd7fa700 1 -- 172.21.15.107:0/66770819 <== mon.0 v2:172.21.15.107:3300/0 5 ==== osd_map(1..1 src has 1..1) v4 ==== 754+0+0 (secure 0 0 0) 0x7f0bb4042040 con 0x7f0bc00703b0
2024-01-21T07:28:31.650 INFO:teuthology.orchestra.run.smithi107.stderr:/usr/bin/ceph:
2024-01-21T07:28:31.647+0000 7f0bbffff700 1 -- 172.21.15.107:0/66770819 >> [v2:172.21.15.107:6800/553526196,v1:172.21.15.107:6801/553526196] conn(0x7f0ba402fd50 msgr2=0x7f0ba4032210 unknown :-1 s=STATE_CONNECTING_RE l=1).process reconnect failed to v2:172.21.15.107:6800/553526196
2024-01-21T07:28:31.650 INFO:teuthology.orchestra.run.smithi107.stderr:/usr/bin/ceph:
2024-01-21T07:28:31.647+0000 7f0bbffff700 1 --2- 172.21.15.107:0/66770819 >> [v2:172.21.15.107:6800/553526196,v1:172.21.15.107:6801/553526196] conn(0x7f0ba402fd50 0x7f0ba4032210 unknown :-1 s=START_CONNECT pgs=0 cs=0 l=1 rev1=0 rx=0 tx=0)._fault waiting 0.200000
2024-01-21T07:28:31.650 INFO:teuthology.orchestra.run.smithi107.stderr:/usr/bin/ceph:
2024-01-21T07:28:31.647+0000 7f0bc59f3700 1 -- 172.21.15.107:0/66770819 --> [v2:172.21.15.107:3300/0,v1:172.21.15.107:6789/0] -- mon_command({"prefix": "get_command_descriptions"} v 0) v1 -- 0x7f0bc0059100 con 0x7f0bc00703b0
2024-01-21T07:28:31.652 INFO:teuthology.orchestra.run.smithi107.stderr:/usr/bin/ceph:
2024-01-21T07:28:31.651+0000 7f0bbd7fa700 1 -- 172.21.15.107:0/66770819 <== mon.0 v2:172.21.15.107:3300/0 6 ==== mon_command_ack([{"prefix": "get_command_descriptions"}]=0 v0) v1 ==== 72+0+152212 (secure 0 0 0) 0x7f0bb4016070 con 0x7f0bc00703b0
2024-01-21T07:28:31.847 INFO:teuthology.orchestra.run.smithi107.stderr:/usr/bin/ceph:
2024-01-21T07:28:31.845+0000 7f0bc59f3700 1 -- 172.21.15.107:0/66770819 --> [v2:172.21.15.107:3300/0,v1:172.21.15.107:6789/0] -- mon_command({"prefix": "mgr stat"} v 0) v1 -- 0x7f0bc0101c00 con 0x7f0bc00703b0
2024-01-21T07:28:31.848 INFO:teuthology.orchestra.run.smithi107.stderr:/usr/bin/ceph:
2024-01-21T07:28:31.846+0000 7f0bbd7fa700 1 -- 172.21.15.107:0/66770819 <== mon.0 v2:172.21.15.107:3300/0 7 ==== mon_command_ack([{"prefix": "mgr stat"}]=0 v4) v1 ==== 56+0+103 (secure 0 0 0) 0x7f0bb4022d20 con 0x7f0bc00703b0
2024-01-21T07:28:31.848 INFO:teuthology.orchestra.run.smithi107.stderr:/usr/bin/ceph: {
2024-01-21T07:28:31.848 INFO:teuthology.orchestra.run.smithi107.stderr:/usr/bin/ceph: "epoch": 4,
2024-01-21T07:28:31.848 INFO:teuthology.orchestra.run.smithi107.stderr:/usr/bin/ceph: "available": true,
2024-01-21T07:28:31.848 INFO:teuthology.orchestra.run.smithi107.stderr:/usr/bin/ceph: "active_name": "smithi107.adejht",
2024-01-21T07:28:31.848 INFO:teuthology.orchestra.run.smithi107.stderr:/usr/bin/ceph: "num_standby": 0
2024-01-21T07:28:31.848 INFO:teuthology.orchestra.run.smithi107.stderr:/usr/bin/ceph: }
2024-01-21T07:28:31.850 INFO:teuthology.orchestra.run.smithi107.stderr:/usr/bin/ceph:
2024-01-21T07:28:31.848+0000 7f0bbffff700 1 -- 172.21.15.107:0/66770819 >> [v2:172.21.15.107:6800/553526196,v1:172.21.15.107:6801/553526196] conn(0x7f0ba402fd50 msgr2=0x7f0ba4032210 unknown :-1 s=STATE_CONNECTING_RE l=1).process reconnect failed to v2:172.21.15.107:6800/553526196
2024-01-21T07:28:31.850 INFO:teuthology.orchestra.run.smithi107.stderr:/usr/bin/ceph:
2024-01-21T07:28:31.848+0000 7f0bbffff700 1 --2- 172.21.15.107:0/66770819 >> [v2:172.21.15.107:6800/553526196,v1:172.21.15.107:6801/553526196] conn(0x7f0ba402fd50 0x7f0ba4032210 unknown :-1 s=START_CONNECT pgs=0 cs=0 l=1 rev1=0 rx=0 tx=0)._fault waiting 0.400000
2024-01-21T07:28:31.850 INFO:teuthology.orchestra.run.smithi107.stderr:/usr/bin/ceph:
2024-01-21T07:28:31.848+0000 7f0bc59f3700 1 -- 172.21.15.107:0/66770819 >> [v2:172.21.15.107:6800/553526196,v1:172.21.15.107:6801/553526196] conn(0x7f0ba402fd50 msgr2=0x7f0ba4032210 unknown :-1 s=STATE_CONNECTING l=1).mark_down
2024-01-21T07:28:31.850 INFO:teuthology.orchestra.run.smithi107.stderr:/usr/bin/ceph:
2024-01-21T07:28:31.848+0000 7f0bc59f3700 1 --2- 172.21.15.107:0/66770819 >> [v2:172.21.15.107:6800/553526196,v1:172.21.15.107:6801/553526196] conn(0x7f0ba402fd50 0x7f0ba4032210 unknown :-1 s=START_CONNECT pgs=0 cs=0 l=1 rev1=0 rx=0 tx=0).stop
2024-01-21T07:28:31.850 INFO:teuthology.orchestra.run.smithi107.stderr:/usr/bin/ceph:
2024-01-21T07:28:31.848+0000 7f0bc59f3700 1 -- 172.21.15.107:0/66770819 >> [v2:172.21.15.107:3300/0,v1:172.21.15.107:6789/0] conn(0x7f0bc00703b0 msgr2=0x7f0bc010ca70 secure :-1 s=STATE_CONNECTION_ESTABLISHED l=1).mark_down
2024-01-21T07:28:31.851 INFO:teuthology.orchestra.run.smithi107.stderr:/usr/bin/ceph:
2024-01-21T07:28:31.848+0000 7f0bc59f3700 1 --2- 172.21.15.107:0/66770819 >> [v2:172.21.15.107:3300/0,v1:172.21.15.107:6789/0] conn(0x7f0bc00703b0 0x7f0bc010ca70 secure :-1 s=READY pgs=21 cs=0 l=1 rev1=1 rx=0x7f0bb400e040 tx=0x7f0bb4006ee0).stop
2024-01-21T07:28:31.851 INFO:teuthology.orchestra.run.smithi107.stderr:/usr/bin/ceph:
2024-01-21T07:28:31.848+0000 7f0bc59f3700 1 -- 172.21.15.107:0/66770819 shutdown_connections
2024-01-21T07:28:31.851 INFO:teuthology.orchestra.run.smithi107.stderr:/usr/bin/ceph:
2024-01-21T07:28:31.848+0000 7f0bc59f3700 1 --2- 172.21.15.107:0/66770819 >> [v2:172.21.15.107:6800/553526196,v1:172.21.15.107:6801/553526196] conn(0x7f0ba402fd50 0x7f0ba4032210 unknown :-1 s=CLOSED pgs=0 cs=0 l=1 rev1=0 rx=0 tx=0).stop
2024-01-21T07:28:31.851 INFO:teuthology.orchestra.run.smithi107.stderr:/usr/bin/ceph:
2024-01-21T07:28:31.848+0000 7f0bc59f3700 1 --2- 172.21.15.107:0/66770819 >> [v2:172.21.15.107:3300/0,v1:172.21.15.107:6789/0] conn(0x7f0bc00703b0 0x7f0bc010ca70 unknown :-1 s=CLOSED pgs=21 cs=0 l=1 rev1=1 rx=0 tx=0).stop
2024-01-21T07:28:31.851 INFO:teuthology.orchestra.run.smithi107.stderr:/usr/bin/ceph:
2024-01-21T07:28:31.848+0000 7f0bc59f3700 1 -- 172.21.15.107:0/66770819 >> 172.21.15.107:0/66770819 conn(0x7f0bc00f6210 msgr2=0x7f0bc00f7d10 unknown :-1 s=STATE_NONE l=0).mark_down
2024-01-21T07:28:31.851 INFO:teuthology.orchestra.run.smithi107.stderr:/usr/bin/ceph:
2024-01-21T07:28:31.848+0000 7f0bc59f3700 1 -- 172.21.15.107:0/66770819 shutdown_connections
2024-01-21T07:28:31.851 INFO:teuthology.orchestra.run.smithi107.stderr:/usr/bin/ceph:
2024-01-21T07:28:31.848+0000 7f0bc59f3700 1 -- 172.21.15.107:0/66770819 wait complete.
2024-01-21T07:28:32.141 INFO:journalctl@ceph.mon.smithi107.smithi107.stdout:Jan 21 07:28:31 smithi107 ceph-962f5a9a-b82e-11ee-95b0-87774f69a715-mon.smithi107[38761]: audit
2024-01-21T07:28:30.974595+0000 mon.smithi107 (mon.0) 25 : audit [INF] from='client.? 172.21.15.107:0/1210093049' entity='client.admin' cmd='[{"prefix": "mgr module enable", "module": "cephadm"}]': finished
2024-01-21T07:28:32.141 INFO:journalctl@ceph.mon.smithi107.smithi107.stdout:Jan 21 07:28:31 smithi107 ceph-962f5a9a-b82e-11ee-95b0-87774f69a715-mon.smithi107[38761]: cluster
2024-01-21T07:28:30.974647+0000 mon.smithi107 (mon.0) 26 : cluster [DBG] mgrmap e4: smithi107.adejht(active, since 3s)
2024-01-21T07:28:32.141 INFO:journalctl@ceph.mon.smithi107.smithi107.stdout:Jan 21 07:28:31 smithi107 ceph-962f5a9a-b82e-11ee-95b0-87774f69a715-mon.smithi107[38761]: audit
2024-01-21T07:28:31.846306+0000 mon.smithi107 (mon.0) 27 : audit [DBG] from='client.? 172.21.15.107:0/66770819' entity='client.admin' cmd=[{"prefix": "mgr stat"}]: dispatch
2024-01-21T07:28:32.180 INFO:teuthology.orchestra.run.smithi107.stderr:Waiting for the mgr to restart...
2024-01-21T07:28:32.180 INFO:teuthology.orchestra.run.smithi107.stderr:Waiting for mgr epoch 4...
2024-01-21T07:28:32.181 INFO:teuthology.orchestra.run.smithi107.stderr:Running command: /bin/podman run --rm --ipc=host --no-hosts --net=host --entrypoint /usr/bin/ceph --init -e CONTAINER_IMAGE=docker.io/ceph/ceph:v16.2.4 -e NODE_NAME=smithi107 -e CEPH_USE_RANDOM_NONCE=1 -v /var/log/ceph/962f5a9a-b82e-11ee-95b0-87774f69a715:/var/log/ceph:z -v /tmp/ceph-tmp9v9j9ro4:/etc/ceph/ceph.client.admin.keyring:z -v /tmp/ceph-tmpcnfa6skr:/etc/ceph/ceph.conf:z docker.io/ceph/ceph:v16.2.4 tell mgr mgr_status
2024-01-21T07:28:32.557 INFO:teuthology.orchestra.run.smithi107.stderr:/usr/bin/ceph:
2024-01-21T07:28:32.553+0000 7effcbd83700 1 Processor -- start
2024-01-21T07:28:32.557 INFO:teuthology.orchestra.run.smithi107.stderr:/usr/bin/ceph:
2024-01-21T07:28:32.554+0000 7effcbd83700 1 -- start start
2024-01-21T07:28:32.557 INFO:teuthology.orchestra.run.smithi107.stderr:/usr/bin/ceph:
2024-01-21T07:28:32.554+0000 7effcbd83700 1 --2- >> [v2:172.21.15.107:3300/0,v1:172.21.15.107:6789/0] conn(0x7effc4070430 0x7effc40fe8e0 unknown :-1 s=NONE pgs=0 cs=0 l=0 rev1=0 rx=0 tx=0).connect
2024-01-21T07:28:32.558 INFO:teuthology.orchestra.run.smithi107.stderr:/usr/bin/ceph:
2024-01-21T07:28:32.554+0000 7effcbd83700 1 -- --> [v2:172.21.15.107:3300/0,v1:172.21.15.107:6789/0] -- mon_getmap magic: 0 v1 -- 0x7effc40fedd0 con 0x7effc4070430
2024-01-21T07:28:32.558 INFO:teuthology.orchestra.run.smithi107.stderr:/usr/bin/ceph:
2024-01-21T07:28:32.554+0000 7effc9b1f700 1 --2- >> [v2:172.21.15.107:3300/0,v1:172.21.15.107:6789/0] conn(0x7effc4070430 0x7effc40fe8e0 unknown :-1 s=BANNER_CONNECTING pgs=0 cs=0 l=0 rev1=0 rx=0 tx=0)._handle_peer_banner_payload supported=1 required=0
2024-01-21T07:28:32.558 INFO:teuthology.orchestra.run.smithi107.stderr:/usr/bin/ceph:
2024-01-21T07:28:32.554+0000 7effc9b1f700 1 --2- >> [v2:172.21.15.107:3300/0,v1:172.21.15.107:6789/0] conn(0x7effc4070430 0x7effc40fe8e0 unknown :-1 s=HELLO_CONNECTING pgs=0 cs=0 l=0 rev1=1 rx=0 tx=0).handle_hello peer v2:172.21.15.107:3300/0 says I am v2:172.21.15.107:41656/0 (socket says 172.21.15.107:41656)
2024-01-21T07:28:32.558 INFO:teuthology.orchestra.run.smithi107.stderr:/usr/bin/ceph:
2024-01-21T07:28:32.554+0000 7effc9b1f700 1 -- 172.21.15.107:0/826407436 learned_addr learned my addr 172.21.15.107:0/826407436 (peer_addr_for_me v2:172.21.15.107:0/0)
2024-01-21T07:28:32.558 INFO:teuthology.orchestra.run.smithi107.stderr:/usr/bin/ceph:
2024-01-21T07:28:32.554+0000 7effc9b1f700 1 -- 172.21.15.107:0/826407436 --> [v2:172.21.15.107:3300/0,v1:172.21.15.107:6789/0] -- mon_subscribe({config=0+,monmap=0+}) v3 -- 0x7effc40fef10 con 0x7effc4070430
2024-01-21T07:28:32.558 INFO:teuthology.orchestra.run.smithi107.stderr:/usr/bin/ceph:
2024-01-21T07:28:32.554+0000 7effc9b1f700 1 --2- 172.21.15.107:0/826407436 >> [v2:172.21.15.107:3300/0,v1:172.21.15.107:6789/0] conn(0x7effc4070430 0x7effc40fe8e0 secure :-1 s=READY pgs=22 cs=0 l=1 rev1=1 rx=0x7effc000b5f0 tx=0x7effc0006ee0).ready entity=mon.0 client_cookie=f9c901d2100d10c server_cookie=0 in_seq=0 out_seq=0
2024-01-21T07:28:32.558 INFO:teuthology.orchestra.run.smithi107.stderr:/usr/bin/ceph:
2024-01-21T07:28:32.555+0000 7effc8b1d700 1 -- 172.21.15.107:0/826407436 <== mon.0 v2:172.21.15.107:3300/0 1 ==== mon_map magic: 0 v1 ==== 229+0+0 (secure 0 0 0) 0x7effc000d600 con 0x7effc4070430
2024-01-21T07:28:32.558 INFO:teuthology.orchestra.run.smithi107.stderr:/usr/bin/ceph:
2024-01-21T07:28:32.555+0000 7effc8b1d700 1 -- 172.21.15.107:0/826407436 <== mon.0 v2:172.21.15.107:3300/0 2 ==== config(25 keys) v1 ==== 1010+0+0 (secure 0 0 0) 0x7effc000dbd0 con 0x7effc4070430
2024-01-21T07:28:32.558 INFO:teuthology.orchestra.run.smithi107.stderr:/usr/bin/ceph:
2024-01-21T07:28:32.555+0000 7effc8b1d700 1 -- 172.21.15.107:0/826407436 <== mon.0 v2:172.21.15.107:3300/0 3 ==== mon_map magic: 0 v1 ==== 229+0+0 (secure 0 0 0) 0x7effc0011c00 con 0x7effc4070430
2024-01-21T07:28:32.560 INFO:teuthology.orchestra.run.smithi107.stderr:/usr/bin/ceph:
2024-01-21T07:28:32.555+0000 7effcbd83700 1 -- 172.21.15.107:0/826407436 >> [v2:172.21.15.107:3300/0,v1:172.21.15.107:6789/0] conn(0x7effc4070430 msgr2=0x7effc40fe8e0 secure :-1 s=STATE_CONNECTION_ESTABLISHED l=1).mark_down
2024-01-21T07:28:32.561 INFO:teuthology.orchestra.run.smithi107.stderr:/usr/bin/ceph:
2024-01-21T07:28:32.555+0000 7effcbd83700 1 --2- 172.21.15.107:0/826407436 >> [v2:172.21.15.107:3300/0,v1:172.21.15.107:6789/0] conn(0x7effc4070430 0x7effc40fe8e0 secure :-1 s=READY pgs=22 cs=0 l=1 rev1=1 rx=0x7effc000b5f0 tx=0x7effc0006ee0).stop
2024-01-21T07:28:32.561 INFO:teuthology.orchestra.run.smithi107.stderr:/usr/bin/ceph:
2024-01-21T07:28:32.555+0000 7effcbd83700 1 -- 172.21.15.107:0/826407436 shutdown_connections
2024-01-21T07:28:32.561 INFO:teuthology.orchestra.run.smithi107.stderr:/usr/bin/ceph:
2024-01-21T07:28:32.555+0000 7effcbd83700 1 --2- 172.21.15.107:0/826407436 >> [v2:172.21.15.107:3300/0,v1:172.21.15.107:6789/0] conn(0x7effc4070430 0x7effc40fe8e0 unknown :-1 s=CLOSED pgs=22 cs=0 l=1 rev1=1 rx=0 tx=0).stop
2024-01-21T07:28:32.561 INFO:teuthology.orchestra.run.smithi107.stderr:/usr/bin/ceph:
2024-01-21T07:28:32.555+0000 7effcbd83700 1 -- 172.21.15.107:0/826407436 >> 172.21.15.107:0/826407436 conn(0x7effc40f63c0 msgr2=0x7effc40f87e0 unknown :-1 s=STATE_NONE l=0).mark_down
2024-01-21T07:28:32.561 INFO:teuthology.orchestra.run.smithi107.stderr:/usr/bin/ceph:
2024-01-21T07:28:32.555+0000 7effcbd83700 1 -- 172.21.15.107:0/826407436 shutdown_connections
2024-01-21T07:28:32.561 INFO:teuthology.orchestra.run.smithi107.stderr:/usr/bin/ceph:
2024-01-21T07:28:32.555+0000 7effcbd83700 1 -- 172.21.15.107:0/826407436 wait complete.
2024-01-21T07:28:32.561 INFO:teuthology.orchestra.run.smithi107.stderr:/usr/bin/ceph:
2024-01-21T07:28:32.556+0000 7effcbd83700 1 Processor -- start
2024-01-21T07:28:32.561 INFO:teuthology.orchestra.run.smithi107.stderr:/usr/bin/ceph:
2024-01-21T07:28:32.556+0000 7effcbd83700 1 -- start start
2024-01-21T07:28:32.561 INFO:teuthology.orchestra.run.smithi107.stderr:/usr/bin/ceph:
2024-01-21T07:28:32.556+0000 7effcbd83700 1 --2- >> [v2:172.21.15.107:3300/0,v1:172.21.15.107:6789/0] conn(0x7effc4070430 0x7effc410aa00 unknown :-1 s=NONE pgs=0 cs=0 l=1 rev1=0 rx=0 tx=0).connect
2024-01-21T07:28:32.561 INFO:teuthology.orchestra.run.smithi107.stderr:/usr/bin/ceph:
2024-01-21T07:28:32.556+0000 7effcbd83700 1 -- --> [v2:172.21.15.107:3300/0,v1:172.21.15.107:6789/0] -- mon_getmap magic: 0 v1 -- 0x7effc410aef0 con 0x7effc4070430
2024-01-21T07:28:32.561 INFO:teuthology.orchestra.run.smithi107.stderr:/usr/bin/ceph:
2024-01-21T07:28:32.556+0000 7effc9b1f700 1 --2- >> [v2:172.21.15.107:3300/0,v1:172.21.15.107:6789/0] conn(0x7effc4070430 0x7effc410aa00 unknown :-1 s=BANNER_CONNECTING pgs=0 cs=0 l=1 rev1=0 rx=0 tx=0)._handle_peer_banner_payload supported=1 required=0
2024-01-21T07:28:32.561 INFO:teuthology.orchestra.run.smithi107.stderr:/usr/bin/ceph:
2024-01-21T07:28:32.556+0000 7effc9b1f700 1 --2- >> [v2:172.21.15.107:3300/0,v1:172.21.15.107:6789/0] conn(0x7effc4070430 0x7effc410aa00 unknown :-1 s=HELLO_CONNECTING pgs=0 cs=0 l=1 rev1=1 rx=0 tx=0).handle_hello peer v2:172.21.15.107:3300/0 says I am v2:172.21.15.107:41660/0 (socket says 172.21.15.107:41660)
2024-01-21T07:28:32.561 INFO:teuthology.orchestra.run.smithi107.stderr:/usr/bin/ceph:
2024-01-21T07:28:32.556+0000 7effc9b1f700 1 -- 172.21.15.107:0/354602574 learned_addr learned my addr 172.21.15.107:0/354602574 (peer_addr_for_me v2:172.21.15.107:0/0)
2024-01-21T07:28:32.561 INFO:teuthology.orchestra.run.smithi107.stderr:/usr/bin/ceph:
2024-01-21T07:28:32.556+0000 7effc9b1f700 1 -- 172.21.15.107:0/354602574 --> [v2:172.21.15.107:3300/0,v1:172.21.15.107:6789/0] -- mon_subscribe({config=0+,monmap=0+}) v3 -- 0x7effc000b200 con 0x7effc4070430
2024-01-21T07:28:32.562 INFO:teuthology.orchestra.run.smithi107.stderr:/usr/bin/ceph:
2024-01-21T07:28:32.556+0000 7effc9b1f700 1 --2- 172.21.15.107:0/354602574 >> [v2:172.21.15.107:3300/0,v1:172.21.15.107:6789/0] conn(0x7effc4070430 0x7effc410aa00 secure :-1 s=READY pgs=23 cs=0 l=1 rev1=1 rx=0x7effc000b190 tx=0x7effc0006ee0).ready entity=mon.0 client_cookie=0 server_cookie=0 in_seq=0 out_seq=0
2024-01-21T07:28:32.562 INFO:teuthology.orchestra.run.smithi107.stderr:/usr/bin/ceph:
2024-01-21T07:28:32.557+0000 7effb27fc700 1 -- 172.21.15.107:0/354602574 <== mon.0 v2:172.21.15.107:3300/0 1 ==== mon_map magic: 0 v1 ==== 229+0+0 (secure 0 0 0) 0x7effc001b410 con 0x7effc4070430
2024-01-21T07:28:32.562 INFO:teuthology.orchestra.run.smithi107.stderr:/usr/bin/ceph:
2024-01-21T07:28:32.557+0000 7effb27fc700 1 -- 172.21.15.107:0/354602574 <== mon.0 v2:172.21.15.107:3300/0 2 ==== config(25 keys) v1 ==== 1010+0+0 (secure 0 0 0) 0x7effc001b9e0 con 0x7effc4070430
2024-01-21T07:28:32.562 INFO:teuthology.orchestra.run.smithi107.stderr:/usr/bin/ceph:
2024-01-21T07:28:32.557+0000 7effb27fc700 1 -- 172.21.15.107:0/354602574 <== mon.0 v2:172.21.15.107:3300/0 3 ==== mon_map magic: 0 v1 ==== 229+0+0 (secure 0 0 0) 0x7effc001a880 con 0x7effc4070430
2024-01-21T07:28:32.562 INFO:teuthology.orchestra.run.smithi107.stderr:/usr/bin/ceph:
2024-01-21T07:28:32.557+0000 7effcbd83700 1 -- 172.21.15.107:0/354602574 --> [v2:172.21.15.107:3300/0,v1:172.21.15.107:6789/0] -- mon_subscribe({mgrmap=0+}) v3 -- 0x7effc410b0f0 con 0x7effc4070430
2024-01-21T07:28:32.562 INFO:teuthology.orchestra.run.smithi107.stderr:/usr/bin/ceph:
2024-01-21T07:28:32.557+0000 7effcbd83700 1 -- 172.21.15.107:0/354602574 --> [v2:172.21.15.107:3300/0,v1:172.21.15.107:6789/0] -- mon_subscribe({osdmap=0}) v3 -- 0x7effc410b500 con 0x7effc4070430
2024-01-21T07:28:32.562 INFO:teuthology.orchestra.run.smithi107.stderr:/usr/bin/ceph:
2024-01-21T07:28:32.558+0000 7effb27fc700 1 -- 172.21.15.107:0/354602574 <== mon.0 v2:172.21.15.107:3300/0 4 ==== mgrmap(e 4) v1 ==== 36120+0+0 (secure 0 0 0) 0x7effc000f070 con 0x7effc4070430
2024-01-21T07:28:32.562 INFO:teuthology.orchestra.run.smithi107.stderr:/usr/bin/ceph:
2024-01-21T07:28:32.558+0000 7effb27fc700 1 --2- 172.21.15.107:0/354602574 >> [v2:172.21.15.107:6800/553526196,v1:172.21.15.107:6801/553526196] conn(0x7effac02fd50 0x7effac032210 unknown :-1 s=NONE pgs=0 cs=0 l=1 rev1=0 rx=0 tx=0).connect
2024-01-21T07:28:32.562 INFO:teuthology.orchestra.run.smithi107.stderr:/usr/bin/ceph:
2024-01-21T07:28:32.558+0000 7effb27fc700 1 -- 172.21.15.107:0/354602574 --> [v2:172.21.15.107:6800/553526196,v1:172.21.15.107:6801/553526196] -- command(tid 0: {"prefix": "get_command_descriptions"}) v1 -- 0x7effac0328d0 con 0x7effac02fd50
2024-01-21T07:28:32.562 INFO:teuthology.orchestra.run.smithi107.stderr:/usr/bin/ceph:
2024-01-21T07:28:32.558+0000 7effc931e700 1 -- 172.21.15.107:0/354602574 >> [v2:172.21.15.107:6800/553526196,v1:172.21.15.107:6801/553526196] conn(0x7effac02fd50 msgr2=0x7effac032210 unknown :-1 s=STATE_CONNECTING_RE l=1).process reconnect failed to v2:172.21.15.107:6800/553526196
2024-01-21T07:28:32.562 INFO:teuthology.orchestra.run.smithi107.stderr:/usr/bin/ceph:
2024-01-21T07:28:32.558+0000 7effb27fc700 1 -- 172.21.15.107:0/354602574 <== mon.0 v2:172.21.15.107:3300/0 5 ==== osd_map(1..1 src has 1..1) v4 ==== 754+0+0 (secure 0 0 0) 0x7effc0041210 con 0x7effc4070430
2024-01-21T07:28:32.562 INFO:teuthology.orchestra.run.smithi107.stderr:/usr/bin/ceph:
2024-01-21T07:28:32.558+0000 7effc931e700 1 --2- 172.21.15.107:0/354602574 >> [v2:172.21.15.107:6800/553526196,v1:172.21.15.107:6801/553526196] conn(0x7effac02fd50 0x7effac032210 unknown :-1 s=START_CONNECT pgs=0 cs=0 l=1 rev1=0 rx=0 tx=0)._fault waiting 0.200000
2024-01-21T07:28:32.761 INFO:teuthology.orchestra.run.smithi107.stderr:/usr/bin/ceph:
2024-01-21T07:28:32.759+0000 7effc931e700 1 -- 172.21.15.107:0/354602574 >> [v2:172.21.15.107:6800/553526196,v1:172.21.15.107:6801/553526196] conn(0x7effac02fd50 msgr2=0x7effac032210 unknown :-1 s=STATE_CONNECTING_RE l=1).process reconnect failed to v2:172.21.15.107:6800/553526196
2024-01-21T07:28:32.761 INFO:teuthology.orchestra.run.smithi107.stderr:/usr/bin/ceph:
2024-01-21T07:28:32.759+0000 7effc931e700 1 --2- 172.21.15.107:0/354602574 >> [v2:172.21.15.107:6800/553526196,v1:172.21.15.107:6801/553526196] conn(0x7effac02fd50 0x7effac032210 unknown :-1 s=START_CONNECT pgs=0 cs=0 l=1 rev1=0 rx=0 tx=0)._fault waiting 0.400000
2024-01-21T07:28:33.162 INFO:teuthology.orchestra.run.smithi107.stderr:/usr/bin/ceph:
2024-01-21T07:28:33.160+0000 7effc931e700 1 -- 172.21.15.107:0/354602574 >> [v2:172.21.15.107:6800/553526196,v1:172.21.15.107:6801/553526196] conn(0x7effac02fd50 msgr2=0x7effac032210 unknown :-1 s=STATE_CONNECTING_RE l=1).process reconnect failed to v2:172.21.15.107:6800/553526196
2024-01-21T07:28:33.162 INFO:teuthology.orchestra.run.smithi107.stderr:/usr/bin/ceph:
2024-01-21T07:28:33.160+0000 7effc931e700 1 --2- 172.21.15.107:0/354602574 >> [v2:172.21.15.107:6800/553526196,v1:172.21.15.107:6801/553526196] conn(0x7effac02fd50 0x7effac032210 unknown :-1 s=START_CONNECT pgs=0 cs=0 l=1 rev1=0 rx=0 tx=0)._fault waiting 0.800000
2024-01-21T07:28:33.963 INFO:teuthology.orchestra.run.smithi107.stderr:/usr/bin/ceph:
2024-01-21T07:28:33.961+0000 7effc931e700 1 -- 172.21.15.107:0/354602574 >> [v2:172.21.15.107:6800/553526196,v1:172.21.15.107:6801/553526196] conn(0x7effac02fd50 msgr2=0x7effac032210 unknown :-1 s=STATE_CONNECTING_RE l=1).process reconnect failed to v2:172.21.15.107:6800/553526196
2024-01-21T07:28:33.963 INFO:teuthology.orchestra.run.smithi107.stderr:/usr/bin/ceph:
2024-01-21T07:28:33.961+0000 7effc931e700 1 --2- 172.21.15.107:0/354602574 >> [v2:172.21.15.107:6800/553526196,v1:172.21.15.107:6801/553526196] conn(0x7effac02fd50 0x7effac032210 unknown :-1 s=START_CONNECT pgs=0 cs=0 l=1 rev1=0 rx=0 tx=0)._fault waiting 1.600000
2024-01-21T07:28:35.565 INFO:teuthology.orchestra.run.smithi107.stderr:/usr/bin/ceph:
2024-01-21T07:28:35.562+0000 7effc931e700 1 -- 172.21.15.107:0/354602574 >> [v2:172.21.15.107:6800/553526196,v1:172.21.15.107:6801/553526196] conn(0x7effac02fd50 msgr2=0x7effac032210 unknown :-1 s=STATE_CONNECTING_RE l=1).process reconnect failed to v2:172.21.15.107:6800/553526196
2024-01-21T07:28:35.565 INFO:teuthology.orchestra.run.smithi107.stderr:/usr/bin/ceph:
2024-01-21T07:28:35.562+0000 7effc931e700 1 --2- 172.21.15.107:0/354602574 >> [v2:172.21.15.107:6800/553526196,v1:172.21.15.107:6801/553526196] conn(0x7effac02fd50 0x7effac032210 unknown :-1 s=START_CONNECT pgs=0 cs=0 l=1 rev1=0 rx=0 tx=0)._fault waiting 3.200000
2024-01-21T07:28:35.929 INFO:teuthology.orchestra.run.smithi107.stderr:/usr/bin/ceph:
2024-01-21T07:28:35.926+0000 7effb27fc700 1 -- 172.21.15.107:0/354602574 <== mon.0 v2:172.21.15.107:3300/0 6 ==== mgrmap(e 5) v1 ==== 35970+0+0 (secure 0 0 0) 0x7effc001b570 con 0x7effc4070430
2024-01-21T07:28:35.929 INFO:teuthology.orchestra.run.smithi107.stderr:/usr/bin/ceph:
2024-01-21T07:28:35.927+0000 7effb27fc700 1 -- 172.21.15.107:0/354602574 >> [v2:172.21.15.107:6800/553526196,v1:172.21.15.107:6801/553526196] conn(0x7effac02fd50 msgr2=0x7effac032210 unknown :-1 s=STATE_CONNECTING l=1).mark_down
2024-01-21T07:28:35.929 INFO:teuthology.orchestra.run.smithi107.stderr:/usr/bin/ceph:
2024-01-21T07:28:35.927+0000 7effb27fc700 1 --2- 172.21.15.107:0/354602574 >> [v2:172.21.15.107:6800/553526196,v1:172.21.15.107:6801/553526196] conn(0x7effac02fd50 0x7effac032210 unknown :-1 s=START_CONNECT pgs=0 cs=0 l=1 rev1=0 rx=0 tx=0).stop
2024-01-21T07:28:36.315 INFO:journalctl@ceph.mon.smithi107.smithi107.stdout:Jan 21 07:28:35 smithi107 ceph-962f5a9a-b82e-11ee-95b0-87774f69a715-mon.smithi107[38761]: cluster
2024-01-21T07:28:35.876018+0000 mon.smithi107 (mon.0) 28 : cluster [INF] Active manager daemon smithi107.adejht restarted
2024-01-21T07:28:36.315 INFO:journalctl@ceph.mon.smithi107.smithi107.stdout:Jan 21 07:28:35 smithi107 ceph-962f5a9a-b82e-11ee-95b0-87774f69a715-mon.smithi107[38761]: cluster
2024-01-21T07:28:35.876398+0000 mon.smithi107 (mon.0) 29 : cluster [INF] Activating manager daemon smithi107.adejht
2024-01-21T07:28:36.315 INFO:journalctl@ceph.mon.smithi107.smithi107.stdout:Jan 21 07:28:35 smithi107 ceph-962f5a9a-b82e-11ee-95b0-87774f69a715-mon.smithi107[38761]: cluster
2024-01-21T07:28:35.878062+0000 mon.smithi107 (mon.0) 30 : cluster [DBG] osdmap e2: 0 total, 0 up, 0 in
2024-01-21T07:28:36.937 INFO:teuthology.orchestra.run.smithi107.stderr:/usr/bin/ceph:
2024-01-21T07:28:36.933+0000 7effb27fc700 1 -- 172.21.15.107:0/354602574 <== mon.0 v2:172.21.15.107:3300/0 7 ==== mgrmap(e 6) v1 ==== 36040+0+0 (secure 0 0 0) 0x7effc0042f60 con 0x7effc4070430
2024-01-21T07:28:36.937 INFO:teuthology.orchestra.run.smithi107.stderr:/usr/bin/ceph:
2024-01-21T07:28:36.933+0000 7effb27fc700 1 --2- 172.21.15.107:0/354602574 >> [v2:172.21.15.107:6800/1859130614,v1:172.21.15.107:6801/1859130614] conn(0x7effac033820 0x7effac035c10 unknown :-1 s=NONE pgs=0 cs=0 l=1 rev1=0 rx=0 tx=0).connect
2024-01-21T07:28:36.937 INFO:teuthology.orchestra.run.smithi107.stderr:/usr/bin/ceph:
2024-01-21T07:28:36.934+0000 7effb27fc700 1 -- 172.21.15.107:0/354602574 --> [v2:172.21.15.107:6800/1859130614,v1:172.21.15.107:6801/1859130614] -- command(tid 0: {"prefix": "get_command_descriptions"}) v1 -- 0x7effac0328d0 con 0x7effac033820
2024-01-21T07:28:36.937 INFO:teuthology.orchestra.run.smithi107.stderr:/usr/bin/ceph:
2024-01-21T07:28:36.934+0000 7effc931e700 1 --2- 172.21.15.107:0/354602574 >> [v2:172.21.15.107:6800/1859130614,v1:172.21.15.107:6801/1859130614] conn(0x7effac033820 0x7effac035c10 unknown :-1 s=BANNER_CONNECTING pgs=0 cs=0 l=1 rev1=0 rx=0 tx=0)._handle_peer_banner_payload supported=1 required=0
2024-01-21T07:28:36.937 INFO:teuthology.orchestra.run.smithi107.stderr:/usr/bin/ceph:
2024-01-21T07:28:36.935+0000 7effc931e700 1 --2- 172.21.15.107:0/354602574 >> [v2:172.21.15.107:6800/1859130614,v1:172.21.15.107:6801/1859130614] conn(0x7effac033820 0x7effac035c10 secure :-1 s=READY pgs=2 cs=0 l=1 rev1=1 rx=0x7effb4006fd0 tx=0x7effb4006cf0).ready entity=mgr.14114 client_cookie=0 server_cookie=0 in_seq=0 out_seq=0
2024-01-21T07:28:36.938 INFO:teuthology.orchestra.run.smithi107.stderr:/usr/bin/ceph:
2024-01-21T07:28:36.936+0000 7effb27fc700 1 -- 172.21.15.107:0/354602574 <== mgr.14114 v2:172.21.15.107:6800/1859130614 1 ==== command_reply(tid 0: 0 ) v1 ==== 8+0+6438 (secure 0 0 0) 0x7effac0328d0 con 0x7effac033820
2024-01-21T07:28:36.947 INFO:teuthology.orchestra.run.smithi107.stderr:/usr/bin/ceph:
2024-01-21T07:28:36.944+0000 7effcbd83700 1 -- 172.21.15.107:0/354602574 --> [v2:172.21.15.107:6800/1859130614,v1:172.21.15.107:6801/1859130614] -- command(tid 1: {"prefix": "mgr_status"}) v1 -- 0x7effc4059100 con 0x7effac033820
2024-01-21T07:28:36.947 INFO:teuthology.orchestra.run.smithi107.stderr:/usr/bin/ceph:
2024-01-21T07:28:36.944+0000 7effb27fc700 1 -- 172.21.15.107:0/354602574 <== mgr.14114 v2:172.21.15.107:6800/1859130614 2 ==== command_reply(tid 1: 0 ) v1 ==== 8+0+51 (secure 0 0 0) 0x7effc4059100 con 0x7effac033820
2024-01-21T07:28:36.947 INFO:teuthology.orchestra.run.smithi107.stderr:/usr/bin/ceph: {
2024-01-21T07:28:36.947 INFO:teuthology.orchestra.run.smithi107.stderr:/usr/bin/ceph: "mgrmap_epoch": 6,
2024-01-21T07:28:36.947 INFO:teuthology.orchestra.run.smithi107.stderr:/usr/bin/ceph: "initialized": true
2024-01-21T07:28:36.947 INFO:teuthology.orchestra.run.smithi107.stderr:/usr/bin/ceph: }
2024-01-21T07:28:36.948 INFO:teuthology.orchestra.run.smithi107.stderr:/usr/bin/ceph:
2024-01-21T07:28:36.944+0000 7effcbd83700 1 -- 172.21.15.107:0/354602574 >> [v2:172.21.15.107:6800/1859130614,v1:172.21.15.107:6801/1859130614] conn(0x7effac033820 msgr2=0x7effac035c10 secure :-1 s=STATE_CONNECTION_ESTABLISHED l=1).mark_down
2024-01-21T07:28:36.948 INFO:teuthology.orchestra.run.smithi107.stderr:/usr/bin/ceph:
2024-01-21T07:28:36.944+0000 7effcbd83700 1 --2- 172.21.15.107:0/354602574 >> [v2:172.21.15.107:6800/1859130614,v1:172.21.15.107:6801/1859130614] conn(0x7effac033820 0x7effac035c10 secure :-1 s=READY pgs=2 cs=0 l=1 rev1=1 rx=0x7effb4006fd0 tx=0x7effb4006cf0).stop
2024-01-21T07:28:36.949 INFO:teuthology.orchestra.run.smithi107.stderr:/usr/bin/ceph:
2024-01-21T07:28:36.944+0000 7effcbd83700 1 -- 172.21.15.107:0/354602574 >> [v2:172.21.15.107:3300/0,v1:172.21.15.107:6789/0] conn(0x7effc4070430 msgr2=0x7effc410aa00 secure :-1 s=STATE_CONNECTION_ESTABLISHED l=1).mark_down
2024-01-21T07:28:36.949 INFO:teuthology.orchestra.run.smithi107.stderr:/usr/bin/ceph:
2024-01-21T07:28:36.944+0000 7effcbd83700 1 --2- 172.21.15.107:0/354602574 >> [v2:172.21.15.107:3300/0,v1:172.21.15.107:6789/0] conn(0x7effc4070430 0x7effc410aa00 secure :-1 s=READY pgs=23 cs=0 l=1 rev1=1 rx=0x7effc000b190 tx=0x7effc0006ee0).stop
2024-01-21T07:28:36.949 INFO:teuthology.orchestra.run.smithi107.stderr:/usr/bin/ceph:
2024-01-21T07:28:36.945+0000 7effcbd83700 1 -- 172.21.15.107:0/354602574 shutdown_connections
2024-01-21T07:28:36.949 INFO:teuthology.orchestra.run.smithi107.stderr:/usr/bin/ceph:
2024-01-21T07:28:36.945+0000 7effcbd83700 1 --2- 172.21.15.107:0/354602574 >> [v2:172.21.15.107:6800/1859130614,v1:172.21.15.107:6801/1859130614] conn(0x7effac033820 0x7effac035c10 unknown :-1 s=CLOSED pgs=2 cs=0 l=1 rev1=1 rx=0 tx=0).stop
2024-01-21T07:28:36.949 INFO:teuthology.orchestra.run.smithi107.stderr:/usr/bin/ceph:
2024-01-21T07:28:36.945+0000 7effcbd83700 1 --2- 172.21.15.107:0/354602574 >> [v2:172.21.15.107:3300/0,v1:172.21.15.107:6789/0] conn(0x7effc4070430 0x7effc410aa00 unknown :-1 s=CLOSED pgs=23 cs=0 l=1 rev1=1 rx=0 tx=0).stop
2024-01-21T07:28:36.949 INFO:teuthology.orchestra.run.smithi107.stderr:/usr/bin/ceph:
2024-01-21T07:28:36.945+0000 7effcbd83700 1 --2- 172.21.15.107:0/354602574 >> [v2:172.21.15.107:6800/553526196,v1:172.21.15.107:6801/553526196] conn(0x7effac02fd50 0x7effac032210 unknown :-1 s=CLOSED pgs=0 cs=0 l=1 rev1=0 rx=0 tx=0).stop
2024-01-21T07:28:36.949 INFO:teuthology.orchestra.run.smithi107.stderr:/usr/bin/ceph:
2024-01-21T07:28:36.945+0000 7effcbd83700 1 -- 172.21.15.107:0/354602574 >> 172.21.15.107:0/354602574 conn(0x7effc40f63c0 msgr2=0x7effc40f7f20 unknown :-1 s=STATE_NONE l=0).mark_down
2024-01-21T07:28:36.949 INFO:teuthology.orchestra.run.smithi107.stderr:/usr/bin/ceph:
2024-01-21T07:28:36.945+0000 7effcbd83700 1 -- 172.21.15.107:0/354602574 shutdown_connections
2024-01-21T07:28:36.949 INFO:teuthology.orchestra.run.smithi107.stderr:/usr/bin/ceph:
