2024-01-21T07:28:45.669+0000 7fe0757fa700 1 -- 172.21.15.107:0/2641725028 <== mon.0 v2:172.21.15.107:3300/0 4 ==== mgrmap(e 7) v1 ==== 36120+0+0 (secure 0 0 0) 0x7fe06c00f070 con 0x7fe0780fa9d0
2024-01-21T07:28:45.850 INFO:teuthology.orchestra.run.smithi107.stderr:/usr/bin/ceph:
2024-01-21T07:28:45.669+0000 7fe0757fa700 1 --2- 172.21.15.107:0/2641725028 >> [v2:172.21.15.107:6800/1859130614,v1:172.21.15.107:6801/1859130614] conn(0x7fe05c02fd50 0x7fe05c032210 unknown :-1 s=NONE pgs=0 cs=0 l=1 rev1=0 rx=0 tx=0).connect
2024-01-21T07:28:45.850 INFO:teuthology.orchestra.run.smithi107.stderr:/usr/bin/ceph:
2024-01-21T07:28:45.669+0000 7fe0757fa700 1 -- 172.21.15.107:0/2641725028 <== mon.0 v2:172.21.15.107:3300/0 5 ==== osd_map(2..2 src has 1..2) v4 ==== 926+0+0 (secure 0 0 0) 0x7fe06c041ac0 con 0x7fe0780fa9d0
2024-01-21T07:28:45.850 INFO:teuthology.orchestra.run.smithi107.stderr:/usr/bin/ceph:
2024-01-21T07:28:45.669+0000 7fe077fff700 1 --2- 172.21.15.107:0/2641725028 >> [v2:172.21.15.107:6800/1859130614,v1:172.21.15.107:6801/1859130614] conn(0x7fe05c02fd50 0x7fe05c032210 unknown :-1 s=BANNER_CONNECTING pgs=0 cs=0 l=1 rev1=0 rx=0 tx=0)._handle_peer_banner_payload supported=1 required=0
2024-01-21T07:28:45.850 INFO:teuthology.orchestra.run.smithi107.stderr:/usr/bin/ceph:
2024-01-21T07:28:45.669+0000 7fe077fff700 1 --2- 172.21.15.107:0/2641725028 >> [v2:172.21.15.107:6800/1859130614,v1:172.21.15.107:6801/1859130614] conn(0x7fe05c02fd50 0x7fe05c032210 secure :-1 s=READY pgs=11 cs=0 l=1 rev1=1 rx=0x7fe0640096a0 tx=0x7fe064006b40).ready entity=mgr.14114 client_cookie=0 server_cookie=0 in_seq=0 out_seq=0
2024-01-21T07:28:45.850 INFO:teuthology.orchestra.run.smithi107.stderr:/usr/bin/ceph:
2024-01-21T07:28:45.673+0000 7fe0757fa700 1 -- 172.21.15.107:0/2641725028 <== mon.0 v2:172.21.15.107:3300/0 6 ==== mon_command_ack([{"prefix": "get_command_descriptions"}]=0 v0) v1 ==== 72+0+152212 (secure 0 0 0) 0x7fe06c023d60 con 0x7fe0780fa9d0
2024-01-21T07:28:45.854 INFO:teuthology.orchestra.run.smithi107.stderr:/usr/bin/ceph:
2024-01-21T07:28:45.852+0000 7fe07dc3a700 1 -- 172.21.15.107:0/2641725028 --> [v2:172.21.15.107:6800/1859130614,v1:172.21.15.107:6801/1859130614] -- mgr_command(tid 0: {"prefix": "orch apply", "service_type": "mon", "target": ["mon-mgr", ""]}) v1 -- 0x7fe078057f10 con 0x7fe05c02fd50
2024-01-21T07:28:45.858 INFO:teuthology.orchestra.run.smithi107.stderr:/usr/bin/ceph:
2024-01-21T07:28:45.856+0000 7fe0757fa700 1 -- 172.21.15.107:0/2641725028 <== mgr.14114 v2:172.21.15.107:6800/1859130614 1 ==== mgr_command_reply(tid 0: 0 ) v1 ==== 8+0+24 (secure 0 0 0) 0x7fe078057f10 con 0x7fe05c02fd50
2024-01-21T07:28:45.858 INFO:teuthology.orchestra.run.smithi107.stderr:/usr/bin/ceph: Scheduled mon update...
2024-01-21T07:28:45.861 INFO:teuthology.orchestra.run.smithi107.stderr:/usr/bin/ceph:
2024-01-21T07:28:45.858+0000 7fe07dc3a700 1 -- 172.21.15.107:0/2641725028 >> [v2:172.21.15.107:6800/1859130614,v1:172.21.15.107:6801/1859130614] conn(0x7fe05c02fd50 msgr2=0x7fe05c032210 secure :-1 s=STATE_CONNECTION_ESTABLISHED l=1).mark_down
2024-01-21T07:28:45.861 INFO:teuthology.orchestra.run.smithi107.stderr:/usr/bin/ceph:
2024-01-21T07:28:45.858+0000 7fe07dc3a700 1 --2- 172.21.15.107:0/2641725028 >> [v2:172.21.15.107:6800/1859130614,v1:172.21.15.107:6801/1859130614] conn(0x7fe05c02fd50 0x7fe05c032210 secure :-1 s=READY pgs=11 cs=0 l=1 rev1=1 rx=0x7fe0640096a0 tx=0x7fe064006b40).stop
2024-01-21T07:28:45.861 INFO:teuthology.orchestra.run.smithi107.stderr:/usr/bin/ceph:
2024-01-21T07:28:45.858+0000 7fe07dc3a700 1 -- 172.21.15.107:0/2641725028 >> [v2:172.21.15.107:3300/0,v1:172.21.15.107:6789/0] conn(0x7fe0780fa9d0 msgr2=0x7fe07810d550 secure :-1 s=STATE_CONNECTION_ESTABLISHED l=1).mark_down
2024-01-21T07:28:45.861 INFO:teuthology.orchestra.run.smithi107.stderr:/usr/bin/ceph:
2024-01-21T07:28:45.858+0000 7fe07dc3a700 1 --2- 172.21.15.107:0/2641725028 >> [v2:172.21.15.107:3300/0,v1:172.21.15.107:6789/0] conn(0x7fe0780fa9d0 0x7fe07810d550 secure :-1 s=READY pgs=40 cs=0 l=1 rev1=1 rx=0x7fe06c00e040 tx=0x7fe06c006ee0).stop
2024-01-21T07:28:45.861 INFO:teuthology.orchestra.run.smithi107.stderr:/usr/bin/ceph:
2024-01-21T07:28:45.858+0000 7fe07dc3a700 1 -- 172.21.15.107:0/2641725028 shutdown_connections
2024-01-21T07:28:45.861 INFO:teuthology.orchestra.run.smithi107.stderr:/usr/bin/ceph:
2024-01-21T07:28:45.858+0000 7fe07dc3a700 1 --2- 172.21.15.107:0/2641725028 >> [v2:172.21.15.107:6800/1859130614,v1:172.21.15.107:6801/1859130614] conn(0x7fe05c02fd50 0x7fe05c032210 unknown :-1 s=CLOSED pgs=11 cs=0 l=1 rev1=1 rx=0 tx=0).stop
2024-01-21T07:28:45.861 INFO:teuthology.orchestra.run.smithi107.stderr:/usr/bin/ceph:
2024-01-21T07:28:45.858+0000 7fe07dc3a700 1 --2- 172.21.15.107:0/2641725028 >> [v2:172.21.15.107:3300/0,v1:172.21.15.107:6789/0] conn(0x7fe0780fa9d0 0x7fe07810d550 unknown :-1 s=CLOSED pgs=40 cs=0 l=1 rev1=1 rx=0 tx=0).stop
2024-01-21T07:28:45.861 INFO:teuthology.orchestra.run.smithi107.stderr:/usr/bin/ceph:
2024-01-21T07:28:45.858+0000 7fe07dc3a700 1 -- 172.21.15.107:0/2641725028 >> 172.21.15.107:0/2641725028 conn(0x7fe0780f6210 msgr2=0x7fe0780f7d10 unknown :-1 s=STATE_NONE l=0).mark_down
2024-01-21T07:28:45.861 INFO:teuthology.orchestra.run.smithi107.stderr:/usr/bin/ceph:
2024-01-21T07:28:45.858+0000 7fe07dc3a700 1 -- 172.21.15.107:0/2641725028 shutdown_connections
2024-01-21T07:28:45.861 INFO:teuthology.orchestra.run.smithi107.stderr:/usr/bin/ceph:
2024-01-21T07:28:45.858+0000 7fe07dc3a700 1 -- 172.21.15.107:0/2641725028 wait complete.
2024-01-21T07:28:47.315 INFO:journalctl@ceph.mon.smithi107.smithi107.stdout:Jan 21 07:28:46 smithi107 ceph-962f5a9a-b82e-11ee-95b0-87774f69a715-mon.smithi107[38761]: audit
2024-01-21T07:28:45.854560+0000 mgr.smithi107.adejht (mgr.14114) 10 : audit [DBG] from='client.14134 -' entity='client.admin' cmd=[{"prefix": "orch apply", "service_type": "mon", "target": ["mon-mgr", ""]}]: dispatch
2024-01-21T07:28:47.316 INFO:journalctl@ceph.mon.smithi107.smithi107.stdout:Jan 21 07:28:46 smithi107 ceph-962f5a9a-b82e-11ee-95b0-87774f69a715-mon.smithi107[38761]: cephadm
2024-01-21T07:28:45.855255+0000 mgr.smithi107.adejht (mgr.14114) 11 : cephadm [INF] Saving service mon spec with placement count:5
2024-01-21T07:28:47.316 INFO:journalctl@ceph.mon.smithi107.smithi107.stdout:Jan 21 07:28:46 smithi107 ceph-962f5a9a-b82e-11ee-95b0-87774f69a715-mon.smithi107[38761]: audit
2024-01-21T07:28:45.857404+0000 mon.smithi107 (mon.0) 55 : audit [INF] from='mgr.14114 172.21.15.107:0/4020153640' entity='mgr.smithi107.adejht'
2024-01-21T07:28:47.558 INFO:teuthology.orchestra.run.smithi107.stderr:Deploying mgr service with default placement...
2024-01-21T07:28:47.558 INFO:teuthology.orchestra.run.smithi107.stderr:Running command: /bin/podman run --rm --ipc=host --no-hosts --net=host --entrypoint /usr/bin/ceph --init -e CONTAINER_IMAGE=docker.io/ceph/ceph:v16.2.4 -e NODE_NAME=smithi107 -e CEPH_USE_RANDOM_NONCE=1 -v /var/log/ceph/962f5a9a-b82e-11ee-95b0-87774f69a715:/var/log/ceph:z -v /tmp/ceph-tmp9v9j9ro4:/etc/ceph/ceph.client.admin.keyring:z -v /tmp/ceph-tmpcnfa6skr:/etc/ceph/ceph.conf:z docker.io/ceph/ceph:v16.2.4 orch apply mgr
2024-01-21T07:28:49.014 INFO:teuthology.orchestra.run.smithi107.stderr:/usr/bin/ceph:
2024-01-21T07:28:48.972+0000 7f52a8980700 1 Processor -- start
2024-01-21T07:28:49.018 INFO:teuthology.orchestra.run.smithi107.stderr:/usr/bin/ceph:
2024-01-21T07:28:48.972+0000 7f52a8980700 1 -- start start
2024-01-21T07:28:49.018 INFO:teuthology.orchestra.run.smithi107.stderr:/usr/bin/ceph:
2024-01-21T07:28:48.972+0000 7f52a8980700 1 --2- >> [v2:172.21.15.107:3300/0,v1:172.21.15.107:6789/0] conn(0x7f52a40fab80 0x7f52a40fafa0 unknown :-1 s=NONE pgs=0 cs=0 l=0 rev1=0 rx=0 tx=0).connect
2024-01-21T07:28:49.018 INFO:teuthology.orchestra.run.smithi107.stderr:/usr/bin/ceph:
2024-01-21T07:28:48.972+0000 7f52a8980700 1 -- --> [v2:172.21.15.107:3300/0,v1:172.21.15.107:6789/0] -- mon_getmap magic: 0 v1 -- 0x7f52a40fb490 con 0x7f52a40fab80
2024-01-21T07:28:49.018 INFO:teuthology.orchestra.run.smithi107.stderr:/usr/bin/ceph:
2024-01-21T07:28:48.973+0000 7f52a259c700 1 --2- >> [v2:172.21.15.107:3300/0,v1:172.21.15.107:6789/0] conn(0x7f52a40fab80 0x7f52a40fafa0 unknown :-1 s=BANNER_CONNECTING pgs=0 cs=0 l=0 rev1=0 rx=0 tx=0)._handle_peer_banner_payload supported=1 required=0
2024-01-21T07:28:49.019 INFO:teuthology.orchestra.run.smithi107.stderr:/usr/bin/ceph:
2024-01-21T07:28:48.973+0000 7f52a259c700 1 --2- >> [v2:172.21.15.107:3300/0,v1:172.21.15.107:6789/0] conn(0x7f52a40fab80 0x7f52a40fafa0 unknown :-1 s=HELLO_CONNECTING pgs=0 cs=0 l=0 rev1=1 rx=0 tx=0).handle_hello peer v2:172.21.15.107:3300/0 says I am v2:172.21.15.107:48528/0 (socket says 172.21.15.107:48528)
2024-01-21T07:28:49.019 INFO:teuthology.orchestra.run.smithi107.stderr:/usr/bin/ceph:
2024-01-21T07:28:48.973+0000 7f52a259c700 1 -- 172.21.15.107:0/802812468 learned_addr learned my addr 172.21.15.107:0/802812468 (peer_addr_for_me v2:172.21.15.107:0/0)
2024-01-21T07:28:49.019 INFO:teuthology.orchestra.run.smithi107.stderr:/usr/bin/ceph:
2024-01-21T07:28:48.973+0000 7f52a259c700 1 -- 172.21.15.107:0/802812468 --> [v2:172.21.15.107:3300/0,v1:172.21.15.107:6789/0] -- mon_subscribe({config=0+,monmap=0+}) v3 -- 0x7f52a40fb5d0 con 0x7f52a40fab80
2024-01-21T07:28:49.019 INFO:teuthology.orchestra.run.smithi107.stderr:/usr/bin/ceph:
2024-01-21T07:28:48.973+0000 7f52a259c700 1 --2- 172.21.15.107:0/802812468 >> [v2:172.21.15.107:3300/0,v1:172.21.15.107:6789/0] conn(0x7f52a40fab80 0x7f52a40fafa0 secure :-1 s=READY pgs=41 cs=0 l=1 rev1=1 rx=0x7f5294009960 tx=0x7f52940092d0).ready entity=mon.0 client_cookie=466f398d469b189a server_cookie=0 in_seq=0 out_seq=0
2024-01-21T07:28:49.019 INFO:teuthology.orchestra.run.smithi107.stderr:/usr/bin/ceph:
2024-01-21T07:28:48.973+0000 7f52a159a700 1 -- 172.21.15.107:0/802812468 <== mon.0 v2:172.21.15.107:3300/0 1 ==== mon_map magic: 0 v1 ==== 229+0+0 (secure 0 0 0) 0x7f529400b9c0 con 0x7f52a40fab80
2024-01-21T07:28:49.019 INFO:teuthology.orchestra.run.smithi107.stderr:/usr/bin/ceph:
2024-01-21T07:28:48.973+0000 7f52a159a700 1 -- 172.21.15.107:0/802812468 <== mon.0 v2:172.21.15.107:3300/0 2 ==== config(25 keys) v1 ==== 1010+0+0 (secure 0 0 0) 0x7f5294011400 con 0x7f52a40fab80
2024-01-21T07:28:49.019 INFO:teuthology.orchestra.run.smithi107.stderr:/usr/bin/ceph:
2024-01-21T07:28:48.973+0000 7f52a159a700 1 -- 172.21.15.107:0/802812468 <== mon.0 v2:172.21.15.107:3300/0 3 ==== mon_map magic: 0 v1 ==== 229+0+0 (secure 0 0 0) 0x7f52940103a0 con 0x7f52a40fab80
2024-01-21T07:28:49.019 INFO:teuthology.orchestra.run.smithi107.stderr:/usr/bin/ceph:
2024-01-21T07:28:48.974+0000 7f52a8980700 1 -- 172.21.15.107:0/802812468 >> [v2:172.21.15.107:3300/0,v1:172.21.15.107:6789/0] conn(0x7f52a40fab80 msgr2=0x7f52a40fafa0 secure :-1 s=STATE_CONNECTION_ESTABLISHED l=1).mark_down
2024-01-21T07:28:49.019 INFO:teuthology.orchestra.run.smithi107.stderr:/usr/bin/ceph:
2024-01-21T07:28:48.974+0000 7f52a8980700 1 --2- 172.21.15.107:0/802812468 >> [v2:172.21.15.107:3300/0,v1:172.21.15.107:6789/0] conn(0x7f52a40fab80 0x7f52a40fafa0 secure :-1 s=READY pgs=41 cs=0 l=1 rev1=1 rx=0x7f5294009960 tx=0x7f52940092d0).stop
2024-01-21T07:28:49.019 INFO:teuthology.orchestra.run.smithi107.stderr:/usr/bin/ceph:
2024-01-21T07:28:48.974+0000 7f52a8980700 1 -- 172.21.15.107:0/802812468 shutdown_connections
2024-01-21T07:28:49.019 INFO:teuthology.orchestra.run.smithi107.stderr:/usr/bin/ceph:
2024-01-21T07:28:48.974+0000 7f52a8980700 1 --2- 172.21.15.107:0/802812468 >> [v2:172.21.15.107:3300/0,v1:172.21.15.107:6789/0] conn(0x7f52a40fab80 0x7f52a40fafa0 unknown :-1 s=CLOSED pgs=41 cs=0 l=1 rev1=1 rx=0 tx=0).stop
2024-01-21T07:28:49.019 INFO:teuthology.orchestra.run.smithi107.stderr:/usr/bin/ceph:
2024-01-21T07:28:48.974+0000 7f52a8980700 1 -- 172.21.15.107:0/802812468 >> 172.21.15.107:0/802812468 conn(0x7f52a40f63c0 msgr2=0x7f52a40f87e0 unknown :-1 s=STATE_NONE l=0).mark_down
2024-01-21T07:28:49.019 INFO:teuthology.orchestra.run.smithi107.stderr:/usr/bin/ceph:
2024-01-21T07:28:48.974+0000 7f52a8980700 1 -- 172.21.15.107:0/802812468 shutdown_connections
2024-01-21T07:28:49.019 INFO:teuthology.orchestra.run.smithi107.stderr:/usr/bin/ceph:
2024-01-21T07:28:48.974+0000 7f52a8980700 1 -- 172.21.15.107:0/802812468 wait complete.
2024-01-21T07:28:49.020 INFO:teuthology.orchestra.run.smithi107.stderr:/usr/bin/ceph:
2024-01-21T07:28:48.974+0000 7f52a8980700 1 Processor -- start
2024-01-21T07:28:49.020 INFO:teuthology.orchestra.run.smithi107.stderr:/usr/bin/ceph:
2024-01-21T07:28:48.974+0000 7f52a8980700 1 -- start start
2024-01-21T07:28:49.020 INFO:teuthology.orchestra.run.smithi107.stderr:/usr/bin/ceph:
2024-01-21T07:28:48.974+0000 7f52a8980700 1 --2- >> [v2:172.21.15.107:3300/0,v1:172.21.15.107:6789/0] conn(0x7f52a40fab80 0x7f52a410aa00 unknown :-1 s=NONE pgs=0 cs=0 l=1 rev1=0 rx=0 tx=0).connect
2024-01-21T07:28:49.020 INFO:teuthology.orchestra.run.smithi107.stderr:/usr/bin/ceph:
2024-01-21T07:28:48.974+0000 7f52a8980700 1 -- --> [v2:172.21.15.107:3300/0,v1:172.21.15.107:6789/0] -- mon_getmap magic: 0 v1 -- 0x7f52a410aef0 con 0x7f52a40fab80
2024-01-21T07:28:49.020 INFO:teuthology.orchestra.run.smithi107.stderr:/usr/bin/ceph:
2024-01-21T07:28:48.975+0000 7f52a259c700 1 --2- >> [v2:172.21.15.107:3300/0,v1:172.21.15.107:6789/0] conn(0x7f52a40fab80 0x7f52a410aa00 unknown :-1 s=BANNER_CONNECTING pgs=0 cs=0 l=1 rev1=0 rx=0 tx=0)._handle_peer_banner_payload supported=1 required=0
2024-01-21T07:28:49.020 INFO:teuthology.orchestra.run.smithi107.stderr:/usr/bin/ceph:
2024-01-21T07:28:48.975+0000 7f52a259c700 1 --2- >> [v2:172.21.15.107:3300/0,v1:172.21.15.107:6789/0] conn(0x7f52a40fab80 0x7f52a410aa00 unknown :-1 s=HELLO_CONNECTING pgs=0 cs=0 l=1 rev1=1 rx=0 tx=0).handle_hello peer v2:172.21.15.107:3300/0 says I am v2:172.21.15.107:48544/0 (socket says 172.21.15.107:48544)
2024-01-21T07:28:49.020 INFO:teuthology.orchestra.run.smithi107.stderr:/usr/bin/ceph:
2024-01-21T07:28:48.975+0000 7f52a259c700 1 -- 172.21.15.107:0/4271938942 learned_addr learned my addr 172.21.15.107:0/4271938942 (peer_addr_for_me v2:172.21.15.107:0/0)
2024-01-21T07:28:49.020 INFO:teuthology.orchestra.run.smithi107.stderr:/usr/bin/ceph:
2024-01-21T07:28:48.975+0000 7f52a259c700 1 -- 172.21.15.107:0/4271938942 --> [v2:172.21.15.107:3300/0,v1:172.21.15.107:6789/0] -- mon_subscribe({config=0+,monmap=0+}) v3 -- 0x7f5294009570 con 0x7f52a40fab80
2024-01-21T07:28:49.020 INFO:teuthology.orchestra.run.smithi107.stderr:/usr/bin/ceph:
2024-01-21T07:28:48.975+0000 7f52a259c700 1 --2- 172.21.15.107:0/4271938942 >> [v2:172.21.15.107:3300/0,v1:172.21.15.107:6789/0] conn(0x7f52a40fab80 0x7f52a410aa00 secure :-1 s=READY pgs=42 cs=0 l=1 rev1=1 rx=0x7f529400ba90 tx=0x7f52940092d0).ready entity=mon.0 client_cookie=0 server_cookie=0 in_seq=0 out_seq=0
2024-01-21T07:28:49.020 INFO:teuthology.orchestra.run.smithi107.stderr:/usr/bin/ceph:
2024-01-21T07:28:48.975+0000 7f529affd700 1 -- 172.21.15.107:0/4271938942 <== mon.0 v2:172.21.15.107:3300/0 1 ==== mon_map magic: 0 v1 ==== 229+0+0 (secure 0 0 0) 0x7f5294010870 con 0x7f52a40fab80
2024-01-21T07:28:49.020 INFO:teuthology.orchestra.run.smithi107.stderr:/usr/bin/ceph:
2024-01-21T07:28:48.975+0000 7f52a8980700 1 -- 172.21.15.107:0/4271938942 --> [v2:172.21.15.107:3300/0,v1:172.21.15.107:6789/0] -- mon_subscribe({mgrmap=0+}) v3 -- 0x7f52a410b0f0 con 0x7f52a40fab80
2024-01-21T07:28:49.020 INFO:teuthology.orchestra.run.smithi107.stderr:/usr/bin/ceph:
2024-01-21T07:28:48.975+0000 7f529affd700 1 -- 172.21.15.107:0/4271938942 <== mon.0 v2:172.21.15.107:3300/0 2 ==== config(25 keys) v1 ==== 1010+0+0 (secure 0 0 0) 0x7f5294010e40 con 0x7f52a40fab80
2024-01-21T07:28:49.020 INFO:teuthology.orchestra.run.smithi107.stderr:/usr/bin/ceph:
2024-01-21T07:28:48.975+0000 7f529affd700 1 -- 172.21.15.107:0/4271938942 <== mon.0 v2:172.21.15.107:3300/0 3 ==== mon_map magic: 0 v1 ==== 229+0+0 (secure 0 0 0) 0x7f529401ae10 con 0x7f52a40fab80
2024-01-21T07:28:49.020 INFO:teuthology.orchestra.run.smithi107.stderr:/usr/bin/ceph:
2024-01-21T07:28:48.975+0000 7f52a8980700 1 -- 172.21.15.107:0/4271938942 --> [v2:172.21.15.107:3300/0,v1:172.21.15.107:6789/0] -- mon_subscribe({osdmap=0}) v3 -- 0x7f52a410b500 con 0x7f52a40fab80
2024-01-21T07:28:49.021 INFO:teuthology.orchestra.run.smithi107.stderr:/usr/bin/ceph:
2024-01-21T07:28:48.976+0000 7f529affd700 1 -- 172.21.15.107:0/4271938942 <== mon.0 v2:172.21.15.107:3300/0 4 ==== mgrmap(e 7) v1 ==== 36120+0+0 (secure 0 0 0) 0x7f529402a070 con 0x7f52a40fab80
2024-01-21T07:28:49.021 INFO:teuthology.orchestra.run.smithi107.stderr:/usr/bin/ceph:
2024-01-21T07:28:48.976+0000 7f52a8980700 1 -- 172.21.15.107:0/4271938942 --> [v2:172.21.15.107:3300/0,v1:172.21.15.107:6789/0] -- mon_command({"prefix": "get_command_descriptions"} v 0) v1 -- 0x7f52a4045ad0 con 0x7f52a40fab80
2024-01-21T07:28:49.021 INFO:teuthology.orchestra.run.smithi107.stderr:/usr/bin/ceph:
2024-01-21T07:28:48.976+0000 7f529affd700 1 --2- 172.21.15.107:0/4271938942 >> [v2:172.21.15.107:6800/1859130614,v1:172.21.15.107:6801/1859130614] conn(0x7f528402fd00 0x7f52840321c0 unknown :-1 s=NONE pgs=0 cs=0 l=1 rev1=0 rx=0 tx=0).connect
2024-01-21T07:28:49.021 INFO:teuthology.orchestra.run.smithi107.stderr:/usr/bin/ceph:
2024-01-21T07:28:48.976+0000 7f529affd700 1 -- 172.21.15.107:0/4271938942 <== mon.0 v2:172.21.15.107:3300/0 5 ==== osd_map(2..2 src has 1..2) v4 ==== 926+0+0 (secure 0 0 0) 0x7f5294041b20 con 0x7f52a40fab80
2024-01-21T07:28:49.021 INFO:teuthology.orchestra.run.smithi107.stderr:/usr/bin/ceph:
2024-01-21T07:28:48.976+0000 7f52a1d9b700 1 --2- 172.21.15.107:0/4271938942 >> [v2:172.21.15.107:6800/1859130614,v1:172.21.15.107:6801/1859130614] conn(0x7f528402fd00 0x7f52840321c0 unknown :-1 s=BANNER_CONNECTING pgs=0 cs=0 l=1 rev1=0 rx=0 tx=0)._handle_peer_banner_payload supported=1 required=0
2024-01-21T07:28:49.021 INFO:teuthology.orchestra.run.smithi107.stderr:/usr/bin/ceph:
2024-01-21T07:28:48.977+0000 7f52a1d9b700 1 --2- 172.21.15.107:0/4271938942 >> [v2:172.21.15.107:6800/1859130614,v1:172.21.15.107:6801/1859130614] conn(0x7f528402fd00 0x7f52840321c0 secure :-1 s=READY pgs=12 cs=0 l=1 rev1=1 rx=0x7f528c0096a0 tx=0x7f528c006b40).ready entity=mgr.14114 client_cookie=0 server_cookie=0 in_seq=0 out_seq=0
2024-01-21T07:28:49.021 INFO:teuthology.orchestra.run.smithi107.stderr:/usr/bin/ceph:
2024-01-21T07:28:48.982+0000 7f529affd700 1 -- 172.21.15.107:0/4271938942 <== mon.0 v2:172.21.15.107:3300/0 6 ==== mon_command_ack([{"prefix": "get_command_descriptions"}]=0 v0) v1 ==== 72+0+152212 (secure 0 0 0) 0x7f5294018500 con 0x7f52a40fab80
2024-01-21T07:28:49.166 INFO:teuthology.orchestra.run.smithi107.stderr:/usr/bin/ceph:
2024-01-21T07:28:49.164+0000 7f52a8980700 1 -- 172.21.15.107:0/4271938942 --> [v2:172.21.15.107:6800/1859130614,v1:172.21.15.107:6801/1859130614] -- mgr_command(tid 0: {"prefix": "orch apply", "service_type": "mgr", "target": ["mon-mgr", ""]}) v1 -- 0x7f52a4104aa0 con 0x7f528402fd00
2024-01-21T07:28:49.169 INFO:teuthology.orchestra.run.smithi107.stderr:/usr/bin/ceph:
2024-01-21T07:28:49.167+0000 7f529affd700 1 -- 172.21.15.107:0/4271938942 <== mgr.14114 v2:172.21.15.107:6800/1859130614 1 ==== mgr_command_reply(tid 0: 0 ) v1 ==== 8+0+24 (secure 0 0 0) 0x7f52a4104aa0 con 0x7f528402fd00
2024-01-21T07:28:49.170 INFO:teuthology.orchestra.run.smithi107.stderr:/usr/bin/ceph: Scheduled mgr update...
2024-01-21T07:28:49.172 INFO:teuthology.orchestra.run.smithi107.stderr:/usr/bin/ceph:
2024-01-21T07:28:49.169+0000 7f52a8980700 1 -- 172.21.15.107:0/4271938942 >> [v2:172.21.15.107:6800/1859130614,v1:172.21.15.107:6801/1859130614] conn(0x7f528402fd00 msgr2=0x7f52840321c0 secure :-1 s=STATE_CONNECTION_ESTABLISHED l=1).mark_down
2024-01-21T07:28:49.172 INFO:teuthology.orchestra.run.smithi107.stderr:/usr/bin/ceph:
2024-01-21T07:28:49.169+0000 7f52a8980700 1 --2- 172.21.15.107:0/4271938942 >> [v2:172.21.15.107:6800/1859130614,v1:172.21.15.107:6801/1859130614] conn(0x7f528402fd00 0x7f52840321c0 secure :-1 s=READY pgs=12 cs=0 l=1 rev1=1 rx=0x7f528c0096a0 tx=0x7f528c006b40).stop
2024-01-21T07:28:49.172 INFO:teuthology.orchestra.run.smithi107.stderr:/usr/bin/ceph:
2024-01-21T07:28:49.169+0000 7f52a8980700 1 -- 172.21.15.107:0/4271938942 >> [v2:172.21.15.107:3300/0,v1:172.21.15.107:6789/0] conn(0x7f52a40fab80 msgr2=0x7f52a410aa00 secure :-1 s=STATE_CONNECTION_ESTABLISHED l=1).mark_down
2024-01-21T07:28:49.173 INFO:teuthology.orchestra.run.smithi107.stderr:/usr/bin/ceph:
2024-01-21T07:28:49.169+0000 7f52a8980700 1 --2- 172.21.15.107:0/4271938942 >> [v2:172.21.15.107:3300/0,v1:172.21.15.107:6789/0] conn(0x7f52a40fab80 0x7f52a410aa00 secure :-1 s=READY pgs=42 cs=0 l=1 rev1=1 rx=0x7f529400ba90 tx=0x7f52940092d0).stop
2024-01-21T07:28:49.173 INFO:teuthology.orchestra.run.smithi107.stderr:/usr/bin/ceph:
2024-01-21T07:28:49.169+0000 7f52a8980700 1 -- 172.21.15.107:0/4271938942 shutdown_connections
2024-01-21T07:28:49.173 INFO:teuthology.orchestra.run.smithi107.stderr:/usr/bin/ceph:
2024-01-21T07:28:49.169+0000 7f52a8980700 1 --2- 172.21.15.107:0/4271938942 >> [v2:172.21.15.107:6800/1859130614,v1:172.21.15.107:6801/1859130614] conn(0x7f528402fd00 0x7f52840321c0 unknown :-1 s=CLOSED pgs=12 cs=0 l=1 rev1=1 rx=0 tx=0).stop
2024-01-21T07:28:49.173 INFO:teuthology.orchestra.run.smithi107.stderr:/usr/bin/ceph:
2024-01-21T07:28:49.169+0000 7f52a8980700 1 --2- 172.21.15.107:0/4271938942 >> [v2:172.21.15.107:3300/0,v1:172.21.15.107:6789/0] conn(0x7f52a40fab80 0x7f52a410aa00 unknown :-1 s=CLOSED pgs=42 cs=0 l=1 rev1=1 rx=0 tx=0).stop
2024-01-21T07:28:49.173 INFO:teuthology.orchestra.run.smithi107.stderr:/usr/bin/ceph:
2024-01-21T07:28:49.169+0000 7f52a8980700 1 -- 172.21.15.107:0/4271938942 >> 172.21.15.107:0/4271938942 conn(0x7f52a40f63c0 msgr2=0x7f52a4070050 unknown :-1 s=STATE_NONE l=0).mark_down
2024-01-21T07:28:49.173 INFO:teuthology.orchestra.run.smithi107.stderr:/usr/bin/ceph:
2024-01-21T07:28:49.169+0000 7f52a8980700 1 -- 172.21.15.107:0/4271938942 shutdown_connections
2024-01-21T07:28:49.173 INFO:teuthology.orchestra.run.smithi107.stderr:/usr/bin/ceph:
2024-01-21T07:28:49.169+0000 7f52a8980700 1 -- 172.21.15.107:0/4271938942 wait complete.
2024-01-21T07:28:50.018 INFO:teuthology.orchestra.run.smithi107.stderr:Deploying crash service with default placement...
2024-01-21T07:28:50.019 INFO:teuthology.orchestra.run.smithi107.stderr:Running command: /bin/podman run --rm --ipc=host --no-hosts --net=host --entrypoint /usr/bin/ceph --init -e CONTAINER_IMAGE=docker.io/ceph/ceph:v16.2.4 -e NODE_NAME=smithi107 -e CEPH_USE_RANDOM_NONCE=1 -v /var/log/ceph/962f5a9a-b82e-11ee-95b0-87774f69a715:/var/log/ceph:z -v /tmp/ceph-tmp9v9j9ro4:/etc/ceph/ceph.client.admin.keyring:z -v /tmp/ceph-tmpcnfa6skr:/etc/ceph/ceph.conf:z docker.io/ceph/ceph:v16.2.4 orch apply crash
2024-01-21T07:28:50.458 INFO:teuthology.orchestra.run.smithi107.stderr:/usr/bin/ceph:
2024-01-21T07:28:50.452+0000 7f0710af7700 1 Processor -- start
2024-01-21T07:28:50.458 INFO:teuthology.orchestra.run.smithi107.stderr:/usr/bin/ceph:
2024-01-21T07:28:50.452+0000 7f0710af7700 1 -- start start
2024-01-21T07:28:50.458 INFO:teuthology.orchestra.run.smithi107.stderr:/usr/bin/ceph:
2024-01-21T07:28:50.452+0000 7f0710af7700 1 --2- >> [v2:172.21.15.107:3300/0,v1:172.21.15.107:6789/0] conn(0x7f070c070460 0x7f070c100d30 unknown :-1 s=NONE pgs=0 cs=0 l=0 rev1=0 rx=0 tx=0).connect
2024-01-21T07:28:50.458 INFO:teuthology.orchestra.run.smithi107.stderr:/usr/bin/ceph:
2024-01-21T07:28:50.452+0000 7f0710af7700 1 -- --> [v2:172.21.15.107:3300/0,v1:172.21.15.107:6789/0] -- mon_getmap magic: 0 v1 -- 0x7f070c0fc720 con 0x7f070c070460
2024-01-21T07:28:50.458 INFO:teuthology.orchestra.run.smithi107.stderr:/usr/bin/ceph:
2024-01-21T07:28:50.453+0000 7f070a59c700 1 --2- >> [v2:172.21.15.107:3300/0,v1:172.21.15.107:6789/0] conn(0x7f070c070460 0x7f070c100d30 unknown :-1 s=BANNER_CONNECTING pgs=0 cs=0 l=0 rev1=0 rx=0 tx=0)._handle_peer_banner_payload supported=1 required=0
2024-01-21T07:28:50.458 INFO:teuthology.orchestra.run.smithi107.stderr:/usr/bin/ceph:
2024-01-21T07:28:50.453+0000 7f070a59c700 1 --2- >> [v2:172.21.15.107:3300/0,v1:172.21.15.107:6789/0] conn(0x7f070c070460 0x7f070c100d30 unknown :-1 s=HELLO_CONNECTING pgs=0 cs=0 l=0 rev1=1 rx=0 tx=0).handle_hello peer v2:172.21.15.107:3300/0 says I am v2:172.21.15.107:38546/0 (socket says 172.21.15.107:38546)
2024-01-21T07:28:50.458 INFO:teuthology.orchestra.run.smithi107.stderr:/usr/bin/ceph:
2024-01-21T07:28:50.453+0000 7f070a59c700 1 -- 172.21.15.107:0/876256172 learned_addr learned my addr 172.21.15.107:0/876256172 (peer_addr_for_me v2:172.21.15.107:0/0)
2024-01-21T07:28:50.458 INFO:teuthology.orchestra.run.smithi107.stderr:/usr/bin/ceph:
2024-01-21T07:28:50.453+0000 7f070a59c700 1 -- 172.21.15.107:0/876256172 --> [v2:172.21.15.107:3300/0,v1:172.21.15.107:6789/0] -- mon_subscribe({config=0+,monmap=0+}) v3 -- 0x7f070c101220 con 0x7f070c070460
2024-01-21T07:28:50.458 INFO:teuthology.orchestra.run.smithi107.stderr:/usr/bin/ceph:
2024-01-21T07:28:50.453+0000 7f070a59c700 1 --2- 172.21.15.107:0/876256172 >> [v2:172.21.15.107:3300/0,v1:172.21.15.107:6789/0] conn(0x7f070c070460 0x7f070c100d30 secure :-1 s=READY pgs=43 cs=0 l=1 rev1=1 rx=0x7f06fc00b5f0 tx=0x7f06fc006ee0).ready entity=mon.0 client_cookie=77e8d017cbca322e server_cookie=0 in_seq=0 out_seq=0
2024-01-21T07:28:50.458 INFO:teuthology.orchestra.run.smithi107.stderr:/usr/bin/ceph:
2024-01-21T07:28:50.453+0000 7f070959a700 1 -- 172.21.15.107:0/876256172 <== mon.0 v2:172.21.15.107:3300/0 1 ==== mon_map magic: 0 v1 ==== 229+0+0 (secure 0 0 0) 0x7f06fc00d600 con 0x7f070c070460
2024-01-21T07:28:50.458 INFO:teuthology.orchestra.run.smithi107.stderr:/usr/bin/ceph:
2024-01-21T07:28:50.453+0000 7f070959a700 1 -- 172.21.15.107:0/876256172 <== mon.0 v2:172.21.15.107:3300/0 2 ==== config(25 keys) v1 ==== 1010+0+0 (secure 0 0 0) 0x7f06fc00dbd0 con 0x7f070c070460
2024-01-21T07:28:50.459 INFO:teuthology.orchestra.run.smithi107.stderr:/usr/bin/ceph:
2024-01-21T07:28:50.453+0000 7f070959a700 1 -- 172.21.15.107:0/876256172 <== mon.0 v2:172.21.15.107:3300/0 3 ==== mon_map magic: 0 v1 ==== 229+0+0 (secure 0 0 0) 0x7f06fc011c00 con 0x7f070c070460
2024-01-21T07:28:50.459 INFO:teuthology.orchestra.run.smithi107.stderr:/usr/bin/ceph:
2024-01-21T07:28:50.454+0000 7f0710af7700 1 -- 172.21.15.107:0/876256172 >> [v2:172.21.15.107:3300/0,v1:172.21.15.107:6789/0] conn(0x7f070c070460 msgr2=0x7f070c100d30 secure :-1 s=STATE_CONNECTION_ESTABLISHED l=1).mark_down
2024-01-21T07:28:50.459 INFO:teuthology.orchestra.run.smithi107.stderr:/usr/bin/ceph:
2024-01-21T07:28:50.454+0000 7f0710af7700 1 --2- 172.21.15.107:0/876256172 >> [v2:172.21.15.107:3300/0,v1:172.21.15.107:6789/0] conn(0x7f070c070460 0x7f070c100d30 secure :-1 s=READY pgs=43 cs=0 l=1 rev1=1 rx=0x7f06fc00b5f0 tx=0x7f06fc006ee0).stop
2024-01-21T07:28:50.459 INFO:teuthology.orchestra.run.smithi107.stderr:/usr/bin/ceph:
2024-01-21T07:28:50.454+0000 7f0710af7700 1 -- 172.21.15.107:0/876256172 shutdown_connections
2024-01-21T07:28:50.459 INFO:teuthology.orchestra.run.smithi107.stderr:/usr/bin/ceph:
2024-01-21T07:28:50.454+0000 7f0710af7700 1 --2- 172.21.15.107:0/876256172 >> [v2:172.21.15.107:3300/0,v1:172.21.15.107:6789/0] conn(0x7f070c070460 0x7f070c100d30 unknown :-1 s=CLOSED pgs=43 cs=0 l=1 rev1=1 rx=0 tx=0).stop
2024-01-21T07:28:50.459 INFO:teuthology.orchestra.run.smithi107.stderr:/usr/bin/ceph:
2024-01-21T07:28:50.454+0000 7f0710af7700 1 -- 172.21.15.107:0/876256172 >> 172.21.15.107:0/876256172 conn(0x7f070c0f63b0 msgr2=0x7f070c0f87d0 unknown :-1 s=STATE_NONE l=0).mark_down
2024-01-21T07:28:50.459 INFO:teuthology.orchestra.run.smithi107.stderr:/usr/bin/ceph:
2024-01-21T07:28:50.454+0000 7f0710af7700 1 -- 172.21.15.107:0/876256172 shutdown_connections
2024-01-21T07:28:50.459 INFO:teuthology.orchestra.run.smithi107.stderr:/usr/bin/ceph:
2024-01-21T07:28:50.454+0000 7f0710af7700 1 -- 172.21.15.107:0/876256172 wait complete.
2024-01-21T07:28:50.459 INFO:teuthology.orchestra.run.smithi107.stderr:/usr/bin/ceph:
2024-01-21T07:28:50.454+0000 7f0710af7700 1 Processor -- start
2024-01-21T07:28:50.459 INFO:teuthology.orchestra.run.smithi107.stderr:/usr/bin/ceph:
2024-01-21T07:28:50.454+0000 7f0710af7700 1 -- start start
2024-01-21T07:28:50.459 INFO:teuthology.orchestra.run.smithi107.stderr:/usr/bin/ceph:
2024-01-21T07:28:50.454+0000 7f0710af7700 1 --2- >> [v2:172.21.15.107:3300/0,v1:172.21.15.107:6789/0] conn(0x7f070c070460 0x7f070c10cbd0 unknown :-1 s=NONE pgs=0 cs=0 l=1 rev1=0 rx=0 tx=0).connect
2024-01-21T07:28:50.459 INFO:teuthology.orchestra.run.smithi107.stderr:/usr/bin/ceph:
2024-01-21T07:28:50.454+0000 7f0710af7700 1 -- --> [v2:172.21.15.107:3300/0,v1:172.21.15.107:6789/0] -- mon_getmap magic: 0 v1 -- 0x7f070c10d0c0 con 0x7f070c070460
2024-01-21T07:28:50.459 INFO:teuthology.orchestra.run.smithi107.stderr:/usr/bin/ceph:
2024-01-21T07:28:50.454+0000 7f070a59c700 1 --2- >> [v2:172.21.15.107:3300/0,v1:172.21.15.107:6789/0] conn(0x7f070c070460 0x7f070c10cbd0 unknown :-1 s=BANNER_CONNECTING pgs=0 cs=0 l=1 rev1=0 rx=0 tx=0)._handle_peer_banner_payload supported=1 required=0
2024-01-21T07:28:50.459 INFO:teuthology.orchestra.run.smithi107.stderr:/usr/bin/ceph:
2024-01-21T07:28:50.455+0000 7f070a59c700 1 --2- >> [v2:172.21.15.107:3300/0,v1:172.21.15.107:6789/0] conn(0x7f070c070460 0x7f070c10cbd0 unknown :-1 s=HELLO_CONNECTING pgs=0 cs=0 l=1 rev1=1 rx=0 tx=0).handle_hello peer v2:172.21.15.107:3300/0 says I am v2:172.21.15.107:38560/0 (socket says 172.21.15.107:38560)
2024-01-21T07:28:50.459 INFO:teuthology.orchestra.run.smithi107.stderr:/usr/bin/ceph:
2024-01-21T07:28:50.455+0000 7f070a59c700 1 -- 172.21.15.107:0/2212539575 learned_addr learned my addr 172.21.15.107:0/2212539575 (peer_addr_for_me v2:172.21.15.107:0/0)
2024-01-21T07:28:50.460 INFO:teuthology.orchestra.run.smithi107.stderr:/usr/bin/ceph:
2024-01-21T07:28:50.455+0000 7f070a59c700 1 -- 172.21.15.107:0/2212539575 --> [v2:172.21.15.107:3300/0,v1:172.21.15.107:6789/0] -- mon_subscribe({config=0+,monmap=0+}) v3 -- 0x7f06fc00b200 con 0x7f070c070460
2024-01-21T07:28:50.460 INFO:teuthology.orchestra.run.smithi107.stderr:/usr/bin/ceph:
2024-01-21T07:28:50.455+0000 7f070a59c700 1 --2- 172.21.15.107:0/2212539575 >> [v2:172.21.15.107:3300/0,v1:172.21.15.107:6789/0] conn(0x7f070c070460 0x7f070c10cbd0 secure :-1 s=READY pgs=44 cs=0 l=1 rev1=1 rx=0x7f06fc00b190 tx=0x7f06fc006ee0).ready entity=mon.0 client_cookie=0 server_cookie=0 in_seq=0 out_seq=0
2024-01-21T07:28:50.460 INFO:teuthology.orchestra.run.smithi107.stderr:/usr/bin/ceph:
2024-01-21T07:28:50.455+0000 7f06faffd700 1 -- 172.21.15.107:0/2212539575 <== mon.0 v2:172.21.15.107:3300/0 1 ==== mon_map magic: 0 v1 ==== 229+0+0 (secure 0 0 0) 0x7f06fc01b410 con 0x7f070c070460
2024-01-21T07:28:50.460 INFO:teuthology.orchestra.run.smithi107.stderr:/usr/bin/ceph:
2024-01-21T07:28:50.455+0000 7f06faffd700 1 -- 172.21.15.107:0/2212539575 <== mon.0 v2:172.21.15.107:3300/0 2 ==== config(25 keys) v1 ==== 1010+0+0 (secure 0 0 0) 0x7f06fc01b9e0 con 0x7f070c070460
2024-01-21T07:28:50.460 INFO:teuthology.orchestra.run.smithi107.stderr:/usr/bin/ceph:
2024-01-21T07:28:50.455+0000 7f0710af7700 1 -- 172.21.15.107:0/2212539575 --> [v2:172.21.15.107:3300/0,v1:172.21.15.107:6789/0] -- mon_subscribe({mgrmap=0+}) v3 -- 0x7f070c10d2c0 con 0x7f070c070460
2024-01-21T07:28:50.460 INFO:teuthology.orchestra.run.smithi107.stderr:/usr/bin/ceph:
2024-01-21T07:28:50.455+0000 7f06faffd700 1 -- 172.21.15.107:0/2212539575 <== mon.0 v2:172.21.15.107:3300/0 3 ==== mon_map magic: 0 v1 ==== 229+0+0 (secure 0 0 0) 0x7f06fc01a880 con 0x7f070c070460
2024-01-21T07:28:50.460 INFO:teuthology.orchestra.run.smithi107.stderr:/usr/bin/ceph:
2024-01-21T07:28:50.455+0000 7f0710af7700 1 -- 172.21.15.107:0/2212539575 --> [v2:172.21.15.107:3300/0,v1:172.21.15.107:6789/0] -- mon_subscribe({osdmap=0}) v3 -- 0x7f070c10d6d0 con 0x7f070c070460
2024-01-21T07:28:50.461 INFO:teuthology.orchestra.run.smithi107.stderr:/usr/bin/ceph:
2024-01-21T07:28:50.456+0000 7f06faffd700 1 -- 172.21.15.107:0/2212539575 <== mon.0 v2:172.21.15.107:3300/0 4 ==== mgrmap(e 7) v1 ==== 36120+0+0 (secure 0 0 0) 0x7f06fc00f070 con 0x7f070c070460
2024-01-21T07:28:50.461 INFO:teuthology.orchestra.run.smithi107.stderr:/usr/bin/ceph:
2024-01-21T07:28:50.456+0000 7f0710af7700 1 -- 172.21.15.107:0/2212539575 --> [v2:172.21.15.107:3300/0,v1:172.21.15.107:6789/0] -- mon_command({"prefix": "get_command_descriptions"} v 0) v1 -- 0x7f070c045ad0 con 0x7f070c070460
2024-01-21T07:28:50.461 INFO:teuthology.orchestra.run.smithi107.stderr:/usr/bin/ceph:
2024-01-21T07:28:50.456+0000 7f06faffd700 1 --2- 172.21.15.107:0/2212539575 >> [v2:172.21.15.107:6800/1859130614,v1:172.21.15.107:6801/1859130614] conn(0x7f06f002fdb0 0x7f06f0032270 unknown :-1 s=NONE pgs=0 cs=0 l=1 rev1=0 rx=0 tx=0).connect
2024-01-21T07:28:50.461 INFO:teuthology.orchestra.run.smithi107.stderr:/usr/bin/ceph:
2024-01-21T07:28:50.456+0000 7f06faffd700 1 -- 172.21.15.107:0/2212539575 <== mon.0 v2:172.21.15.107:3300/0 5 ==== osd_map(2..2 src has 1..2) v4 ==== 926+0+0 (secure 0 0 0) 0x7f06fc041280 con 0x7f070c070460
2024-01-21T07:28:50.461 INFO:teuthology.orchestra.run.smithi107.stderr:/usr/bin/ceph:
2024-01-21T07:28:50.456+0000 7f0709d9b700 1 --2- 172.21.15.107:0/2212539575 >> [v2:172.21.15.107:6800/1859130614,v1:172.21.15.107:6801/1859130614] conn(0x7f06f002fdb0 0x7f06f0032270 unknown :-1 s=BANNER_CONNECTING pgs=0 cs=0 l=1 rev1=0 rx=0 tx=0)._handle_peer_banner_payload supported=1 required=0
2024-01-21T07:28:50.461 INFO:teuthology.orchestra.run.smithi107.stderr:/usr/bin/ceph:
2024-01-21T07:28:50.457+0000 7f0709d9b700 1 --2- 172.21.15.107:0/2212539575 >> [v2:172.21.15.107:6800/1859130614,v1:172.21.15.107:6801/1859130614] conn(0x7f06f002fdb0 0x7f06f0032270 secure :-1 s=READY pgs=13 cs=0 l=1 rev1=1 rx=0x7f07000096a0 tx=0x7f0700006b40).ready entity=mgr.14114 client_cookie=0 server_cookie=0 in_seq=0 out_seq=0
2024-01-21T07:28:50.463 INFO:teuthology.orchestra.run.smithi107.stderr:/usr/bin/ceph:
2024-01-21T07:28:50.461+0000 7f06faffd700 1 -- 172.21.15.107:0/2212539575 <== mon.0 v2:172.21.15.107:3300/0 6 ==== mon_command_ack([{"prefix": "get_command_descriptions"}]=0 v0) v1 ==== 72+0+152212 (secure 0 0 0) 0x7f06fc019950 con 0x7f070c070460
2024-01-21T07:28:50.565 INFO:journalctl@ceph.mon.smithi107.smithi107.stdout:Jan 21 07:28:50 smithi107 ceph-962f5a9a-b82e-11ee-95b0-87774f69a715-mon.smithi107[38761]: audit
2024-01-21T07:28:49.165898+0000 mgr.smithi107.adejht (mgr.14114) 12 : audit [DBG] from='client.14136 -' entity='client.admin' cmd=[{"prefix": "orch apply", "service_type": "mgr", "target": ["mon-mgr", ""]}]: dispatch
2024-01-21T07:28:50.565 INFO:journalctl@ceph.mon.smithi107.smithi107.stdout:Jan 21 07:28:50 smithi107 ceph-962f5a9a-b82e-11ee-95b0-87774f69a715-mon.smithi107[38761]: cephadm
2024-01-21T07:28:49.166400+0000 mgr.smithi107.adejht (mgr.14114) 13 : cephadm [INF] Saving service mgr spec with placement count:2
2024-01-21T07:28:50.565 INFO:journalctl@ceph.mon.smithi107.smithi107.stdout:Jan 21 07:28:50 smithi107 ceph-962f5a9a-b82e-11ee-95b0-87774f69a715-mon.smithi107[38761]: audit
2024-01-21T07:28:49.168615+0000 mon.smithi107 (mon.0) 56 : audit [INF] from='mgr.14114 172.21.15.107:0/4020153640' entity='mgr.smithi107.adejht'
2024-01-21T07:28:50.648 INFO:teuthology.orchestra.run.smithi107.stderr:/usr/bin/ceph:
2024-01-21T07:28:50.646+0000 7f0710af7700 1 -- 172.21.15.107:0/2212539575 --> [v2:172.21.15.107:6800/1859130614,v1:172.21.15.107:6801/1859130614] -- mgr_command(tid 0: {"prefix": "orch apply", "service_type": "crash", "target": ["mon-mgr", ""]}) v1 -- 0x7f070c10e010 con 0x7f06f002fdb0
2024-01-21T07:28:50.653 INFO:teuthology.orchestra.run.smithi107.stderr:/usr/bin/ceph:
2024-01-21T07:28:50.650+0000 7f06faffd700 1 -- 172.21.15.107:0/2212539575 <== mgr.14114 v2:172.21.15.107:6800/1859130614 1 ==== mgr_command_reply(tid 0: 0 ) v1 ==== 8+0+26 (secure 0 0 0) 0x7f070c10e010 con 0x7f06f002fdb0
2024-01-21T07:28:50.653 INFO:teuthology.orchestra.run.smithi107.stderr:/usr/bin/ceph: Scheduled crash update...
2024-01-21T07:28:50.655 INFO:teuthology.orchestra.run.smithi107.stderr:/usr/bin/ceph:
2024-01-21T07:28:50.652+0000 7f0710af7700 1 -- 172.21.15.107:0/2212539575 >> [v2:172.21.15.107:6800/1859130614,v1:172.21.15.107:6801/1859130614] conn(0x7f06f002fdb0 msgr2=0x7f06f0032270 secure :-1 s=STATE_CONNECTION_ESTABLISHED l=1).mark_down
2024-01-21T07:28:50.655 INFO:teuthology.orchestra.run.smithi107.stderr:/usr/bin/ceph:
2024-01-21T07:28:50.652+0000 7f0710af7700 1 --2- 172.21.15.107:0/2212539575 >> [v2:172.21.15.107:6800/1859130614,v1:172.21.15.107:6801/1859130614] conn(0x7f06f002fdb0 0x7f06f0032270 secure :-1 s=READY pgs=13 cs=0 l=1 rev1=1 rx=0x7f07000096a0 tx=0x7f0700006b40).stop
2024-01-21T07:28:50.655 INFO:teuthology.orchestra.run.smithi107.stderr:/usr/bin/ceph:
2024-01-21T07:28:50.652+0000 7f0710af7700 1 -- 172.21.15.107:0/2212539575 >> [v2:172.21.15.107:3300/0,v1:172.21.15.107:6789/0] conn(0x7f070c070460 msgr2=0x7f070c10cbd0 secure :-1 s=STATE_CONNECTION_ESTABLISHED l=1).mark_down
2024-01-21T07:28:50.655 INFO:teuthology.orchestra.run.smithi107.stderr:/usr/bin/ceph:
2024-01-21T07:28:50.652+0000 7f0710af7700 1 --2- 172.21.15.107:0/2212539575 >> [v2:172.21.15.107:3300/0,v1:172.21.15.107:6789/0] conn(0x7f070c070460 0x7f070c10cbd0 secure :-1 s=READY pgs=44 cs=0 l=1 rev1=1 rx=0x7f06fc00b190 tx=0x7f06fc006ee0).stop
2024-01-21T07:28:50.655 INFO:teuthology.orchestra.run.smithi107.stderr:/usr/bin/ceph:
2024-01-21T07:28:50.652+0000 7f0710af7700 1 -- 172.21.15.107:0/2212539575 shutdown_connections
2024-01-21T07:28:50.655 INFO:teuthology.orchestra.run.smithi107.stderr:/usr/bin/ceph:
2024-01-21T07:28:50.652+0000 7f0710af7700 1 --2- 172.21.15.107:0/2212539575 >> [v2:172.21.15.107:6800/1859130614,v1:172.21.15.107:6801/1859130614] conn(0x7f06f002fdb0 0x7f06f0032270 unknown :-1 s=CLOSED pgs=13 cs=0 l=1 rev1=1 rx=0 tx=0).stop
2024-01-21T07:28:50.656 INFO:teuthology.orchestra.run.smithi107.stderr:/usr/bin/ceph:
2024-01-21T07:28:50.652+0000 7f0710af7700 1 --2- 172.21.15.107:0/2212539575 >> [v2:172.21.15.107:3300/0,v1:172.21.15.107:6789/0] conn(0x7f070c070460 0x7f070c10cbd0 unknown :-1 s=CLOSED pgs=44 cs=0 l=1 rev1=1 rx=0 tx=0).stop
2024-01-21T07:28:50.656 INFO:teuthology.orchestra.run.smithi107.stderr:/usr/bin/ceph:
2024-01-21T07:28:50.652+0000 7f0710af7700 1 -- 172.21.15.107:0/2212539575 >> 172.21.15.107:0/2212539575 conn(0x7f070c0f63b0 msgr2=0x7f070c0f7f10 unknown :-1 s=STATE_NONE l=0).mark_down
2024-01-21T07:28:50.656 INFO:teuthology.orchestra.run.smithi107.stderr:/usr/bin/ceph:
2024-01-21T07:28:50.652+0000 7f0710af7700 1 -- 172.21.15.107:0/2212539575 shutdown_connections
2024-01-21T07:28:50.656 INFO:teuthology.orchestra.run.smithi107.stderr:/usr/bin/ceph:
2024-01-21T07:28:50.652+0000 7f0710af7700 1 -- 172.21.15.107:0/2212539575 wait complete.
2024-01-21T07:28:51.111 INFO:teuthology.orchestra.run.smithi107.stderr:Enabling mgr prometheus module...
2024-01-21T07:28:51.111 INFO:teuthology.orchestra.run.smithi107.stderr:Running command: /bin/podman run --rm --ipc=host --no-hosts --net=host --entrypoint /usr/bin/ceph --init -e CONTAINER_IMAGE=docker.io/ceph/ceph:v16.2.4 -e NODE_NAME=smithi107 -e CEPH_USE_RANDOM_NONCE=1 -v /var/log/ceph/962f5a9a-b82e-11ee-95b0-87774f69a715:/var/log/ceph:z -v /tmp/ceph-tmp9v9j9ro4:/etc/ceph/ceph.client.admin.keyring:z -v /tmp/ceph-tmpcnfa6skr:/etc/ceph/ceph.conf:z docker.io/ceph/ceph:v16.2.4 mgr module enable prometheus
2024-01-21T07:28:51.466 INFO:teuthology.orchestra.run.smithi107.stderr:/usr/bin/ceph:
2024-01-21T07:28:51.462+0000 7fcf3e7e7700 1 Processor -- start
2024-01-21T07:28:51.466 INFO:teuthology.orchestra.run.smithi107.stderr:/usr/bin/ceph:
2024-01-21T07:28:51.462+0000 7fcf3e7e7700 1 -- start start
2024-01-21T07:28:51.466 INFO:teuthology.orchestra.run.smithi107.stderr:/usr/bin/ceph:
2024-01-21T07:28:51.462+0000 7fcf3e7e7700 1 --2- >> [v2:172.21.15.107:3300/0,v1:172.21.15.107:6789/0] conn(0x7fcf38070430 0x7fcf380fe8e0 unknown :-1 s=NONE pgs=0 cs=0 l=0 rev1=0 rx=0 tx=0).connect
2024-01-21T07:28:51.466 INFO:teuthology.orchestra.run.smithi107.stderr:/usr/bin/ceph:
2024-01-21T07:28:51.462+0000 7fcf3e7e7700 1 -- --> [v2:172.21.15.107:3300/0,v1:172.21.15.107:6789/0] -- mon_getmap magic: 0 v1 -- 0x7fcf380fedd0 con 0x7fcf38070430
2024-01-21T07:28:51.467 INFO:teuthology.orchestra.run.smithi107.stderr:/usr/bin/ceph:
2024-01-21T07:28:51.463+0000 7fcf37fff700 1 --2- >> [v2:172.21.15.107:3300/0,v1:172.21.15.107:6789/0] conn(0x7fcf38070430 0x7fcf380fe8e0 unknown :-1 s=BANNER_CONNECTING pgs=0 cs=0 l=0 rev1=0 rx=0 tx=0)._handle_peer_banner_payload supported=1 required=0
2024-01-21T07:28:51.467 INFO:teuthology.orchestra.run.smithi107.stderr:/usr/bin/ceph:
2024-01-21T07:28:51.463+0000 7fcf37fff700 1 --2- >> [v2:172.21.15.107:3300/0,v1:172.21.15.107:6789/0] conn(0x7fcf38070430 0x7fcf380fe8e0 unknown :-1 s=HELLO_CONNECTING pgs=0 cs=0 l=0 rev1=1 rx=0 tx=0).handle_hello peer v2:172.21.15.107:3300/0 says I am v2:172.21.15.107:38570/0 (socket says 172.21.15.107:38570)
2024-01-21T07:28:51.467 INFO:teuthology.orchestra.run.smithi107.stderr:/usr/bin/ceph:
2024-01-21T07:28:51.463+0000 7fcf37fff700 1 -- 172.21.15.107:0/3054730306 learned_addr learned my addr 172.21.15.107:0/3054730306 (peer_addr_for_me v2:172.21.15.107:0/0)
2024-01-21T07:28:51.467 INFO:teuthology.orchestra.run.smithi107.stderr:/usr/bin/ceph:
2024-01-21T07:28:51.463+0000 7fcf37fff700 1 -- 172.21.15.107:0/3054730306 --> [v2:172.21.15.107:3300/0,v1:172.21.15.107:6789/0] -- mon_subscribe({config=0+,monmap=0+}) v3 -- 0x7fcf380fef10 con 0x7fcf38070430
2024-01-21T07:28:51.467 INFO:teuthology.orchestra.run.smithi107.stderr:/usr/bin/ceph:
2024-01-21T07:28:51.463+0000 7fcf37fff700 1 --2- 172.21.15.107:0/3054730306 >> [v2:172.21.15.107:3300/0,v1:172.21.15.107:6789/0] conn(0x7fcf38070430 0x7fcf380fe8e0 secure :-1 s=READY pgs=45 cs=0 l=1 rev1=1 rx=0x7fcf2800b5f0 tx=0x7fcf28006ee0).ready entity=mon.0 client_cookie=8e0714102d5259da server_cookie=0 in_seq=0 out_seq=0
2024-01-21T07:28:51.467 INFO:teuthology.orchestra.run.smithi107.stderr:/usr/bin/ceph:
2024-01-21T07:28:51.463+0000 7fcf36ffd700 1 -- 172.21.15.107:0/3054730306 <== mon.0 v2:172.21.15.107:3300/0 1 ==== mon_map magic: 0 v1 ==== 229+0+0 (secure 0 0 0) 0x7fcf2800d600 con 0x7fcf38070430
2024-01-21T07:28:51.467 INFO:teuthology.orchestra.run.smithi107.stderr:/usr/bin/ceph:
2024-01-21T07:28:51.463+0000 7fcf36ffd700 1 -- 172.21.15.107:0/3054730306 <== mon.0 v2:172.21.15.107:3300/0 2 ==== config(25 keys) v1 ==== 1074+0+0 (secure 0 0 0) 0x7fcf2800dc10 con 0x7fcf38070430
2024-01-21T07:28:51.467 INFO:teuthology.orchestra.run.smithi107.stderr:/usr/bin/ceph:
2024-01-21T07:28:51.463+0000 7fcf36ffd700 1 -- 172.21.15.107:0/3054730306 <== mon.0 v2:172.21.15.107:3300/0 3 ==== mon_map magic: 0 v1 ==== 229+0+0 (secure 0 0 0) 0x7fcf28011cd0 con 0x7fcf38070430
2024-01-21T07:28:51.470 INFO:teuthology.orchestra.run.smithi107.stderr:/usr/bin/ceph:
2024-01-21T07:28:51.464+0000 7fcf3e7e7700 1 -- 172.21.15.107:0/3054730306 >> [v2:172.21.15.107:3300/0,v1:172.21.15.107:6789/0] conn(0x7fcf38070430 msgr2=0x7fcf380fe8e0 secure :-1 s=STATE_CONNECTION_ESTABLISHED l=1).mark_down
2024-01-21T07:28:51.470 INFO:teuthology.orchestra.run.smithi107.stderr:/usr/bin/ceph:
2024-01-21T07:28:51.464+0000 7fcf3e7e7700 1 --2- 172.21.15.107:0/3054730306 >> [v2:172.21.15.107:3300/0,v1:172.21.15.107:6789/0] conn(0x7fcf38070430 0x7fcf380fe8e0 secure :-1 s=READY pgs=45 cs=0 l=1 rev1=1 rx=0x7fcf2800b5f0 tx=0x7fcf28006ee0).stop
2024-01-21T07:28:51.470 INFO:teuthology.orchestra.run.smithi107.stderr:/usr/bin/ceph:
2024-01-21T07:28:51.464+0000 7fcf3e7e7700 1 -- 172.21.15.107:0/3054730306 shutdown_connections
2024-01-21T07:28:51.470 INFO:teuthology.orchestra.run.smithi107.stderr:/usr/bin/ceph:
2024-01-21T07:28:51.464+0000 7fcf3e7e7700 1 --2- 172.21.15.107:0/3054730306 >> [v2:172.21.15.107:3300/0,v1:172.21.15.107:6789/0] conn(0x7fcf38070430 0x7fcf380fe8e0 unknown :-1 s=CLOSED pgs=45 cs=0 l=1 rev1=1 rx=0 tx=0).stop
2024-01-21T07:28:51.470 INFO:teuthology.orchestra.run.smithi107.stderr:/usr/bin/ceph:
2024-01-21T07:28:51.464+0000 7fcf3e7e7700 1 -- 172.21.15.107:0/3054730306 >> 172.21.15.107:0/3054730306 conn(0x7fcf380f63c0 msgr2=0x7fcf380f87e0 unknown :-1 s=STATE_NONE l=0).mark_down
2024-01-21T07:28:51.470 INFO:teuthology.orchestra.run.smithi107.stderr:/usr/bin/ceph:
2024-01-21T07:28:51.464+0000 7fcf3e7e7700 1 -- 172.21.15.107:0/3054730306 shutdown_connections
2024-01-21T07:28:51.471 INFO:teuthology.orchestra.run.smithi107.stderr:/usr/bin/ceph:
2024-01-21T07:28:51.464+0000 7fcf3e7e7700 1 -- 172.21.15.107:0/3054730306 wait complete.
2024-01-21T07:28:51.471 INFO:teuthology.orchestra.run.smithi107.stderr:/usr/bin/ceph:
2024-01-21T07:28:51.464+0000 7fcf3e7e7700 1 Processor -- start
2024-01-21T07:28:51.471 INFO:teuthology.orchestra.run.smithi107.stderr:/usr/bin/ceph:
2024-01-21T07:28:51.465+0000 7fcf3e7e7700 1 -- start start
2024-01-21T07:28:51.471 INFO:teuthology.orchestra.run.smithi107.stderr:/usr/bin/ceph:
2024-01-21T07:28:51.465+0000 7fcf3e7e7700 1 --2- >> [v2:172.21.15.107:3300/0,v1:172.21.15.107:6789/0] conn(0x7fcf38070430 0x7fcf380fc360 unknown :-1 s=NONE pgs=0 cs=0 l=1 rev1=0 rx=0 tx=0).connect
2024-01-21T07:28:51.471 INFO:teuthology.orchestra.run.smithi107.stderr:/usr/bin/ceph:
2024-01-21T07:28:51.465+0000 7fcf3e7e7700 1 -- --> [v2:172.21.15.107:3300/0,v1:172.21.15.107:6789/0] -- mon_getmap magic: 0 v1 -- 0x7fcf380fa7e0 con 0x7fcf38070430
2024-01-21T07:28:51.471 INFO:teuthology.orchestra.run.smithi107.stderr:/usr/bin/ceph:
2024-01-21T07:28:51.465+0000 7fcf37fff700 1 --2- >> [v2:172.21.15.107:3300/0,v1:172.21.15.107:6789/0] conn(0x7fcf38070430 0x7fcf380fc360 unknown :-1 s=BANNER_CONNECTING pgs=0 cs=0 l=1 rev1=0 rx=0 tx=0)._handle_peer_banner_payload supported=1 required=0
2024-01-21T07:28:51.471 INFO:teuthology.orchestra.run.smithi107.stderr:/usr/bin/ceph:
2024-01-21T07:28:51.465+0000 7fcf37fff700 1 --2- >> [v2:172.21.15.107:3300/0,v1:172.21.15.107:6789/0] conn(0x7fcf38070430 0x7fcf380fc360 unknown :-1 s=HELLO_CONNECTING pgs=0 cs=0 l=1 rev1=1 rx=0 tx=0).handle_hello peer v2:172.21.15.107:3300/0 says I am v2:172.21.15.107:38572/0 (socket says 172.21.15.107:38572)
2024-01-21T07:28:51.471 INFO:teuthology.orchestra.run.smithi107.stderr:/usr/bin/ceph:
2024-01-21T07:28:51.465+0000 7fcf37fff700 1 -- 172.21.15.107:0/3949604603 learned_addr learned my addr 172.21.15.107:0/3949604603 (peer_addr_for_me v2:172.21.15.107:0/0)
2024-01-21T07:28:51.471 INFO:teuthology.orchestra.run.smithi107.stderr:/usr/bin/ceph:
2024-01-21T07:28:51.465+0000 7fcf37fff700 1 -- 172.21.15.107:0/3949604603 --> [v2:172.21.15.107:3300/0,v1:172.21.15.107:6789/0] -- mon_subscribe({config=0+,monmap=0+}) v3 -- 0x7fcf2800b200 con 0x7fcf38070430
2024-01-21T07:28:51.471 INFO:teuthology.orchestra.run.smithi107.stderr:/usr/bin/ceph:
2024-01-21T07:28:51.465+0000 7fcf37fff700 1 --2- 172.21.15.107:0/3949604603 >> [v2:172.21.15.107:3300/0,v1:172.21.15.107:6789/0] conn(0x7fcf38070430 0x7fcf380fc360 secure :-1 s=READY pgs=46 cs=0 l=1 rev1=1 rx=0x7fcf28006800 tx=0x7fcf28006ee0).ready entity=mon.0 client_cookie=0 server_cookie=0 in_seq=0 out_seq=0
2024-01-21T07:28:51.471 INFO:teuthology.orchestra.run.smithi107.stderr:/usr/bin/ceph:
2024-01-21T07:28:51.465+0000 7fcf34ff9700 1 -- 172.21.15.107:0/3949604603 <== mon.0 v2:172.21.15.107:3300/0 1 ==== mon_map magic: 0 v1 ==== 229+0+0 (secure 0 0 0) 0x7fcf28011df0 con 0x7fcf38070430
2024-01-21T07:28:51.471 INFO:teuthology.orchestra.run.smithi107.stderr:/usr/bin/ceph:
2024-01-21T07:28:51.465+0000 7fcf3e7e7700 1 -- 172.21.15.107:0/3949604603 --> [v2:172.21.15.107:3300/0,v1:172.21.15.107:6789/0] -- mon_subscribe({mgrmap=0+}) v3 -- 0x7fcf380fa980 con 0x7fcf38070430
2024-01-21T07:28:51.472 INFO:teuthology.orchestra.run.smithi107.stderr:/usr/bin/ceph:
2024-01-21T07:28:51.465+0000 7fcf34ff9700 1 -- 172.21.15.107:0/3949604603 <== mon.0 v2:172.21.15.107:3300/0 2 ==== config(25 keys) v1 ==== 1074+0+0 (secure 0 0 0) 0x7fcf2801b8c0 con 0x7fcf38070430
2024-01-21T07:28:51.472 INFO:teuthology.orchestra.run.smithi107.stderr:/usr/bin/ceph:
2024-01-21T07:28:51.465+0000 7fcf34ff9700 1 -- 172.21.15.107:0/3949604603 <== mon.0 v2:172.21.15.107:3300/0 3 ==== mon_map magic: 0 v1 ==== 229+0+0 (secure 0 0 0) 0x7fcf2801a830 con 0x7fcf38070430
2024-01-21T07:28:51.472 INFO:teuthology.orchestra.run.smithi107.stderr:/usr/bin/ceph:
2024-01-21T07:28:51.465+0000 7fcf3e7e7700 1 -- 172.21.15.107:0/3949604603 --> [v2:172.21.15.107:3300/0,v1:172.21.15.107:6789/0] -- mon_subscribe({osdmap=0}) v3 -- 0x7fcf380fad90 con 0x7fcf38070430
2024-01-21T07:28:51.472 INFO:teuthology.orchestra.run.smithi107.stderr:/usr/bin/ceph:
2024-01-21T07:28:51.466+0000 7fcf34ff9700 1 -- 172.21.15.107:0/3949604603 <== mon.0 v2:172.21.15.107:3300/0 4 ==== mgrmap(e 7) v1 ==== 36120+0+0 (secure 0 0 0) 0x7fcf2800f070 con 0x7fcf38070430
2024-01-21T07:28:51.472 INFO:teuthology.orchestra.run.smithi107.stderr:/usr/bin/ceph:
2024-01-21T07:28:51.466+0000 7fcf34ff9700 1 --2- 172.21.15.107:0/3949604603 >> [v2:172.21.15.107:6800/1859130614,v1:172.21.15.107:6801/1859130614] conn(0x7fcf2402fd50 0x7fcf24032210 unknown :-1 s=NONE pgs=0 cs=0 l=1 rev1=0 rx=0 tx=0).connect
2024-01-21T07:28:51.472 INFO:teuthology.orchestra.run.smithi107.stderr:/usr/bin/ceph:
2024-01-21T07:28:51.466+0000 7fcf34ff9700 1 -- 172.21.15.107:0/3949604603 <== mon.0 v2:172.21.15.107:3300/0 5 ==== osd_map(2..2 src has 1..2) v4 ==== 926+0+0 (secure 0 0 0) 0x7fcf28040e90 con 0x7fcf38070430
2024-01-21T07:28:51.472 INFO:teuthology.orchestra.run.smithi107.stderr:/usr/bin/ceph:
2024-01-21T07:28:51.466+0000 7fcf3e7e7700 1 -- 172.21.15.107:0/3949604603 --> [v2:172.21.15.107:3300/0,v1:172.21.15.107:6789/0] -- mon_command({"prefix": "get_command_descriptions"} v 0) v1 -- 0x7fcf38045ad0 con 0x7fcf38070430
2024-01-21T07:28:51.472 INFO:teuthology.orchestra.run.smithi107.stderr:/usr/bin/ceph:
2024-01-21T07:28:51.467+0000 7fcf377fe700 1 --2- 172.21.15.107:0/3949604603 >> [v2:172.21.15.107:6800/1859130614,v1:172.21.15.107:6801/1859130614] conn(0x7fcf2402fd50 0x7fcf24032210 unknown :-1 s=BANNER_CONNECTING pgs=0 cs=0 l=1 rev1=0 rx=0 tx=0)._handle_peer_banner_payload supported=1 required=0
