2024-01-21T08:04:44.406+0000 7f04deffd700 1 --2- >> [v2:172.21.15.46:3300/0,v1:172.21.15.46:6789/0] conn(0x7f04e0070430 0x7f04e00fc360 unknown :-1 s=BANNER_CONNECTING pgs=0 cs=0 l=1 rev1=0 rx=0 tx=0)._handle_peer_banner_payload supported=1 required=0
2024-01-21T08:04:44.413 INFO:teuthology.orchestra.run.smithi046.stderr:/usr/bin/ceph:
2024-01-21T08:04:44.406+0000 7f04deffd700 1 --2- >> [v2:172.21.15.46:3300/0,v1:172.21.15.46:6789/0] conn(0x7f04e0070430 0x7f04e00fc360 unknown :-1 s=HELLO_CONNECTING pgs=0 cs=0 l=1 rev1=1 rx=0 tx=0).handle_hello peer v2:172.21.15.46:3300/0 says I am v2:172.21.15.46:54506/0 (socket says 172.21.15.46:54506)
2024-01-21T08:04:44.413 INFO:teuthology.orchestra.run.smithi046.stderr:/usr/bin/ceph:
2024-01-21T08:04:44.406+0000 7f04deffd700 1 -- 172.21.15.46:0/3956527973 learned_addr learned my addr 172.21.15.46:0/3956527973 (peer_addr_for_me v2:172.21.15.46:0/0)
2024-01-21T08:04:44.413 INFO:teuthology.orchestra.run.smithi046.stderr:/usr/bin/ceph:
2024-01-21T08:04:44.406+0000 7f04deffd700 1 -- 172.21.15.46:0/3956527973 --> [v2:172.21.15.46:3300/0,v1:172.21.15.46:6789/0] -- mon_subscribe({config=0+,monmap=0+}) v3 -- 0x7f04d000b200 con 0x7f04e0070430
2024-01-21T08:04:44.413 INFO:teuthology.orchestra.run.smithi046.stderr:/usr/bin/ceph:
2024-01-21T08:04:44.406+0000 7f04deffd700 1 --2- 172.21.15.46:0/3956527973 >> [v2:172.21.15.46:3300/0,v1:172.21.15.46:6789/0] conn(0x7f04e0070430 0x7f04e00fc360 secure :-1 s=READY pgs=25 cs=0 l=1 rev1=1 rx=0x7f04d000e040 tx=0x7f04d0006ee0).ready entity=mon.0 client_cookie=0 server_cookie=0 in_seq=0 out_seq=0
2024-01-21T08:04:44.413 INFO:teuthology.orchestra.run.smithi046.stderr:/usr/bin/ceph:
2024-01-21T08:04:44.406+0000 7f04c77fe700 1 -- 172.21.15.46:0/3956527973 <== mon.0 v2:172.21.15.46:3300/0 1 ==== mon_map magic: 0 v1 ==== 229+0+0 (secure 0 0 0) 0x7f04d000d9f0 con 0x7f04e0070430
2024-01-21T08:04:44.413 INFO:teuthology.orchestra.run.smithi046.stderr:/usr/bin/ceph:
2024-01-21T08:04:44.406+0000 7f04c77fe700 1 -- 172.21.15.46:0/3956527973 <== mon.0 v2:172.21.15.46:3300/0 2 ==== config(25 keys) v1 ==== 1010+0+0 (secure 0 0 0) 0x7f04d001a9f0 con 0x7f04e0070430
2024-01-21T08:04:44.413 INFO:teuthology.orchestra.run.smithi046.stderr:/usr/bin/ceph:
2024-01-21T08:04:44.406+0000 7f04e528c700 1 -- 172.21.15.46:0/3956527973 --> [v2:172.21.15.46:3300/0,v1:172.21.15.46:6789/0] -- mon_subscribe({mgrmap=0+}) v3 -- 0x7f04e00fa980 con 0x7f04e0070430
2024-01-21T08:04:44.413 INFO:teuthology.orchestra.run.smithi046.stderr:/usr/bin/ceph:
2024-01-21T08:04:44.406+0000 7f04c77fe700 1 -- 172.21.15.46:0/3956527973 <== mon.0 v2:172.21.15.46:3300/0 3 ==== mon_map magic: 0 v1 ==== 229+0+0 (secure 0 0 0) 0x7f04d001b8c0 con 0x7f04e0070430
2024-01-21T08:04:44.413 INFO:teuthology.orchestra.run.smithi046.stderr:/usr/bin/ceph:
2024-01-21T08:04:44.407+0000 7f04e528c700 1 -- 172.21.15.46:0/3956527973 --> [v2:172.21.15.46:3300/0,v1:172.21.15.46:6789/0] -- mon_subscribe({osdmap=0}) v3 -- 0x7f04e00fad90 con 0x7f04e0070430
2024-01-21T08:04:44.413 INFO:teuthology.orchestra.run.smithi046.stderr:/usr/bin/ceph:
2024-01-21T08:04:44.407+0000 7f04c77fe700 1 -- 172.21.15.46:0/3956527973 <== mon.0 v2:172.21.15.46:3300/0 4 ==== mgrmap(e 5) v1 ==== 36120+0+0 (secure 0 0 0) 0x7f04d000f070 con 0x7f04e0070430
2024-01-21T08:04:44.413 INFO:teuthology.orchestra.run.smithi046.stderr:/usr/bin/ceph:
2024-01-21T08:04:44.408+0000 7f04c77fe700 1 --2- 172.21.15.46:0/3956527973 >> [v2:172.21.15.46:6800/1991662361,v1:172.21.15.46:6801/1991662361] conn(0x7f04cc02fdb0 0x7f04cc032270 unknown :-1 s=NONE pgs=0 cs=0 l=1 rev1=0 rx=0 tx=0).connect
2024-01-21T08:04:44.413 INFO:teuthology.orchestra.run.smithi046.stderr:/usr/bin/ceph:
2024-01-21T08:04:44.408+0000 7f04c77fe700 1 -- 172.21.15.46:0/3956527973 --> [v2:172.21.15.46:6800/1991662361,v1:172.21.15.46:6801/1991662361] -- command(tid 0: {"prefix": "get_command_descriptions"}) v1 -- 0x7f04cc032930 con 0x7f04cc02fdb0
2024-01-21T08:04:44.413 INFO:teuthology.orchestra.run.smithi046.stderr:/usr/bin/ceph:
2024-01-21T08:04:44.408+0000 7f04c77fe700 1 -- 172.21.15.46:0/3956527973 <== mon.0 v2:172.21.15.46:3300/0 5 ==== osd_map(1..1 src has 1..1) v4 ==== 754+0+0 (secure 0 0 0) 0x7f04d00411d0 con 0x7f04e0070430
2024-01-21T08:04:44.414 INFO:teuthology.orchestra.run.smithi046.stderr:/usr/bin/ceph:
2024-01-21T08:04:44.408+0000 7f04de7fc700 1 -- 172.21.15.46:0/3956527973 >> [v2:172.21.15.46:6800/1991662361,v1:172.21.15.46:6801/1991662361] conn(0x7f04cc02fdb0 msgr2=0x7f04cc032270 unknown :-1 s=STATE_CONNECTING_RE l=1).process reconnect failed to v2:172.21.15.46:6800/1991662361
2024-01-21T08:04:44.414 INFO:teuthology.orchestra.run.smithi046.stderr:/usr/bin/ceph:
2024-01-21T08:04:44.408+0000 7f04de7fc700 1 --2- 172.21.15.46:0/3956527973 >> [v2:172.21.15.46:6800/1991662361,v1:172.21.15.46:6801/1991662361] conn(0x7f04cc02fdb0 0x7f04cc032270 unknown :-1 s=START_CONNECT pgs=0 cs=0 l=1 rev1=0 rx=0 tx=0)._fault waiting 0.200000
2024-01-21T08:04:44.612 INFO:teuthology.orchestra.run.smithi046.stderr:/usr/bin/ceph:
2024-01-21T08:04:44.609+0000 7f04de7fc700 1 -- 172.21.15.46:0/3956527973 >> [v2:172.21.15.46:6800/1991662361,v1:172.21.15.46:6801/1991662361] conn(0x7f04cc02fdb0 msgr2=0x7f04cc032270 unknown :-1 s=STATE_CONNECTING_RE l=1).process reconnect failed to v2:172.21.15.46:6800/1991662361
2024-01-21T08:04:44.612 INFO:teuthology.orchestra.run.smithi046.stderr:/usr/bin/ceph:
2024-01-21T08:04:44.609+0000 7f04de7fc700 1 --2- 172.21.15.46:0/3956527973 >> [v2:172.21.15.46:6800/1991662361,v1:172.21.15.46:6801/1991662361] conn(0x7f04cc02fdb0 0x7f04cc032270 unknown :-1 s=START_CONNECT pgs=0 cs=0 l=1 rev1=0 rx=0 tx=0)._fault waiting 0.400000
2024-01-21T08:04:45.013 INFO:teuthology.orchestra.run.smithi046.stderr:/usr/bin/ceph:
2024-01-21T08:04:45.010+0000 7f04de7fc700 1 -- 172.21.15.46:0/3956527973 >> [v2:172.21.15.46:6800/1991662361,v1:172.21.15.46:6801/1991662361] conn(0x7f04cc02fdb0 msgr2=0x7f04cc032270 unknown :-1 s=STATE_CONNECTING_RE l=1).process reconnect failed to v2:172.21.15.46:6800/1991662361
2024-01-21T08:04:45.013 INFO:teuthology.orchestra.run.smithi046.stderr:/usr/bin/ceph:
2024-01-21T08:04:45.010+0000 7f04de7fc700 1 --2- 172.21.15.46:0/3956527973 >> [v2:172.21.15.46:6800/1991662361,v1:172.21.15.46:6801/1991662361] conn(0x7f04cc02fdb0 0x7f04cc032270 unknown :-1 s=START_CONNECT pgs=0 cs=0 l=1 rev1=0 rx=0 tx=0)._fault waiting 0.800000
2024-01-21T08:04:45.814 INFO:teuthology.orchestra.run.smithi046.stderr:/usr/bin/ceph:
2024-01-21T08:04:45.811+0000 7f04de7fc700 1 -- 172.21.15.46:0/3956527973 >> [v2:172.21.15.46:6800/1991662361,v1:172.21.15.46:6801/1991662361] conn(0x7f04cc02fdb0 msgr2=0x7f04cc032270 unknown :-1 s=STATE_CONNECTING_RE l=1).process reconnect failed to v2:172.21.15.46:6800/1991662361
2024-01-21T08:04:45.814 INFO:teuthology.orchestra.run.smithi046.stderr:/usr/bin/ceph:
2024-01-21T08:04:45.811+0000 7f04de7fc700 1 --2- 172.21.15.46:0/3956527973 >> [v2:172.21.15.46:6800/1991662361,v1:172.21.15.46:6801/1991662361] conn(0x7f04cc02fdb0 0x7f04cc032270 unknown :-1 s=START_CONNECT pgs=0 cs=0 l=1 rev1=0 rx=0 tx=0)._fault waiting 1.600000
2024-01-21T08:04:46.472 INFO:teuthology.orchestra.run.smithi046.stderr:/usr/bin/ceph:
2024-01-21T08:04:46.468+0000 7f04c77fe700 1 -- 172.21.15.46:0/3956527973 <== mon.0 v2:172.21.15.46:3300/0 6 ==== mgrmap(e 6) v1 ==== 35970+0+0 (secure 0 0 0) 0x7f04d001ba20 con 0x7f04e0070430
2024-01-21T08:04:46.472 INFO:teuthology.orchestra.run.smithi046.stderr:/usr/bin/ceph:
2024-01-21T08:04:46.469+0000 7f04c77fe700 1 -- 172.21.15.46:0/3956527973 >> [v2:172.21.15.46:6800/1991662361,v1:172.21.15.46:6801/1991662361] conn(0x7f04cc02fdb0 msgr2=0x7f04cc032270 unknown :-1 s=STATE_CONNECTING l=1).mark_down
2024-01-21T08:04:46.472 INFO:teuthology.orchestra.run.smithi046.stderr:/usr/bin/ceph:
2024-01-21T08:04:46.469+0000 7f04c77fe700 1 --2- 172.21.15.46:0/3956527973 >> [v2:172.21.15.46:6800/1991662361,v1:172.21.15.46:6801/1991662361] conn(0x7f04cc02fdb0 0x7f04cc032270 unknown :-1 s=START_CONNECT pgs=0 cs=0 l=1 rev1=0 rx=0 tx=0).stop
2024-01-21T08:04:47.473 INFO:teuthology.orchestra.run.smithi046.stderr:/usr/bin/ceph:
2024-01-21T08:04:47.470+0000 7f04c77fe700 1 -- 172.21.15.46:0/3956527973 <== mon.0 v2:172.21.15.46:3300/0 7 ==== mgrmap(e 7) v1 ==== 36040+0+0 (secure 0 0 0) 0x7f04d00257e0 con 0x7f04e0070430
2024-01-21T08:04:47.474 INFO:teuthology.orchestra.run.smithi046.stderr:/usr/bin/ceph:
2024-01-21T08:04:47.470+0000 7f04c77fe700 1 --2- 172.21.15.46:0/3956527973 >> [v2:172.21.15.46:6800/2245961460,v1:172.21.15.46:6801/2245961460] conn(0x7f04cc033880 0x7f04cc035c70 unknown :-1 s=NONE pgs=0 cs=0 l=1 rev1=0 rx=0 tx=0).connect
2024-01-21T08:04:47.474 INFO:teuthology.orchestra.run.smithi046.stderr:/usr/bin/ceph:
2024-01-21T08:04:47.470+0000 7f04c77fe700 1 -- 172.21.15.46:0/3956527973 --> [v2:172.21.15.46:6800/2245961460,v1:172.21.15.46:6801/2245961460] -- command(tid 0: {"prefix": "get_command_descriptions"}) v1 -- 0x7f04cc032930 con 0x7f04cc033880
2024-01-21T08:04:47.474 INFO:teuthology.orchestra.run.smithi046.stderr:/usr/bin/ceph:
2024-01-21T08:04:47.471+0000 7f04de7fc700 1 --2- 172.21.15.46:0/3956527973 >> [v2:172.21.15.46:6800/2245961460,v1:172.21.15.46:6801/2245961460] conn(0x7f04cc033880 0x7f04cc035c70 unknown :-1 s=BANNER_CONNECTING pgs=0 cs=0 l=1 rev1=0 rx=0 tx=0)._handle_peer_banner_payload supported=1 required=0
2024-01-21T08:04:47.474 INFO:teuthology.orchestra.run.smithi046.stderr:/usr/bin/ceph:
2024-01-21T08:04:47.472+0000 7f04de7fc700 1 --2- 172.21.15.46:0/3956527973 >> [v2:172.21.15.46:6800/2245961460,v1:172.21.15.46:6801/2245961460] conn(0x7f04cc033880 0x7f04cc035c70 secure :-1 s=READY pgs=1 cs=0 l=1 rev1=1 rx=0x7f04d40036d0 tx=0x7f04d4006d20).ready entity=mgr.14116 client_cookie=0 server_cookie=0 in_seq=0 out_seq=0
2024-01-21T08:04:47.475 INFO:teuthology.orchestra.run.smithi046.stderr:/usr/bin/ceph:
2024-01-21T08:04:47.472+0000 7f04c77fe700 1 -- 172.21.15.46:0/3956527973 <== mgr.14116 v2:172.21.15.46:6800/2245961460 1 ==== command_reply(tid 0: 0 ) v1 ==== 8+0+6438 (secure 0 0 0) 0x7f04cc032930 con 0x7f04cc033880
2024-01-21T08:04:47.481 INFO:teuthology.orchestra.run.smithi046.stderr:/usr/bin/ceph:
2024-01-21T08:04:47.479+0000 7f04e528c700 1 -- 172.21.15.46:0/3956527973 --> [v2:172.21.15.46:6800/2245961460,v1:172.21.15.46:6801/2245961460] -- command(tid 1: {"prefix": "mgr_status"}) v1 -- 0x7f04e0059100 con 0x7f04cc033880
2024-01-21T08:04:47.483 INFO:teuthology.orchestra.run.smithi046.stderr:/usr/bin/ceph:
2024-01-21T08:04:47.479+0000 7f04c77fe700 1 -- 172.21.15.46:0/3956527973 <== mgr.14116 v2:172.21.15.46:6800/2245961460 2 ==== command_reply(tid 1: 0 ) v1 ==== 8+0+51 (secure 0 0 0) 0x7f04e0059100 con 0x7f04cc033880
2024-01-21T08:04:47.483 INFO:teuthology.orchestra.run.smithi046.stderr:/usr/bin/ceph: {
2024-01-21T08:04:47.483 INFO:teuthology.orchestra.run.smithi046.stderr:/usr/bin/ceph: "mgrmap_epoch": 7,
2024-01-21T08:04:47.483 INFO:teuthology.orchestra.run.smithi046.stderr:/usr/bin/ceph: "initialized": true
2024-01-21T08:04:47.484 INFO:teuthology.orchestra.run.smithi046.stderr:/usr/bin/ceph: }
2024-01-21T08:04:47.484 INFO:teuthology.orchestra.run.smithi046.stderr:/usr/bin/ceph:
2024-01-21T08:04:47.479+0000 7f04e528c700 1 -- 172.21.15.46:0/3956527973 >> [v2:172.21.15.46:6800/2245961460,v1:172.21.15.46:6801/2245961460] conn(0x7f04cc033880 msgr2=0x7f04cc035c70 secure :-1 s=STATE_CONNECTION_ESTABLISHED l=1).mark_down
2024-01-21T08:04:47.484 INFO:teuthology.orchestra.run.smithi046.stderr:/usr/bin/ceph:
2024-01-21T08:04:47.479+0000 7f04e528c700 1 --2- 172.21.15.46:0/3956527973 >> [v2:172.21.15.46:6800/2245961460,v1:172.21.15.46:6801/2245961460] conn(0x7f04cc033880 0x7f04cc035c70 secure :-1 s=READY pgs=1 cs=0 l=1 rev1=1 rx=0x7f04d40036d0 tx=0x7f04d4006d20).stop
2024-01-21T08:04:47.484 INFO:teuthology.orchestra.run.smithi046.stderr:/usr/bin/ceph:
2024-01-21T08:04:47.479+0000 7f04e528c700 1 -- 172.21.15.46:0/3956527973 >> [v2:172.21.15.46:3300/0,v1:172.21.15.46:6789/0] conn(0x7f04e0070430 msgr2=0x7f04e00fc360 secure :-1 s=STATE_CONNECTION_ESTABLISHED l=1).mark_down
2024-01-21T08:04:47.484 INFO:teuthology.orchestra.run.smithi046.stderr:/usr/bin/ceph:
2024-01-21T08:04:47.479+0000 7f04e528c700 1 --2- 172.21.15.46:0/3956527973 >> [v2:172.21.15.46:3300/0,v1:172.21.15.46:6789/0] conn(0x7f04e0070430 0x7f04e00fc360 secure :-1 s=READY pgs=25 cs=0 l=1 rev1=1 rx=0x7f04d000e040 tx=0x7f04d0006ee0).stop
2024-01-21T08:04:47.484 INFO:teuthology.orchestra.run.smithi046.stderr:/usr/bin/ceph:
2024-01-21T08:04:47.479+0000 7f04e528c700 1 -- 172.21.15.46:0/3956527973 shutdown_connections
2024-01-21T08:04:47.484 INFO:teuthology.orchestra.run.smithi046.stderr:/usr/bin/ceph:
2024-01-21T08:04:47.479+0000 7f04e528c700 1 --2- 172.21.15.46:0/3956527973 >> [v2:172.21.15.46:6800/2245961460,v1:172.21.15.46:6801/2245961460] conn(0x7f04cc033880 0x7f04cc035c70 unknown :-1 s=CLOSED pgs=1 cs=0 l=1 rev1=1 rx=0 tx=0).stop
2024-01-21T08:04:47.484 INFO:teuthology.orchestra.run.smithi046.stderr:/usr/bin/ceph:
2024-01-21T08:04:47.479+0000 7f04e528c700 1 --2- 172.21.15.46:0/3956527973 >> [v2:172.21.15.46:3300/0,v1:172.21.15.46:6789/0] conn(0x7f04e0070430 0x7f04e00fc360 unknown :-1 s=CLOSED pgs=25 cs=0 l=1 rev1=1 rx=0 tx=0).stop
2024-01-21T08:04:47.484 INFO:teuthology.orchestra.run.smithi046.stderr:/usr/bin/ceph:
2024-01-21T08:04:47.479+0000 7f04e528c700 1 --2- 172.21.15.46:0/3956527973 >> [v2:172.21.15.46:6800/1991662361,v1:172.21.15.46:6801/1991662361] conn(0x7f04cc02fdb0 0x7f04cc032270 unknown :-1 s=CLOSED pgs=0 cs=0 l=1 rev1=0 rx=0 tx=0).stop
2024-01-21T08:04:47.484 INFO:teuthology.orchestra.run.smithi046.stderr:/usr/bin/ceph:
2024-01-21T08:04:47.479+0000 7f04e528c700 1 -- 172.21.15.46:0/3956527973 >> 172.21.15.46:0/3956527973 conn(0x7f04e00f63c0 msgr2=0x7f04e00f7f60 unknown :-1 s=STATE_NONE l=0).mark_down
2024-01-21T08:04:47.484 INFO:teuthology.orchestra.run.smithi046.stderr:/usr/bin/ceph:
2024-01-21T08:04:47.480+0000 7f04e528c700 1 -- 172.21.15.46:0/3956527973 shutdown_connections
2024-01-21T08:04:47.484 INFO:teuthology.orchestra.run.smithi046.stderr:/usr/bin/ceph:
2024-01-21T08:04:47.480+0000 7f04e528c700 1 -- 172.21.15.46:0/3956527973 wait complete.
2024-01-21T08:04:47.740 INFO:journalctl@ceph.mon.smithi046.smithi046.stdout:Jan 21 08:04:47 smithi046 ceph-a17ce476-b833-11ee-95b0-87774f69a715-mon.smithi046[38805]: cluster
2024-01-21T08:04:46.418637+0000 mon.smithi046 (mon.0) 30 : cluster [INF] Active manager daemon smithi046.lmxnwc restarted
2024-01-21T08:04:47.741 INFO:journalctl@ceph.mon.smithi046.smithi046.stdout:Jan 21 08:04:47 smithi046 ceph-a17ce476-b833-11ee-95b0-87774f69a715-mon.smithi046[38805]: cluster
2024-01-21T08:04:46.419021+0000 mon.smithi046 (mon.0) 31 : cluster [INF] Activating manager daemon smithi046.lmxnwc
2024-01-21T08:04:47.741 INFO:journalctl@ceph.mon.smithi046.smithi046.stdout:Jan 21 08:04:47 smithi046 ceph-a17ce476-b833-11ee-95b0-87774f69a715-mon.smithi046[38805]: cluster
2024-01-21T08:04:46.420657+0000 mon.smithi046 (mon.0) 32 : cluster [DBG] osdmap e2: 0 total, 0 up, 0 in
2024-01-21T08:04:47.741 INFO:journalctl@ceph.mon.smithi046.smithi046.stdout:Jan 21 08:04:47 smithi046 ceph-a17ce476-b833-11ee-95b0-87774f69a715-mon.smithi046[38805]: cluster
2024-01-21T08:04:46.471507+0000 mon.smithi046 (mon.0) 33 : cluster [DBG] mgrmap e6: smithi046.lmxnwc(active, starting, since 0.0525597s)
2024-01-21T08:04:47.741 INFO:journalctl@ceph.mon.smithi046.smithi046.stdout:Jan 21 08:04:47 smithi046 ceph-a17ce476-b833-11ee-95b0-87774f69a715-mon.smithi046[38805]: audit
2024-01-21T08:04:46.472344+0000 mon.smithi046 (mon.0) 34 : audit [DBG] from='mgr.14116 172.21.15.46:0/550702402' entity='mgr.smithi046.lmxnwc' cmd=[{"prefix": "mon metadata", "id": "smithi046"}]: dispatch
2024-01-21T08:04:47.741 INFO:journalctl@ceph.mon.smithi046.smithi046.stdout:Jan 21 08:04:47 smithi046 ceph-a17ce476-b833-11ee-95b0-87774f69a715-mon.smithi046[38805]: audit
2024-01-21T08:04:46.472995+0000 mon.smithi046 (mon.0) 35 : audit [DBG] from='mgr.14116 172.21.15.46:0/550702402' entity='mgr.smithi046.lmxnwc' cmd=[{"prefix": "mgr metadata", "who": "smithi046.lmxnwc", "id": "smithi046.lmxnwc"}]: dispatch
2024-01-21T08:04:47.741 INFO:journalctl@ceph.mon.smithi046.smithi046.stdout:Jan 21 08:04:47 smithi046 ceph-a17ce476-b833-11ee-95b0-87774f69a715-mon.smithi046[38805]: audit
2024-01-21T08:04:46.473694+0000 mon.smithi046 (mon.0) 36 : audit [DBG] from='mgr.14116 172.21.15.46:0/550702402' entity='mgr.smithi046.lmxnwc' cmd=[{"prefix": "mds metadata"}]: dispatch
2024-01-21T08:04:47.741 INFO:journalctl@ceph.mon.smithi046.smithi046.stdout:Jan 21 08:04:47 smithi046 ceph-a17ce476-b833-11ee-95b0-87774f69a715-mon.smithi046[38805]: audit
2024-01-21T08:04:46.473926+0000 mon.smithi046 (mon.0) 37 : audit [DBG] from='mgr.14116 172.21.15.46:0/550702402' entity='mgr.smithi046.lmxnwc' cmd=[{"prefix": "osd metadata"}]: dispatch
2024-01-21T08:04:47.741 INFO:journalctl@ceph.mon.smithi046.smithi046.stdout:Jan 21 08:04:47 smithi046 ceph-a17ce476-b833-11ee-95b0-87774f69a715-mon.smithi046[38805]: audit
2024-01-21T08:04:46.474162+0000 mon.smithi046 (mon.0) 38 : audit [DBG] from='mgr.14116 172.21.15.46:0/550702402' entity='mgr.smithi046.lmxnwc' cmd=[{"prefix": "mon metadata"}]: dispatch
2024-01-21T08:04:47.741 INFO:journalctl@ceph.mon.smithi046.smithi046.stdout:Jan 21 08:04:47 smithi046 ceph-a17ce476-b833-11ee-95b0-87774f69a715-mon.smithi046[38805]: cluster
2024-01-21T08:04:46.488287+0000 mon.smithi046 (mon.0) 39 : cluster [INF] Manager daemon smithi046.lmxnwc is now available
2024-01-21T08:04:47.741 INFO:journalctl@ceph.mon.smithi046.smithi046.stdout:Jan 21 08:04:47 smithi046 ceph-a17ce476-b833-11ee-95b0-87774f69a715-mon.smithi046[38805]: audit
2024-01-21T08:04:46.501373+0000 mon.smithi046 (mon.0) 40 : audit [INF] from='mgr.14116 172.21.15.46:0/550702402' entity='mgr.smithi046.lmxnwc'
2024-01-21T08:04:47.741 INFO:journalctl@ceph.mon.smithi046.smithi046.stdout:Jan 21 08:04:47 smithi046 ceph-a17ce476-b833-11ee-95b0-87774f69a715-mon.smithi046[38805]: audit
2024-01-21T08:04:46.504000+0000 mon.smithi046 (mon.0) 41 : audit [INF] from='mgr.14116 172.21.15.46:0/550702402' entity='mgr.smithi046.lmxnwc'
2024-01-21T08:04:47.742 INFO:journalctl@ceph.mon.smithi046.smithi046.stdout:Jan 21 08:04:47 smithi046 ceph-a17ce476-b833-11ee-95b0-87774f69a715-mon.smithi046[38805]: audit
2024-01-21T08:04:46.506382+0000 mon.smithi046 (mon.0) 42 : audit [INF] from='mgr.14116 172.21.15.46:0/550702402' entity='mgr.smithi046.lmxnwc'
2024-01-21T08:04:47.742 INFO:journalctl@ceph.mon.smithi046.smithi046.stdout:Jan 21 08:04:47 smithi046 ceph-a17ce476-b833-11ee-95b0-87774f69a715-mon.smithi046[38805]: audit
2024-01-21T08:04:46.600462+0000 mon.smithi046 (mon.0) 43 : audit [INF] from='mgr.14116 172.21.15.46:0/550702402' entity='mgr.smithi046.lmxnwc'
2024-01-21T08:04:47.742 INFO:journalctl@ceph.mon.smithi046.smithi046.stdout:Jan 21 08:04:47 smithi046 ceph-a17ce476-b833-11ee-95b0-87774f69a715-mon.smithi046[38805]: audit
2024-01-21T08:04:46.601111+0000 mon.smithi046 (mon.0) 44 : audit [DBG] from='mgr.14116 172.21.15.46:0/550702402' entity='mgr.smithi046.lmxnwc' cmd=[{"prefix": "config dump", "format": "json"}]: dispatch
2024-01-21T08:04:47.742 INFO:journalctl@ceph.mon.smithi046.smithi046.stdout:Jan 21 08:04:47 smithi046 ceph-a17ce476-b833-11ee-95b0-87774f69a715-mon.smithi046[38805]: audit
2024-01-21T08:04:46.602831+0000 mon.smithi046 (mon.0) 45 : audit [DBG] from='mgr.14116 172.21.15.46:0/550702402' entity='mgr.smithi046.lmxnwc' cmd=[{"prefix": "config dump", "format": "json"}]: dispatch
2024-01-21T08:04:47.742 INFO:journalctl@ceph.mon.smithi046.smithi046.stdout:Jan 21 08:04:47 smithi046 ceph-a17ce476-b833-11ee-95b0-87774f69a715-mon.smithi046[38805]: audit
2024-01-21T08:04:46.604272+0000 mon.smithi046 (mon.0) 46 : audit [DBG] from='mgr.14116 172.21.15.46:0/550702402' entity='mgr.smithi046.lmxnwc' cmd=[{"prefix": "config dump", "format": "json"}]: dispatch
2024-01-21T08:04:47.742 INFO:journalctl@ceph.mon.smithi046.smithi046.stdout:Jan 21 08:04:47 smithi046 ceph-a17ce476-b833-11ee-95b0-87774f69a715-mon.smithi046[38805]: audit
2024-01-21T08:04:46.614037+0000 mon.smithi046 (mon.0) 47 : audit [INF] from='mgr.14116 172.21.15.46:0/550702402' entity='mgr.smithi046.lmxnwc' cmd=[{"prefix":"config rm","who":"mgr","name":"mgr/rbd_support/smithi046.lmxnwc/mirror_snapshot_schedule"}]: dispatch
2024-01-21T08:04:47.742 INFO:journalctl@ceph.mon.smithi046.smithi046.stdout:Jan 21 08:04:47 smithi046 ceph-a17ce476-b833-11ee-95b0-87774f69a715-mon.smithi046[38805]: audit
2024-01-21T08:04:46.615258+0000 mon.smithi046 (mon.0) 48 : audit [INF] from='mgr.14116 172.21.15.46:0/550702402' entity='mgr.smithi046.lmxnwc' cmd=[{"prefix":"config rm","who":"mgr","name":"mgr/rbd_support/smithi046.lmxnwc/trash_purge_schedule"}]: dispatch
2024-01-21T08:04:47.830 INFO:teuthology.orchestra.run.smithi046.stderr:mgr epoch 5 is available
2024-01-21T08:04:47.918 INFO:teuthology.orchestra.run.smithi046.stderr:Setting orchestrator backend to cephadm...
2024-01-21T08:04:47.918 INFO:teuthology.orchestra.run.smithi046.stderr:Running command: /bin/podman run --rm --ipc=host --no-hosts --net=host --entrypoint /usr/bin/ceph --init -e CONTAINER_IMAGE=docker.io/ceph/ceph:v16.2.4 -e NODE_NAME=smithi046 -e CEPH_USE_RANDOM_NONCE=1 -v /var/log/ceph/a17ce476-b833-11ee-95b0-87774f69a715:/var/log/ceph:z -v /tmp/ceph-tmprdkwbo5u:/etc/ceph/ceph.client.admin.keyring:z -v /tmp/ceph-tmplmcl2b12:/etc/ceph/ceph.conf:z docker.io/ceph/ceph:v16.2.4 orch set backend cephadm
2024-01-21T08:04:48.178 INFO:teuthology.orchestra.run.smithi046.stderr:/usr/bin/ceph:
2024-01-21T08:04:48.171+0000 7effc421e700 1 Processor -- start
2024-01-21T08:04:48.178 INFO:teuthology.orchestra.run.smithi046.stderr:/usr/bin/ceph:
2024-01-21T08:04:48.171+0000 7effc421e700 1 -- start start
2024-01-21T08:04:48.178 INFO:teuthology.orchestra.run.smithi046.stderr:/usr/bin/ceph:
2024-01-21T08:04:48.172+0000 7effc421e700 1 --2- >> [v2:172.21.15.46:3300/0,v1:172.21.15.46:6789/0] conn(0x7effbc0fab80 0x7effbc0fafa0 unknown :-1 s=NONE pgs=0 cs=0 l=0 rev1=0 rx=0 tx=0).connect
2024-01-21T08:04:48.178 INFO:teuthology.orchestra.run.smithi046.stderr:/usr/bin/ceph:
2024-01-21T08:04:48.172+0000 7effc421e700 1 -- --> [v2:172.21.15.46:3300/0,v1:172.21.15.46:6789/0] -- mon_getmap magic: 0 v1 -- 0x7effbc0fb490 con 0x7effbc0fab80
2024-01-21T08:04:48.178 INFO:teuthology.orchestra.run.smithi046.stderr:/usr/bin/ceph:
2024-01-21T08:04:48.172+0000 7effc1fba700 1 --2- >> [v2:172.21.15.46:3300/0,v1:172.21.15.46:6789/0] conn(0x7effbc0fab80 0x7effbc0fafa0 unknown :-1 s=BANNER_CONNECTING pgs=0 cs=0 l=0 rev1=0 rx=0 tx=0)._handle_peer_banner_payload supported=1 required=0
2024-01-21T08:04:48.178 INFO:teuthology.orchestra.run.smithi046.stderr:/usr/bin/ceph:
2024-01-21T08:04:48.172+0000 7effc1fba700 1 --2- >> [v2:172.21.15.46:3300/0,v1:172.21.15.46:6789/0] conn(0x7effbc0fab80 0x7effbc0fafa0 unknown :-1 s=HELLO_CONNECTING pgs=0 cs=0 l=0 rev1=1 rx=0 tx=0).handle_hello peer v2:172.21.15.46:3300/0 says I am v2:172.21.15.46:54560/0 (socket says 172.21.15.46:54560)
2024-01-21T08:04:48.178 INFO:teuthology.orchestra.run.smithi046.stderr:/usr/bin/ceph:
2024-01-21T08:04:48.172+0000 7effc1fba700 1 -- 172.21.15.46:0/1317472804 learned_addr learned my addr 172.21.15.46:0/1317472804 (peer_addr_for_me v2:172.21.15.46:0/0)
2024-01-21T08:04:48.178 INFO:teuthology.orchestra.run.smithi046.stderr:/usr/bin/ceph:
2024-01-21T08:04:48.172+0000 7effc1fba700 1 -- 172.21.15.46:0/1317472804 --> [v2:172.21.15.46:3300/0,v1:172.21.15.46:6789/0] -- mon_subscribe({config=0+,monmap=0+}) v3 -- 0x7effbc0fb5d0 con 0x7effbc0fab80
2024-01-21T08:04:48.178 INFO:teuthology.orchestra.run.smithi046.stderr:/usr/bin/ceph:
2024-01-21T08:04:48.172+0000 7effc1fba700 1 --2- 172.21.15.46:0/1317472804 >> [v2:172.21.15.46:3300/0,v1:172.21.15.46:6789/0] conn(0x7effbc0fab80 0x7effbc0fafa0 secure :-1 s=READY pgs=31 cs=0 l=1 rev1=1 rx=0x7effb800b5f0 tx=0x7effb8006ee0).ready entity=mon.0 client_cookie=b64465d3afe3b36f server_cookie=0 in_seq=0 out_seq=0
2024-01-21T08:04:48.179 INFO:teuthology.orchestra.run.smithi046.stderr:/usr/bin/ceph:
2024-01-21T08:04:48.172+0000 7effc0fb8700 1 -- 172.21.15.46:0/1317472804 <== mon.0 v2:172.21.15.46:3300/0 1 ==== mon_map magic: 0 v1 ==== 229+0+0 (secure 0 0 0) 0x7effb800d600 con 0x7effbc0fab80
2024-01-21T08:04:48.179 INFO:teuthology.orchestra.run.smithi046.stderr:/usr/bin/ceph:
2024-01-21T08:04:48.172+0000 7effc0fb8700 1 -- 172.21.15.46:0/1317472804 <== mon.0 v2:172.21.15.46:3300/0 2 ==== config(25 keys) v1 ==== 1010+0+0 (secure 0 0 0) 0x7effb800dbd0 con 0x7effbc0fab80
2024-01-21T08:04:48.179 INFO:teuthology.orchestra.run.smithi046.stderr:/usr/bin/ceph:
2024-01-21T08:04:48.172+0000 7effc0fb8700 1 -- 172.21.15.46:0/1317472804 <== mon.0 v2:172.21.15.46:3300/0 3 ==== mon_map magic: 0 v1 ==== 229+0+0 (secure 0 0 0) 0x7effb8011c00 con 0x7effbc0fab80
2024-01-21T08:04:48.179 INFO:teuthology.orchestra.run.smithi046.stderr:/usr/bin/ceph:
2024-01-21T08:04:48.173+0000 7effc421e700 1 -- 172.21.15.46:0/1317472804 >> [v2:172.21.15.46:3300/0,v1:172.21.15.46:6789/0] conn(0x7effbc0fab80 msgr2=0x7effbc0fafa0 secure :-1 s=STATE_CONNECTION_ESTABLISHED l=1).mark_down
2024-01-21T08:04:48.179 INFO:teuthology.orchestra.run.smithi046.stderr:/usr/bin/ceph:
2024-01-21T08:04:48.173+0000 7effc421e700 1 --2- 172.21.15.46:0/1317472804 >> [v2:172.21.15.46:3300/0,v1:172.21.15.46:6789/0] conn(0x7effbc0fab80 0x7effbc0fafa0 secure :-1 s=READY pgs=31 cs=0 l=1 rev1=1 rx=0x7effb800b5f0 tx=0x7effb8006ee0).stop
2024-01-21T08:04:48.179 INFO:teuthology.orchestra.run.smithi046.stderr:/usr/bin/ceph:
2024-01-21T08:04:48.173+0000 7effc421e700 1 -- 172.21.15.46:0/1317472804 shutdown_connections
2024-01-21T08:04:48.179 INFO:teuthology.orchestra.run.smithi046.stderr:/usr/bin/ceph:
2024-01-21T08:04:48.173+0000 7effc421e700 1 --2- 172.21.15.46:0/1317472804 >> [v2:172.21.15.46:3300/0,v1:172.21.15.46:6789/0] conn(0x7effbc0fab80 0x7effbc0fafa0 unknown :-1 s=CLOSED pgs=31 cs=0 l=1 rev1=1 rx=0 tx=0).stop
2024-01-21T08:04:48.179 INFO:teuthology.orchestra.run.smithi046.stderr:/usr/bin/ceph:
2024-01-21T08:04:48.173+0000 7effc421e700 1 -- 172.21.15.46:0/1317472804 >> 172.21.15.46:0/1317472804 conn(0x7effbc0f63c0 msgr2=0x7effbc0f87e0 unknown :-1 s=STATE_NONE l=0).mark_down
2024-01-21T08:04:48.179 INFO:teuthology.orchestra.run.smithi046.stderr:/usr/bin/ceph:
2024-01-21T08:04:48.173+0000 7effc421e700 1 -- 172.21.15.46:0/1317472804 shutdown_connections
2024-01-21T08:04:48.179 INFO:teuthology.orchestra.run.smithi046.stderr:/usr/bin/ceph:
2024-01-21T08:04:48.173+0000 7effc421e700 1 -- 172.21.15.46:0/1317472804 wait complete.
2024-01-21T08:04:48.179 INFO:teuthology.orchestra.run.smithi046.stderr:/usr/bin/ceph:
2024-01-21T08:04:48.174+0000 7effc421e700 1 Processor -- start
2024-01-21T08:04:48.179 INFO:teuthology.orchestra.run.smithi046.stderr:/usr/bin/ceph:
2024-01-21T08:04:48.174+0000 7effc421e700 1 -- start start
2024-01-21T08:04:48.179 INFO:teuthology.orchestra.run.smithi046.stderr:/usr/bin/ceph:
2024-01-21T08:04:48.174+0000 7effc421e700 1 --2- >> [v2:172.21.15.46:3300/0,v1:172.21.15.46:6789/0] conn(0x7effbc0fab80 0x7effbc10d6e0 unknown :-1 s=NONE pgs=0 cs=0 l=1 rev1=0 rx=0 tx=0).connect
2024-01-21T08:04:48.180 INFO:teuthology.orchestra.run.smithi046.stderr:/usr/bin/ceph:
2024-01-21T08:04:48.174+0000 7effc421e700 1 -- --> [v2:172.21.15.46:3300/0,v1:172.21.15.46:6789/0] -- mon_getmap magic: 0 v1 -- 0x7effbc070470 con 0x7effbc0fab80
2024-01-21T08:04:48.180 INFO:teuthology.orchestra.run.smithi046.stderr:/usr/bin/ceph:
2024-01-21T08:04:48.174+0000 7effc1fba700 1 --2- >> [v2:172.21.15.46:3300/0,v1:172.21.15.46:6789/0] conn(0x7effbc0fab80 0x7effbc10d6e0 unknown :-1 s=BANNER_CONNECTING pgs=0 cs=0 l=1 rev1=0 rx=0 tx=0)._handle_peer_banner_payload supported=1 required=0
2024-01-21T08:04:48.180 INFO:teuthology.orchestra.run.smithi046.stderr:/usr/bin/ceph:
2024-01-21T08:04:48.174+0000 7effc1fba700 1 --2- >> [v2:172.21.15.46:3300/0,v1:172.21.15.46:6789/0] conn(0x7effbc0fab80 0x7effbc10d6e0 unknown :-1 s=HELLO_CONNECTING pgs=0 cs=0 l=1 rev1=1 rx=0 tx=0).handle_hello peer v2:172.21.15.46:3300/0 says I am v2:172.21.15.46:54562/0 (socket says 172.21.15.46:54562)
2024-01-21T08:04:48.180 INFO:teuthology.orchestra.run.smithi046.stderr:/usr/bin/ceph:
2024-01-21T08:04:48.174+0000 7effc1fba700 1 -- 172.21.15.46:0/2085505887 learned_addr learned my addr 172.21.15.46:0/2085505887 (peer_addr_for_me v2:172.21.15.46:0/0)
2024-01-21T08:04:48.180 INFO:teuthology.orchestra.run.smithi046.stderr:/usr/bin/ceph:
2024-01-21T08:04:48.175+0000 7effc1fba700 1 -- 172.21.15.46:0/2085505887 --> [v2:172.21.15.46:3300/0,v1:172.21.15.46:6789/0] -- mon_subscribe({config=0+,monmap=0+}) v3 -- 0x7effb800b200 con 0x7effbc0fab80
2024-01-21T08:04:48.180 INFO:teuthology.orchestra.run.smithi046.stderr:/usr/bin/ceph:
2024-01-21T08:04:48.175+0000 7effc1fba700 1 --2- 172.21.15.46:0/2085505887 >> [v2:172.21.15.46:3300/0,v1:172.21.15.46:6789/0] conn(0x7effbc0fab80 0x7effbc10d6e0 secure :-1 s=READY pgs=32 cs=0 l=1 rev1=1 rx=0x7effb800b1d0 tx=0x7effb8006ee0).ready entity=mon.0 client_cookie=0 server_cookie=0 in_seq=0 out_seq=0
2024-01-21T08:04:48.180 INFO:teuthology.orchestra.run.smithi046.stderr:/usr/bin/ceph:
2024-01-21T08:04:48.175+0000 7effae7fc700 1 -- 172.21.15.46:0/2085505887 <== mon.0 v2:172.21.15.46:3300/0 1 ==== mon_map magic: 0 v1 ==== 229+0+0 (secure 0 0 0) 0x7effb801b410 con 0x7effbc0fab80
2024-01-21T08:04:48.180 INFO:teuthology.orchestra.run.smithi046.stderr:/usr/bin/ceph:
2024-01-21T08:04:48.175+0000 7effae7fc700 1 -- 172.21.15.46:0/2085505887 <== mon.0 v2:172.21.15.46:3300/0 2 ==== config(25 keys) v1 ==== 1010+0+0 (secure 0 0 0) 0x7effb801b9e0 con 0x7effbc0fab80
2024-01-21T08:04:48.180 INFO:teuthology.orchestra.run.smithi046.stderr:/usr/bin/ceph:
2024-01-21T08:04:48.175+0000 7effc421e700 1 -- 172.21.15.46:0/2085505887 --> [v2:172.21.15.46:3300/0,v1:172.21.15.46:6789/0] -- mon_subscribe({mgrmap=0+}) v3 -- 0x7effbc070670 con 0x7effbc0fab80
2024-01-21T08:04:48.180 INFO:teuthology.orchestra.run.smithi046.stderr:/usr/bin/ceph:
2024-01-21T08:04:48.175+0000 7effae7fc700 1 -- 172.21.15.46:0/2085505887 <== mon.0 v2:172.21.15.46:3300/0 3 ==== mon_map magic: 0 v1 ==== 229+0+0 (secure 0 0 0) 0x7effb801a840 con 0x7effbc0fab80
2024-01-21T08:04:48.180 INFO:teuthology.orchestra.run.smithi046.stderr:/usr/bin/ceph:
2024-01-21T08:04:48.175+0000 7effc421e700 1 -- 172.21.15.46:0/2085505887 --> [v2:172.21.15.46:3300/0,v1:172.21.15.46:6789/0] -- mon_subscribe({osdmap=0}) v3 -- 0x7effbc10dd90 con 0x7effbc0fab80
2024-01-21T08:04:48.181 INFO:teuthology.orchestra.run.smithi046.stderr:/usr/bin/ceph:
2024-01-21T08:04:48.176+0000 7effae7fc700 1 -- 172.21.15.46:0/2085505887 <== mon.0 v2:172.21.15.46:3300/0 4 ==== mgrmap(e 7) v1 ==== 36040+0+0 (secure 0 0 0) 0x7effb800f070 con 0x7effbc0fab80
2024-01-21T08:04:48.181 INFO:teuthology.orchestra.run.smithi046.stderr:/usr/bin/ceph:
2024-01-21T08:04:48.176+0000 7effae7fc700 1 --2- 172.21.15.46:0/2085505887 >> [v2:172.21.15.46:6800/2245961460,v1:172.21.15.46:6801/2245961460] conn(0x7effa402fca0 0x7effa4032160 unknown :-1 s=NONE pgs=0 cs=0 l=1 rev1=0 rx=0 tx=0).connect
2024-01-21T08:04:48.181 INFO:teuthology.orchestra.run.smithi046.stderr:/usr/bin/ceph:
2024-01-21T08:04:48.176+0000 7effc421e700 1 -- 172.21.15.46:0/2085505887 --> [v2:172.21.15.46:3300/0,v1:172.21.15.46:6789/0] -- mon_command({"prefix": "get_command_descriptions"} v 0) v1 -- 0x7effbc045ad0 con 0x7effbc0fab80
2024-01-21T08:04:48.181 INFO:teuthology.orchestra.run.smithi046.stderr:/usr/bin/ceph:
2024-01-21T08:04:48.176+0000 7effae7fc700 1 -- 172.21.15.46:0/2085505887 <== mon.0 v2:172.21.15.46:3300/0 5 ==== osd_map(2..2 src has 1..2) v4 ==== 926+0+0 (secure 0 0 0) 0x7effb80411f0 con 0x7effbc0fab80
2024-01-21T08:04:48.181 INFO:teuthology.orchestra.run.smithi046.stderr:/usr/bin/ceph:
2024-01-21T08:04:48.176+0000 7effc17b9700 1 --2- 172.21.15.46:0/2085505887 >> [v2:172.21.15.46:6800/2245961460,v1:172.21.15.46:6801/2245961460] conn(0x7effa402fca0 0x7effa4032160 unknown :-1 s=BANNER_CONNECTING pgs=0 cs=0 l=1 rev1=0 rx=0 tx=0)._handle_peer_banner_payload supported=1 required=0
2024-01-21T08:04:48.181 INFO:teuthology.orchestra.run.smithi046.stderr:/usr/bin/ceph:
2024-01-21T08:04:48.177+0000 7effc17b9700 1 --2- 172.21.15.46:0/2085505887 >> [v2:172.21.15.46:6800/2245961460,v1:172.21.15.46:6801/2245961460] conn(0x7effa402fca0 0x7effa4032160 secure :-1 s=READY pgs=6 cs=0 l=1 rev1=1 rx=0x7effb00096a0 tx=0x7effb0006b40).ready entity=mgr.14116 client_cookie=0 server_cookie=0 in_seq=0 out_seq=0
2024-01-21T08:04:48.183 INFO:teuthology.orchestra.run.smithi046.stderr:/usr/bin/ceph:
2024-01-21T08:04:48.181+0000 7effae7fc700 1 -- 172.21.15.46:0/2085505887 <== mon.0 v2:172.21.15.46:3300/0 6 ==== mon_command_ack([{"prefix": "get_command_descriptions"}]=0 v0) v1 ==== 72+0+152212 (secure 0 0 0) 0x7effb8019af0 con 0x7effbc0fab80
2024-01-21T08:04:48.374 INFO:teuthology.orchestra.run.smithi046.stderr:/usr/bin/ceph:
2024-01-21T08:04:48.371+0000 7effc421e700 1 -- 172.21.15.46:0/2085505887 --> [v2:172.21.15.46:6800/2245961460,v1:172.21.15.46:6801/2245961460] -- mgr_command(tid 0: {"prefix": "orch set backend", "module_name": "cephadm", "target": ["mon-mgr", ""]}) v1 -- 0x7effbc057f10 con 0x7effa402fca0
2024-01-21T08:04:48.378 INFO:teuthology.orchestra.run.smithi046.stderr:/usr/bin/ceph:
2024-01-21T08:04:48.376+0000 7effae7fc700 1 -- 172.21.15.46:0/2085505887 <== mgr.14116 v2:172.21.15.46:6800/2245961460 1 ==== mgr_command_reply(tid 0: 0 ) v1 ==== 8+0+0 (secure 0 0 0) 0x7effbc057f10 con 0x7effa402fca0
2024-01-21T08:04:48.381 INFO:teuthology.orchestra.run.smithi046.stderr:/usr/bin/ceph:
2024-01-21T08:04:48.378+0000 7effc421e700 1 -- 172.21.15.46:0/2085505887 >> [v2:172.21.15.46:6800/2245961460,v1:172.21.15.46:6801/2245961460] conn(0x7effa402fca0 msgr2=0x7effa4032160 secure :-1 s=STATE_CONNECTION_ESTABLISHED l=1).mark_down
2024-01-21T08:04:48.381 INFO:teuthology.orchestra.run.smithi046.stderr:/usr/bin/ceph:
2024-01-21T08:04:48.378+0000 7effc421e700 1 --2- 172.21.15.46:0/2085505887 >> [v2:172.21.15.46:6800/2245961460,v1:172.21.15.46:6801/2245961460] conn(0x7effa402fca0 0x7effa4032160 secure :-1 s=READY pgs=6 cs=0 l=1 rev1=1 rx=0x7effb00096a0 tx=0x7effb0006b40).stop
2024-01-21T08:04:48.381 INFO:teuthology.orchestra.run.smithi046.stderr:/usr/bin/ceph:
2024-01-21T08:04:48.378+0000 7effc421e700 1 -- 172.21.15.46:0/2085505887 >> [v2:172.21.15.46:3300/0,v1:172.21.15.46:6789/0] conn(0x7effbc0fab80 msgr2=0x7effbc10d6e0 secure :-1 s=STATE_CONNECTION_ESTABLISHED l=1).mark_down
2024-01-21T08:04:48.381 INFO:teuthology.orchestra.run.smithi046.stderr:/usr/bin/ceph:
2024-01-21T08:04:48.378+0000 7effc421e700 1 --2- 172.21.15.46:0/2085505887 >> [v2:172.21.15.46:3300/0,v1:172.21.15.46:6789/0] conn(0x7effbc0fab80 0x7effbc10d6e0 secure :-1 s=READY pgs=32 cs=0 l=1 rev1=1 rx=0x7effb800b1d0 tx=0x7effb8006ee0).stop
2024-01-21T08:04:48.382 INFO:teuthology.orchestra.run.smithi046.stderr:/usr/bin/ceph:
2024-01-21T08:04:48.378+0000 7effc421e700 1 -- 172.21.15.46:0/2085505887 shutdown_connections
2024-01-21T08:04:48.382 INFO:teuthology.orchestra.run.smithi046.stderr:/usr/bin/ceph:
2024-01-21T08:04:48.378+0000 7effc421e700 1 --2- 172.21.15.46:0/2085505887 >> [v2:172.21.15.46:6800/2245961460,v1:172.21.15.46:6801/2245961460] conn(0x7effa402fca0 0x7effa4032160 unknown :-1 s=CLOSED pgs=6 cs=0 l=1 rev1=1 rx=0 tx=0).stop
2024-01-21T08:04:48.382 INFO:teuthology.orchestra.run.smithi046.stderr:/usr/bin/ceph:
2024-01-21T08:04:48.378+0000 7effc421e700 1 --2- 172.21.15.46:0/2085505887 >> [v2:172.21.15.46:3300/0,v1:172.21.15.46:6789/0] conn(0x7effbc0fab80 0x7effbc10d6e0 unknown :-1 s=CLOSED pgs=32 cs=0 l=1 rev1=1 rx=0 tx=0).stop
2024-01-21T08:04:48.382 INFO:teuthology.orchestra.run.smithi046.stderr:/usr/bin/ceph:
2024-01-21T08:04:48.378+0000 7effc421e700 1 -- 172.21.15.46:0/2085505887 >> 172.21.15.46:0/2085505887 conn(0x7effbc0f63c0 msgr2=0x7effbc0f7ee0 unknown :-1 s=STATE_NONE l=0).mark_down
2024-01-21T08:04:48.382 INFO:teuthology.orchestra.run.smithi046.stderr:/usr/bin/ceph:
2024-01-21T08:04:48.378+0000 7effc421e700 1 -- 172.21.15.46:0/2085505887 shutdown_connections
2024-01-21T08:04:48.382 INFO:teuthology.orchestra.run.smithi046.stderr:/usr/bin/ceph:
2024-01-21T08:04:48.378+0000 7effc421e700 1 -- 172.21.15.46:0/2085505887 wait complete.
2024-01-21T08:04:48.728 INFO:teuthology.orchestra.run.smithi046.stderr:Running command: /bin/podman run --rm --ipc=host --no-hosts --net=host --entrypoint /usr/bin/ceph --init -e CONTAINER_IMAGE=docker.io/ceph/ceph:v16.2.4 -e NODE_NAME=smithi046 -e CEPH_USE_RANDOM_NONCE=1 -v /var/log/ceph/a17ce476-b833-11ee-95b0-87774f69a715:/var/log/ceph:z -v /tmp/ceph-tmprdkwbo5u:/etc/ceph/ceph.client.admin.keyring:z -v /tmp/ceph-tmplmcl2b12:/etc/ceph/ceph.conf:z docker.io/ceph/ceph:v16.2.4 cephadm set-user root
2024-01-21T08:04:48.740 INFO:journalctl@ceph.mon.smithi046.smithi046.stdout:Jan 21 08:04:48 smithi046 ceph-a17ce476-b833-11ee-95b0-87774f69a715-mon.smithi046[38805]: audit
2024-01-21T08:04:47.473954+0000 mgr.smithi046.lmxnwc (mgr.14116) 1 : audit [DBG] from='client.14120 -' entity='client.admin' cmd=[{"prefix": "get_command_descriptions"}]: dispatch
2024-01-21T08:04:48.740 INFO:journalctl@ceph.mon.smithi046.smithi046.stdout:Jan 21 08:04:48 smithi046 ceph-a17ce476-b833-11ee-95b0-87774f69a715-mon.smithi046[38805]: cluster
2024-01-21T08:04:47.474531+0000 mon.smithi046 (mon.0) 49 : cluster [DBG] mgrmap e7: smithi046.lmxnwc(active, since 1.05558s)
2024-01-21T08:04:48.740 INFO:journalctl@ceph.mon.smithi046.smithi046.stdout:Jan 21 08:04:48 smithi046 ceph-a17ce476-b833-11ee-95b0-87774f69a715-mon.smithi046[38805]: audit
2024-01-21T08:04:47.480855+0000 mgr.smithi046.lmxnwc (mgr.14116) 2 : audit [DBG] from='client.14120 -' entity='client.admin' cmd=[{"prefix": "mgr_status"}]: dispatch
2024-01-21T08:04:48.740 INFO:journalctl@ceph.mon.smithi046.smithi046.stdout:Jan 21 08:04:48 smithi046 ceph-a17ce476-b833-11ee-95b0-87774f69a715-mon.smithi046[38805]: audit
2024-01-21T08:04:48.377235+0000 mon.smithi046 (mon.0) 50 : audit [INF] from='mgr.14116 172.21.15.46:0/550702402' entity='mgr.smithi046.lmxnwc'
2024-01-21T08:04:48.740 INFO:journalctl@ceph.mon.smithi046.smithi046.stdout:Jan 21 08:04:48 smithi046 ceph-a17ce476-b833-11ee-95b0-87774f69a715-mon.smithi046[38805]: audit
2024-01-21T08:04:48.380353+0000 mon.smithi046 (mon.0) 51 : audit [DBG] from='mgr.14116 172.21.15.46:0/550702402' entity='mgr.smithi046.lmxnwc' cmd=[{"prefix": "config dump", "format": "json"}]: dispatch
2024-01-21T08:04:49.060 INFO:teuthology.orchestra.run.smithi046.stderr:/usr/bin/ceph:
2024-01-21T08:04:49.054+0000 7feb48a56700 1 Processor -- start
2024-01-21T08:04:49.060 INFO:teuthology.orchestra.run.smithi046.stderr:/usr/bin/ceph:
2024-01-21T08:04:49.054+0000 7feb48a56700 1 -- start start
2024-01-21T08:04:49.060 INFO:teuthology.orchestra.run.smithi046.stderr:/usr/bin/ceph:
2024-01-21T08:04:49.055+0000 7feb48a56700 1 --2- >> [v2:172.21.15.46:3300/0,v1:172.21.15.46:6789/0] conn(0x7feb440704a0 0x7feb440fe8f0 unknown :-1 s=NONE pgs=0 cs=0 l=0 rev1=0 rx=0 tx=0).connect
2024-01-21T08:04:49.060 INFO:teuthology.orchestra.run.smithi046.stderr:/usr/bin/ceph:
2024-01-21T08:04:49.055+0000 7feb48a56700 1 -- --> [v2:172.21.15.46:3300/0,v1:172.21.15.46:6789/0] -- mon_getmap magic: 0 v1 -- 0x7feb440fede0 con 0x7feb440704a0
2024-01-21T08:04:49.061 INFO:teuthology.orchestra.run.smithi046.stderr:/usr/bin/ceph:
2024-01-21T08:04:49.055+0000 7feb4259c700 1 --2- >> [v2:172.21.15.46:3300/0,v1:172.21.15.46:6789/0] conn(0x7feb440704a0 0x7feb440fe8f0 unknown :-1 s=BANNER_CONNECTING pgs=0 cs=0 l=0 rev1=0 rx=0 tx=0)._handle_peer_banner_payload supported=1 required=0
2024-01-21T08:04:49.061 INFO:teuthology.orchestra.run.smithi046.stderr:/usr/bin/ceph:
2024-01-21T08:04:49.055+0000 7feb4259c700 1 --2- >> [v2:172.21.15.46:3300/0,v1:172.21.15.46:6789/0] conn(0x7feb440704a0 0x7feb440fe8f0 unknown :-1 s=HELLO_CONNECTING pgs=0 cs=0 l=0 rev1=1 rx=0 tx=0).handle_hello peer v2:172.21.15.46:3300/0 says I am v2:172.21.15.46:54564/0 (socket says 172.21.15.46:54564)
2024-01-21T08:04:49.061 INFO:teuthology.orchestra.run.smithi046.stderr:/usr/bin/ceph:
2024-01-21T08:04:49.055+0000 7feb4259c700 1 -- 172.21.15.46:0/2182733731 learned_addr learned my addr 172.21.15.46:0/2182733731 (peer_addr_for_me v2:172.21.15.46:0/0)
2024-01-21T08:04:49.061 INFO:teuthology.orchestra.run.smithi046.stderr:/usr/bin/ceph:
2024-01-21T08:04:49.055+0000 7feb4259c700 1 -- 172.21.15.46:0/2182733731 --> [v2:172.21.15.46:3300/0,v1:172.21.15.46:6789/0] -- mon_subscribe({config=0+,monmap=0+}) v3 -- 0x7feb440fef20 con 0x7feb440704a0
2024-01-21T08:04:49.061 INFO:teuthology.orchestra.run.smithi046.stderr:/usr/bin/ceph:
2024-01-21T08:04:49.055+0000 7feb4259c700 1 --2- 172.21.15.46:0/2182733731 >> [v2:172.21.15.46:3300/0,v1:172.21.15.46:6789/0] conn(0x7feb440704a0 0x7feb440fe8f0 secure :-1 s=READY pgs=33 cs=0 l=1 rev1=1 rx=0x7feb3400b5f0 tx=0x7feb34006ee0).ready entity=mon.0 client_cookie=e9001aa6e7aeea69 server_cookie=0 in_seq=0 out_seq=0
2024-01-21T08:04:49.061 INFO:teuthology.orchestra.run.smithi046.stderr:/usr/bin/ceph:
2024-01-21T08:04:49.055+0000 7feb4159a700 1 -- 172.21.15.46:0/2182733731 <== mon.0 v2:172.21.15.46:3300/0 1 ==== mon_map magic: 0 v1 ==== 229+0+0 (secure 0 0 0) 0x7feb3400d600 con 0x7feb440704a0
2024-01-21T08:04:49.061 INFO:teuthology.orchestra.run.smithi046.stderr:/usr/bin/ceph:
2024-01-21T08:04:49.055+0000 7feb4159a700 1 -- 172.21.15.46:0/2182733731 <== mon.0 v2:172.21.15.46:3300/0 2 ==== config(25 keys) v1 ==== 1010+0+0 (secure 0 0 0) 0x7feb3400dbd0 con 0x7feb440704a0
2024-01-21T08:04:49.061 INFO:teuthology.orchestra.run.smithi046.stderr:/usr/bin/ceph:
2024-01-21T08:04:49.055+0000 7feb4159a700 1 -- 172.21.15.46:0/2182733731 <== mon.0 v2:172.21.15.46:3300/0 3 ==== mon_map magic: 0 v1 ==== 229+0+0 (secure 0 0 0) 0x7feb34011c00 con 0x7feb440704a0
2024-01-21T08:04:49.061 INFO:teuthology.orchestra.run.smithi046.stderr:/usr/bin/ceph:
2024-01-21T08:04:49.056+0000 7feb48a56700 1 -- 172.21.15.46:0/2182733731 >> [v2:172.21.15.46:3300/0,v1:172.21.15.46:6789/0] conn(0x7feb440704a0 msgr2=0x7feb440fe8f0 secure :-1 s=STATE_CONNECTION_ESTABLISHED l=1).mark_down
2024-01-21T08:04:49.061 INFO:teuthology.orchestra.run.smithi046.stderr:/usr/bin/ceph:
2024-01-21T08:04:49.056+0000 7feb48a56700 1 --2- 172.21.15.46:0/2182733731 >> [v2:172.21.15.46:3300/0,v1:172.21.15.46:6789/0] conn(0x7feb440704a0 0x7feb440fe8f0 secure :-1 s=READY pgs=33 cs=0 l=1 rev1=1 rx=0x7feb3400b5f0 tx=0x7feb34006ee0).stop
2024-01-21T08:04:49.061 INFO:teuthology.orchestra.run.smithi046.stderr:/usr/bin/ceph:
2024-01-21T08:04:49.056+0000 7feb48a56700 1 -- 172.21.15.46:0/2182733731 shutdown_connections
2024-01-21T08:04:49.061 INFO:teuthology.orchestra.run.smithi046.stderr:/usr/bin/ceph:
2024-01-21T08:04:49.056+0000 7feb48a56700 1 --2- 172.21.15.46:0/2182733731 >> [v2:172.21.15.46:3300/0,v1:172.21.15.46:6789/0] conn(0x7feb440704a0 0x7feb440fe8f0 unknown :-1 s=CLOSED pgs=33 cs=0 l=1 rev1=1 rx=0 tx=0).stop
2024-01-21T08:04:49.061 INFO:teuthology.orchestra.run.smithi046.stderr:/usr/bin/ceph:
2024-01-21T08:04:49.056+0000 7feb48a56700 1 -- 172.21.15.46:0/2182733731 >> 172.21.15.46:0/2182733731 conn(0x7feb440f63b0 msgr2=0x7feb440f87d0 unknown :-1 s=STATE_NONE l=0).mark_down
2024-01-21T08:04:49.062 INFO:teuthology.orchestra.run.smithi046.stderr:/usr/bin/ceph:
2024-01-21T08:04:49.056+0000 7feb48a56700 1 -- 172.21.15.46:0/2182733731 shutdown_connections
2024-01-21T08:04:49.062 INFO:teuthology.orchestra.run.smithi046.stderr:/usr/bin/ceph:
2024-01-21T08:04:49.056+0000 7feb48a56700 1 -- 172.21.15.46:0/2182733731 wait complete.
2024-01-21T08:04:49.062 INFO:teuthology.orchestra.run.smithi046.stderr:/usr/bin/ceph:
2024-01-21T08:04:49.057+0000 7feb48a56700 1 Processor -- start
2024-01-21T08:04:49.062 INFO:teuthology.orchestra.run.smithi046.stderr:/usr/bin/ceph:
2024-01-21T08:04:49.057+0000 7feb48a56700 1 -- start start
2024-01-21T08:04:49.062 INFO:teuthology.orchestra.run.smithi046.stderr:/usr/bin/ceph:
2024-01-21T08:04:49.057+0000 7feb48a56700 1 --2- >> [v2:172.21.15.46:3300/0,v1:172.21.15.46:6789/0] conn(0x7feb440704a0 0x7feb440fc370 unknown :-1 s=NONE pgs=0 cs=0 l=1 rev1=0 rx=0 tx=0).connect
2024-01-21T08:04:49.062 INFO:teuthology.orchestra.run.smithi046.stderr:/usr/bin/ceph:
2024-01-21T08:04:49.057+0000 7feb48a56700 1 -- --> [v2:172.21.15.46:3300/0,v1:172.21.15.46:6789/0] -- mon_getmap magic: 0 v1 -- 0x7feb440fa7f0 con 0x7feb440704a0
2024-01-21T08:04:49.062 INFO:teuthology.orchestra.run.smithi046.stderr:/usr/bin/ceph:
2024-01-21T08:04:49.057+0000 7feb4259c700 1 --2- >> [v2:172.21.15.46:3300/0,v1:172.21.15.46:6789/0] conn(0x7feb440704a0 0x7feb440fc370 unknown :-1 s=BANNER_CONNECTING pgs=0 cs=0 l=1 rev1=0 rx=0 tx=0)._handle_peer_banner_payload supported=1 required=0
2024-01-21T08:04:49.062 INFO:teuthology.orchestra.run.smithi046.stderr:/usr/bin/ceph:
2024-01-21T08:04:49.057+0000 7feb4259c700 1 --2- >> [v2:172.21.15.46:3300/0,v1:172.21.15.46:6789/0] conn(0x7feb440704a0 0x7feb440fc370 unknown :-1 s=HELLO_CONNECTING pgs=0 cs=0 l=1 rev1=1 rx=0 tx=0).handle_hello peer v2:172.21.15.46:3300/0 says I am v2:172.21.15.46:54574/0 (socket says 172.21.15.46:54574)
2024-01-21T08:04:49.062 INFO:teuthology.orchestra.run.smithi046.stderr:/usr/bin/ceph:
2024-01-21T08:04:49.057+0000 7feb4259c700 1 -- 172.21.15.46:0/3793666114 learned_addr learned my addr 172.21.15.46:0/3793666114 (peer_addr_for_me v2:172.21.15.46:0/0)
2024-01-21T08:04:49.062 INFO:teuthology.orchestra.run.smithi046.stderr:/usr/bin/ceph:
2024-01-21T08:04:49.058+0000 7feb4259c700 1 -- 172.21.15.46:0/3793666114 --> [v2:172.21.15.46:3300/0,v1:172.21.15.46:6789/0] -- mon_subscribe({config=0+,monmap=0+}) v3 -- 0x7feb3400b200 con 0x7feb440704a0
2024-01-21T08:04:49.062 INFO:teuthology.orchestra.run.smithi046.stderr:/usr/bin/ceph:
2024-01-21T08:04:49.058+0000 7feb4259c700 1 --2- 172.21.15.46:0/3793666114 >> [v2:172.21.15.46:3300/0,v1:172.21.15.46:6789/0] conn(0x7feb440704a0 0x7feb440fc370 secure :-1 s=READY pgs=34 cs=0 l=1 rev1=1 rx=0x7feb3400e040 tx=0x7feb34006ee0).ready entity=mon.0 client_cookie=0 server_cookie=0 in_seq=0 out_seq=0
2024-01-21T08:04:49.064 INFO:teuthology.orchestra.run.smithi046.stderr:/usr/bin/ceph:
2024-01-21T08:04:49.058+0000 7feb3affd700 1 -- 172.21.15.46:0/3793666114 <== mon.0 v2:172.21.15.46:3300/0 1 ==== mon_map magic: 0 v1 ==== 229+0+0 (secure 0 0 0) 0x7feb3400d9f0 con 0x7feb440704a0
2024-01-21T08:04:49.064 INFO:teuthology.orchestra.run.smithi046.stderr:/usr/bin/ceph:
2024-01-21T08:04:49.058+0000 7feb3affd700 1 -- 172.21.15.46:0/3793666114 <== mon.0 v2:172.21.15.46:3300/0 2 ==== config(25 keys) v1 ==== 1010+0+0 (secure 0 0 0) 0x7feb3401a9f0 con 0x7feb440704a0
2024-01-21T08:04:49.064 INFO:teuthology.orchestra.run.smithi046.stderr:/usr/bin/ceph:
2024-01-21T08:04:49.058+0000 7feb48a56700 1 -- 172.21.15.46:0/3793666114 --> [v2:172.21.15.46:3300/0,v1:172.21.15.46:6789/0] -- mon_subscribe({mgrmap=0+}) v3 -- 0x7feb440fa990 con 0x7feb440704a0
2024-01-21T08:04:49.064 INFO:teuthology.orchestra.run.smithi046.stderr:/usr/bin/ceph:
2024-01-21T08:04:49.058+0000 7feb3affd700 1 -- 172.21.15.46:0/3793666114 <== mon.0 v2:172.21.15.46:3300/0 3 ==== mon_map magic: 0 v1 ==== 229+0+0 (secure 0 0 0) 0x7feb3401b8c0 con 0x7feb440704a0
2024-01-21T08:04:49.064 INFO:teuthology.orchestra.run.smithi046.stderr:/usr/bin/ceph:
2024-01-21T08:04:49.058+0000 7feb48a56700 1 -- 172.21.15.46:0/3793666114 --> [v2:172.21.15.46:3300/0,v1:172.21.15.46:6789/0] -- mon_subscribe({osdmap=0}) v3 -- 0x7feb440fada0 con 0x7feb440704a0
2024-01-21T08:04:49.064 INFO:teuthology.orchestra.run.smithi046.stderr:/usr/bin/ceph:
2024-01-21T08:04:49.059+0000 7feb3affd700 1 -- 172.21.15.46:0/3793666114 <== mon.0 v2:172.21.15.46:3300/0 4 ==== mgrmap(e 7) v1 ==== 36040+0+0 (secure 0 0 0) 0x7feb3400f070 con 0x7feb440704a0
2024-01-21T08:04:49.064 INFO:teuthology.orchestra.run.smithi046.stderr:/usr/bin/ceph:
2024-01-21T08:04:49.059+0000 7feb48a56700 1 -- 172.21.15.46:0/3793666114 --> [v2:172.21.15.46:3300/0,v1:172.21.15.46:6789/0] -- mon_command({"prefix": "get_command_descriptions"} v 0) v1 -- 0x7feb44045ad0 con 0x7feb440704a0
2024-01-21T08:04:49.064 INFO:teuthology.orchestra.run.smithi046.stderr:/usr/bin/ceph:
2024-01-21T08:04:49.059+0000 7feb3affd700 1 --2- 172.21.15.46:0/3793666114 >> [v2:172.21.15.46:6800/2245961460,v1:172.21.15.46:6801/2245961460] conn(0x7feb2402fd10 0x7feb240321d0 unknown :-1 s=NONE pgs=0 cs=0 l=1 rev1=0 rx=0 tx=0).connect
2024-01-21T08:04:49.064 INFO:teuthology.orchestra.run.smithi046.stderr:/usr/bin/ceph:
2024-01-21T08:04:49.059+0000 7feb3affd700 1 -- 172.21.15.46:0/3793666114 <== mon.0 v2:172.21.15.46:3300/0 5 ==== osd_map(2..2 src has 1..2) v4 ==== 926+0+0 (secure 0 0 0) 0x7feb340411d0 con 0x7feb440704a0
2024-01-21T08:04:49.064 INFO:teuthology.orchestra.run.smithi046.stderr:/usr/bin/ceph:
2024-01-21T08:04:49.059+0000 7feb41d9b700 1 --2- 172.21.15.46:0/3793666114 >> [v2:172.21.15.46:6800/2245961460,v1:172.21.15.46:6801/2245961460] conn(0x7feb2402fd10 0x7feb240321d0 unknown :-1 s=BANNER_CONNECTING pgs=0 cs=0 l=1 rev1=0 rx=0 tx=0)._handle_peer_banner_payload supported=1 required=0
2024-01-21T08:04:49.064 INFO:teuthology.orchestra.run.smithi046.stderr:/usr/bin/ceph:
2024-01-21T08:04:49.060+0000 7feb41d9b700 1 --2- 172.21.15.46:0/3793666114 >> [v2:172.21.15.46:6800/2245961460,v1:172.21.15.46:6801/2245961460] conn(0x7feb2402fd10 0x7feb240321d0 secure :-1 s=READY pgs=7 cs=0 l=1 rev1=1 rx=0x7feb2c0096a0 tx=0x7feb2c006b40).ready entity=mgr.14116 client_cookie=0 server_cookie=0 in_seq=0 out_seq=0
2024-01-21T08:04:49.066 INFO:teuthology.orchestra.run.smithi046.stderr:/usr/bin/ceph:
2024-01-21T08:04:49.063+0000 7feb3affd700 1 -- 172.21.15.46:0/3793666114 <== mon.0 v2:172.21.15.46:3300/0 6 ==== mon_command_ack([{"prefix": "get_command_descriptions"}]=0 v0) v1 ==== 72+0+152212 (secure 0 0 0) 0x7feb34006a70 con 0x7feb440704a0
2024-01-21T08:04:49.224 INFO:teuthology.orchestra.run.smithi046.stderr:/usr/bin/ceph:
