2024-01-21T08:05:01.472+0000 7feb2bd30700 1 --2- 172.21.15.46:0/625083033 >> [v2:172.21.15.46:6800/2245961460,v1:172.21.15.46:6801/2245961460] conn(0x7feb0c02fdb0 0x7feb0c032270 secure :-1 s=READY pgs=13 cs=0 l=1 rev1=1 rx=0x7feb140096a0 tx=0x7feb14006b40).stop
2024-01-21T08:05:01.476 INFO:teuthology.orchestra.run.smithi046.stderr:/usr/bin/ceph:
2024-01-21T08:05:01.472+0000 7feb2bd30700 1 -- 172.21.15.46:0/625083033 >> [v2:172.21.15.46:3300/0,v1:172.21.15.46:6789/0] conn(0x7feb24070430 msgr2=0x7feb240fc360 secure :-1 s=STATE_CONNECTION_ESTABLISHED l=1).mark_down
2024-01-21T08:05:01.476 INFO:teuthology.orchestra.run.smithi046.stderr:/usr/bin/ceph:
2024-01-21T08:05:01.472+0000 7feb2bd30700 1 --2- 172.21.15.46:0/625083033 >> [v2:172.21.15.46:3300/0,v1:172.21.15.46:6789/0] conn(0x7feb24070430 0x7feb240fc360 secure :-1 s=READY pgs=46 cs=0 l=1 rev1=1 rx=0x7feb2000e040 tx=0x7feb20006ee0).stop
2024-01-21T08:05:01.476 INFO:teuthology.orchestra.run.smithi046.stderr:/usr/bin/ceph:
2024-01-21T08:05:01.472+0000 7feb2bd30700 1 -- 172.21.15.46:0/625083033 shutdown_connections
2024-01-21T08:05:01.476 INFO:teuthology.orchestra.run.smithi046.stderr:/usr/bin/ceph:
2024-01-21T08:05:01.472+0000 7feb2bd30700 1 --2- 172.21.15.46:0/625083033 >> [v2:172.21.15.46:6800/2245961460,v1:172.21.15.46:6801/2245961460] conn(0x7feb0c02fdb0 0x7feb0c032270 unknown :-1 s=CLOSED pgs=13 cs=0 l=1 rev1=1 rx=0 tx=0).stop
2024-01-21T08:05:01.476 INFO:teuthology.orchestra.run.smithi046.stderr:/usr/bin/ceph:
2024-01-21T08:05:01.472+0000 7feb2bd30700 1 --2- 172.21.15.46:0/625083033 >> [v2:172.21.15.46:3300/0,v1:172.21.15.46:6789/0] conn(0x7feb24070430 0x7feb240fc360 unknown :-1 s=CLOSED pgs=46 cs=0 l=1 rev1=1 rx=0 tx=0).stop
2024-01-21T08:05:01.477 INFO:teuthology.orchestra.run.smithi046.stderr:/usr/bin/ceph:
2024-01-21T08:05:01.472+0000 7feb2bd30700 1 -- 172.21.15.46:0/625083033 >> 172.21.15.46:0/625083033 conn(0x7feb240f63c0 msgr2=0x7feb240f7f60 unknown :-1 s=STATE_NONE l=0).mark_down
2024-01-21T08:05:01.477 INFO:teuthology.orchestra.run.smithi046.stderr:/usr/bin/ceph:
2024-01-21T08:05:01.473+0000 7feb2bd30700 1 -- 172.21.15.46:0/625083033 shutdown_connections
2024-01-21T08:05:01.477 INFO:teuthology.orchestra.run.smithi046.stderr:/usr/bin/ceph:
2024-01-21T08:05:01.473+0000 7feb2bd30700 1 -- 172.21.15.46:0/625083033 wait complete.
2024-01-21T08:05:01.811 INFO:teuthology.orchestra.run.smithi046.stderr:Enabling mgr prometheus module...
2024-01-21T08:05:01.811 INFO:teuthology.orchestra.run.smithi046.stderr:Running command: /bin/podman run --rm --ipc=host --no-hosts --net=host --entrypoint /usr/bin/ceph --init -e CONTAINER_IMAGE=docker.io/ceph/ceph:v16.2.4 -e NODE_NAME=smithi046 -e CEPH_USE_RANDOM_NONCE=1 -v /var/log/ceph/a17ce476-b833-11ee-95b0-87774f69a715:/var/log/ceph:z -v /tmp/ceph-tmprdkwbo5u:/etc/ceph/ceph.client.admin.keyring:z -v /tmp/ceph-tmplmcl2b12:/etc/ceph/ceph.conf:z docker.io/ceph/ceph:v16.2.4 mgr module enable prometheus
2024-01-21T08:05:02.165 INFO:teuthology.orchestra.run.smithi046.stderr:/usr/bin/ceph:
2024-01-21T08:05:02.153+0000 7fb46852a700 1 Processor -- start
2024-01-21T08:05:02.165 INFO:teuthology.orchestra.run.smithi046.stderr:/usr/bin/ceph:
2024-01-21T08:05:02.153+0000 7fb46852a700 1 -- start start
2024-01-21T08:05:02.165 INFO:teuthology.orchestra.run.smithi046.stderr:/usr/bin/ceph:
2024-01-21T08:05:02.154+0000 7fb46852a700 1 --2- >> [v2:172.21.15.46:3300/0,v1:172.21.15.46:6789/0] conn(0x7fb4600703d0 0x7fb460100d40 unknown :-1 s=NONE pgs=0 cs=0 l=0 rev1=0 rx=0 tx=0).connect
2024-01-21T08:05:02.166 INFO:teuthology.orchestra.run.smithi046.stderr:/usr/bin/ceph:
2024-01-21T08:05:02.154+0000 7fb46852a700 1 -- --> [v2:172.21.15.46:3300/0,v1:172.21.15.46:6789/0] -- mon_getmap magic: 0 v1 -- 0x7fb4600fc730 con 0x7fb4600703d0
2024-01-21T08:05:02.166 INFO:teuthology.orchestra.run.smithi046.stderr:/usr/bin/ceph:
2024-01-21T08:05:02.154+0000 7fb4662c6700 1 --2- >> [v2:172.21.15.46:3300/0,v1:172.21.15.46:6789/0] conn(0x7fb4600703d0 0x7fb460100d40 unknown :-1 s=BANNER_CONNECTING pgs=0 cs=0 l=0 rev1=0 rx=0 tx=0)._handle_peer_banner_payload supported=1 required=0
2024-01-21T08:05:02.166 INFO:teuthology.orchestra.run.smithi046.stderr:/usr/bin/ceph:
2024-01-21T08:05:02.154+0000 7fb4662c6700 1 --2- >> [v2:172.21.15.46:3300/0,v1:172.21.15.46:6789/0] conn(0x7fb4600703d0 0x7fb460100d40 unknown :-1 s=HELLO_CONNECTING pgs=0 cs=0 l=0 rev1=1 rx=0 tx=0).handle_hello peer v2:172.21.15.46:3300/0 says I am v2:172.21.15.46:52378/0 (socket says 172.21.15.46:52378)
2024-01-21T08:05:02.166 INFO:teuthology.orchestra.run.smithi046.stderr:/usr/bin/ceph:
2024-01-21T08:05:02.154+0000 7fb4662c6700 1 -- 172.21.15.46:0/837084774 learned_addr learned my addr 172.21.15.46:0/837084774 (peer_addr_for_me v2:172.21.15.46:0/0)
2024-01-21T08:05:02.166 INFO:teuthology.orchestra.run.smithi046.stderr:/usr/bin/ceph:
2024-01-21T08:05:02.154+0000 7fb4662c6700 1 -- 172.21.15.46:0/837084774 --> [v2:172.21.15.46:3300/0,v1:172.21.15.46:6789/0] -- mon_subscribe({config=0+,monmap=0+}) v3 -- 0x7fb460101230 con 0x7fb4600703d0
2024-01-21T08:05:02.166 INFO:teuthology.orchestra.run.smithi046.stderr:/usr/bin/ceph:
2024-01-21T08:05:02.154+0000 7fb4662c6700 1 --2- 172.21.15.46:0/837084774 >> [v2:172.21.15.46:3300/0,v1:172.21.15.46:6789/0] conn(0x7fb4600703d0 0x7fb460100d40 secure :-1 s=READY pgs=47 cs=0 l=1 rev1=1 rx=0x7fb45c00b5f0 tx=0x7fb45c006ee0).ready entity=mon.0 client_cookie=68739b2759d181a8 server_cookie=0 in_seq=0 out_seq=0
2024-01-21T08:05:02.167 INFO:teuthology.orchestra.run.smithi046.stderr:/usr/bin/ceph:
2024-01-21T08:05:02.155+0000 7fb4652c4700 1 -- 172.21.15.46:0/837084774 <== mon.0 v2:172.21.15.46:3300/0 1 ==== mon_map magic: 0 v1 ==== 229+0+0 (secure 0 0 0) 0x7fb45c00d600 con 0x7fb4600703d0
2024-01-21T08:05:02.167 INFO:teuthology.orchestra.run.smithi046.stderr:/usr/bin/ceph:
2024-01-21T08:05:02.155+0000 7fb4652c4700 1 -- 172.21.15.46:0/837084774 <== mon.0 v2:172.21.15.46:3300/0 2 ==== config(25 keys) v1 ==== 1010+0+0 (secure 0 0 0) 0x7fb45c00dbd0 con 0x7fb4600703d0
2024-01-21T08:05:02.167 INFO:teuthology.orchestra.run.smithi046.stderr:/usr/bin/ceph:
2024-01-21T08:05:02.155+0000 7fb4652c4700 1 -- 172.21.15.46:0/837084774 <== mon.0 v2:172.21.15.46:3300/0 3 ==== mon_map magic: 0 v1 ==== 229+0+0 (secure 0 0 0) 0x7fb45c011c00 con 0x7fb4600703d0
2024-01-21T08:05:02.167 INFO:teuthology.orchestra.run.smithi046.stderr:/usr/bin/ceph:
2024-01-21T08:05:02.155+0000 7fb46852a700 1 -- 172.21.15.46:0/837084774 >> [v2:172.21.15.46:3300/0,v1:172.21.15.46:6789/0] conn(0x7fb4600703d0 msgr2=0x7fb460100d40 secure :-1 s=STATE_CONNECTION_ESTABLISHED l=1).mark_down
2024-01-21T08:05:02.167 INFO:teuthology.orchestra.run.smithi046.stderr:/usr/bin/ceph:
2024-01-21T08:05:02.155+0000 7fb46852a700 1 --2- 172.21.15.46:0/837084774 >> [v2:172.21.15.46:3300/0,v1:172.21.15.46:6789/0] conn(0x7fb4600703d0 0x7fb460100d40 secure :-1 s=READY pgs=47 cs=0 l=1 rev1=1 rx=0x7fb45c00b5f0 tx=0x7fb45c006ee0).stop
2024-01-21T08:05:02.167 INFO:teuthology.orchestra.run.smithi046.stderr:/usr/bin/ceph:
2024-01-21T08:05:02.156+0000 7fb46852a700 1 -- 172.21.15.46:0/837084774 shutdown_connections
2024-01-21T08:05:02.167 INFO:teuthology.orchestra.run.smithi046.stderr:/usr/bin/ceph:
2024-01-21T08:05:02.156+0000 7fb46852a700 1 --2- 172.21.15.46:0/837084774 >> [v2:172.21.15.46:3300/0,v1:172.21.15.46:6789/0] conn(0x7fb4600703d0 0x7fb460100d40 unknown :-1 s=CLOSED pgs=47 cs=0 l=1 rev1=1 rx=0 tx=0).stop
2024-01-21T08:05:02.167 INFO:teuthology.orchestra.run.smithi046.stderr:/usr/bin/ceph:
2024-01-21T08:05:02.156+0000 7fb46852a700 1 -- 172.21.15.46:0/837084774 >> 172.21.15.46:0/837084774 conn(0x7fb4600f63c0 msgr2=0x7fb4600f87e0 unknown :-1 s=STATE_NONE l=0).mark_down
2024-01-21T08:05:02.167 INFO:teuthology.orchestra.run.smithi046.stderr:/usr/bin/ceph:
2024-01-21T08:05:02.156+0000 7fb46852a700 1 -- 172.21.15.46:0/837084774 shutdown_connections
2024-01-21T08:05:02.168 INFO:teuthology.orchestra.run.smithi046.stderr:/usr/bin/ceph:
2024-01-21T08:05:02.156+0000 7fb46852a700 1 -- 172.21.15.46:0/837084774 wait complete.
2024-01-21T08:05:02.168 INFO:teuthology.orchestra.run.smithi046.stderr:/usr/bin/ceph:
2024-01-21T08:05:02.156+0000 7fb46852a700 1 Processor -- start
2024-01-21T08:05:02.168 INFO:teuthology.orchestra.run.smithi046.stderr:/usr/bin/ceph:
2024-01-21T08:05:02.156+0000 7fb46852a700 1 -- start start
2024-01-21T08:05:02.168 INFO:teuthology.orchestra.run.smithi046.stderr:/usr/bin/ceph:
2024-01-21T08:05:02.157+0000 7fb46852a700 1 --2- >> [v2:172.21.15.46:3300/0,v1:172.21.15.46:6789/0] conn(0x7fb4600703d0 0x7fb46010cbb0 unknown :-1 s=NONE pgs=0 cs=0 l=1 rev1=0 rx=0 tx=0).connect
2024-01-21T08:05:02.168 INFO:teuthology.orchestra.run.smithi046.stderr:/usr/bin/ceph:
2024-01-21T08:05:02.157+0000 7fb46852a700 1 -- --> [v2:172.21.15.46:3300/0,v1:172.21.15.46:6789/0] -- mon_getmap magic: 0 v1 -- 0x7fb46010d0a0 con 0x7fb4600703d0
2024-01-21T08:05:02.168 INFO:teuthology.orchestra.run.smithi046.stderr:/usr/bin/ceph:
2024-01-21T08:05:02.157+0000 7fb4662c6700 1 --2- >> [v2:172.21.15.46:3300/0,v1:172.21.15.46:6789/0] conn(0x7fb4600703d0 0x7fb46010cbb0 unknown :-1 s=BANNER_CONNECTING pgs=0 cs=0 l=1 rev1=0 rx=0 tx=0)._handle_peer_banner_payload supported=1 required=0
2024-01-21T08:05:02.168 INFO:teuthology.orchestra.run.smithi046.stderr:/usr/bin/ceph:
2024-01-21T08:05:02.157+0000 7fb4662c6700 1 --2- >> [v2:172.21.15.46:3300/0,v1:172.21.15.46:6789/0] conn(0x7fb4600703d0 0x7fb46010cbb0 unknown :-1 s=HELLO_CONNECTING pgs=0 cs=0 l=1 rev1=1 rx=0 tx=0).handle_hello peer v2:172.21.15.46:3300/0 says I am v2:172.21.15.46:52384/0 (socket says 172.21.15.46:52384)
2024-01-21T08:05:02.168 INFO:teuthology.orchestra.run.smithi046.stderr:/usr/bin/ceph:
2024-01-21T08:05:02.157+0000 7fb4662c6700 1 -- 172.21.15.46:0/1732532583 learned_addr learned my addr 172.21.15.46:0/1732532583 (peer_addr_for_me v2:172.21.15.46:0/0)
2024-01-21T08:05:02.169 INFO:teuthology.orchestra.run.smithi046.stderr:/usr/bin/ceph:
2024-01-21T08:05:02.157+0000 7fb4662c6700 1 -- 172.21.15.46:0/1732532583 --> [v2:172.21.15.46:3300/0,v1:172.21.15.46:6789/0] -- mon_subscribe({config=0+,monmap=0+}) v3 -- 0x7fb45c00b200 con 0x7fb4600703d0
2024-01-21T08:05:02.169 INFO:teuthology.orchestra.run.smithi046.stderr:/usr/bin/ceph:
2024-01-21T08:05:02.157+0000 7fb4662c6700 1 --2- 172.21.15.46:0/1732532583 >> [v2:172.21.15.46:3300/0,v1:172.21.15.46:6789/0] conn(0x7fb4600703d0 0x7fb46010cbb0 secure :-1 s=READY pgs=48 cs=0 l=1 rev1=1 rx=0x7fb45c00b190 tx=0x7fb45c006ee0).ready entity=mon.0 client_cookie=0 server_cookie=0 in_seq=0 out_seq=0
2024-01-21T08:05:02.169 INFO:teuthology.orchestra.run.smithi046.stderr:/usr/bin/ceph:
2024-01-21T08:05:02.157+0000 7fb44effd700 1 -- 172.21.15.46:0/1732532583 <== mon.0 v2:172.21.15.46:3300/0 1 ==== mon_map magic: 0 v1 ==== 229+0+0 (secure 0 0 0) 0x7fb45c01b410 con 0x7fb4600703d0
2024-01-21T08:05:02.169 INFO:teuthology.orchestra.run.smithi046.stderr:/usr/bin/ceph:
2024-01-21T08:05:02.157+0000 7fb46852a700 1 -- 172.21.15.46:0/1732532583 --> [v2:172.21.15.46:3300/0,v1:172.21.15.46:6789/0] -- mon_subscribe({mgrmap=0+}) v3 -- 0x7fb46010d2a0 con 0x7fb4600703d0
2024-01-21T08:05:02.169 INFO:teuthology.orchestra.run.smithi046.stderr:/usr/bin/ceph:
2024-01-21T08:05:02.157+0000 7fb44effd700 1 -- 172.21.15.46:0/1732532583 <== mon.0 v2:172.21.15.46:3300/0 2 ==== config(25 keys) v1 ==== 1010+0+0 (secure 0 0 0) 0x7fb45c01b9e0 con 0x7fb4600703d0
2024-01-21T08:05:02.169 INFO:teuthology.orchestra.run.smithi046.stderr:/usr/bin/ceph:
2024-01-21T08:05:02.157+0000 7fb44effd700 1 -- 172.21.15.46:0/1732532583 <== mon.0 v2:172.21.15.46:3300/0 3 ==== mon_map magic: 0 v1 ==== 229+0+0 (secure 0 0 0) 0x7fb45c01a880 con 0x7fb4600703d0
2024-01-21T08:05:02.169 INFO:teuthology.orchestra.run.smithi046.stderr:/usr/bin/ceph:
2024-01-21T08:05:02.157+0000 7fb46852a700 1 -- 172.21.15.46:0/1732532583 --> [v2:172.21.15.46:3300/0,v1:172.21.15.46:6789/0] -- mon_subscribe({osdmap=0}) v3 -- 0x7fb46010d6b0 con 0x7fb4600703d0
2024-01-21T08:05:02.170 INFO:teuthology.orchestra.run.smithi046.stderr:/usr/bin/ceph:
2024-01-21T08:05:02.158+0000 7fb44effd700 1 -- 172.21.15.46:0/1732532583 <== mon.0 v2:172.21.15.46:3300/0 4 ==== mgrmap(e 8) v1 ==== 36120+0+0 (secure 0 0 0) 0x7fb45c00f070 con 0x7fb4600703d0
2024-01-21T08:05:02.170 INFO:teuthology.orchestra.run.smithi046.stderr:/usr/bin/ceph:
2024-01-21T08:05:02.158+0000 7fb44effd700 1 --2- 172.21.15.46:0/1732532583 >> [v2:172.21.15.46:6800/2245961460,v1:172.21.15.46:6801/2245961460] conn(0x7fb44802fd50 0x7fb448032210 unknown :-1 s=NONE pgs=0 cs=0 l=1 rev1=0 rx=0 tx=0).connect
2024-01-21T08:05:02.170 INFO:teuthology.orchestra.run.smithi046.stderr:/usr/bin/ceph:
2024-01-21T08:05:02.158+0000 7fb44effd700 1 -- 172.21.15.46:0/1732532583 <== mon.0 v2:172.21.15.46:3300/0 5 ==== osd_map(2..2 src has 1..2) v4 ==== 926+0+0 (secure 0 0 0) 0x7fb45c0412a0 con 0x7fb4600703d0
2024-01-21T08:05:02.170 INFO:teuthology.orchestra.run.smithi046.stderr:/usr/bin/ceph:
2024-01-21T08:05:02.158+0000 7fb465ac5700 1 --2- 172.21.15.46:0/1732532583 >> [v2:172.21.15.46:6800/2245961460,v1:172.21.15.46:6801/2245961460] conn(0x7fb44802fd50 0x7fb448032210 unknown :-1 s=BANNER_CONNECTING pgs=0 cs=0 l=1 rev1=0 rx=0 tx=0)._handle_peer_banner_payload supported=1 required=0
2024-01-21T08:05:02.170 INFO:teuthology.orchestra.run.smithi046.stderr:/usr/bin/ceph:
2024-01-21T08:05:02.159+0000 7fb46852a700 1 -- 172.21.15.46:0/1732532583 --> [v2:172.21.15.46:3300/0,v1:172.21.15.46:6789/0] -- mon_command({"prefix": "get_command_descriptions"} v 0) v1 -- 0x7fb460059100 con 0x7fb4600703d0
2024-01-21T08:05:02.170 INFO:teuthology.orchestra.run.smithi046.stderr:/usr/bin/ceph:
2024-01-21T08:05:02.159+0000 7fb465ac5700 1 --2- 172.21.15.46:0/1732532583 >> [v2:172.21.15.46:6800/2245961460,v1:172.21.15.46:6801/2245961460] conn(0x7fb44802fd50 0x7fb448032210 secure :-1 s=READY pgs=14 cs=0 l=1 rev1=1 rx=0x7fb4500096a0 tx=0x7fb450006b40).ready entity=mgr.14116 client_cookie=0 server_cookie=0 in_seq=0 out_seq=0
2024-01-21T08:05:02.171 INFO:teuthology.orchestra.run.smithi046.stderr:/usr/bin/ceph:
2024-01-21T08:05:02.163+0000 7fb44effd700 1 -- 172.21.15.46:0/1732532583 <== mon.0 v2:172.21.15.46:3300/0 6 ==== mon_command_ack([{"prefix": "get_command_descriptions"}]=0 v0) v1 ==== 72+0+152212 (secure 0 0 0) 0x7fb45c016070 con 0x7fb4600703d0
2024-01-21T08:05:02.240 INFO:journalctl@ceph.mon.smithi046.smithi046.stdout:Jan 21 08:05:01 smithi046 ceph-a17ce476-b833-11ee-95b0-87774f69a715-mon.smithi046[38805]: audit
2024-01-21T08:05:00.595479+0000 mgr.smithi046.lmxnwc (mgr.14116) 12 : audit [DBG] from='client.14138 -' entity='client.admin' cmd=[{"prefix": "orch apply", "service_type": "mgr", "target": ["mon-mgr", ""]}]: dispatch
2024-01-21T08:05:02.240 INFO:journalctl@ceph.mon.smithi046.smithi046.stdout:Jan 21 08:05:01 smithi046 ceph-a17ce476-b833-11ee-95b0-87774f69a715-mon.smithi046[38805]: cephadm
2024-01-21T08:05:00.595997+0000 mgr.smithi046.lmxnwc (mgr.14116) 13 : cephadm [INF] Saving service mgr spec with placement count:2
2024-01-21T08:05:02.240 INFO:journalctl@ceph.mon.smithi046.smithi046.stdout:Jan 21 08:05:01 smithi046 ceph-a17ce476-b833-11ee-95b0-87774f69a715-mon.smithi046[38805]: audit
2024-01-21T08:05:01.472028+0000 mon.smithi046 (mon.0) 59 : audit [INF] from='mgr.14116 172.21.15.46:0/550702402' entity='mgr.smithi046.lmxnwc'
2024-01-21T08:05:02.363 INFO:teuthology.orchestra.run.smithi046.stderr:/usr/bin/ceph:
2024-01-21T08:05:02.360+0000 7fb46852a700 1 -- 172.21.15.46:0/1732532583 --> [v2:172.21.15.46:3300/0,v1:172.21.15.46:6789/0] -- mon_command({"prefix": "mgr module enable", "module": "prometheus"} v 0) v1 -- 0x7fb460045ad0 con 0x7fb4600703d0
2024-01-21T08:05:02.836 INFO:teuthology.orchestra.run.smithi046.stderr:/usr/bin/ceph:
2024-01-21T08:05:02.833+0000 7fb44effd700 1 -- 172.21.15.46:0/1732532583 <== mon.0 v2:172.21.15.46:3300/0 7 ==== mgrmap(e 9) v1 ==== 36134+0+0 (secure 0 0 0) 0x7fb45c022d80 con 0x7fb4600703d0
2024-01-21T08:05:02.837 INFO:teuthology.orchestra.run.smithi046.stderr:/usr/bin/ceph:
2024-01-21T08:05:02.834+0000 7fb44effd700 1 -- 172.21.15.46:0/1732532583 <== mon.0 v2:172.21.15.46:3300/0 8 ==== mon_command_ack([{"prefix": "mgr module enable", "module": "prometheus"}]=0 v9) v1 ==== 89+0+0 (secure 0 0 0) 0x7fb45c019300 con 0x7fb4600703d0
2024-01-21T08:05:02.841 INFO:teuthology.orchestra.run.smithi046.stderr:/usr/bin/ceph:
2024-01-21T08:05:02.837+0000 7fb46852a700 1 -- 172.21.15.46:0/1732532583 >> [v2:172.21.15.46:6800/2245961460,v1:172.21.15.46:6801/2245961460] conn(0x7fb44802fd50 msgr2=0x7fb448032210 secure :-1 s=STATE_CONNECTION_ESTABLISHED l=1).mark_down
2024-01-21T08:05:02.841 INFO:teuthology.orchestra.run.smithi046.stderr:/usr/bin/ceph:
2024-01-21T08:05:02.837+0000 7fb46852a700 1 --2- 172.21.15.46:0/1732532583 >> [v2:172.21.15.46:6800/2245961460,v1:172.21.15.46:6801/2245961460] conn(0x7fb44802fd50 0x7fb448032210 secure :-1 s=READY pgs=14 cs=0 l=1 rev1=1 rx=0x7fb4500096a0 tx=0x7fb450006b40).stop
2024-01-21T08:05:02.841 INFO:teuthology.orchestra.run.smithi046.stderr:/usr/bin/ceph:
2024-01-21T08:05:02.837+0000 7fb46852a700 1 -- 172.21.15.46:0/1732532583 >> [v2:172.21.15.46:3300/0,v1:172.21.15.46:6789/0] conn(0x7fb4600703d0 msgr2=0x7fb46010cbb0 secure :-1 s=STATE_CONNECTION_ESTABLISHED l=1).mark_down
2024-01-21T08:05:02.841 INFO:teuthology.orchestra.run.smithi046.stderr:/usr/bin/ceph:
2024-01-21T08:05:02.837+0000 7fb46852a700 1 --2- 172.21.15.46:0/1732532583 >> [v2:172.21.15.46:3300/0,v1:172.21.15.46:6789/0] conn(0x7fb4600703d0 0x7fb46010cbb0 secure :-1 s=READY pgs=48 cs=0 l=1 rev1=1 rx=0x7fb45c00b190 tx=0x7fb45c006ee0).stop
2024-01-21T08:05:02.841 INFO:teuthology.orchestra.run.smithi046.stderr:/usr/bin/ceph:
2024-01-21T08:05:02.837+0000 7fb46852a700 1 -- 172.21.15.46:0/1732532583 shutdown_connections
2024-01-21T08:05:02.841 INFO:teuthology.orchestra.run.smithi046.stderr:/usr/bin/ceph:
2024-01-21T08:05:02.837+0000 7fb46852a700 1 --2- 172.21.15.46:0/1732532583 >> [v2:172.21.15.46:6800/2245961460,v1:172.21.15.46:6801/2245961460] conn(0x7fb44802fd50 0x7fb448032210 unknown :-1 s=CLOSED pgs=14 cs=0 l=1 rev1=1 rx=0 tx=0).stop
2024-01-21T08:05:02.842 INFO:teuthology.orchestra.run.smithi046.stderr:/usr/bin/ceph:
2024-01-21T08:05:02.837+0000 7fb46852a700 1 --2- 172.21.15.46:0/1732532583 >> [v2:172.21.15.46:3300/0,v1:172.21.15.46:6789/0] conn(0x7fb4600703d0 0x7fb46010cbb0 unknown :-1 s=CLOSED pgs=48 cs=0 l=1 rev1=1 rx=0 tx=0).stop
2024-01-21T08:05:02.842 INFO:teuthology.orchestra.run.smithi046.stderr:/usr/bin/ceph:
2024-01-21T08:05:02.838+0000 7fb46852a700 1 -- 172.21.15.46:0/1732532583 >> 172.21.15.46:0/1732532583 conn(0x7fb4600f63c0 msgr2=0x7fb4600f7ea0 unknown :-1 s=STATE_NONE l=0).mark_down
2024-01-21T08:05:02.842 INFO:teuthology.orchestra.run.smithi046.stderr:/usr/bin/ceph:
2024-01-21T08:05:02.838+0000 7fb46852a700 1 -- 172.21.15.46:0/1732532583 shutdown_connections
2024-01-21T08:05:02.842 INFO:teuthology.orchestra.run.smithi046.stderr:/usr/bin/ceph:
2024-01-21T08:05:02.838+0000 7fb46852a700 1 -- 172.21.15.46:0/1732532583 wait complete.
2024-01-21T08:05:03.129 INFO:journalctl@ceph.mon.smithi046.smithi046.stdout:Jan 21 08:05:02 smithi046 ceph-a17ce476-b833-11ee-95b0-87774f69a715-mon.smithi046[38805]: audit
2024-01-21T08:05:01.469178+0000 mgr.smithi046.lmxnwc (mgr.14116) 14 : audit [DBG] from='client.14140 -' entity='client.admin' cmd=[{"prefix": "orch apply", "service_type": "crash", "target": ["mon-mgr", ""]}]: dispatch
2024-01-21T08:05:03.129 INFO:journalctl@ceph.mon.smithi046.smithi046.stdout:Jan 21 08:05:02 smithi046 ceph-a17ce476-b833-11ee-95b0-87774f69a715-mon.smithi046[38805]: cephadm
2024-01-21T08:05:01.469813+0000 mgr.smithi046.lmxnwc (mgr.14116) 15 : cephadm [INF] Saving service crash spec with placement *
2024-01-21T08:05:03.129 INFO:journalctl@ceph.mon.smithi046.smithi046.stdout:Jan 21 08:05:02 smithi046 ceph-a17ce476-b833-11ee-95b0-87774f69a715-mon.smithi046[38805]: audit
2024-01-21T08:05:02.362285+0000 mon.smithi046 (mon.0) 60 : audit [INF] from='client.? 172.21.15.46:0/1732532583' entity='client.admin' cmd=[{"prefix": "mgr module enable", "module": "prometheus"}]: dispatch
2024-01-21T08:05:03.202 INFO:teuthology.orchestra.run.smithi046.stderr:Deploying prometheus service with default placement...
2024-01-21T08:05:03.202 INFO:teuthology.orchestra.run.smithi046.stderr:Running command: /bin/podman run --rm --ipc=host --no-hosts --net=host --entrypoint /usr/bin/ceph --init -e CONTAINER_IMAGE=docker.io/ceph/ceph:v16.2.4 -e NODE_NAME=smithi046 -e CEPH_USE_RANDOM_NONCE=1 -v /var/log/ceph/a17ce476-b833-11ee-95b0-87774f69a715:/var/log/ceph:z -v /tmp/ceph-tmprdkwbo5u:/etc/ceph/ceph.client.admin.keyring:z -v /tmp/ceph-tmplmcl2b12:/etc/ceph/ceph.conf:z docker.io/ceph/ceph:v16.2.4 orch apply prometheus
2024-01-21T08:05:03.568 INFO:teuthology.orchestra.run.smithi046.stderr:/usr/bin/ceph:
2024-01-21T08:05:03.562+0000 7fdec4e07700 1 Processor -- start
2024-01-21T08:05:03.569 INFO:teuthology.orchestra.run.smithi046.stderr:/usr/bin/ceph:
2024-01-21T08:05:03.563+0000 7fdec4e07700 1 -- start start
2024-01-21T08:05:03.569 INFO:teuthology.orchestra.run.smithi046.stderr:/usr/bin/ceph:
2024-01-21T08:05:03.563+0000 7fdec4e07700 1 --2- >> [v2:172.21.15.46:3300/0,v1:172.21.15.46:6789/0] conn(0x7fdec00703b0 0x7fdec0100d60 unknown :-1 s=NONE pgs=0 cs=0 l=0 rev1=0 rx=0 tx=0).connect
2024-01-21T08:05:03.569 INFO:teuthology.orchestra.run.smithi046.stderr:/usr/bin/ceph:
2024-01-21T08:05:03.563+0000 7fdec4e07700 1 -- --> [v2:172.21.15.46:3300/0,v1:172.21.15.46:6789/0] -- mon_getmap magic: 0 v1 -- 0x7fdec00fc750 con 0x7fdec00703b0
2024-01-21T08:05:03.569 INFO:teuthology.orchestra.run.smithi046.stderr:/usr/bin/ceph:
2024-01-21T08:05:03.563+0000 7fdebe59c700 1 --2- >> [v2:172.21.15.46:3300/0,v1:172.21.15.46:6789/0] conn(0x7fdec00703b0 0x7fdec0100d60 unknown :-1 s=BANNER_CONNECTING pgs=0 cs=0 l=0 rev1=0 rx=0 tx=0)._handle_peer_banner_payload supported=1 required=0
2024-01-21T08:05:03.569 INFO:teuthology.orchestra.run.smithi046.stderr:/usr/bin/ceph:
2024-01-21T08:05:03.563+0000 7fdebe59c700 1 --2- >> [v2:172.21.15.46:3300/0,v1:172.21.15.46:6789/0] conn(0x7fdec00703b0 0x7fdec0100d60 unknown :-1 s=HELLO_CONNECTING pgs=0 cs=0 l=0 rev1=1 rx=0 tx=0).handle_hello peer v2:172.21.15.46:3300/0 says I am v2:172.21.15.46:52408/0 (socket says 172.21.15.46:52408)
2024-01-21T08:05:03.569 INFO:teuthology.orchestra.run.smithi046.stderr:/usr/bin/ceph:
2024-01-21T08:05:03.563+0000 7fdebe59c700 1 -- 172.21.15.46:0/2241508308 learned_addr learned my addr 172.21.15.46:0/2241508308 (peer_addr_for_me v2:172.21.15.46:0/0)
2024-01-21T08:05:03.569 INFO:teuthology.orchestra.run.smithi046.stderr:/usr/bin/ceph:
2024-01-21T08:05:03.563+0000 7fdebe59c700 1 -- 172.21.15.46:0/2241508308 --> [v2:172.21.15.46:3300/0,v1:172.21.15.46:6789/0] -- mon_subscribe({config=0+,monmap=0+}) v3 -- 0x7fdec0101250 con 0x7fdec00703b0
2024-01-21T08:05:03.569 INFO:teuthology.orchestra.run.smithi046.stderr:/usr/bin/ceph:
2024-01-21T08:05:03.563+0000 7fdebe59c700 1 --2- 172.21.15.46:0/2241508308 >> [v2:172.21.15.46:3300/0,v1:172.21.15.46:6789/0] conn(0x7fdec00703b0 0x7fdec0100d60 secure :-1 s=READY pgs=51 cs=0 l=1 rev1=1 rx=0x7fdeb000b5f0 tx=0x7fdeb0006ee0).ready entity=mon.0 client_cookie=996e8d6cec56116f server_cookie=0 in_seq=0 out_seq=0
2024-01-21T08:05:03.569 INFO:teuthology.orchestra.run.smithi046.stderr:/usr/bin/ceph:
2024-01-21T08:05:03.564+0000 7fdebd59a700 1 -- 172.21.15.46:0/2241508308 <== mon.0 v2:172.21.15.46:3300/0 1 ==== mon_map magic: 0 v1 ==== 229+0+0 (secure 0 0 0) 0x7fdeb000d600 con 0x7fdec00703b0
2024-01-21T08:05:03.569 INFO:teuthology.orchestra.run.smithi046.stderr:/usr/bin/ceph:
2024-01-21T08:05:03.564+0000 7fdebd59a700 1 -- 172.21.15.46:0/2241508308 <== mon.0 v2:172.21.15.46:3300/0 2 ==== config(25 keys) v1 ==== 1010+0+0 (secure 0 0 0) 0x7fdeb000dbd0 con 0x7fdec00703b0
2024-01-21T08:05:03.569 INFO:teuthology.orchestra.run.smithi046.stderr:/usr/bin/ceph:
2024-01-21T08:05:03.564+0000 7fdebd59a700 1 -- 172.21.15.46:0/2241508308 <== mon.0 v2:172.21.15.46:3300/0 3 ==== mon_map magic: 0 v1 ==== 229+0+0 (secure 0 0 0) 0x7fdeb0011c00 con 0x7fdec00703b0
2024-01-21T08:05:03.569 INFO:teuthology.orchestra.run.smithi046.stderr:/usr/bin/ceph:
2024-01-21T08:05:03.564+0000 7fdec4e07700 1 -- 172.21.15.46:0/2241508308 >> [v2:172.21.15.46:3300/0,v1:172.21.15.46:6789/0] conn(0x7fdec00703b0 msgr2=0x7fdec0100d60 secure :-1 s=STATE_CONNECTION_ESTABLISHED l=1).mark_down
2024-01-21T08:05:03.569 INFO:teuthology.orchestra.run.smithi046.stderr:/usr/bin/ceph:
2024-01-21T08:05:03.564+0000 7fdec4e07700 1 --2- 172.21.15.46:0/2241508308 >> [v2:172.21.15.46:3300/0,v1:172.21.15.46:6789/0] conn(0x7fdec00703b0 0x7fdec0100d60 secure :-1 s=READY pgs=51 cs=0 l=1 rev1=1 rx=0x7fdeb000b5f0 tx=0x7fdeb0006ee0).stop
2024-01-21T08:05:03.570 INFO:teuthology.orchestra.run.smithi046.stderr:/usr/bin/ceph:
2024-01-21T08:05:03.564+0000 7fdec4e07700 1 -- 172.21.15.46:0/2241508308 shutdown_connections
2024-01-21T08:05:03.570 INFO:teuthology.orchestra.run.smithi046.stderr:/usr/bin/ceph:
2024-01-21T08:05:03.564+0000 7fdec4e07700 1 --2- 172.21.15.46:0/2241508308 >> [v2:172.21.15.46:3300/0,v1:172.21.15.46:6789/0] conn(0x7fdec00703b0 0x7fdec0100d60 unknown :-1 s=CLOSED pgs=51 cs=0 l=1 rev1=1 rx=0 tx=0).stop
2024-01-21T08:05:03.570 INFO:teuthology.orchestra.run.smithi046.stderr:/usr/bin/ceph:
2024-01-21T08:05:03.564+0000 7fdec4e07700 1 -- 172.21.15.46:0/2241508308 >> 172.21.15.46:0/2241508308 conn(0x7fdec00f63c0 msgr2=0x7fdec00f87e0 unknown :-1 s=STATE_NONE l=0).mark_down
2024-01-21T08:05:03.570 INFO:teuthology.orchestra.run.smithi046.stderr:/usr/bin/ceph:
2024-01-21T08:05:03.564+0000 7fdec4e07700 1 -- 172.21.15.46:0/2241508308 shutdown_connections
2024-01-21T08:05:03.570 INFO:teuthology.orchestra.run.smithi046.stderr:/usr/bin/ceph:
2024-01-21T08:05:03.564+0000 7fdec4e07700 1 -- 172.21.15.46:0/2241508308 wait complete.
2024-01-21T08:05:03.570 INFO:teuthology.orchestra.run.smithi046.stderr:/usr/bin/ceph:
2024-01-21T08:05:03.565+0000 7fdec4e07700 1 Processor -- start
2024-01-21T08:05:03.570 INFO:teuthology.orchestra.run.smithi046.stderr:/usr/bin/ceph:
2024-01-21T08:05:03.565+0000 7fdec4e07700 1 -- start start
2024-01-21T08:05:03.570 INFO:teuthology.orchestra.run.smithi046.stderr:/usr/bin/ceph:
2024-01-21T08:05:03.565+0000 7fdec4e07700 1 --2- >> [v2:172.21.15.46:3300/0,v1:172.21.15.46:6789/0] conn(0x7fdec00703b0 0x7fdec010ccf0 unknown :-1 s=NONE pgs=0 cs=0 l=1 rev1=0 rx=0 tx=0).connect
2024-01-21T08:05:03.570 INFO:teuthology.orchestra.run.smithi046.stderr:/usr/bin/ceph:
2024-01-21T08:05:03.565+0000 7fdec4e07700 1 -- --> [v2:172.21.15.46:3300/0,v1:172.21.15.46:6789/0] -- mon_getmap magic: 0 v1 -- 0x7fdec010d1e0 con 0x7fdec00703b0
2024-01-21T08:05:03.570 INFO:teuthology.orchestra.run.smithi046.stderr:/usr/bin/ceph:
2024-01-21T08:05:03.565+0000 7fdebe59c700 1 --2- >> [v2:172.21.15.46:3300/0,v1:172.21.15.46:6789/0] conn(0x7fdec00703b0 0x7fdec010ccf0 unknown :-1 s=BANNER_CONNECTING pgs=0 cs=0 l=1 rev1=0 rx=0 tx=0)._handle_peer_banner_payload supported=1 required=0
2024-01-21T08:05:03.570 INFO:teuthology.orchestra.run.smithi046.stderr:/usr/bin/ceph:
2024-01-21T08:05:03.565+0000 7fdebe59c700 1 --2- >> [v2:172.21.15.46:3300/0,v1:172.21.15.46:6789/0] conn(0x7fdec00703b0 0x7fdec010ccf0 unknown :-1 s=HELLO_CONNECTING pgs=0 cs=0 l=1 rev1=1 rx=0 tx=0).handle_hello peer v2:172.21.15.46:3300/0 says I am v2:172.21.15.46:52410/0 (socket says 172.21.15.46:52410)
2024-01-21T08:05:03.570 INFO:teuthology.orchestra.run.smithi046.stderr:/usr/bin/ceph:
2024-01-21T08:05:03.565+0000 7fdebe59c700 1 -- 172.21.15.46:0/3354183390 learned_addr learned my addr 172.21.15.46:0/3354183390 (peer_addr_for_me v2:172.21.15.46:0/0)
2024-01-21T08:05:03.572 INFO:teuthology.orchestra.run.smithi046.stderr:/usr/bin/ceph:
2024-01-21T08:05:03.566+0000 7fdebe59c700 1 -- 172.21.15.46:0/3354183390 --> [v2:172.21.15.46:3300/0,v1:172.21.15.46:6789/0] -- mon_subscribe({config=0+,monmap=0+}) v3 -- 0x7fdeb000b200 con 0x7fdec00703b0
2024-01-21T08:05:03.572 INFO:teuthology.orchestra.run.smithi046.stderr:/usr/bin/ceph:
2024-01-21T08:05:03.566+0000 7fdebe59c700 1 --2- 172.21.15.46:0/3354183390 >> [v2:172.21.15.46:3300/0,v1:172.21.15.46:6789/0] conn(0x7fdec00703b0 0x7fdec010ccf0 secure :-1 s=READY pgs=52 cs=0 l=1 rev1=1 rx=0x7fdeb000e040 tx=0x7fdeb0006ee0).ready entity=mon.0 client_cookie=0 server_cookie=0 in_seq=0 out_seq=0
2024-01-21T08:05:03.572 INFO:teuthology.orchestra.run.smithi046.stderr:/usr/bin/ceph:
2024-01-21T08:05:03.566+0000 7fdeaeffd700 1 -- 172.21.15.46:0/3354183390 <== mon.0 v2:172.21.15.46:3300/0 1 ==== mon_map magic: 0 v1 ==== 229+0+0 (secure 0 0 0) 0x7fdeb000d9f0 con 0x7fdec00703b0
2024-01-21T08:05:03.572 INFO:teuthology.orchestra.run.smithi046.stderr:/usr/bin/ceph:
2024-01-21T08:05:03.566+0000 7fdeaeffd700 1 -- 172.21.15.46:0/3354183390 <== mon.0 v2:172.21.15.46:3300/0 2 ==== config(25 keys) v1 ==== 1010+0+0 (secure 0 0 0) 0x7fdeb001a9f0 con 0x7fdec00703b0
2024-01-21T08:05:03.572 INFO:teuthology.orchestra.run.smithi046.stderr:/usr/bin/ceph:
2024-01-21T08:05:03.566+0000 7fdeaeffd700 1 -- 172.21.15.46:0/3354183390 <== mon.0 v2:172.21.15.46:3300/0 3 ==== mon_map magic: 0 v1 ==== 229+0+0 (secure 0 0 0) 0x7fdeb001b8c0 con 0x7fdec00703b0
2024-01-21T08:05:03.572 INFO:teuthology.orchestra.run.smithi046.stderr:/usr/bin/ceph:
2024-01-21T08:05:03.566+0000 7fdec4e07700 1 -- 172.21.15.46:0/3354183390 --> [v2:172.21.15.46:3300/0,v1:172.21.15.46:6789/0] -- mon_subscribe({mgrmap=0+}) v3 -- 0x7fdec010d3e0 con 0x7fdec00703b0
2024-01-21T08:05:03.572 INFO:teuthology.orchestra.run.smithi046.stderr:/usr/bin/ceph:
2024-01-21T08:05:03.566+0000 7fdec4e07700 1 -- 172.21.15.46:0/3354183390 --> [v2:172.21.15.46:3300/0,v1:172.21.15.46:6789/0] -- mon_subscribe({osdmap=0}) v3 -- 0x7fdec010d7f0 con 0x7fdec00703b0
2024-01-21T08:05:03.572 INFO:teuthology.orchestra.run.smithi046.stderr:/usr/bin/ceph:
2024-01-21T08:05:03.567+0000 7fdeacff9700 1 -- 172.21.15.46:0/3354183390 --> [v2:172.21.15.46:3300/0,v1:172.21.15.46:6789/0] -- mon_command({"prefix": "get_command_descriptions"} v 0) v1 -- 0x7fdea0004fa0 con 0x7fdec00703b0
2024-01-21T08:05:03.572 INFO:teuthology.orchestra.run.smithi046.stderr:/usr/bin/ceph:
2024-01-21T08:05:03.568+0000 7fdeaeffd700 1 -- 172.21.15.46:0/3354183390 <== mon.0 v2:172.21.15.46:3300/0 4 ==== mgrmap(e 9) v1 ==== 36134+0+0 (secure 0 0 0) 0x7fdeb000f070 con 0x7fdec00703b0
2024-01-21T08:05:03.573 INFO:teuthology.orchestra.run.smithi046.stderr:/usr/bin/ceph:
2024-01-21T08:05:03.568+0000 7fdeaeffd700 1 --2- 172.21.15.46:0/3354183390 >> [v2:172.21.15.46:6800/2245961460,v1:172.21.15.46:6801/2245961460] conn(0x7fdea402fe50 0x7fdea4032310 unknown :-1 s=NONE pgs=0 cs=0 l=1 rev1=0 rx=0 tx=0).connect
2024-01-21T08:05:03.573 INFO:teuthology.orchestra.run.smithi046.stderr:/usr/bin/ceph:
2024-01-21T08:05:03.568+0000 7fdeaeffd700 1 -- 172.21.15.46:0/3354183390 <== mon.0 v2:172.21.15.46:3300/0 5 ==== osd_map(2..2 src has 1..2) v4 ==== 926+0+0 (secure 0 0 0) 0x7fdeb0041a80 con 0x7fdec00703b0
2024-01-21T08:05:03.573 INFO:teuthology.orchestra.run.smithi046.stderr:/usr/bin/ceph:
2024-01-21T08:05:03.568+0000 7fdebdd9b700 1 -- 172.21.15.46:0/3354183390 >> [v2:172.21.15.46:6800/2245961460,v1:172.21.15.46:6801/2245961460] conn(0x7fdea402fe50 msgr2=0x7fdea4032310 unknown :-1 s=STATE_CONNECTING_RE l=1).process reconnect failed to v2:172.21.15.46:6800/2245961460
2024-01-21T08:05:03.573 INFO:teuthology.orchestra.run.smithi046.stderr:/usr/bin/ceph:
2024-01-21T08:05:03.568+0000 7fdebdd9b700 1 --2- 172.21.15.46:0/3354183390 >> [v2:172.21.15.46:6800/2245961460,v1:172.21.15.46:6801/2245961460] conn(0x7fdea402fe50 0x7fdea4032310 unknown :-1 s=START_CONNECT pgs=0 cs=0 l=1 rev1=0 rx=0 tx=0)._fault waiting 0.200000
2024-01-21T08:05:03.574 INFO:teuthology.orchestra.run.smithi046.stderr:/usr/bin/ceph:
2024-01-21T08:05:03.572+0000 7fdeaeffd700 1 -- 172.21.15.46:0/3354183390 <== mon.0 v2:172.21.15.46:3300/0 6 ==== mon_command_ack([{"prefix": "get_command_descriptions"}]=0 v0) v1 ==== 72+0+152212 (secure 0 0 0) 0x7fdeb002d7a0 con 0x7fdec00703b0
2024-01-21T08:05:03.762 INFO:teuthology.orchestra.run.smithi046.stderr:/usr/bin/ceph:
2024-01-21T08:05:03.759+0000 7fdeacff9700 1 -- 172.21.15.46:0/3354183390 --> [v2:172.21.15.46:6800/2245961460,v1:172.21.15.46:6801/2245961460] -- mgr_command(tid 0: {"prefix": "orch apply", "service_type": "prometheus", "target": ["mon-mgr", ""]}) v1 -- 0x7fdea0000bc0 con 0x7fdea402fe50
2024-01-21T08:05:03.771 INFO:teuthology.orchestra.run.smithi046.stderr:/usr/bin/ceph:
2024-01-21T08:05:03.769+0000 7fdebdd9b700 1 -- 172.21.15.46:0/3354183390 >> [v2:172.21.15.46:6800/2245961460,v1:172.21.15.46:6801/2245961460] conn(0x7fdea402fe50 msgr2=0x7fdea4032310 unknown :-1 s=STATE_CONNECTING_RE l=1).process reconnect failed to v2:172.21.15.46:6800/2245961460
2024-01-21T08:05:03.771 INFO:teuthology.orchestra.run.smithi046.stderr:/usr/bin/ceph:
2024-01-21T08:05:03.769+0000 7fdebdd9b700 1 --2- 172.21.15.46:0/3354183390 >> [v2:172.21.15.46:6800/2245961460,v1:172.21.15.46:6801/2245961460] conn(0x7fdea402fe50 0x7fdea4032310 unknown :-1 s=START_CONNECT pgs=0 cs=0 l=1 rev1=0 rx=0 tx=0)._fault waiting 0.400000
2024-01-21T08:05:04.173 INFO:teuthology.orchestra.run.smithi046.stderr:/usr/bin/ceph:
2024-01-21T08:05:04.170+0000 7fdebdd9b700 1 -- 172.21.15.46:0/3354183390 >> [v2:172.21.15.46:6800/2245961460,v1:172.21.15.46:6801/2245961460] conn(0x7fdea402fe50 msgr2=0x7fdea4032310 unknown :-1 s=STATE_CONNECTING_RE l=1).process reconnect failed to v2:172.21.15.46:6800/2245961460
2024-01-21T08:05:04.173 INFO:teuthology.orchestra.run.smithi046.stderr:/usr/bin/ceph:
2024-01-21T08:05:04.170+0000 7fdebdd9b700 1 --2- 172.21.15.46:0/3354183390 >> [v2:172.21.15.46:6800/2245961460,v1:172.21.15.46:6801/2245961460] conn(0x7fdea402fe50 0x7fdea4032310 unknown :-1 s=START_CONNECT pgs=0 cs=0 l=1 rev1=0 rx=0 tx=0)._fault waiting 0.800000
2024-01-21T08:05:04.240 INFO:journalctl@ceph.mon.smithi046.smithi046.stdout:Jan 21 08:05:03 smithi046 ceph-a17ce476-b833-11ee-95b0-87774f69a715-mon.smithi046[38805]: audit
2024-01-21T08:05:02.836345+0000 mon.smithi046 (mon.0) 61 : audit [INF] from='client.? 172.21.15.46:0/1732532583' entity='client.admin' cmd='[{"prefix": "mgr module enable", "module": "prometheus"}]': finished
2024-01-21T08:05:04.240 INFO:journalctl@ceph.mon.smithi046.smithi046.stdout:Jan 21 08:05:03 smithi046 ceph-a17ce476-b833-11ee-95b0-87774f69a715-mon.smithi046[38805]: cluster
2024-01-21T08:05:02.836412+0000 mon.smithi046 (mon.0) 62 : cluster [DBG] mgrmap e9: smithi046.lmxnwc(active, since 16s)
2024-01-21T08:05:04.974 INFO:teuthology.orchestra.run.smithi046.stderr:/usr/bin/ceph:
2024-01-21T08:05:04.971+0000 7fdebdd9b700 1 -- 172.21.15.46:0/3354183390 >> [v2:172.21.15.46:6800/2245961460,v1:172.21.15.46:6801/2245961460] conn(0x7fdea402fe50 msgr2=0x7fdea4032310 unknown :-1 s=STATE_CONNECTING_RE l=1).process reconnect failed to v2:172.21.15.46:6800/2245961460
2024-01-21T08:05:04.974 INFO:teuthology.orchestra.run.smithi046.stderr:/usr/bin/ceph:
2024-01-21T08:05:04.971+0000 7fdebdd9b700 1 --2- 172.21.15.46:0/3354183390 >> [v2:172.21.15.46:6800/2245961460,v1:172.21.15.46:6801/2245961460] conn(0x7fdea402fe50 0x7fdea4032310 unknown :-1 s=START_CONNECT pgs=0 cs=0 l=1 rev1=0 rx=0 tx=0)._fault waiting 1.600000
2024-01-21T08:05:06.576 INFO:teuthology.orchestra.run.smithi046.stderr:/usr/bin/ceph:
2024-01-21T08:05:06.572+0000 7fdebdd9b700 1 -- 172.21.15.46:0/3354183390 >> [v2:172.21.15.46:6800/2245961460,v1:172.21.15.46:6801/2245961460] conn(0x7fdea402fe50 msgr2=0x7fdea4032310 unknown :-1 s=STATE_CONNECTING_RE l=1).process reconnect failed to v2:172.21.15.46:6800/2245961460
2024-01-21T08:05:06.576 INFO:teuthology.orchestra.run.smithi046.stderr:/usr/bin/ceph:
2024-01-21T08:05:06.572+0000 7fdebdd9b700 1 --2- 172.21.15.46:0/3354183390 >> [v2:172.21.15.46:6800/2245961460,v1:172.21.15.46:6801/2245961460] conn(0x7fdea402fe50 0x7fdea4032310 unknown :-1 s=START_CONNECT pgs=0 cs=0 l=1 rev1=0 rx=0 tx=0)._fault waiting 3.200000
2024-01-21T08:05:08.075 INFO:teuthology.orchestra.run.smithi046.stderr:/usr/bin/ceph:
2024-01-21T08:05:08.072+0000 7fdeaeffd700 1 -- 172.21.15.46:0/3354183390 <== mon.0 v2:172.21.15.46:3300/0 7 ==== mgrmap(e 10) v1 ==== 35984+0+0 (secure 0 0 0) 0x7fdeb0024c90 con 0x7fdec00703b0
2024-01-21T08:05:08.075 INFO:teuthology.orchestra.run.smithi046.stderr:/usr/bin/ceph:
2024-01-21T08:05:08.072+0000 7fdeaeffd700 1 -- 172.21.15.46:0/3354183390 >> [v2:172.21.15.46:6800/2245961460,v1:172.21.15.46:6801/2245961460] conn(0x7fdea402fe50 msgr2=0x7fdea4032310 unknown :-1 s=STATE_CONNECTING l=1).mark_down
2024-01-21T08:05:08.075 INFO:teuthology.orchestra.run.smithi046.stderr:/usr/bin/ceph:
2024-01-21T08:05:08.072+0000 7fdeaeffd700 1 --2- 172.21.15.46:0/3354183390 >> [v2:172.21.15.46:6800/2245961460,v1:172.21.15.46:6801/2245961460] conn(0x7fdea402fe50 0x7fdea4032310 unknown :-1 s=START_CONNECT pgs=0 cs=0 l=1 rev1=0 rx=0 tx=0).stop
2024-01-21T08:05:09.078 INFO:teuthology.orchestra.run.smithi046.stderr:/usr/bin/ceph:
2024-01-21T08:05:09.073+0000 7fdeaeffd700 1 -- 172.21.15.46:0/3354183390 <== mon.0 v2:172.21.15.46:3300/0 8 ==== mgrmap(e 11) v1 ==== 36054+0+0 (secure 0 0 0) 0x7fdeb0019d80 con 0x7fdec00703b0
2024-01-21T08:05:09.078 INFO:teuthology.orchestra.run.smithi046.stderr:/usr/bin/ceph:
2024-01-21T08:05:09.073+0000 7fdeaeffd700 1 --2- 172.21.15.46:0/3354183390 >> [v2:172.21.15.46:6800/1810147681,v1:172.21.15.46:6801/1810147681] conn(0x7fdea4033c70 0x7fdea4036060 unknown :-1 s=NONE pgs=0 cs=0 l=1 rev1=0 rx=0 tx=0).connect
2024-01-21T08:05:09.078 INFO:teuthology.orchestra.run.smithi046.stderr:/usr/bin/ceph:
2024-01-21T08:05:09.073+0000 7fdeaeffd700 1 -- 172.21.15.46:0/3354183390 --> [v2:172.21.15.46:6800/1810147681,v1:172.21.15.46:6801/1810147681] -- mgr_command(tid 0: {"prefix": "orch apply", "service_type": "prometheus", "target": ["mon-mgr", ""]}) v1 -- 0x7fdea0000bc0 con 0x7fdea4033c70
2024-01-21T08:05:09.079 INFO:teuthology.orchestra.run.smithi046.stderr:/usr/bin/ceph:
2024-01-21T08:05:09.074+0000 7fdebdd9b700 1 --2- 172.21.15.46:0/3354183390 >> [v2:172.21.15.46:6800/1810147681,v1:172.21.15.46:6801/1810147681] conn(0x7fdea4033c70 0x7fdea4036060 unknown :-1 s=BANNER_CONNECTING pgs=0 cs=0 l=1 rev1=0 rx=0 tx=0)._handle_peer_banner_payload supported=1 required=0
2024-01-21T08:05:09.079 INFO:teuthology.orchestra.run.smithi046.stderr:/usr/bin/ceph:
2024-01-21T08:05:09.074+0000 7fdebdd9b700 1 --2- 172.21.15.46:0/3354183390 >> [v2:172.21.15.46:6800/1810147681,v1:172.21.15.46:6801/1810147681] conn(0x7fdea4033c70 0x7fdea4036060 secure :-1 s=READY pgs=2 cs=0 l=1 rev1=1 rx=0x7fdeb40036d0 tx=0x7fdeb4006d60).ready entity=mgr.14144 client_cookie=0 server_cookie=0 in_seq=0 out_seq=0
2024-01-21T08:05:09.082 INFO:teuthology.orchestra.run.smithi046.stderr:/usr/bin/ceph:
2024-01-21T08:05:09.079+0000 7fdeaeffd700 1 -- 172.21.15.46:0/3354183390 <== mgr.14144 v2:172.21.15.46:6800/1810147681 1 ==== mgr_command_reply(tid 0: 0 ) v1 ==== 8+0+31 (secure 0 0 0) 0x7fdea0000bc0 con 0x7fdea4033c70
2024-01-21T08:05:09.082 INFO:teuthology.orchestra.run.smithi046.stderr:/usr/bin/ceph: Scheduled prometheus update...
2024-01-21T08:05:09.085 INFO:teuthology.orchestra.run.smithi046.stderr:/usr/bin/ceph:
2024-01-21T08:05:09.081+0000 7fdeacff9700 1 -- 172.21.15.46:0/3354183390 >> [v2:172.21.15.46:6800/1810147681,v1:172.21.15.46:6801/1810147681] conn(0x7fdea4033c70 msgr2=0x7fdea4036060 secure :-1 s=STATE_CONNECTION_ESTABLISHED l=1).mark_down
2024-01-21T08:05:09.085 INFO:teuthology.orchestra.run.smithi046.stderr:/usr/bin/ceph:
2024-01-21T08:05:09.081+0000 7fdeacff9700 1 --2- 172.21.15.46:0/3354183390 >> [v2:172.21.15.46:6800/1810147681,v1:172.21.15.46:6801/1810147681] conn(0x7fdea4033c70 0x7fdea4036060 secure :-1 s=READY pgs=2 cs=0 l=1 rev1=1 rx=0x7fdeb40036d0 tx=0x7fdeb4006d60).stop
2024-01-21T08:05:09.085 INFO:teuthology.orchestra.run.smithi046.stderr:/usr/bin/ceph:
2024-01-21T08:05:09.081+0000 7fdeacff9700 1 -- 172.21.15.46:0/3354183390 >> [v2:172.21.15.46:3300/0,v1:172.21.15.46:6789/0] conn(0x7fdec00703b0 msgr2=0x7fdec010ccf0 secure :-1 s=STATE_CONNECTION_ESTABLISHED l=1).mark_down
2024-01-21T08:05:09.085 INFO:teuthology.orchestra.run.smithi046.stderr:/usr/bin/ceph:
2024-01-21T08:05:09.081+0000 7fdeacff9700 1 --2- 172.21.15.46:0/3354183390 >> [v2:172.21.15.46:3300/0,v1:172.21.15.46:6789/0] conn(0x7fdec00703b0 0x7fdec010ccf0 secure :-1 s=READY pgs=52 cs=0 l=1 rev1=1 rx=0x7fdeb000e040 tx=0x7fdeb0006ee0).stop
2024-01-21T08:05:09.085 INFO:teuthology.orchestra.run.smithi046.stderr:/usr/bin/ceph:
2024-01-21T08:05:09.081+0000 7fdeacff9700 1 -- 172.21.15.46:0/3354183390 shutdown_connections
2024-01-21T08:05:09.086 INFO:teuthology.orchestra.run.smithi046.stderr:/usr/bin/ceph:
2024-01-21T08:05:09.081+0000 7fdeacff9700 1 --2- 172.21.15.46:0/3354183390 >> [v2:172.21.15.46:3300/0,v1:172.21.15.46:6789/0] conn(0x7fdec00703b0 0x7fdec010ccf0 unknown :-1 s=CLOSED pgs=52 cs=0 l=1 rev1=1 rx=0 tx=0).stop
2024-01-21T08:05:09.086 INFO:teuthology.orchestra.run.smithi046.stderr:/usr/bin/ceph:
2024-01-21T08:05:09.081+0000 7fdeacff9700 1 --2- 172.21.15.46:0/3354183390 >> [v2:172.21.15.46:6800/1810147681,v1:172.21.15.46:6801/1810147681] conn(0x7fdea4033c70 0x7fdea4036060 unknown :-1 s=CLOSED pgs=2 cs=0 l=1 rev1=1 rx=0 tx=0).stop
2024-01-21T08:05:09.086 INFO:teuthology.orchestra.run.smithi046.stderr:/usr/bin/ceph:
2024-01-21T08:05:09.081+0000 7fdeacff9700 1 --2- 172.21.15.46:0/3354183390 >> [v2:172.21.15.46:6800/2245961460,v1:172.21.15.46:6801/2245961460] conn(0x7fdea402fe50 0x7fdea4032310 unknown :-1 s=CLOSED pgs=0 cs=0 l=1 rev1=0 rx=0 tx=0).stop
2024-01-21T08:05:09.086 INFO:teuthology.orchestra.run.smithi046.stderr:/usr/bin/ceph:
2024-01-21T08:05:09.081+0000 7fdeacff9700 1 -- 172.21.15.46:0/3354183390 >> 172.21.15.46:0/3354183390 conn(0x7fdec00f63c0 msgr2=0x7fdec00f7f50 unknown :-1 s=STATE_NONE l=0).mark_down
2024-01-21T08:05:09.086 INFO:teuthology.orchestra.run.smithi046.stderr:/usr/bin/ceph:
2024-01-21T08:05:09.082+0000 7fdeacff9700 1 -- 172.21.15.46:0/3354183390 shutdown_connections
2024-01-21T08:05:09.086 INFO:teuthology.orchestra.run.smithi046.stderr:/usr/bin/ceph:
2024-01-21T08:05:09.082+0000 7fdeacff9700 1 -- 172.21.15.46:0/3354183390 wait complete.
2024-01-21T08:05:09.362 INFO:journalctl@ceph.mon.smithi046.smithi046.stdout:Jan 21 08:05:09 smithi046 ceph-a17ce476-b833-11ee-95b0-87774f69a715-mon.smithi046[38805]: cluster
2024-01-21T08:05:08.021663+0000 mon.smithi046 (mon.0) 63 : cluster [INF] Active manager daemon smithi046.lmxnwc restarted
2024-01-21T08:05:09.362 INFO:journalctl@ceph.mon.smithi046.smithi046.stdout:Jan 21 08:05:09 smithi046 ceph-a17ce476-b833-11ee-95b0-87774f69a715-mon.smithi046[38805]: cluster
2024-01-21T08:05:08.022098+0000 mon.smithi046 (mon.0) 64 : cluster [INF] Activating manager daemon smithi046.lmxnwc
2024-01-21T08:05:09.362 INFO:journalctl@ceph.mon.smithi046.smithi046.stdout:Jan 21 08:05:09 smithi046 ceph-a17ce476-b833-11ee-95b0-87774f69a715-mon.smithi046[38805]: cluster
2024-01-21T08:05:08.023649+0000 mon.smithi046 (mon.0) 65 : cluster [DBG] osdmap e3: 0 total, 0 up, 0 in
2024-01-21T08:05:09.362 INFO:journalctl@ceph.mon.smithi046.smithi046.stdout:Jan 21 08:05:09 smithi046 ceph-a17ce476-b833-11ee-95b0-87774f69a715-mon.smithi046[38805]: cluster
2024-01-21T08:05:08.074625+0000 mon.smithi046 (mon.0) 66 : cluster [DBG] mgrmap e10: smithi046.lmxnwc(active, starting, since 0.0526358s)
2024-01-21T08:05:09.362 INFO:journalctl@ceph.mon.smithi046.smithi046.stdout:Jan 21 08:05:09 smithi046 ceph-a17ce476-b833-11ee-95b0-87774f69a715-mon.smithi046[38805]: audit
2024-01-21T08:05:08.075690+0000 mon.smithi046 (mon.0) 67 : audit [DBG] from='mgr.14144 172.21.15.46:0/2859155502' entity='mgr.smithi046.lmxnwc' cmd=[{"prefix": "mon metadata", "id": "smithi046"}]: dispatch
2024-01-21T08:05:09.362 INFO:journalctl@ceph.mon.smithi046.smithi046.stdout:Jan 21 08:05:09 smithi046 ceph-a17ce476-b833-11ee-95b0-87774f69a715-mon.smithi046[38805]: audit
2024-01-21T08:05:08.076334+0000 mon.smithi046 (mon.0) 68 : audit [DBG] from='mgr.14144 172.21.15.46:0/2859155502' entity='mgr.smithi046.lmxnwc' cmd=[{"prefix": "mgr metadata", "who": "smithi046.lmxnwc", "id": "smithi046.lmxnwc"}]: dispatch
2024-01-21T08:05:09.362 INFO:journalctl@ceph.mon.smithi046.smithi046.stdout:Jan 21 08:05:09 smithi046 ceph-a17ce476-b833-11ee-95b0-87774f69a715-mon.smithi046[38805]: audit
2024-01-21T08:05:08.077253+0000 mon.smithi046 (mon.0) 69 : audit [DBG] from='mgr.14144 172.21.15.46:0/2859155502' entity='mgr.smithi046.lmxnwc' cmd=[{"prefix": "mds metadata"}]: dispatch
2024-01-21T08:05:09.362 INFO:journalctl@ceph.mon.smithi046.smithi046.stdout:Jan 21 08:05:09 smithi046 ceph-a17ce476-b833-11ee-95b0-87774f69a715-mon.smithi046[38805]: audit
2024-01-21T08:05:08.077402+0000 mon.smithi046 (mon.0) 70 : audit [DBG] from='mgr.14144 172.21.15.46:0/2859155502' entity='mgr.smithi046.lmxnwc' cmd=[{"prefix": "osd metadata"}]: dispatch
2024-01-21T08:05:09.362 INFO:journalctl@ceph.mon.smithi046.smithi046.stdout:Jan 21 08:05:09 smithi046 ceph-a17ce476-b833-11ee-95b0-87774f69a715-mon.smithi046[38805]: audit
2024-01-21T08:05:08.077534+0000 mon.smithi046 (mon.0) 71 : audit [DBG] from='mgr.14144 172.21.15.46:0/2859155502' entity='mgr.smithi046.lmxnwc' cmd=[{"prefix": "mon metadata"}]: dispatch
2024-01-21T08:05:09.362 INFO:journalctl@ceph.mon.smithi046.smithi046.stdout:Jan 21 08:05:09 smithi046 ceph-a17ce476-b833-11ee-95b0-87774f69a715-mon.smithi046[38805]: cluster
2024-01-21T08:05:08.090940+0000 mon.smithi046 (mon.0) 72 : cluster [INF] Manager daemon smithi046.lmxnwc is now available
2024-01-21T08:05:09.362 INFO:journalctl@ceph.mon.smithi046.smithi046.stdout:Jan 21 08:05:09 smithi046 ceph-a17ce476-b833-11ee-95b0-87774f69a715-mon.smithi046[38805]: audit
2024-01-21T08:05:08.193990+0000 mon.smithi046 (mon.0) 73 : audit [DBG] from='mgr.14144 172.21.15.46:0/2859155502' entity='mgr.smithi046.lmxnwc' cmd=[{"prefix": "config dump", "format": "json"}]: dispatch
2024-01-21T08:05:09.362 INFO:journalctl@ceph.mon.smithi046.smithi046.stdout:Jan 21 08:05:09 smithi046 ceph-a17ce476-b833-11ee-95b0-87774f69a715-mon.smithi046[38805]: audit
2024-01-21T08:05:08.195636+0000 mon.smithi046 (mon.0) 74 : audit [DBG] from='mgr.14144 172.21.15.46:0/2859155502' entity='mgr.smithi046.lmxnwc' cmd=[{"prefix": "config dump", "format": "json"}]: dispatch
2024-01-21T08:05:09.363 INFO:journalctl@ceph.mon.smithi046.smithi046.stdout:Jan 21 08:05:09 smithi046 ceph-a17ce476-b833-11ee-95b0-87774f69a715-mon.smithi046[38805]: audit
2024-01-21T08:05:08.217290+0000 mon.smithi046 (mon.0) 75 : audit [INF] from='mgr.14144 172.21.15.46:0/2859155502' entity='mgr.smithi046.lmxnwc' cmd=[{"prefix":"config rm","who":"mgr","name":"mgr/rbd_support/smithi046.lmxnwc/mirror_snapshot_schedule"}]: dispatch
2024-01-21T08:05:09.363 INFO:journalctl@ceph.mon.smithi046.smithi046.stdout:Jan 21 08:05:09 smithi046 ceph-a17ce476-b833-11ee-95b0-87774f69a715-mon.smithi046[38805]: audit
2024-01-21T08:05:08.221473+0000 mon.smithi046 (mon.0) 76 : audit [INF] from='mgr.14144 172.21.15.46:0/2859155502' entity='mgr.smithi046.lmxnwc' cmd=[{"prefix":"config rm","who":"mgr","name":"mgr/rbd_support/smithi046.lmxnwc/trash_purge_schedule"}]: dispatch
2024-01-21T08:05:09.380 INFO:teuthology.orchestra.run.smithi046.stderr:Deploying grafana service with default placement...
2024-01-21T08:05:09.381 INFO:teuthology.orchestra.run.smithi046.stderr:Running command: /bin/podman run --rm --ipc=host --no-hosts --net=host --entrypoint /usr/bin/ceph --init -e CONTAINER_IMAGE=docker.io/ceph/ceph:v16.2.4 -e NODE_NAME=smithi046 -e CEPH_USE_RANDOM_NONCE=1 -v /var/log/ceph/a17ce476-b833-11ee-95b0-87774f69a715:/var/log/ceph:z -v /tmp/ceph-tmprdkwbo5u:/etc/ceph/ceph.client.admin.keyring:z -v /tmp/ceph-tmplmcl2b12:/etc/ceph/ceph.conf:z docker.io/ceph/ceph:v16.2.4 orch apply grafana
2024-01-21T08:05:09.738 INFO:teuthology.orchestra.run.smithi046.stderr:/usr/bin/ceph:
2024-01-21T08:05:09.734+0000 7f385fb78700 1 Processor -- start
2024-01-21T08:05:09.741 INFO:teuthology.orchestra.run.smithi046.stderr:/usr/bin/ceph:
2024-01-21T08:05:09.734+0000 7f385fb78700 1 -- start start
2024-01-21T08:05:09.741 INFO:teuthology.orchestra.run.smithi046.stderr:/usr/bin/ceph:
2024-01-21T08:05:09.735+0000 7f385fb78700 1 --2- >> [v2:172.21.15.46:3300/0,v1:172.21.15.46:6789/0] conn(0x7f3858070400 0x7f3858100d90 unknown :-1 s=NONE pgs=0 cs=0 l=0 rev1=0 rx=0 tx=0).connect
2024-01-21T08:05:09.741 INFO:teuthology.orchestra.run.smithi046.stderr:/usr/bin/ceph:
2024-01-21T08:05:09.735+0000 7f385fb78700 1 -- --> [v2:172.21.15.46:3300/0,v1:172.21.15.46:6789/0] -- mon_getmap magic: 0 v1 -- 0x7f38580fc780 con 0x7f3858070400
2024-01-21T08:05:09.741 INFO:teuthology.orchestra.run.smithi046.stderr:/usr/bin/ceph:
2024-01-21T08:05:09.735+0000 7f385d914700 1 --2- >> [v2:172.21.15.46:3300/0,v1:172.21.15.46:6789/0] conn(0x7f3858070400 0x7f3858100d90 unknown :-1 s=BANNER_CONNECTING pgs=0 cs=0 l=0 rev1=0 rx=0 tx=0)._handle_peer_banner_payload supported=1 required=0
2024-01-21T08:05:09.741 INFO:teuthology.orchestra.run.smithi046.stderr:/usr/bin/ceph:
2024-01-21T08:05:09.735+0000 7f385d914700 1 --2- >> [v2:172.21.15.46:3300/0,v1:172.21.15.46:6789/0] conn(0x7f3858070400 0x7f3858100d90 unknown :-1 s=HELLO_CONNECTING pgs=0 cs=0 l=0 rev1=1 rx=0 tx=0).handle_hello peer v2:172.21.15.46:3300/0 says I am v2:172.21.15.46:52464/0 (socket says 172.21.15.46:52464)
2024-01-21T08:05:09.741 INFO:teuthology.orchestra.run.smithi046.stderr:/usr/bin/ceph:
2024-01-21T08:05:09.735+0000 7f385d914700 1 -- 172.21.15.46:0/1321878141 learned_addr learned my addr 172.21.15.46:0/1321878141 (peer_addr_for_me v2:172.21.15.46:0/0)
2024-01-21T08:05:09.741 INFO:teuthology.orchestra.run.smithi046.stderr:/usr/bin/ceph:
2024-01-21T08:05:09.735+0000 7f385d914700 1 -- 172.21.15.46:0/1321878141 --> [v2:172.21.15.46:3300/0,v1:172.21.15.46:6789/0] -- mon_subscribe({config=0+,monmap=0+}) v3 -- 0x7f3858101280 con 0x7f3858070400
2024-01-21T08:05:09.741 INFO:teuthology.orchestra.run.smithi046.stderr:/usr/bin/ceph:
