2024-01-21T10:15:01.459 INFO:teuthology.orchestra.run.smithi144.stderr:/usr/bin/ceph:
2024-01-21T10:15:01.459+0000 7ff06359e700 1 -- 172.21.15.144:0/3884715169 wait complete.
2024-01-21T10:15:01.773 INFO:journalctl@ceph.mon.smithi144.smithi144.stdout:Jan 21 10:15:01 smithi144 ceph-cb530fca-b845-11ee-95b0-87774f69a715-mon.smithi144[38750]: audit
2024-01-21T10:15:00.324244+0000 mgr.smithi144.ieiyxs (mgr.14114) 14 : audit [DBG] from='client.14138 -' entity='client.admin' cmd=[{"prefix": "orch apply", "service_type": "crash", "target": ["mon-mgr", ""]}]: dispatch
2024-01-21T10:15:01.773 INFO:journalctl@ceph.mon.smithi144.smithi144.stdout:Jan 21 10:15:01 smithi144 ceph-cb530fca-b845-11ee-95b0-87774f69a715-mon.smithi144[38750]: cephadm
2024-01-21T10:15:00.324918+0000 mgr.smithi144.ieiyxs (mgr.14114) 15 : cephadm [INF] Saving service crash spec with placement *
2024-01-21T10:15:01.773 INFO:journalctl@ceph.mon.smithi144.smithi144.stdout:Jan 21 10:15:01 smithi144 ceph-cb530fca-b845-11ee-95b0-87774f69a715-mon.smithi144[38750]: audit
2024-01-21T10:15:01.227021+0000 mon.smithi144 (mon.0) 59 : audit [INF] from='client.? 172.21.15.144:0/3884715169' entity='client.admin' cmd=[{"prefix": "mgr module enable", "module": "prometheus"}]: dispatch
2024-01-21T10:15:01.795 INFO:teuthology.orchestra.run.smithi144.stderr:Deploying prometheus service with default placement...
2024-01-21T10:15:01.795 INFO:teuthology.orchestra.run.smithi144.stderr:Running command: /bin/podman run --rm --ipc=host --no-hosts --net=host --entrypoint /usr/bin/ceph --init -e CONTAINER_IMAGE=docker.io/ceph/ceph:v16.2.4 -e NODE_NAME=smithi144 -e CEPH_USE_RANDOM_NONCE=1 -v /var/log/ceph/cb530fca-b845-11ee-95b0-87774f69a715:/var/log/ceph:z -v /tmp/ceph-tmp0mzcrgwb:/etc/ceph/ceph.client.admin.keyring:z -v /tmp/ceph-tmpxvoonogv:/etc/ceph/ceph.conf:z docker.io/ceph/ceph:v16.2.4 orch apply prometheus
2024-01-21T10:15:02.128 INFO:teuthology.orchestra.run.smithi144.stderr:/usr/bin/ceph:
2024-01-21T10:15:02.126+0000 7f072e99d700 1 Processor -- start
2024-01-21T10:15:02.129 INFO:teuthology.orchestra.run.smithi144.stderr:/usr/bin/ceph:
2024-01-21T10:15:02.126+0000 7f072e99d700 1 -- start start
2024-01-21T10:15:02.129 INFO:teuthology.orchestra.run.smithi144.stderr:/usr/bin/ceph:
2024-01-21T10:15:02.126+0000 7f072e99d700 1 --2- >> [v2:172.21.15.144:3300/0,v1:172.21.15.144:6789/0] conn(0x7f07280fab80 0x7f07280fafa0 unknown :-1 s=NONE pgs=0 cs=0 l=0 rev1=0 rx=0 tx=0).connect
2024-01-21T10:15:02.129 INFO:teuthology.orchestra.run.smithi144.stderr:/usr/bin/ceph:
2024-01-21T10:15:02.126+0000 7f072e99d700 1 -- --> [v2:172.21.15.144:3300/0,v1:172.21.15.144:6789/0] -- mon_getmap magic: 0 v1 -- 0x7f07280fb490 con 0x7f07280fab80
2024-01-21T10:15:02.129 INFO:teuthology.orchestra.run.smithi144.stderr:/usr/bin/ceph:
2024-01-21T10:15:02.126+0000 7f0727fff700 1 --2- >> [v2:172.21.15.144:3300/0,v1:172.21.15.144:6789/0] conn(0x7f07280fab80 0x7f07280fafa0 unknown :-1 s=BANNER_CONNECTING pgs=0 cs=0 l=0 rev1=0 rx=0 tx=0)._handle_peer_banner_payload supported=1 required=0
2024-01-21T10:15:02.129 INFO:teuthology.orchestra.run.smithi144.stderr:/usr/bin/ceph:
2024-01-21T10:15:02.127+0000 7f0727fff700 1 --2- >> [v2:172.21.15.144:3300/0,v1:172.21.15.144:6789/0] conn(0x7f07280fab80 0x7f07280fafa0 unknown :-1 s=HELLO_CONNECTING pgs=0 cs=0 l=0 rev1=1 rx=0 tx=0).handle_hello peer v2:172.21.15.144:3300/0 says I am v2:172.21.15.144:40394/0 (socket says 172.21.15.144:40394)
2024-01-21T10:15:02.129 INFO:teuthology.orchestra.run.smithi144.stderr:/usr/bin/ceph:
2024-01-21T10:15:02.127+0000 7f0727fff700 1 -- 172.21.15.144:0/526720622 learned_addr learned my addr 172.21.15.144:0/526720622 (peer_addr_for_me v2:172.21.15.144:0/0)
2024-01-21T10:15:02.129 INFO:teuthology.orchestra.run.smithi144.stderr:/usr/bin/ceph:
2024-01-21T10:15:02.127+0000 7f0727fff700 1 -- 172.21.15.144:0/526720622 --> [v2:172.21.15.144:3300/0,v1:172.21.15.144:6789/0] -- mon_subscribe({config=0+,monmap=0+}) v3 -- 0x7f07280fb5d0 con 0x7f07280fab80
2024-01-21T10:15:02.129 INFO:teuthology.orchestra.run.smithi144.stderr:/usr/bin/ceph:
2024-01-21T10:15:02.127+0000 7f0727fff700 1 --2- 172.21.15.144:0/526720622 >> [v2:172.21.15.144:3300/0,v1:172.21.15.144:6789/0] conn(0x7f07280fab80 0x7f07280fafa0 secure :-1 s=READY pgs=49 cs=0 l=1 rev1=1 rx=0x7f071800b5f0 tx=0x7f0718006ee0).ready entity=mon.0 client_cookie=499315d388b0dbb4 server_cookie=0 in_seq=0 out_seq=0
2024-01-21T10:15:02.129 INFO:teuthology.orchestra.run.smithi144.stderr:/usr/bin/ceph:
2024-01-21T10:15:02.127+0000 7f0726ffd700 1 -- 172.21.15.144:0/526720622 <== mon.0 v2:172.21.15.144:3300/0 1 ==== mon_map magic: 0 v1 ==== 229+0+0 (secure 0 0 0) 0x7f071800d600 con 0x7f07280fab80
2024-01-21T10:15:02.129 INFO:teuthology.orchestra.run.smithi144.stderr:/usr/bin/ceph:
2024-01-21T10:15:02.127+0000 7f0726ffd700 1 -- 172.21.15.144:0/526720622 <== mon.0 v2:172.21.15.144:3300/0 2 ==== config(25 keys) v1 ==== 1010+0+0 (secure 0 0 0) 0x7f071800dbd0 con 0x7f07280fab80
2024-01-21T10:15:02.129 INFO:teuthology.orchestra.run.smithi144.stderr:/usr/bin/ceph:
2024-01-21T10:15:02.127+0000 7f0726ffd700 1 -- 172.21.15.144:0/526720622 <== mon.0 v2:172.21.15.144:3300/0 3 ==== mon_map magic: 0 v1 ==== 229+0+0 (secure 0 0 0) 0x7f0718011c00 con 0x7f07280fab80
2024-01-21T10:15:02.129 INFO:teuthology.orchestra.run.smithi144.stderr:/usr/bin/ceph:
2024-01-21T10:15:02.128+0000 7f072e99d700 1 -- 172.21.15.144:0/526720622 >> [v2:172.21.15.144:3300/0,v1:172.21.15.144:6789/0] conn(0x7f07280fab80 msgr2=0x7f07280fafa0 secure :-1 s=STATE_CONNECTION_ESTABLISHED l=1).mark_down
2024-01-21T10:15:02.129 INFO:teuthology.orchestra.run.smithi144.stderr:/usr/bin/ceph:
2024-01-21T10:15:02.128+0000 7f072e99d700 1 --2- 172.21.15.144:0/526720622 >> [v2:172.21.15.144:3300/0,v1:172.21.15.144:6789/0] conn(0x7f07280fab80 0x7f07280fafa0 secure :-1 s=READY pgs=49 cs=0 l=1 rev1=1 rx=0x7f071800b5f0 tx=0x7f0718006ee0).stop
2024-01-21T10:15:02.130 INFO:teuthology.orchestra.run.smithi144.stderr:/usr/bin/ceph:
2024-01-21T10:15:02.128+0000 7f072e99d700 1 -- 172.21.15.144:0/526720622 shutdown_connections
2024-01-21T10:15:02.130 INFO:teuthology.orchestra.run.smithi144.stderr:/usr/bin/ceph:
2024-01-21T10:15:02.128+0000 7f072e99d700 1 --2- 172.21.15.144:0/526720622 >> [v2:172.21.15.144:3300/0,v1:172.21.15.144:6789/0] conn(0x7f07280fab80 0x7f07280fafa0 unknown :-1 s=CLOSED pgs=49 cs=0 l=1 rev1=1 rx=0 tx=0).stop
2024-01-21T10:15:02.130 INFO:teuthology.orchestra.run.smithi144.stderr:/usr/bin/ceph:
2024-01-21T10:15:02.128+0000 7f072e99d700 1 -- 172.21.15.144:0/526720622 >> 172.21.15.144:0/526720622 conn(0x7f07280f63c0 msgr2=0x7f07280f87e0 unknown :-1 s=STATE_NONE l=0).mark_down
2024-01-21T10:15:02.130 INFO:teuthology.orchestra.run.smithi144.stderr:/usr/bin/ceph:
2024-01-21T10:15:02.128+0000 7f072e99d700 1 -- 172.21.15.144:0/526720622 shutdown_connections
2024-01-21T10:15:02.130 INFO:teuthology.orchestra.run.smithi144.stderr:/usr/bin/ceph:
2024-01-21T10:15:02.128+0000 7f072e99d700 1 -- 172.21.15.144:0/526720622 wait complete.
2024-01-21T10:15:02.130 INFO:teuthology.orchestra.run.smithi144.stderr:/usr/bin/ceph:
2024-01-21T10:15:02.128+0000 7f072e99d700 1 Processor -- start
2024-01-21T10:15:02.131 INFO:teuthology.orchestra.run.smithi144.stderr:/usr/bin/ceph:
2024-01-21T10:15:02.128+0000 7f072e99d700 1 -- start start
2024-01-21T10:15:02.131 INFO:teuthology.orchestra.run.smithi144.stderr:/usr/bin/ceph:
2024-01-21T10:15:02.129+0000 7f072e99d700 1 --2- >> [v2:172.21.15.144:3300/0,v1:172.21.15.144:6789/0] conn(0x7f07280fab80 0x7f0728109900 unknown :-1 s=NONE pgs=0 cs=0 l=1 rev1=0 rx=0 tx=0).connect
2024-01-21T10:15:02.131 INFO:teuthology.orchestra.run.smithi144.stderr:/usr/bin/ceph:
2024-01-21T10:15:02.129+0000 7f072e99d700 1 -- --> [v2:172.21.15.144:3300/0,v1:172.21.15.144:6789/0] -- mon_getmap magic: 0 v1 -- 0x7f0728109df0 con 0x7f07280fab80
2024-01-21T10:15:02.132 INFO:teuthology.orchestra.run.smithi144.stderr:/usr/bin/ceph:
2024-01-21T10:15:02.129+0000 7f0727fff700 1 --2- >> [v2:172.21.15.144:3300/0,v1:172.21.15.144:6789/0] conn(0x7f07280fab80 0x7f0728109900 unknown :-1 s=BANNER_CONNECTING pgs=0 cs=0 l=1 rev1=0 rx=0 tx=0)._handle_peer_banner_payload supported=1 required=0
2024-01-21T10:15:02.132 INFO:teuthology.orchestra.run.smithi144.stderr:/usr/bin/ceph:
2024-01-21T10:15:02.129+0000 7f0727fff700 1 --2- >> [v2:172.21.15.144:3300/0,v1:172.21.15.144:6789/0] conn(0x7f07280fab80 0x7f0728109900 unknown :-1 s=HELLO_CONNECTING pgs=0 cs=0 l=1 rev1=1 rx=0 tx=0).handle_hello peer v2:172.21.15.144:3300/0 says I am v2:172.21.15.144:40408/0 (socket says 172.21.15.144:40408)
2024-01-21T10:15:02.132 INFO:teuthology.orchestra.run.smithi144.stderr:/usr/bin/ceph:
2024-01-21T10:15:02.129+0000 7f0727fff700 1 -- 172.21.15.144:0/1009766393 learned_addr learned my addr 172.21.15.144:0/1009766393 (peer_addr_for_me v2:172.21.15.144:0/0)
2024-01-21T10:15:02.132 INFO:teuthology.orchestra.run.smithi144.stderr:/usr/bin/ceph:
2024-01-21T10:15:02.129+0000 7f0727fff700 1 -- 172.21.15.144:0/1009766393 --> [v2:172.21.15.144:3300/0,v1:172.21.15.144:6789/0] -- mon_subscribe({config=0+,monmap=0+}) v3 -- 0x7f071800b200 con 0x7f07280fab80
2024-01-21T10:15:02.132 INFO:teuthology.orchestra.run.smithi144.stderr:/usr/bin/ceph:
2024-01-21T10:15:02.129+0000 7f0727fff700 1 --2- 172.21.15.144:0/1009766393 >> [v2:172.21.15.144:3300/0,v1:172.21.15.144:6789/0] conn(0x7f07280fab80 0x7f0728109900 secure :-1 s=READY pgs=50 cs=0 l=1 rev1=1 rx=0x7f071800b1d0 tx=0x7f0718006ee0).ready entity=mon.0 client_cookie=0 server_cookie=0 in_seq=0 out_seq=0
2024-01-21T10:15:02.132 INFO:teuthology.orchestra.run.smithi144.stderr:/usr/bin/ceph:
2024-01-21T10:15:02.129+0000 7f0724ff9700 1 -- 172.21.15.144:0/1009766393 <== mon.0 v2:172.21.15.144:3300/0 1 ==== mon_map magic: 0 v1 ==== 229+0+0 (secure 0 0 0) 0x7f071801b410 con 0x7f07280fab80
2024-01-21T10:15:02.132 INFO:teuthology.orchestra.run.smithi144.stderr:/usr/bin/ceph:
2024-01-21T10:15:02.129+0000 7f072e99d700 1 -- 172.21.15.144:0/1009766393 --> [v2:172.21.15.144:3300/0,v1:172.21.15.144:6789/0] -- mon_subscribe({mgrmap=0+}) v3 -- 0x7f0728109ff0 con 0x7f07280fab80
2024-01-21T10:15:02.132 INFO:teuthology.orchestra.run.smithi144.stderr:/usr/bin/ceph:
2024-01-21T10:15:02.129+0000 7f0724ff9700 1 -- 172.21.15.144:0/1009766393 <== mon.0 v2:172.21.15.144:3300/0 2 ==== config(25 keys) v1 ==== 1010+0+0 (secure 0 0 0) 0x7f071801b9e0 con 0x7f07280fab80
2024-01-21T10:15:02.132 INFO:teuthology.orchestra.run.smithi144.stderr:/usr/bin/ceph:
2024-01-21T10:15:02.129+0000 7f0724ff9700 1 -- 172.21.15.144:0/1009766393 <== mon.0 v2:172.21.15.144:3300/0 3 ==== mon_map magic: 0 v1 ==== 229+0+0 (secure 0 0 0) 0x7f071801a840 con 0x7f07280fab80
2024-01-21T10:15:02.132 INFO:teuthology.orchestra.run.smithi144.stderr:/usr/bin/ceph:
2024-01-21T10:15:02.129+0000 7f072e99d700 1 -- 172.21.15.144:0/1009766393 --> [v2:172.21.15.144:3300/0,v1:172.21.15.144:6789/0] -- mon_subscribe({osdmap=0}) v3 -- 0x7f072810a400 con 0x7f07280fab80
2024-01-21T10:15:02.132 INFO:teuthology.orchestra.run.smithi144.stderr:/usr/bin/ceph:
2024-01-21T10:15:02.130+0000 7f0724ff9700 1 -- 172.21.15.144:0/1009766393 <== mon.0 v2:172.21.15.144:3300/0 4 ==== mgrmap(e 9) v1 ==== 36134+0+0 (secure 0 0 0) 0x7f071800f070 con 0x7f07280fab80
2024-01-21T10:15:02.132 INFO:teuthology.orchestra.run.smithi144.stderr:/usr/bin/ceph:
2024-01-21T10:15:02.130+0000 7f072e99d700 1 -- 172.21.15.144:0/1009766393 --> [v2:172.21.15.144:3300/0,v1:172.21.15.144:6789/0] -- mon_command({"prefix": "get_command_descriptions"} v 0) v1 -- 0x7f0728045ad0 con 0x7f07280fab80
2024-01-21T10:15:02.132 INFO:teuthology.orchestra.run.smithi144.stderr:/usr/bin/ceph:
2024-01-21T10:15:02.131+0000 7f0724ff9700 1 --2- 172.21.15.144:0/1009766393 >> [v2:172.21.15.144:6800/2813413512,v1:172.21.15.144:6801/2813413512] conn(0x7f071402fdb0 0x7f0714032270 unknown :-1 s=NONE pgs=0 cs=0 l=1 rev1=0 rx=0 tx=0).connect
2024-01-21T10:15:02.132 INFO:teuthology.orchestra.run.smithi144.stderr:/usr/bin/ceph:
2024-01-21T10:15:02.131+0000 7f0724ff9700 1 -- 172.21.15.144:0/1009766393 <== mon.0 v2:172.21.15.144:3300/0 5 ==== osd_map(2..2 src has 1..2) v4 ==== 926+0+0 (secure 0 0 0) 0x7f07180412e0 con 0x7f07280fab80
2024-01-21T10:15:02.133 INFO:teuthology.orchestra.run.smithi144.stderr:/usr/bin/ceph:
2024-01-21T10:15:02.131+0000 7f07277fe700 1 -- 172.21.15.144:0/1009766393 >> [v2:172.21.15.144:6800/2813413512,v1:172.21.15.144:6801/2813413512] conn(0x7f071402fdb0 msgr2=0x7f0714032270 unknown :-1 s=STATE_CONNECTING_RE l=1).process reconnect failed to v2:172.21.15.144:6800/2813413512
2024-01-21T10:15:02.133 INFO:teuthology.orchestra.run.smithi144.stderr:/usr/bin/ceph:
2024-01-21T10:15:02.131+0000 7f07277fe700 1 --2- 172.21.15.144:0/1009766393 >> [v2:172.21.15.144:6800/2813413512,v1:172.21.15.144:6801/2813413512] conn(0x7f071402fdb0 0x7f0714032270 unknown :-1 s=START_CONNECT pgs=0 cs=0 l=1 rev1=0 rx=0 tx=0)._fault waiting 0.200000
2024-01-21T10:15:02.134 INFO:teuthology.orchestra.run.smithi144.stderr:/usr/bin/ceph:
2024-01-21T10:15:02.135+0000 7f0724ff9700 1 -- 172.21.15.144:0/1009766393 <== mon.0 v2:172.21.15.144:3300/0 6 ==== mon_command_ack([{"prefix": "get_command_descriptions"}]=0 v0) v1 ==== 72+0+152212 (secure 0 0 0) 0x7f07180228b0 con 0x7f07280fab80
2024-01-21T10:15:02.318 INFO:teuthology.orchestra.run.smithi144.stderr:/usr/bin/ceph:
2024-01-21T10:15:02.318+0000 7f072e99d700 1 -- 172.21.15.144:0/1009766393 --> [v2:172.21.15.144:6800/2813413512,v1:172.21.15.144:6801/2813413512] -- mgr_command(tid 0: {"prefix": "orch apply", "service_type": "prometheus", "target": ["mon-mgr", ""]}) v1 -- 0x7f072810ad40 con 0x7f071402fdb0
2024-01-21T10:15:02.332 INFO:teuthology.orchestra.run.smithi144.stderr:/usr/bin/ceph:
2024-01-21T10:15:02.332+0000 7f07277fe700 1 -- 172.21.15.144:0/1009766393 >> [v2:172.21.15.144:6800/2813413512,v1:172.21.15.144:6801/2813413512] conn(0x7f071402fdb0 msgr2=0x7f0714032270 unknown :-1 s=STATE_CONNECTING_RE l=1).process reconnect failed to v2:172.21.15.144:6800/2813413512
2024-01-21T10:15:02.332 INFO:teuthology.orchestra.run.smithi144.stderr:/usr/bin/ceph:
2024-01-21T10:15:02.332+0000 7f07277fe700 1 --2- 172.21.15.144:0/1009766393 >> [v2:172.21.15.144:6800/2813413512,v1:172.21.15.144:6801/2813413512] conn(0x7f071402fdb0 0x7f0714032270 unknown :-1 s=START_CONNECT pgs=0 cs=0 l=1 rev1=0 rx=0 tx=0)._fault waiting 0.400000
2024-01-21T10:15:02.733 INFO:teuthology.orchestra.run.smithi144.stderr:/usr/bin/ceph:
2024-01-21T10:15:02.733+0000 7f07277fe700 1 -- 172.21.15.144:0/1009766393 >> [v2:172.21.15.144:6800/2813413512,v1:172.21.15.144:6801/2813413512] conn(0x7f071402fdb0 msgr2=0x7f0714032270 unknown :-1 s=STATE_CONNECTING_RE l=1).process reconnect failed to v2:172.21.15.144:6800/2813413512
2024-01-21T10:15:02.733 INFO:teuthology.orchestra.run.smithi144.stderr:/usr/bin/ceph:
2024-01-21T10:15:02.733+0000 7f07277fe700 1 --2- 172.21.15.144:0/1009766393 >> [v2:172.21.15.144:6800/2813413512,v1:172.21.15.144:6801/2813413512] conn(0x7f071402fdb0 0x7f0714032270 unknown :-1 s=START_CONNECT pgs=0 cs=0 l=1 rev1=0 rx=0 tx=0)._fault waiting 0.800000
2024-01-21T10:15:02.850 INFO:journalctl@ceph.mon.smithi144.smithi144.stdout:Jan 21 10:15:02 smithi144 ceph-cb530fca-b845-11ee-95b0-87774f69a715-mon.smithi144[38750]: audit
2024-01-21T10:15:01.456164+0000 mon.smithi144 (mon.0) 60 : audit [INF] from='client.? 172.21.15.144:0/3884715169' entity='client.admin' cmd='[{"prefix": "mgr module enable", "module": "prometheus"}]': finished
2024-01-21T10:15:02.850 INFO:journalctl@ceph.mon.smithi144.smithi144.stdout:Jan 21 10:15:02 smithi144 ceph-cb530fca-b845-11ee-95b0-87774f69a715-mon.smithi144[38750]: cluster
2024-01-21T10:15:01.456225+0000 mon.smithi144 (mon.0) 61 : cluster [DBG] mgrmap e9: smithi144.ieiyxs(active, since 18s)
2024-01-21T10:15:03.534 INFO:teuthology.orchestra.run.smithi144.stderr:/usr/bin/ceph:
2024-01-21T10:15:03.534+0000 7f07277fe700 1 -- 172.21.15.144:0/1009766393 >> [v2:172.21.15.144:6800/2813413512,v1:172.21.15.144:6801/2813413512] conn(0x7f071402fdb0 msgr2=0x7f0714032270 unknown :-1 s=STATE_CONNECTING_RE l=1).process reconnect failed to v2:172.21.15.144:6800/2813413512
2024-01-21T10:15:03.534 INFO:teuthology.orchestra.run.smithi144.stderr:/usr/bin/ceph:
2024-01-21T10:15:03.534+0000 7f07277fe700 1 --2- 172.21.15.144:0/1009766393 >> [v2:172.21.15.144:6800/2813413512,v1:172.21.15.144:6801/2813413512] conn(0x7f071402fdb0 0x7f0714032270 unknown :-1 s=START_CONNECT pgs=0 cs=0 l=1 rev1=0 rx=0 tx=0)._fault waiting 1.600000
2024-01-21T10:15:05.136 INFO:teuthology.orchestra.run.smithi144.stderr:/usr/bin/ceph:
2024-01-21T10:15:05.135+0000 7f07277fe700 1 -- 172.21.15.144:0/1009766393 >> [v2:172.21.15.144:6800/2813413512,v1:172.21.15.144:6801/2813413512] conn(0x7f071402fdb0 msgr2=0x7f0714032270 unknown :-1 s=STATE_CONNECTING_RE l=1).process reconnect failed to v2:172.21.15.144:6800/2813413512
2024-01-21T10:15:05.136 INFO:teuthology.orchestra.run.smithi144.stderr:/usr/bin/ceph:
2024-01-21T10:15:05.135+0000 7f07277fe700 1 --2- 172.21.15.144:0/1009766393 >> [v2:172.21.15.144:6800/2813413512,v1:172.21.15.144:6801/2813413512] conn(0x7f071402fdb0 0x7f0714032270 unknown :-1 s=START_CONNECT pgs=0 cs=0 l=1 rev1=0 rx=0 tx=0)._fault waiting 3.200000
2024-01-21T10:15:06.454 INFO:teuthology.orchestra.run.smithi144.stderr:/usr/bin/ceph:
2024-01-21T10:15:06.453+0000 7f0724ff9700 1 -- 172.21.15.144:0/1009766393 <== mon.0 v2:172.21.15.144:3300/0 7 ==== mgrmap(e 10) v1 ==== 35984+0+0 (secure 0 0 0) 0x7f071801bb50 con 0x7f07280fab80
2024-01-21T10:15:06.454 INFO:teuthology.orchestra.run.smithi144.stderr:/usr/bin/ceph:
2024-01-21T10:15:06.453+0000 7f0724ff9700 1 -- 172.21.15.144:0/1009766393 >> [v2:172.21.15.144:6800/2813413512,v1:172.21.15.144:6801/2813413512] conn(0x7f071402fdb0 msgr2=0x7f0714032270 unknown :-1 s=STATE_CONNECTING l=1).mark_down
2024-01-21T10:15:06.454 INFO:teuthology.orchestra.run.smithi144.stderr:/usr/bin/ceph:
2024-01-21T10:15:06.453+0000 7f0724ff9700 1 --2- 172.21.15.144:0/1009766393 >> [v2:172.21.15.144:6800/2813413512,v1:172.21.15.144:6801/2813413512] conn(0x7f071402fdb0 0x7f0714032270 unknown :-1 s=START_CONNECT pgs=0 cs=0 l=1 rev1=0 rx=0 tx=0).stop
2024-01-21T10:15:07.459 INFO:teuthology.orchestra.run.smithi144.stderr:/usr/bin/ceph:
2024-01-21T10:15:07.457+0000 7f0724ff9700 1 -- 172.21.15.144:0/1009766393 <== mon.0 v2:172.21.15.144:3300/0 8 ==== mgrmap(e 11) v1 ==== 36054+0+0 (secure 0 0 0) 0x7f0718019d40 con 0x7f07280fab80
2024-01-21T10:15:07.459 INFO:teuthology.orchestra.run.smithi144.stderr:/usr/bin/ceph:
2024-01-21T10:15:07.457+0000 7f0724ff9700 1 --2- 172.21.15.144:0/1009766393 >> [v2:172.21.15.144:6800/1923641632,v1:172.21.15.144:6801/1923641632] conn(0x7f0714033c20 0x7f0714036010 unknown :-1 s=NONE pgs=0 cs=0 l=1 rev1=0 rx=0 tx=0).connect
2024-01-21T10:15:07.459 INFO:teuthology.orchestra.run.smithi144.stderr:/usr/bin/ceph:
2024-01-21T10:15:07.457+0000 7f0724ff9700 1 -- 172.21.15.144:0/1009766393 --> [v2:172.21.15.144:6800/1923641632,v1:172.21.15.144:6801/1923641632] -- mgr_command(tid 0: {"prefix": "orch apply", "service_type": "prometheus", "target": ["mon-mgr", ""]}) v1 -- 0x7f072810ad40 con 0x7f0714033c20
2024-01-21T10:15:07.459 INFO:teuthology.orchestra.run.smithi144.stderr:/usr/bin/ceph:
2024-01-21T10:15:07.457+0000 7f07277fe700 1 --2- 172.21.15.144:0/1009766393 >> [v2:172.21.15.144:6800/1923641632,v1:172.21.15.144:6801/1923641632] conn(0x7f0714033c20 0x7f0714036010 unknown :-1 s=BANNER_CONNECTING pgs=0 cs=0 l=1 rev1=0 rx=0 tx=0)._handle_peer_banner_payload supported=1 required=0
2024-01-21T10:15:07.459 INFO:teuthology.orchestra.run.smithi144.stderr:/usr/bin/ceph:
2024-01-21T10:15:07.458+0000 7f07277fe700 1 --2- 172.21.15.144:0/1009766393 >> [v2:172.21.15.144:6800/1923641632,v1:172.21.15.144:6801/1923641632] conn(0x7f0714033c20 0x7f0714036010 secure :-1 s=READY pgs=4 cs=0 l=1 rev1=1 rx=0x7f071c0036d0 tx=0x7f071c006c60).ready entity=mgr.14142 client_cookie=0 server_cookie=0 in_seq=0 out_seq=0
2024-01-21T10:15:07.465 INFO:teuthology.orchestra.run.smithi144.stderr:/usr/bin/ceph:
2024-01-21T10:15:07.465+0000 7f0724ff9700 1 -- 172.21.15.144:0/1009766393 <== mgr.14142 v2:172.21.15.144:6800/1923641632 1 ==== mgr_command_reply(tid 0: 0 ) v1 ==== 8+0+31 (secure 0 0 0) 0x7f072810ad40 con 0x7f0714033c20
2024-01-21T10:15:07.465 INFO:teuthology.orchestra.run.smithi144.stderr:/usr/bin/ceph: Scheduled prometheus update...
2024-01-21T10:15:07.468 INFO:teuthology.orchestra.run.smithi144.stderr:/usr/bin/ceph:
2024-01-21T10:15:07.467+0000 7f072e99d700 1 -- 172.21.15.144:0/1009766393 >> [v2:172.21.15.144:6800/1923641632,v1:172.21.15.144:6801/1923641632] conn(0x7f0714033c20 msgr2=0x7f0714036010 secure :-1 s=STATE_CONNECTION_ESTABLISHED l=1).mark_down
2024-01-21T10:15:07.468 INFO:teuthology.orchestra.run.smithi144.stderr:/usr/bin/ceph:
2024-01-21T10:15:07.467+0000 7f072e99d700 1 --2- 172.21.15.144:0/1009766393 >> [v2:172.21.15.144:6800/1923641632,v1:172.21.15.144:6801/1923641632] conn(0x7f0714033c20 0x7f0714036010 secure :-1 s=READY pgs=4 cs=0 l=1 rev1=1 rx=0x7f071c0036d0 tx=0x7f071c006c60).stop
2024-01-21T10:15:07.469 INFO:teuthology.orchestra.run.smithi144.stderr:/usr/bin/ceph:
2024-01-21T10:15:07.467+0000 7f072e99d700 1 -- 172.21.15.144:0/1009766393 >> [v2:172.21.15.144:3300/0,v1:172.21.15.144:6789/0] conn(0x7f07280fab80 msgr2=0x7f0728109900 secure :-1 s=STATE_CONNECTION_ESTABLISHED l=1).mark_down
2024-01-21T10:15:07.469 INFO:teuthology.orchestra.run.smithi144.stderr:/usr/bin/ceph:
2024-01-21T10:15:07.467+0000 7f072e99d700 1 --2- 172.21.15.144:0/1009766393 >> [v2:172.21.15.144:3300/0,v1:172.21.15.144:6789/0] conn(0x7f07280fab80 0x7f0728109900 secure :-1 s=READY pgs=50 cs=0 l=1 rev1=1 rx=0x7f071800b1d0 tx=0x7f0718006ee0).stop
2024-01-21T10:15:07.469 INFO:teuthology.orchestra.run.smithi144.stderr:/usr/bin/ceph:
2024-01-21T10:15:07.467+0000 7f072e99d700 1 -- 172.21.15.144:0/1009766393 shutdown_connections
2024-01-21T10:15:07.469 INFO:teuthology.orchestra.run.smithi144.stderr:/usr/bin/ceph:
2024-01-21T10:15:07.467+0000 7f072e99d700 1 --2- 172.21.15.144:0/1009766393 >> [v2:172.21.15.144:6800/1923641632,v1:172.21.15.144:6801/1923641632] conn(0x7f0714033c20 0x7f0714036010 unknown :-1 s=CLOSED pgs=4 cs=0 l=1 rev1=1 rx=0 tx=0).stop
2024-01-21T10:15:07.469 INFO:teuthology.orchestra.run.smithi144.stderr:/usr/bin/ceph:
2024-01-21T10:15:07.467+0000 7f072e99d700 1 --2- 172.21.15.144:0/1009766393 >> [v2:172.21.15.144:3300/0,v1:172.21.15.144:6789/0] conn(0x7f07280fab80 0x7f0728109900 unknown :-1 s=CLOSED pgs=50 cs=0 l=1 rev1=1 rx=0 tx=0).stop
2024-01-21T10:15:07.469 INFO:teuthology.orchestra.run.smithi144.stderr:/usr/bin/ceph:
2024-01-21T10:15:07.467+0000 7f072e99d700 1 --2- 172.21.15.144:0/1009766393 >> [v2:172.21.15.144:6800/2813413512,v1:172.21.15.144:6801/2813413512] conn(0x7f071402fdb0 0x7f0714032270 unknown :-1 s=CLOSED pgs=0 cs=0 l=1 rev1=0 rx=0 tx=0).stop
2024-01-21T10:15:07.469 INFO:teuthology.orchestra.run.smithi144.stderr:/usr/bin/ceph:
2024-01-21T10:15:07.467+0000 7f072e99d700 1 -- 172.21.15.144:0/1009766393 >> 172.21.15.144:0/1009766393 conn(0x7f07280f63c0 msgr2=0x7f07280f7ea0 unknown :-1 s=STATE_NONE l=0).mark_down
2024-01-21T10:15:07.469 INFO:teuthology.orchestra.run.smithi144.stderr:/usr/bin/ceph:
2024-01-21T10:15:07.467+0000 7f072e99d700 1 -- 172.21.15.144:0/1009766393 shutdown_connections
2024-01-21T10:15:07.469 INFO:teuthology.orchestra.run.smithi144.stderr:/usr/bin/ceph:
2024-01-21T10:15:07.467+0000 7f072e99d700 1 -- 172.21.15.144:0/1009766393 wait complete.
2024-01-21T10:15:07.754 INFO:journalctl@ceph.mon.smithi144.smithi144.stdout:Jan 21 10:15:07 smithi144 ceph-cb530fca-b845-11ee-95b0-87774f69a715-mon.smithi144[38750]: cluster
2024-01-21T10:15:06.401295+0000 mon.smithi144 (mon.0) 62 : cluster [INF] Active manager daemon smithi144.ieiyxs restarted
2024-01-21T10:15:07.754 INFO:journalctl@ceph.mon.smithi144.smithi144.stdout:Jan 21 10:15:07 smithi144 ceph-cb530fca-b845-11ee-95b0-87774f69a715-mon.smithi144[38750]: cluster
2024-01-21T10:15:06.401818+0000 mon.smithi144 (mon.0) 63 : cluster [INF] Activating manager daemon smithi144.ieiyxs
2024-01-21T10:15:07.754 INFO:journalctl@ceph.mon.smithi144.smithi144.stdout:Jan 21 10:15:07 smithi144 ceph-cb530fca-b845-11ee-95b0-87774f69a715-mon.smithi144[38750]: cluster
2024-01-21T10:15:06.403552+0000 mon.smithi144 (mon.0) 64 : cluster [DBG] osdmap e3: 0 total, 0 up, 0 in
2024-01-21T10:15:07.755 INFO:journalctl@ceph.mon.smithi144.smithi144.stdout:Jan 21 10:15:07 smithi144 ceph-cb530fca-b845-11ee-95b0-87774f69a715-mon.smithi144[38750]: cluster
2024-01-21T10:15:06.454346+0000 mon.smithi144 (mon.0) 65 : cluster [DBG] mgrmap e10: smithi144.ieiyxs(active, starting, since 0.0526454s)
2024-01-21T10:15:07.755 INFO:journalctl@ceph.mon.smithi144.smithi144.stdout:Jan 21 10:15:07 smithi144 ceph-cb530fca-b845-11ee-95b0-87774f69a715-mon.smithi144[38750]: audit
2024-01-21T10:15:06.455550+0000 mon.smithi144 (mon.0) 66 : audit [DBG] from='mgr.14142 172.21.15.144:0/4086357550' entity='mgr.smithi144.ieiyxs' cmd=[{"prefix": "mon metadata", "id": "smithi144"}]: dispatch
2024-01-21T10:15:07.755 INFO:journalctl@ceph.mon.smithi144.smithi144.stdout:Jan 21 10:15:07 smithi144 ceph-cb530fca-b845-11ee-95b0-87774f69a715-mon.smithi144[38750]: audit
2024-01-21T10:15:06.456087+0000 mon.smithi144 (mon.0) 67 : audit [DBG] from='mgr.14142 172.21.15.144:0/4086357550' entity='mgr.smithi144.ieiyxs' cmd=[{"prefix": "mgr metadata", "who": "smithi144.ieiyxs", "id": "smithi144.ieiyxs"}]: dispatch
2024-01-21T10:15:07.755 INFO:journalctl@ceph.mon.smithi144.smithi144.stdout:Jan 21 10:15:07 smithi144 ceph-cb530fca-b845-11ee-95b0-87774f69a715-mon.smithi144[38750]: audit
2024-01-21T10:15:06.456674+0000 mon.smithi144 (mon.0) 68 : audit [DBG] from='mgr.14142 172.21.15.144:0/4086357550' entity='mgr.smithi144.ieiyxs' cmd=[{"prefix": "mds metadata"}]: dispatch
2024-01-21T10:15:07.755 INFO:journalctl@ceph.mon.smithi144.smithi144.stdout:Jan 21 10:15:07 smithi144 ceph-cb530fca-b845-11ee-95b0-87774f69a715-mon.smithi144[38750]: audit
2024-01-21T10:15:06.456805+0000 mon.smithi144 (mon.0) 69 : audit [DBG] from='mgr.14142 172.21.15.144:0/4086357550' entity='mgr.smithi144.ieiyxs' cmd=[{"prefix": "osd metadata"}]: dispatch
2024-01-21T10:15:07.755 INFO:journalctl@ceph.mon.smithi144.smithi144.stdout:Jan 21 10:15:07 smithi144 ceph-cb530fca-b845-11ee-95b0-87774f69a715-mon.smithi144[38750]: audit
2024-01-21T10:15:06.456929+0000 mon.smithi144 (mon.0) 70 : audit [DBG] from='mgr.14142 172.21.15.144:0/4086357550' entity='mgr.smithi144.ieiyxs' cmd=[{"prefix": "mon metadata"}]: dispatch
2024-01-21T10:15:07.755 INFO:journalctl@ceph.mon.smithi144.smithi144.stdout:Jan 21 10:15:07 smithi144 ceph-cb530fca-b845-11ee-95b0-87774f69a715-mon.smithi144[38750]: cluster
2024-01-21T10:15:06.470932+0000 mon.smithi144 (mon.0) 71 : cluster [INF] Manager daemon smithi144.ieiyxs is now available
2024-01-21T10:15:07.755 INFO:journalctl@ceph.mon.smithi144.smithi144.stdout:Jan 21 10:15:07 smithi144 ceph-cb530fca-b845-11ee-95b0-87774f69a715-mon.smithi144[38750]: audit
2024-01-21T10:15:06.566336+0000 mon.smithi144 (mon.0) 72 : audit [DBG] from='mgr.14142 172.21.15.144:0/4086357550' entity='mgr.smithi144.ieiyxs' cmd=[{"prefix": "config dump", "format": "json"}]: dispatch
2024-01-21T10:15:07.755 INFO:journalctl@ceph.mon.smithi144.smithi144.stdout:Jan 21 10:15:07 smithi144 ceph-cb530fca-b845-11ee-95b0-87774f69a715-mon.smithi144[38750]: audit
2024-01-21T10:15:06.567748+0000 mon.smithi144 (mon.0) 73 : audit [DBG] from='mgr.14142 172.21.15.144:0/4086357550' entity='mgr.smithi144.ieiyxs' cmd=[{"prefix": "config dump", "format": "json"}]: dispatch
2024-01-21T10:15:07.755 INFO:journalctl@ceph.mon.smithi144.smithi144.stdout:Jan 21 10:15:07 smithi144 ceph-cb530fca-b845-11ee-95b0-87774f69a715-mon.smithi144[38750]: audit
2024-01-21T10:15:06.582556+0000 mon.smithi144 (mon.0) 74 : audit [INF] from='mgr.14142 172.21.15.144:0/4086357550' entity='mgr.smithi144.ieiyxs' cmd=[{"prefix":"config rm","who":"mgr","name":"mgr/rbd_support/smithi144.ieiyxs/mirror_snapshot_schedule"}]: dispatch
2024-01-21T10:15:07.755 INFO:journalctl@ceph.mon.smithi144.smithi144.stdout:Jan 21 10:15:07 smithi144 ceph-cb530fca-b845-11ee-95b0-87774f69a715-mon.smithi144[38750]: audit
2024-01-21T10:15:06.590638+0000 mon.smithi144 (mon.0) 75 : audit [INF] from='mgr.14142 172.21.15.144:0/4086357550' entity='mgr.smithi144.ieiyxs' cmd=[{"prefix":"config rm","who":"mgr","name":"mgr/rbd_support/smithi144.ieiyxs/trash_purge_schedule"}]: dispatch
2024-01-21T10:15:07.764 INFO:teuthology.orchestra.run.smithi144.stderr:Deploying grafana service with default placement...
2024-01-21T10:15:07.765 INFO:teuthology.orchestra.run.smithi144.stderr:Running command: /bin/podman run --rm --ipc=host --no-hosts --net=host --entrypoint /usr/bin/ceph --init -e CONTAINER_IMAGE=docker.io/ceph/ceph:v16.2.4 -e NODE_NAME=smithi144 -e CEPH_USE_RANDOM_NONCE=1 -v /var/log/ceph/cb530fca-b845-11ee-95b0-87774f69a715:/var/log/ceph:z -v /tmp/ceph-tmp0mzcrgwb:/etc/ceph/ceph.client.admin.keyring:z -v /tmp/ceph-tmpxvoonogv:/etc/ceph/ceph.conf:z docker.io/ceph/ceph:v16.2.4 orch apply grafana
2024-01-21T10:15:08.141 INFO:teuthology.orchestra.run.smithi144.stderr:/usr/bin/ceph:
2024-01-21T10:15:08.141+0000 7f1d4759e700 1 Processor -- start
2024-01-21T10:15:08.145 INFO:teuthology.orchestra.run.smithi144.stderr:/usr/bin/ceph:
2024-01-21T10:15:08.141+0000 7f1d4759e700 1 -- start start
2024-01-21T10:15:08.145 INFO:teuthology.orchestra.run.smithi144.stderr:/usr/bin/ceph:
2024-01-21T10:15:08.141+0000 7f1d4759e700 1 --2- >> [v2:172.21.15.144:3300/0,v1:172.21.15.144:6789/0] conn(0x7f1d48070390 0x7f1d48100bd0 unknown :-1 s=NONE pgs=0 cs=0 l=0 rev1=0 rx=0 tx=0).connect
2024-01-21T10:15:08.146 INFO:teuthology.orchestra.run.smithi144.stderr:/usr/bin/ceph:
2024-01-21T10:15:08.141+0000 7f1d4759e700 1 -- --> [v2:172.21.15.144:3300/0,v1:172.21.15.144:6789/0] -- mon_getmap magic: 0 v1 -- 0x7f1d480fc5c0 con 0x7f1d48070390
2024-01-21T10:15:08.146 INFO:teuthology.orchestra.run.smithi144.stderr:/usr/bin/ceph:
2024-01-21T10:15:08.141+0000 7f1d4659c700 1 --2- >> [v2:172.21.15.144:3300/0,v1:172.21.15.144:6789/0] conn(0x7f1d48070390 0x7f1d48100bd0 unknown :-1 s=BANNER_CONNECTING pgs=0 cs=0 l=0 rev1=0 rx=0 tx=0)._handle_peer_banner_payload supported=1 required=0
2024-01-21T10:15:08.146 INFO:teuthology.orchestra.run.smithi144.stderr:/usr/bin/ceph:
2024-01-21T10:15:08.141+0000 7f1d4659c700 1 --2- >> [v2:172.21.15.144:3300/0,v1:172.21.15.144:6789/0] conn(0x7f1d48070390 0x7f1d48100bd0 unknown :-1 s=HELLO_CONNECTING pgs=0 cs=0 l=0 rev1=1 rx=0 tx=0).handle_hello peer v2:172.21.15.144:3300/0 says I am v2:172.21.15.144:40462/0 (socket says 172.21.15.144:40462)
2024-01-21T10:15:08.146 INFO:teuthology.orchestra.run.smithi144.stderr:/usr/bin/ceph:
2024-01-21T10:15:08.141+0000 7f1d4659c700 1 -- 172.21.15.144:0/1214745529 learned_addr learned my addr 172.21.15.144:0/1214745529 (peer_addr_for_me v2:172.21.15.144:0/0)
2024-01-21T10:15:08.146 INFO:teuthology.orchestra.run.smithi144.stderr:/usr/bin/ceph:
2024-01-21T10:15:08.142+0000 7f1d4659c700 1 -- 172.21.15.144:0/1214745529 --> [v2:172.21.15.144:3300/0,v1:172.21.15.144:6789/0] -- mon_subscribe({config=0+,monmap=0+}) v3 -- 0x7f1d481010c0 con 0x7f1d48070390
2024-01-21T10:15:08.146 INFO:teuthology.orchestra.run.smithi144.stderr:/usr/bin/ceph:
2024-01-21T10:15:08.142+0000 7f1d4659c700 1 --2- 172.21.15.144:0/1214745529 >> [v2:172.21.15.144:3300/0,v1:172.21.15.144:6789/0] conn(0x7f1d48070390 0x7f1d48100bd0 secure :-1 s=READY pgs=56 cs=0 l=1 rev1=1 rx=0x7f1d3800b5f0 tx=0x7f1d38006ee0).ready entity=mon.0 client_cookie=f0dcbc769442e6f4 server_cookie=0 in_seq=0 out_seq=0
2024-01-21T10:15:08.146 INFO:teuthology.orchestra.run.smithi144.stderr:/usr/bin/ceph:
2024-01-21T10:15:08.142+0000 7f1d4559a700 1 -- 172.21.15.144:0/1214745529 <== mon.0 v2:172.21.15.144:3300/0 1 ==== mon_map magic: 0 v1 ==== 229+0+0 (secure 0 0 0) 0x7f1d3800d600 con 0x7f1d48070390
2024-01-21T10:15:08.146 INFO:teuthology.orchestra.run.smithi144.stderr:/usr/bin/ceph:
2024-01-21T10:15:08.142+0000 7f1d4559a700 1 -- 172.21.15.144:0/1214745529 <== mon.0 v2:172.21.15.144:3300/0 2 ==== config(25 keys) v1 ==== 1010+0+0 (secure 0 0 0) 0x7f1d3800dbd0 con 0x7f1d48070390
2024-01-21T10:15:08.146 INFO:teuthology.orchestra.run.smithi144.stderr:/usr/bin/ceph:
2024-01-21T10:15:08.142+0000 7f1d4559a700 1 -- 172.21.15.144:0/1214745529 <== mon.0 v2:172.21.15.144:3300/0 3 ==== mon_map magic: 0 v1 ==== 229+0+0 (secure 0 0 0) 0x7f1d38011c00 con 0x7f1d48070390
2024-01-21T10:15:08.146 INFO:teuthology.orchestra.run.smithi144.stderr:/usr/bin/ceph:
2024-01-21T10:15:08.142+0000 7f1d4759e700 1 -- 172.21.15.144:0/1214745529 >> [v2:172.21.15.144:3300/0,v1:172.21.15.144:6789/0] conn(0x7f1d48070390 msgr2=0x7f1d48100bd0 secure :-1 s=STATE_CONNECTION_ESTABLISHED l=1).mark_down
2024-01-21T10:15:08.146 INFO:teuthology.orchestra.run.smithi144.stderr:/usr/bin/ceph:
2024-01-21T10:15:08.142+0000 7f1d4759e700 1 --2- 172.21.15.144:0/1214745529 >> [v2:172.21.15.144:3300/0,v1:172.21.15.144:6789/0] conn(0x7f1d48070390 0x7f1d48100bd0 secure :-1 s=READY pgs=56 cs=0 l=1 rev1=1 rx=0x7f1d3800b5f0 tx=0x7f1d38006ee0).stop
2024-01-21T10:15:08.146 INFO:teuthology.orchestra.run.smithi144.stderr:/usr/bin/ceph:
2024-01-21T10:15:08.142+0000 7f1d4759e700 1 -- 172.21.15.144:0/1214745529 shutdown_connections
2024-01-21T10:15:08.146 INFO:teuthology.orchestra.run.smithi144.stderr:/usr/bin/ceph:
2024-01-21T10:15:08.142+0000 7f1d4759e700 1 --2- 172.21.15.144:0/1214745529 >> [v2:172.21.15.144:3300/0,v1:172.21.15.144:6789/0] conn(0x7f1d48070390 0x7f1d48100bd0 unknown :-1 s=CLOSED pgs=56 cs=0 l=1 rev1=1 rx=0 tx=0).stop
2024-01-21T10:15:08.146 INFO:teuthology.orchestra.run.smithi144.stderr:/usr/bin/ceph:
2024-01-21T10:15:08.142+0000 7f1d4759e700 1 -- 172.21.15.144:0/1214745529 >> 172.21.15.144:0/1214745529 conn(0x7f1d480f6210 msgr2=0x7f1d480f8630 unknown :-1 s=STATE_NONE l=0).mark_down
2024-01-21T10:15:08.147 INFO:teuthology.orchestra.run.smithi144.stderr:/usr/bin/ceph:
2024-01-21T10:15:08.142+0000 7f1d4759e700 1 -- 172.21.15.144:0/1214745529 shutdown_connections
2024-01-21T10:15:08.147 INFO:teuthology.orchestra.run.smithi144.stderr:/usr/bin/ceph:
2024-01-21T10:15:08.143+0000 7f1d4759e700 1 -- 172.21.15.144:0/1214745529 wait complete.
2024-01-21T10:15:08.147 INFO:teuthology.orchestra.run.smithi144.stderr:/usr/bin/ceph:
2024-01-21T10:15:08.143+0000 7f1d4759e700 1 Processor -- start
2024-01-21T10:15:08.147 INFO:teuthology.orchestra.run.smithi144.stderr:/usr/bin/ceph:
2024-01-21T10:15:08.143+0000 7f1d4759e700 1 -- start start
2024-01-21T10:15:08.147 INFO:teuthology.orchestra.run.smithi144.stderr:/usr/bin/ceph:
2024-01-21T10:15:08.143+0000 7f1d4759e700 1 --2- >> [v2:172.21.15.144:3300/0,v1:172.21.15.144:6789/0] conn(0x7f1d48070390 0x7f1d4810ca70 unknown :-1 s=NONE pgs=0 cs=0 l=1 rev1=0 rx=0 tx=0).connect
2024-01-21T10:15:08.147 INFO:teuthology.orchestra.run.smithi144.stderr:/usr/bin/ceph:
2024-01-21T10:15:08.143+0000 7f1d4759e700 1 -- --> [v2:172.21.15.144:3300/0,v1:172.21.15.144:6789/0] -- mon_getmap magic: 0 v1 -- 0x7f1d4810cf60 con 0x7f1d48070390
2024-01-21T10:15:08.147 INFO:teuthology.orchestra.run.smithi144.stderr:/usr/bin/ceph:
2024-01-21T10:15:08.143+0000 7f1d4659c700 1 --2- >> [v2:172.21.15.144:3300/0,v1:172.21.15.144:6789/0] conn(0x7f1d48070390 0x7f1d4810ca70 unknown :-1 s=BANNER_CONNECTING pgs=0 cs=0 l=1 rev1=0 rx=0 tx=0)._handle_peer_banner_payload supported=1 required=0
2024-01-21T10:15:08.147 INFO:teuthology.orchestra.run.smithi144.stderr:/usr/bin/ceph:
2024-01-21T10:15:08.143+0000 7f1d4659c700 1 --2- >> [v2:172.21.15.144:3300/0,v1:172.21.15.144:6789/0] conn(0x7f1d48070390 0x7f1d4810ca70 unknown :-1 s=HELLO_CONNECTING pgs=0 cs=0 l=1 rev1=1 rx=0 tx=0).handle_hello peer v2:172.21.15.144:3300/0 says I am v2:172.21.15.144:40470/0 (socket says 172.21.15.144:40470)
2024-01-21T10:15:08.147 INFO:teuthology.orchestra.run.smithi144.stderr:/usr/bin/ceph:
2024-01-21T10:15:08.143+0000 7f1d4659c700 1 -- 172.21.15.144:0/2821386437 learned_addr learned my addr 172.21.15.144:0/2821386437 (peer_addr_for_me v2:172.21.15.144:0/0)
2024-01-21T10:15:08.147 INFO:teuthology.orchestra.run.smithi144.stderr:/usr/bin/ceph:
2024-01-21T10:15:08.144+0000 7f1d4659c700 1 -- 172.21.15.144:0/2821386437 --> [v2:172.21.15.144:3300/0,v1:172.21.15.144:6789/0] -- mon_subscribe({config=0+,monmap=0+}) v3 -- 0x7f1d3800b200 con 0x7f1d48070390
2024-01-21T10:15:08.147 INFO:teuthology.orchestra.run.smithi144.stderr:/usr/bin/ceph:
2024-01-21T10:15:08.144+0000 7f1d4659c700 1 --2- 172.21.15.144:0/2821386437 >> [v2:172.21.15.144:3300/0,v1:172.21.15.144:6789/0] conn(0x7f1d48070390 0x7f1d4810ca70 secure :-1 s=READY pgs=57 cs=0 l=1 rev1=1 rx=0x7f1d3800e040 tx=0x7f1d38006ee0).ready entity=mon.0 client_cookie=0 server_cookie=0 in_seq=0 out_seq=0
2024-01-21T10:15:08.147 INFO:teuthology.orchestra.run.smithi144.stderr:/usr/bin/ceph:
2024-01-21T10:15:08.144+0000 7f1d36ffd700 1 -- 172.21.15.144:0/2821386437 <== mon.0 v2:172.21.15.144:3300/0 1 ==== mon_map magic: 0 v1 ==== 229+0+0 (secure 0 0 0) 0x7f1d3800d9f0 con 0x7f1d48070390
2024-01-21T10:15:08.147 INFO:teuthology.orchestra.run.smithi144.stderr:/usr/bin/ceph:
2024-01-21T10:15:08.144+0000 7f1d36ffd700 1 -- 172.21.15.144:0/2821386437 <== mon.0 v2:172.21.15.144:3300/0 2 ==== config(25 keys) v1 ==== 1010+0+0 (secure 0 0 0) 0x7f1d3801a9f0 con 0x7f1d48070390
2024-01-21T10:15:08.147 INFO:teuthology.orchestra.run.smithi144.stderr:/usr/bin/ceph:
2024-01-21T10:15:08.144+0000 7f1d4759e700 1 -- 172.21.15.144:0/2821386437 --> [v2:172.21.15.144:3300/0,v1:172.21.15.144:6789/0] -- mon_subscribe({mgrmap=0+}) v3 -- 0x7f1d4810d160 con 0x7f1d48070390
2024-01-21T10:15:08.148 INFO:teuthology.orchestra.run.smithi144.stderr:/usr/bin/ceph:
2024-01-21T10:15:08.144+0000 7f1d36ffd700 1 -- 172.21.15.144:0/2821386437 <== mon.0 v2:172.21.15.144:3300/0 3 ==== mon_map magic: 0 v1 ==== 229+0+0 (secure 0 0 0) 0x7f1d3801b8c0 con 0x7f1d48070390
2024-01-21T10:15:08.148 INFO:teuthology.orchestra.run.smithi144.stderr:/usr/bin/ceph:
2024-01-21T10:15:08.144+0000 7f1d4759e700 1 -- 172.21.15.144:0/2821386437 --> [v2:172.21.15.144:3300/0,v1:172.21.15.144:6789/0] -- mon_subscribe({osdmap=0}) v3 -- 0x7f1d4810d570 con 0x7f1d48070390
2024-01-21T10:15:08.148 INFO:teuthology.orchestra.run.smithi144.stderr:/usr/bin/ceph:
2024-01-21T10:15:08.145+0000 7f1d36ffd700 1 -- 172.21.15.144:0/2821386437 <== mon.0 v2:172.21.15.144:3300/0 4 ==== mgrmap(e 11) v1 ==== 36054+0+0 (secure 0 0 0) 0x7f1d3800f070 con 0x7f1d48070390
2024-01-21T10:15:08.148 INFO:teuthology.orchestra.run.smithi144.stderr:/usr/bin/ceph:
2024-01-21T10:15:08.145+0000 7f1d36ffd700 1 --2- 172.21.15.144:0/2821386437 >> [v2:172.21.15.144:6800/1923641632,v1:172.21.15.144:6801/1923641632] conn(0x7f1d2c02fd10 0x7f1d2c0321d0 unknown :-1 s=NONE pgs=0 cs=0 l=1 rev1=0 rx=0 tx=0).connect
2024-01-21T10:15:08.148 INFO:teuthology.orchestra.run.smithi144.stderr:/usr/bin/ceph:
2024-01-21T10:15:08.145+0000 7f1d36ffd700 1 -- 172.21.15.144:0/2821386437 <== mon.0 v2:172.21.15.144:3300/0 5 ==== osd_map(3..3 src has 1..3) v4 ==== 1098+0+0 (secure 0 0 0) 0x7f1d380412f0 con 0x7f1d48070390
2024-01-21T10:15:08.148 INFO:teuthology.orchestra.run.smithi144.stderr:/usr/bin/ceph:
2024-01-21T10:15:08.145+0000 7f1d4759e700 1 -- 172.21.15.144:0/2821386437 --> [v2:172.21.15.144:3300/0,v1:172.21.15.144:6789/0] -- mon_command({"prefix": "get_command_descriptions"} v 0) v1 -- 0x7f1d48059100 con 0x7f1d48070390
2024-01-21T10:15:08.148 INFO:teuthology.orchestra.run.smithi144.stderr:/usr/bin/ceph:
2024-01-21T10:15:08.145+0000 7f1d45d9b700 1 --2- 172.21.15.144:0/2821386437 >> [v2:172.21.15.144:6800/1923641632,v1:172.21.15.144:6801/1923641632] conn(0x7f1d2c02fd10 0x7f1d2c0321d0 unknown :-1 s=BANNER_CONNECTING pgs=0 cs=0 l=1 rev1=0 rx=0 tx=0)._handle_peer_banner_payload supported=1 required=0
2024-01-21T10:15:08.148 INFO:teuthology.orchestra.run.smithi144.stderr:/usr/bin/ceph:
2024-01-21T10:15:08.145+0000 7f1d45d9b700 1 --2- 172.21.15.144:0/2821386437 >> [v2:172.21.15.144:6800/1923641632,v1:172.21.15.144:6801/1923641632] conn(0x7f1d2c02fd10 0x7f1d2c0321d0 secure :-1 s=READY pgs=6 cs=0 l=1 rev1=1 rx=0x7f1d3c0096a0 tx=0x7f1d3c006b40).ready entity=mgr.14142 client_cookie=0 server_cookie=0 in_seq=0 out_seq=0
2024-01-21T10:15:08.149 INFO:teuthology.orchestra.run.smithi144.stderr:/usr/bin/ceph:
2024-01-21T10:15:08.149+0000 7f1d36ffd700 1 -- 172.21.15.144:0/2821386437 <== mon.0 v2:172.21.15.144:3300/0 6 ==== mon_command_ack([{"prefix": "get_command_descriptions"}]=0 v0) v1 ==== 72+0+152212 (secure 0 0 0) 0x7f1d38016070 con 0x7f1d48070390
2024-01-21T10:15:08.325 INFO:teuthology.orchestra.run.smithi144.stderr:/usr/bin/ceph:
2024-01-21T10:15:08.325+0000 7f1d4759e700 1 -- 172.21.15.144:0/2821386437 --> [v2:172.21.15.144:6800/1923641632,v1:172.21.15.144:6801/1923641632] -- mgr_command(tid 0: {"prefix": "orch apply", "service_type": "grafana", "target": ["mon-mgr", ""]}) v1 -- 0x7f1d48106950 con 0x7f1d2c02fd10
2024-01-21T10:15:08.329 INFO:teuthology.orchestra.run.smithi144.stderr:/usr/bin/ceph:
2024-01-21T10:15:08.328+0000 7f1d36ffd700 1 -- 172.21.15.144:0/2821386437 <== mgr.14142 v2:172.21.15.144:6800/1923641632 1 ==== mgr_command_reply(tid 0: 0 ) v1 ==== 8+0+28 (secure 0 0 0) 0x7f1d48106950 con 0x7f1d2c02fd10
2024-01-21T10:15:08.329 INFO:teuthology.orchestra.run.smithi144.stderr:/usr/bin/ceph: Scheduled grafana update...
2024-01-21T10:15:08.331 INFO:teuthology.orchestra.run.smithi144.stderr:/usr/bin/ceph:
2024-01-21T10:15:08.330+0000 7f1d4759e700 1 -- 172.21.15.144:0/2821386437 >> [v2:172.21.15.144:6800/1923641632,v1:172.21.15.144:6801/1923641632] conn(0x7f1d2c02fd10 msgr2=0x7f1d2c0321d0 secure :-1 s=STATE_CONNECTION_ESTABLISHED l=1).mark_down
2024-01-21T10:15:08.331 INFO:teuthology.orchestra.run.smithi144.stderr:/usr/bin/ceph:
2024-01-21T10:15:08.330+0000 7f1d4759e700 1 --2- 172.21.15.144:0/2821386437 >> [v2:172.21.15.144:6800/1923641632,v1:172.21.15.144:6801/1923641632] conn(0x7f1d2c02fd10 0x7f1d2c0321d0 secure :-1 s=READY pgs=6 cs=0 l=1 rev1=1 rx=0x7f1d3c0096a0 tx=0x7f1d3c006b40).stop
2024-01-21T10:15:08.332 INFO:teuthology.orchestra.run.smithi144.stderr:/usr/bin/ceph:
2024-01-21T10:15:08.330+0000 7f1d4759e700 1 -- 172.21.15.144:0/2821386437 >> [v2:172.21.15.144:3300/0,v1:172.21.15.144:6789/0] conn(0x7f1d48070390 msgr2=0x7f1d4810ca70 secure :-1 s=STATE_CONNECTION_ESTABLISHED l=1).mark_down
2024-01-21T10:15:08.332 INFO:teuthology.orchestra.run.smithi144.stderr:/usr/bin/ceph:
2024-01-21T10:15:08.330+0000 7f1d4759e700 1 --2- 172.21.15.144:0/2821386437 >> [v2:172.21.15.144:3300/0,v1:172.21.15.144:6789/0] conn(0x7f1d48070390 0x7f1d4810ca70 secure :-1 s=READY pgs=57 cs=0 l=1 rev1=1 rx=0x7f1d3800e040 tx=0x7f1d38006ee0).stop
2024-01-21T10:15:08.332 INFO:teuthology.orchestra.run.smithi144.stderr:/usr/bin/ceph:
2024-01-21T10:15:08.330+0000 7f1d4759e700 1 -- 172.21.15.144:0/2821386437 shutdown_connections
2024-01-21T10:15:08.332 INFO:teuthology.orchestra.run.smithi144.stderr:/usr/bin/ceph:
2024-01-21T10:15:08.330+0000 7f1d4759e700 1 --2- 172.21.15.144:0/2821386437 >> [v2:172.21.15.144:6800/1923641632,v1:172.21.15.144:6801/1923641632] conn(0x7f1d2c02fd10 0x7f1d2c0321d0 unknown :-1 s=CLOSED pgs=6 cs=0 l=1 rev1=1 rx=0 tx=0).stop
2024-01-21T10:15:08.332 INFO:teuthology.orchestra.run.smithi144.stderr:/usr/bin/ceph:
2024-01-21T10:15:08.330+0000 7f1d4759e700 1 --2- 172.21.15.144:0/2821386437 >> [v2:172.21.15.144:3300/0,v1:172.21.15.144:6789/0] conn(0x7f1d48070390 0x7f1d4810ca70 unknown :-1 s=CLOSED pgs=57 cs=0 l=1 rev1=1 rx=0 tx=0).stop
2024-01-21T10:15:08.332 INFO:teuthology.orchestra.run.smithi144.stderr:/usr/bin/ceph:
2024-01-21T10:15:08.330+0000 7f1d4759e700 1 -- 172.21.15.144:0/2821386437 >> 172.21.15.144:0/2821386437 conn(0x7f1d480f6210 msgr2=0x7f1d480f7d50 unknown :-1 s=STATE_NONE l=0).mark_down
2024-01-21T10:15:08.332 INFO:teuthology.orchestra.run.smithi144.stderr:/usr/bin/ceph:
2024-01-21T10:15:08.330+0000 7f1d4759e700 1 -- 172.21.15.144:0/2821386437 shutdown_connections
2024-01-21T10:15:08.332 INFO:teuthology.orchestra.run.smithi144.stderr:/usr/bin/ceph:
2024-01-21T10:15:08.330+0000 7f1d4759e700 1 -- 172.21.15.144:0/2821386437 wait complete.
2024-01-21T10:15:08.645 INFO:journalctl@ceph.mon.smithi144.smithi144.stdout:Jan 21 10:15:08 smithi144 ceph-cb530fca-b845-11ee-95b0-87774f69a715-mon.smithi144[38750]: cluster
2024-01-21T10:15:07.459143+0000 mon.smithi144 (mon.0) 76 : cluster [DBG] mgrmap e11: smithi144.ieiyxs(active, since 1.05744s)
2024-01-21T10:15:08.646 INFO:journalctl@ceph.mon.smithi144.smithi144.stdout:Jan 21 10:15:08 smithi144 ceph-cb530fca-b845-11ee-95b0-87774f69a715-mon.smithi144[38750]: cephadm
2024-01-21T10:15:07.460409+0000 mgr.smithi144.ieiyxs (mgr.14142) 2 : cephadm [INF] Saving service prometheus spec with placement count:1
2024-01-21T10:15:08.646 INFO:journalctl@ceph.mon.smithi144.smithi144.stdout:Jan 21 10:15:08 smithi144 ceph-cb530fca-b845-11ee-95b0-87774f69a715-mon.smithi144[38750]: audit
2024-01-21T10:15:07.465300+0000 mon.smithi144 (mon.0) 77 : audit [INF] from='mgr.14142 172.21.15.144:0/4086357550' entity='mgr.smithi144.ieiyxs'
2024-01-21T10:15:08.646 INFO:journalctl@ceph.mon.smithi144.smithi144.stdout:Jan 21 10:15:08 smithi144 ceph-cb530fca-b845-11ee-95b0-87774f69a715-mon.smithi144[38750]: audit
2024-01-21T10:15:08.329007+0000 mon.smithi144 (mon.0) 78 : audit [INF] from='mgr.14142 172.21.15.144:0/4086357550' entity='mgr.smithi144.ieiyxs'
2024-01-21T10:15:08.676 INFO:teuthology.orchestra.run.smithi144.stderr:Deploying node-exporter service with default placement...
2024-01-21T10:15:08.677 INFO:teuthology.orchestra.run.smithi144.stderr:Running command: /bin/podman run --rm --ipc=host --no-hosts --net=host --entrypoint /usr/bin/ceph --init -e CONTAINER_IMAGE=docker.io/ceph/ceph:v16.2.4 -e NODE_NAME=smithi144 -e CEPH_USE_RANDOM_NONCE=1 -v /var/log/ceph/cb530fca-b845-11ee-95b0-87774f69a715:/var/log/ceph:z -v /tmp/ceph-tmp0mzcrgwb:/etc/ceph/ceph.client.admin.keyring:z -v /tmp/ceph-tmpxvoonogv:/etc/ceph/ceph.conf:z docker.io/ceph/ceph:v16.2.4 orch apply node-exporter
2024-01-21T10:15:09.050 INFO:teuthology.orchestra.run.smithi144.stderr:/usr/bin/ceph:
2024-01-21T10:15:09.047+0000 7f92b118f700 1 Processor -- start
2024-01-21T10:15:09.051 INFO:teuthology.orchestra.run.smithi144.stderr:/usr/bin/ceph:
2024-01-21T10:15:09.047+0000 7f92b118f700 1 -- start start
2024-01-21T10:15:09.051 INFO:teuthology.orchestra.run.smithi144.stderr:/usr/bin/ceph:
2024-01-21T10:15:09.047+0000 7f92b118f700 1 --2- >> [v2:172.21.15.144:3300/0,v1:172.21.15.144:6789/0] conn(0x7f92ac070430 0x7f92ac0fe730 unknown :-1 s=NONE pgs=0 cs=0 l=0 rev1=0 rx=0 tx=0).connect
2024-01-21T10:15:09.051 INFO:teuthology.orchestra.run.smithi144.stderr:/usr/bin/ceph:
2024-01-21T10:15:09.047+0000 7f92b118f700 1 -- --> [v2:172.21.15.144:3300/0,v1:172.21.15.144:6789/0] -- mon_getmap magic: 0 v1 -- 0x7f92ac0fec20 con 0x7f92ac070430
2024-01-21T10:15:09.051 INFO:teuthology.orchestra.run.smithi144.stderr:/usr/bin/ceph:
2024-01-21T10:15:09.047+0000 7f92abfff700 1 --2- >> [v2:172.21.15.144:3300/0,v1:172.21.15.144:6789/0] conn(0x7f92ac070430 0x7f92ac0fe730 unknown :-1 s=BANNER_CONNECTING pgs=0 cs=0 l=0 rev1=0 rx=0 tx=0)._handle_peer_banner_payload supported=1 required=0
2024-01-21T10:15:09.051 INFO:teuthology.orchestra.run.smithi144.stderr:/usr/bin/ceph:
2024-01-21T10:15:09.047+0000 7f92abfff700 1 --2- >> [v2:172.21.15.144:3300/0,v1:172.21.15.144:6789/0] conn(0x7f92ac070430 0x7f92ac0fe730 unknown :-1 s=HELLO_CONNECTING pgs=0 cs=0 l=0 rev1=1 rx=0 tx=0).handle_hello peer v2:172.21.15.144:3300/0 says I am v2:172.21.15.144:50030/0 (socket says 172.21.15.144:50030)
2024-01-21T10:15:09.051 INFO:teuthology.orchestra.run.smithi144.stderr:/usr/bin/ceph:
2024-01-21T10:15:09.047+0000 7f92abfff700 1 -- 172.21.15.144:0/485487401 learned_addr learned my addr 172.21.15.144:0/485487401 (peer_addr_for_me v2:172.21.15.144:0/0)
2024-01-21T10:15:09.051 INFO:teuthology.orchestra.run.smithi144.stderr:/usr/bin/ceph:
2024-01-21T10:15:09.048+0000 7f92abfff700 1 -- 172.21.15.144:0/485487401 --> [v2:172.21.15.144:3300/0,v1:172.21.15.144:6789/0] -- mon_subscribe({config=0+,monmap=0+}) v3 -- 0x7f92ac0fed60 con 0x7f92ac070430
2024-01-21T10:15:09.051 INFO:teuthology.orchestra.run.smithi144.stderr:/usr/bin/ceph:
2024-01-21T10:15:09.048+0000 7f92abfff700 1 --2- 172.21.15.144:0/485487401 >> [v2:172.21.15.144:3300/0,v1:172.21.15.144:6789/0] conn(0x7f92ac070430 0x7f92ac0fe730 secure :-1 s=READY pgs=58 cs=0 l=1 rev1=1 rx=0x7f929c00b5f0 tx=0x7f929c006ee0).ready entity=mon.0 client_cookie=af126b06881a0426 server_cookie=0 in_seq=0 out_seq=0
2024-01-21T10:15:09.051 INFO:teuthology.orchestra.run.smithi144.stderr:/usr/bin/ceph:
2024-01-21T10:15:09.048+0000 7f92aaffd700 1 -- 172.21.15.144:0/485487401 <== mon.0 v2:172.21.15.144:3300/0 1 ==== mon_map magic: 0 v1 ==== 229+0+0 (secure 0 0 0) 0x7f929c00d600 con 0x7f92ac070430
2024-01-21T10:15:09.051 INFO:teuthology.orchestra.run.smithi144.stderr:/usr/bin/ceph:
2024-01-21T10:15:09.048+0000 7f92aaffd700 1 -- 172.21.15.144:0/485487401 <== mon.0 v2:172.21.15.144:3300/0 2 ==== config(25 keys) v1 ==== 1010+0+0 (secure 0 0 0) 0x7f929c00dbd0 con 0x7f92ac070430
2024-01-21T10:15:09.051 INFO:teuthology.orchestra.run.smithi144.stderr:/usr/bin/ceph:
2024-01-21T10:15:09.048+0000 7f92aaffd700 1 -- 172.21.15.144:0/485487401 <== mon.0 v2:172.21.15.144:3300/0 3 ==== mon_map magic: 0 v1 ==== 229+0+0 (secure 0 0 0) 0x7f929c011c00 con 0x7f92ac070430
2024-01-21T10:15:09.051 INFO:teuthology.orchestra.run.smithi144.stderr:/usr/bin/ceph:
2024-01-21T10:15:09.048+0000 7f92b118f700 1 -- 172.21.15.144:0/485487401 >> [v2:172.21.15.144:3300/0,v1:172.21.15.144:6789/0] conn(0x7f92ac070430 msgr2=0x7f92ac0fe730 secure :-1 s=STATE_CONNECTION_ESTABLISHED l=1).mark_down
2024-01-21T10:15:09.051 INFO:teuthology.orchestra.run.smithi144.stderr:/usr/bin/ceph:
2024-01-21T10:15:09.048+0000 7f92b118f700 1 --2- 172.21.15.144:0/485487401 >> [v2:172.21.15.144:3300/0,v1:172.21.15.144:6789/0] conn(0x7f92ac070430 0x7f92ac0fe730 secure :-1 s=READY pgs=58 cs=0 l=1 rev1=1 rx=0x7f929c00b5f0 tx=0x7f929c006ee0).stop
2024-01-21T10:15:09.051 INFO:teuthology.orchestra.run.smithi144.stderr:/usr/bin/ceph:
