2024-01-21T10:15:15.191+0000 7f3a0f3cc700 1 --2- 172.21.15.144:0/1434761959 >> [v2:172.21.15.144:3300/0,v1:172.21.15.144:6789/0] conn(0x7f3a080703f0 0x7f3a080fe940 secure :-1 s=READY pgs=72 cs=0 l=1 rev1=1 rx=0x7f3a0400b5f0 tx=0x7f3a04006ee0).stop
2024-01-21T10:15:15.195 INFO:teuthology.orchestra.run.smithi144.stderr:/usr/bin/ceph:
2024-01-21T10:15:15.191+0000 7f3a0f3cc700 1 -- 172.21.15.144:0/1434761959 shutdown_connections
2024-01-21T10:15:15.195 INFO:teuthology.orchestra.run.smithi144.stderr:/usr/bin/ceph:
2024-01-21T10:15:15.191+0000 7f3a0f3cc700 1 --2- 172.21.15.144:0/1434761959 >> [v2:172.21.15.144:3300/0,v1:172.21.15.144:6789/0] conn(0x7f3a080703f0 0x7f3a080fe940 unknown :-1 s=CLOSED pgs=72 cs=0 l=1 rev1=1 rx=0 tx=0).stop
2024-01-21T10:15:15.195 INFO:teuthology.orchestra.run.smithi144.stderr:/usr/bin/ceph:
2024-01-21T10:15:15.191+0000 7f3a0f3cc700 1 -- 172.21.15.144:0/1434761959 >> 172.21.15.144:0/1434761959 conn(0x7f3a080f63c0 msgr2=0x7f3a080f87e0 unknown :-1 s=STATE_NONE l=0).mark_down
2024-01-21T10:15:15.195 INFO:teuthology.orchestra.run.smithi144.stderr:/usr/bin/ceph:
2024-01-21T10:15:15.191+0000 7f3a0f3cc700 1 -- 172.21.15.144:0/1434761959 shutdown_connections
2024-01-21T10:15:15.196 INFO:teuthology.orchestra.run.smithi144.stderr:/usr/bin/ceph:
2024-01-21T10:15:15.191+0000 7f3a0f3cc700 1 -- 172.21.15.144:0/1434761959 wait complete.
2024-01-21T10:15:15.196 INFO:teuthology.orchestra.run.smithi144.stderr:/usr/bin/ceph:
2024-01-21T10:15:15.192+0000 7f3a0f3cc700 1 Processor -- start
2024-01-21T10:15:15.196 INFO:teuthology.orchestra.run.smithi144.stderr:/usr/bin/ceph:
2024-01-21T10:15:15.192+0000 7f3a0f3cc700 1 -- start start
2024-01-21T10:15:15.196 INFO:teuthology.orchestra.run.smithi144.stderr:/usr/bin/ceph:
2024-01-21T10:15:15.192+0000 7f3a0f3cc700 1 --2- >> [v2:172.21.15.144:3300/0,v1:172.21.15.144:6789/0] conn(0x7f3a080703f0 0x7f3a080fc3c0 unknown :-1 s=NONE pgs=0 cs=0 l=1 rev1=0 rx=0 tx=0).connect
2024-01-21T10:15:15.196 INFO:teuthology.orchestra.run.smithi144.stderr:/usr/bin/ceph:
2024-01-21T10:15:15.192+0000 7f3a0f3cc700 1 -- --> [v2:172.21.15.144:3300/0,v1:172.21.15.144:6789/0] -- mon_getmap magic: 0 v1 -- 0x7f3a080fa840 con 0x7f3a080703f0
2024-01-21T10:15:15.196 INFO:teuthology.orchestra.run.smithi144.stderr:/usr/bin/ceph:
2024-01-21T10:15:15.192+0000 7f3a0d168700 1 --2- >> [v2:172.21.15.144:3300/0,v1:172.21.15.144:6789/0] conn(0x7f3a080703f0 0x7f3a080fc3c0 unknown :-1 s=BANNER_CONNECTING pgs=0 cs=0 l=1 rev1=0 rx=0 tx=0)._handle_peer_banner_payload supported=1 required=0
2024-01-21T10:15:15.196 INFO:teuthology.orchestra.run.smithi144.stderr:/usr/bin/ceph:
2024-01-21T10:15:15.192+0000 7f3a0d168700 1 --2- >> [v2:172.21.15.144:3300/0,v1:172.21.15.144:6789/0] conn(0x7f3a080703f0 0x7f3a080fc3c0 unknown :-1 s=HELLO_CONNECTING pgs=0 cs=0 l=1 rev1=1 rx=0 tx=0).handle_hello peer v2:172.21.15.144:3300/0 says I am v2:172.21.15.144:50162/0 (socket says 172.21.15.144:50162)
2024-01-21T10:15:15.196 INFO:teuthology.orchestra.run.smithi144.stderr:/usr/bin/ceph:
2024-01-21T10:15:15.192+0000 7f3a0d168700 1 -- 172.21.15.144:0/3800487974 learned_addr learned my addr 172.21.15.144:0/3800487974 (peer_addr_for_me v2:172.21.15.144:0/0)
2024-01-21T10:15:15.196 INFO:teuthology.orchestra.run.smithi144.stderr:/usr/bin/ceph:
2024-01-21T10:15:15.192+0000 7f3a0d168700 1 -- 172.21.15.144:0/3800487974 --> [v2:172.21.15.144:3300/0,v1:172.21.15.144:6789/0] -- mon_subscribe({config=0+,monmap=0+}) v3 -- 0x7f3a0400b200 con 0x7f3a080703f0
2024-01-21T10:15:15.196 INFO:teuthology.orchestra.run.smithi144.stderr:/usr/bin/ceph:
2024-01-21T10:15:15.193+0000 7f3a0d168700 1 --2- 172.21.15.144:0/3800487974 >> [v2:172.21.15.144:3300/0,v1:172.21.15.144:6789/0] conn(0x7f3a080703f0 0x7f3a080fc3c0 secure :-1 s=READY pgs=73 cs=0 l=1 rev1=1 rx=0x7f3a04006a40 tx=0x7f3a04006ee0).ready entity=mon.0 client_cookie=0 server_cookie=0 in_seq=0 out_seq=0
2024-01-21T10:15:15.196 INFO:teuthology.orchestra.run.smithi144.stderr:/usr/bin/ceph:
2024-01-21T10:15:15.193+0000 7f39f5ffb700 1 -- 172.21.15.144:0/3800487974 <== mon.0 v2:172.21.15.144:3300/0 1 ==== mon_map magic: 0 v1 ==== 229+0+0 (secure 0 0 0) 0x7f3a04011c90 con 0x7f3a080703f0
2024-01-21T10:15:15.196 INFO:teuthology.orchestra.run.smithi144.stderr:/usr/bin/ceph:
2024-01-21T10:15:15.193+0000 7f39f5ffb700 1 -- 172.21.15.144:0/3800487974 <== mon.0 v2:172.21.15.144:3300/0 2 ==== config(25 keys) v1 ==== 1074+0+0 (secure 0 0 0) 0x7f3a0401b8c0 con 0x7f3a080703f0
2024-01-21T10:15:15.197 INFO:teuthology.orchestra.run.smithi144.stderr:/usr/bin/ceph:
2024-01-21T10:15:15.193+0000 7f3a0f3cc700 1 -- 172.21.15.144:0/3800487974 --> [v2:172.21.15.144:3300/0,v1:172.21.15.144:6789/0] -- mon_subscribe({mgrmap=0+}) v3 -- 0x7f3a080fa9e0 con 0x7f3a080703f0
2024-01-21T10:15:15.197 INFO:teuthology.orchestra.run.smithi144.stderr:/usr/bin/ceph:
2024-01-21T10:15:15.193+0000 7f39f5ffb700 1 -- 172.21.15.144:0/3800487974 <== mon.0 v2:172.21.15.144:3300/0 3 ==== mon_map magic: 0 v1 ==== 229+0+0 (secure 0 0 0) 0x7f3a0401a8c0 con 0x7f3a080703f0
2024-01-21T10:15:15.197 INFO:teuthology.orchestra.run.smithi144.stderr:/usr/bin/ceph:
2024-01-21T10:15:15.193+0000 7f3a0f3cc700 1 -- 172.21.15.144:0/3800487974 --> [v2:172.21.15.144:3300/0,v1:172.21.15.144:6789/0] -- mon_subscribe({osdmap=0}) v3 -- 0x7f3a080fadf0 con 0x7f3a080703f0
2024-01-21T10:15:15.198 INFO:teuthology.orchestra.run.smithi144.stderr:/usr/bin/ceph:
2024-01-21T10:15:15.194+0000 7f39f5ffb700 1 -- 172.21.15.144:0/3800487974 <== mon.0 v2:172.21.15.144:3300/0 4 ==== mgrmap(e 13) v1 ==== 36208+0+0 (secure 0 0 0) 0x7f3a0400f070 con 0x7f3a080703f0
2024-01-21T10:15:15.198 INFO:teuthology.orchestra.run.smithi144.stderr:/usr/bin/ceph:
2024-01-21T10:15:15.194+0000 7f39f5ffb700 1 --2- 172.21.15.144:0/3800487974 >> [v2:172.21.15.144:6800/1923641632,v1:172.21.15.144:6801/1923641632] conn(0x7f39f002feb0 0x7f39f0032370 unknown :-1 s=NONE pgs=0 cs=0 l=1 rev1=0 rx=0 tx=0).connect
2024-01-21T10:15:15.198 INFO:teuthology.orchestra.run.smithi144.stderr:/usr/bin/ceph:
2024-01-21T10:15:15.194+0000 7f3a0f3cc700 1 -- 172.21.15.144:0/3800487974 --> [v2:172.21.15.144:6800/1923641632,v1:172.21.15.144:6801/1923641632] -- command(tid 0: {"prefix": "get_command_descriptions"}) v1 -- 0x7f3a08059100 con 0x7f39f002feb0
2024-01-21T10:15:15.198 INFO:teuthology.orchestra.run.smithi144.stderr:/usr/bin/ceph:
2024-01-21T10:15:15.194+0000 7f39f5ffb700 1 -- 172.21.15.144:0/3800487974 <== mon.0 v2:172.21.15.144:3300/0 5 ==== osd_map(3..3 src has 1..3) v4 ==== 1098+0+0 (secure 0 0 0) 0x7f3a04041a00 con 0x7f3a080703f0
2024-01-21T10:15:15.198 INFO:teuthology.orchestra.run.smithi144.stderr:/usr/bin/ceph:
2024-01-21T10:15:15.194+0000 7f3a0c967700 1 -- 172.21.15.144:0/3800487974 >> [v2:172.21.15.144:6800/1923641632,v1:172.21.15.144:6801/1923641632] conn(0x7f39f002feb0 msgr2=0x7f39f0032370 unknown :-1 s=STATE_CONNECTING_RE l=1).process reconnect failed to v2:172.21.15.144:6800/1923641632
2024-01-21T10:15:15.198 INFO:teuthology.orchestra.run.smithi144.stderr:/usr/bin/ceph:
2024-01-21T10:15:15.194+0000 7f3a0c967700 1 --2- 172.21.15.144:0/3800487974 >> [v2:172.21.15.144:6800/1923641632,v1:172.21.15.144:6801/1923641632] conn(0x7f39f002feb0 0x7f39f0032370 unknown :-1 s=START_CONNECT pgs=0 cs=0 l=1 rev1=0 rx=0 tx=0)._fault waiting 0.200000
2024-01-21T10:15:15.397 INFO:teuthology.orchestra.run.smithi144.stderr:/usr/bin/ceph:
2024-01-21T10:15:15.395+0000 7f3a0c967700 1 -- 172.21.15.144:0/3800487974 >> [v2:172.21.15.144:6800/1923641632,v1:172.21.15.144:6801/1923641632] conn(0x7f39f002feb0 msgr2=0x7f39f0032370 unknown :-1 s=STATE_CONNECTING_RE l=1).process reconnect failed to v2:172.21.15.144:6800/1923641632
2024-01-21T10:15:15.397 INFO:teuthology.orchestra.run.smithi144.stderr:/usr/bin/ceph:
2024-01-21T10:15:15.395+0000 7f3a0c967700 1 --2- 172.21.15.144:0/3800487974 >> [v2:172.21.15.144:6800/1923641632,v1:172.21.15.144:6801/1923641632] conn(0x7f39f002feb0 0x7f39f0032370 unknown :-1 s=START_CONNECT pgs=0 cs=0 l=1 rev1=0 rx=0 tx=0)._fault waiting 0.400000
2024-01-21T10:15:15.600 INFO:journalctl@ceph.mon.smithi144.smithi144.stdout:Jan 21 10:15:15 smithi144 ceph-cb530fca-b845-11ee-95b0-87774f69a715-mon.smithi144[38750]: audit
2024-01-21T10:15:14.469771+0000 mon.smithi144 (mon.0) 90 : audit [DBG] from='client.? 172.21.15.144:0/1523929524' entity='client.admin' cmd=[{"prefix": "mgr stat"}]: dispatch
2024-01-21T10:15:15.797 INFO:teuthology.orchestra.run.smithi144.stderr:/usr/bin/ceph:
2024-01-21T10:15:15.796+0000 7f3a0c967700 1 -- 172.21.15.144:0/3800487974 >> [v2:172.21.15.144:6800/1923641632,v1:172.21.15.144:6801/1923641632] conn(0x7f39f002feb0 msgr2=0x7f39f0032370 unknown :-1 s=STATE_CONNECTING_RE l=1).process reconnect failed to v2:172.21.15.144:6800/1923641632
2024-01-21T10:15:15.797 INFO:teuthology.orchestra.run.smithi144.stderr:/usr/bin/ceph:
2024-01-21T10:15:15.796+0000 7f3a0c967700 1 --2- 172.21.15.144:0/3800487974 >> [v2:172.21.15.144:6800/1923641632,v1:172.21.15.144:6801/1923641632] conn(0x7f39f002feb0 0x7f39f0032370 unknown :-1 s=START_CONNECT pgs=0 cs=0 l=1 rev1=0 rx=0 tx=0)._fault waiting 0.800000
2024-01-21T10:15:16.598 INFO:teuthology.orchestra.run.smithi144.stderr:/usr/bin/ceph:
2024-01-21T10:15:16.597+0000 7f3a0c967700 1 -- 172.21.15.144:0/3800487974 >> [v2:172.21.15.144:6800/1923641632,v1:172.21.15.144:6801/1923641632] conn(0x7f39f002feb0 msgr2=0x7f39f0032370 unknown :-1 s=STATE_CONNECTING_RE l=1).process reconnect failed to v2:172.21.15.144:6800/1923641632
2024-01-21T10:15:16.598 INFO:teuthology.orchestra.run.smithi144.stderr:/usr/bin/ceph:
2024-01-21T10:15:16.597+0000 7f3a0c967700 1 --2- 172.21.15.144:0/3800487974 >> [v2:172.21.15.144:6800/1923641632,v1:172.21.15.144:6801/1923641632] conn(0x7f39f002feb0 0x7f39f0032370 unknown :-1 s=START_CONNECT pgs=0 cs=0 l=1 rev1=0 rx=0 tx=0)._fault waiting 1.600000
2024-01-21T10:15:18.199 INFO:teuthology.orchestra.run.smithi144.stderr:/usr/bin/ceph:
2024-01-21T10:15:18.198+0000 7f3a0c967700 1 -- 172.21.15.144:0/3800487974 >> [v2:172.21.15.144:6800/1923641632,v1:172.21.15.144:6801/1923641632] conn(0x7f39f002feb0 msgr2=0x7f39f0032370 unknown :-1 s=STATE_CONNECTING_RE l=1).process reconnect failed to v2:172.21.15.144:6800/1923641632
2024-01-21T10:15:18.199 INFO:teuthology.orchestra.run.smithi144.stderr:/usr/bin/ceph:
2024-01-21T10:15:18.198+0000 7f3a0c967700 1 --2- 172.21.15.144:0/3800487974 >> [v2:172.21.15.144:6800/1923641632,v1:172.21.15.144:6801/1923641632] conn(0x7f39f002feb0 0x7f39f0032370 unknown :-1 s=START_CONNECT pgs=0 cs=0 l=1 rev1=0 rx=0 tx=0)._fault waiting 3.200000
2024-01-21T10:15:18.433 INFO:teuthology.orchestra.run.smithi144.stderr:/usr/bin/ceph:
2024-01-21T10:15:18.431+0000 7f39f5ffb700 1 -- 172.21.15.144:0/3800487974 <== mon.0 v2:172.21.15.144:3300/0 6 ==== mgrmap(e 14) v1 ==== 35997+0+0 (secure 0 0 0) 0x7f3a040245a0 con 0x7f3a080703f0
2024-01-21T10:15:18.433 INFO:teuthology.orchestra.run.smithi144.stderr:/usr/bin/ceph:
2024-01-21T10:15:18.431+0000 7f39f5ffb700 1 -- 172.21.15.144:0/3800487974 >> [v2:172.21.15.144:6800/1923641632,v1:172.21.15.144:6801/1923641632] conn(0x7f39f002feb0 msgr2=0x7f39f0032370 unknown :-1 s=STATE_CONNECTING l=1).mark_down
2024-01-21T10:15:18.433 INFO:teuthology.orchestra.run.smithi144.stderr:/usr/bin/ceph:
2024-01-21T10:15:18.431+0000 7f39f5ffb700 1 --2- 172.21.15.144:0/3800487974 >> [v2:172.21.15.144:6800/1923641632,v1:172.21.15.144:6801/1923641632] conn(0x7f39f002feb0 0x7f39f0032370 unknown :-1 s=START_CONNECT pgs=0 cs=0 l=1 rev1=0 rx=0 tx=0).stop
2024-01-21T10:15:18.679 INFO:journalctl@ceph.mon.smithi144.smithi144.stdout:Jan 21 10:15:18 smithi144 ceph-cb530fca-b845-11ee-95b0-87774f69a715-mon.smithi144[38750]: cluster
2024-01-21T10:15:18.380233+0000 mon.smithi144 (mon.0) 91 : cluster [INF] Active manager daemon smithi144.ieiyxs restarted
2024-01-21T10:15:18.679 INFO:journalctl@ceph.mon.smithi144.smithi144.stdout:Jan 21 10:15:18 smithi144 ceph-cb530fca-b845-11ee-95b0-87774f69a715-mon.smithi144[38750]: cluster
2024-01-21T10:15:18.380664+0000 mon.smithi144 (mon.0) 92 : cluster [INF] Activating manager daemon smithi144.ieiyxs
2024-01-21T10:15:18.679 INFO:journalctl@ceph.mon.smithi144.smithi144.stdout:Jan 21 10:15:18 smithi144 ceph-cb530fca-b845-11ee-95b0-87774f69a715-mon.smithi144[38750]: cluster
2024-01-21T10:15:18.383000+0000 mon.smithi144 (mon.0) 93 : cluster [DBG] osdmap e4: 0 total, 0 up, 0 in
2024-01-21T10:15:19.441 INFO:teuthology.orchestra.run.smithi144.stderr:/usr/bin/ceph:
2024-01-21T10:15:19.439+0000 7f39f5ffb700 1 -- 172.21.15.144:0/3800487974 <== mon.0 v2:172.21.15.144:3300/0 7 ==== mgrmap(e 15) v1 ==== 36067+0+0 (secure 0 0 0) 0x7f3a0401b410 con 0x7f3a080703f0
2024-01-21T10:15:19.441 INFO:teuthology.orchestra.run.smithi144.stderr:/usr/bin/ceph:
2024-01-21T10:15:19.439+0000 7f39f5ffb700 1 --2- 172.21.15.144:0/3800487974 >> [v2:172.21.15.144:6800/197571111,v1:172.21.15.144:6801/197571111] conn(0x7f39f0033990 0x7f39f0035d80 unknown :-1 s=NONE pgs=0 cs=0 l=1 rev1=0 rx=0 tx=0).connect
2024-01-21T10:15:19.441 INFO:teuthology.orchestra.run.smithi144.stderr:/usr/bin/ceph:
2024-01-21T10:15:19.439+0000 7f39f5ffb700 1 -- 172.21.15.144:0/3800487974 --> [v2:172.21.15.144:6800/197571111,v1:172.21.15.144:6801/197571111] -- command(tid 0: {"prefix": "get_command_descriptions"}) v1 -- 0x7f3a08059100 con 0x7f39f0033990
2024-01-21T10:15:19.441 INFO:teuthology.orchestra.run.smithi144.stderr:/usr/bin/ceph:
2024-01-21T10:15:19.440+0000 7f3a0c967700 1 --2- 172.21.15.144:0/3800487974 >> [v2:172.21.15.144:6800/197571111,v1:172.21.15.144:6801/197571111] conn(0x7f39f0033990 0x7f39f0035d80 unknown :-1 s=BANNER_CONNECTING pgs=0 cs=0 l=1 rev1=0 rx=0 tx=0)._handle_peer_banner_payload supported=1 required=0
2024-01-21T10:15:19.442 INFO:teuthology.orchestra.run.smithi144.stderr:/usr/bin/ceph:
2024-01-21T10:15:19.441+0000 7f3a0c967700 1 --2- 172.21.15.144:0/3800487974 >> [v2:172.21.15.144:6800/197571111,v1:172.21.15.144:6801/197571111] conn(0x7f39f0033990 0x7f39f0035d80 secure :-1 s=READY pgs=4 cs=0 l=1 rev1=1 rx=0x7f39f8006fd0 tx=0x7f39f8006cf0).ready entity=mgr.14162 client_cookie=0 server_cookie=0 in_seq=0 out_seq=0
2024-01-21T10:15:19.442 INFO:teuthology.orchestra.run.smithi144.stderr:/usr/bin/ceph:
2024-01-21T10:15:19.441+0000 7f39f5ffb700 1 -- 172.21.15.144:0/3800487974 <== mgr.14162 v2:172.21.15.144:6800/197571111 1 ==== command_reply(tid 0: 0 ) v1 ==== 8+0+6438 (secure 0 0 0) 0x7f3a08059100 con 0x7f39f0033990
2024-01-21T10:15:19.448 INFO:teuthology.orchestra.run.smithi144.stderr:/usr/bin/ceph:
2024-01-21T10:15:19.447+0000 7f3a0f3cc700 1 -- 172.21.15.144:0/3800487974 --> [v2:172.21.15.144:6800/197571111,v1:172.21.15.144:6801/197571111] -- command(tid 1: {"prefix": "mgr_status"}) v1 -- 0x7f3a08045ad0 con 0x7f39f0033990
2024-01-21T10:15:19.448 INFO:teuthology.orchestra.run.smithi144.stderr:/usr/bin/ceph:
2024-01-21T10:15:19.447+0000 7f39f5ffb700 1 -- 172.21.15.144:0/3800487974 <== mgr.14162 v2:172.21.15.144:6800/197571111 2 ==== command_reply(tid 1: 0 ) v1 ==== 8+0+52 (secure 0 0 0) 0x7f3a08045ad0 con 0x7f39f0033990
2024-01-21T10:15:19.448 INFO:teuthology.orchestra.run.smithi144.stderr:/usr/bin/ceph: {
2024-01-21T10:15:19.450 INFO:teuthology.orchestra.run.smithi144.stderr:/usr/bin/ceph: "mgrmap_epoch": 15,
2024-01-21T10:15:19.450 INFO:teuthology.orchestra.run.smithi144.stderr:/usr/bin/ceph: "initialized": true
2024-01-21T10:15:19.450 INFO:teuthology.orchestra.run.smithi144.stderr:/usr/bin/ceph: }
2024-01-21T10:15:19.450 INFO:teuthology.orchestra.run.smithi144.stderr:/usr/bin/ceph:
2024-01-21T10:15:19.447+0000 7f3a0f3cc700 1 -- 172.21.15.144:0/3800487974 >> [v2:172.21.15.144:6800/197571111,v1:172.21.15.144:6801/197571111] conn(0x7f39f0033990 msgr2=0x7f39f0035d80 secure :-1 s=STATE_CONNECTION_ESTABLISHED l=1).mark_down
2024-01-21T10:15:19.450 INFO:teuthology.orchestra.run.smithi144.stderr:/usr/bin/ceph:
2024-01-21T10:15:19.447+0000 7f3a0f3cc700 1 --2- 172.21.15.144:0/3800487974 >> [v2:172.21.15.144:6800/197571111,v1:172.21.15.144:6801/197571111] conn(0x7f39f0033990 0x7f39f0035d80 secure :-1 s=READY pgs=4 cs=0 l=1 rev1=1 rx=0x7f39f8006fd0 tx=0x7f39f8006cf0).stop
2024-01-21T10:15:19.450 INFO:teuthology.orchestra.run.smithi144.stderr:/usr/bin/ceph:
2024-01-21T10:15:19.447+0000 7f3a0f3cc700 1 -- 172.21.15.144:0/3800487974 >> [v2:172.21.15.144:3300/0,v1:172.21.15.144:6789/0] conn(0x7f3a080703f0 msgr2=0x7f3a080fc3c0 secure :-1 s=STATE_CONNECTION_ESTABLISHED l=1).mark_down
2024-01-21T10:15:19.450 INFO:teuthology.orchestra.run.smithi144.stderr:/usr/bin/ceph:
2024-01-21T10:15:19.447+0000 7f3a0f3cc700 1 --2- 172.21.15.144:0/3800487974 >> [v2:172.21.15.144:3300/0,v1:172.21.15.144:6789/0] conn(0x7f3a080703f0 0x7f3a080fc3c0 secure :-1 s=READY pgs=73 cs=0 l=1 rev1=1 rx=0x7f3a04006a40 tx=0x7f3a04006ee0).stop
2024-01-21T10:15:19.450 INFO:teuthology.orchestra.run.smithi144.stderr:/usr/bin/ceph:
2024-01-21T10:15:19.447+0000 7f3a0f3cc700 1 -- 172.21.15.144:0/3800487974 shutdown_connections
2024-01-21T10:15:19.450 INFO:teuthology.orchestra.run.smithi144.stderr:/usr/bin/ceph:
2024-01-21T10:15:19.447+0000 7f3a0f3cc700 1 --2- 172.21.15.144:0/3800487974 >> [v2:172.21.15.144:6800/197571111,v1:172.21.15.144:6801/197571111] conn(0x7f39f0033990 0x7f39f0035d80 unknown :-1 s=CLOSED pgs=4 cs=0 l=1 rev1=1 rx=0 tx=0).stop
2024-01-21T10:15:19.450 INFO:teuthology.orchestra.run.smithi144.stderr:/usr/bin/ceph:
2024-01-21T10:15:19.447+0000 7f3a0f3cc700 1 --2- 172.21.15.144:0/3800487974 >> [v2:172.21.15.144:3300/0,v1:172.21.15.144:6789/0] conn(0x7f3a080703f0 0x7f3a080fc3c0 unknown :-1 s=CLOSED pgs=73 cs=0 l=1 rev1=1 rx=0 tx=0).stop
2024-01-21T10:15:19.451 INFO:teuthology.orchestra.run.smithi144.stderr:/usr/bin/ceph:
2024-01-21T10:15:19.447+0000 7f3a0f3cc700 1 --2- 172.21.15.144:0/3800487974 >> [v2:172.21.15.144:6800/1923641632,v1:172.21.15.144:6801/1923641632] conn(0x7f39f002feb0 0x7f39f0032370 unknown :-1 s=CLOSED pgs=0 cs=0 l=1 rev1=0 rx=0 tx=0).stop
2024-01-21T10:15:19.451 INFO:teuthology.orchestra.run.smithi144.stderr:/usr/bin/ceph:
2024-01-21T10:15:19.447+0000 7f3a0f3cc700 1 -- 172.21.15.144:0/3800487974 >> 172.21.15.144:0/3800487974 conn(0x7f3a080f63c0 msgr2=0x7f3a080f7e70 unknown :-1 s=STATE_NONE l=0).mark_down
2024-01-21T10:15:19.451 INFO:teuthology.orchestra.run.smithi144.stderr:/usr/bin/ceph:
2024-01-21T10:15:19.448+0000 7f3a0f3cc700 1 -- 172.21.15.144:0/3800487974 shutdown_connections
2024-01-21T10:15:19.451 INFO:teuthology.orchestra.run.smithi144.stderr:/usr/bin/ceph:
2024-01-21T10:15:19.448+0000 7f3a0f3cc700 1 -- 172.21.15.144:0/3800487974 wait complete.
2024-01-21T10:15:19.600 INFO:journalctl@ceph.mon.smithi144.smithi144.stdout:Jan 21 10:15:19 smithi144 ceph-cb530fca-b845-11ee-95b0-87774f69a715-mon.smithi144[38750]: cluster
2024-01-21T10:15:18.434478+0000 mon.smithi144 (mon.0) 94 : cluster [DBG] mgrmap e14: smithi144.ieiyxs(active, starting, since 0.0538968s)
2024-01-21T10:15:19.601 INFO:journalctl@ceph.mon.smithi144.smithi144.stdout:Jan 21 10:15:19 smithi144 ceph-cb530fca-b845-11ee-95b0-87774f69a715-mon.smithi144[38750]: audit
2024-01-21T10:15:18.435618+0000 mon.smithi144 (mon.0) 95 : audit [DBG] from='mgr.14162 172.21.15.144:0/709849636' entity='mgr.smithi144.ieiyxs' cmd=[{"prefix": "mon metadata", "id": "smithi144"}]: dispatch
2024-01-21T10:15:19.601 INFO:journalctl@ceph.mon.smithi144.smithi144.stdout:Jan 21 10:15:19 smithi144 ceph-cb530fca-b845-11ee-95b0-87774f69a715-mon.smithi144[38750]: audit
2024-01-21T10:15:18.437983+0000 mon.smithi144 (mon.0) 96 : audit [DBG] from='mgr.14162 172.21.15.144:0/709849636' entity='mgr.smithi144.ieiyxs' cmd=[{"prefix": "mgr metadata", "who": "smithi144.ieiyxs", "id": "smithi144.ieiyxs"}]: dispatch
2024-01-21T10:15:19.601 INFO:journalctl@ceph.mon.smithi144.smithi144.stdout:Jan 21 10:15:19 smithi144 ceph-cb530fca-b845-11ee-95b0-87774f69a715-mon.smithi144[38750]: audit
2024-01-21T10:15:18.438173+0000 mon.smithi144 (mon.0) 97 : audit [DBG] from='mgr.14162 172.21.15.144:0/709849636' entity='mgr.smithi144.ieiyxs' cmd=[{"prefix": "mds metadata"}]: dispatch
2024-01-21T10:15:19.601 INFO:journalctl@ceph.mon.smithi144.smithi144.stdout:Jan 21 10:15:19 smithi144 ceph-cb530fca-b845-11ee-95b0-87774f69a715-mon.smithi144[38750]: audit
2024-01-21T10:15:18.438286+0000 mon.smithi144 (mon.0) 98 : audit [DBG] from='mgr.14162 172.21.15.144:0/709849636' entity='mgr.smithi144.ieiyxs' cmd=[{"prefix": "osd metadata"}]: dispatch
2024-01-21T10:15:19.601 INFO:journalctl@ceph.mon.smithi144.smithi144.stdout:Jan 21 10:15:19 smithi144 ceph-cb530fca-b845-11ee-95b0-87774f69a715-mon.smithi144[38750]: audit
2024-01-21T10:15:18.438390+0000 mon.smithi144 (mon.0) 99 : audit [DBG] from='mgr.14162 172.21.15.144:0/709849636' entity='mgr.smithi144.ieiyxs' cmd=[{"prefix": "mon metadata"}]: dispatch
2024-01-21T10:15:19.601 INFO:journalctl@ceph.mon.smithi144.smithi144.stdout:Jan 21 10:15:19 smithi144 ceph-cb530fca-b845-11ee-95b0-87774f69a715-mon.smithi144[38750]: cluster
2024-01-21T10:15:18.452167+0000 mon.smithi144 (mon.0) 100 : cluster [INF] Manager daemon smithi144.ieiyxs is now available
2024-01-21T10:15:19.601 INFO:journalctl@ceph.mon.smithi144.smithi144.stdout:Jan 21 10:15:19 smithi144 ceph-cb530fca-b845-11ee-95b0-87774f69a715-mon.smithi144[38750]: audit
2024-01-21T10:15:18.548934+0000 mon.smithi144 (mon.0) 101 : audit [DBG] from='mgr.14162 172.21.15.144:0/709849636' entity='mgr.smithi144.ieiyxs' cmd=[{"prefix": "config dump", "format": "json"}]: dispatch
2024-01-21T10:15:19.601 INFO:journalctl@ceph.mon.smithi144.smithi144.stdout:Jan 21 10:15:19 smithi144 ceph-cb530fca-b845-11ee-95b0-87774f69a715-mon.smithi144[38750]: audit
2024-01-21T10:15:18.550950+0000 mon.smithi144 (mon.0) 102 : audit [DBG] from='mgr.14162 172.21.15.144:0/709849636' entity='mgr.smithi144.ieiyxs' cmd=[{"prefix": "config dump", "format": "json"}]: dispatch
2024-01-21T10:15:19.601 INFO:journalctl@ceph.mon.smithi144.smithi144.stdout:Jan 21 10:15:19 smithi144 ceph-cb530fca-b845-11ee-95b0-87774f69a715-mon.smithi144[38750]: audit
2024-01-21T10:15:18.567492+0000 mon.smithi144 (mon.0) 103 : audit [INF] from='mgr.14162 172.21.15.144:0/709849636' entity='mgr.smithi144.ieiyxs' cmd=[{"prefix":"config rm","who":"mgr","name":"mgr/rbd_support/smithi144.ieiyxs/mirror_snapshot_schedule"}]: dispatch
2024-01-21T10:15:19.601 INFO:journalctl@ceph.mon.smithi144.smithi144.stdout:Jan 21 10:15:19 smithi144 ceph-cb530fca-b845-11ee-95b0-87774f69a715-mon.smithi144[38750]: audit
2024-01-21T10:15:18.576896+0000 mon.smithi144 (mon.0) 104 : audit [INF] from='mgr.14162 172.21.15.144:0/709849636' entity='mgr.smithi144.ieiyxs' cmd=[{"prefix":"config rm","who":"mgr","name":"mgr/rbd_support/smithi144.ieiyxs/trash_purge_schedule"}]: dispatch
2024-01-21T10:15:19.601 INFO:journalctl@ceph.mon.smithi144.smithi144.stdout:Jan 21 10:15:19 smithi144 ceph-cb530fca-b845-11ee-95b0-87774f69a715-mon.smithi144[38750]: audit
2024-01-21T10:15:19.389582+0000 mon.smithi144 (mon.0) 105 : audit [INF] from='mgr.14162 172.21.15.144:0/709849636' entity='mgr.smithi144.ieiyxs'
2024-01-21T10:15:19.783 INFO:teuthology.orchestra.run.smithi144.stderr:mgr epoch 13 is available
2024-01-21T10:15:19.783 INFO:teuthology.orchestra.run.smithi144.stderr:Generating a dashboard self-signed certificate...
2024-01-21T10:15:19.783 INFO:teuthology.orchestra.run.smithi144.stderr:Running command: /bin/podman run --rm --ipc=host --no-hosts --net=host --entrypoint /usr/bin/ceph --init -e CONTAINER_IMAGE=docker.io/ceph/ceph:v16.2.4 -e NODE_NAME=smithi144 -e CEPH_USE_RANDOM_NONCE=1 -v /var/log/ceph/cb530fca-b845-11ee-95b0-87774f69a715:/var/log/ceph:z -v /tmp/ceph-tmp0mzcrgwb:/etc/ceph/ceph.client.admin.keyring:z -v /tmp/ceph-tmpxvoonogv:/etc/ceph/ceph.conf:z docker.io/ceph/ceph:v16.2.4 dashboard create-self-signed-cert
2024-01-21T10:15:20.367 INFO:teuthology.orchestra.run.smithi144.stderr:/usr/bin/ceph:
2024-01-21T10:15:20.335+0000 7f17c88ef700 1 Processor -- start
2024-01-21T10:15:20.368 INFO:teuthology.orchestra.run.smithi144.stderr:/usr/bin/ceph:
2024-01-21T10:15:20.335+0000 7f17c88ef700 1 -- start start
2024-01-21T10:15:20.368 INFO:teuthology.orchestra.run.smithi144.stderr:/usr/bin/ceph:
2024-01-21T10:15:20.335+0000 7f17c88ef700 1 --2- >> [v2:172.21.15.144:3300/0,v1:172.21.15.144:6789/0] conn(0x7f17c40703f0 0x7f17c40fe770 unknown :-1 s=NONE pgs=0 cs=0 l=0 rev1=0 rx=0 tx=0).connect
2024-01-21T10:15:20.368 INFO:teuthology.orchestra.run.smithi144.stderr:/usr/bin/ceph:
2024-01-21T10:15:20.335+0000 7f17c88ef700 1 -- --> [v2:172.21.15.144:3300/0,v1:172.21.15.144:6789/0] -- mon_getmap magic: 0 v1 -- 0x7f17c40fec60 con 0x7f17c40703f0
2024-01-21T10:15:20.368 INFO:teuthology.orchestra.run.smithi144.stderr:/usr/bin/ceph:
2024-01-21T10:15:20.336+0000 7f17c2d9d700 1 --2- >> [v2:172.21.15.144:3300/0,v1:172.21.15.144:6789/0] conn(0x7f17c40703f0 0x7f17c40fe770 unknown :-1 s=BANNER_CONNECTING pgs=0 cs=0 l=0 rev1=0 rx=0 tx=0)._handle_peer_banner_payload supported=1 required=0
2024-01-21T10:15:20.368 INFO:teuthology.orchestra.run.smithi144.stderr:/usr/bin/ceph:
2024-01-21T10:15:20.336+0000 7f17c2d9d700 1 --2- >> [v2:172.21.15.144:3300/0,v1:172.21.15.144:6789/0] conn(0x7f17c40703f0 0x7f17c40fe770 unknown :-1 s=HELLO_CONNECTING pgs=0 cs=0 l=0 rev1=1 rx=0 tx=0).handle_hello peer v2:172.21.15.144:3300/0 says I am v2:172.21.15.144:49004/0 (socket says 172.21.15.144:49004)
2024-01-21T10:15:20.368 INFO:teuthology.orchestra.run.smithi144.stderr:/usr/bin/ceph:
2024-01-21T10:15:20.336+0000 7f17c2d9d700 1 -- 172.21.15.144:0/4275669726 learned_addr learned my addr 172.21.15.144:0/4275669726 (peer_addr_for_me v2:172.21.15.144:0/0)
2024-01-21T10:15:20.368 INFO:teuthology.orchestra.run.smithi144.stderr:/usr/bin/ceph:
2024-01-21T10:15:20.336+0000 7f17c2d9d700 1 -- 172.21.15.144:0/4275669726 --> [v2:172.21.15.144:3300/0,v1:172.21.15.144:6789/0] -- mon_subscribe({config=0+,monmap=0+}) v3 -- 0x7f17c40feda0 con 0x7f17c40703f0
2024-01-21T10:15:20.368 INFO:teuthology.orchestra.run.smithi144.stderr:/usr/bin/ceph:
2024-01-21T10:15:20.336+0000 7f17c2d9d700 1 --2- 172.21.15.144:0/4275669726 >> [v2:172.21.15.144:3300/0,v1:172.21.15.144:6789/0] conn(0x7f17c40703f0 0x7f17c40fe770 secure :-1 s=READY pgs=79 cs=0 l=1 rev1=1 rx=0x7f17b400b5f0 tx=0x7f17b4006ee0).ready entity=mon.0 client_cookie=dbd5857acf09f88a server_cookie=0 in_seq=0 out_seq=0
2024-01-21T10:15:20.368 INFO:teuthology.orchestra.run.smithi144.stderr:/usr/bin/ceph:
2024-01-21T10:15:20.336+0000 7f17c1d9b700 1 -- 172.21.15.144:0/4275669726 <== mon.0 v2:172.21.15.144:3300/0 1 ==== mon_map magic: 0 v1 ==== 229+0+0 (secure 0 0 0) 0x7f17b400d600 con 0x7f17c40703f0
2024-01-21T10:15:20.368 INFO:teuthology.orchestra.run.smithi144.stderr:/usr/bin/ceph:
2024-01-21T10:15:20.336+0000 7f17c1d9b700 1 -- 172.21.15.144:0/4275669726 <== mon.0 v2:172.21.15.144:3300/0 2 ==== config(25 keys) v1 ==== 1074+0+0 (secure 0 0 0) 0x7f17b400dc10 con 0x7f17c40703f0
2024-01-21T10:15:20.368 INFO:teuthology.orchestra.run.smithi144.stderr:/usr/bin/ceph:
2024-01-21T10:15:20.336+0000 7f17c1d9b700 1 -- 172.21.15.144:0/4275669726 <== mon.0 v2:172.21.15.144:3300/0 3 ==== mon_map magic: 0 v1 ==== 229+0+0 (secure 0 0 0) 0x7f17b4011cd0 con 0x7f17c40703f0
2024-01-21T10:15:20.368 INFO:teuthology.orchestra.run.smithi144.stderr:/usr/bin/ceph:
2024-01-21T10:15:20.337+0000 7f17c88ef700 1 -- 172.21.15.144:0/4275669726 >> [v2:172.21.15.144:3300/0,v1:172.21.15.144:6789/0] conn(0x7f17c40703f0 msgr2=0x7f17c40fe770 secure :-1 s=STATE_CONNECTION_ESTABLISHED l=1).mark_down
2024-01-21T10:15:20.369 INFO:teuthology.orchestra.run.smithi144.stderr:/usr/bin/ceph:
2024-01-21T10:15:20.337+0000 7f17c88ef700 1 --2- 172.21.15.144:0/4275669726 >> [v2:172.21.15.144:3300/0,v1:172.21.15.144:6789/0] conn(0x7f17c40703f0 0x7f17c40fe770 secure :-1 s=READY pgs=79 cs=0 l=1 rev1=1 rx=0x7f17b400b5f0 tx=0x7f17b4006ee0).stop
2024-01-21T10:15:20.369 INFO:teuthology.orchestra.run.smithi144.stderr:/usr/bin/ceph:
2024-01-21T10:15:20.337+0000 7f17c88ef700 1 -- 172.21.15.144:0/4275669726 shutdown_connections
2024-01-21T10:15:20.369 INFO:teuthology.orchestra.run.smithi144.stderr:/usr/bin/ceph:
2024-01-21T10:15:20.337+0000 7f17c88ef700 1 --2- 172.21.15.144:0/4275669726 >> [v2:172.21.15.144:3300/0,v1:172.21.15.144:6789/0] conn(0x7f17c40703f0 0x7f17c40fe770 unknown :-1 s=CLOSED pgs=79 cs=0 l=1 rev1=1 rx=0 tx=0).stop
2024-01-21T10:15:20.369 INFO:teuthology.orchestra.run.smithi144.stderr:/usr/bin/ceph:
2024-01-21T10:15:20.337+0000 7f17c88ef700 1 -- 172.21.15.144:0/4275669726 >> 172.21.15.144:0/4275669726 conn(0x7f17c40f6210 msgr2=0x7f17c40f8630 unknown :-1 s=STATE_NONE l=0).mark_down
2024-01-21T10:15:20.369 INFO:teuthology.orchestra.run.smithi144.stderr:/usr/bin/ceph:
2024-01-21T10:15:20.337+0000 7f17c88ef700 1 -- 172.21.15.144:0/4275669726 shutdown_connections
2024-01-21T10:15:20.369 INFO:teuthology.orchestra.run.smithi144.stderr:/usr/bin/ceph:
2024-01-21T10:15:20.337+0000 7f17c88ef700 1 -- 172.21.15.144:0/4275669726 wait complete.
2024-01-21T10:15:20.369 INFO:teuthology.orchestra.run.smithi144.stderr:/usr/bin/ceph:
2024-01-21T10:15:20.337+0000 7f17c88ef700 1 Processor -- start
2024-01-21T10:15:20.369 INFO:teuthology.orchestra.run.smithi144.stderr:/usr/bin/ceph:
2024-01-21T10:15:20.338+0000 7f17c88ef700 1 -- start start
2024-01-21T10:15:20.369 INFO:teuthology.orchestra.run.smithi144.stderr:/usr/bin/ceph:
2024-01-21T10:15:20.338+0000 7f17c88ef700 1 --2- >> [v2:172.21.15.144:3300/0,v1:172.21.15.144:6789/0] conn(0x7f17c40703f0 0x7f17c410a8b0 unknown :-1 s=NONE pgs=0 cs=0 l=1 rev1=0 rx=0 tx=0).connect
2024-01-21T10:15:20.369 INFO:teuthology.orchestra.run.smithi144.stderr:/usr/bin/ceph:
2024-01-21T10:15:20.338+0000 7f17c88ef700 1 -- --> [v2:172.21.15.144:3300/0,v1:172.21.15.144:6789/0] -- mon_getmap magic: 0 v1 -- 0x7f17c410ada0 con 0x7f17c40703f0
2024-01-21T10:15:20.369 INFO:teuthology.orchestra.run.smithi144.stderr:/usr/bin/ceph:
2024-01-21T10:15:20.338+0000 7f17c2d9d700 1 --2- >> [v2:172.21.15.144:3300/0,v1:172.21.15.144:6789/0] conn(0x7f17c40703f0 0x7f17c410a8b0 unknown :-1 s=BANNER_CONNECTING pgs=0 cs=0 l=1 rev1=0 rx=0 tx=0)._handle_peer_banner_payload supported=1 required=0
2024-01-21T10:15:20.369 INFO:teuthology.orchestra.run.smithi144.stderr:/usr/bin/ceph:
2024-01-21T10:15:20.338+0000 7f17c2d9d700 1 --2- >> [v2:172.21.15.144:3300/0,v1:172.21.15.144:6789/0] conn(0x7f17c40703f0 0x7f17c410a8b0 unknown :-1 s=HELLO_CONNECTING pgs=0 cs=0 l=1 rev1=1 rx=0 tx=0).handle_hello peer v2:172.21.15.144:3300/0 says I am v2:172.21.15.144:49014/0 (socket says 172.21.15.144:49014)
2024-01-21T10:15:20.369 INFO:teuthology.orchestra.run.smithi144.stderr:/usr/bin/ceph:
2024-01-21T10:15:20.338+0000 7f17c2d9d700 1 -- 172.21.15.144:0/1341194133 learned_addr learned my addr 172.21.15.144:0/1341194133 (peer_addr_for_me v2:172.21.15.144:0/0)
2024-01-21T10:15:20.369 INFO:teuthology.orchestra.run.smithi144.stderr:/usr/bin/ceph:
2024-01-21T10:15:20.338+0000 7f17c2d9d700 1 -- 172.21.15.144:0/1341194133 --> [v2:172.21.15.144:3300/0,v1:172.21.15.144:6789/0] -- mon_subscribe({config=0+,monmap=0+}) v3 -- 0x7f17b400b200 con 0x7f17c40703f0
2024-01-21T10:15:20.369 INFO:teuthology.orchestra.run.smithi144.stderr:/usr/bin/ceph:
2024-01-21T10:15:20.338+0000 7f17c2d9d700 1 --2- 172.21.15.144:0/1341194133 >> [v2:172.21.15.144:3300/0,v1:172.21.15.144:6789/0] conn(0x7f17c40703f0 0x7f17c410a8b0 secure :-1 s=READY pgs=80 cs=0 l=1 rev1=1 rx=0x7f17b4006a40 tx=0x7f17b4006ee0).ready entity=mon.0 client_cookie=0 server_cookie=0 in_seq=0 out_seq=0
2024-01-21T10:15:20.370 INFO:teuthology.orchestra.run.smithi144.stderr:/usr/bin/ceph:
2024-01-21T10:15:20.338+0000 7f17ab7fe700 1 -- 172.21.15.144:0/1341194133 <== mon.0 v2:172.21.15.144:3300/0 1 ==== mon_map magic: 0 v1 ==== 229+0+0 (secure 0 0 0) 0x7f17b4011c90 con 0x7f17c40703f0
2024-01-21T10:15:20.370 INFO:teuthology.orchestra.run.smithi144.stderr:/usr/bin/ceph:
2024-01-21T10:15:20.338+0000 7f17ab7fe700 1 -- 172.21.15.144:0/1341194133 <== mon.0 v2:172.21.15.144:3300/0 2 ==== config(25 keys) v1 ==== 1074+0+0 (secure 0 0 0) 0x7f17b401b8c0 con 0x7f17c40703f0
2024-01-21T10:15:20.370 INFO:teuthology.orchestra.run.smithi144.stderr:/usr/bin/ceph:
2024-01-21T10:15:20.338+0000 7f17ab7fe700 1 -- 172.21.15.144:0/1341194133 <== mon.0 v2:172.21.15.144:3300/0 3 ==== mon_map magic: 0 v1 ==== 229+0+0 (secure 0 0 0) 0x7f17b401a8c0 con 0x7f17c40703f0
2024-01-21T10:15:20.370 INFO:teuthology.orchestra.run.smithi144.stderr:/usr/bin/ceph:
2024-01-21T10:15:20.338+0000 7f17c88ef700 1 -- 172.21.15.144:0/1341194133 --> [v2:172.21.15.144:3300/0,v1:172.21.15.144:6789/0] -- mon_subscribe({mgrmap=0+}) v3 -- 0x7f17c410afa0 con 0x7f17c40703f0
2024-01-21T10:15:20.370 INFO:teuthology.orchestra.run.smithi144.stderr:/usr/bin/ceph:
2024-01-21T10:15:20.338+0000 7f17c88ef700 1 -- 172.21.15.144:0/1341194133 --> [v2:172.21.15.144:3300/0,v1:172.21.15.144:6789/0] -- mon_subscribe({osdmap=0}) v3 -- 0x7f17c410b3b0 con 0x7f17c40703f0
2024-01-21T10:15:20.370 INFO:teuthology.orchestra.run.smithi144.stderr:/usr/bin/ceph:
2024-01-21T10:15:20.339+0000 7f17ab7fe700 1 -- 172.21.15.144:0/1341194133 <== mon.0 v2:172.21.15.144:3300/0 4 ==== mgrmap(e 15) v1 ==== 36067+0+0 (secure 0 0 0) 0x7f17b400f070 con 0x7f17c40703f0
2024-01-21T10:15:20.370 INFO:teuthology.orchestra.run.smithi144.stderr:/usr/bin/ceph:
2024-01-21T10:15:20.339+0000 7f17ab7fe700 1 --2- 172.21.15.144:0/1341194133 >> [v2:172.21.15.144:6800/197571111,v1:172.21.15.144:6801/197571111] conn(0x7f17b002fd70 0x7f17b0032230 unknown :-1 s=NONE pgs=0 cs=0 l=1 rev1=0 rx=0 tx=0).connect
2024-01-21T10:15:20.370 INFO:teuthology.orchestra.run.smithi144.stderr:/usr/bin/ceph:
2024-01-21T10:15:20.339+0000 7f17c88ef700 1 -- 172.21.15.144:0/1341194133 --> [v2:172.21.15.144:3300/0,v1:172.21.15.144:6789/0] -- mon_command({"prefix": "get_command_descriptions"} v 0) v1 -- 0x7f17c4045ad0 con 0x7f17c40703f0
2024-01-21T10:15:20.370 INFO:teuthology.orchestra.run.smithi144.stderr:/usr/bin/ceph:
2024-01-21T10:15:20.339+0000 7f17ab7fe700 1 -- 172.21.15.144:0/1341194133 <== mon.0 v2:172.21.15.144:3300/0 5 ==== osd_map(4..4 src has 1..4) v4 ==== 1270+0+0 (secure 0 0 0) 0x7f17b4040980 con 0x7f17c40703f0
2024-01-21T10:15:20.370 INFO:teuthology.orchestra.run.smithi144.stderr:/usr/bin/ceph:
2024-01-21T10:15:20.339+0000 7f17c259c700 1 --2- 172.21.15.144:0/1341194133 >> [v2:172.21.15.144:6800/197571111,v1:172.21.15.144:6801/197571111] conn(0x7f17b002fd70 0x7f17b0032230 unknown :-1 s=BANNER_CONNECTING pgs=0 cs=0 l=1 rev1=0 rx=0 tx=0)._handle_peer_banner_payload supported=1 required=0
2024-01-21T10:15:20.370 INFO:teuthology.orchestra.run.smithi144.stderr:/usr/bin/ceph:
2024-01-21T10:15:20.340+0000 7f17c259c700 1 --2- 172.21.15.144:0/1341194133 >> [v2:172.21.15.144:6800/197571111,v1:172.21.15.144:6801/197571111] conn(0x7f17b002fd70 0x7f17b0032230 secure :-1 s=READY pgs=6 cs=0 l=1 rev1=1 rx=0x7f17b80096a0 tx=0x7f17b8006b40).ready entity=mgr.14162 client_cookie=0 server_cookie=0 in_seq=0 out_seq=0
2024-01-21T10:15:20.370 INFO:teuthology.orchestra.run.smithi144.stderr:/usr/bin/ceph:
2024-01-21T10:15:20.344+0000 7f17ab7fe700 1 -- 172.21.15.144:0/1341194133 <== mon.0 v2:172.21.15.144:3300/0 6 ==== mon_command_ack([{"prefix": "get_command_descriptions"}]=0 v0) v1 ==== 72+0+152212 (secure 0 0 0) 0x7f17b4016070 con 0x7f17c40703f0
2024-01-21T10:15:20.444 INFO:teuthology.orchestra.run.smithi144.stderr:/usr/bin/ceph:
2024-01-21T10:15:20.442+0000 7f17ab7fe700 1 -- 172.21.15.144:0/1341194133 <== mon.0 v2:172.21.15.144:3300/0 7 ==== mgrmap(e 16) v1 ==== 36208+0+0 (secure 0 0 0) 0x7f17b4024550 con 0x7f17c40703f0
2024-01-21T10:15:20.504 INFO:teuthology.orchestra.run.smithi144.stderr:/usr/bin/ceph:
2024-01-21T10:15:20.503+0000 7f17c88ef700 1 -- 172.21.15.144:0/1341194133 --> [v2:172.21.15.144:6800/197571111,v1:172.21.15.144:6801/197571111] -- mgr_command(tid 0: {"prefix": "dashboard create-self-signed-cert", "target": ["mon-mgr", ""]}) v1 -- 0x7f17c4104860 con 0x7f17b002fd70
2024-01-21T10:15:20.565 INFO:teuthology.orchestra.run.smithi144.stderr:/usr/bin/ceph:
2024-01-21T10:15:20.564+0000 7f17ab7fe700 1 -- 172.21.15.144:0/1341194133 <== mgr.14162 v2:172.21.15.144:6800/197571111 1 ==== mgr_command_reply(tid 0: 0 ) v1 ==== 8+0+32 (secure 0 0 0) 0x7f17c4104860 con 0x7f17b002fd70
2024-01-21T10:15:20.566 INFO:teuthology.orchestra.run.smithi144.stderr:/usr/bin/ceph: Self-signed certificate created
2024-01-21T10:15:20.568 INFO:teuthology.orchestra.run.smithi144.stderr:/usr/bin/ceph:
2024-01-21T10:15:20.566+0000 7f17c88ef700 1 -- 172.21.15.144:0/1341194133 >> [v2:172.21.15.144:6800/197571111,v1:172.21.15.144:6801/197571111] conn(0x7f17b002fd70 msgr2=0x7f17b0032230 secure :-1 s=STATE_CONNECTION_ESTABLISHED l=1).mark_down
2024-01-21T10:15:20.568 INFO:teuthology.orchestra.run.smithi144.stderr:/usr/bin/ceph:
2024-01-21T10:15:20.566+0000 7f17c88ef700 1 --2- 172.21.15.144:0/1341194133 >> [v2:172.21.15.144:6800/197571111,v1:172.21.15.144:6801/197571111] conn(0x7f17b002fd70 0x7f17b0032230 secure :-1 s=READY pgs=6 cs=0 l=1 rev1=1 rx=0x7f17b80096a0 tx=0x7f17b8006b40).stop
2024-01-21T10:15:20.568 INFO:teuthology.orchestra.run.smithi144.stderr:/usr/bin/ceph:
2024-01-21T10:15:20.566+0000 7f17c88ef700 1 -- 172.21.15.144:0/1341194133 >> [v2:172.21.15.144:3300/0,v1:172.21.15.144:6789/0] conn(0x7f17c40703f0 msgr2=0x7f17c410a8b0 secure :-1 s=STATE_CONNECTION_ESTABLISHED l=1).mark_down
2024-01-21T10:15:20.569 INFO:teuthology.orchestra.run.smithi144.stderr:/usr/bin/ceph:
2024-01-21T10:15:20.566+0000 7f17c88ef700 1 --2- 172.21.15.144:0/1341194133 >> [v2:172.21.15.144:3300/0,v1:172.21.15.144:6789/0] conn(0x7f17c40703f0 0x7f17c410a8b0 secure :-1 s=READY pgs=80 cs=0 l=1 rev1=1 rx=0x7f17b4006a40 tx=0x7f17b4006ee0).stop
2024-01-21T10:15:20.569 INFO:teuthology.orchestra.run.smithi144.stderr:/usr/bin/ceph:
2024-01-21T10:15:20.566+0000 7f17c88ef700 1 -- 172.21.15.144:0/1341194133 shutdown_connections
2024-01-21T10:15:20.569 INFO:teuthology.orchestra.run.smithi144.stderr:/usr/bin/ceph:
2024-01-21T10:15:20.566+0000 7f17c88ef700 1 --2- 172.21.15.144:0/1341194133 >> [v2:172.21.15.144:6800/197571111,v1:172.21.15.144:6801/197571111] conn(0x7f17b002fd70 0x7f17b0032230 unknown :-1 s=CLOSED pgs=6 cs=0 l=1 rev1=1 rx=0 tx=0).stop
2024-01-21T10:15:20.569 INFO:teuthology.orchestra.run.smithi144.stderr:/usr/bin/ceph:
2024-01-21T10:15:20.566+0000 7f17c88ef700 1 --2- 172.21.15.144:0/1341194133 >> [v2:172.21.15.144:3300/0,v1:172.21.15.144:6789/0] conn(0x7f17c40703f0 0x7f17c410a8b0 unknown :-1 s=CLOSED pgs=80 cs=0 l=1 rev1=1 rx=0 tx=0).stop
2024-01-21T10:15:20.569 INFO:teuthology.orchestra.run.smithi144.stderr:/usr/bin/ceph:
2024-01-21T10:15:20.566+0000 7f17c88ef700 1 -- 172.21.15.144:0/1341194133 >> 172.21.15.144:0/1341194133 conn(0x7f17c40f6210 msgr2=0x7f17c40f7ce0 unknown :-1 s=STATE_NONE l=0).mark_down
2024-01-21T10:15:20.569 INFO:teuthology.orchestra.run.smithi144.stderr:/usr/bin/ceph:
2024-01-21T10:15:20.566+0000 7f17c88ef700 1 -- 172.21.15.144:0/1341194133 shutdown_connections
2024-01-21T10:15:20.569 INFO:teuthology.orchestra.run.smithi144.stderr:/usr/bin/ceph:
2024-01-21T10:15:20.566+0000 7f17c88ef700 1 -- 172.21.15.144:0/1341194133 wait complete.
2024-01-21T10:15:20.739 INFO:journalctl@ceph.mon.smithi144.smithi144.stdout:Jan 21 10:15:20 smithi144 ceph-cb530fca-b845-11ee-95b0-87774f69a715-mon.smithi144[38750]: cluster
2024-01-21T10:15:19.443008+0000 mon.smithi144 (mon.0) 106 : cluster [DBG] mgrmap e15: smithi144.ieiyxs(active, since 1.06243s)
2024-01-21T10:15:20.907 INFO:teuthology.orchestra.run.smithi144.stderr:Creating initial admin user...
2024-01-21T10:15:20.908 INFO:teuthology.orchestra.run.smithi144.stderr:Running command: /bin/podman run --rm --ipc=host --no-hosts --net=host --entrypoint /usr/bin/ceph --init -e CONTAINER_IMAGE=docker.io/ceph/ceph:v16.2.4 -e NODE_NAME=smithi144 -e CEPH_USE_RANDOM_NONCE=1 -v /var/log/ceph/cb530fca-b845-11ee-95b0-87774f69a715:/var/log/ceph:z -v /tmp/ceph-tmp0mzcrgwb:/etc/ceph/ceph.client.admin.keyring:z -v /tmp/ceph-tmpxvoonogv:/etc/ceph/ceph.conf:z -v /tmp/ceph-tmpk4fd1y6r:/tmp/dashboard.pw:z docker.io/ceph/ceph:v16.2.4 dashboard ac-user-create admin -i /tmp/dashboard.pw administrator --force-password --pwd-update-required
2024-01-21T10:15:21.283 INFO:teuthology.orchestra.run.smithi144.stderr:/usr/bin/ceph:
2024-01-21T10:15:21.277+0000 7ffbb9d57700 1 Processor -- start
2024-01-21T10:15:21.283 INFO:teuthology.orchestra.run.smithi144.stderr:/usr/bin/ceph:
2024-01-21T10:15:21.278+0000 7ffbb9d57700 1 -- start start
2024-01-21T10:15:21.283 INFO:teuthology.orchestra.run.smithi144.stderr:/usr/bin/ceph:
2024-01-21T10:15:21.278+0000 7ffbb9d57700 1 --2- >> [v2:172.21.15.144:3300/0,v1:172.21.15.144:6789/0] conn(0x7ffbb40fbcb0 0x7ffbb40fc0d0 unknown :-1 s=NONE pgs=0 cs=0 l=0 rev1=0 rx=0 tx=0).connect
2024-01-21T10:15:21.283 INFO:teuthology.orchestra.run.smithi144.stderr:/usr/bin/ceph:
2024-01-21T10:15:21.278+0000 7ffbb9d57700 1 -- --> [v2:172.21.15.144:3300/0,v1:172.21.15.144:6789/0] -- mon_getmap magic: 0 v1 -- 0x7ffbb40fc5c0 con 0x7ffbb40fbcb0
2024-01-21T10:15:21.283 INFO:teuthology.orchestra.run.smithi144.stderr:/usr/bin/ceph:
2024-01-21T10:15:21.278+0000 7ffbb37fe700 1 --2- >> [v2:172.21.15.144:3300/0,v1:172.21.15.144:6789/0] conn(0x7ffbb40fbcb0 0x7ffbb40fc0d0 unknown :-1 s=BANNER_CONNECTING pgs=0 cs=0 l=0 rev1=0 rx=0 tx=0)._handle_peer_banner_payload supported=1 required=0
2024-01-21T10:15:21.283 INFO:teuthology.orchestra.run.smithi144.stderr:/usr/bin/ceph:
2024-01-21T10:15:21.278+0000 7ffbb37fe700 1 --2- >> [v2:172.21.15.144:3300/0,v1:172.21.15.144:6789/0] conn(0x7ffbb40fbcb0 0x7ffbb40fc0d0 unknown :-1 s=HELLO_CONNECTING pgs=0 cs=0 l=0 rev1=1 rx=0 tx=0).handle_hello peer v2:172.21.15.144:3300/0 says I am v2:172.21.15.144:49016/0 (socket says 172.21.15.144:49016)
2024-01-21T10:15:21.284 INFO:teuthology.orchestra.run.smithi144.stderr:/usr/bin/ceph:
2024-01-21T10:15:21.278+0000 7ffbb37fe700 1 -- 172.21.15.144:0/2061672811 learned_addr learned my addr 172.21.15.144:0/2061672811 (peer_addr_for_me v2:172.21.15.144:0/0)
2024-01-21T10:15:21.284 INFO:teuthology.orchestra.run.smithi144.stderr:/usr/bin/ceph:
2024-01-21T10:15:21.278+0000 7ffbb37fe700 1 -- 172.21.15.144:0/2061672811 --> [v2:172.21.15.144:3300/0,v1:172.21.15.144:6789/0] -- mon_subscribe({config=0+,monmap=0+}) v3 -- 0x7ffbb40fc700 con 0x7ffbb40fbcb0
2024-01-21T10:15:21.284 INFO:teuthology.orchestra.run.smithi144.stderr:/usr/bin/ceph:
2024-01-21T10:15:21.278+0000 7ffbb37fe700 1 --2- 172.21.15.144:0/2061672811 >> [v2:172.21.15.144:3300/0,v1:172.21.15.144:6789/0] conn(0x7ffbb40fbcb0 0x7ffbb40fc0d0 secure :-1 s=READY pgs=81 cs=0 l=1 rev1=1 rx=0x7ffba800b5f0 tx=0x7ffba8006ee0).ready entity=mon.0 client_cookie=c15c316091edfe39 server_cookie=0 in_seq=0 out_seq=0
2024-01-21T10:15:21.284 INFO:teuthology.orchestra.run.smithi144.stderr:/usr/bin/ceph:
2024-01-21T10:15:21.278+0000 7ffbb27fc700 1 -- 172.21.15.144:0/2061672811 <== mon.0 v2:172.21.15.144:3300/0 1 ==== mon_map magic: 0 v1 ==== 229+0+0 (secure 0 0 0) 0x7ffba800d600 con 0x7ffbb40fbcb0
2024-01-21T10:15:21.284 INFO:teuthology.orchestra.run.smithi144.stderr:/usr/bin/ceph:
2024-01-21T10:15:21.278+0000 7ffbb27fc700 1 -- 172.21.15.144:0/2061672811 <== mon.0 v2:172.21.15.144:3300/0 2 ==== config(25 keys) v1 ==== 1074+0+0 (secure 0 0 0) 0x7ffba800dc10 con 0x7ffbb40fbcb0
2024-01-21T10:15:21.284 INFO:teuthology.orchestra.run.smithi144.stderr:/usr/bin/ceph:
2024-01-21T10:15:21.278+0000 7ffbb27fc700 1 -- 172.21.15.144:0/2061672811 <== mon.0 v2:172.21.15.144:3300/0 3 ==== mon_map magic: 0 v1 ==== 229+0+0 (secure 0 0 0) 0x7ffba8011cd0 con 0x7ffbb40fbcb0
2024-01-21T10:15:21.284 INFO:teuthology.orchestra.run.smithi144.stderr:/usr/bin/ceph:
2024-01-21T10:15:21.279+0000 7ffbb9d57700 1 -- 172.21.15.144:0/2061672811 >> [v2:172.21.15.144:3300/0,v1:172.21.15.144:6789/0] conn(0x7ffbb40fbcb0 msgr2=0x7ffbb40fc0d0 secure :-1 s=STATE_CONNECTION_ESTABLISHED l=1).mark_down
2024-01-21T10:15:21.284 INFO:teuthology.orchestra.run.smithi144.stderr:/usr/bin/ceph:
2024-01-21T10:15:21.279+0000 7ffbb9d57700 1 --2- 172.21.15.144:0/2061672811 >> [v2:172.21.15.144:3300/0,v1:172.21.15.144:6789/0] conn(0x7ffbb40fbcb0 0x7ffbb40fc0d0 secure :-1 s=READY pgs=81 cs=0 l=1 rev1=1 rx=0x7ffba800b5f0 tx=0x7ffba8006ee0).stop
2024-01-21T10:15:21.284 INFO:teuthology.orchestra.run.smithi144.stderr:/usr/bin/ceph:
2024-01-21T10:15:21.279+0000 7ffbb9d57700 1 -- 172.21.15.144:0/2061672811 shutdown_connections
2024-01-21T10:15:21.284 INFO:teuthology.orchestra.run.smithi144.stderr:/usr/bin/ceph:
2024-01-21T10:15:21.279+0000 7ffbb9d57700 1 --2- 172.21.15.144:0/2061672811 >> [v2:172.21.15.144:3300/0,v1:172.21.15.144:6789/0] conn(0x7ffbb40fbcb0 0x7ffbb40fc0d0 unknown :-1 s=CLOSED pgs=81 cs=0 l=1 rev1=1 rx=0 tx=0).stop
2024-01-21T10:15:21.284 INFO:teuthology.orchestra.run.smithi144.stderr:/usr/bin/ceph:
2024-01-21T10:15:21.279+0000 7ffbb9d57700 1 -- 172.21.15.144:0/2061672811 >> 172.21.15.144:0/2061672811 conn(0x7ffbb40f74b0 msgr2=0x7ffbb40f98d0 unknown :-1 s=STATE_NONE l=0).mark_down
2024-01-21T10:15:21.284 INFO:teuthology.orchestra.run.smithi144.stderr:/usr/bin/ceph:
2024-01-21T10:15:21.279+0000 7ffbb9d57700 1 -- 172.21.15.144:0/2061672811 shutdown_connections
2024-01-21T10:15:21.284 INFO:teuthology.orchestra.run.smithi144.stderr:/usr/bin/ceph:
2024-01-21T10:15:21.279+0000 7ffbb9d57700 1 -- 172.21.15.144:0/2061672811 wait complete.
2024-01-21T10:15:21.284 INFO:teuthology.orchestra.run.smithi144.stderr:/usr/bin/ceph:
2024-01-21T10:15:21.280+0000 7ffbb9d57700 1 Processor -- start
2024-01-21T10:15:21.285 INFO:teuthology.orchestra.run.smithi144.stderr:/usr/bin/ceph:
2024-01-21T10:15:21.280+0000 7ffbb9d57700 1 -- start start
2024-01-21T10:15:21.285 INFO:teuthology.orchestra.run.smithi144.stderr:/usr/bin/ceph:
2024-01-21T10:15:21.280+0000 7ffbb9d57700 1 --2- >> [v2:172.21.15.144:3300/0,v1:172.21.15.144:6789/0] conn(0x7ffbb40fbcb0 0x7ffbb410aa40 unknown :-1 s=NONE pgs=0 cs=0 l=1 rev1=0 rx=0 tx=0).connect
2024-01-21T10:15:21.285 INFO:teuthology.orchestra.run.smithi144.stderr:/usr/bin/ceph:
2024-01-21T10:15:21.280+0000 7ffbb9d57700 1 -- --> [v2:172.21.15.144:3300/0,v1:172.21.15.144:6789/0] -- mon_getmap magic: 0 v1 -- 0x7ffbb410af30 con 0x7ffbb40fbcb0
2024-01-21T10:15:21.285 INFO:teuthology.orchestra.run.smithi144.stderr:/usr/bin/ceph:
2024-01-21T10:15:21.280+0000 7ffbb37fe700 1 --2- >> [v2:172.21.15.144:3300/0,v1:172.21.15.144:6789/0] conn(0x7ffbb40fbcb0 0x7ffbb410aa40 unknown :-1 s=BANNER_CONNECTING pgs=0 cs=0 l=1 rev1=0 rx=0 tx=0)._handle_peer_banner_payload supported=1 required=0
2024-01-21T10:15:21.285 INFO:teuthology.orchestra.run.smithi144.stderr:/usr/bin/ceph:
2024-01-21T10:15:21.280+0000 7ffbb37fe700 1 --2- >> [v2:172.21.15.144:3300/0,v1:172.21.15.144:6789/0] conn(0x7ffbb40fbcb0 0x7ffbb410aa40 unknown :-1 s=HELLO_CONNECTING pgs=0 cs=0 l=1 rev1=1 rx=0 tx=0).handle_hello peer v2:172.21.15.144:3300/0 says I am v2:172.21.15.144:49028/0 (socket says 172.21.15.144:49028)
2024-01-21T10:15:21.285 INFO:teuthology.orchestra.run.smithi144.stderr:/usr/bin/ceph:
2024-01-21T10:15:21.280+0000 7ffbb37fe700 1 -- 172.21.15.144:0/1704083374 learned_addr learned my addr 172.21.15.144:0/1704083374 (peer_addr_for_me v2:172.21.15.144:0/0)
2024-01-21T10:15:21.285 INFO:teuthology.orchestra.run.smithi144.stderr:/usr/bin/ceph:
2024-01-21T10:15:21.280+0000 7ffbb37fe700 1 -- 172.21.15.144:0/1704083374 --> [v2:172.21.15.144:3300/0,v1:172.21.15.144:6789/0] -- mon_subscribe({config=0+,monmap=0+}) v3 -- 0x7ffba800b200 con 0x7ffbb40fbcb0
2024-01-21T10:15:21.285 INFO:teuthology.orchestra.run.smithi144.stderr:/usr/bin/ceph:
2024-01-21T10:15:21.280+0000 7ffbb37fe700 1 --2- 172.21.15.144:0/1704083374 >> [v2:172.21.15.144:3300/0,v1:172.21.15.144:6789/0] conn(0x7ffbb40fbcb0 0x7ffbb410aa40 secure :-1 s=READY pgs=82 cs=0 l=1 rev1=1 rx=0x7ffba800e040 tx=0x7ffba8006ee0).ready entity=mon.0 client_cookie=0 server_cookie=0 in_seq=0 out_seq=0
2024-01-21T10:15:21.285 INFO:teuthology.orchestra.run.smithi144.stderr:/usr/bin/ceph:
2024-01-21T10:15:21.281+0000 7ffb9bfff700 1 -- 172.21.15.144:0/1704083374 <== mon.0 v2:172.21.15.144:3300/0 1 ==== mon_map magic: 0 v1 ==== 229+0+0 (secure 0 0 0) 0x7ffba801b410 con 0x7ffbb40fbcb0
2024-01-21T10:15:21.285 INFO:teuthology.orchestra.run.smithi144.stderr:/usr/bin/ceph:
2024-01-21T10:15:21.281+0000 7ffbb9d57700 1 -- 172.21.15.144:0/1704083374 --> [v2:172.21.15.144:3300/0,v1:172.21.15.144:6789/0] -- mon_subscribe({mgrmap=0+}) v3 -- 0x7ffbb410b130 con 0x7ffbb40fbcb0
2024-01-21T10:15:21.285 INFO:teuthology.orchestra.run.smithi144.stderr:/usr/bin/ceph:
2024-01-21T10:15:21.281+0000 7ffb9bfff700 1 -- 172.21.15.144:0/1704083374 <== mon.0 v2:172.21.15.144:3300/0 2 ==== config(25 keys) v1 ==== 1074+0+0 (secure 0 0 0) 0x7ffba801ba20 con 0x7ffbb40fbcb0
2024-01-21T10:15:21.285 INFO:teuthology.orchestra.run.smithi144.stderr:/usr/bin/ceph:
2024-01-21T10:15:21.281+0000 7ffb9bfff700 1 -- 172.21.15.144:0/1704083374 <== mon.0 v2:172.21.15.144:3300/0 3 ==== mon_map magic: 0 v1 ==== 229+0+0 (secure 0 0 0) 0x7ffba801a910 con 0x7ffbb40fbcb0
2024-01-21T10:15:21.285 INFO:teuthology.orchestra.run.smithi144.stderr:/usr/bin/ceph:
2024-01-21T10:15:21.281+0000 7ffbb9d57700 1 -- 172.21.15.144:0/1704083374 --> [v2:172.21.15.144:3300/0,v1:172.21.15.144:6789/0] -- mon_subscribe({osdmap=0}) v3 -- 0x7ffbb410b540 con 0x7ffbb40fbcb0
2024-01-21T10:15:21.285 INFO:teuthology.orchestra.run.smithi144.stderr:/usr/bin/ceph:
2024-01-21T10:15:21.281+0000 7ffb9bfff700 1 -- 172.21.15.144:0/1704083374 <== mon.0 v2:172.21.15.144:3300/0 4 ==== mgrmap(e 16) v1 ==== 36208+0+0 (secure 0 0 0) 0x7ffba800f070 con 0x7ffbb40fbcb0
2024-01-21T10:15:21.285 INFO:teuthology.orchestra.run.smithi144.stderr:/usr/bin/ceph:
2024-01-21T10:15:21.282+0000 7ffb9bfff700 1 --2- 172.21.15.144:0/1704083374 >> [v2:172.21.15.144:6800/197571111,v1:172.21.15.144:6801/197571111] conn(0x7ffba002feb0 0x7ffba0032370 unknown :-1 s=NONE pgs=0 cs=0 l=1 rev1=0 rx=0 tx=0).connect
2024-01-21T10:15:21.286 INFO:teuthology.orchestra.run.smithi144.stderr:/usr/bin/ceph:
2024-01-21T10:15:21.282+0000 7ffb9bfff700 1 -- 172.21.15.144:0/1704083374 <== mon.0 v2:172.21.15.144:3300/0 5 ==== osd_map(4..4 src has 1..4) v4 ==== 1270+0+0 (secure 0 0 0) 0x7ffba8041300 con 0x7ffbb40fbcb0
2024-01-21T10:15:21.286 INFO:teuthology.orchestra.run.smithi144.stderr:/usr/bin/ceph:
