2024-01-21T11:12:49.246+0000 7ff416ec2700 1 -- --> [v2:172.21.15.89:3300/0,v1:172.21.15.89:6789/0] -- mon_getmap magic: 0 v1 -- 0x7ff4100fc750 con 0x7ff4100703b0
2024-01-21T11:12:49.281 INFO:teuthology.orchestra.run.smithi089.stderr:/usr/bin/ceph:
2024-01-21T11:12:49.246+0000 7ff414c5e700 1 --2- >> [v2:172.21.15.89:3300/0,v1:172.21.15.89:6789/0] conn(0x7ff4100703b0 0x7ff410100d60 unknown :-1 s=BANNER_CONNECTING pgs=0 cs=0 l=0 rev1=0 rx=0 tx=0)._handle_peer_banner_payload supported=1 required=0
2024-01-21T11:12:49.281 INFO:teuthology.orchestra.run.smithi089.stderr:/usr/bin/ceph:
2024-01-21T11:12:49.246+0000 7ff414c5e700 1 --2- >> [v2:172.21.15.89:3300/0,v1:172.21.15.89:6789/0] conn(0x7ff4100703b0 0x7ff410100d60 unknown :-1 s=HELLO_CONNECTING pgs=0 cs=0 l=0 rev1=1 rx=0 tx=0).handle_hello peer v2:172.21.15.89:3300/0 says I am v2:172.21.15.89:50754/0 (socket says 172.21.15.89:50754)
2024-01-21T11:12:49.281 INFO:teuthology.orchestra.run.smithi089.stderr:/usr/bin/ceph:
2024-01-21T11:12:49.246+0000 7ff414c5e700 1 -- 172.21.15.89:0/71435737 learned_addr learned my addr 172.21.15.89:0/71435737 (peer_addr_for_me v2:172.21.15.89:0/0)
2024-01-21T11:12:49.281 INFO:teuthology.orchestra.run.smithi089.stderr:/usr/bin/ceph:
2024-01-21T11:12:49.246+0000 7ff414c5e700 1 -- 172.21.15.89:0/71435737 --> [v2:172.21.15.89:3300/0,v1:172.21.15.89:6789/0] -- mon_subscribe({config=0+,monmap=0+}) v3 -- 0x7ff410101250 con 0x7ff4100703b0
2024-01-21T11:12:49.281 INFO:teuthology.orchestra.run.smithi089.stderr:/usr/bin/ceph:
2024-01-21T11:12:49.247+0000 7ff414c5e700 1 --2- 172.21.15.89:0/71435737 >> [v2:172.21.15.89:3300/0,v1:172.21.15.89:6789/0] conn(0x7ff4100703b0 0x7ff410100d60 secure :-1 s=READY pgs=35 cs=0 l=1 rev1=1 rx=0x7ff40400b5f0 tx=0x7ff404006ee0).ready entity=mon.0 client_cookie=56c4b6b6be5dd580 server_cookie=0 in_seq=0 out_seq=0
2024-01-21T11:12:49.281 INFO:teuthology.orchestra.run.smithi089.stderr:/usr/bin/ceph:
2024-01-21T11:12:49.247+0000 7ff40f7fe700 1 -- 172.21.15.89:0/71435737 <== mon.0 v2:172.21.15.89:3300/0 1 ==== mon_map magic: 0 v1 ==== 229+0+0 (secure 0 0 0) 0x7ff40400d600 con 0x7ff4100703b0
2024-01-21T11:12:49.282 INFO:teuthology.orchestra.run.smithi089.stderr:/usr/bin/ceph:
2024-01-21T11:12:49.247+0000 7ff40f7fe700 1 -- 172.21.15.89:0/71435737 <== mon.0 v2:172.21.15.89:3300/0 2 ==== config(25 keys) v1 ==== 1010+0+0 (secure 0 0 0) 0x7ff40400dbd0 con 0x7ff4100703b0
2024-01-21T11:12:49.282 INFO:teuthology.orchestra.run.smithi089.stderr:/usr/bin/ceph:
2024-01-21T11:12:49.247+0000 7ff40f7fe700 1 -- 172.21.15.89:0/71435737 <== mon.0 v2:172.21.15.89:3300/0 3 ==== mon_map magic: 0 v1 ==== 229+0+0 (secure 0 0 0) 0x7ff404011c00 con 0x7ff4100703b0
2024-01-21T11:12:49.282 INFO:teuthology.orchestra.run.smithi089.stderr:/usr/bin/ceph:
2024-01-21T11:12:49.247+0000 7ff416ec2700 1 -- 172.21.15.89:0/71435737 >> [v2:172.21.15.89:3300/0,v1:172.21.15.89:6789/0] conn(0x7ff4100703b0 msgr2=0x7ff410100d60 secure :-1 s=STATE_CONNECTION_ESTABLISHED l=1).mark_down
2024-01-21T11:12:49.282 INFO:teuthology.orchestra.run.smithi089.stderr:/usr/bin/ceph:
2024-01-21T11:12:49.247+0000 7ff416ec2700 1 --2- 172.21.15.89:0/71435737 >> [v2:172.21.15.89:3300/0,v1:172.21.15.89:6789/0] conn(0x7ff4100703b0 0x7ff410100d60 secure :-1 s=READY pgs=35 cs=0 l=1 rev1=1 rx=0x7ff40400b5f0 tx=0x7ff404006ee0).stop
2024-01-21T11:12:49.282 INFO:teuthology.orchestra.run.smithi089.stderr:/usr/bin/ceph:
2024-01-21T11:12:49.247+0000 7ff416ec2700 1 -- 172.21.15.89:0/71435737 shutdown_connections
2024-01-21T11:12:49.282 INFO:teuthology.orchestra.run.smithi089.stderr:/usr/bin/ceph:
2024-01-21T11:12:49.247+0000 7ff416ec2700 1 --2- 172.21.15.89:0/71435737 >> [v2:172.21.15.89:3300/0,v1:172.21.15.89:6789/0] conn(0x7ff4100703b0 0x7ff410100d60 unknown :-1 s=CLOSED pgs=35 cs=0 l=1 rev1=1 rx=0 tx=0).stop
2024-01-21T11:12:49.282 INFO:teuthology.orchestra.run.smithi089.stderr:/usr/bin/ceph:
2024-01-21T11:12:49.247+0000 7ff416ec2700 1 -- 172.21.15.89:0/71435737 >> 172.21.15.89:0/71435737 conn(0x7ff4100f63c0 msgr2=0x7ff4100f87e0 unknown :-1 s=STATE_NONE l=0).mark_down
2024-01-21T11:12:49.282 INFO:teuthology.orchestra.run.smithi089.stderr:/usr/bin/ceph:
2024-01-21T11:12:49.247+0000 7ff416ec2700 1 -- 172.21.15.89:0/71435737 shutdown_connections
2024-01-21T11:12:49.282 INFO:teuthology.orchestra.run.smithi089.stderr:/usr/bin/ceph:
2024-01-21T11:12:49.247+0000 7ff416ec2700 1 -- 172.21.15.89:0/71435737 wait complete.
2024-01-21T11:12:49.282 INFO:teuthology.orchestra.run.smithi089.stderr:/usr/bin/ceph:
2024-01-21T11:12:49.248+0000 7ff416ec2700 1 Processor -- start
2024-01-21T11:12:49.282 INFO:teuthology.orchestra.run.smithi089.stderr:/usr/bin/ceph:
2024-01-21T11:12:49.248+0000 7ff416ec2700 1 -- start start
2024-01-21T11:12:49.282 INFO:teuthology.orchestra.run.smithi089.stderr:/usr/bin/ceph:
2024-01-21T11:12:49.248+0000 7ff416ec2700 1 --2- >> [v2:172.21.15.89:3300/0,v1:172.21.15.89:6789/0] conn(0x7ff4100703b0 0x7ff41010cc10 unknown :-1 s=NONE pgs=0 cs=0 l=1 rev1=0 rx=0 tx=0).connect
2024-01-21T11:12:49.282 INFO:teuthology.orchestra.run.smithi089.stderr:/usr/bin/ceph:
2024-01-21T11:12:49.248+0000 7ff416ec2700 1 -- --> [v2:172.21.15.89:3300/0,v1:172.21.15.89:6789/0] -- mon_getmap magic: 0 v1 -- 0x7ff41010d100 con 0x7ff4100703b0
2024-01-21T11:12:49.282 INFO:teuthology.orchestra.run.smithi089.stderr:/usr/bin/ceph:
2024-01-21T11:12:49.248+0000 7ff414c5e700 1 --2- >> [v2:172.21.15.89:3300/0,v1:172.21.15.89:6789/0] conn(0x7ff4100703b0 0x7ff41010cc10 unknown :-1 s=BANNER_CONNECTING pgs=0 cs=0 l=1 rev1=0 rx=0 tx=0)._handle_peer_banner_payload supported=1 required=0
2024-01-21T11:12:49.282 INFO:teuthology.orchestra.run.smithi089.stderr:/usr/bin/ceph:
2024-01-21T11:12:49.248+0000 7ff414c5e700 1 --2- >> [v2:172.21.15.89:3300/0,v1:172.21.15.89:6789/0] conn(0x7ff4100703b0 0x7ff41010cc10 unknown :-1 s=HELLO_CONNECTING pgs=0 cs=0 l=1 rev1=1 rx=0 tx=0).handle_hello peer v2:172.21.15.89:3300/0 says I am v2:172.21.15.89:50766/0 (socket says 172.21.15.89:50766)
2024-01-21T11:12:49.283 INFO:teuthology.orchestra.run.smithi089.stderr:/usr/bin/ceph:
2024-01-21T11:12:49.248+0000 7ff414c5e700 1 -- 172.21.15.89:0/3207589274 learned_addr learned my addr 172.21.15.89:0/3207589274 (peer_addr_for_me v2:172.21.15.89:0/0)
2024-01-21T11:12:49.283 INFO:teuthology.orchestra.run.smithi089.stderr:/usr/bin/ceph:
2024-01-21T11:12:49.249+0000 7ff414c5e700 1 -- 172.21.15.89:0/3207589274 --> [v2:172.21.15.89:3300/0,v1:172.21.15.89:6789/0] -- mon_subscribe({config=0+,monmap=0+}) v3 -- 0x7ff40400b200 con 0x7ff4100703b0
2024-01-21T11:12:49.283 INFO:teuthology.orchestra.run.smithi089.stderr:/usr/bin/ceph:
2024-01-21T11:12:49.249+0000 7ff414c5e700 1 --2- 172.21.15.89:0/3207589274 >> [v2:172.21.15.89:3300/0,v1:172.21.15.89:6789/0] conn(0x7ff4100703b0 0x7ff41010cc10 secure :-1 s=READY pgs=36 cs=0 l=1 rev1=1 rx=0x7ff40400b190 tx=0x7ff404006ee0).ready entity=mon.0 client_cookie=0 server_cookie=0 in_seq=0 out_seq=0
2024-01-21T11:12:49.283 INFO:teuthology.orchestra.run.smithi089.stderr:/usr/bin/ceph:
2024-01-21T11:12:49.249+0000 7ff40d7fa700 1 -- 172.21.15.89:0/3207589274 <== mon.0 v2:172.21.15.89:3300/0 1 ==== mon_map magic: 0 v1 ==== 229+0+0 (secure 0 0 0) 0x7ff40401b410 con 0x7ff4100703b0
2024-01-21T11:12:49.283 INFO:teuthology.orchestra.run.smithi089.stderr:/usr/bin/ceph:
2024-01-21T11:12:49.249+0000 7ff40d7fa700 1 -- 172.21.15.89:0/3207589274 <== mon.0 v2:172.21.15.89:3300/0 2 ==== config(25 keys) v1 ==== 1010+0+0 (secure 0 0 0) 0x7ff40401b9e0 con 0x7ff4100703b0
2024-01-21T11:12:49.283 INFO:teuthology.orchestra.run.smithi089.stderr:/usr/bin/ceph:
2024-01-21T11:12:49.249+0000 7ff416ec2700 1 -- 172.21.15.89:0/3207589274 --> [v2:172.21.15.89:3300/0,v1:172.21.15.89:6789/0] -- mon_subscribe({mgrmap=0+}) v3 -- 0x7ff41010d300 con 0x7ff4100703b0
2024-01-21T11:12:49.283 INFO:teuthology.orchestra.run.smithi089.stderr:/usr/bin/ceph:
2024-01-21T11:12:49.249+0000 7ff40d7fa700 1 -- 172.21.15.89:0/3207589274 <== mon.0 v2:172.21.15.89:3300/0 3 ==== mon_map magic: 0 v1 ==== 229+0+0 (secure 0 0 0) 0x7ff40401a880 con 0x7ff4100703b0
2024-01-21T11:12:49.283 INFO:teuthology.orchestra.run.smithi089.stderr:/usr/bin/ceph:
2024-01-21T11:12:49.249+0000 7ff416ec2700 1 -- 172.21.15.89:0/3207589274 --> [v2:172.21.15.89:3300/0,v1:172.21.15.89:6789/0] -- mon_subscribe({osdmap=0}) v3 -- 0x7ff41010d710 con 0x7ff4100703b0
2024-01-21T11:12:49.283 INFO:teuthology.orchestra.run.smithi089.stderr:/usr/bin/ceph:
2024-01-21T11:12:49.249+0000 7ff40d7fa700 1 -- 172.21.15.89:0/3207589274 <== mon.0 v2:172.21.15.89:3300/0 4 ==== mgrmap(e 7) v1 ==== 36120+0+0 (secure 0 0 0) 0x7ff40400f070 con 0x7ff4100703b0
2024-01-21T11:12:49.283 INFO:teuthology.orchestra.run.smithi089.stderr:/usr/bin/ceph:
2024-01-21T11:12:49.250+0000 7ff40d7fa700 1 --2- 172.21.15.89:0/3207589274 >> [v2:172.21.15.89:6800/4200893972,v1:172.21.15.89:6801/4200893972] conn(0x7ff3f402fd50 0x7ff3f4032210 unknown :-1 s=NONE pgs=0 cs=0 l=1 rev1=0 rx=0 tx=0).connect
2024-01-21T11:12:49.283 INFO:teuthology.orchestra.run.smithi089.stderr:/usr/bin/ceph:
2024-01-21T11:12:49.250+0000 7ff40d7fa700 1 -- 172.21.15.89:0/3207589274 <== mon.0 v2:172.21.15.89:3300/0 5 ==== osd_map(2..2 src has 1..2) v4 ==== 926+0+0 (secure 0 0 0) 0x7ff404041270 con 0x7ff4100703b0
2024-01-21T11:12:49.283 INFO:teuthology.orchestra.run.smithi089.stderr:/usr/bin/ceph:
2024-01-21T11:12:49.250+0000 7ff40ffff700 1 --2- 172.21.15.89:0/3207589274 >> [v2:172.21.15.89:6800/4200893972,v1:172.21.15.89:6801/4200893972] conn(0x7ff3f402fd50 0x7ff3f4032210 unknown :-1 s=BANNER_CONNECTING pgs=0 cs=0 l=1 rev1=0 rx=0 tx=0)._handle_peer_banner_payload supported=1 required=0
2024-01-21T11:12:49.283 INFO:teuthology.orchestra.run.smithi089.stderr:/usr/bin/ceph:
2024-01-21T11:12:49.250+0000 7ff416ec2700 1 -- 172.21.15.89:0/3207589274 --> [v2:172.21.15.89:3300/0,v1:172.21.15.89:6789/0] -- mon_command({"prefix": "get_command_descriptions"} v 0) v1 -- 0x7ff410059100 con 0x7ff4100703b0
2024-01-21T11:12:49.284 INFO:teuthology.orchestra.run.smithi089.stderr:/usr/bin/ceph:
2024-01-21T11:12:49.250+0000 7ff40ffff700 1 --2- 172.21.15.89:0/3207589274 >> [v2:172.21.15.89:6800/4200893972,v1:172.21.15.89:6801/4200893972] conn(0x7ff3f402fd50 0x7ff3f4032210 secure :-1 s=READY pgs=9 cs=0 l=1 rev1=1 rx=0x7ff3fc0096a0 tx=0x7ff3fc006b40).ready entity=mgr.14114 client_cookie=0 server_cookie=0 in_seq=0 out_seq=0
2024-01-21T11:12:49.284 INFO:teuthology.orchestra.run.smithi089.stderr:/usr/bin/ceph:
2024-01-21T11:12:49.254+0000 7ff40d7fa700 1 -- 172.21.15.89:0/3207589274 <== mon.0 v2:172.21.15.89:3300/0 6 ==== mon_command_ack([{"prefix": "get_command_descriptions"}]=0 v0) v1 ==== 72+0+152212 (secure 0 0 0) 0x7ff404010360 con 0x7ff4100703b0
2024-01-21T11:12:49.408 INFO:teuthology.orchestra.run.smithi089.stderr:/usr/bin/ceph:
2024-01-21T11:12:49.406+0000 7ff416ec2700 1 -- 172.21.15.89:0/3207589274 --> [v2:172.21.15.89:6800/4200893972,v1:172.21.15.89:6801/4200893972] -- mgr_command(tid 0: {"prefix": "cephadm get-pub-key", "target": ["mon-mgr", ""]}) v1 -- 0x7ff410106b40 con 0x7ff3f402fd50
2024-01-21T11:12:49.408 INFO:teuthology.orchestra.run.smithi089.stderr:/usr/bin/ceph:
2024-01-21T11:12:49.407+0000 7ff40d7fa700 1 -- 172.21.15.89:0/3207589274 <== mgr.14114 v2:172.21.15.89:6800/4200893972 1 ==== mgr_command_reply(tid 0: 0 ) v1 ==== 8+0+595 (secure 0 0 0) 0x7ff410106b40 con 0x7ff3f402fd50
2024-01-21T11:12:49.408 INFO:teuthology.orchestra.run.smithi089.stderr:/usr/bin/ceph: ssh-rsa AAAAB3NzaC1yc2EAAAADAQABAAABgQC6RXUIL8Xg+b0/51yl7ZAP3B9qqPCEfNMYVGtf8CQT29EmHL8rYqt/z4gQo/jgGPVNj7X4BVfQu7zL6RcCaB1204imTZXTnwzUYNixZPD2iB4fHQ21RDyRfZACoHztyo/naOP8mm6MZHwrXgEjjAScnbDpWGou5h46B3N1YLyFlAqHLYx3cQ8rlu4xgpQGDl8+5EzICawC1KyMsuDLawaFAh5TFQnOCVAitSJgZ8c3ZGnNBtAEQ0HmDa5f1BWh8+ZOr7jJa/rxdhrQ7LBOFNUVvMZCFhmkQrO8fu6gjZUmzlbia2fYojH7FwqELPZNY6qVQCyT1Pc/ELn0CzdfIJKb/Ku9FfDraOdONjLrmwlgo5Y1+bGH13X5oBQwvurn5nevo/Z2uPJ56hn+ygPShA0cMTNURjStOWS/ra6yd6AMtKHZCd/BHtj8Pc6atfpiLYDMkiwdTAE+kAGI+ISmDsekTqjG1lCoMtmiMCNUHNhr2sicaCR16asDfwtdJXP/8h8= ceph-e44d1d4c-b84d-11ee-95b0-87774f69a715
2024-01-21T11:12:49.410 INFO:teuthology.orchestra.run.smithi089.stderr:/usr/bin/ceph:
2024-01-21T11:12:49.409+0000 7ff416ec2700 1 -- 172.21.15.89:0/3207589274 >> [v2:172.21.15.89:6800/4200893972,v1:172.21.15.89:6801/4200893972] conn(0x7ff3f402fd50 msgr2=0x7ff3f4032210 secure :-1 s=STATE_CONNECTION_ESTABLISHED l=1).mark_down
2024-01-21T11:12:49.410 INFO:teuthology.orchestra.run.smithi089.stderr:/usr/bin/ceph:
2024-01-21T11:12:49.409+0000 7ff416ec2700 1 --2- 172.21.15.89:0/3207589274 >> [v2:172.21.15.89:6800/4200893972,v1:172.21.15.89:6801/4200893972] conn(0x7ff3f402fd50 0x7ff3f4032210 secure :-1 s=READY pgs=9 cs=0 l=1 rev1=1 rx=0x7ff3fc0096a0 tx=0x7ff3fc006b40).stop
2024-01-21T11:12:49.410 INFO:teuthology.orchestra.run.smithi089.stderr:/usr/bin/ceph:
2024-01-21T11:12:49.409+0000 7ff416ec2700 1 -- 172.21.15.89:0/3207589274 >> [v2:172.21.15.89:3300/0,v1:172.21.15.89:6789/0] conn(0x7ff4100703b0 msgr2=0x7ff41010cc10 secure :-1 s=STATE_CONNECTION_ESTABLISHED l=1).mark_down
2024-01-21T11:12:49.410 INFO:teuthology.orchestra.run.smithi089.stderr:/usr/bin/ceph:
2024-01-21T11:12:49.409+0000 7ff416ec2700 1 --2- 172.21.15.89:0/3207589274 >> [v2:172.21.15.89:3300/0,v1:172.21.15.89:6789/0] conn(0x7ff4100703b0 0x7ff41010cc10 secure :-1 s=READY pgs=36 cs=0 l=1 rev1=1 rx=0x7ff40400b190 tx=0x7ff404006ee0).stop
2024-01-21T11:12:49.411 INFO:teuthology.orchestra.run.smithi089.stderr:/usr/bin/ceph:
2024-01-21T11:12:49.409+0000 7ff416ec2700 1 -- 172.21.15.89:0/3207589274 shutdown_connections
2024-01-21T11:12:49.411 INFO:teuthology.orchestra.run.smithi089.stderr:/usr/bin/ceph:
2024-01-21T11:12:49.409+0000 7ff416ec2700 1 --2- 172.21.15.89:0/3207589274 >> [v2:172.21.15.89:6800/4200893972,v1:172.21.15.89:6801/4200893972] conn(0x7ff3f402fd50 0x7ff3f4032210 unknown :-1 s=CLOSED pgs=9 cs=0 l=1 rev1=1 rx=0 tx=0).stop
2024-01-21T11:12:49.411 INFO:teuthology.orchestra.run.smithi089.stderr:/usr/bin/ceph:
2024-01-21T11:12:49.409+0000 7ff416ec2700 1 --2- 172.21.15.89:0/3207589274 >> [v2:172.21.15.89:3300/0,v1:172.21.15.89:6789/0] conn(0x7ff4100703b0 0x7ff41010cc10 unknown :-1 s=CLOSED pgs=36 cs=0 l=1 rev1=1 rx=0 tx=0).stop
2024-01-21T11:12:49.411 INFO:teuthology.orchestra.run.smithi089.stderr:/usr/bin/ceph:
2024-01-21T11:12:49.409+0000 7ff416ec2700 1 -- 172.21.15.89:0/3207589274 >> 172.21.15.89:0/3207589274 conn(0x7ff4100f63c0 msgr2=0x7ff4100f7ef0 unknown :-1 s=STATE_NONE l=0).mark_down
2024-01-21T11:12:49.411 INFO:teuthology.orchestra.run.smithi089.stderr:/usr/bin/ceph:
2024-01-21T11:12:49.409+0000 7ff416ec2700 1 -- 172.21.15.89:0/3207589274 shutdown_connections
2024-01-21T11:12:49.411 INFO:teuthology.orchestra.run.smithi089.stderr:/usr/bin/ceph:
2024-01-21T11:12:49.409+0000 7ff416ec2700 1 -- 172.21.15.89:0/3207589274 wait complete.
2024-01-21T11:12:50.934 INFO:journalctl@ceph.mon.smithi089.smithi089.stdout:Jan 21 11:12:50 smithi089 ceph-e44d1d4c-b84d-11ee-95b0-87774f69a715-mon.smithi089[38842]: audit
2024-01-21T11:12:49.408884+0000 mgr.smithi089.ufybqw (mgr.14114) 7 : audit [DBG] from='client.14130 -' entity='client.admin' cmd=[{"prefix": "cephadm get-pub-key", "target": ["mon-mgr", ""]}]: dispatch
2024-01-21T11:12:51.059 INFO:teuthology.orchestra.run.smithi089.stderr:Wrote public SSH key to /home/ubuntu/cephtest/ceph.pub
2024-01-21T11:12:51.059 INFO:teuthology.orchestra.run.smithi089.stderr:Adding key to root@localhost authorized_keys...
2024-01-21T11:12:51.060 INFO:teuthology.orchestra.run.smithi089.stderr:Adding host smithi089...
2024-01-21T11:12:51.060 INFO:teuthology.orchestra.run.smithi089.stderr:Running command: /bin/podman run --rm --ipc=host --no-hosts --net=host --entrypoint /usr/bin/ceph --init -e CONTAINER_IMAGE=docker.io/ceph/ceph:v16.2.4 -e NODE_NAME=smithi089 -e CEPH_USE_RANDOM_NONCE=1 -v /var/log/ceph/e44d1d4c-b84d-11ee-95b0-87774f69a715:/var/log/ceph:z -v /tmp/ceph-tmp_kl5xgo3:/etc/ceph/ceph.client.admin.keyring:z -v /tmp/ceph-tmpr76ygqdl:/etc/ceph/ceph.conf:z docker.io/ceph/ceph:v16.2.4 orch host add smithi089 172.21.15.89
2024-01-21T11:12:52.191 INFO:teuthology.orchestra.run.smithi089.stderr:/usr/bin/ceph:
2024-01-21T11:12:52.188+0000 7f51c34df700 1 Processor -- start
2024-01-21T11:12:52.191 INFO:teuthology.orchestra.run.smithi089.stderr:/usr/bin/ceph:
2024-01-21T11:12:52.188+0000 7f51c34df700 1 -- start start
2024-01-21T11:12:52.191 INFO:teuthology.orchestra.run.smithi089.stderr:/usr/bin/ceph:
2024-01-21T11:12:52.188+0000 7f51c34df700 1 --2- >> [v2:172.21.15.89:3300/0,v1:172.21.15.89:6789/0] conn(0x7f51bc0703d0 0x7f51bc100d40 unknown :-1 s=NONE pgs=0 cs=0 l=0 rev1=0 rx=0 tx=0).connect
2024-01-21T11:12:52.192 INFO:teuthology.orchestra.run.smithi089.stderr:/usr/bin/ceph:
2024-01-21T11:12:52.188+0000 7f51c34df700 1 -- --> [v2:172.21.15.89:3300/0,v1:172.21.15.89:6789/0] -- mon_getmap magic: 0 v1 -- 0x7f51bc0fc730 con 0x7f51bc0703d0
2024-01-21T11:12:52.192 INFO:teuthology.orchestra.run.smithi089.stderr:/usr/bin/ceph:
2024-01-21T11:12:52.189+0000 7f51c127b700 1 --2- >> [v2:172.21.15.89:3300/0,v1:172.21.15.89:6789/0] conn(0x7f51bc0703d0 0x7f51bc100d40 unknown :-1 s=BANNER_CONNECTING pgs=0 cs=0 l=0 rev1=0 rx=0 tx=0)._handle_peer_banner_payload supported=1 required=0
2024-01-21T11:12:52.192 INFO:teuthology.orchestra.run.smithi089.stderr:/usr/bin/ceph:
2024-01-21T11:12:52.189+0000 7f51c127b700 1 --2- >> [v2:172.21.15.89:3300/0,v1:172.21.15.89:6789/0] conn(0x7f51bc0703d0 0x7f51bc100d40 unknown :-1 s=HELLO_CONNECTING pgs=0 cs=0 l=0 rev1=1 rx=0 tx=0).handle_hello peer v2:172.21.15.89:3300/0 says I am v2:172.21.15.89:51280/0 (socket says 172.21.15.89:51280)
2024-01-21T11:12:52.192 INFO:teuthology.orchestra.run.smithi089.stderr:/usr/bin/ceph:
2024-01-21T11:12:52.189+0000 7f51c127b700 1 -- 172.21.15.89:0/2016905300 learned_addr learned my addr 172.21.15.89:0/2016905300 (peer_addr_for_me v2:172.21.15.89:0/0)
2024-01-21T11:12:52.192 INFO:teuthology.orchestra.run.smithi089.stderr:/usr/bin/ceph:
2024-01-21T11:12:52.189+0000 7f51c127b700 1 -- 172.21.15.89:0/2016905300 --> [v2:172.21.15.89:3300/0,v1:172.21.15.89:6789/0] -- mon_subscribe({config=0+,monmap=0+}) v3 -- 0x7f51bc101230 con 0x7f51bc0703d0
2024-01-21T11:12:52.192 INFO:teuthology.orchestra.run.smithi089.stderr:/usr/bin/ceph:
2024-01-21T11:12:52.189+0000 7f51c127b700 1 --2- 172.21.15.89:0/2016905300 >> [v2:172.21.15.89:3300/0,v1:172.21.15.89:6789/0] conn(0x7f51bc0703d0 0x7f51bc100d40 secure :-1 s=READY pgs=37 cs=0 l=1 rev1=1 rx=0x7f51ac00b5f0 tx=0x7f51ac006ee0).ready entity=mon.0 client_cookie=8103b8fbb2be7b14 server_cookie=0 in_seq=0 out_seq=0
2024-01-21T11:12:52.192 INFO:teuthology.orchestra.run.smithi089.stderr:/usr/bin/ceph:
2024-01-21T11:12:52.189+0000 7f51abfff700 1 -- 172.21.15.89:0/2016905300 <== mon.0 v2:172.21.15.89:3300/0 1 ==== mon_map magic: 0 v1 ==== 229+0+0 (secure 0 0 0) 0x7f51ac00d600 con 0x7f51bc0703d0
2024-01-21T11:12:52.192 INFO:teuthology.orchestra.run.smithi089.stderr:/usr/bin/ceph:
2024-01-21T11:12:52.189+0000 7f51abfff700 1 -- 172.21.15.89:0/2016905300 <== mon.0 v2:172.21.15.89:3300/0 2 ==== config(25 keys) v1 ==== 1010+0+0 (secure 0 0 0) 0x7f51ac00dbd0 con 0x7f51bc0703d0
2024-01-21T11:12:52.192 INFO:teuthology.orchestra.run.smithi089.stderr:/usr/bin/ceph:
2024-01-21T11:12:52.189+0000 7f51abfff700 1 -- 172.21.15.89:0/2016905300 <== mon.0 v2:172.21.15.89:3300/0 3 ==== mon_map magic: 0 v1 ==== 229+0+0 (secure 0 0 0) 0x7f51ac011c00 con 0x7f51bc0703d0
2024-01-21T11:12:52.192 INFO:teuthology.orchestra.run.smithi089.stderr:/usr/bin/ceph:
2024-01-21T11:12:52.190+0000 7f51c34df700 1 -- 172.21.15.89:0/2016905300 >> [v2:172.21.15.89:3300/0,v1:172.21.15.89:6789/0] conn(0x7f51bc0703d0 msgr2=0x7f51bc100d40 secure :-1 s=STATE_CONNECTION_ESTABLISHED l=1).mark_down
2024-01-21T11:12:52.192 INFO:teuthology.orchestra.run.smithi089.stderr:/usr/bin/ceph:
2024-01-21T11:12:52.190+0000 7f51c34df700 1 --2- 172.21.15.89:0/2016905300 >> [v2:172.21.15.89:3300/0,v1:172.21.15.89:6789/0] conn(0x7f51bc0703d0 0x7f51bc100d40 secure :-1 s=READY pgs=37 cs=0 l=1 rev1=1 rx=0x7f51ac00b5f0 tx=0x7f51ac006ee0).stop
2024-01-21T11:12:52.192 INFO:teuthology.orchestra.run.smithi089.stderr:/usr/bin/ceph:
2024-01-21T11:12:52.190+0000 7f51c34df700 1 -- 172.21.15.89:0/2016905300 shutdown_connections
2024-01-21T11:12:52.192 INFO:teuthology.orchestra.run.smithi089.stderr:/usr/bin/ceph:
2024-01-21T11:12:52.190+0000 7f51c34df700 1 --2- 172.21.15.89:0/2016905300 >> [v2:172.21.15.89:3300/0,v1:172.21.15.89:6789/0] conn(0x7f51bc0703d0 0x7f51bc100d40 unknown :-1 s=CLOSED pgs=37 cs=0 l=1 rev1=1 rx=0 tx=0).stop
2024-01-21T11:12:52.193 INFO:teuthology.orchestra.run.smithi089.stderr:/usr/bin/ceph:
2024-01-21T11:12:52.190+0000 7f51c34df700 1 -- 172.21.15.89:0/2016905300 >> 172.21.15.89:0/2016905300 conn(0x7f51bc0f63c0 msgr2=0x7f51bc0f87e0 unknown :-1 s=STATE_NONE l=0).mark_down
2024-01-21T11:12:52.193 INFO:teuthology.orchestra.run.smithi089.stderr:/usr/bin/ceph:
2024-01-21T11:12:52.190+0000 7f51c34df700 1 -- 172.21.15.89:0/2016905300 shutdown_connections
2024-01-21T11:12:52.193 INFO:teuthology.orchestra.run.smithi089.stderr:/usr/bin/ceph:
2024-01-21T11:12:52.190+0000 7f51c34df700 1 -- 172.21.15.89:0/2016905300 wait complete.
2024-01-21T11:12:52.195 INFO:teuthology.orchestra.run.smithi089.stderr:/usr/bin/ceph:
2024-01-21T11:12:52.191+0000 7f51c34df700 1 Processor -- start
2024-01-21T11:12:52.195 INFO:teuthology.orchestra.run.smithi089.stderr:/usr/bin/ceph:
2024-01-21T11:12:52.191+0000 7f51c34df700 1 -- start start
2024-01-21T11:12:52.195 INFO:teuthology.orchestra.run.smithi089.stderr:/usr/bin/ceph:
2024-01-21T11:12:52.191+0000 7f51c34df700 1 --2- >> [v2:172.21.15.89:3300/0,v1:172.21.15.89:6789/0] conn(0x7f51bc0703d0 0x7f51bc10cbb0 unknown :-1 s=NONE pgs=0 cs=0 l=1 rev1=0 rx=0 tx=0).connect
2024-01-21T11:12:52.195 INFO:teuthology.orchestra.run.smithi089.stderr:/usr/bin/ceph:
2024-01-21T11:12:52.191+0000 7f51c34df700 1 -- --> [v2:172.21.15.89:3300/0,v1:172.21.15.89:6789/0] -- mon_getmap magic: 0 v1 -- 0x7f51bc10d0a0 con 0x7f51bc0703d0
2024-01-21T11:12:52.195 INFO:teuthology.orchestra.run.smithi089.stderr:/usr/bin/ceph:
2024-01-21T11:12:52.191+0000 7f51c127b700 1 --2- >> [v2:172.21.15.89:3300/0,v1:172.21.15.89:6789/0] conn(0x7f51bc0703d0 0x7f51bc10cbb0 unknown :-1 s=BANNER_CONNECTING pgs=0 cs=0 l=1 rev1=0 rx=0 tx=0)._handle_peer_banner_payload supported=1 required=0
2024-01-21T11:12:52.195 INFO:teuthology.orchestra.run.smithi089.stderr:/usr/bin/ceph:
2024-01-21T11:12:52.191+0000 7f51c127b700 1 --2- >> [v2:172.21.15.89:3300/0,v1:172.21.15.89:6789/0] conn(0x7f51bc0703d0 0x7f51bc10cbb0 unknown :-1 s=HELLO_CONNECTING pgs=0 cs=0 l=1 rev1=1 rx=0 tx=0).handle_hello peer v2:172.21.15.89:3300/0 says I am v2:172.21.15.89:51292/0 (socket says 172.21.15.89:51292)
2024-01-21T11:12:52.195 INFO:teuthology.orchestra.run.smithi089.stderr:/usr/bin/ceph:
2024-01-21T11:12:52.191+0000 7f51c127b700 1 -- 172.21.15.89:0/360525988 learned_addr learned my addr 172.21.15.89:0/360525988 (peer_addr_for_me v2:172.21.15.89:0/0)
2024-01-21T11:12:52.195 INFO:teuthology.orchestra.run.smithi089.stderr:/usr/bin/ceph:
2024-01-21T11:12:52.191+0000 7f51c127b700 1 -- 172.21.15.89:0/360525988 --> [v2:172.21.15.89:3300/0,v1:172.21.15.89:6789/0] -- mon_subscribe({config=0+,monmap=0+}) v3 -- 0x7f51ac00b200 con 0x7f51bc0703d0
2024-01-21T11:12:52.196 INFO:teuthology.orchestra.run.smithi089.stderr:/usr/bin/ceph:
2024-01-21T11:12:52.192+0000 7f51c127b700 1 --2- 172.21.15.89:0/360525988 >> [v2:172.21.15.89:3300/0,v1:172.21.15.89:6789/0] conn(0x7f51bc0703d0 0x7f51bc10cbb0 secure :-1 s=READY pgs=38 cs=0 l=1 rev1=1 rx=0x7f51ac00b190 tx=0x7f51ac006ee0).ready entity=mon.0 client_cookie=0 server_cookie=0 in_seq=0 out_seq=0
2024-01-21T11:12:52.196 INFO:teuthology.orchestra.run.smithi089.stderr:/usr/bin/ceph:
2024-01-21T11:12:52.192+0000 7f51a9ffb700 1 -- 172.21.15.89:0/360525988 <== mon.0 v2:172.21.15.89:3300/0 1 ==== mon_map magic: 0 v1 ==== 229+0+0 (secure 0 0 0) 0x7f51ac01b410 con 0x7f51bc0703d0
2024-01-21T11:12:52.196 INFO:teuthology.orchestra.run.smithi089.stderr:/usr/bin/ceph:
2024-01-21T11:12:52.192+0000 7f51a9ffb700 1 -- 172.21.15.89:0/360525988 <== mon.0 v2:172.21.15.89:3300/0 2 ==== config(25 keys) v1 ==== 1010+0+0 (secure 0 0 0) 0x7f51ac01b9e0 con 0x7f51bc0703d0
2024-01-21T11:12:52.196 INFO:teuthology.orchestra.run.smithi089.stderr:/usr/bin/ceph:
2024-01-21T11:12:52.192+0000 7f51a9ffb700 1 -- 172.21.15.89:0/360525988 <== mon.0 v2:172.21.15.89:3300/0 3 ==== mon_map magic: 0 v1 ==== 229+0+0 (secure 0 0 0) 0x7f51ac01a880 con 0x7f51bc0703d0
2024-01-21T11:12:52.196 INFO:teuthology.orchestra.run.smithi089.stderr:/usr/bin/ceph:
2024-01-21T11:12:52.192+0000 7f51c34df700 1 -- 172.21.15.89:0/360525988 --> [v2:172.21.15.89:3300/0,v1:172.21.15.89:6789/0] -- mon_subscribe({mgrmap=0+}) v3 -- 0x7f51bc10d2a0 con 0x7f51bc0703d0
2024-01-21T11:12:52.196 INFO:teuthology.orchestra.run.smithi089.stderr:/usr/bin/ceph:
2024-01-21T11:12:52.192+0000 7f51c34df700 1 -- 172.21.15.89:0/360525988 --> [v2:172.21.15.89:3300/0,v1:172.21.15.89:6789/0] -- mon_subscribe({osdmap=0}) v3 -- 0x7f51bc10d6b0 con 0x7f51bc0703d0
2024-01-21T11:12:52.196 INFO:teuthology.orchestra.run.smithi089.stderr:/usr/bin/ceph:
2024-01-21T11:12:52.193+0000 7f51a9ffb700 1 -- 172.21.15.89:0/360525988 <== mon.0 v2:172.21.15.89:3300/0 4 ==== mgrmap(e 7) v1 ==== 36120+0+0 (secure 0 0 0) 0x7f51ac00f070 con 0x7f51bc0703d0
2024-01-21T11:12:52.196 INFO:teuthology.orchestra.run.smithi089.stderr:/usr/bin/ceph:
2024-01-21T11:12:52.193+0000 7f51a9ffb700 1 --2- 172.21.15.89:0/360525988 >> [v2:172.21.15.89:6800/4200893972,v1:172.21.15.89:6801/4200893972] conn(0x7f51a402fd50 0x7f51a4032210 unknown :-1 s=NONE pgs=0 cs=0 l=1 rev1=0 rx=0 tx=0).connect
2024-01-21T11:12:52.196 INFO:teuthology.orchestra.run.smithi089.stderr:/usr/bin/ceph:
2024-01-21T11:12:52.193+0000 7f51a9ffb700 1 -- 172.21.15.89:0/360525988 <== mon.0 v2:172.21.15.89:3300/0 5 ==== osd_map(2..2 src has 1..2) v4 ==== 926+0+0 (secure 0 0 0) 0x7f51ac041290 con 0x7f51bc0703d0
2024-01-21T11:12:52.196 INFO:teuthology.orchestra.run.smithi089.stderr:/usr/bin/ceph:
2024-01-21T11:12:52.193+0000 7f51c34df700 1 -- 172.21.15.89:0/360525988 --> [v2:172.21.15.89:3300/0,v1:172.21.15.89:6789/0] -- mon_command({"prefix": "get_command_descriptions"} v 0) v1 -- 0x7f51bc045ad0 con 0x7f51bc0703d0
2024-01-21T11:12:52.196 INFO:teuthology.orchestra.run.smithi089.stderr:/usr/bin/ceph:
2024-01-21T11:12:52.193+0000 7f51c0a7a700 1 --2- 172.21.15.89:0/360525988 >> [v2:172.21.15.89:6800/4200893972,v1:172.21.15.89:6801/4200893972] conn(0x7f51a402fd50 0x7f51a4032210 unknown :-1 s=BANNER_CONNECTING pgs=0 cs=0 l=1 rev1=0 rx=0 tx=0)._handle_peer_banner_payload supported=1 required=0
2024-01-21T11:12:52.196 INFO:teuthology.orchestra.run.smithi089.stderr:/usr/bin/ceph:
2024-01-21T11:12:52.193+0000 7f51c0a7a700 1 --2- 172.21.15.89:0/360525988 >> [v2:172.21.15.89:6800/4200893972,v1:172.21.15.89:6801/4200893972] conn(0x7f51a402fd50 0x7f51a4032210 secure :-1 s=READY pgs=10 cs=0 l=1 rev1=1 rx=0x7f51b80096a0 tx=0x7f51b8006b40).ready entity=mgr.14114 client_cookie=0 server_cookie=0 in_seq=0 out_seq=0
2024-01-21T11:12:52.198 INFO:teuthology.orchestra.run.smithi089.stderr:/usr/bin/ceph:
2024-01-21T11:12:52.197+0000 7f51a9ffb700 1 -- 172.21.15.89:0/360525988 <== mon.0 v2:172.21.15.89:3300/0 6 ==== mon_command_ack([{"prefix": "get_command_descriptions"}]=0 v0) v1 ==== 72+0+152212 (secure 0 0 0) 0x7f51ac016080 con 0x7f51bc0703d0
2024-01-21T11:12:52.368 INFO:teuthology.orchestra.run.smithi089.stderr:/usr/bin/ceph:
2024-01-21T11:12:52.367+0000 7f51c34df700 1 -- 172.21.15.89:0/360525988 --> [v2:172.21.15.89:6800/4200893972,v1:172.21.15.89:6801/4200893972] -- mgr_command(tid 0: {"prefix": "orch host add", "hostname": "smithi089", "addr": "172.21.15.89", "target": ["mon-mgr", ""]}) v1 -- 0x7f51bc106b30 con 0x7f51a402fd50
2024-01-21T11:12:52.959 INFO:teuthology.orchestra.run.smithi089.stderr:/usr/bin/ceph: Added host 'smithi089'
2024-01-21T11:12:52.959 INFO:teuthology.orchestra.run.smithi089.stderr:/usr/bin/ceph:
2024-01-21T11:12:52.957+0000 7f51a9ffb700 1 -- 172.21.15.89:0/360525988 <== mgr.14114 v2:172.21.15.89:6800/4200893972 1 ==== mgr_command_reply(tid 0: 0 ) v1 ==== 8+0+23 (secure 0 0 0) 0x7f51bc106b30 con 0x7f51a402fd50
2024-01-21T11:12:52.961 INFO:teuthology.orchestra.run.smithi089.stderr:/usr/bin/ceph:
2024-01-21T11:12:52.960+0000 7f51c34df700 1 -- 172.21.15.89:0/360525988 >> [v2:172.21.15.89:6800/4200893972,v1:172.21.15.89:6801/4200893972] conn(0x7f51a402fd50 msgr2=0x7f51a4032210 secure :-1 s=STATE_CONNECTION_ESTABLISHED l=1).mark_down
2024-01-21T11:12:52.962 INFO:teuthology.orchestra.run.smithi089.stderr:/usr/bin/ceph:
2024-01-21T11:12:52.960+0000 7f51c34df700 1 --2- 172.21.15.89:0/360525988 >> [v2:172.21.15.89:6800/4200893972,v1:172.21.15.89:6801/4200893972] conn(0x7f51a402fd50 0x7f51a4032210 secure :-1 s=READY pgs=10 cs=0 l=1 rev1=1 rx=0x7f51b80096a0 tx=0x7f51b8006b40).stop
2024-01-21T11:12:52.962 INFO:teuthology.orchestra.run.smithi089.stderr:/usr/bin/ceph:
2024-01-21T11:12:52.960+0000 7f51c34df700 1 -- 172.21.15.89:0/360525988 >> [v2:172.21.15.89:3300/0,v1:172.21.15.89:6789/0] conn(0x7f51bc0703d0 msgr2=0x7f51bc10cbb0 secure :-1 s=STATE_CONNECTION_ESTABLISHED l=1).mark_down
2024-01-21T11:12:52.962 INFO:teuthology.orchestra.run.smithi089.stderr:/usr/bin/ceph:
2024-01-21T11:12:52.960+0000 7f51c34df700 1 --2- 172.21.15.89:0/360525988 >> [v2:172.21.15.89:3300/0,v1:172.21.15.89:6789/0] conn(0x7f51bc0703d0 0x7f51bc10cbb0 secure :-1 s=READY pgs=38 cs=0 l=1 rev1=1 rx=0x7f51ac00b190 tx=0x7f51ac006ee0).stop
2024-01-21T11:12:52.962 INFO:teuthology.orchestra.run.smithi089.stderr:/usr/bin/ceph:
2024-01-21T11:12:52.960+0000 7f51c34df700 1 -- 172.21.15.89:0/360525988 shutdown_connections
2024-01-21T11:12:52.962 INFO:teuthology.orchestra.run.smithi089.stderr:/usr/bin/ceph:
2024-01-21T11:12:52.960+0000 7f51c34df700 1 --2- 172.21.15.89:0/360525988 >> [v2:172.21.15.89:6800/4200893972,v1:172.21.15.89:6801/4200893972] conn(0x7f51a402fd50 0x7f51a4032210 unknown :-1 s=CLOSED pgs=10 cs=0 l=1 rev1=1 rx=0 tx=0).stop
2024-01-21T11:12:52.962 INFO:teuthology.orchestra.run.smithi089.stderr:/usr/bin/ceph:
2024-01-21T11:12:52.960+0000 7f51c34df700 1 --2- 172.21.15.89:0/360525988 >> [v2:172.21.15.89:3300/0,v1:172.21.15.89:6789/0] conn(0x7f51bc0703d0 0x7f51bc10cbb0 unknown :-1 s=CLOSED pgs=38 cs=0 l=1 rev1=1 rx=0 tx=0).stop
2024-01-21T11:12:52.962 INFO:teuthology.orchestra.run.smithi089.stderr:/usr/bin/ceph:
2024-01-21T11:12:52.960+0000 7f51c34df700 1 -- 172.21.15.89:0/360525988 >> 172.21.15.89:0/360525988 conn(0x7f51bc0f63c0 msgr2=0x7f51bc0f7ea0 unknown :-1 s=STATE_NONE l=0).mark_down
2024-01-21T11:12:52.962 INFO:teuthology.orchestra.run.smithi089.stderr:/usr/bin/ceph:
2024-01-21T11:12:52.960+0000 7f51c34df700 1 -- 172.21.15.89:0/360525988 shutdown_connections
2024-01-21T11:12:52.962 INFO:teuthology.orchestra.run.smithi089.stderr:/usr/bin/ceph:
2024-01-21T11:12:52.960+0000 7f51c34df700 1 -- 172.21.15.89:0/360525988 wait complete.
2024-01-21T11:12:53.184 INFO:journalctl@ceph.mon.smithi089.smithi089.stdout:Jan 21 11:12:52 smithi089 ceph-e44d1d4c-b84d-11ee-95b0-87774f69a715-mon.smithi089[38842]: audit
2024-01-21T11:12:52.370047+0000 mgr.smithi089.ufybqw (mgr.14114) 8 : audit [DBG] from='client.14132 -' entity='client.admin' cmd=[{"prefix": "orch host add", "hostname": "smithi089", "addr": "172.21.15.89", "target": ["mon-mgr", ""]}]: dispatch
2024-01-21T11:12:53.264 INFO:teuthology.orchestra.run.smithi089.stderr:Deploying mon service with default placement...
2024-01-21T11:12:53.264 INFO:teuthology.orchestra.run.smithi089.stderr:Running command: /bin/podman run --rm --ipc=host --no-hosts --net=host --entrypoint /usr/bin/ceph --init -e CONTAINER_IMAGE=docker.io/ceph/ceph:v16.2.4 -e NODE_NAME=smithi089 -e CEPH_USE_RANDOM_NONCE=1 -v /var/log/ceph/e44d1d4c-b84d-11ee-95b0-87774f69a715:/var/log/ceph:z -v /tmp/ceph-tmp_kl5xgo3:/etc/ceph/ceph.client.admin.keyring:z -v /tmp/ceph-tmpr76ygqdl:/etc/ceph/ceph.conf:z docker.io/ceph/ceph:v16.2.4 orch apply mon
2024-01-21T11:12:53.607 INFO:teuthology.orchestra.run.smithi089.stderr:/usr/bin/ceph:
2024-01-21T11:12:53.602+0000 7f3585c71700 1 Processor -- start
2024-01-21T11:12:53.607 INFO:teuthology.orchestra.run.smithi089.stderr:/usr/bin/ceph:
2024-01-21T11:12:53.602+0000 7f3585c71700 1 -- start start
2024-01-21T11:12:53.608 INFO:teuthology.orchestra.run.smithi089.stderr:/usr/bin/ceph:
2024-01-21T11:12:53.602+0000 7f3585c71700 1 --2- >> [v2:172.21.15.89:3300/0,v1:172.21.15.89:6789/0] conn(0x7f35800703f0 0x7f35800fe770 unknown :-1 s=NONE pgs=0 cs=0 l=0 rev1=0 rx=0 tx=0).connect
2024-01-21T11:12:53.608 INFO:teuthology.orchestra.run.smithi089.stderr:/usr/bin/ceph:
2024-01-21T11:12:53.602+0000 7f3585c71700 1 -- --> [v2:172.21.15.89:3300/0,v1:172.21.15.89:6789/0] -- mon_getmap magic: 0 v1 -- 0x7f35800fec60 con 0x7f35800703f0
2024-01-21T11:12:53.608 INFO:teuthology.orchestra.run.smithi089.stderr:/usr/bin/ceph:
2024-01-21T11:12:53.602+0000 7f3584c6f700 1 --2- >> [v2:172.21.15.89:3300/0,v1:172.21.15.89:6789/0] conn(0x7f35800703f0 0x7f35800fe770 unknown :-1 s=BANNER_CONNECTING pgs=0 cs=0 l=0 rev1=0 rx=0 tx=0)._handle_peer_banner_payload supported=1 required=0
2024-01-21T11:12:53.608 INFO:teuthology.orchestra.run.smithi089.stderr:/usr/bin/ceph:
2024-01-21T11:12:53.602+0000 7f3584c6f700 1 --2- >> [v2:172.21.15.89:3300/0,v1:172.21.15.89:6789/0] conn(0x7f35800703f0 0x7f35800fe770 unknown :-1 s=HELLO_CONNECTING pgs=0 cs=0 l=0 rev1=1 rx=0 tx=0).handle_hello peer v2:172.21.15.89:3300/0 says I am v2:172.21.15.89:51300/0 (socket says 172.21.15.89:51300)
2024-01-21T11:12:53.608 INFO:teuthology.orchestra.run.smithi089.stderr:/usr/bin/ceph:
2024-01-21T11:12:53.602+0000 7f3584c6f700 1 -- 172.21.15.89:0/2473192273 learned_addr learned my addr 172.21.15.89:0/2473192273 (peer_addr_for_me v2:172.21.15.89:0/0)
2024-01-21T11:12:53.608 INFO:teuthology.orchestra.run.smithi089.stderr:/usr/bin/ceph:
2024-01-21T11:12:53.603+0000 7f3584c6f700 1 -- 172.21.15.89:0/2473192273 --> [v2:172.21.15.89:3300/0,v1:172.21.15.89:6789/0] -- mon_subscribe({config=0+,monmap=0+}) v3 -- 0x7f35800feda0 con 0x7f35800703f0
2024-01-21T11:12:53.608 INFO:teuthology.orchestra.run.smithi089.stderr:/usr/bin/ceph:
2024-01-21T11:12:53.603+0000 7f3584c6f700 1 --2- 172.21.15.89:0/2473192273 >> [v2:172.21.15.89:3300/0,v1:172.21.15.89:6789/0] conn(0x7f35800703f0 0x7f35800fe770 secure :-1 s=READY pgs=39 cs=0 l=1 rev1=1 rx=0x7f357400b5f0 tx=0x7f3574006ee0).ready entity=mon.0 client_cookie=f3b232972169b0c1 server_cookie=0 in_seq=0 out_seq=0
2024-01-21T11:12:53.608 INFO:teuthology.orchestra.run.smithi089.stderr:/usr/bin/ceph:
2024-01-21T11:12:53.603+0000 7f357f7fe700 1 -- 172.21.15.89:0/2473192273 <== mon.0 v2:172.21.15.89:3300/0 1 ==== mon_map magic: 0 v1 ==== 229+0+0 (secure 0 0 0) 0x7f357400d600 con 0x7f35800703f0
2024-01-21T11:12:53.608 INFO:teuthology.orchestra.run.smithi089.stderr:/usr/bin/ceph:
2024-01-21T11:12:53.603+0000 7f357f7fe700 1 -- 172.21.15.89:0/2473192273 <== mon.0 v2:172.21.15.89:3300/0 2 ==== config(25 keys) v1 ==== 1010+0+0 (secure 0 0 0) 0x7f357400dbd0 con 0x7f35800703f0
2024-01-21T11:12:53.608 INFO:teuthology.orchestra.run.smithi089.stderr:/usr/bin/ceph:
2024-01-21T11:12:53.603+0000 7f357f7fe700 1 -- 172.21.15.89:0/2473192273 <== mon.0 v2:172.21.15.89:3300/0 3 ==== mon_map magic: 0 v1 ==== 229+0+0 (secure 0 0 0) 0x7f3574011c00 con 0x7f35800703f0
2024-01-21T11:12:53.608 INFO:teuthology.orchestra.run.smithi089.stderr:/usr/bin/ceph:
2024-01-21T11:12:53.603+0000 7f3585c71700 1 -- 172.21.15.89:0/2473192273 >> [v2:172.21.15.89:3300/0,v1:172.21.15.89:6789/0] conn(0x7f35800703f0 msgr2=0x7f35800fe770 secure :-1 s=STATE_CONNECTION_ESTABLISHED l=1).mark_down
2024-01-21T11:12:53.609 INFO:teuthology.orchestra.run.smithi089.stderr:/usr/bin/ceph:
2024-01-21T11:12:53.603+0000 7f3585c71700 1 --2- 172.21.15.89:0/2473192273 >> [v2:172.21.15.89:3300/0,v1:172.21.15.89:6789/0] conn(0x7f35800703f0 0x7f35800fe770 secure :-1 s=READY pgs=39 cs=0 l=1 rev1=1 rx=0x7f357400b5f0 tx=0x7f3574006ee0).stop
2024-01-21T11:12:53.609 INFO:teuthology.orchestra.run.smithi089.stderr:/usr/bin/ceph:
2024-01-21T11:12:53.603+0000 7f3585c71700 1 -- 172.21.15.89:0/2473192273 shutdown_connections
2024-01-21T11:12:53.609 INFO:teuthology.orchestra.run.smithi089.stderr:/usr/bin/ceph:
2024-01-21T11:12:53.603+0000 7f3585c71700 1 --2- 172.21.15.89:0/2473192273 >> [v2:172.21.15.89:3300/0,v1:172.21.15.89:6789/0] conn(0x7f35800703f0 0x7f35800fe770 unknown :-1 s=CLOSED pgs=39 cs=0 l=1 rev1=1 rx=0 tx=0).stop
2024-01-21T11:12:53.609 INFO:teuthology.orchestra.run.smithi089.stderr:/usr/bin/ceph:
2024-01-21T11:12:53.603+0000 7f3585c71700 1 -- 172.21.15.89:0/2473192273 >> 172.21.15.89:0/2473192273 conn(0x7f35800f6210 msgr2=0x7f35800f8630 unknown :-1 s=STATE_NONE l=0).mark_down
2024-01-21T11:12:53.609 INFO:teuthology.orchestra.run.smithi089.stderr:/usr/bin/ceph:
2024-01-21T11:12:53.603+0000 7f3585c71700 1 -- 172.21.15.89:0/2473192273 shutdown_connections
2024-01-21T11:12:53.609 INFO:teuthology.orchestra.run.smithi089.stderr:/usr/bin/ceph:
2024-01-21T11:12:53.604+0000 7f3585c71700 1 -- 172.21.15.89:0/2473192273 wait complete.
2024-01-21T11:12:53.609 INFO:teuthology.orchestra.run.smithi089.stderr:/usr/bin/ceph:
2024-01-21T11:12:53.604+0000 7f3585c71700 1 Processor -- start
2024-01-21T11:12:53.609 INFO:teuthology.orchestra.run.smithi089.stderr:/usr/bin/ceph:
2024-01-21T11:12:53.604+0000 7f3585c71700 1 -- start start
2024-01-21T11:12:53.609 INFO:teuthology.orchestra.run.smithi089.stderr:/usr/bin/ceph:
2024-01-21T11:12:53.604+0000 7f3585c71700 1 --2- >> [v2:172.21.15.89:3300/0,v1:172.21.15.89:6789/0] conn(0x7f35800703f0 0x7f358010a880 unknown :-1 s=NONE pgs=0 cs=0 l=1 rev1=0 rx=0 tx=0).connect
2024-01-21T11:12:53.609 INFO:teuthology.orchestra.run.smithi089.stderr:/usr/bin/ceph:
2024-01-21T11:12:53.604+0000 7f3585c71700 1 -- --> [v2:172.21.15.89:3300/0,v1:172.21.15.89:6789/0] -- mon_getmap magic: 0 v1 -- 0x7f358010ad70 con 0x7f35800703f0
2024-01-21T11:12:53.609 INFO:teuthology.orchestra.run.smithi089.stderr:/usr/bin/ceph:
2024-01-21T11:12:53.604+0000 7f3584c6f700 1 --2- >> [v2:172.21.15.89:3300/0,v1:172.21.15.89:6789/0] conn(0x7f35800703f0 0x7f358010a880 unknown :-1 s=BANNER_CONNECTING pgs=0 cs=0 l=1 rev1=0 rx=0 tx=0)._handle_peer_banner_payload supported=1 required=0
2024-01-21T11:12:53.609 INFO:teuthology.orchestra.run.smithi089.stderr:/usr/bin/ceph:
2024-01-21T11:12:53.605+0000 7f3584c6f700 1 --2- >> [v2:172.21.15.89:3300/0,v1:172.21.15.89:6789/0] conn(0x7f35800703f0 0x7f358010a880 unknown :-1 s=HELLO_CONNECTING pgs=0 cs=0 l=1 rev1=1 rx=0 tx=0).handle_hello peer v2:172.21.15.89:3300/0 says I am v2:172.21.15.89:51308/0 (socket says 172.21.15.89:51308)
2024-01-21T11:12:53.609 INFO:teuthology.orchestra.run.smithi089.stderr:/usr/bin/ceph:
2024-01-21T11:12:53.605+0000 7f3584c6f700 1 -- 172.21.15.89:0/1673364211 learned_addr learned my addr 172.21.15.89:0/1673364211 (peer_addr_for_me v2:172.21.15.89:0/0)
2024-01-21T11:12:53.609 INFO:teuthology.orchestra.run.smithi089.stderr:/usr/bin/ceph:
2024-01-21T11:12:53.605+0000 7f3584c6f700 1 -- 172.21.15.89:0/1673364211 --> [v2:172.21.15.89:3300/0,v1:172.21.15.89:6789/0] -- mon_subscribe({config=0+,monmap=0+}) v3 -- 0x7f357400b200 con 0x7f35800703f0
2024-01-21T11:12:53.610 INFO:teuthology.orchestra.run.smithi089.stderr:/usr/bin/ceph:
2024-01-21T11:12:53.605+0000 7f3584c6f700 1 --2- 172.21.15.89:0/1673364211 >> [v2:172.21.15.89:3300/0,v1:172.21.15.89:6789/0] conn(0x7f35800703f0 0x7f358010a880 secure :-1 s=READY pgs=40 cs=0 l=1 rev1=1 rx=0x7f357400e040 tx=0x7f3574006ee0).ready entity=mon.0 client_cookie=0 server_cookie=0 in_seq=0 out_seq=0
2024-01-21T11:12:53.610 INFO:teuthology.orchestra.run.smithi089.stderr:/usr/bin/ceph:
2024-01-21T11:12:53.605+0000 7f357d7fa700 1 -- 172.21.15.89:0/1673364211 <== mon.0 v2:172.21.15.89:3300/0 1 ==== mon_map magic: 0 v1 ==== 229+0+0 (secure 0 0 0) 0x7f357400d9f0 con 0x7f35800703f0
2024-01-21T11:12:53.610 INFO:teuthology.orchestra.run.smithi089.stderr:/usr/bin/ceph:
2024-01-21T11:12:53.605+0000 7f357d7fa700 1 -- 172.21.15.89:0/1673364211 <== mon.0 v2:172.21.15.89:3300/0 2 ==== config(25 keys) v1 ==== 1010+0+0 (secure 0 0 0) 0x7f357401a9f0 con 0x7f35800703f0
2024-01-21T11:12:53.610 INFO:teuthology.orchestra.run.smithi089.stderr:/usr/bin/ceph:
2024-01-21T11:12:53.605+0000 7f357d7fa700 1 -- 172.21.15.89:0/1673364211 <== mon.0 v2:172.21.15.89:3300/0 3 ==== mon_map magic: 0 v1 ==== 229+0+0 (secure 0 0 0) 0x7f357401b8c0 con 0x7f35800703f0
2024-01-21T11:12:53.610 INFO:teuthology.orchestra.run.smithi089.stderr:/usr/bin/ceph:
2024-01-21T11:12:53.605+0000 7f3585c71700 1 -- 172.21.15.89:0/1673364211 --> [v2:172.21.15.89:3300/0,v1:172.21.15.89:6789/0] -- mon_subscribe({mgrmap=0+}) v3 -- 0x7f358010af70 con 0x7f35800703f0
2024-01-21T11:12:53.610 INFO:teuthology.orchestra.run.smithi089.stderr:/usr/bin/ceph:
2024-01-21T11:12:53.605+0000 7f3585c71700 1 -- 172.21.15.89:0/1673364211 --> [v2:172.21.15.89:3300/0,v1:172.21.15.89:6789/0] -- mon_subscribe({osdmap=0}) v3 -- 0x7f358010b380 con 0x7f35800703f0
2024-01-21T11:12:53.610 INFO:teuthology.orchestra.run.smithi089.stderr:/usr/bin/ceph:
2024-01-21T11:12:53.606+0000 7f357d7fa700 1 -- 172.21.15.89:0/1673364211 <== mon.0 v2:172.21.15.89:3300/0 4 ==== mgrmap(e 7) v1 ==== 36120+0+0 (secure 0 0 0) 0x7f357400f070 con 0x7f35800703f0
2024-01-21T11:12:53.610 INFO:teuthology.orchestra.run.smithi089.stderr:/usr/bin/ceph:
2024-01-21T11:12:53.606+0000 7f357d7fa700 1 --2- 172.21.15.89:0/1673364211 >> [v2:172.21.15.89:6800/4200893972,v1:172.21.15.89:6801/4200893972] conn(0x7f356402fdb0 0x7f3564032270 unknown :-1 s=NONE pgs=0 cs=0 l=1 rev1=0 rx=0 tx=0).connect
2024-01-21T11:12:53.610 INFO:teuthology.orchestra.run.smithi089.stderr:/usr/bin/ceph:
2024-01-21T11:12:53.606+0000 7f357d7fa700 1 -- 172.21.15.89:0/1673364211 <== mon.0 v2:172.21.15.89:3300/0 5 ==== osd_map(2..2 src has 1..2) v4 ==== 926+0+0 (secure 0 0 0) 0x7f3574041300 con 0x7f35800703f0
2024-01-21T11:12:53.610 INFO:teuthology.orchestra.run.smithi089.stderr:/usr/bin/ceph:
2024-01-21T11:12:53.606+0000 7f3585c71700 1 -- 172.21.15.89:0/1673364211 --> [v2:172.21.15.89:3300/0,v1:172.21.15.89:6789/0] -- mon_command({"prefix": "get_command_descriptions"} v 0) v1 -- 0x7f3580045ad0 con 0x7f35800703f0
2024-01-21T11:12:53.610 INFO:teuthology.orchestra.run.smithi089.stderr:/usr/bin/ceph:
2024-01-21T11:12:53.606+0000 7f357ffff700 1 --2- 172.21.15.89:0/1673364211 >> [v2:172.21.15.89:6800/4200893972,v1:172.21.15.89:6801/4200893972] conn(0x7f356402fdb0 0x7f3564032270 unknown :-1 s=BANNER_CONNECTING pgs=0 cs=0 l=1 rev1=0 rx=0 tx=0)._handle_peer_banner_payload supported=1 required=0
2024-01-21T11:12:53.610 INFO:teuthology.orchestra.run.smithi089.stderr:/usr/bin/ceph:
2024-01-21T11:12:53.607+0000 7f357ffff700 1 --2- 172.21.15.89:0/1673364211 >> [v2:172.21.15.89:6800/4200893972,v1:172.21.15.89:6801/4200893972] conn(0x7f356402fdb0 0x7f3564032270 secure :-1 s=READY pgs=11 cs=0 l=1 rev1=1 rx=0x7f356c0096a0 tx=0x7f356c006b40).ready entity=mgr.14114 client_cookie=0 server_cookie=0 in_seq=0 out_seq=0
2024-01-21T11:12:53.611 INFO:teuthology.orchestra.run.smithi089.stderr:/usr/bin/ceph:
2024-01-21T11:12:53.610+0000 7f357d7fa700 1 -- 172.21.15.89:0/1673364211 <== mon.0 v2:172.21.15.89:3300/0 6 ==== mon_command_ack([{"prefix": "get_command_descriptions"}]=0 v0) v1 ==== 72+0+152212 (secure 0 0 0) 0x7f3574016070 con 0x7f35800703f0
2024-01-21T11:12:53.787 INFO:teuthology.orchestra.run.smithi089.stderr:/usr/bin/ceph:
2024-01-21T11:12:53.786+0000 7f3585c71700 1 -- 172.21.15.89:0/1673364211 --> [v2:172.21.15.89:6800/4200893972,v1:172.21.15.89:6801/4200893972] -- mgr_command(tid 0: {"prefix": "orch apply", "service_type": "mon", "target": ["mon-mgr", ""]}) v1 -- 0x7f3580104750 con 0x7f356402fdb0
2024-01-21T11:12:53.791 INFO:teuthology.orchestra.run.smithi089.stderr:/usr/bin/ceph:
2024-01-21T11:12:53.790+0000 7f357d7fa700 1 -- 172.21.15.89:0/1673364211 <== mgr.14114 v2:172.21.15.89:6800/4200893972 1 ==== mgr_command_reply(tid 0: 0 ) v1 ==== 8+0+24 (secure 0 0 0) 0x7f3580104750 con 0x7f356402fdb0
2024-01-21T11:12:53.791 INFO:teuthology.orchestra.run.smithi089.stderr:/usr/bin/ceph: Scheduled mon update...
2024-01-21T11:12:53.794 INFO:teuthology.orchestra.run.smithi089.stderr:/usr/bin/ceph:
2024-01-21T11:12:53.792+0000 7f3585c71700 1 -- 172.21.15.89:0/1673364211 >> [v2:172.21.15.89:6800/4200893972,v1:172.21.15.89:6801/4200893972] conn(0x7f356402fdb0 msgr2=0x7f3564032270 secure :-1 s=STATE_CONNECTION_ESTABLISHED l=1).mark_down
2024-01-21T11:12:53.794 INFO:teuthology.orchestra.run.smithi089.stderr:/usr/bin/ceph:
2024-01-21T11:12:53.792+0000 7f3585c71700 1 --2- 172.21.15.89:0/1673364211 >> [v2:172.21.15.89:6800/4200893972,v1:172.21.15.89:6801/4200893972] conn(0x7f356402fdb0 0x7f3564032270 secure :-1 s=READY pgs=11 cs=0 l=1 rev1=1 rx=0x7f356c0096a0 tx=0x7f356c006b40).stop
2024-01-21T11:12:53.794 INFO:teuthology.orchestra.run.smithi089.stderr:/usr/bin/ceph:
2024-01-21T11:12:53.792+0000 7f3585c71700 1 -- 172.21.15.89:0/1673364211 >> [v2:172.21.15.89:3300/0,v1:172.21.15.89:6789/0] conn(0x7f35800703f0 msgr2=0x7f358010a880 secure :-1 s=STATE_CONNECTION_ESTABLISHED l=1).mark_down
2024-01-21T11:12:53.794 INFO:teuthology.orchestra.run.smithi089.stderr:/usr/bin/ceph:
2024-01-21T11:12:53.792+0000 7f3585c71700 1 --2- 172.21.15.89:0/1673364211 >> [v2:172.21.15.89:3300/0,v1:172.21.15.89:6789/0] conn(0x7f35800703f0 0x7f358010a880 secure :-1 s=READY pgs=40 cs=0 l=1 rev1=1 rx=0x7f357400e040 tx=0x7f3574006ee0).stop
2024-01-21T11:12:53.794 INFO:teuthology.orchestra.run.smithi089.stderr:/usr/bin/ceph:
2024-01-21T11:12:53.792+0000 7f3585c71700 1 -- 172.21.15.89:0/1673364211 shutdown_connections
2024-01-21T11:12:53.794 INFO:teuthology.orchestra.run.smithi089.stderr:/usr/bin/ceph:
2024-01-21T11:12:53.792+0000 7f3585c71700 1 --2- 172.21.15.89:0/1673364211 >> [v2:172.21.15.89:6800/4200893972,v1:172.21.15.89:6801/4200893972] conn(0x7f356402fdb0 0x7f3564032270 unknown :-1 s=CLOSED pgs=11 cs=0 l=1 rev1=1 rx=0 tx=0).stop
2024-01-21T11:12:53.794 INFO:teuthology.orchestra.run.smithi089.stderr:/usr/bin/ceph:
2024-01-21T11:12:53.792+0000 7f3585c71700 1 --2- 172.21.15.89:0/1673364211 >> [v2:172.21.15.89:3300/0,v1:172.21.15.89:6789/0] conn(0x7f35800703f0 0x7f358010a880 unknown :-1 s=CLOSED pgs=40 cs=0 l=1 rev1=1 rx=0 tx=0).stop
2024-01-21T11:12:53.794 INFO:teuthology.orchestra.run.smithi089.stderr:/usr/bin/ceph:
2024-01-21T11:12:53.792+0000 7f3585c71700 1 -- 172.21.15.89:0/1673364211 >> 172.21.15.89:0/1673364211 conn(0x7f35800f6210 msgr2=0x7f35800f7cd0 unknown :-1 s=STATE_NONE l=0).mark_down
2024-01-21T11:12:53.795 INFO:teuthology.orchestra.run.smithi089.stderr:/usr/bin/ceph:
2024-01-21T11:12:53.792+0000 7f3585c71700 1 -- 172.21.15.89:0/1673364211 shutdown_connections
2024-01-21T11:12:53.795 INFO:teuthology.orchestra.run.smithi089.stderr:/usr/bin/ceph:
2024-01-21T11:12:53.792+0000 7f3585c71700 1 -- 172.21.15.89:0/1673364211 wait complete.
2024-01-21T11:12:54.064 INFO:journalctl@ceph.mon.smithi089.smithi089.stdout:Jan 21 11:12:53 smithi089 ceph-e44d1d4c-b84d-11ee-95b0-87774f69a715-mon.smithi089[38842]: audit
2024-01-21T11:12:52.958463+0000 mon.smithi089 (mon.0) 53 : audit [INF] from='mgr.14114 172.21.15.89:0/60843299' entity='mgr.smithi089.ufybqw'
2024-01-21T11:12:54.064 INFO:journalctl@ceph.mon.smithi089.smithi089.stdout:Jan 21 11:12:53 smithi089 ceph-e44d1d4c-b84d-11ee-95b0-87774f69a715-mon.smithi089[38842]: cephadm
2024-01-21T11:12:52.958754+0000 mgr.smithi089.ufybqw (mgr.14114) 9 : cephadm [INF] Added host smithi089
2024-01-21T11:12:54.064 INFO:journalctl@ceph.mon.smithi089.smithi089.stdout:Jan 21 11:12:53 smithi089 ceph-e44d1d4c-b84d-11ee-95b0-87774f69a715-mon.smithi089[38842]: audit
2024-01-21T11:12:52.958976+0000 mon.smithi089 (mon.0) 54 : audit [DBG] from='mgr.14114 172.21.15.89:0/60843299' entity='mgr.smithi089.ufybqw' cmd=[{"prefix": "config dump", "format": "json"}]: dispatch
2024-01-21T11:12:54.064 INFO:journalctl@ceph.mon.smithi089.smithi089.stdout:Jan 21 11:12:53 smithi089 ceph-e44d1d4c-b84d-11ee-95b0-87774f69a715-mon.smithi089[38842]: audit
2024-01-21T11:12:53.788884+0000 mgr.smithi089.ufybqw (mgr.14114) 10 : audit [DBG] from='client.14134 -' entity='client.admin' cmd=[{"prefix": "orch apply", "service_type": "mon", "target": ["mon-mgr", ""]}]: dispatch
2024-01-21T11:12:54.064 INFO:journalctl@ceph.mon.smithi089.smithi089.stdout:Jan 21 11:12:53 smithi089 ceph-e44d1d4c-b84d-11ee-95b0-87774f69a715-mon.smithi089[38842]: cephadm
2024-01-21T11:12:53.789593+0000 mgr.smithi089.ufybqw (mgr.14114) 11 : cephadm [INF] Saving service mon spec with placement count:5
2024-01-21T11:12:54.064 INFO:journalctl@ceph.mon.smithi089.smithi089.stdout:Jan 21 11:12:53 smithi089 ceph-e44d1d4c-b84d-11ee-95b0-87774f69a715-mon.smithi089[38842]: audit
2024-01-21T11:12:53.791914+0000 mon.smithi089 (mon.0) 55 : audit [INF] from='mgr.14114 172.21.15.89:0/60843299' entity='mgr.smithi089.ufybqw'
2024-01-21T11:12:54.145 INFO:teuthology.orchestra.run.smithi089.stderr:Deploying mgr service with default placement...
2024-01-21T11:12:54.145 INFO:teuthology.orchestra.run.smithi089.stderr:Running command: /bin/podman run --rm --ipc=host --no-hosts --net=host --entrypoint /usr/bin/ceph --init -e CONTAINER_IMAGE=docker.io/ceph/ceph:v16.2.4 -e NODE_NAME=smithi089 -e CEPH_USE_RANDOM_NONCE=1 -v /var/log/ceph/e44d1d4c-b84d-11ee-95b0-87774f69a715:/var/log/ceph:z -v /tmp/ceph-tmp_kl5xgo3:/etc/ceph/ceph.client.admin.keyring:z -v /tmp/ceph-tmpr76ygqdl:/etc/ceph/ceph.conf:z docker.io/ceph/ceph:v16.2.4 orch apply mgr
2024-01-21T11:12:54.473 INFO:teuthology.orchestra.run.smithi089.stderr:/usr/bin/ceph:
2024-01-21T11:12:54.470+0000 7fda15fb7700 1 Processor -- start
2024-01-21T11:12:54.473 INFO:teuthology.orchestra.run.smithi089.stderr:/usr/bin/ceph:
2024-01-21T11:12:54.470+0000 7fda15fb7700 1 -- start start
2024-01-21T11:12:54.474 INFO:teuthology.orchestra.run.smithi089.stderr:/usr/bin/ceph:
2024-01-21T11:12:54.470+0000 7fda15fb7700 1 --2- >> [v2:172.21.15.89:3300/0,v1:172.21.15.89:6789/0] conn(0x7fda100fd390 0x7fda100fd7b0 unknown :-1 s=NONE pgs=0 cs=0 l=0 rev1=0 rx=0 tx=0).connect
2024-01-21T11:12:54.474 INFO:teuthology.orchestra.run.smithi089.stderr:/usr/bin/ceph:
