2024-01-21T11:12:45.559+0000 7f2e72f4c700 1 --2- >> [v2:172.21.15.89:3300/0,v1:172.21.15.89:6789/0] conn(0x7f2e6c0703f0 0x7f2e6c0fe920 unknown :-1 s=NONE pgs=0 cs=0 l=0 rev1=0 rx=0 tx=0).connect
2024-01-21T11:12:45.563 INFO:teuthology.orchestra.run.smithi089.stderr:/usr/bin/ceph:
2024-01-21T11:12:45.559+0000 7f2e72f4c700 1 -- --> [v2:172.21.15.89:3300/0,v1:172.21.15.89:6789/0] -- mon_getmap magic: 0 v1 -- 0x7f2e6c0fee10 con 0x7f2e6c0703f0
2024-01-21T11:12:45.563 INFO:teuthology.orchestra.run.smithi089.stderr:/usr/bin/ceph:
2024-01-21T11:12:45.559+0000 7f2e70ce8700 1 --2- >> [v2:172.21.15.89:3300/0,v1:172.21.15.89:6789/0] conn(0x7f2e6c0703f0 0x7f2e6c0fe920 unknown :-1 s=BANNER_CONNECTING pgs=0 cs=0 l=0 rev1=0 rx=0 tx=0)._handle_peer_banner_payload supported=1 required=0
2024-01-21T11:12:45.563 INFO:teuthology.orchestra.run.smithi089.stderr:/usr/bin/ceph:
2024-01-21T11:12:45.559+0000 7f2e70ce8700 1 --2- >> [v2:172.21.15.89:3300/0,v1:172.21.15.89:6789/0] conn(0x7f2e6c0703f0 0x7f2e6c0fe920 unknown :-1 s=HELLO_CONNECTING pgs=0 cs=0 l=0 rev1=1 rx=0 tx=0).handle_hello peer v2:172.21.15.89:3300/0 says I am v2:172.21.15.89:50684/0 (socket says 172.21.15.89:50684)
2024-01-21T11:12:45.563 INFO:teuthology.orchestra.run.smithi089.stderr:/usr/bin/ceph:
2024-01-21T11:12:45.559+0000 7f2e70ce8700 1 -- 172.21.15.89:0/2684453012 learned_addr learned my addr 172.21.15.89:0/2684453012 (peer_addr_for_me v2:172.21.15.89:0/0)
2024-01-21T11:12:45.563 INFO:teuthology.orchestra.run.smithi089.stderr:/usr/bin/ceph:
2024-01-21T11:12:45.560+0000 7f2e70ce8700 1 -- 172.21.15.89:0/2684453012 --> [v2:172.21.15.89:3300/0,v1:172.21.15.89:6789/0] -- mon_subscribe({config=0+,monmap=0+}) v3 -- 0x7f2e6c0fef50 con 0x7f2e6c0703f0
2024-01-21T11:12:45.563 INFO:teuthology.orchestra.run.smithi089.stderr:/usr/bin/ceph:
2024-01-21T11:12:45.560+0000 7f2e70ce8700 1 --2- 172.21.15.89:0/2684453012 >> [v2:172.21.15.89:3300/0,v1:172.21.15.89:6789/0] conn(0x7f2e6c0703f0 0x7f2e6c0fe920 secure :-1 s=READY pgs=29 cs=0 l=1 rev1=1 rx=0x7f2e6000b5f0 tx=0x7f2e60006ee0).ready entity=mon.0 client_cookie=dd9d13b4f080c521 server_cookie=0 in_seq=0 out_seq=0
2024-01-21T11:12:45.563 INFO:teuthology.orchestra.run.smithi089.stderr:/usr/bin/ceph:
2024-01-21T11:12:45.560+0000 7f2e6b7fe700 1 -- 172.21.15.89:0/2684453012 <== mon.0 v2:172.21.15.89:3300/0 1 ==== mon_map magic: 0 v1 ==== 229+0+0 (secure 0 0 0) 0x7f2e6000d600 con 0x7f2e6c0703f0
2024-01-21T11:12:45.563 INFO:teuthology.orchestra.run.smithi089.stderr:/usr/bin/ceph:
2024-01-21T11:12:45.560+0000 7f2e6b7fe700 1 -- 172.21.15.89:0/2684453012 <== mon.0 v2:172.21.15.89:3300/0 2 ==== config(25 keys) v1 ==== 1010+0+0 (secure 0 0 0) 0x7f2e6000dbd0 con 0x7f2e6c0703f0
2024-01-21T11:12:45.563 INFO:teuthology.orchestra.run.smithi089.stderr:/usr/bin/ceph:
2024-01-21T11:12:45.560+0000 7f2e6b7fe700 1 -- 172.21.15.89:0/2684453012 <== mon.0 v2:172.21.15.89:3300/0 3 ==== mon_map magic: 0 v1 ==== 229+0+0 (secure 0 0 0) 0x7f2e60011c00 con 0x7f2e6c0703f0
2024-01-21T11:12:45.563 INFO:teuthology.orchestra.run.smithi089.stderr:/usr/bin/ceph:
2024-01-21T11:12:45.560+0000 7f2e72f4c700 1 -- 172.21.15.89:0/2684453012 >> [v2:172.21.15.89:3300/0,v1:172.21.15.89:6789/0] conn(0x7f2e6c0703f0 msgr2=0x7f2e6c0fe920 secure :-1 s=STATE_CONNECTION_ESTABLISHED l=1).mark_down
2024-01-21T11:12:45.563 INFO:teuthology.orchestra.run.smithi089.stderr:/usr/bin/ceph:
2024-01-21T11:12:45.560+0000 7f2e72f4c700 1 --2- 172.21.15.89:0/2684453012 >> [v2:172.21.15.89:3300/0,v1:172.21.15.89:6789/0] conn(0x7f2e6c0703f0 0x7f2e6c0fe920 secure :-1 s=READY pgs=29 cs=0 l=1 rev1=1 rx=0x7f2e6000b5f0 tx=0x7f2e60006ee0).stop
2024-01-21T11:12:45.563 INFO:teuthology.orchestra.run.smithi089.stderr:/usr/bin/ceph:
2024-01-21T11:12:45.560+0000 7f2e72f4c700 1 -- 172.21.15.89:0/2684453012 shutdown_connections
2024-01-21T11:12:45.563 INFO:teuthology.orchestra.run.smithi089.stderr:/usr/bin/ceph:
2024-01-21T11:12:45.560+0000 7f2e72f4c700 1 --2- 172.21.15.89:0/2684453012 >> [v2:172.21.15.89:3300/0,v1:172.21.15.89:6789/0] conn(0x7f2e6c0703f0 0x7f2e6c0fe920 unknown :-1 s=CLOSED pgs=29 cs=0 l=1 rev1=1 rx=0 tx=0).stop
2024-01-21T11:12:45.564 INFO:teuthology.orchestra.run.smithi089.stderr:/usr/bin/ceph:
2024-01-21T11:12:45.561+0000 7f2e72f4c700 1 -- 172.21.15.89:0/2684453012 >> 172.21.15.89:0/2684453012 conn(0x7f2e6c0f63c0 msgr2=0x7f2e6c0f87e0 unknown :-1 s=STATE_NONE l=0).mark_down
2024-01-21T11:12:45.564 INFO:teuthology.orchestra.run.smithi089.stderr:/usr/bin/ceph:
2024-01-21T11:12:45.561+0000 7f2e72f4c700 1 -- 172.21.15.89:0/2684453012 shutdown_connections
2024-01-21T11:12:45.564 INFO:teuthology.orchestra.run.smithi089.stderr:/usr/bin/ceph:
2024-01-21T11:12:45.561+0000 7f2e72f4c700 1 -- 172.21.15.89:0/2684453012 wait complete.
2024-01-21T11:12:45.564 INFO:teuthology.orchestra.run.smithi089.stderr:/usr/bin/ceph:
2024-01-21T11:12:45.561+0000 7f2e72f4c700 1 Processor -- start
2024-01-21T11:12:45.564 INFO:teuthology.orchestra.run.smithi089.stderr:/usr/bin/ceph:
2024-01-21T11:12:45.561+0000 7f2e72f4c700 1 -- start start
2024-01-21T11:12:45.566 INFO:teuthology.orchestra.run.smithi089.stderr:/usr/bin/ceph:
2024-01-21T11:12:45.562+0000 7f2e72f4c700 1 --2- >> [v2:172.21.15.89:3300/0,v1:172.21.15.89:6789/0] conn(0x7f2e6c0703f0 0x7f2e6c0fc3a0 unknown :-1 s=NONE pgs=0 cs=0 l=1 rev1=0 rx=0 tx=0).connect
2024-01-21T11:12:45.566 INFO:teuthology.orchestra.run.smithi089.stderr:/usr/bin/ceph:
2024-01-21T11:12:45.562+0000 7f2e72f4c700 1 -- --> [v2:172.21.15.89:3300/0,v1:172.21.15.89:6789/0] -- mon_getmap magic: 0 v1 -- 0x7f2e6c0fa820 con 0x7f2e6c0703f0
2024-01-21T11:12:45.566 INFO:teuthology.orchestra.run.smithi089.stderr:/usr/bin/ceph:
2024-01-21T11:12:45.562+0000 7f2e70ce8700 1 --2- >> [v2:172.21.15.89:3300/0,v1:172.21.15.89:6789/0] conn(0x7f2e6c0703f0 0x7f2e6c0fc3a0 unknown :-1 s=BANNER_CONNECTING pgs=0 cs=0 l=1 rev1=0 rx=0 tx=0)._handle_peer_banner_payload supported=1 required=0
2024-01-21T11:12:45.566 INFO:teuthology.orchestra.run.smithi089.stderr:/usr/bin/ceph:
2024-01-21T11:12:45.562+0000 7f2e70ce8700 1 --2- >> [v2:172.21.15.89:3300/0,v1:172.21.15.89:6789/0] conn(0x7f2e6c0703f0 0x7f2e6c0fc3a0 unknown :-1 s=HELLO_CONNECTING pgs=0 cs=0 l=1 rev1=1 rx=0 tx=0).handle_hello peer v2:172.21.15.89:3300/0 says I am v2:172.21.15.89:50698/0 (socket says 172.21.15.89:50698)
2024-01-21T11:12:45.566 INFO:teuthology.orchestra.run.smithi089.stderr:/usr/bin/ceph:
2024-01-21T11:12:45.562+0000 7f2e70ce8700 1 -- 172.21.15.89:0/3684239198 learned_addr learned my addr 172.21.15.89:0/3684239198 (peer_addr_for_me v2:172.21.15.89:0/0)
2024-01-21T11:12:45.566 INFO:teuthology.orchestra.run.smithi089.stderr:/usr/bin/ceph:
2024-01-21T11:12:45.562+0000 7f2e70ce8700 1 -- 172.21.15.89:0/3684239198 --> [v2:172.21.15.89:3300/0,v1:172.21.15.89:6789/0] -- mon_subscribe({config=0+,monmap=0+}) v3 -- 0x7f2e6000b200 con 0x7f2e6c0703f0
2024-01-21T11:12:45.566 INFO:teuthology.orchestra.run.smithi089.stderr:/usr/bin/ceph:
2024-01-21T11:12:45.562+0000 7f2e70ce8700 1 --2- 172.21.15.89:0/3684239198 >> [v2:172.21.15.89:3300/0,v1:172.21.15.89:6789/0] conn(0x7f2e6c0703f0 0x7f2e6c0fc3a0 secure :-1 s=READY pgs=30 cs=0 l=1 rev1=1 rx=0x7f2e6000e040 tx=0x7f2e60006ee0).ready entity=mon.0 client_cookie=0 server_cookie=0 in_seq=0 out_seq=0
2024-01-21T11:12:45.567 INFO:teuthology.orchestra.run.smithi089.stderr:/usr/bin/ceph:
2024-01-21T11:12:45.562+0000 7f2e697fa700 1 -- 172.21.15.89:0/3684239198 <== mon.0 v2:172.21.15.89:3300/0 1 ==== mon_map magic: 0 v1 ==== 229+0+0 (secure 0 0 0) 0x7f2e6000d9f0 con 0x7f2e6c0703f0
2024-01-21T11:12:45.567 INFO:teuthology.orchestra.run.smithi089.stderr:/usr/bin/ceph:
2024-01-21T11:12:45.562+0000 7f2e72f4c700 1 -- 172.21.15.89:0/3684239198 --> [v2:172.21.15.89:3300/0,v1:172.21.15.89:6789/0] -- mon_subscribe({mgrmap=0+}) v3 -- 0x7f2e6c0fa9c0 con 0x7f2e6c0703f0
2024-01-21T11:12:45.567 INFO:teuthology.orchestra.run.smithi089.stderr:/usr/bin/ceph:
2024-01-21T11:12:45.562+0000 7f2e697fa700 1 -- 172.21.15.89:0/3684239198 <== mon.0 v2:172.21.15.89:3300/0 2 ==== config(25 keys) v1 ==== 1010+0+0 (secure 0 0 0) 0x7f2e6001a9f0 con 0x7f2e6c0703f0
2024-01-21T11:12:45.567 INFO:teuthology.orchestra.run.smithi089.stderr:/usr/bin/ceph:
2024-01-21T11:12:45.562+0000 7f2e697fa700 1 -- 172.21.15.89:0/3684239198 <== mon.0 v2:172.21.15.89:3300/0 3 ==== mon_map magic: 0 v1 ==== 229+0+0 (secure 0 0 0) 0x7f2e6001b8c0 con 0x7f2e6c0703f0
2024-01-21T11:12:45.567 INFO:teuthology.orchestra.run.smithi089.stderr:/usr/bin/ceph:
2024-01-21T11:12:45.563+0000 7f2e72f4c700 1 -- 172.21.15.89:0/3684239198 --> [v2:172.21.15.89:3300/0,v1:172.21.15.89:6789/0] -- mon_subscribe({osdmap=0}) v3 -- 0x7f2e6c0fadd0 con 0x7f2e6c0703f0
2024-01-21T11:12:45.567 INFO:teuthology.orchestra.run.smithi089.stderr:/usr/bin/ceph:
2024-01-21T11:12:45.563+0000 7f2e72f4c700 1 -- 172.21.15.89:0/3684239198 --> [v2:172.21.15.89:3300/0,v1:172.21.15.89:6789/0] -- mon_command({"prefix": "get_command_descriptions"} v 0) v1 -- 0x7f2e6c045ad0 con 0x7f2e6c0703f0
2024-01-21T11:12:45.567 INFO:teuthology.orchestra.run.smithi089.stderr:/usr/bin/ceph:
2024-01-21T11:12:45.564+0000 7f2e697fa700 1 -- 172.21.15.89:0/3684239198 <== mon.0 v2:172.21.15.89:3300/0 4 ==== mgrmap(e 6) v1 ==== 36040+0+0 (secure 0 0 0) 0x7f2e6000f070 con 0x7f2e6c0703f0
2024-01-21T11:12:45.567 INFO:teuthology.orchestra.run.smithi089.stderr:/usr/bin/ceph:
2024-01-21T11:12:45.564+0000 7f2e697fa700 1 --2- 172.21.15.89:0/3684239198 >> [v2:172.21.15.89:6800/4200893972,v1:172.21.15.89:6801/4200893972] conn(0x7f2e5002fcc0 0x7f2e50032180 unknown :-1 s=NONE pgs=0 cs=0 l=1 rev1=0 rx=0 tx=0).connect
2024-01-21T11:12:45.567 INFO:teuthology.orchestra.run.smithi089.stderr:/usr/bin/ceph:
2024-01-21T11:12:45.564+0000 7f2e697fa700 1 -- 172.21.15.89:0/3684239198 <== mon.0 v2:172.21.15.89:3300/0 5 ==== osd_map(2..2 src has 1..2) v4 ==== 926+0+0 (secure 0 0 0) 0x7f2e60041990 con 0x7f2e6c0703f0
2024-01-21T11:12:45.567 INFO:teuthology.orchestra.run.smithi089.stderr:/usr/bin/ceph:
2024-01-21T11:12:45.564+0000 7f2e6bfff700 1 --2- 172.21.15.89:0/3684239198 >> [v2:172.21.15.89:6800/4200893972,v1:172.21.15.89:6801/4200893972] conn(0x7f2e5002fcc0 0x7f2e50032180 unknown :-1 s=BANNER_CONNECTING pgs=0 cs=0 l=1 rev1=0 rx=0 tx=0)._handle_peer_banner_payload supported=1 required=0
2024-01-21T11:12:45.567 INFO:teuthology.orchestra.run.smithi089.stderr:/usr/bin/ceph:
2024-01-21T11:12:45.564+0000 7f2e6bfff700 1 --2- 172.21.15.89:0/3684239198 >> [v2:172.21.15.89:6800/4200893972,v1:172.21.15.89:6801/4200893972] conn(0x7f2e5002fcc0 0x7f2e50032180 secure :-1 s=READY pgs=6 cs=0 l=1 rev1=1 rx=0x7f2e580096a0 tx=0x7f2e58006b40).ready entity=mgr.14114 client_cookie=0 server_cookie=0 in_seq=0 out_seq=0
2024-01-21T11:12:45.568 INFO:teuthology.orchestra.run.smithi089.stderr:/usr/bin/ceph:
2024-01-21T11:12:45.568+0000 7f2e697fa700 1 -- 172.21.15.89:0/3684239198 <== mon.0 v2:172.21.15.89:3300/0 6 ==== mon_command_ack([{"prefix": "get_command_descriptions"}]=0 v0) v1 ==== 72+0+152212 (secure 0 0 0) 0x7f2e60019d60 con 0x7f2e6c0703f0
2024-01-21T11:12:45.745 INFO:teuthology.orchestra.run.smithi089.stderr:/usr/bin/ceph:
2024-01-21T11:12:45.744+0000 7f2e72f4c700 1 -- 172.21.15.89:0/3684239198 --> [v2:172.21.15.89:6800/4200893972,v1:172.21.15.89:6801/4200893972] -- mgr_command(tid 0: {"prefix": "orch set backend", "module_name": "cephadm", "target": ["mon-mgr", ""]}) v1 -- 0x7f2e6c0fb010 con 0x7f2e5002fcc0
2024-01-21T11:12:45.750 INFO:teuthology.orchestra.run.smithi089.stderr:/usr/bin/ceph:
2024-01-21T11:12:45.749+0000 7f2e697fa700 1 -- 172.21.15.89:0/3684239198 <== mgr.14114 v2:172.21.15.89:6800/4200893972 1 ==== mgr_command_reply(tid 0: 0 ) v1 ==== 8+0+0 (secure 0 0 0) 0x7f2e6c0fb010 con 0x7f2e5002fcc0
2024-01-21T11:12:45.752 INFO:teuthology.orchestra.run.smithi089.stderr:/usr/bin/ceph:
2024-01-21T11:12:45.751+0000 7f2e72f4c700 1 -- 172.21.15.89:0/3684239198 >> [v2:172.21.15.89:6800/4200893972,v1:172.21.15.89:6801/4200893972] conn(0x7f2e5002fcc0 msgr2=0x7f2e50032180 secure :-1 s=STATE_CONNECTION_ESTABLISHED l=1).mark_down
2024-01-21T11:12:45.753 INFO:teuthology.orchestra.run.smithi089.stderr:/usr/bin/ceph:
2024-01-21T11:12:45.751+0000 7f2e72f4c700 1 --2- 172.21.15.89:0/3684239198 >> [v2:172.21.15.89:6800/4200893972,v1:172.21.15.89:6801/4200893972] conn(0x7f2e5002fcc0 0x7f2e50032180 secure :-1 s=READY pgs=6 cs=0 l=1 rev1=1 rx=0x7f2e580096a0 tx=0x7f2e58006b40).stop
2024-01-21T11:12:45.753 INFO:teuthology.orchestra.run.smithi089.stderr:/usr/bin/ceph:
2024-01-21T11:12:45.751+0000 7f2e72f4c700 1 -- 172.21.15.89:0/3684239198 >> [v2:172.21.15.89:3300/0,v1:172.21.15.89:6789/0] conn(0x7f2e6c0703f0 msgr2=0x7f2e6c0fc3a0 secure :-1 s=STATE_CONNECTION_ESTABLISHED l=1).mark_down
2024-01-21T11:12:45.753 INFO:teuthology.orchestra.run.smithi089.stderr:/usr/bin/ceph:
2024-01-21T11:12:45.751+0000 7f2e72f4c700 1 --2- 172.21.15.89:0/3684239198 >> [v2:172.21.15.89:3300/0,v1:172.21.15.89:6789/0] conn(0x7f2e6c0703f0 0x7f2e6c0fc3a0 secure :-1 s=READY pgs=30 cs=0 l=1 rev1=1 rx=0x7f2e6000e040 tx=0x7f2e60006ee0).stop
2024-01-21T11:12:45.753 INFO:teuthology.orchestra.run.smithi089.stderr:/usr/bin/ceph:
2024-01-21T11:12:45.751+0000 7f2e72f4c700 1 -- 172.21.15.89:0/3684239198 shutdown_connections
2024-01-21T11:12:45.753 INFO:teuthology.orchestra.run.smithi089.stderr:/usr/bin/ceph:
2024-01-21T11:12:45.751+0000 7f2e72f4c700 1 --2- 172.21.15.89:0/3684239198 >> [v2:172.21.15.89:6800/4200893972,v1:172.21.15.89:6801/4200893972] conn(0x7f2e5002fcc0 0x7f2e50032180 unknown :-1 s=CLOSED pgs=6 cs=0 l=1 rev1=1 rx=0 tx=0).stop
2024-01-21T11:12:45.753 INFO:teuthology.orchestra.run.smithi089.stderr:/usr/bin/ceph:
2024-01-21T11:12:45.751+0000 7f2e72f4c700 1 --2- 172.21.15.89:0/3684239198 >> [v2:172.21.15.89:3300/0,v1:172.21.15.89:6789/0] conn(0x7f2e6c0703f0 0x7f2e6c0fc3a0 unknown :-1 s=CLOSED pgs=30 cs=0 l=1 rev1=1 rx=0 tx=0).stop
2024-01-21T11:12:45.753 INFO:teuthology.orchestra.run.smithi089.stderr:/usr/bin/ceph:
2024-01-21T11:12:45.751+0000 7f2e72f4c700 1 -- 172.21.15.89:0/3684239198 >> 172.21.15.89:0/3684239198 conn(0x7f2e6c0f63c0 msgr2=0x7f2e6c0f7f60 unknown :-1 s=STATE_NONE l=0).mark_down
2024-01-21T11:12:45.753 INFO:teuthology.orchestra.run.smithi089.stderr:/usr/bin/ceph:
2024-01-21T11:12:45.751+0000 7f2e72f4c700 1 -- 172.21.15.89:0/3684239198 shutdown_connections
2024-01-21T11:12:45.753 INFO:teuthology.orchestra.run.smithi089.stderr:/usr/bin/ceph:
2024-01-21T11:12:45.751+0000 7f2e72f4c700 1 -- 172.21.15.89:0/3684239198 wait complete.
2024-01-21T11:12:46.040 INFO:journalctl@ceph.mon.smithi089.smithi089.stdout:Jan 21 11:12:45 smithi089 ceph-e44d1d4c-b84d-11ee-95b0-87774f69a715-mon.smithi089[38842]: audit
2024-01-21T11:12:44.825240+0000 mgr.smithi089.ufybqw (mgr.14114) 1 : audit [DBG] from='client.14118 -' entity='client.admin' cmd=[{"prefix": "get_command_descriptions"}]: dispatch
2024-01-21T11:12:46.040 INFO:journalctl@ceph.mon.smithi089.smithi089.stdout:Jan 21 11:12:45 smithi089 ceph-e44d1d4c-b84d-11ee-95b0-87774f69a715-mon.smithi089[38842]: cluster
2024-01-21T11:12:44.825927+0000 mon.smithi089 (mon.0) 47 : cluster [DBG] mgrmap e6: smithi089.ufybqw(active, since 1.06116s)
2024-01-21T11:12:46.040 INFO:journalctl@ceph.mon.smithi089.smithi089.stdout:Jan 21 11:12:45 smithi089 ceph-e44d1d4c-b84d-11ee-95b0-87774f69a715-mon.smithi089[38842]: audit
2024-01-21T11:12:44.832704+0000 mgr.smithi089.ufybqw (mgr.14114) 2 : audit [DBG] from='client.14118 -' entity='client.admin' cmd=[{"prefix": "mgr_status"}]: dispatch
2024-01-21T11:12:46.040 INFO:journalctl@ceph.mon.smithi089.smithi089.stdout:Jan 21 11:12:45 smithi089 ceph-e44d1d4c-b84d-11ee-95b0-87774f69a715-mon.smithi089[38842]: audit
2024-01-21T11:12:45.750597+0000 mon.smithi089 (mon.0) 48 : audit [INF] from='mgr.14114 172.21.15.89:0/60843299' entity='mgr.smithi089.ufybqw'
2024-01-21T11:12:46.040 INFO:journalctl@ceph.mon.smithi089.smithi089.stdout:Jan 21 11:12:45 smithi089 ceph-e44d1d4c-b84d-11ee-95b0-87774f69a715-mon.smithi089[38842]: audit
2024-01-21T11:12:45.754063+0000 mon.smithi089 (mon.0) 49 : audit [DBG] from='mgr.14114 172.21.15.89:0/60843299' entity='mgr.smithi089.ufybqw' cmd=[{"prefix": "config dump", "format": "json"}]: dispatch
2024-01-21T11:12:46.087 INFO:teuthology.orchestra.run.smithi089.stderr:Running command: /bin/podman run --rm --ipc=host --no-hosts --net=host --entrypoint /usr/bin/ceph --init -e CONTAINER_IMAGE=docker.io/ceph/ceph:v16.2.4 -e NODE_NAME=smithi089 -e CEPH_USE_RANDOM_NONCE=1 -v /var/log/ceph/e44d1d4c-b84d-11ee-95b0-87774f69a715:/var/log/ceph:z -v /tmp/ceph-tmp_kl5xgo3:/etc/ceph/ceph.client.admin.keyring:z -v /tmp/ceph-tmpr76ygqdl:/etc/ceph/ceph.conf:z docker.io/ceph/ceph:v16.2.4 cephadm set-user root
2024-01-21T11:12:46.418 INFO:teuthology.orchestra.run.smithi089.stderr:/usr/bin/ceph:
2024-01-21T11:12:46.412+0000 7f69759b2700 1 Processor -- start
2024-01-21T11:12:46.418 INFO:teuthology.orchestra.run.smithi089.stderr:/usr/bin/ceph:
2024-01-21T11:12:46.412+0000 7f69759b2700 1 -- start start
2024-01-21T11:12:46.418 INFO:teuthology.orchestra.run.smithi089.stderr:/usr/bin/ceph:
2024-01-21T11:12:46.413+0000 7f69759b2700 1 --2- >> [v2:172.21.15.89:3300/0,v1:172.21.15.89:6789/0] conn(0x7f69700fd330 0x7f69700fd750 unknown :-1 s=NONE pgs=0 cs=0 l=0 rev1=0 rx=0 tx=0).connect
2024-01-21T11:12:46.418 INFO:teuthology.orchestra.run.smithi089.stderr:/usr/bin/ceph:
2024-01-21T11:12:46.413+0000 7f69759b2700 1 -- --> [v2:172.21.15.89:3300/0,v1:172.21.15.89:6789/0] -- mon_getmap magic: 0 v1 -- 0x7f69700fdc40 con 0x7f69700fd330
2024-01-21T11:12:46.419 INFO:teuthology.orchestra.run.smithi089.stderr:/usr/bin/ceph:
2024-01-21T11:12:46.413+0000 7f696effd700 1 --2- >> [v2:172.21.15.89:3300/0,v1:172.21.15.89:6789/0] conn(0x7f69700fd330 0x7f69700fd750 unknown :-1 s=BANNER_CONNECTING pgs=0 cs=0 l=0 rev1=0 rx=0 tx=0)._handle_peer_banner_payload supported=1 required=0
2024-01-21T11:12:46.419 INFO:teuthology.orchestra.run.smithi089.stderr:/usr/bin/ceph:
2024-01-21T11:12:46.413+0000 7f696effd700 1 --2- >> [v2:172.21.15.89:3300/0,v1:172.21.15.89:6789/0] conn(0x7f69700fd330 0x7f69700fd750 unknown :-1 s=HELLO_CONNECTING pgs=0 cs=0 l=0 rev1=1 rx=0 tx=0).handle_hello peer v2:172.21.15.89:3300/0 says I am v2:172.21.15.89:50714/0 (socket says 172.21.15.89:50714)
2024-01-21T11:12:46.419 INFO:teuthology.orchestra.run.smithi089.stderr:/usr/bin/ceph:
2024-01-21T11:12:46.413+0000 7f696effd700 1 -- 172.21.15.89:0/3502738589 learned_addr learned my addr 172.21.15.89:0/3502738589 (peer_addr_for_me v2:172.21.15.89:0/0)
2024-01-21T11:12:46.419 INFO:teuthology.orchestra.run.smithi089.stderr:/usr/bin/ceph:
2024-01-21T11:12:46.413+0000 7f696effd700 1 -- 172.21.15.89:0/3502738589 --> [v2:172.21.15.89:3300/0,v1:172.21.15.89:6789/0] -- mon_subscribe({config=0+,monmap=0+}) v3 -- 0x7f69700fdd80 con 0x7f69700fd330
2024-01-21T11:12:46.419 INFO:teuthology.orchestra.run.smithi089.stderr:/usr/bin/ceph:
2024-01-21T11:12:46.413+0000 7f696effd700 1 --2- 172.21.15.89:0/3502738589 >> [v2:172.21.15.89:3300/0,v1:172.21.15.89:6789/0] conn(0x7f69700fd330 0x7f69700fd750 secure :-1 s=READY pgs=31 cs=0 l=1 rev1=1 rx=0x7f696400b5f0 tx=0x7f6964006ee0).ready entity=mon.0 client_cookie=3475cbe9f16668c0 server_cookie=0 in_seq=0 out_seq=0
2024-01-21T11:12:46.419 INFO:teuthology.orchestra.run.smithi089.stderr:/usr/bin/ceph:
2024-01-21T11:12:46.413+0000 7f696dffb700 1 -- 172.21.15.89:0/3502738589 <== mon.0 v2:172.21.15.89:3300/0 1 ==== mon_map magic: 0 v1 ==== 229+0+0 (secure 0 0 0) 0x7f696400d600 con 0x7f69700fd330
2024-01-21T11:12:46.419 INFO:teuthology.orchestra.run.smithi089.stderr:/usr/bin/ceph:
2024-01-21T11:12:46.413+0000 7f696dffb700 1 -- 172.21.15.89:0/3502738589 <== mon.0 v2:172.21.15.89:3300/0 2 ==== config(25 keys) v1 ==== 1010+0+0 (secure 0 0 0) 0x7f696400dbd0 con 0x7f69700fd330
2024-01-21T11:12:46.419 INFO:teuthology.orchestra.run.smithi089.stderr:/usr/bin/ceph:
2024-01-21T11:12:46.413+0000 7f696dffb700 1 -- 172.21.15.89:0/3502738589 <== mon.0 v2:172.21.15.89:3300/0 3 ==== mon_map magic: 0 v1 ==== 229+0+0 (secure 0 0 0) 0x7f6964011c00 con 0x7f69700fd330
2024-01-21T11:12:46.419 INFO:teuthology.orchestra.run.smithi089.stderr:/usr/bin/ceph:
2024-01-21T11:12:46.414+0000 7f69759b2700 1 -- 172.21.15.89:0/3502738589 >> [v2:172.21.15.89:3300/0,v1:172.21.15.89:6789/0] conn(0x7f69700fd330 msgr2=0x7f69700fd750 secure :-1 s=STATE_CONNECTION_ESTABLISHED l=1).mark_down
2024-01-21T11:12:46.419 INFO:teuthology.orchestra.run.smithi089.stderr:/usr/bin/ceph:
2024-01-21T11:12:46.414+0000 7f69759b2700 1 --2- 172.21.15.89:0/3502738589 >> [v2:172.21.15.89:3300/0,v1:172.21.15.89:6789/0] conn(0x7f69700fd330 0x7f69700fd750 secure :-1 s=READY pgs=31 cs=0 l=1 rev1=1 rx=0x7f696400b5f0 tx=0x7f6964006ee0).stop
2024-01-21T11:12:46.419 INFO:teuthology.orchestra.run.smithi089.stderr:/usr/bin/ceph:
2024-01-21T11:12:46.414+0000 7f69759b2700 1 -- 172.21.15.89:0/3502738589 shutdown_connections
2024-01-21T11:12:46.419 INFO:teuthology.orchestra.run.smithi089.stderr:/usr/bin/ceph:
2024-01-21T11:12:46.414+0000 7f69759b2700 1 --2- 172.21.15.89:0/3502738589 >> [v2:172.21.15.89:3300/0,v1:172.21.15.89:6789/0] conn(0x7f69700fd330 0x7f69700fd750 unknown :-1 s=CLOSED pgs=31 cs=0 l=1 rev1=1 rx=0 tx=0).stop
2024-01-21T11:12:46.419 INFO:teuthology.orchestra.run.smithi089.stderr:/usr/bin/ceph:
2024-01-21T11:12:46.414+0000 7f69759b2700 1 -- 172.21.15.89:0/3502738589 >> 172.21.15.89:0/3502738589 conn(0x7f69700f5b10 msgr2=0x7f69700f7f30 unknown :-1 s=STATE_NONE l=0).mark_down
2024-01-21T11:12:46.420 INFO:teuthology.orchestra.run.smithi089.stderr:/usr/bin/ceph:
2024-01-21T11:12:46.414+0000 7f69759b2700 1 -- 172.21.15.89:0/3502738589 shutdown_connections
2024-01-21T11:12:46.420 INFO:teuthology.orchestra.run.smithi089.stderr:/usr/bin/ceph:
2024-01-21T11:12:46.414+0000 7f69759b2700 1 -- 172.21.15.89:0/3502738589 wait complete.
2024-01-21T11:12:46.420 INFO:teuthology.orchestra.run.smithi089.stderr:/usr/bin/ceph:
2024-01-21T11:12:46.415+0000 7f69759b2700 1 Processor -- start
2024-01-21T11:12:46.420 INFO:teuthology.orchestra.run.smithi089.stderr:/usr/bin/ceph:
2024-01-21T11:12:46.415+0000 7f69759b2700 1 -- start start
2024-01-21T11:12:46.420 INFO:teuthology.orchestra.run.smithi089.stderr:/usr/bin/ceph:
2024-01-21T11:12:46.415+0000 7f69759b2700 1 --2- >> [v2:172.21.15.89:3300/0,v1:172.21.15.89:6789/0] conn(0x7f69700fd330 0x7f697010aa10 unknown :-1 s=NONE pgs=0 cs=0 l=1 rev1=0 rx=0 tx=0).connect
2024-01-21T11:12:46.420 INFO:teuthology.orchestra.run.smithi089.stderr:/usr/bin/ceph:
2024-01-21T11:12:46.415+0000 7f69759b2700 1 -- --> [v2:172.21.15.89:3300/0,v1:172.21.15.89:6789/0] -- mon_getmap magic: 0 v1 -- 0x7f697010af00 con 0x7f69700fd330
2024-01-21T11:12:46.420 INFO:teuthology.orchestra.run.smithi089.stderr:/usr/bin/ceph:
2024-01-21T11:12:46.415+0000 7f696effd700 1 --2- >> [v2:172.21.15.89:3300/0,v1:172.21.15.89:6789/0] conn(0x7f69700fd330 0x7f697010aa10 unknown :-1 s=BANNER_CONNECTING pgs=0 cs=0 l=1 rev1=0 rx=0 tx=0)._handle_peer_banner_payload supported=1 required=0
2024-01-21T11:12:46.420 INFO:teuthology.orchestra.run.smithi089.stderr:/usr/bin/ceph:
2024-01-21T11:12:46.415+0000 7f696effd700 1 --2- >> [v2:172.21.15.89:3300/0,v1:172.21.15.89:6789/0] conn(0x7f69700fd330 0x7f697010aa10 unknown :-1 s=HELLO_CONNECTING pgs=0 cs=0 l=1 rev1=1 rx=0 tx=0).handle_hello peer v2:172.21.15.89:3300/0 says I am v2:172.21.15.89:50720/0 (socket says 172.21.15.89:50720)
2024-01-21T11:12:46.420 INFO:teuthology.orchestra.run.smithi089.stderr:/usr/bin/ceph:
2024-01-21T11:12:46.415+0000 7f696effd700 1 -- 172.21.15.89:0/1181691209 learned_addr learned my addr 172.21.15.89:0/1181691209 (peer_addr_for_me v2:172.21.15.89:0/0)
2024-01-21T11:12:46.420 INFO:teuthology.orchestra.run.smithi089.stderr:/usr/bin/ceph:
2024-01-21T11:12:46.415+0000 7f696effd700 1 -- 172.21.15.89:0/1181691209 --> [v2:172.21.15.89:3300/0,v1:172.21.15.89:6789/0] -- mon_subscribe({config=0+,monmap=0+}) v3 -- 0x7f696400b200 con 0x7f69700fd330
2024-01-21T11:12:46.421 INFO:teuthology.orchestra.run.smithi089.stderr:/usr/bin/ceph:
2024-01-21T11:12:46.415+0000 7f696effd700 1 --2- 172.21.15.89:0/1181691209 >> [v2:172.21.15.89:3300/0,v1:172.21.15.89:6789/0] conn(0x7f69700fd330 0x7f697010aa10 secure :-1 s=READY pgs=32 cs=0 l=1 rev1=1 rx=0x7f6964002f40 tx=0x7f6964006ee0).ready entity=mon.0 client_cookie=0 server_cookie=0 in_seq=0 out_seq=0
2024-01-21T11:12:46.421 INFO:teuthology.orchestra.run.smithi089.stderr:/usr/bin/ceph:
2024-01-21T11:12:46.415+0000 7f69577fe700 1 -- 172.21.15.89:0/1181691209 <== mon.0 v2:172.21.15.89:3300/0 1 ==== mon_map magic: 0 v1 ==== 229+0+0 (secure 0 0 0) 0x7f696401b410 con 0x7f69700fd330
2024-01-21T11:12:46.421 INFO:teuthology.orchestra.run.smithi089.stderr:/usr/bin/ceph:
2024-01-21T11:12:46.415+0000 7f69759b2700 1 -- 172.21.15.89:0/1181691209 --> [v2:172.21.15.89:3300/0,v1:172.21.15.89:6789/0] -- mon_subscribe({mgrmap=0+}) v3 -- 0x7f697010b100 con 0x7f69700fd330
2024-01-21T11:12:46.421 INFO:teuthology.orchestra.run.smithi089.stderr:/usr/bin/ceph:
2024-01-21T11:12:46.415+0000 7f69577fe700 1 -- 172.21.15.89:0/1181691209 <== mon.0 v2:172.21.15.89:3300/0 2 ==== config(25 keys) v1 ==== 1010+0+0 (secure 0 0 0) 0x7f696401b9e0 con 0x7f69700fd330
2024-01-21T11:12:46.421 INFO:teuthology.orchestra.run.smithi089.stderr:/usr/bin/ceph:
2024-01-21T11:12:46.415+0000 7f69577fe700 1 -- 172.21.15.89:0/1181691209 <== mon.0 v2:172.21.15.89:3300/0 3 ==== mon_map magic: 0 v1 ==== 229+0+0 (secure 0 0 0) 0x7f696401a8b0 con 0x7f69700fd330
2024-01-21T11:12:46.421 INFO:teuthology.orchestra.run.smithi089.stderr:/usr/bin/ceph:
2024-01-21T11:12:46.415+0000 7f69759b2700 1 -- 172.21.15.89:0/1181691209 --> [v2:172.21.15.89:3300/0,v1:172.21.15.89:6789/0] -- mon_subscribe({osdmap=0}) v3 -- 0x7f697010b510 con 0x7f69700fd330
2024-01-21T11:12:46.421 INFO:teuthology.orchestra.run.smithi089.stderr:/usr/bin/ceph:
2024-01-21T11:12:46.416+0000 7f69577fe700 1 -- 172.21.15.89:0/1181691209 <== mon.0 v2:172.21.15.89:3300/0 4 ==== mgrmap(e 6) v1 ==== 36040+0+0 (secure 0 0 0) 0x7f696400f070 con 0x7f69700fd330
2024-01-21T11:12:46.421 INFO:teuthology.orchestra.run.smithi089.stderr:/usr/bin/ceph:
2024-01-21T11:12:46.416+0000 7f69577fe700 1 --2- 172.21.15.89:0/1181691209 >> [v2:172.21.15.89:6800/4200893972,v1:172.21.15.89:6801/4200893972] conn(0x7f695c02fcc0 0x7f695c032180 unknown :-1 s=NONE pgs=0 cs=0 l=1 rev1=0 rx=0 tx=0).connect
2024-01-21T11:12:46.421 INFO:teuthology.orchestra.run.smithi089.stderr:/usr/bin/ceph:
2024-01-21T11:12:46.416+0000 7f69759b2700 1 -- 172.21.15.89:0/1181691209 --> [v2:172.21.15.89:3300/0,v1:172.21.15.89:6789/0] -- mon_command({"prefix": "get_command_descriptions"} v 0) v1 -- 0x7f6970045ad0 con 0x7f69700fd330
2024-01-21T11:12:46.421 INFO:teuthology.orchestra.run.smithi089.stderr:/usr/bin/ceph:
2024-01-21T11:12:46.416+0000 7f69577fe700 1 -- 172.21.15.89:0/1181691209 <== mon.0 v2:172.21.15.89:3300/0 5 ==== osd_map(2..2 src has 1..2) v4 ==== 926+0+0 (secure 0 0 0) 0x7f69640410f0 con 0x7f69700fd330
2024-01-21T11:12:46.421 INFO:teuthology.orchestra.run.smithi089.stderr:/usr/bin/ceph:
2024-01-21T11:12:46.416+0000 7f696e7fc700 1 --2- 172.21.15.89:0/1181691209 >> [v2:172.21.15.89:6800/4200893972,v1:172.21.15.89:6801/4200893972] conn(0x7f695c02fcc0 0x7f695c032180 unknown :-1 s=BANNER_CONNECTING pgs=0 cs=0 l=1 rev1=0 rx=0 tx=0)._handle_peer_banner_payload supported=1 required=0
2024-01-21T11:12:46.421 INFO:teuthology.orchestra.run.smithi089.stderr:/usr/bin/ceph:
2024-01-21T11:12:46.417+0000 7f696e7fc700 1 --2- 172.21.15.89:0/1181691209 >> [v2:172.21.15.89:6800/4200893972,v1:172.21.15.89:6801/4200893972] conn(0x7f695c02fcc0 0x7f695c032180 secure :-1 s=READY pgs=7 cs=0 l=1 rev1=1 rx=0x7f69600096a0 tx=0x7f6960006b40).ready entity=mgr.14114 client_cookie=0 server_cookie=0 in_seq=0 out_seq=0
2024-01-21T11:12:46.422 INFO:teuthology.orchestra.run.smithi089.stderr:/usr/bin/ceph:
2024-01-21T11:12:46.421+0000 7f69577fe700 1 -- 172.21.15.89:0/1181691209 <== mon.0 v2:172.21.15.89:3300/0 6 ==== mon_command_ack([{"prefix": "get_command_descriptions"}]=0 v0) v1 ==== 72+0+152212 (secure 0 0 0) 0x7f6964016070 con 0x7f69700fd330
2024-01-21T11:12:46.573 INFO:teuthology.orchestra.run.smithi089.stderr:/usr/bin/ceph:
2024-01-21T11:12:46.571+0000 7f69759b2700 1 -- 172.21.15.89:0/1181691209 --> [v2:172.21.15.89:6800/4200893972,v1:172.21.15.89:6801/4200893972] -- mgr_command(tid 0: {"prefix": "cephadm set-user", "user": "root", "target": ["mon-mgr", ""]}) v1 -- 0x7f697010bdf0 con 0x7f695c02fcc0
2024-01-21T11:12:46.573 INFO:teuthology.orchestra.run.smithi089.stderr:/usr/bin/ceph:
2024-01-21T11:12:46.572+0000 7f69577fe700 1 -- 172.21.15.89:0/1181691209 <== mgr.14114 v2:172.21.15.89:6800/4200893972 1 ==== mgr_command_reply(tid 0: 0 ) v1 ==== 8+0+16 (secure 0 0 0) 0x7f697010bdf0 con 0x7f695c02fcc0
2024-01-21T11:12:46.573 INFO:teuthology.orchestra.run.smithi089.stderr:/usr/bin/ceph: value unchanged
2024-01-21T11:12:46.575 INFO:teuthology.orchestra.run.smithi089.stderr:/usr/bin/ceph:
2024-01-21T11:12:46.573+0000 7f69759b2700 1 -- 172.21.15.89:0/1181691209 >> [v2:172.21.15.89:6800/4200893972,v1:172.21.15.89:6801/4200893972] conn(0x7f695c02fcc0 msgr2=0x7f695c032180 secure :-1 s=STATE_CONNECTION_ESTABLISHED l=1).mark_down
2024-01-21T11:12:46.575 INFO:teuthology.orchestra.run.smithi089.stderr:/usr/bin/ceph:
2024-01-21T11:12:46.573+0000 7f69759b2700 1 --2- 172.21.15.89:0/1181691209 >> [v2:172.21.15.89:6800/4200893972,v1:172.21.15.89:6801/4200893972] conn(0x7f695c02fcc0 0x7f695c032180 secure :-1 s=READY pgs=7 cs=0 l=1 rev1=1 rx=0x7f69600096a0 tx=0x7f6960006b40).stop
2024-01-21T11:12:46.575 INFO:teuthology.orchestra.run.smithi089.stderr:/usr/bin/ceph:
2024-01-21T11:12:46.573+0000 7f69759b2700 1 -- 172.21.15.89:0/1181691209 >> [v2:172.21.15.89:3300/0,v1:172.21.15.89:6789/0] conn(0x7f69700fd330 msgr2=0x7f697010aa10 secure :-1 s=STATE_CONNECTION_ESTABLISHED l=1).mark_down
2024-01-21T11:12:46.575 INFO:teuthology.orchestra.run.smithi089.stderr:/usr/bin/ceph:
2024-01-21T11:12:46.573+0000 7f69759b2700 1 --2- 172.21.15.89:0/1181691209 >> [v2:172.21.15.89:3300/0,v1:172.21.15.89:6789/0] conn(0x7f69700fd330 0x7f697010aa10 secure :-1 s=READY pgs=32 cs=0 l=1 rev1=1 rx=0x7f6964002f40 tx=0x7f6964006ee0).stop
2024-01-21T11:12:46.575 INFO:teuthology.orchestra.run.smithi089.stderr:/usr/bin/ceph:
2024-01-21T11:12:46.573+0000 7f69759b2700 1 -- 172.21.15.89:0/1181691209 shutdown_connections
2024-01-21T11:12:46.575 INFO:teuthology.orchestra.run.smithi089.stderr:/usr/bin/ceph:
2024-01-21T11:12:46.573+0000 7f69759b2700 1 --2- 172.21.15.89:0/1181691209 >> [v2:172.21.15.89:6800/4200893972,v1:172.21.15.89:6801/4200893972] conn(0x7f695c02fcc0 0x7f695c032180 unknown :-1 s=CLOSED pgs=7 cs=0 l=1 rev1=1 rx=0 tx=0).stop
2024-01-21T11:12:46.575 INFO:teuthology.orchestra.run.smithi089.stderr:/usr/bin/ceph:
2024-01-21T11:12:46.573+0000 7f69759b2700 1 --2- 172.21.15.89:0/1181691209 >> [v2:172.21.15.89:3300/0,v1:172.21.15.89:6789/0] conn(0x7f69700fd330 0x7f697010aa10 unknown :-1 s=CLOSED pgs=32 cs=0 l=1 rev1=1 rx=0 tx=0).stop
2024-01-21T11:12:46.576 INFO:teuthology.orchestra.run.smithi089.stderr:/usr/bin/ceph:
2024-01-21T11:12:46.573+0000 7f69759b2700 1 -- 172.21.15.89:0/1181691209 >> 172.21.15.89:0/1181691209 conn(0x7f69700f5b10 msgr2=0x7f69700ff280 unknown :-1 s=STATE_NONE l=0).mark_down
2024-01-21T11:12:46.576 INFO:teuthology.orchestra.run.smithi089.stderr:/usr/bin/ceph:
2024-01-21T11:12:46.573+0000 7f69759b2700 1 -- 172.21.15.89:0/1181691209 shutdown_connections
2024-01-21T11:12:46.576 INFO:teuthology.orchestra.run.smithi089.stderr:/usr/bin/ceph:
2024-01-21T11:12:46.574+0000 7f69759b2700 1 -- 172.21.15.89:0/1181691209 wait complete.
2024-01-21T11:12:46.898 INFO:journalctl@ceph.mon.smithi089.smithi089.stdout:Jan 21 11:12:46 smithi089 ceph-e44d1d4c-b84d-11ee-95b0-87774f69a715-mon.smithi089[38842]: audit
2024-01-21T11:12:45.746699+0000 mgr.smithi089.ufybqw (mgr.14114) 3 : audit [DBG] from='client.14124 -' entity='client.admin' cmd=[{"prefix": "orch set backend", "module_name": "cephadm", "target": ["mon-mgr", ""]}]: dispatch
2024-01-21T11:12:46.898 INFO:journalctl@ceph.mon.smithi089.smithi089.stdout:Jan 21 11:12:46 smithi089 ceph-e44d1d4c-b84d-11ee-95b0-87774f69a715-mon.smithi089[38842]: cluster
2024-01-21T11:12:46.751374+0000 mon.smithi089 (mon.0) 50 : cluster [DBG] mgrmap e7: smithi089.ufybqw(active, since 2s)
2024-01-21T11:12:46.963 INFO:teuthology.orchestra.run.smithi089.stderr:Generating ssh key...
2024-01-21T11:12:46.963 INFO:teuthology.orchestra.run.smithi089.stderr:Running command: /bin/podman run --rm --ipc=host --no-hosts --net=host --entrypoint /usr/bin/ceph --init -e CONTAINER_IMAGE=docker.io/ceph/ceph:v16.2.4 -e NODE_NAME=smithi089 -e CEPH_USE_RANDOM_NONCE=1 -v /var/log/ceph/e44d1d4c-b84d-11ee-95b0-87774f69a715:/var/log/ceph:z -v /tmp/ceph-tmp_kl5xgo3:/etc/ceph/ceph.client.admin.keyring:z -v /tmp/ceph-tmpr76ygqdl:/etc/ceph/ceph.conf:z docker.io/ceph/ceph:v16.2.4 cephadm generate-key
2024-01-21T11:12:47.300 INFO:teuthology.orchestra.run.smithi089.stderr:/usr/bin/ceph:
2024-01-21T11:12:47.294+0000 7f5b29380700 1 Processor -- start
2024-01-21T11:12:47.300 INFO:teuthology.orchestra.run.smithi089.stderr:/usr/bin/ceph:
2024-01-21T11:12:47.294+0000 7f5b29380700 1 -- start start
2024-01-21T11:12:47.300 INFO:teuthology.orchestra.run.smithi089.stderr:/usr/bin/ceph:
2024-01-21T11:12:47.295+0000 7f5b29380700 1 --2- >> [v2:172.21.15.89:3300/0,v1:172.21.15.89:6789/0] conn(0x7f5b24070460 0x7f5b240fe930 unknown :-1 s=NONE pgs=0 cs=0 l=0 rev1=0 rx=0 tx=0).connect
2024-01-21T11:12:47.300 INFO:teuthology.orchestra.run.smithi089.stderr:/usr/bin/ceph:
2024-01-21T11:12:47.295+0000 7f5b29380700 1 -- --> [v2:172.21.15.89:3300/0,v1:172.21.15.89:6789/0] -- mon_getmap magic: 0 v1 -- 0x7f5b240fee20 con 0x7f5b24070460
2024-01-21T11:12:47.300 INFO:teuthology.orchestra.run.smithi089.stderr:/usr/bin/ceph:
2024-01-21T11:12:47.295+0000 7f5b22ffd700 1 --2- >> [v2:172.21.15.89:3300/0,v1:172.21.15.89:6789/0] conn(0x7f5b24070460 0x7f5b240fe930 unknown :-1 s=BANNER_CONNECTING pgs=0 cs=0 l=0 rev1=0 rx=0 tx=0)._handle_peer_banner_payload supported=1 required=0
2024-01-21T11:12:47.300 INFO:teuthology.orchestra.run.smithi089.stderr:/usr/bin/ceph:
2024-01-21T11:12:47.295+0000 7f5b22ffd700 1 --2- >> [v2:172.21.15.89:3300/0,v1:172.21.15.89:6789/0] conn(0x7f5b24070460 0x7f5b240fe930 unknown :-1 s=HELLO_CONNECTING pgs=0 cs=0 l=0 rev1=1 rx=0 tx=0).handle_hello peer v2:172.21.15.89:3300/0 says I am v2:172.21.15.89:50736/0 (socket says 172.21.15.89:50736)
2024-01-21T11:12:47.300 INFO:teuthology.orchestra.run.smithi089.stderr:/usr/bin/ceph:
2024-01-21T11:12:47.295+0000 7f5b22ffd700 1 -- 172.21.15.89:0/2270758328 learned_addr learned my addr 172.21.15.89:0/2270758328 (peer_addr_for_me v2:172.21.15.89:0/0)
2024-01-21T11:12:47.300 INFO:teuthology.orchestra.run.smithi089.stderr:/usr/bin/ceph:
2024-01-21T11:12:47.295+0000 7f5b22ffd700 1 -- 172.21.15.89:0/2270758328 --> [v2:172.21.15.89:3300/0,v1:172.21.15.89:6789/0] -- mon_subscribe({config=0+,monmap=0+}) v3 -- 0x7f5b240fef60 con 0x7f5b24070460
2024-01-21T11:12:47.301 INFO:teuthology.orchestra.run.smithi089.stderr:/usr/bin/ceph:
2024-01-21T11:12:47.295+0000 7f5b22ffd700 1 --2- 172.21.15.89:0/2270758328 >> [v2:172.21.15.89:3300/0,v1:172.21.15.89:6789/0] conn(0x7f5b24070460 0x7f5b240fe930 secure :-1 s=READY pgs=33 cs=0 l=1 rev1=1 rx=0x7f5b1800b5f0 tx=0x7f5b18006ee0).ready entity=mon.0 client_cookie=41a15f900c8d998b server_cookie=0 in_seq=0 out_seq=0
2024-01-21T11:12:47.301 INFO:teuthology.orchestra.run.smithi089.stderr:/usr/bin/ceph:
2024-01-21T11:12:47.295+0000 7f5b21ffb700 1 -- 172.21.15.89:0/2270758328 <== mon.0 v2:172.21.15.89:3300/0 1 ==== mon_map magic: 0 v1 ==== 229+0+0 (secure 0 0 0) 0x7f5b1800d600 con 0x7f5b24070460
2024-01-21T11:12:47.301 INFO:teuthology.orchestra.run.smithi089.stderr:/usr/bin/ceph:
2024-01-21T11:12:47.295+0000 7f5b21ffb700 1 -- 172.21.15.89:0/2270758328 <== mon.0 v2:172.21.15.89:3300/0 2 ==== config(25 keys) v1 ==== 1010+0+0 (secure 0 0 0) 0x7f5b1800dbd0 con 0x7f5b24070460
2024-01-21T11:12:47.301 INFO:teuthology.orchestra.run.smithi089.stderr:/usr/bin/ceph:
2024-01-21T11:12:47.295+0000 7f5b21ffb700 1 -- 172.21.15.89:0/2270758328 <== mon.0 v2:172.21.15.89:3300/0 3 ==== mon_map magic: 0 v1 ==== 229+0+0 (secure 0 0 0) 0x7f5b18011c00 con 0x7f5b24070460
2024-01-21T11:12:47.301 INFO:teuthology.orchestra.run.smithi089.stderr:/usr/bin/ceph:
2024-01-21T11:12:47.296+0000 7f5b29380700 1 -- 172.21.15.89:0/2270758328 >> [v2:172.21.15.89:3300/0,v1:172.21.15.89:6789/0] conn(0x7f5b24070460 msgr2=0x7f5b240fe930 secure :-1 s=STATE_CONNECTION_ESTABLISHED l=1).mark_down
2024-01-21T11:12:47.301 INFO:teuthology.orchestra.run.smithi089.stderr:/usr/bin/ceph:
2024-01-21T11:12:47.296+0000 7f5b29380700 1 --2- 172.21.15.89:0/2270758328 >> [v2:172.21.15.89:3300/0,v1:172.21.15.89:6789/0] conn(0x7f5b24070460 0x7f5b240fe930 secure :-1 s=READY pgs=33 cs=0 l=1 rev1=1 rx=0x7f5b1800b5f0 tx=0x7f5b18006ee0).stop
2024-01-21T11:12:47.301 INFO:teuthology.orchestra.run.smithi089.stderr:/usr/bin/ceph:
2024-01-21T11:12:47.296+0000 7f5b29380700 1 -- 172.21.15.89:0/2270758328 shutdown_connections
2024-01-21T11:12:47.301 INFO:teuthology.orchestra.run.smithi089.stderr:/usr/bin/ceph:
2024-01-21T11:12:47.296+0000 7f5b29380700 1 --2- 172.21.15.89:0/2270758328 >> [v2:172.21.15.89:3300/0,v1:172.21.15.89:6789/0] conn(0x7f5b24070460 0x7f5b240fe930 unknown :-1 s=CLOSED pgs=33 cs=0 l=1 rev1=1 rx=0 tx=0).stop
2024-01-21T11:12:47.301 INFO:teuthology.orchestra.run.smithi089.stderr:/usr/bin/ceph:
2024-01-21T11:12:47.296+0000 7f5b29380700 1 -- 172.21.15.89:0/2270758328 >> 172.21.15.89:0/2270758328 conn(0x7f5b240f63b0 msgr2=0x7f5b240f87d0 unknown :-1 s=STATE_NONE l=0).mark_down
2024-01-21T11:12:47.301 INFO:teuthology.orchestra.run.smithi089.stderr:/usr/bin/ceph:
2024-01-21T11:12:47.296+0000 7f5b29380700 1 -- 172.21.15.89:0/2270758328 shutdown_connections
2024-01-21T11:12:47.301 INFO:teuthology.orchestra.run.smithi089.stderr:/usr/bin/ceph:
2024-01-21T11:12:47.296+0000 7f5b29380700 1 -- 172.21.15.89:0/2270758328 wait complete.
2024-01-21T11:12:47.301 INFO:teuthology.orchestra.run.smithi089.stderr:/usr/bin/ceph:
2024-01-21T11:12:47.297+0000 7f5b29380700 1 Processor -- start
2024-01-21T11:12:47.301 INFO:teuthology.orchestra.run.smithi089.stderr:/usr/bin/ceph:
2024-01-21T11:12:47.297+0000 7f5b29380700 1 -- start start
2024-01-21T11:12:47.301 INFO:teuthology.orchestra.run.smithi089.stderr:/usr/bin/ceph:
2024-01-21T11:12:47.297+0000 7f5b29380700 1 --2- >> [v2:172.21.15.89:3300/0,v1:172.21.15.89:6789/0] conn(0x7f5b24070460 0x7f5b2410a9d0 unknown :-1 s=NONE pgs=0 cs=0 l=1 rev1=0 rx=0 tx=0).connect
2024-01-21T11:12:47.302 INFO:teuthology.orchestra.run.smithi089.stderr:/usr/bin/ceph:
2024-01-21T11:12:47.297+0000 7f5b29380700 1 -- --> [v2:172.21.15.89:3300/0,v1:172.21.15.89:6789/0] -- mon_getmap magic: 0 v1 -- 0x7f5b2410aec0 con 0x7f5b24070460
2024-01-21T11:12:47.302 INFO:teuthology.orchestra.run.smithi089.stderr:/usr/bin/ceph:
2024-01-21T11:12:47.297+0000 7f5b22ffd700 1 --2- >> [v2:172.21.15.89:3300/0,v1:172.21.15.89:6789/0] conn(0x7f5b24070460 0x7f5b2410a9d0 unknown :-1 s=BANNER_CONNECTING pgs=0 cs=0 l=1 rev1=0 rx=0 tx=0)._handle_peer_banner_payload supported=1 required=0
2024-01-21T11:12:47.302 INFO:teuthology.orchestra.run.smithi089.stderr:/usr/bin/ceph:
2024-01-21T11:12:47.297+0000 7f5b22ffd700 1 --2- >> [v2:172.21.15.89:3300/0,v1:172.21.15.89:6789/0] conn(0x7f5b24070460 0x7f5b2410a9d0 unknown :-1 s=HELLO_CONNECTING pgs=0 cs=0 l=1 rev1=1 rx=0 tx=0).handle_hello peer v2:172.21.15.89:3300/0 says I am v2:172.21.15.89:50740/0 (socket says 172.21.15.89:50740)
2024-01-21T11:12:47.302 INFO:teuthology.orchestra.run.smithi089.stderr:/usr/bin/ceph:
2024-01-21T11:12:47.297+0000 7f5b22ffd700 1 -- 172.21.15.89:0/1024393582 learned_addr learned my addr 172.21.15.89:0/1024393582 (peer_addr_for_me v2:172.21.15.89:0/0)
2024-01-21T11:12:47.302 INFO:teuthology.orchestra.run.smithi089.stderr:/usr/bin/ceph:
2024-01-21T11:12:47.297+0000 7f5b22ffd700 1 -- 172.21.15.89:0/1024393582 --> [v2:172.21.15.89:3300/0,v1:172.21.15.89:6789/0] -- mon_subscribe({config=0+,monmap=0+}) v3 -- 0x7f5b1800b200 con 0x7f5b24070460
2024-01-21T11:12:47.302 INFO:teuthology.orchestra.run.smithi089.stderr:/usr/bin/ceph:
2024-01-21T11:12:47.298+0000 7f5b22ffd700 1 --2- 172.21.15.89:0/1024393582 >> [v2:172.21.15.89:3300/0,v1:172.21.15.89:6789/0] conn(0x7f5b24070460 0x7f5b2410a9d0 secure :-1 s=READY pgs=34 cs=0 l=1 rev1=1 rx=0x7f5b1800b190 tx=0x7f5b18006ee0).ready entity=mon.0 client_cookie=0 server_cookie=0 in_seq=0 out_seq=0
2024-01-21T11:12:47.302 INFO:teuthology.orchestra.run.smithi089.stderr:/usr/bin/ceph:
2024-01-21T11:12:47.298+0000 7f5b0b7fe700 1 -- 172.21.15.89:0/1024393582 <== mon.0 v2:172.21.15.89:3300/0 1 ==== mon_map magic: 0 v1 ==== 229+0+0 (secure 0 0 0) 0x7f5b1801b410 con 0x7f5b24070460
2024-01-21T11:12:47.302 INFO:teuthology.orchestra.run.smithi089.stderr:/usr/bin/ceph:
2024-01-21T11:12:47.298+0000 7f5b0b7fe700 1 -- 172.21.15.89:0/1024393582 <== mon.0 v2:172.21.15.89:3300/0 2 ==== config(25 keys) v1 ==== 1010+0+0 (secure 0 0 0) 0x7f5b1801b9e0 con 0x7f5b24070460
2024-01-21T11:12:47.302 INFO:teuthology.orchestra.run.smithi089.stderr:/usr/bin/ceph:
2024-01-21T11:12:47.298+0000 7f5b29380700 1 -- 172.21.15.89:0/1024393582 --> [v2:172.21.15.89:3300/0,v1:172.21.15.89:6789/0] -- mon_subscribe({mgrmap=0+}) v3 -- 0x7f5b2410b0c0 con 0x7f5b24070460
2024-01-21T11:12:47.302 INFO:teuthology.orchestra.run.smithi089.stderr:/usr/bin/ceph:
2024-01-21T11:12:47.298+0000 7f5b0b7fe700 1 -- 172.21.15.89:0/1024393582 <== mon.0 v2:172.21.15.89:3300/0 3 ==== mon_map magic: 0 v1 ==== 229+0+0 (secure 0 0 0) 0x7f5b1801a880 con 0x7f5b24070460
2024-01-21T11:12:47.302 INFO:teuthology.orchestra.run.smithi089.stderr:/usr/bin/ceph:
2024-01-21T11:12:47.298+0000 7f5b29380700 1 -- 172.21.15.89:0/1024393582 --> [v2:172.21.15.89:3300/0,v1:172.21.15.89:6789/0] -- mon_subscribe({osdmap=0}) v3 -- 0x7f5b2410b4d0 con 0x7f5b24070460
2024-01-21T11:12:47.302 INFO:teuthology.orchestra.run.smithi089.stderr:/usr/bin/ceph:
2024-01-21T11:12:47.298+0000 7f5b0b7fe700 1 -- 172.21.15.89:0/1024393582 <== mon.0 v2:172.21.15.89:3300/0 4 ==== mgrmap(e 7) v1 ==== 36120+0+0 (secure 0 0 0) 0x7f5b1800f070 con 0x7f5b24070460
2024-01-21T11:12:47.302 INFO:teuthology.orchestra.run.smithi089.stderr:/usr/bin/ceph:
2024-01-21T11:12:47.299+0000 7f5b0b7fe700 1 --2- 172.21.15.89:0/1024393582 >> [v2:172.21.15.89:6800/4200893972,v1:172.21.15.89:6801/4200893972] conn(0x7f5b1002fdb0 0x7f5b10032270 unknown :-1 s=NONE pgs=0 cs=0 l=1 rev1=0 rx=0 tx=0).connect
2024-01-21T11:12:47.303 INFO:teuthology.orchestra.run.smithi089.stderr:/usr/bin/ceph:
2024-01-21T11:12:47.299+0000 7f5b0b7fe700 1 -- 172.21.15.89:0/1024393582 <== mon.0 v2:172.21.15.89:3300/0 5 ==== osd_map(2..2 src has 1..2) v4 ==== 926+0+0 (secure 0 0 0) 0x7f5b18041190 con 0x7f5b24070460
2024-01-21T11:12:47.303 INFO:teuthology.orchestra.run.smithi089.stderr:/usr/bin/ceph:
2024-01-21T11:12:47.299+0000 7f5b227fc700 1 --2- 172.21.15.89:0/1024393582 >> [v2:172.21.15.89:6800/4200893972,v1:172.21.15.89:6801/4200893972] conn(0x7f5b1002fdb0 0x7f5b10032270 unknown :-1 s=BANNER_CONNECTING pgs=0 cs=0 l=1 rev1=0 rx=0 tx=0)._handle_peer_banner_payload supported=1 required=0
2024-01-21T11:12:47.303 INFO:teuthology.orchestra.run.smithi089.stderr:/usr/bin/ceph:
2024-01-21T11:12:47.299+0000 7f5b227fc700 1 --2- 172.21.15.89:0/1024393582 >> [v2:172.21.15.89:6800/4200893972,v1:172.21.15.89:6801/4200893972] conn(0x7f5b1002fdb0 0x7f5b10032270 secure :-1 s=READY pgs=8 cs=0 l=1 rev1=1 rx=0x7f5b140096a0 tx=0x7f5b14006b40).ready entity=mgr.14114 client_cookie=0 server_cookie=0 in_seq=0 out_seq=0
2024-01-21T11:12:47.303 INFO:teuthology.orchestra.run.smithi089.stderr:/usr/bin/ceph:
2024-01-21T11:12:47.299+0000 7f5b29380700 1 -- 172.21.15.89:0/1024393582 --> [v2:172.21.15.89:3300/0,v1:172.21.15.89:6789/0] -- mon_command({"prefix": "get_command_descriptions"} v 0) v1 -- 0x7f5b24059100 con 0x7f5b24070460
2024-01-21T11:12:47.304 INFO:teuthology.orchestra.run.smithi089.stderr:/usr/bin/ceph:
2024-01-21T11:12:47.303+0000 7f5b0b7fe700 1 -- 172.21.15.89:0/1024393582 <== mon.0 v2:172.21.15.89:3300/0 6 ==== mon_command_ack([{"prefix": "get_command_descriptions"}]=0 v0) v1 ==== 72+0+152212 (secure 0 0 0) 0x7f5b18016070 con 0x7f5b24070460
2024-01-21T11:12:47.453 INFO:teuthology.orchestra.run.smithi089.stderr:/usr/bin/ceph:
2024-01-21T11:12:47.452+0000 7f5b29380700 1 -- 172.21.15.89:0/1024393582 --> [v2:172.21.15.89:6800/4200893972,v1:172.21.15.89:6801/4200893972] -- mgr_command(tid 0: {"prefix": "cephadm generate-key", "target": ["mon-mgr", ""]}) v1 -- 0x7f5b24104900 con 0x7f5b1002fdb0
2024-01-21T11:12:47.569 INFO:teuthology.orchestra.run.smithi089.stderr:/usr/bin/ceph:
2024-01-21T11:12:47.568+0000 7f5b0b7fe700 1 -- 172.21.15.89:0/1024393582 <== mgr.14114 v2:172.21.15.89:6800/4200893972 1 ==== mgr_command_reply(tid 0: 0 ) v1 ==== 8+0+0 (secure 0 0 0) 0x7f5b24104900 con 0x7f5b1002fdb0
2024-01-21T11:12:47.572 INFO:teuthology.orchestra.run.smithi089.stderr:/usr/bin/ceph:
2024-01-21T11:12:47.570+0000 7f5b29380700 1 -- 172.21.15.89:0/1024393582 >> [v2:172.21.15.89:6800/4200893972,v1:172.21.15.89:6801/4200893972] conn(0x7f5b1002fdb0 msgr2=0x7f5b10032270 secure :-1 s=STATE_CONNECTION_ESTABLISHED l=1).mark_down
2024-01-21T11:12:47.572 INFO:teuthology.orchestra.run.smithi089.stderr:/usr/bin/ceph:
2024-01-21T11:12:47.570+0000 7f5b29380700 1 --2- 172.21.15.89:0/1024393582 >> [v2:172.21.15.89:6800/4200893972,v1:172.21.15.89:6801/4200893972] conn(0x7f5b1002fdb0 0x7f5b10032270 secure :-1 s=READY pgs=8 cs=0 l=1 rev1=1 rx=0x7f5b140096a0 tx=0x7f5b14006b40).stop
2024-01-21T11:12:47.572 INFO:teuthology.orchestra.run.smithi089.stderr:/usr/bin/ceph:
2024-01-21T11:12:47.570+0000 7f5b29380700 1 -- 172.21.15.89:0/1024393582 >> [v2:172.21.15.89:3300/0,v1:172.21.15.89:6789/0] conn(0x7f5b24070460 msgr2=0x7f5b2410a9d0 secure :-1 s=STATE_CONNECTION_ESTABLISHED l=1).mark_down
2024-01-21T11:12:47.572 INFO:teuthology.orchestra.run.smithi089.stderr:/usr/bin/ceph:
2024-01-21T11:12:47.570+0000 7f5b29380700 1 --2- 172.21.15.89:0/1024393582 >> [v2:172.21.15.89:3300/0,v1:172.21.15.89:6789/0] conn(0x7f5b24070460 0x7f5b2410a9d0 secure :-1 s=READY pgs=34 cs=0 l=1 rev1=1 rx=0x7f5b1800b190 tx=0x7f5b18006ee0).stop
2024-01-21T11:12:47.572 INFO:teuthology.orchestra.run.smithi089.stderr:/usr/bin/ceph:
2024-01-21T11:12:47.570+0000 7f5b29380700 1 -- 172.21.15.89:0/1024393582 shutdown_connections
2024-01-21T11:12:47.572 INFO:teuthology.orchestra.run.smithi089.stderr:/usr/bin/ceph:
2024-01-21T11:12:47.570+0000 7f5b29380700 1 --2- 172.21.15.89:0/1024393582 >> [v2:172.21.15.89:6800/4200893972,v1:172.21.15.89:6801/4200893972] conn(0x7f5b1002fdb0 0x7f5b10032270 unknown :-1 s=CLOSED pgs=8 cs=0 l=1 rev1=1 rx=0 tx=0).stop
2024-01-21T11:12:47.572 INFO:teuthology.orchestra.run.smithi089.stderr:/usr/bin/ceph:
2024-01-21T11:12:47.570+0000 7f5b29380700 1 --2- 172.21.15.89:0/1024393582 >> [v2:172.21.15.89:3300/0,v1:172.21.15.89:6789/0] conn(0x7f5b24070460 0x7f5b2410a9d0 unknown :-1 s=CLOSED pgs=34 cs=0 l=1 rev1=1 rx=0 tx=0).stop
2024-01-21T11:12:47.572 INFO:teuthology.orchestra.run.smithi089.stderr:/usr/bin/ceph:
2024-01-21T11:12:47.570+0000 7f5b29380700 1 -- 172.21.15.89:0/1024393582 >> 172.21.15.89:0/1024393582 conn(0x7f5b240f63b0 msgr2=0x7f5b240f7f10 unknown :-1 s=STATE_NONE l=0).mark_down
2024-01-21T11:12:47.572 INFO:teuthology.orchestra.run.smithi089.stderr:/usr/bin/ceph:
2024-01-21T11:12:47.570+0000 7f5b29380700 1 -- 172.21.15.89:0/1024393582 shutdown_connections
2024-01-21T11:12:47.572 INFO:teuthology.orchestra.run.smithi089.stderr:/usr/bin/ceph:
2024-01-21T11:12:47.570+0000 7f5b29380700 1 -- 172.21.15.89:0/1024393582 wait complete.
2024-01-21T11:12:47.896 INFO:teuthology.orchestra.run.smithi089.stderr:Running command: /bin/podman run --rm --ipc=host --no-hosts --net=host --entrypoint /usr/bin/ceph --init -e CONTAINER_IMAGE=docker.io/ceph/ceph:v16.2.4 -e NODE_NAME=smithi089 -e CEPH_USE_RANDOM_NONCE=1 -v /var/log/ceph/e44d1d4c-b84d-11ee-95b0-87774f69a715:/var/log/ceph:z -v /tmp/ceph-tmp_kl5xgo3:/etc/ceph/ceph.client.admin.keyring:z -v /tmp/ceph-tmpr76ygqdl:/etc/ceph/ceph.conf:z docker.io/ceph/ceph:v16.2.4 cephadm get-pub-key
2024-01-21T11:12:48.184 INFO:journalctl@ceph.mon.smithi089.smithi089.stdout:Jan 21 11:12:47 smithi089 ceph-e44d1d4c-b84d-11ee-95b0-87774f69a715-mon.smithi089[38842]: audit
2024-01-21T11:12:46.573548+0000 mgr.smithi089.ufybqw (mgr.14114) 4 : audit [DBG] from='client.14126 -' entity='client.admin' cmd=[{"prefix": "cephadm set-user", "user": "root", "target": ["mon-mgr", ""]}]: dispatch
2024-01-21T11:12:48.184 INFO:journalctl@ceph.mon.smithi089.smithi089.stdout:Jan 21 11:12:47 smithi089 ceph-e44d1d4c-b84d-11ee-95b0-87774f69a715-mon.smithi089[38842]: audit
2024-01-21T11:12:47.567400+0000 mon.smithi089 (mon.0) 51 : audit [INF] from='mgr.14114 172.21.15.89:0/60843299' entity='mgr.smithi089.ufybqw'
2024-01-21T11:12:48.184 INFO:journalctl@ceph.mon.smithi089.smithi089.stdout:Jan 21 11:12:47 smithi089 ceph-e44d1d4c-b84d-11ee-95b0-87774f69a715-mon.smithi089[38842]: audit
2024-01-21T11:12:47.569187+0000 mon.smithi089 (mon.0) 52 : audit [INF] from='mgr.14114 172.21.15.89:0/60843299' entity='mgr.smithi089.ufybqw'
2024-01-21T11:12:49.184 INFO:journalctl@ceph.mon.smithi089.smithi089.stdout:Jan 21 11:12:48 smithi089 ceph-e44d1d4c-b84d-11ee-95b0-87774f69a715-mon.smithi089[38842]: cephadm
2024-01-21T11:12:47.454652+0000 mgr.smithi089.ufybqw (mgr.14114) 6 : cephadm [INF] Generating ssh key...
2024-01-21T11:12:49.281 INFO:teuthology.orchestra.run.smithi089.stderr:/usr/bin/ceph:
2024-01-21T11:12:49.246+0000 7ff416ec2700 1 Processor -- start
2024-01-21T11:12:49.281 INFO:teuthology.orchestra.run.smithi089.stderr:/usr/bin/ceph:
2024-01-21T11:12:49.246+0000 7ff416ec2700 1 -- start start
2024-01-21T11:12:49.281 INFO:teuthology.orchestra.run.smithi089.stderr:/usr/bin/ceph:
2024-01-21T11:12:49.246+0000 7ff416ec2700 1 --2- >> [v2:172.21.15.89:3300/0,v1:172.21.15.89:6789/0] conn(0x7ff4100703b0 0x7ff410100d60 unknown :-1 s=NONE pgs=0 cs=0 l=0 rev1=0 rx=0 tx=0).connect
2024-01-21T11:12:49.281 INFO:teuthology.orchestra.run.smithi089.stderr:/usr/bin/ceph:
