2024-01-21T11:12:54.470+0000 7fda15fb7700 1 -- --> [v2:172.21.15.89:3300/0,v1:172.21.15.89:6789/0] -- mon_getmap magic: 0 v1 -- 0x7fda100fdca0 con 0x7fda100fd390
2024-01-21T11:12:54.474 INFO:teuthology.orchestra.run.smithi089.stderr:/usr/bin/ceph:
2024-01-21T11:12:54.470+0000 7fda0f7fe700 1 --2- >> [v2:172.21.15.89:3300/0,v1:172.21.15.89:6789/0] conn(0x7fda100fd390 0x7fda100fd7b0 unknown :-1 s=BANNER_CONNECTING pgs=0 cs=0 l=0 rev1=0 rx=0 tx=0)._handle_peer_banner_payload supported=1 required=0
2024-01-21T11:12:54.474 INFO:teuthology.orchestra.run.smithi089.stderr:/usr/bin/ceph:
2024-01-21T11:12:54.470+0000 7fda0f7fe700 1 --2- >> [v2:172.21.15.89:3300/0,v1:172.21.15.89:6789/0] conn(0x7fda100fd390 0x7fda100fd7b0 unknown :-1 s=HELLO_CONNECTING pgs=0 cs=0 l=0 rev1=1 rx=0 tx=0).handle_hello peer v2:172.21.15.89:3300/0 says I am v2:172.21.15.89:51312/0 (socket says 172.21.15.89:51312)
2024-01-21T11:12:54.474 INFO:teuthology.orchestra.run.smithi089.stderr:/usr/bin/ceph:
2024-01-21T11:12:54.470+0000 7fda0f7fe700 1 -- 172.21.15.89:0/2644587704 learned_addr learned my addr 172.21.15.89:0/2644587704 (peer_addr_for_me v2:172.21.15.89:0/0)
2024-01-21T11:12:54.474 INFO:teuthology.orchestra.run.smithi089.stderr:/usr/bin/ceph:
2024-01-21T11:12:54.470+0000 7fda0f7fe700 1 -- 172.21.15.89:0/2644587704 --> [v2:172.21.15.89:3300/0,v1:172.21.15.89:6789/0] -- mon_subscribe({config=0+,monmap=0+}) v3 -- 0x7fda100fdde0 con 0x7fda100fd390
2024-01-21T11:12:54.474 INFO:teuthology.orchestra.run.smithi089.stderr:/usr/bin/ceph:
2024-01-21T11:12:54.470+0000 7fda0f7fe700 1 --2- 172.21.15.89:0/2644587704 >> [v2:172.21.15.89:3300/0,v1:172.21.15.89:6789/0] conn(0x7fda100fd390 0x7fda100fd7b0 secure :-1 s=READY pgs=41 cs=0 l=1 rev1=1 rx=0x7fda0000b5f0 tx=0x7fda00006ee0).ready entity=mon.0 client_cookie=fc69408ed279ab62 server_cookie=0 in_seq=0 out_seq=0
2024-01-21T11:12:54.474 INFO:teuthology.orchestra.run.smithi089.stderr:/usr/bin/ceph:
2024-01-21T11:12:54.471+0000 7fda0e7fc700 1 -- 172.21.15.89:0/2644587704 <== mon.0 v2:172.21.15.89:3300/0 1 ==== mon_map magic: 0 v1 ==== 229+0+0 (secure 0 0 0) 0x7fda0000d600 con 0x7fda100fd390
2024-01-21T11:12:54.474 INFO:teuthology.orchestra.run.smithi089.stderr:/usr/bin/ceph:
2024-01-21T11:12:54.471+0000 7fda0e7fc700 1 -- 172.21.15.89:0/2644587704 <== mon.0 v2:172.21.15.89:3300/0 2 ==== config(25 keys) v1 ==== 1010+0+0 (secure 0 0 0) 0x7fda0000dbd0 con 0x7fda100fd390
2024-01-21T11:12:54.474 INFO:teuthology.orchestra.run.smithi089.stderr:/usr/bin/ceph:
2024-01-21T11:12:54.471+0000 7fda0e7fc700 1 -- 172.21.15.89:0/2644587704 <== mon.0 v2:172.21.15.89:3300/0 3 ==== mon_map magic: 0 v1 ==== 229+0+0 (secure 0 0 0) 0x7fda00011c00 con 0x7fda100fd390
2024-01-21T11:12:54.474 INFO:teuthology.orchestra.run.smithi089.stderr:/usr/bin/ceph:
2024-01-21T11:12:54.471+0000 7fda15fb7700 1 -- 172.21.15.89:0/2644587704 >> [v2:172.21.15.89:3300/0,v1:172.21.15.89:6789/0] conn(0x7fda100fd390 msgr2=0x7fda100fd7b0 secure :-1 s=STATE_CONNECTION_ESTABLISHED l=1).mark_down
2024-01-21T11:12:54.474 INFO:teuthology.orchestra.run.smithi089.stderr:/usr/bin/ceph:
2024-01-21T11:12:54.471+0000 7fda15fb7700 1 --2- 172.21.15.89:0/2644587704 >> [v2:172.21.15.89:3300/0,v1:172.21.15.89:6789/0] conn(0x7fda100fd390 0x7fda100fd7b0 secure :-1 s=READY pgs=41 cs=0 l=1 rev1=1 rx=0x7fda0000b5f0 tx=0x7fda00006ee0).stop
2024-01-21T11:12:54.475 INFO:teuthology.orchestra.run.smithi089.stderr:/usr/bin/ceph:
2024-01-21T11:12:54.471+0000 7fda15fb7700 1 -- 172.21.15.89:0/2644587704 shutdown_connections
2024-01-21T11:12:54.475 INFO:teuthology.orchestra.run.smithi089.stderr:/usr/bin/ceph:
2024-01-21T11:12:54.471+0000 7fda15fb7700 1 --2- 172.21.15.89:0/2644587704 >> [v2:172.21.15.89:3300/0,v1:172.21.15.89:6789/0] conn(0x7fda100fd390 0x7fda100fd7b0 unknown :-1 s=CLOSED pgs=41 cs=0 l=1 rev1=1 rx=0 tx=0).stop
2024-01-21T11:12:54.475 INFO:teuthology.orchestra.run.smithi089.stderr:/usr/bin/ceph:
2024-01-21T11:12:54.471+0000 7fda15fb7700 1 -- 172.21.15.89:0/2644587704 >> 172.21.15.89:0/2644587704 conn(0x7fda100f5b10 msgr2=0x7fda100f7f30 unknown :-1 s=STATE_NONE l=0).mark_down
2024-01-21T11:12:54.475 INFO:teuthology.orchestra.run.smithi089.stderr:/usr/bin/ceph:
2024-01-21T11:12:54.471+0000 7fda15fb7700 1 -- 172.21.15.89:0/2644587704 shutdown_connections
2024-01-21T11:12:54.475 INFO:teuthology.orchestra.run.smithi089.stderr:/usr/bin/ceph:
2024-01-21T11:12:54.471+0000 7fda15fb7700 1 -- 172.21.15.89:0/2644587704 wait complete.
2024-01-21T11:12:54.475 INFO:teuthology.orchestra.run.smithi089.stderr:/usr/bin/ceph:
2024-01-21T11:12:54.472+0000 7fda15fb7700 1 Processor -- start
2024-01-21T11:12:54.475 INFO:teuthology.orchestra.run.smithi089.stderr:/usr/bin/ceph:
2024-01-21T11:12:54.472+0000 7fda15fb7700 1 -- start start
2024-01-21T11:12:54.475 INFO:teuthology.orchestra.run.smithi089.stderr:/usr/bin/ceph:
2024-01-21T11:12:54.472+0000 7fda15fb7700 1 --2- >> [v2:172.21.15.89:3300/0,v1:172.21.15.89:6789/0] conn(0x7fda100fd390 0x7fda1010aa10 unknown :-1 s=NONE pgs=0 cs=0 l=1 rev1=0 rx=0 tx=0).connect
2024-01-21T11:12:54.476 INFO:teuthology.orchestra.run.smithi089.stderr:/usr/bin/ceph:
2024-01-21T11:12:54.472+0000 7fda15fb7700 1 -- --> [v2:172.21.15.89:3300/0,v1:172.21.15.89:6789/0] -- mon_getmap magic: 0 v1 -- 0x7fda1010af00 con 0x7fda100fd390
2024-01-21T11:12:54.477 INFO:teuthology.orchestra.run.smithi089.stderr:/usr/bin/ceph:
2024-01-21T11:12:54.472+0000 7fda0f7fe700 1 --2- >> [v2:172.21.15.89:3300/0,v1:172.21.15.89:6789/0] conn(0x7fda100fd390 0x7fda1010aa10 unknown :-1 s=BANNER_CONNECTING pgs=0 cs=0 l=1 rev1=0 rx=0 tx=0)._handle_peer_banner_payload supported=1 required=0
2024-01-21T11:12:54.477 INFO:teuthology.orchestra.run.smithi089.stderr:/usr/bin/ceph:
2024-01-21T11:12:54.472+0000 7fda0f7fe700 1 --2- >> [v2:172.21.15.89:3300/0,v1:172.21.15.89:6789/0] conn(0x7fda100fd390 0x7fda1010aa10 unknown :-1 s=HELLO_CONNECTING pgs=0 cs=0 l=1 rev1=1 rx=0 tx=0).handle_hello peer v2:172.21.15.89:3300/0 says I am v2:172.21.15.89:51314/0 (socket says 172.21.15.89:51314)
2024-01-21T11:12:54.477 INFO:teuthology.orchestra.run.smithi089.stderr:/usr/bin/ceph:
2024-01-21T11:12:54.472+0000 7fda0f7fe700 1 -- 172.21.15.89:0/1332108223 learned_addr learned my addr 172.21.15.89:0/1332108223 (peer_addr_for_me v2:172.21.15.89:0/0)
2024-01-21T11:12:54.477 INFO:teuthology.orchestra.run.smithi089.stderr:/usr/bin/ceph:
2024-01-21T11:12:54.472+0000 7fda0f7fe700 1 -- 172.21.15.89:0/1332108223 --> [v2:172.21.15.89:3300/0,v1:172.21.15.89:6789/0] -- mon_subscribe({config=0+,monmap=0+}) v3 -- 0x7fda0000b200 con 0x7fda100fd390
2024-01-21T11:12:54.477 INFO:teuthology.orchestra.run.smithi089.stderr:/usr/bin/ceph:
2024-01-21T11:12:54.473+0000 7fda0f7fe700 1 --2- 172.21.15.89:0/1332108223 >> [v2:172.21.15.89:3300/0,v1:172.21.15.89:6789/0] conn(0x7fda100fd390 0x7fda1010aa10 secure :-1 s=READY pgs=42 cs=0 l=1 rev1=1 rx=0x7fda00002f40 tx=0x7fda00006ee0).ready entity=mon.0 client_cookie=0 server_cookie=0 in_seq=0 out_seq=0
2024-01-21T11:12:54.477 INFO:teuthology.orchestra.run.smithi089.stderr:/usr/bin/ceph:
2024-01-21T11:12:54.473+0000 7fd9f7fff700 1 -- 172.21.15.89:0/1332108223 <== mon.0 v2:172.21.15.89:3300/0 1 ==== mon_map magic: 0 v1 ==== 229+0+0 (secure 0 0 0) 0x7fda0001b410 con 0x7fda100fd390
2024-01-21T11:12:54.477 INFO:teuthology.orchestra.run.smithi089.stderr:/usr/bin/ceph:
2024-01-21T11:12:54.473+0000 7fd9f7fff700 1 -- 172.21.15.89:0/1332108223 <== mon.0 v2:172.21.15.89:3300/0 2 ==== config(25 keys) v1 ==== 1010+0+0 (secure 0 0 0) 0x7fda0001b9e0 con 0x7fda100fd390
2024-01-21T11:12:54.477 INFO:teuthology.orchestra.run.smithi089.stderr:/usr/bin/ceph:
2024-01-21T11:12:54.473+0000 7fda15fb7700 1 -- 172.21.15.89:0/1332108223 --> [v2:172.21.15.89:3300/0,v1:172.21.15.89:6789/0] -- mon_subscribe({mgrmap=0+}) v3 -- 0x7fda1010b100 con 0x7fda100fd390
2024-01-21T11:12:54.477 INFO:teuthology.orchestra.run.smithi089.stderr:/usr/bin/ceph:
2024-01-21T11:12:54.473+0000 7fd9f7fff700 1 -- 172.21.15.89:0/1332108223 <== mon.0 v2:172.21.15.89:3300/0 3 ==== mon_map magic: 0 v1 ==== 229+0+0 (secure 0 0 0) 0x7fda0001a8b0 con 0x7fda100fd390
2024-01-21T11:12:54.477 INFO:teuthology.orchestra.run.smithi089.stderr:/usr/bin/ceph:
2024-01-21T11:12:54.473+0000 7fda15fb7700 1 -- 172.21.15.89:0/1332108223 --> [v2:172.21.15.89:3300/0,v1:172.21.15.89:6789/0] -- mon_subscribe({osdmap=0}) v3 -- 0x7fda1010b510 con 0x7fda100fd390
2024-01-21T11:12:54.477 INFO:teuthology.orchestra.run.smithi089.stderr:/usr/bin/ceph:
2024-01-21T11:12:54.474+0000 7fd9f7fff700 1 -- 172.21.15.89:0/1332108223 <== mon.0 v2:172.21.15.89:3300/0 4 ==== mgrmap(e 7) v1 ==== 36120+0+0 (secure 0 0 0) 0x7fda0000f070 con 0x7fda100fd390
2024-01-21T11:12:54.477 INFO:teuthology.orchestra.run.smithi089.stderr:/usr/bin/ceph:
2024-01-21T11:12:54.474+0000 7fd9f7fff700 1 --2- 172.21.15.89:0/1332108223 >> [v2:172.21.15.89:6800/4200893972,v1:172.21.15.89:6801/4200893972] conn(0x7fd9fc02fdb0 0x7fd9fc032270 unknown :-1 s=NONE pgs=0 cs=0 l=1 rev1=0 rx=0 tx=0).connect
2024-01-21T11:12:54.477 INFO:teuthology.orchestra.run.smithi089.stderr:/usr/bin/ceph:
2024-01-21T11:12:54.474+0000 7fd9f7fff700 1 -- 172.21.15.89:0/1332108223 <== mon.0 v2:172.21.15.89:3300/0 5 ==== osd_map(2..2 src has 1..2) v4 ==== 926+0+0 (secure 0 0 0) 0x7fda00041100 con 0x7fda100fd390
2024-01-21T11:12:54.478 INFO:teuthology.orchestra.run.smithi089.stderr:/usr/bin/ceph:
2024-01-21T11:12:54.474+0000 7fda15fb7700 1 -- 172.21.15.89:0/1332108223 --> [v2:172.21.15.89:3300/0,v1:172.21.15.89:6789/0] -- mon_command({"prefix": "get_command_descriptions"} v 0) v1 -- 0x7fda10045ad0 con 0x7fda100fd390
2024-01-21T11:12:54.478 INFO:teuthology.orchestra.run.smithi089.stderr:/usr/bin/ceph:
2024-01-21T11:12:54.474+0000 7fda0effd700 1 --2- 172.21.15.89:0/1332108223 >> [v2:172.21.15.89:6800/4200893972,v1:172.21.15.89:6801/4200893972] conn(0x7fd9fc02fdb0 0x7fd9fc032270 unknown :-1 s=BANNER_CONNECTING pgs=0 cs=0 l=1 rev1=0 rx=0 tx=0)._handle_peer_banner_payload supported=1 required=0
2024-01-21T11:12:54.478 INFO:teuthology.orchestra.run.smithi089.stderr:/usr/bin/ceph:
2024-01-21T11:12:54.474+0000 7fda0effd700 1 --2- 172.21.15.89:0/1332108223 >> [v2:172.21.15.89:6800/4200893972,v1:172.21.15.89:6801/4200893972] conn(0x7fd9fc02fdb0 0x7fd9fc032270 secure :-1 s=READY pgs=12 cs=0 l=1 rev1=1 rx=0x7fda040096a0 tx=0x7fda04006b40).ready entity=mgr.14114 client_cookie=0 server_cookie=0 in_seq=0 out_seq=0
2024-01-21T11:12:54.479 INFO:teuthology.orchestra.run.smithi089.stderr:/usr/bin/ceph:
2024-01-21T11:12:54.478+0000 7fd9f7fff700 1 -- 172.21.15.89:0/1332108223 <== mon.0 v2:172.21.15.89:3300/0 6 ==== mon_command_ack([{"prefix": "get_command_descriptions"}]=0 v0) v1 ==== 72+0+152212 (secure 0 0 0) 0x7fda00016070 con 0x7fda100fd390
2024-01-21T11:12:54.653 INFO:teuthology.orchestra.run.smithi089.stderr:/usr/bin/ceph:
2024-01-21T11:12:54.652+0000 7fda15fb7700 1 -- 172.21.15.89:0/1332108223 --> [v2:172.21.15.89:6800/4200893972,v1:172.21.15.89:6801/4200893972] -- mgr_command(tid 0: {"prefix": "orch apply", "service_type": "mgr", "target": ["mon-mgr", ""]}) v1 -- 0x7fda1010bdf0 con 0x7fd9fc02fdb0
2024-01-21T11:12:54.656 INFO:teuthology.orchestra.run.smithi089.stderr:/usr/bin/ceph:
2024-01-21T11:12:54.655+0000 7fd9f7fff700 1 -- 172.21.15.89:0/1332108223 <== mgr.14114 v2:172.21.15.89:6800/4200893972 1 ==== mgr_command_reply(tid 0: 0 ) v1 ==== 8+0+24 (secure 0 0 0) 0x7fda1010bdf0 con 0x7fd9fc02fdb0
2024-01-21T11:12:54.657 INFO:teuthology.orchestra.run.smithi089.stderr:/usr/bin/ceph: Scheduled mgr update...
2024-01-21T11:12:54.659 INFO:teuthology.orchestra.run.smithi089.stderr:/usr/bin/ceph:
2024-01-21T11:12:54.657+0000 7fda15fb7700 1 -- 172.21.15.89:0/1332108223 >> [v2:172.21.15.89:6800/4200893972,v1:172.21.15.89:6801/4200893972] conn(0x7fd9fc02fdb0 msgr2=0x7fd9fc032270 secure :-1 s=STATE_CONNECTION_ESTABLISHED l=1).mark_down
2024-01-21T11:12:54.659 INFO:teuthology.orchestra.run.smithi089.stderr:/usr/bin/ceph:
2024-01-21T11:12:54.657+0000 7fda15fb7700 1 --2- 172.21.15.89:0/1332108223 >> [v2:172.21.15.89:6800/4200893972,v1:172.21.15.89:6801/4200893972] conn(0x7fd9fc02fdb0 0x7fd9fc032270 secure :-1 s=READY pgs=12 cs=0 l=1 rev1=1 rx=0x7fda040096a0 tx=0x7fda04006b40).stop
2024-01-21T11:12:54.659 INFO:teuthology.orchestra.run.smithi089.stderr:/usr/bin/ceph:
2024-01-21T11:12:54.657+0000 7fda15fb7700 1 -- 172.21.15.89:0/1332108223 >> [v2:172.21.15.89:3300/0,v1:172.21.15.89:6789/0] conn(0x7fda100fd390 msgr2=0x7fda1010aa10 secure :-1 s=STATE_CONNECTION_ESTABLISHED l=1).mark_down
2024-01-21T11:12:54.659 INFO:teuthology.orchestra.run.smithi089.stderr:/usr/bin/ceph:
2024-01-21T11:12:54.657+0000 7fda15fb7700 1 --2- 172.21.15.89:0/1332108223 >> [v2:172.21.15.89:3300/0,v1:172.21.15.89:6789/0] conn(0x7fda100fd390 0x7fda1010aa10 secure :-1 s=READY pgs=42 cs=0 l=1 rev1=1 rx=0x7fda00002f40 tx=0x7fda00006ee0).stop
2024-01-21T11:12:54.659 INFO:teuthology.orchestra.run.smithi089.stderr:/usr/bin/ceph:
2024-01-21T11:12:54.657+0000 7fda15fb7700 1 -- 172.21.15.89:0/1332108223 shutdown_connections
2024-01-21T11:12:54.659 INFO:teuthology.orchestra.run.smithi089.stderr:/usr/bin/ceph:
2024-01-21T11:12:54.657+0000 7fda15fb7700 1 --2- 172.21.15.89:0/1332108223 >> [v2:172.21.15.89:6800/4200893972,v1:172.21.15.89:6801/4200893972] conn(0x7fd9fc02fdb0 0x7fd9fc032270 unknown :-1 s=CLOSED pgs=12 cs=0 l=1 rev1=1 rx=0 tx=0).stop
2024-01-21T11:12:54.660 INFO:teuthology.orchestra.run.smithi089.stderr:/usr/bin/ceph:
2024-01-21T11:12:54.657+0000 7fda15fb7700 1 --2- 172.21.15.89:0/1332108223 >> [v2:172.21.15.89:3300/0,v1:172.21.15.89:6789/0] conn(0x7fda100fd390 0x7fda1010aa10 unknown :-1 s=CLOSED pgs=42 cs=0 l=1 rev1=1 rx=0 tx=0).stop
2024-01-21T11:12:54.660 INFO:teuthology.orchestra.run.smithi089.stderr:/usr/bin/ceph:
2024-01-21T11:12:54.657+0000 7fda15fb7700 1 -- 172.21.15.89:0/1332108223 >> 172.21.15.89:0/1332108223 conn(0x7fda100f5b10 msgr2=0x7fda100ff290 unknown :-1 s=STATE_NONE l=0).mark_down
2024-01-21T11:12:54.660 INFO:teuthology.orchestra.run.smithi089.stderr:/usr/bin/ceph:
2024-01-21T11:12:54.658+0000 7fda15fb7700 1 -- 172.21.15.89:0/1332108223 shutdown_connections
2024-01-21T11:12:54.660 INFO:teuthology.orchestra.run.smithi089.stderr:/usr/bin/ceph:
2024-01-21T11:12:54.658+0000 7fda15fb7700 1 -- 172.21.15.89:0/1332108223 wait complete.
2024-01-21T11:12:54.987 INFO:teuthology.orchestra.run.smithi089.stderr:Deploying crash service with default placement...
2024-01-21T11:12:54.987 INFO:teuthology.orchestra.run.smithi089.stderr:Running command: /bin/podman run --rm --ipc=host --no-hosts --net=host --entrypoint /usr/bin/ceph --init -e CONTAINER_IMAGE=docker.io/ceph/ceph:v16.2.4 -e NODE_NAME=smithi089 -e CEPH_USE_RANDOM_NONCE=1 -v /var/log/ceph/e44d1d4c-b84d-11ee-95b0-87774f69a715:/var/log/ceph:z -v /tmp/ceph-tmp_kl5xgo3:/etc/ceph/ceph.client.admin.keyring:z -v /tmp/ceph-tmpr76ygqdl:/etc/ceph/ceph.conf:z docker.io/ceph/ceph:v16.2.4 orch apply crash
2024-01-21T11:12:55.322 INFO:teuthology.orchestra.run.smithi089.stderr:/usr/bin/ceph:
2024-01-21T11:12:55.319+0000 7f0948e2b700 1 Processor -- start
2024-01-21T11:12:55.322 INFO:teuthology.orchestra.run.smithi089.stderr:/usr/bin/ceph:
2024-01-21T11:12:55.319+0000 7f0948e2b700 1 -- start start
2024-01-21T11:12:55.322 INFO:teuthology.orchestra.run.smithi089.stderr:/usr/bin/ceph:
2024-01-21T11:12:55.319+0000 7f0948e2b700 1 --2- >> [v2:172.21.15.89:3300/0,v1:172.21.15.89:6789/0] conn(0x7f0944070430 0x7f09440fe8e0 unknown :-1 s=NONE pgs=0 cs=0 l=0 rev1=0 rx=0 tx=0).connect
2024-01-21T11:12:55.322 INFO:teuthology.orchestra.run.smithi089.stderr:/usr/bin/ceph:
2024-01-21T11:12:55.319+0000 7f0948e2b700 1 -- --> [v2:172.21.15.89:3300/0,v1:172.21.15.89:6789/0] -- mon_getmap magic: 0 v1 -- 0x7f09440fedd0 con 0x7f0944070430
2024-01-21T11:12:55.322 INFO:teuthology.orchestra.run.smithi089.stderr:/usr/bin/ceph:
2024-01-21T11:12:55.319+0000 7f094259c700 1 --2- >> [v2:172.21.15.89:3300/0,v1:172.21.15.89:6789/0] conn(0x7f0944070430 0x7f09440fe8e0 unknown :-1 s=BANNER_CONNECTING pgs=0 cs=0 l=0 rev1=0 rx=0 tx=0)._handle_peer_banner_payload supported=1 required=0
2024-01-21T11:12:55.323 INFO:teuthology.orchestra.run.smithi089.stderr:/usr/bin/ceph:
2024-01-21T11:12:55.319+0000 7f094259c700 1 --2- >> [v2:172.21.15.89:3300/0,v1:172.21.15.89:6789/0] conn(0x7f0944070430 0x7f09440fe8e0 unknown :-1 s=HELLO_CONNECTING pgs=0 cs=0 l=0 rev1=1 rx=0 tx=0).handle_hello peer v2:172.21.15.89:3300/0 says I am v2:172.21.15.89:51330/0 (socket says 172.21.15.89:51330)
2024-01-21T11:12:55.323 INFO:teuthology.orchestra.run.smithi089.stderr:/usr/bin/ceph:
2024-01-21T11:12:55.319+0000 7f094259c700 1 -- 172.21.15.89:0/3340266697 learned_addr learned my addr 172.21.15.89:0/3340266697 (peer_addr_for_me v2:172.21.15.89:0/0)
2024-01-21T11:12:55.323 INFO:teuthology.orchestra.run.smithi089.stderr:/usr/bin/ceph:
2024-01-21T11:12:55.320+0000 7f094259c700 1 -- 172.21.15.89:0/3340266697 --> [v2:172.21.15.89:3300/0,v1:172.21.15.89:6789/0] -- mon_subscribe({config=0+,monmap=0+}) v3 -- 0x7f09440fef10 con 0x7f0944070430
2024-01-21T11:12:55.323 INFO:teuthology.orchestra.run.smithi089.stderr:/usr/bin/ceph:
2024-01-21T11:12:55.320+0000 7f094259c700 1 --2- 172.21.15.89:0/3340266697 >> [v2:172.21.15.89:3300/0,v1:172.21.15.89:6789/0] conn(0x7f0944070430 0x7f09440fe8e0 secure :-1 s=READY pgs=43 cs=0 l=1 rev1=1 rx=0x7f093400b5f0 tx=0x7f0934006ee0).ready entity=mon.0 client_cookie=e54442fc34060e26 server_cookie=0 in_seq=0 out_seq=0
2024-01-21T11:12:55.323 INFO:teuthology.orchestra.run.smithi089.stderr:/usr/bin/ceph:
2024-01-21T11:12:55.320+0000 7f094159a700 1 -- 172.21.15.89:0/3340266697 <== mon.0 v2:172.21.15.89:3300/0 1 ==== mon_map magic: 0 v1 ==== 229+0+0 (secure 0 0 0) 0x7f093400d600 con 0x7f0944070430
2024-01-21T11:12:55.323 INFO:teuthology.orchestra.run.smithi089.stderr:/usr/bin/ceph:
2024-01-21T11:12:55.320+0000 7f094159a700 1 -- 172.21.15.89:0/3340266697 <== mon.0 v2:172.21.15.89:3300/0 2 ==== config(25 keys) v1 ==== 1010+0+0 (secure 0 0 0) 0x7f093400dbd0 con 0x7f0944070430
2024-01-21T11:12:55.323 INFO:teuthology.orchestra.run.smithi089.stderr:/usr/bin/ceph:
2024-01-21T11:12:55.320+0000 7f094159a700 1 -- 172.21.15.89:0/3340266697 <== mon.0 v2:172.21.15.89:3300/0 3 ==== mon_map magic: 0 v1 ==== 229+0+0 (secure 0 0 0) 0x7f0934011c00 con 0x7f0944070430
2024-01-21T11:12:55.323 INFO:teuthology.orchestra.run.smithi089.stderr:/usr/bin/ceph:
2024-01-21T11:12:55.321+0000 7f0948e2b700 1 -- 172.21.15.89:0/3340266697 >> [v2:172.21.15.89:3300/0,v1:172.21.15.89:6789/0] conn(0x7f0944070430 msgr2=0x7f09440fe8e0 secure :-1 s=STATE_CONNECTION_ESTABLISHED l=1).mark_down
2024-01-21T11:12:55.323 INFO:teuthology.orchestra.run.smithi089.stderr:/usr/bin/ceph:
2024-01-21T11:12:55.321+0000 7f0948e2b700 1 --2- 172.21.15.89:0/3340266697 >> [v2:172.21.15.89:3300/0,v1:172.21.15.89:6789/0] conn(0x7f0944070430 0x7f09440fe8e0 secure :-1 s=READY pgs=43 cs=0 l=1 rev1=1 rx=0x7f093400b5f0 tx=0x7f0934006ee0).stop
2024-01-21T11:12:55.323 INFO:teuthology.orchestra.run.smithi089.stderr:/usr/bin/ceph:
2024-01-21T11:12:55.321+0000 7f0948e2b700 1 -- 172.21.15.89:0/3340266697 shutdown_connections
2024-01-21T11:12:55.323 INFO:teuthology.orchestra.run.smithi089.stderr:/usr/bin/ceph:
2024-01-21T11:12:55.321+0000 7f0948e2b700 1 --2- 172.21.15.89:0/3340266697 >> [v2:172.21.15.89:3300/0,v1:172.21.15.89:6789/0] conn(0x7f0944070430 0x7f09440fe8e0 unknown :-1 s=CLOSED pgs=43 cs=0 l=1 rev1=1 rx=0 tx=0).stop
2024-01-21T11:12:55.323 INFO:teuthology.orchestra.run.smithi089.stderr:/usr/bin/ceph:
2024-01-21T11:12:55.321+0000 7f0948e2b700 1 -- 172.21.15.89:0/3340266697 >> 172.21.15.89:0/3340266697 conn(0x7f09440f63c0 msgr2=0x7f09440f87e0 unknown :-1 s=STATE_NONE l=0).mark_down
2024-01-21T11:12:55.323 INFO:teuthology.orchestra.run.smithi089.stderr:/usr/bin/ceph:
2024-01-21T11:12:55.321+0000 7f0948e2b700 1 -- 172.21.15.89:0/3340266697 shutdown_connections
2024-01-21T11:12:55.323 INFO:teuthology.orchestra.run.smithi089.stderr:/usr/bin/ceph:
2024-01-21T11:12:55.321+0000 7f0948e2b700 1 -- 172.21.15.89:0/3340266697 wait complete.
2024-01-21T11:12:55.323 INFO:teuthology.orchestra.run.smithi089.stderr:/usr/bin/ceph:
2024-01-21T11:12:55.321+0000 7f0948e2b700 1 Processor -- start
2024-01-21T11:12:55.324 INFO:teuthology.orchestra.run.smithi089.stderr:/usr/bin/ceph:
2024-01-21T11:12:55.321+0000 7f0948e2b700 1 -- start start
2024-01-21T11:12:55.324 INFO:teuthology.orchestra.run.smithi089.stderr:/usr/bin/ceph:
2024-01-21T11:12:55.321+0000 7f0948e2b700 1 --2- >> [v2:172.21.15.89:3300/0,v1:172.21.15.89:6789/0] conn(0x7f0944070430 0x7f094410aa00 unknown :-1 s=NONE pgs=0 cs=0 l=1 rev1=0 rx=0 tx=0).connect
2024-01-21T11:12:55.324 INFO:teuthology.orchestra.run.smithi089.stderr:/usr/bin/ceph:
2024-01-21T11:12:55.321+0000 7f0948e2b700 1 -- --> [v2:172.21.15.89:3300/0,v1:172.21.15.89:6789/0] -- mon_getmap magic: 0 v1 -- 0x7f094410aef0 con 0x7f0944070430
2024-01-21T11:12:55.325 INFO:teuthology.orchestra.run.smithi089.stderr:/usr/bin/ceph:
2024-01-21T11:12:55.321+0000 7f094259c700 1 --2- >> [v2:172.21.15.89:3300/0,v1:172.21.15.89:6789/0] conn(0x7f0944070430 0x7f094410aa00 unknown :-1 s=BANNER_CONNECTING pgs=0 cs=0 l=1 rev1=0 rx=0 tx=0)._handle_peer_banner_payload supported=1 required=0
2024-01-21T11:12:55.326 INFO:teuthology.orchestra.run.smithi089.stderr:/usr/bin/ceph:
2024-01-21T11:12:55.321+0000 7f094259c700 1 --2- >> [v2:172.21.15.89:3300/0,v1:172.21.15.89:6789/0] conn(0x7f0944070430 0x7f094410aa00 unknown :-1 s=HELLO_CONNECTING pgs=0 cs=0 l=1 rev1=1 rx=0 tx=0).handle_hello peer v2:172.21.15.89:3300/0 says I am v2:172.21.15.89:51342/0 (socket says 172.21.15.89:51342)
2024-01-21T11:12:55.326 INFO:teuthology.orchestra.run.smithi089.stderr:/usr/bin/ceph:
2024-01-21T11:12:55.322+0000 7f094259c700 1 -- 172.21.15.89:0/3252980689 learned_addr learned my addr 172.21.15.89:0/3252980689 (peer_addr_for_me v2:172.21.15.89:0/0)
2024-01-21T11:12:55.326 INFO:teuthology.orchestra.run.smithi089.stderr:/usr/bin/ceph:
2024-01-21T11:12:55.322+0000 7f094259c700 1 -- 172.21.15.89:0/3252980689 --> [v2:172.21.15.89:3300/0,v1:172.21.15.89:6789/0] -- mon_subscribe({config=0+,monmap=0+}) v3 -- 0x7f093400b200 con 0x7f0944070430
2024-01-21T11:12:55.326 INFO:teuthology.orchestra.run.smithi089.stderr:/usr/bin/ceph:
2024-01-21T11:12:55.322+0000 7f094259c700 1 --2- 172.21.15.89:0/3252980689 >> [v2:172.21.15.89:3300/0,v1:172.21.15.89:6789/0] conn(0x7f0944070430 0x7f094410aa00 secure :-1 s=READY pgs=44 cs=0 l=1 rev1=1 rx=0x7f093400b190 tx=0x7f0934006ee0).ready entity=mon.0 client_cookie=0 server_cookie=0 in_seq=0 out_seq=0
2024-01-21T11:12:55.326 INFO:teuthology.orchestra.run.smithi089.stderr:/usr/bin/ceph:
2024-01-21T11:12:55.322+0000 7f0932ffd700 1 -- 172.21.15.89:0/3252980689 <== mon.0 v2:172.21.15.89:3300/0 1 ==== mon_map magic: 0 v1 ==== 229+0+0 (secure 0 0 0) 0x7f093401b410 con 0x7f0944070430
2024-01-21T11:12:55.326 INFO:teuthology.orchestra.run.smithi089.stderr:/usr/bin/ceph:
2024-01-21T11:12:55.322+0000 7f0932ffd700 1 -- 172.21.15.89:0/3252980689 <== mon.0 v2:172.21.15.89:3300/0 2 ==== config(25 keys) v1 ==== 1010+0+0 (secure 0 0 0) 0x7f093401b9e0 con 0x7f0944070430
2024-01-21T11:12:55.326 INFO:teuthology.orchestra.run.smithi089.stderr:/usr/bin/ceph:
2024-01-21T11:12:55.322+0000 7f0948e2b700 1 -- 172.21.15.89:0/3252980689 --> [v2:172.21.15.89:3300/0,v1:172.21.15.89:6789/0] -- mon_subscribe({mgrmap=0+}) v3 -- 0x7f094410b0f0 con 0x7f0944070430
2024-01-21T11:12:55.326 INFO:teuthology.orchestra.run.smithi089.stderr:/usr/bin/ceph:
2024-01-21T11:12:55.322+0000 7f0932ffd700 1 -- 172.21.15.89:0/3252980689 <== mon.0 v2:172.21.15.89:3300/0 3 ==== mon_map magic: 0 v1 ==== 229+0+0 (secure 0 0 0) 0x7f093401a880 con 0x7f0944070430
2024-01-21T11:12:55.326 INFO:teuthology.orchestra.run.smithi089.stderr:/usr/bin/ceph:
2024-01-21T11:12:55.322+0000 7f0948e2b700 1 -- 172.21.15.89:0/3252980689 --> [v2:172.21.15.89:3300/0,v1:172.21.15.89:6789/0] -- mon_subscribe({osdmap=0}) v3 -- 0x7f094410b500 con 0x7f0944070430
2024-01-21T11:12:55.326 INFO:teuthology.orchestra.run.smithi089.stderr:/usr/bin/ceph:
2024-01-21T11:12:55.323+0000 7f0932ffd700 1 -- 172.21.15.89:0/3252980689 <== mon.0 v2:172.21.15.89:3300/0 4 ==== mgrmap(e 7) v1 ==== 36120+0+0 (secure 0 0 0) 0x7f093400f070 con 0x7f0944070430
2024-01-21T11:12:55.326 INFO:teuthology.orchestra.run.smithi089.stderr:/usr/bin/ceph:
2024-01-21T11:12:55.323+0000 7f0932ffd700 1 --2- 172.21.15.89:0/3252980689 >> [v2:172.21.15.89:6800/4200893972,v1:172.21.15.89:6801/4200893972] conn(0x7f092802fd50 0x7f0928032210 unknown :-1 s=NONE pgs=0 cs=0 l=1 rev1=0 rx=0 tx=0).connect
2024-01-21T11:12:55.326 INFO:teuthology.orchestra.run.smithi089.stderr:/usr/bin/ceph:
2024-01-21T11:12:55.323+0000 7f0932ffd700 1 -- 172.21.15.89:0/3252980689 <== mon.0 v2:172.21.15.89:3300/0 5 ==== osd_map(2..2 src has 1..2) v4 ==== 926+0+0 (secure 0 0 0) 0x7f09340412d0 con 0x7f0944070430
2024-01-21T11:12:55.326 INFO:teuthology.orchestra.run.smithi089.stderr:/usr/bin/ceph:
2024-01-21T11:12:55.323+0000 7f0941d9b700 1 --2- 172.21.15.89:0/3252980689 >> [v2:172.21.15.89:6800/4200893972,v1:172.21.15.89:6801/4200893972] conn(0x7f092802fd50 0x7f0928032210 unknown :-1 s=BANNER_CONNECTING pgs=0 cs=0 l=1 rev1=0 rx=0 tx=0)._handle_peer_banner_payload supported=1 required=0
2024-01-21T11:12:55.327 INFO:teuthology.orchestra.run.smithi089.stderr:/usr/bin/ceph:
2024-01-21T11:12:55.323+0000 7f0941d9b700 1 --2- 172.21.15.89:0/3252980689 >> [v2:172.21.15.89:6800/4200893972,v1:172.21.15.89:6801/4200893972] conn(0x7f092802fd50 0x7f0928032210 secure :-1 s=READY pgs=13 cs=0 l=1 rev1=1 rx=0x7f09380096a0 tx=0x7f0938006b40).ready entity=mgr.14114 client_cookie=0 server_cookie=0 in_seq=0 out_seq=0
2024-01-21T11:12:55.327 INFO:teuthology.orchestra.run.smithi089.stderr:/usr/bin/ceph:
2024-01-21T11:12:55.323+0000 7f0948e2b700 1 -- 172.21.15.89:0/3252980689 --> [v2:172.21.15.89:3300/0,v1:172.21.15.89:6789/0] -- mon_command({"prefix": "get_command_descriptions"} v 0) v1 -- 0x7f0944059100 con 0x7f0944070430
2024-01-21T11:12:55.328 INFO:teuthology.orchestra.run.smithi089.stderr:/usr/bin/ceph:
2024-01-21T11:12:55.328+0000 7f0932ffd700 1 -- 172.21.15.89:0/3252980689 <== mon.0 v2:172.21.15.89:3300/0 6 ==== mon_command_ack([{"prefix": "get_command_descriptions"}]=0 v0) v1 ==== 72+0+152212 (secure 0 0 0) 0x7f0934016070 con 0x7f0944070430
2024-01-21T11:12:55.502 INFO:teuthology.orchestra.run.smithi089.stderr:/usr/bin/ceph:
2024-01-21T11:12:55.501+0000 7f0948e2b700 1 -- 172.21.15.89:0/3252980689 --> [v2:172.21.15.89:6800/4200893972,v1:172.21.15.89:6801/4200893972] -- mgr_command(tid 0: {"prefix": "orch apply", "service_type": "crash", "target": ["mon-mgr", ""]}) v1 -- 0x7f09441048f0 con 0x7f092802fd50
2024-01-21T11:12:55.505 INFO:teuthology.orchestra.run.smithi089.stderr:/usr/bin/ceph:
2024-01-21T11:12:55.505+0000 7f0932ffd700 1 -- 172.21.15.89:0/3252980689 <== mgr.14114 v2:172.21.15.89:6800/4200893972 1 ==== mgr_command_reply(tid 0: 0 ) v1 ==== 8+0+26 (secure 0 0 0) 0x7f09441048f0 con 0x7f092802fd50
2024-01-21T11:12:55.506 INFO:teuthology.orchestra.run.smithi089.stderr:/usr/bin/ceph: Scheduled crash update...
2024-01-21T11:12:55.508 INFO:teuthology.orchestra.run.smithi089.stderr:/usr/bin/ceph:
2024-01-21T11:12:55.506+0000 7f0948e2b700 1 -- 172.21.15.89:0/3252980689 >> [v2:172.21.15.89:6800/4200893972,v1:172.21.15.89:6801/4200893972] conn(0x7f092802fd50 msgr2=0x7f0928032210 secure :-1 s=STATE_CONNECTION_ESTABLISHED l=1).mark_down
2024-01-21T11:12:55.508 INFO:teuthology.orchestra.run.smithi089.stderr:/usr/bin/ceph:
2024-01-21T11:12:55.506+0000 7f0948e2b700 1 --2- 172.21.15.89:0/3252980689 >> [v2:172.21.15.89:6800/4200893972,v1:172.21.15.89:6801/4200893972] conn(0x7f092802fd50 0x7f0928032210 secure :-1 s=READY pgs=13 cs=0 l=1 rev1=1 rx=0x7f09380096a0 tx=0x7f0938006b40).stop
2024-01-21T11:12:55.508 INFO:teuthology.orchestra.run.smithi089.stderr:/usr/bin/ceph:
2024-01-21T11:12:55.506+0000 7f0948e2b700 1 -- 172.21.15.89:0/3252980689 >> [v2:172.21.15.89:3300/0,v1:172.21.15.89:6789/0] conn(0x7f0944070430 msgr2=0x7f094410aa00 secure :-1 s=STATE_CONNECTION_ESTABLISHED l=1).mark_down
2024-01-21T11:12:55.508 INFO:teuthology.orchestra.run.smithi089.stderr:/usr/bin/ceph:
2024-01-21T11:12:55.506+0000 7f0948e2b700 1 --2- 172.21.15.89:0/3252980689 >> [v2:172.21.15.89:3300/0,v1:172.21.15.89:6789/0] conn(0x7f0944070430 0x7f094410aa00 secure :-1 s=READY pgs=44 cs=0 l=1 rev1=1 rx=0x7f093400b190 tx=0x7f0934006ee0).stop
2024-01-21T11:12:55.508 INFO:teuthology.orchestra.run.smithi089.stderr:/usr/bin/ceph:
2024-01-21T11:12:55.506+0000 7f0948e2b700 1 -- 172.21.15.89:0/3252980689 shutdown_connections
2024-01-21T11:12:55.508 INFO:teuthology.orchestra.run.smithi089.stderr:/usr/bin/ceph:
2024-01-21T11:12:55.506+0000 7f0948e2b700 1 --2- 172.21.15.89:0/3252980689 >> [v2:172.21.15.89:6800/4200893972,v1:172.21.15.89:6801/4200893972] conn(0x7f092802fd50 0x7f0928032210 unknown :-1 s=CLOSED pgs=13 cs=0 l=1 rev1=1 rx=0 tx=0).stop
2024-01-21T11:12:55.508 INFO:teuthology.orchestra.run.smithi089.stderr:/usr/bin/ceph:
2024-01-21T11:12:55.506+0000 7f0948e2b700 1 --2- 172.21.15.89:0/3252980689 >> [v2:172.21.15.89:3300/0,v1:172.21.15.89:6789/0] conn(0x7f0944070430 0x7f094410aa00 unknown :-1 s=CLOSED pgs=44 cs=0 l=1 rev1=1 rx=0 tx=0).stop
2024-01-21T11:12:55.509 INFO:teuthology.orchestra.run.smithi089.stderr:/usr/bin/ceph:
2024-01-21T11:12:55.506+0000 7f0948e2b700 1 -- 172.21.15.89:0/3252980689 >> 172.21.15.89:0/3252980689 conn(0x7f09440f63c0 msgr2=0x7f09440f7f20 unknown :-1 s=STATE_NONE l=0).mark_down
2024-01-21T11:12:55.509 INFO:teuthology.orchestra.run.smithi089.stderr:/usr/bin/ceph:
2024-01-21T11:12:55.506+0000 7f0948e2b700 1 -- 172.21.15.89:0/3252980689 shutdown_connections
2024-01-21T11:12:55.509 INFO:teuthology.orchestra.run.smithi089.stderr:/usr/bin/ceph:
2024-01-21T11:12:55.506+0000 7f0948e2b700 1 -- 172.21.15.89:0/3252980689 wait complete.
2024-01-21T11:12:55.797 INFO:journalctl@ceph.mon.smithi089.smithi089.stdout:Jan 21 11:12:55 smithi089 ceph-e44d1d4c-b84d-11ee-95b0-87774f69a715-mon.smithi089[38842]: audit
2024-01-21T11:12:54.654794+0000 mgr.smithi089.ufybqw (mgr.14114) 12 : audit [DBG] from='client.14136 -' entity='client.admin' cmd=[{"prefix": "orch apply", "service_type": "mgr", "target": ["mon-mgr", ""]}]: dispatch
2024-01-21T11:12:55.797 INFO:journalctl@ceph.mon.smithi089.smithi089.stdout:Jan 21 11:12:55 smithi089 ceph-e44d1d4c-b84d-11ee-95b0-87774f69a715-mon.smithi089[38842]: cephadm
2024-01-21T11:12:54.655300+0000 mgr.smithi089.ufybqw (mgr.14114) 13 : cephadm [INF] Saving service mgr spec with placement count:2
2024-01-21T11:12:55.797 INFO:journalctl@ceph.mon.smithi089.smithi089.stdout:Jan 21 11:12:55 smithi089 ceph-e44d1d4c-b84d-11ee-95b0-87774f69a715-mon.smithi089[38842]: audit
2024-01-21T11:12:54.657123+0000 mon.smithi089 (mon.0) 56 : audit [INF] from='mgr.14114 172.21.15.89:0/60843299' entity='mgr.smithi089.ufybqw'
2024-01-21T11:12:55.797 INFO:journalctl@ceph.mon.smithi089.smithi089.stdout:Jan 21 11:12:55 smithi089 ceph-e44d1d4c-b84d-11ee-95b0-87774f69a715-mon.smithi089[38842]: audit
2024-01-21T11:12:55.506227+0000 mon.smithi089 (mon.0) 57 : audit [INF] from='mgr.14114 172.21.15.89:0/60843299' entity='mgr.smithi089.ufybqw'
2024-01-21T11:12:55.878 INFO:teuthology.orchestra.run.smithi089.stderr:Enabling mgr prometheus module...
2024-01-21T11:12:55.878 INFO:teuthology.orchestra.run.smithi089.stderr:Running command: /bin/podman run --rm --ipc=host --no-hosts --net=host --entrypoint /usr/bin/ceph --init -e CONTAINER_IMAGE=docker.io/ceph/ceph:v16.2.4 -e NODE_NAME=smithi089 -e CEPH_USE_RANDOM_NONCE=1 -v /var/log/ceph/e44d1d4c-b84d-11ee-95b0-87774f69a715:/var/log/ceph:z -v /tmp/ceph-tmp_kl5xgo3:/etc/ceph/ceph.client.admin.keyring:z -v /tmp/ceph-tmpr76ygqdl:/etc/ceph/ceph.conf:z docker.io/ceph/ceph:v16.2.4 mgr module enable prometheus
2024-01-21T11:12:56.197 INFO:teuthology.orchestra.run.smithi089.stderr:/usr/bin/ceph:
2024-01-21T11:12:56.194+0000 7fcd17024700 1 Processor -- start
2024-01-21T11:12:56.197 INFO:teuthology.orchestra.run.smithi089.stderr:/usr/bin/ceph:
2024-01-21T11:12:56.194+0000 7fcd17024700 1 -- start start
2024-01-21T11:12:56.197 INFO:teuthology.orchestra.run.smithi089.stderr:/usr/bin/ceph:
2024-01-21T11:12:56.194+0000 7fcd17024700 1 --2- >> [v2:172.21.15.89:3300/0,v1:172.21.15.89:6789/0] conn(0x7fcd10070430 0x7fcd100fe8e0 unknown :-1 s=NONE pgs=0 cs=0 l=0 rev1=0 rx=0 tx=0).connect
2024-01-21T11:12:56.197 INFO:teuthology.orchestra.run.smithi089.stderr:/usr/bin/ceph:
2024-01-21T11:12:56.194+0000 7fcd17024700 1 -- --> [v2:172.21.15.89:3300/0,v1:172.21.15.89:6789/0] -- mon_getmap magic: 0 v1 -- 0x7fcd100fedd0 con 0x7fcd10070430
2024-01-21T11:12:56.198 INFO:teuthology.orchestra.run.smithi089.stderr:/usr/bin/ceph:
2024-01-21T11:12:56.194+0000 7fcd14dc0700 1 --2- >> [v2:172.21.15.89:3300/0,v1:172.21.15.89:6789/0] conn(0x7fcd10070430 0x7fcd100fe8e0 unknown :-1 s=BANNER_CONNECTING pgs=0 cs=0 l=0 rev1=0 rx=0 tx=0)._handle_peer_banner_payload supported=1 required=0
2024-01-21T11:12:56.198 INFO:teuthology.orchestra.run.smithi089.stderr:/usr/bin/ceph:
2024-01-21T11:12:56.194+0000 7fcd14dc0700 1 --2- >> [v2:172.21.15.89:3300/0,v1:172.21.15.89:6789/0] conn(0x7fcd10070430 0x7fcd100fe8e0 unknown :-1 s=HELLO_CONNECTING pgs=0 cs=0 l=0 rev1=1 rx=0 tx=0).handle_hello peer v2:172.21.15.89:3300/0 says I am v2:172.21.15.89:51348/0 (socket says 172.21.15.89:51348)
2024-01-21T11:12:56.198 INFO:teuthology.orchestra.run.smithi089.stderr:/usr/bin/ceph:
2024-01-21T11:12:56.194+0000 7fcd14dc0700 1 -- 172.21.15.89:0/3337306 learned_addr learned my addr 172.21.15.89:0/3337306 (peer_addr_for_me v2:172.21.15.89:0/0)
2024-01-21T11:12:56.198 INFO:teuthology.orchestra.run.smithi089.stderr:/usr/bin/ceph:
2024-01-21T11:12:56.195+0000 7fcd14dc0700 1 -- 172.21.15.89:0/3337306 --> [v2:172.21.15.89:3300/0,v1:172.21.15.89:6789/0] -- mon_subscribe({config=0+,monmap=0+}) v3 -- 0x7fcd100fef10 con 0x7fcd10070430
2024-01-21T11:12:56.198 INFO:teuthology.orchestra.run.smithi089.stderr:/usr/bin/ceph:
2024-01-21T11:12:56.195+0000 7fcd14dc0700 1 --2- 172.21.15.89:0/3337306 >> [v2:172.21.15.89:3300/0,v1:172.21.15.89:6789/0] conn(0x7fcd10070430 0x7fcd100fe8e0 secure :-1 s=READY pgs=45 cs=0 l=1 rev1=1 rx=0x7fcd0400b5f0 tx=0x7fcd04006ee0).ready entity=mon.0 client_cookie=b233b0ecf67d2f7d server_cookie=0 in_seq=0 out_seq=0
2024-01-21T11:12:56.198 INFO:teuthology.orchestra.run.smithi089.stderr:/usr/bin/ceph:
2024-01-21T11:12:56.195+0000 7fcd0f7fe700 1 -- 172.21.15.89:0/3337306 <== mon.0 v2:172.21.15.89:3300/0 1 ==== mon_map magic: 0 v1 ==== 229+0+0 (secure 0 0 0) 0x7fcd0400d600 con 0x7fcd10070430
2024-01-21T11:12:56.198 INFO:teuthology.orchestra.run.smithi089.stderr:/usr/bin/ceph:
2024-01-21T11:12:56.195+0000 7fcd0f7fe700 1 -- 172.21.15.89:0/3337306 <== mon.0 v2:172.21.15.89:3300/0 2 ==== config(25 keys) v1 ==== 1010+0+0 (secure 0 0 0) 0x7fcd0400dbd0 con 0x7fcd10070430
2024-01-21T11:12:56.198 INFO:teuthology.orchestra.run.smithi089.stderr:/usr/bin/ceph:
2024-01-21T11:12:56.195+0000 7fcd0f7fe700 1 -- 172.21.15.89:0/3337306 <== mon.0 v2:172.21.15.89:3300/0 3 ==== mon_map magic: 0 v1 ==== 229+0+0 (secure 0 0 0) 0x7fcd04011c00 con 0x7fcd10070430
2024-01-21T11:12:56.198 INFO:teuthology.orchestra.run.smithi089.stderr:/usr/bin/ceph:
2024-01-21T11:12:56.196+0000 7fcd17024700 1 -- 172.21.15.89:0/3337306 >> [v2:172.21.15.89:3300/0,v1:172.21.15.89:6789/0] conn(0x7fcd10070430 msgr2=0x7fcd100fe8e0 secure :-1 s=STATE_CONNECTION_ESTABLISHED l=1).mark_down
2024-01-21T11:12:56.198 INFO:teuthology.orchestra.run.smithi089.stderr:/usr/bin/ceph:
2024-01-21T11:12:56.196+0000 7fcd17024700 1 --2- 172.21.15.89:0/3337306 >> [v2:172.21.15.89:3300/0,v1:172.21.15.89:6789/0] conn(0x7fcd10070430 0x7fcd100fe8e0 secure :-1 s=READY pgs=45 cs=0 l=1 rev1=1 rx=0x7fcd0400b5f0 tx=0x7fcd04006ee0).stop
2024-01-21T11:12:56.198 INFO:teuthology.orchestra.run.smithi089.stderr:/usr/bin/ceph:
2024-01-21T11:12:56.196+0000 7fcd17024700 1 -- 172.21.15.89:0/3337306 shutdown_connections
2024-01-21T11:12:56.198 INFO:teuthology.orchestra.run.smithi089.stderr:/usr/bin/ceph:
2024-01-21T11:12:56.196+0000 7fcd17024700 1 --2- 172.21.15.89:0/3337306 >> [v2:172.21.15.89:3300/0,v1:172.21.15.89:6789/0] conn(0x7fcd10070430 0x7fcd100fe8e0 unknown :-1 s=CLOSED pgs=45 cs=0 l=1 rev1=1 rx=0 tx=0).stop
2024-01-21T11:12:56.198 INFO:teuthology.orchestra.run.smithi089.stderr:/usr/bin/ceph:
2024-01-21T11:12:56.196+0000 7fcd17024700 1 -- 172.21.15.89:0/3337306 >> 172.21.15.89:0/3337306 conn(0x7fcd100f63c0 msgr2=0x7fcd100f87e0 unknown :-1 s=STATE_NONE l=0).mark_down
2024-01-21T11:12:56.198 INFO:teuthology.orchestra.run.smithi089.stderr:/usr/bin/ceph:
2024-01-21T11:12:56.196+0000 7fcd17024700 1 -- 172.21.15.89:0/3337306 shutdown_connections
2024-01-21T11:12:56.199 INFO:teuthology.orchestra.run.smithi089.stderr:/usr/bin/ceph:
2024-01-21T11:12:56.196+0000 7fcd17024700 1 -- 172.21.15.89:0/3337306 wait complete.
2024-01-21T11:12:56.199 INFO:teuthology.orchestra.run.smithi089.stderr:/usr/bin/ceph:
2024-01-21T11:12:56.196+0000 7fcd17024700 1 Processor -- start
2024-01-21T11:12:56.199 INFO:teuthology.orchestra.run.smithi089.stderr:/usr/bin/ceph:
2024-01-21T11:12:56.196+0000 7fcd17024700 1 -- start start
2024-01-21T11:12:56.200 INFO:teuthology.orchestra.run.smithi089.stderr:/usr/bin/ceph:
2024-01-21T11:12:56.197+0000 7fcd17024700 1 --2- >> [v2:172.21.15.89:3300/0,v1:172.21.15.89:6789/0] conn(0x7fcd10070430 0x7fcd1010aa00 unknown :-1 s=NONE pgs=0 cs=0 l=1 rev1=0 rx=0 tx=0).connect
2024-01-21T11:12:56.200 INFO:teuthology.orchestra.run.smithi089.stderr:/usr/bin/ceph:
2024-01-21T11:12:56.197+0000 7fcd17024700 1 -- --> [v2:172.21.15.89:3300/0,v1:172.21.15.89:6789/0] -- mon_getmap magic: 0 v1 -- 0x7fcd1010aef0 con 0x7fcd10070430
2024-01-21T11:12:56.200 INFO:teuthology.orchestra.run.smithi089.stderr:/usr/bin/ceph:
2024-01-21T11:12:56.197+0000 7fcd14dc0700 1 --2- >> [v2:172.21.15.89:3300/0,v1:172.21.15.89:6789/0] conn(0x7fcd10070430 0x7fcd1010aa00 unknown :-1 s=BANNER_CONNECTING pgs=0 cs=0 l=1 rev1=0 rx=0 tx=0)._handle_peer_banner_payload supported=1 required=0
2024-01-21T11:12:56.200 INFO:teuthology.orchestra.run.smithi089.stderr:/usr/bin/ceph:
2024-01-21T11:12:56.197+0000 7fcd14dc0700 1 --2- >> [v2:172.21.15.89:3300/0,v1:172.21.15.89:6789/0] conn(0x7fcd10070430 0x7fcd1010aa00 unknown :-1 s=HELLO_CONNECTING pgs=0 cs=0 l=1 rev1=1 rx=0 tx=0).handle_hello peer v2:172.21.15.89:3300/0 says I am v2:172.21.15.89:51360/0 (socket says 172.21.15.89:51360)
2024-01-21T11:12:56.200 INFO:teuthology.orchestra.run.smithi089.stderr:/usr/bin/ceph:
2024-01-21T11:12:56.197+0000 7fcd14dc0700 1 -- 172.21.15.89:0/2952673018 learned_addr learned my addr 172.21.15.89:0/2952673018 (peer_addr_for_me v2:172.21.15.89:0/0)
2024-01-21T11:12:56.200 INFO:teuthology.orchestra.run.smithi089.stderr:/usr/bin/ceph:
2024-01-21T11:12:56.197+0000 7fcd14dc0700 1 -- 172.21.15.89:0/2952673018 --> [v2:172.21.15.89:3300/0,v1:172.21.15.89:6789/0] -- mon_subscribe({config=0+,monmap=0+}) v3 -- 0x7fcd0400b200 con 0x7fcd10070430
2024-01-21T11:12:56.200 INFO:teuthology.orchestra.run.smithi089.stderr:/usr/bin/ceph:
2024-01-21T11:12:56.197+0000 7fcd14dc0700 1 --2- 172.21.15.89:0/2952673018 >> [v2:172.21.15.89:3300/0,v1:172.21.15.89:6789/0] conn(0x7fcd10070430 0x7fcd1010aa00 secure :-1 s=READY pgs=46 cs=0 l=1 rev1=1 rx=0x7fcd0400b190 tx=0x7fcd04006ee0).ready entity=mon.0 client_cookie=0 server_cookie=0 in_seq=0 out_seq=0
2024-01-21T11:12:56.200 INFO:teuthology.orchestra.run.smithi089.stderr:/usr/bin/ceph:
2024-01-21T11:12:56.197+0000 7fcd0d7fa700 1 -- 172.21.15.89:0/2952673018 <== mon.0 v2:172.21.15.89:3300/0 1 ==== mon_map magic: 0 v1 ==== 229+0+0 (secure 0 0 0) 0x7fcd0401b410 con 0x7fcd10070430
2024-01-21T11:12:56.201 INFO:teuthology.orchestra.run.smithi089.stderr:/usr/bin/ceph:
2024-01-21T11:12:56.197+0000 7fcd0d7fa700 1 -- 172.21.15.89:0/2952673018 <== mon.0 v2:172.21.15.89:3300/0 2 ==== config(25 keys) v1 ==== 1010+0+0 (secure 0 0 0) 0x7fcd0401b9e0 con 0x7fcd10070430
2024-01-21T11:12:56.201 INFO:teuthology.orchestra.run.smithi089.stderr:/usr/bin/ceph:
2024-01-21T11:12:56.197+0000 7fcd17024700 1 -- 172.21.15.89:0/2952673018 --> [v2:172.21.15.89:3300/0,v1:172.21.15.89:6789/0] -- mon_subscribe({mgrmap=0+}) v3 -- 0x7fcd1010b0f0 con 0x7fcd10070430
2024-01-21T11:12:56.201 INFO:teuthology.orchestra.run.smithi089.stderr:/usr/bin/ceph:
2024-01-21T11:12:56.197+0000 7fcd0d7fa700 1 -- 172.21.15.89:0/2952673018 <== mon.0 v2:172.21.15.89:3300/0 3 ==== mon_map magic: 0 v1 ==== 229+0+0 (secure 0 0 0) 0x7fcd0401a880 con 0x7fcd10070430
2024-01-21T11:12:56.202 INFO:teuthology.orchestra.run.smithi089.stderr:/usr/bin/ceph:
2024-01-21T11:12:56.198+0000 7fcd17024700 1 -- 172.21.15.89:0/2952673018 --> [v2:172.21.15.89:3300/0,v1:172.21.15.89:6789/0] -- mon_subscribe({osdmap=0}) v3 -- 0x7fcd1010b500 con 0x7fcd10070430
2024-01-21T11:12:56.202 INFO:teuthology.orchestra.run.smithi089.stderr:/usr/bin/ceph:
2024-01-21T11:12:56.198+0000 7fcd0d7fa700 1 -- 172.21.15.89:0/2952673018 <== mon.0 v2:172.21.15.89:3300/0 4 ==== mgrmap(e 7) v1 ==== 36120+0+0 (secure 0 0 0) 0x7fcd0400f070 con 0x7fcd10070430
2024-01-21T11:12:56.202 INFO:teuthology.orchestra.run.smithi089.stderr:/usr/bin/ceph:
2024-01-21T11:12:56.198+0000 7fcd0d7fa700 1 --2- 172.21.15.89:0/2952673018 >> [v2:172.21.15.89:6800/4200893972,v1:172.21.15.89:6801/4200893972] conn(0x7fccf402fdb0 0x7fccf4032270 unknown :-1 s=NONE pgs=0 cs=0 l=1 rev1=0 rx=0 tx=0).connect
2024-01-21T11:12:56.202 INFO:teuthology.orchestra.run.smithi089.stderr:/usr/bin/ceph:
2024-01-21T11:12:56.198+0000 7fcd0d7fa700 1 -- 172.21.15.89:0/2952673018 <== mon.0 v2:172.21.15.89:3300/0 5 ==== osd_map(2..2 src has 1..2) v4 ==== 926+0+0 (secure 0 0 0) 0x7fcd04041200 con 0x7fcd10070430
2024-01-21T11:12:56.202 INFO:teuthology.orchestra.run.smithi089.stderr:/usr/bin/ceph:
2024-01-21T11:12:56.198+0000 7fcd0ffff700 1 --2- 172.21.15.89:0/2952673018 >> [v2:172.21.15.89:6800/4200893972,v1:172.21.15.89:6801/4200893972] conn(0x7fccf402fdb0 0x7fccf4032270 unknown :-1 s=BANNER_CONNECTING pgs=0 cs=0 l=1 rev1=0 rx=0 tx=0)._handle_peer_banner_payload supported=1 required=0
2024-01-21T11:12:56.202 INFO:teuthology.orchestra.run.smithi089.stderr:/usr/bin/ceph:
2024-01-21T11:12:56.199+0000 7fcd17024700 1 -- 172.21.15.89:0/2952673018 --> [v2:172.21.15.89:3300/0,v1:172.21.15.89:6789/0] -- mon_command({"prefix": "get_command_descriptions"} v 0) v1 -- 0x7fcd10059100 con 0x7fcd10070430
2024-01-21T11:12:56.202 INFO:teuthology.orchestra.run.smithi089.stderr:/usr/bin/ceph:
2024-01-21T11:12:56.199+0000 7fcd0ffff700 1 --2- 172.21.15.89:0/2952673018 >> [v2:172.21.15.89:6800/4200893972,v1:172.21.15.89:6801/4200893972] conn(0x7fccf402fdb0 0x7fccf4032270 secure :-1 s=READY pgs=14 cs=0 l=1 rev1=1 rx=0x7fccfc0096a0 tx=0x7fccfc006b40).ready entity=mgr.14114 client_cookie=0 server_cookie=0 in_seq=0 out_seq=0
2024-01-21T11:12:56.203 INFO:teuthology.orchestra.run.smithi089.stderr:/usr/bin/ceph:
2024-01-21T11:12:56.203+0000 7fcd0d7fa700 1 -- 172.21.15.89:0/2952673018 <== mon.0 v2:172.21.15.89:3300/0 6 ==== mon_command_ack([{"prefix": "get_command_descriptions"}]=0 v0) v1 ==== 72+0+152212 (secure 0 0 0) 0x7fcd04016070 con 0x7fcd10070430
2024-01-21T11:12:56.389 INFO:teuthology.orchestra.run.smithi089.stderr:/usr/bin/ceph:
2024-01-21T11:12:56.388+0000 7fcd17024700 1 -- 172.21.15.89:0/2952673018 --> [v2:172.21.15.89:3300/0,v1:172.21.15.89:6789/0] -- mon_command({"prefix": "mgr module enable", "module": "prometheus"} v 0) v1 -- 0x7fcd10045ad0 con 0x7fcd10070430
2024-01-21T11:12:56.660 INFO:teuthology.orchestra.run.smithi089.stderr:/usr/bin/ceph:
2024-01-21T11:12:56.659+0000 7fcd0d7fa700 1 -- 172.21.15.89:0/2952673018 <== mon.0 v2:172.21.15.89:3300/0 7 ==== mgrmap(e 8) v1 ==== 36134+0+0 (secure 0 0 0) 0x7fcd040257e0 con 0x7fcd10070430
2024-01-21T11:12:56.661 INFO:teuthology.orchestra.run.smithi089.stderr:/usr/bin/ceph:
2024-01-21T11:12:56.660+0000 7fcd0d7fa700 1 -- 172.21.15.89:0/2952673018 <== mon.0 v2:172.21.15.89:3300/0 8 ==== mon_command_ack([{"prefix": "mgr module enable", "module": "prometheus"}]=0 v8) v1 ==== 89+0+0 (secure 0 0 0) 0x7fcd04006a70 con 0x7fcd10070430
2024-01-21T11:12:56.664 INFO:teuthology.orchestra.run.smithi089.stderr:/usr/bin/ceph:
2024-01-21T11:12:56.662+0000 7fcd17024700 1 -- 172.21.15.89:0/2952673018 >> [v2:172.21.15.89:6800/4200893972,v1:172.21.15.89:6801/4200893972] conn(0x7fccf402fdb0 msgr2=0x7fccf4032270 secure :-1 s=STATE_CONNECTION_ESTABLISHED l=1).mark_down
2024-01-21T11:12:56.664 INFO:teuthology.orchestra.run.smithi089.stderr:/usr/bin/ceph:
2024-01-21T11:12:56.662+0000 7fcd17024700 1 --2- 172.21.15.89:0/2952673018 >> [v2:172.21.15.89:6800/4200893972,v1:172.21.15.89:6801/4200893972] conn(0x7fccf402fdb0 0x7fccf4032270 secure :-1 s=READY pgs=14 cs=0 l=1 rev1=1 rx=0x7fccfc0096a0 tx=0x7fccfc006b40).stop
2024-01-21T11:12:56.664 INFO:teuthology.orchestra.run.smithi089.stderr:/usr/bin/ceph:
2024-01-21T11:12:56.662+0000 7fcd17024700 1 -- 172.21.15.89:0/2952673018 >> [v2:172.21.15.89:3300/0,v1:172.21.15.89:6789/0] conn(0x7fcd10070430 msgr2=0x7fcd1010aa00 secure :-1 s=STATE_CONNECTION_ESTABLISHED l=1).mark_down
2024-01-21T11:12:56.664 INFO:teuthology.orchestra.run.smithi089.stderr:/usr/bin/ceph:
2024-01-21T11:12:56.662+0000 7fcd17024700 1 --2- 172.21.15.89:0/2952673018 >> [v2:172.21.15.89:3300/0,v1:172.21.15.89:6789/0] conn(0x7fcd10070430 0x7fcd1010aa00 secure :-1 s=READY pgs=46 cs=0 l=1 rev1=1 rx=0x7fcd0400b190 tx=0x7fcd04006ee0).stop
2024-01-21T11:12:56.664 INFO:teuthology.orchestra.run.smithi089.stderr:/usr/bin/ceph:
2024-01-21T11:12:56.662+0000 7fcd17024700 1 -- 172.21.15.89:0/2952673018 shutdown_connections
2024-01-21T11:12:56.664 INFO:teuthology.orchestra.run.smithi089.stderr:/usr/bin/ceph:
2024-01-21T11:12:56.662+0000 7fcd17024700 1 --2- 172.21.15.89:0/2952673018 >> [v2:172.21.15.89:6800/4200893972,v1:172.21.15.89:6801/4200893972] conn(0x7fccf402fdb0 0x7fccf4032270 unknown :-1 s=CLOSED pgs=14 cs=0 l=1 rev1=1 rx=0 tx=0).stop
2024-01-21T11:12:56.664 INFO:teuthology.orchestra.run.smithi089.stderr:/usr/bin/ceph:
2024-01-21T11:12:56.662+0000 7fcd17024700 1 --2- 172.21.15.89:0/2952673018 >> [v2:172.21.15.89:3300/0,v1:172.21.15.89:6789/0] conn(0x7fcd10070430 0x7fcd1010aa00 unknown :-1 s=CLOSED pgs=46 cs=0 l=1 rev1=1 rx=0 tx=0).stop
2024-01-21T11:12:56.664 INFO:teuthology.orchestra.run.smithi089.stderr:/usr/bin/ceph:
2024-01-21T11:12:56.662+0000 7fcd17024700 1 -- 172.21.15.89:0/2952673018 >> 172.21.15.89:0/2952673018 conn(0x7fcd100f63c0 msgr2=0x7fcd100f7f20 unknown :-1 s=STATE_NONE l=0).mark_down
2024-01-21T11:12:56.664 INFO:teuthology.orchestra.run.smithi089.stderr:/usr/bin/ceph:
2024-01-21T11:12:56.662+0000 7fcd17024700 1 -- 172.21.15.89:0/2952673018 shutdown_connections
2024-01-21T11:12:56.664 INFO:teuthology.orchestra.run.smithi089.stderr:/usr/bin/ceph:
2024-01-21T11:12:56.662+0000 7fcd17024700 1 -- 172.21.15.89:0/2952673018 wait complete.
2024-01-21T11:12:56.934 INFO:journalctl@ceph.mon.smithi089.smithi089.stdout:Jan 21 11:12:56 smithi089 ceph-e44d1d4c-b84d-11ee-95b0-87774f69a715-mon.smithi089[38842]: audit
2024-01-21T11:12:55.503341+0000 mgr.smithi089.ufybqw (mgr.14114) 14 : audit [DBG] from='client.14138 -' entity='client.admin' cmd=[{"prefix": "orch apply", "service_type": "crash", "target": ["mon-mgr", ""]}]: dispatch
2024-01-21T11:12:56.934 INFO:journalctl@ceph.mon.smithi089.smithi089.stdout:Jan 21 11:12:56 smithi089 ceph-e44d1d4c-b84d-11ee-95b0-87774f69a715-mon.smithi089[38842]: cephadm
2024-01-21T11:12:55.504015+0000 mgr.smithi089.ufybqw (mgr.14114) 15 : cephadm [INF] Saving service crash spec with placement *
2024-01-21T11:12:56.934 INFO:journalctl@ceph.mon.smithi089.smithi089.stdout:Jan 21 11:12:56 smithi089 ceph-e44d1d4c-b84d-11ee-95b0-87774f69a715-mon.smithi089[38842]: audit
2024-01-21T11:12:56.389983+0000 mon.smithi089 (mon.0) 58 : audit [INF] from='client.? 172.21.15.89:0/2952673018' entity='client.admin' cmd=[{"prefix": "mgr module enable", "module": "prometheus"}]: dispatch
2024-01-21T11:12:57.003 INFO:teuthology.orchestra.run.smithi089.stderr:Deploying prometheus service with default placement...
2024-01-21T11:12:57.003 INFO:teuthology.orchestra.run.smithi089.stderr:Running command: /bin/podman run --rm --ipc=host --no-hosts --net=host --entrypoint /usr/bin/ceph --init -e CONTAINER_IMAGE=docker.io/ceph/ceph:v16.2.4 -e NODE_NAME=smithi089 -e CEPH_USE_RANDOM_NONCE=1 -v /var/log/ceph/e44d1d4c-b84d-11ee-95b0-87774f69a715:/var/log/ceph:z -v /tmp/ceph-tmp_kl5xgo3:/etc/ceph/ceph.client.admin.keyring:z -v /tmp/ceph-tmpr76ygqdl:/etc/ceph/ceph.conf:z docker.io/ceph/ceph:v16.2.4 orch apply prometheus
2024-01-21T11:12:57.411 INFO:teuthology.orchestra.run.smithi089.stderr:/usr/bin/ceph:
2024-01-21T11:12:57.410+0000 7f40f5a5e700 1 Processor -- start
2024-01-21T11:12:57.413 INFO:teuthology.orchestra.run.smithi089.stderr:/usr/bin/ceph:
2024-01-21T11:12:57.410+0000 7f40f5a5e700 1 -- start start
2024-01-21T11:12:57.414 INFO:teuthology.orchestra.run.smithi089.stderr:/usr/bin/ceph:
2024-01-21T11:12:57.410+0000 7f40f5a5e700 1 --2- >> [v2:172.21.15.89:3300/0,v1:172.21.15.89:6789/0] conn(0x7f40f00faa10 0x7f40f00fae30 unknown :-1 s=NONE pgs=0 cs=0 l=0 rev1=0 rx=0 tx=0).connect
2024-01-21T11:12:57.414 INFO:teuthology.orchestra.run.smithi089.stderr:/usr/bin/ceph:
2024-01-21T11:12:57.410+0000 7f40f5a5e700 1 -- --> [v2:172.21.15.89:3300/0,v1:172.21.15.89:6789/0] -- mon_getmap magic: 0 v1 -- 0x7f40f00fb320 con 0x7f40f00faa10
2024-01-21T11:12:57.414 INFO:teuthology.orchestra.run.smithi089.stderr:/usr/bin/ceph:
2024-01-21T11:12:57.410+0000 7f40eeffd700 1 --2- >> [v2:172.21.15.89:3300/0,v1:172.21.15.89:6789/0] conn(0x7f40f00faa10 0x7f40f00fae30 unknown :-1 s=BANNER_CONNECTING pgs=0 cs=0 l=0 rev1=0 rx=0 tx=0)._handle_peer_banner_payload supported=1 required=0
2024-01-21T11:12:57.414 INFO:teuthology.orchestra.run.smithi089.stderr:/usr/bin/ceph:
2024-01-21T11:12:57.410+0000 7f40eeffd700 1 --2- >> [v2:172.21.15.89:3300/0,v1:172.21.15.89:6789/0] conn(0x7f40f00faa10 0x7f40f00fae30 unknown :-1 s=HELLO_CONNECTING pgs=0 cs=0 l=0 rev1=1 rx=0 tx=0).handle_hello peer v2:172.21.15.89:3300/0 says I am v2:172.21.15.89:51394/0 (socket says 172.21.15.89:51394)
2024-01-21T11:12:57.414 INFO:teuthology.orchestra.run.smithi089.stderr:/usr/bin/ceph:
