2024-01-21T19:48:21.947+0000 7fa0863de700 1 --2- >> [v2:172.21.15.169:3300/0,v1:172.21.15.169:6789/0] conn(0x7fa0800fab80 0x7fa0800fafa0 unknown :-1 s=HELLO_CONNECTING pgs=0 cs=0 l=0 rev1=1 rx=0 tx=0).handle_hello peer v2:172.21.15.169:3300/0 says I am v2:172.21.15.169:47218/0 (socket says 172.21.15.169:47218)
2024-01-21T19:48:21.942 INFO:teuthology.orchestra.run.smithi169.stderr:/usr/bin/ceph:
2024-01-21T19:48:21.947+0000 7fa0863de700 1 -- 172.21.15.169:0/2849118337 learned_addr learned my addr 172.21.15.169:0/2849118337 (peer_addr_for_me v2:172.21.15.169:0/0)
2024-01-21T19:48:21.942 INFO:teuthology.orchestra.run.smithi169.stderr:/usr/bin/ceph:
2024-01-21T19:48:21.947+0000 7fa0863de700 1 -- 172.21.15.169:0/2849118337 --> [v2:172.21.15.169:3300/0,v1:172.21.15.169:6789/0] -- mon_subscribe({config=0+,monmap=0+}) v3 -- 0x7fa0800fb5d0 con 0x7fa0800fab80
2024-01-21T19:48:21.942 INFO:teuthology.orchestra.run.smithi169.stderr:/usr/bin/ceph:
2024-01-21T19:48:21.947+0000 7fa0863de700 1 --2- 172.21.15.169:0/2849118337 >> [v2:172.21.15.169:3300/0,v1:172.21.15.169:6789/0] conn(0x7fa0800fab80 0x7fa0800fafa0 secure :-1 s=READY pgs=58 cs=0 l=1 rev1=1 rx=0x7fa07000b5f0 tx=0x7fa070006ee0).ready entity=mon.0 client_cookie=8fadb0aae99ef15a server_cookie=0 in_seq=0 out_seq=0
2024-01-21T19:48:21.942 INFO:teuthology.orchestra.run.smithi169.stderr:/usr/bin/ceph:
2024-01-21T19:48:21.947+0000 7fa0853dc700 1 -- 172.21.15.169:0/2849118337 <== mon.0 v2:172.21.15.169:3300/0 1 ==== mon_map magic: 0 v1 ==== 229+0+0 (secure 0 0 0) 0x7fa07000d600 con 0x7fa0800fab80
2024-01-21T19:48:21.942 INFO:teuthology.orchestra.run.smithi169.stderr:/usr/bin/ceph:
2024-01-21T19:48:21.947+0000 7fa0853dc700 1 -- 172.21.15.169:0/2849118337 <== mon.0 v2:172.21.15.169:3300/0 2 ==== config(25 keys) v1 ==== 1074+0+0 (secure 0 0 0) 0x7fa07000dc10 con 0x7fa0800fab80
2024-01-21T19:48:21.942 INFO:teuthology.orchestra.run.smithi169.stderr:/usr/bin/ceph:
2024-01-21T19:48:21.947+0000 7fa0853dc700 1 -- 172.21.15.169:0/2849118337 <== mon.0 v2:172.21.15.169:3300/0 3 ==== mon_map magic: 0 v1 ==== 229+0+0 (secure 0 0 0) 0x7fa070011cd0 con 0x7fa0800fab80
2024-01-21T19:48:21.942 INFO:teuthology.orchestra.run.smithi169.stderr:/usr/bin/ceph:
2024-01-21T19:48:21.948+0000 7fa088642700 1 -- 172.21.15.169:0/2849118337 >> [v2:172.21.15.169:3300/0,v1:172.21.15.169:6789/0] conn(0x7fa0800fab80 msgr2=0x7fa0800fafa0 secure :-1 s=STATE_CONNECTION_ESTABLISHED l=1).mark_down
2024-01-21T19:48:21.942 INFO:teuthology.orchestra.run.smithi169.stderr:/usr/bin/ceph:
2024-01-21T19:48:21.948+0000 7fa088642700 1 --2- 172.21.15.169:0/2849118337 >> [v2:172.21.15.169:3300/0,v1:172.21.15.169:6789/0] conn(0x7fa0800fab80 0x7fa0800fafa0 secure :-1 s=READY pgs=58 cs=0 l=1 rev1=1 rx=0x7fa07000b5f0 tx=0x7fa070006ee0).stop
2024-01-21T19:48:21.945 INFO:teuthology.orchestra.run.smithi169.stderr:/usr/bin/ceph:
2024-01-21T19:48:21.948+0000 7fa088642700 1 -- 172.21.15.169:0/2849118337 shutdown_connections
2024-01-21T19:48:21.945 INFO:teuthology.orchestra.run.smithi169.stderr:/usr/bin/ceph:
2024-01-21T19:48:21.948+0000 7fa088642700 1 --2- 172.21.15.169:0/2849118337 >> [v2:172.21.15.169:3300/0,v1:172.21.15.169:6789/0] conn(0x7fa0800fab80 0x7fa0800fafa0 unknown :-1 s=CLOSED pgs=58 cs=0 l=1 rev1=1 rx=0 tx=0).stop
2024-01-21T19:48:21.945 INFO:teuthology.orchestra.run.smithi169.stderr:/usr/bin/ceph:
2024-01-21T19:48:21.948+0000 7fa088642700 1 -- 172.21.15.169:0/2849118337 >> 172.21.15.169:0/2849118337 conn(0x7fa0800f63c0 msgr2=0x7fa0800f87e0 unknown :-1 s=STATE_NONE l=0).mark_down
2024-01-21T19:48:21.945 INFO:teuthology.orchestra.run.smithi169.stderr:/usr/bin/ceph:
2024-01-21T19:48:21.948+0000 7fa088642700 1 -- 172.21.15.169:0/2849118337 shutdown_connections
2024-01-21T19:48:21.945 INFO:teuthology.orchestra.run.smithi169.stderr:/usr/bin/ceph:
2024-01-21T19:48:21.948+0000 7fa088642700 1 -- 172.21.15.169:0/2849118337 wait complete.
2024-01-21T19:48:21.945 INFO:teuthology.orchestra.run.smithi169.stderr:/usr/bin/ceph:
2024-01-21T19:48:21.949+0000 7fa088642700 1 Processor -- start
2024-01-21T19:48:21.945 INFO:teuthology.orchestra.run.smithi169.stderr:/usr/bin/ceph:
2024-01-21T19:48:21.949+0000 7fa088642700 1 -- start start
2024-01-21T19:48:21.945 INFO:teuthology.orchestra.run.smithi169.stderr:/usr/bin/ceph:
2024-01-21T19:48:21.949+0000 7fa088642700 1 --2- >> [v2:172.21.15.169:3300/0,v1:172.21.15.169:6789/0] conn(0x7fa0800fab80 0x7fa080109930 unknown :-1 s=NONE pgs=0 cs=0 l=1 rev1=0 rx=0 tx=0).connect
2024-01-21T19:48:21.945 INFO:teuthology.orchestra.run.smithi169.stderr:/usr/bin/ceph:
2024-01-21T19:48:21.949+0000 7fa088642700 1 -- --> [v2:172.21.15.169:3300/0,v1:172.21.15.169:6789/0] -- mon_getmap magic: 0 v1 -- 0x7fa080109e20 con 0x7fa0800fab80
2024-01-21T19:48:21.945 INFO:teuthology.orchestra.run.smithi169.stderr:/usr/bin/ceph:
2024-01-21T19:48:21.949+0000 7fa0863de700 1 --2- >> [v2:172.21.15.169:3300/0,v1:172.21.15.169:6789/0] conn(0x7fa0800fab80 0x7fa080109930 unknown :-1 s=BANNER_CONNECTING pgs=0 cs=0 l=1 rev1=0 rx=0 tx=0)._handle_peer_banner_payload supported=1 required=0
2024-01-21T19:48:21.946 INFO:teuthology.orchestra.run.smithi169.stderr:/usr/bin/ceph:
2024-01-21T19:48:21.949+0000 7fa0863de700 1 --2- >> [v2:172.21.15.169:3300/0,v1:172.21.15.169:6789/0] conn(0x7fa0800fab80 0x7fa080109930 unknown :-1 s=HELLO_CONNECTING pgs=0 cs=0 l=1 rev1=1 rx=0 tx=0).handle_hello peer v2:172.21.15.169:3300/0 says I am v2:172.21.15.169:47232/0 (socket says 172.21.15.169:47232)
2024-01-21T19:48:21.946 INFO:teuthology.orchestra.run.smithi169.stderr:/usr/bin/ceph:
2024-01-21T19:48:21.950+0000 7fa0863de700 1 -- 172.21.15.169:0/4200090791 learned_addr learned my addr 172.21.15.169:0/4200090791 (peer_addr_for_me v2:172.21.15.169:0/0)
2024-01-21T19:48:21.946 INFO:teuthology.orchestra.run.smithi169.stderr:/usr/bin/ceph:
2024-01-21T19:48:21.950+0000 7fa0863de700 1 -- 172.21.15.169:0/4200090791 --> [v2:172.21.15.169:3300/0,v1:172.21.15.169:6789/0] -- mon_subscribe({config=0+,monmap=0+}) v3 -- 0x7fa07000b200 con 0x7fa0800fab80
2024-01-21T19:48:21.946 INFO:teuthology.orchestra.run.smithi169.stderr:/usr/bin/ceph:
2024-01-21T19:48:21.950+0000 7fa0863de700 1 --2- 172.21.15.169:0/4200090791 >> [v2:172.21.15.169:3300/0,v1:172.21.15.169:6789/0] conn(0x7fa0800fab80 0x7fa080109930 secure :-1 s=READY pgs=59 cs=0 l=1 rev1=1 rx=0x7fa07000e040 tx=0x7fa070006ee0).ready entity=mon.0 client_cookie=0 server_cookie=0 in_seq=0 out_seq=0
2024-01-21T19:48:21.946 INFO:teuthology.orchestra.run.smithi169.stderr:/usr/bin/ceph:
2024-01-21T19:48:21.950+0000 7fa06effd700 1 -- 172.21.15.169:0/4200090791 <== mon.0 v2:172.21.15.169:3300/0 1 ==== mon_map magic: 0 v1 ==== 229+0+0 (secure 0 0 0) 0x7fa07001b410 con 0x7fa0800fab80
2024-01-21T19:48:21.946 INFO:teuthology.orchestra.run.smithi169.stderr:/usr/bin/ceph:
2024-01-21T19:48:21.950+0000 7fa06effd700 1 -- 172.21.15.169:0/4200090791 <== mon.0 v2:172.21.15.169:3300/0 2 ==== config(25 keys) v1 ==== 1074+0+0 (secure 0 0 0) 0x7fa07001ba20 con 0x7fa0800fab80
2024-01-21T19:48:21.946 INFO:teuthology.orchestra.run.smithi169.stderr:/usr/bin/ceph:
2024-01-21T19:48:21.950+0000 7fa088642700 1 -- 172.21.15.169:0/4200090791 --> [v2:172.21.15.169:3300/0,v1:172.21.15.169:6789/0] -- mon_subscribe({mgrmap=0+}) v3 -- 0x7fa08010a020 con 0x7fa0800fab80
2024-01-21T19:48:21.946 INFO:teuthology.orchestra.run.smithi169.stderr:/usr/bin/ceph:
2024-01-21T19:48:21.950+0000 7fa06effd700 1 -- 172.21.15.169:0/4200090791 <== mon.0 v2:172.21.15.169:3300/0 3 ==== mon_map magic: 0 v1 ==== 229+0+0 (secure 0 0 0) 0x7fa07001a910 con 0x7fa0800fab80
2024-01-21T19:48:21.946 INFO:teuthology.orchestra.run.smithi169.stderr:/usr/bin/ceph:
2024-01-21T19:48:21.950+0000 7fa088642700 1 -- 172.21.15.169:0/4200090791 --> [v2:172.21.15.169:3300/0,v1:172.21.15.169:6789/0] -- mon_subscribe({osdmap=0}) v3 -- 0x7fa08010a430 con 0x7fa0800fab80
2024-01-21T19:48:21.946 INFO:teuthology.orchestra.run.smithi169.stderr:/usr/bin/ceph:
2024-01-21T19:48:21.951+0000 7fa06effd700 1 -- 172.21.15.169:0/4200090791 <== mon.0 v2:172.21.15.169:3300/0 4 ==== mgrmap(e 12) v1 ==== 36195+0+0 (secure 0 0 0) 0x7fa07000f070 con 0x7fa0800fab80
2024-01-21T19:48:21.946 INFO:teuthology.orchestra.run.smithi169.stderr:/usr/bin/ceph:
2024-01-21T19:48:21.951+0000 7fa06effd700 1 --2- 172.21.15.169:0/4200090791 >> [v2:172.21.15.169:6800/528052065,v1:172.21.15.169:6801/528052065] conn(0x7fa06802feb0 0x7fa068032370 unknown :-1 s=NONE pgs=0 cs=0 l=1 rev1=0 rx=0 tx=0).connect
2024-01-21T19:48:21.946 INFO:teuthology.orchestra.run.smithi169.stderr:/usr/bin/ceph:
2024-01-21T19:48:21.951+0000 7fa06effd700 1 -- 172.21.15.169:0/4200090791 <== mon.0 v2:172.21.15.169:3300/0 5 ==== osd_map(3..3 src has 1..3) v4 ==== 1098+0+0 (secure 0 0 0) 0x7fa0700411f0 con 0x7fa0800fab80
2024-01-21T19:48:21.946 INFO:teuthology.orchestra.run.smithi169.stderr:/usr/bin/ceph:
2024-01-21T19:48:21.951+0000 7fa088642700 1 -- 172.21.15.169:0/4200090791 --> [v2:172.21.15.169:3300/0,v1:172.21.15.169:6789/0] -- mon_command({"prefix": "get_command_descriptions"} v 0) v1 -- 0x7fa080045ad0 con 0x7fa0800fab80
2024-01-21T19:48:21.946 INFO:teuthology.orchestra.run.smithi169.stderr:/usr/bin/ceph:
2024-01-21T19:48:21.951+0000 7fa085bdd700 1 --2- 172.21.15.169:0/4200090791 >> [v2:172.21.15.169:6800/528052065,v1:172.21.15.169:6801/528052065] conn(0x7fa06802feb0 0x7fa068032370 unknown :-1 s=BANNER_CONNECTING pgs=0 cs=0 l=1 rev1=0 rx=0 tx=0)._handle_peer_banner_payload supported=1 required=0
2024-01-21T19:48:21.946 INFO:teuthology.orchestra.run.smithi169.stderr:/usr/bin/ceph:
2024-01-21T19:48:21.952+0000 7fa085bdd700 1 --2- 172.21.15.169:0/4200090791 >> [v2:172.21.15.169:6800/528052065,v1:172.21.15.169:6801/528052065] conn(0x7fa06802feb0 0x7fa068032370 secure :-1 s=READY pgs=7 cs=0 l=1 rev1=1 rx=0x7fa07c0096a0 tx=0x7fa07c006b40).ready entity=mgr.14142 client_cookie=0 server_cookie=0 in_seq=0 out_seq=0
2024-01-21T19:48:21.948 INFO:teuthology.orchestra.run.smithi169.stderr:/usr/bin/ceph:
2024-01-21T19:48:21.955+0000 7fa06effd700 1 -- 172.21.15.169:0/4200090791 <== mon.0 v2:172.21.15.169:3300/0 6 ==== mon_command_ack([{"prefix": "get_command_descriptions"}]=0 v0) v1 ==== 72+0+152212 (secure 0 0 0) 0x7fa070016080 con 0x7fa0800fab80
2024-01-21T19:48:22.125 INFO:teuthology.orchestra.run.smithi169.stderr:/usr/bin/ceph:
2024-01-21T19:48:22.132+0000 7fa088642700 1 -- 172.21.15.169:0/4200090791 --> [v2:172.21.15.169:6800/528052065,v1:172.21.15.169:6801/528052065] -- mgr_command(tid 0: {"prefix": "orch apply", "service_type": "node-exporter", "target": ["mon-mgr", ""]}) v1 -- 0x7fa08010ad10 con 0x7fa06802feb0
2024-01-21T19:48:22.129 INFO:teuthology.orchestra.run.smithi169.stderr:/usr/bin/ceph:
2024-01-21T19:48:22.135+0000 7fa06effd700 1 -- 172.21.15.169:0/4200090791 <== mgr.14142 v2:172.21.15.169:6800/528052065 1 ==== mgr_command_reply(tid 0: 0 ) v1 ==== 8+0+34 (secure 0 0 0) 0x7fa08010ad10 con 0x7fa06802feb0
2024-01-21T19:48:22.129 INFO:teuthology.orchestra.run.smithi169.stderr:/usr/bin/ceph: Scheduled node-exporter update...
2024-01-21T19:48:22.131 INFO:teuthology.orchestra.run.smithi169.stderr:/usr/bin/ceph:
2024-01-21T19:48:22.137+0000 7fa088642700 1 -- 172.21.15.169:0/4200090791 >> [v2:172.21.15.169:6800/528052065,v1:172.21.15.169:6801/528052065] conn(0x7fa06802feb0 msgr2=0x7fa068032370 secure :-1 s=STATE_CONNECTION_ESTABLISHED l=1).mark_down
2024-01-21T19:48:22.131 INFO:teuthology.orchestra.run.smithi169.stderr:/usr/bin/ceph:
2024-01-21T19:48:22.137+0000 7fa088642700 1 --2- 172.21.15.169:0/4200090791 >> [v2:172.21.15.169:6800/528052065,v1:172.21.15.169:6801/528052065] conn(0x7fa06802feb0 0x7fa068032370 secure :-1 s=READY pgs=7 cs=0 l=1 rev1=1 rx=0x7fa07c0096a0 tx=0x7fa07c006b40).stop
2024-01-21T19:48:22.132 INFO:teuthology.orchestra.run.smithi169.stderr:/usr/bin/ceph:
2024-01-21T19:48:22.137+0000 7fa088642700 1 -- 172.21.15.169:0/4200090791 >> [v2:172.21.15.169:3300/0,v1:172.21.15.169:6789/0] conn(0x7fa0800fab80 msgr2=0x7fa080109930 secure :-1 s=STATE_CONNECTION_ESTABLISHED l=1).mark_down
2024-01-21T19:48:22.132 INFO:teuthology.orchestra.run.smithi169.stderr:/usr/bin/ceph:
2024-01-21T19:48:22.137+0000 7fa088642700 1 --2- 172.21.15.169:0/4200090791 >> [v2:172.21.15.169:3300/0,v1:172.21.15.169:6789/0] conn(0x7fa0800fab80 0x7fa080109930 secure :-1 s=READY pgs=59 cs=0 l=1 rev1=1 rx=0x7fa07000e040 tx=0x7fa070006ee0).stop
2024-01-21T19:48:22.132 INFO:teuthology.orchestra.run.smithi169.stderr:/usr/bin/ceph:
2024-01-21T19:48:22.137+0000 7fa088642700 1 -- 172.21.15.169:0/4200090791 shutdown_connections
2024-01-21T19:48:22.132 INFO:teuthology.orchestra.run.smithi169.stderr:/usr/bin/ceph:
2024-01-21T19:48:22.137+0000 7fa088642700 1 --2- 172.21.15.169:0/4200090791 >> [v2:172.21.15.169:6800/528052065,v1:172.21.15.169:6801/528052065] conn(0x7fa06802feb0 0x7fa068032370 unknown :-1 s=CLOSED pgs=7 cs=0 l=1 rev1=1 rx=0 tx=0).stop
2024-01-21T19:48:22.132 INFO:teuthology.orchestra.run.smithi169.stderr:/usr/bin/ceph:
2024-01-21T19:48:22.137+0000 7fa088642700 1 --2- 172.21.15.169:0/4200090791 >> [v2:172.21.15.169:3300/0,v1:172.21.15.169:6789/0] conn(0x7fa0800fab80 0x7fa080109930 unknown :-1 s=CLOSED pgs=59 cs=0 l=1 rev1=1 rx=0 tx=0).stop
2024-01-21T19:48:22.132 INFO:teuthology.orchestra.run.smithi169.stderr:/usr/bin/ceph:
2024-01-21T19:48:22.137+0000 7fa088642700 1 -- 172.21.15.169:0/4200090791 >> 172.21.15.169:0/4200090791 conn(0x7fa0800f63c0 msgr2=0x7fa0800f7e80 unknown :-1 s=STATE_NONE l=0).mark_down
2024-01-21T19:48:22.132 INFO:teuthology.orchestra.run.smithi169.stderr:/usr/bin/ceph:
2024-01-21T19:48:22.138+0000 7fa088642700 1 -- 172.21.15.169:0/4200090791 shutdown_connections
2024-01-21T19:48:22.132 INFO:teuthology.orchestra.run.smithi169.stderr:/usr/bin/ceph:
2024-01-21T19:48:22.138+0000 7fa088642700 1 -- 172.21.15.169:0/4200090791 wait complete.
2024-01-21T19:48:22.485 INFO:teuthology.orchestra.run.smithi169.stderr:Deploying alertmanager service with default placement...
2024-01-21T19:48:22.485 INFO:teuthology.orchestra.run.smithi169.stderr:Running command: /bin/podman run --rm --ipc=host --no-hosts --net=host --entrypoint /usr/bin/ceph --init -e CONTAINER_IMAGE=docker.io/ceph/ceph:v16.2.4 -e NODE_NAME=smithi169 -e CEPH_USE_RANDOM_NONCE=1 -v /var/log/ceph/df2470f2-b895-11ee-95b0-87774f69a715:/var/log/ceph:z -v /tmp/ceph-tmpxblg0pyr:/etc/ceph/ceph.client.admin.keyring:z -v /tmp/ceph-tmp4hgafovt:/etc/ceph/ceph.conf:z docker.io/ceph/ceph:v16.2.4 orch apply alertmanager
2024-01-21T19:48:22.872 INFO:teuthology.orchestra.run.smithi169.stderr:/usr/bin/ceph:
2024-01-21T19:48:22.875+0000 7eff489b0700 1 Processor -- start
2024-01-21T19:48:22.872 INFO:teuthology.orchestra.run.smithi169.stderr:/usr/bin/ceph:
2024-01-21T19:48:22.875+0000 7eff489b0700 1 -- start start
2024-01-21T19:48:22.872 INFO:teuthology.orchestra.run.smithi169.stderr:/usr/bin/ceph:
2024-01-21T19:48:22.875+0000 7eff489b0700 1 --2- >> [v2:172.21.15.169:3300/0,v1:172.21.15.169:6789/0] conn(0x7eff440fab80 0x7eff440fafa0 unknown :-1 s=NONE pgs=0 cs=0 l=0 rev1=0 rx=0 tx=0).connect
2024-01-21T19:48:22.872 INFO:teuthology.orchestra.run.smithi169.stderr:/usr/bin/ceph:
2024-01-21T19:48:22.875+0000 7eff489b0700 1 -- --> [v2:172.21.15.169:3300/0,v1:172.21.15.169:6789/0] -- mon_getmap magic: 0 v1 -- 0x7eff440fb490 con 0x7eff440fab80
2024-01-21T19:48:22.872 INFO:teuthology.orchestra.run.smithi169.stderr:/usr/bin/ceph:
2024-01-21T19:48:22.875+0000 7eff4259c700 1 --2- >> [v2:172.21.15.169:3300/0,v1:172.21.15.169:6789/0] conn(0x7eff440fab80 0x7eff440fafa0 unknown :-1 s=BANNER_CONNECTING pgs=0 cs=0 l=0 rev1=0 rx=0 tx=0)._handle_peer_banner_payload supported=1 required=0
2024-01-21T19:48:22.872 INFO:teuthology.orchestra.run.smithi169.stderr:/usr/bin/ceph:
2024-01-21T19:48:22.875+0000 7eff4259c700 1 --2- >> [v2:172.21.15.169:3300/0,v1:172.21.15.169:6789/0] conn(0x7eff440fab80 0x7eff440fafa0 unknown :-1 s=HELLO_CONNECTING pgs=0 cs=0 l=0 rev1=1 rx=0 tx=0).handle_hello peer v2:172.21.15.169:3300/0 says I am v2:172.21.15.169:47248/0 (socket says 172.21.15.169:47248)
2024-01-21T19:48:22.872 INFO:teuthology.orchestra.run.smithi169.stderr:/usr/bin/ceph:
2024-01-21T19:48:22.875+0000 7eff4259c700 1 -- 172.21.15.169:0/242002521 learned_addr learned my addr 172.21.15.169:0/242002521 (peer_addr_for_me v2:172.21.15.169:0/0)
2024-01-21T19:48:22.872 INFO:teuthology.orchestra.run.smithi169.stderr:/usr/bin/ceph:
2024-01-21T19:48:22.876+0000 7eff4259c700 1 -- 172.21.15.169:0/242002521 --> [v2:172.21.15.169:3300/0,v1:172.21.15.169:6789/0] -- mon_subscribe({config=0+,monmap=0+}) v3 -- 0x7eff440fb5d0 con 0x7eff440fab80
2024-01-21T19:48:22.873 INFO:teuthology.orchestra.run.smithi169.stderr:/usr/bin/ceph:
2024-01-21T19:48:22.876+0000 7eff4259c700 1 --2- 172.21.15.169:0/242002521 >> [v2:172.21.15.169:3300/0,v1:172.21.15.169:6789/0] conn(0x7eff440fab80 0x7eff440fafa0 secure :-1 s=READY pgs=60 cs=0 l=1 rev1=1 rx=0x7eff3800b5f0 tx=0x7eff38006ee0).ready entity=mon.0 client_cookie=af208543439ad0d7 server_cookie=0 in_seq=0 out_seq=0
2024-01-21T19:48:22.873 INFO:teuthology.orchestra.run.smithi169.stderr:/usr/bin/ceph:
2024-01-21T19:48:22.876+0000 7eff4159a700 1 -- 172.21.15.169:0/242002521 <== mon.0 v2:172.21.15.169:3300/0 1 ==== mon_map magic: 0 v1 ==== 229+0+0 (secure 0 0 0) 0x7eff3800d600 con 0x7eff440fab80
2024-01-21T19:48:22.873 INFO:teuthology.orchestra.run.smithi169.stderr:/usr/bin/ceph:
2024-01-21T19:48:22.876+0000 7eff4159a700 1 -- 172.21.15.169:0/242002521 <== mon.0 v2:172.21.15.169:3300/0 2 ==== config(25 keys) v1 ==== 1074+0+0 (secure 0 0 0) 0x7eff3800dc10 con 0x7eff440fab80
2024-01-21T19:48:22.873 INFO:teuthology.orchestra.run.smithi169.stderr:/usr/bin/ceph:
2024-01-21T19:48:22.876+0000 7eff4159a700 1 -- 172.21.15.169:0/242002521 <== mon.0 v2:172.21.15.169:3300/0 3 ==== mon_map magic: 0 v1 ==== 229+0+0 (secure 0 0 0) 0x7eff38011cd0 con 0x7eff440fab80
2024-01-21T19:48:22.873 INFO:teuthology.orchestra.run.smithi169.stderr:/usr/bin/ceph:
2024-01-21T19:48:22.877+0000 7eff489b0700 1 -- 172.21.15.169:0/242002521 >> [v2:172.21.15.169:3300/0,v1:172.21.15.169:6789/0] conn(0x7eff440fab80 msgr2=0x7eff440fafa0 secure :-1 s=STATE_CONNECTION_ESTABLISHED l=1).mark_down
2024-01-21T19:48:22.873 INFO:teuthology.orchestra.run.smithi169.stderr:/usr/bin/ceph:
2024-01-21T19:48:22.877+0000 7eff489b0700 1 --2- 172.21.15.169:0/242002521 >> [v2:172.21.15.169:3300/0,v1:172.21.15.169:6789/0] conn(0x7eff440fab80 0x7eff440fafa0 secure :-1 s=READY pgs=60 cs=0 l=1 rev1=1 rx=0x7eff3800b5f0 tx=0x7eff38006ee0).stop
2024-01-21T19:48:22.873 INFO:teuthology.orchestra.run.smithi169.stderr:/usr/bin/ceph:
2024-01-21T19:48:22.877+0000 7eff489b0700 1 -- 172.21.15.169:0/242002521 shutdown_connections
2024-01-21T19:48:22.873 INFO:teuthology.orchestra.run.smithi169.stderr:/usr/bin/ceph:
2024-01-21T19:48:22.877+0000 7eff489b0700 1 --2- 172.21.15.169:0/242002521 >> [v2:172.21.15.169:3300/0,v1:172.21.15.169:6789/0] conn(0x7eff440fab80 0x7eff440fafa0 unknown :-1 s=CLOSED pgs=60 cs=0 l=1 rev1=1 rx=0 tx=0).stop
2024-01-21T19:48:22.873 INFO:teuthology.orchestra.run.smithi169.stderr:/usr/bin/ceph:
2024-01-21T19:48:22.877+0000 7eff489b0700 1 -- 172.21.15.169:0/242002521 >> 172.21.15.169:0/242002521 conn(0x7eff440f63c0 msgr2=0x7eff440f87e0 unknown :-1 s=STATE_NONE l=0).mark_down
2024-01-21T19:48:22.873 INFO:teuthology.orchestra.run.smithi169.stderr:/usr/bin/ceph:
2024-01-21T19:48:22.877+0000 7eff489b0700 1 -- 172.21.15.169:0/242002521 shutdown_connections
2024-01-21T19:48:22.873 INFO:teuthology.orchestra.run.smithi169.stderr:/usr/bin/ceph:
2024-01-21T19:48:22.877+0000 7eff489b0700 1 -- 172.21.15.169:0/242002521 wait complete.
2024-01-21T19:48:22.873 INFO:teuthology.orchestra.run.smithi169.stderr:/usr/bin/ceph:
2024-01-21T19:48:22.877+0000 7eff489b0700 1 Processor -- start
2024-01-21T19:48:22.873 INFO:teuthology.orchestra.run.smithi169.stderr:/usr/bin/ceph:
2024-01-21T19:48:22.877+0000 7eff489b0700 1 -- start start
2024-01-21T19:48:22.873 INFO:teuthology.orchestra.run.smithi169.stderr:/usr/bin/ceph:
2024-01-21T19:48:22.877+0000 7eff489b0700 1 --2- >> [v2:172.21.15.169:3300/0,v1:172.21.15.169:6789/0] conn(0x7eff440fab80 0x7eff4410cd40 unknown :-1 s=NONE pgs=0 cs=0 l=1 rev1=0 rx=0 tx=0).connect
2024-01-21T19:48:22.873 INFO:teuthology.orchestra.run.smithi169.stderr:/usr/bin/ceph:
2024-01-21T19:48:22.877+0000 7eff489b0700 1 -- --> [v2:172.21.15.169:3300/0,v1:172.21.15.169:6789/0] -- mon_getmap magic: 0 v1 -- 0x7eff4410d230 con 0x7eff440fab80
2024-01-21T19:48:22.873 INFO:teuthology.orchestra.run.smithi169.stderr:/usr/bin/ceph:
2024-01-21T19:48:22.877+0000 7eff4259c700 1 --2- >> [v2:172.21.15.169:3300/0,v1:172.21.15.169:6789/0] conn(0x7eff440fab80 0x7eff4410cd40 unknown :-1 s=BANNER_CONNECTING pgs=0 cs=0 l=1 rev1=0 rx=0 tx=0)._handle_peer_banner_payload supported=1 required=0
2024-01-21T19:48:22.874 INFO:teuthology.orchestra.run.smithi169.stderr:/usr/bin/ceph:
2024-01-21T19:48:22.878+0000 7eff4259c700 1 --2- >> [v2:172.21.15.169:3300/0,v1:172.21.15.169:6789/0] conn(0x7eff440fab80 0x7eff4410cd40 unknown :-1 s=HELLO_CONNECTING pgs=0 cs=0 l=1 rev1=1 rx=0 tx=0).handle_hello peer v2:172.21.15.169:3300/0 says I am v2:172.21.15.169:47250/0 (socket says 172.21.15.169:47250)
2024-01-21T19:48:22.874 INFO:teuthology.orchestra.run.smithi169.stderr:/usr/bin/ceph:
2024-01-21T19:48:22.878+0000 7eff4259c700 1 -- 172.21.15.169:0/3356469783 learned_addr learned my addr 172.21.15.169:0/3356469783 (peer_addr_for_me v2:172.21.15.169:0/0)
2024-01-21T19:48:22.874 INFO:teuthology.orchestra.run.smithi169.stderr:/usr/bin/ceph:
2024-01-21T19:48:22.878+0000 7eff4259c700 1 -- 172.21.15.169:0/3356469783 --> [v2:172.21.15.169:3300/0,v1:172.21.15.169:6789/0] -- mon_subscribe({config=0+,monmap=0+}) v3 -- 0x7eff3800b200 con 0x7eff440fab80
2024-01-21T19:48:22.874 INFO:teuthology.orchestra.run.smithi169.stderr:/usr/bin/ceph:
2024-01-21T19:48:22.878+0000 7eff4259c700 1 --2- 172.21.15.169:0/3356469783 >> [v2:172.21.15.169:3300/0,v1:172.21.15.169:6789/0] conn(0x7eff440fab80 0x7eff4410cd40 secure :-1 s=READY pgs=61 cs=0 l=1 rev1=1 rx=0x7eff3800dfb0 tx=0x7eff38006ee0).ready entity=mon.0 client_cookie=0 server_cookie=0 in_seq=0 out_seq=0
2024-01-21T19:48:22.874 INFO:teuthology.orchestra.run.smithi169.stderr:/usr/bin/ceph:
2024-01-21T19:48:22.878+0000 7eff32ffd700 1 -- 172.21.15.169:0/3356469783 <== mon.0 v2:172.21.15.169:3300/0 1 ==== mon_map magic: 0 v1 ==== 229+0+0 (secure 0 0 0) 0x7eff38011df0 con 0x7eff440fab80
2024-01-21T19:48:22.874 INFO:teuthology.orchestra.run.smithi169.stderr:/usr/bin/ceph:
2024-01-21T19:48:22.878+0000 7eff489b0700 1 -- 172.21.15.169:0/3356469783 --> [v2:172.21.15.169:3300/0,v1:172.21.15.169:6789/0] -- mon_subscribe({mgrmap=0+}) v3 -- 0x7eff4410d430 con 0x7eff440fab80
2024-01-21T19:48:22.874 INFO:teuthology.orchestra.run.smithi169.stderr:/usr/bin/ceph:
2024-01-21T19:48:22.878+0000 7eff32ffd700 1 -- 172.21.15.169:0/3356469783 <== mon.0 v2:172.21.15.169:3300/0 2 ==== config(25 keys) v1 ==== 1074+0+0 (secure 0 0 0) 0x7eff3801b8c0 con 0x7eff440fab80
2024-01-21T19:48:22.874 INFO:teuthology.orchestra.run.smithi169.stderr:/usr/bin/ceph:
2024-01-21T19:48:22.878+0000 7eff32ffd700 1 -- 172.21.15.169:0/3356469783 <== mon.0 v2:172.21.15.169:3300/0 3 ==== mon_map magic: 0 v1 ==== 229+0+0 (secure 0 0 0) 0x7eff3801a8c0 con 0x7eff440fab80
2024-01-21T19:48:22.874 INFO:teuthology.orchestra.run.smithi169.stderr:/usr/bin/ceph:
2024-01-21T19:48:22.878+0000 7eff489b0700 1 -- 172.21.15.169:0/3356469783 --> [v2:172.21.15.169:3300/0,v1:172.21.15.169:6789/0] -- mon_subscribe({osdmap=0}) v3 -- 0x7eff4410d840 con 0x7eff440fab80
2024-01-21T19:48:22.874 INFO:teuthology.orchestra.run.smithi169.stderr:/usr/bin/ceph:
2024-01-21T19:48:22.879+0000 7eff32ffd700 1 -- 172.21.15.169:0/3356469783 <== mon.0 v2:172.21.15.169:3300/0 4 ==== mgrmap(e 12) v1 ==== 36195+0+0 (secure 0 0 0) 0x7eff3800f070 con 0x7eff440fab80
2024-01-21T19:48:22.875 INFO:teuthology.orchestra.run.smithi169.stderr:/usr/bin/ceph:
2024-01-21T19:48:22.879+0000 7eff32ffd700 1 --2- 172.21.15.169:0/3356469783 >> [v2:172.21.15.169:6800/528052065,v1:172.21.15.169:6801/528052065] conn(0x7eff2802fe60 0x7eff28032320 unknown :-1 s=NONE pgs=0 cs=0 l=1 rev1=0 rx=0 tx=0).connect
2024-01-21T19:48:22.875 INFO:teuthology.orchestra.run.smithi169.stderr:/usr/bin/ceph:
2024-01-21T19:48:22.879+0000 7eff32ffd700 1 -- 172.21.15.169:0/3356469783 <== mon.0 v2:172.21.15.169:3300/0 5 ==== osd_map(3..3 src has 1..3) v4 ==== 1098+0+0 (secure 0 0 0) 0x7eff38041180 con 0x7eff440fab80
2024-01-21T19:48:22.875 INFO:teuthology.orchestra.run.smithi169.stderr:/usr/bin/ceph:
2024-01-21T19:48:22.879+0000 7eff489b0700 1 -- 172.21.15.169:0/3356469783 --> [v2:172.21.15.169:3300/0,v1:172.21.15.169:6789/0] -- mon_command({"prefix": "get_command_descriptions"} v 0) v1 -- 0x7eff44045ad0 con 0x7eff440fab80
2024-01-21T19:48:22.875 INFO:teuthology.orchestra.run.smithi169.stderr:/usr/bin/ceph:
2024-01-21T19:48:22.879+0000 7eff41d9b700 1 --2- 172.21.15.169:0/3356469783 >> [v2:172.21.15.169:6800/528052065,v1:172.21.15.169:6801/528052065] conn(0x7eff2802fe60 0x7eff28032320 unknown :-1 s=BANNER_CONNECTING pgs=0 cs=0 l=1 rev1=0 rx=0 tx=0)._handle_peer_banner_payload supported=1 required=0
2024-01-21T19:48:22.875 INFO:teuthology.orchestra.run.smithi169.stderr:/usr/bin/ceph:
2024-01-21T19:48:22.880+0000 7eff41d9b700 1 --2- 172.21.15.169:0/3356469783 >> [v2:172.21.15.169:6800/528052065,v1:172.21.15.169:6801/528052065] conn(0x7eff2802fe60 0x7eff28032320 secure :-1 s=READY pgs=8 cs=0 l=1 rev1=1 rx=0x7eff340096a0 tx=0x7eff34006b40).ready entity=mgr.14142 client_cookie=0 server_cookie=0 in_seq=0 out_seq=0
2024-01-21T19:48:22.877 INFO:teuthology.orchestra.run.smithi169.stderr:/usr/bin/ceph:
2024-01-21T19:48:22.884+0000 7eff32ffd700 1 -- 172.21.15.169:0/3356469783 <== mon.0 v2:172.21.15.169:3300/0 6 ==== mon_command_ack([{"prefix": "get_command_descriptions"}]=0 v0) v1 ==== 72+0+152212 (secure 0 0 0) 0x7eff38016070 con 0x7eff440fab80
2024-01-21T19:48:23.054 INFO:teuthology.orchestra.run.smithi169.stderr:/usr/bin/ceph:
2024-01-21T19:48:23.061+0000 7eff489b0700 1 -- 172.21.15.169:0/3356469783 --> [v2:172.21.15.169:6800/528052065,v1:172.21.15.169:6801/528052065] -- mgr_command(tid 0: {"prefix": "orch apply", "service_type": "alertmanager", "target": ["mon-mgr", ""]}) v1 -- 0x7eff4410ed70 con 0x7eff2802fe60
2024-01-21T19:48:23.061 INFO:teuthology.orchestra.run.smithi169.stderr:/usr/bin/ceph:
2024-01-21T19:48:23.067+0000 7eff32ffd700 1 -- 172.21.15.169:0/3356469783 <== mgr.14142 v2:172.21.15.169:6800/528052065 1 ==== mgr_command_reply(tid 0: 0 ) v1 ==== 8+0+33 (secure 0 0 0) 0x7eff4410ed70 con 0x7eff2802fe60
2024-01-21T19:48:23.061 INFO:teuthology.orchestra.run.smithi169.stderr:/usr/bin/ceph: Scheduled alertmanager update...
2024-01-21T19:48:23.063 INFO:teuthology.orchestra.run.smithi169.stderr:/usr/bin/ceph:
2024-01-21T19:48:23.069+0000 7eff489b0700 1 -- 172.21.15.169:0/3356469783 >> [v2:172.21.15.169:6800/528052065,v1:172.21.15.169:6801/528052065] conn(0x7eff2802fe60 msgr2=0x7eff28032320 secure :-1 s=STATE_CONNECTION_ESTABLISHED l=1).mark_down
2024-01-21T19:48:23.063 INFO:teuthology.orchestra.run.smithi169.stderr:/usr/bin/ceph:
2024-01-21T19:48:23.069+0000 7eff489b0700 1 --2- 172.21.15.169:0/3356469783 >> [v2:172.21.15.169:6800/528052065,v1:172.21.15.169:6801/528052065] conn(0x7eff2802fe60 0x7eff28032320 secure :-1 s=READY pgs=8 cs=0 l=1 rev1=1 rx=0x7eff340096a0 tx=0x7eff34006b40).stop
2024-01-21T19:48:23.063 INFO:teuthology.orchestra.run.smithi169.stderr:/usr/bin/ceph:
2024-01-21T19:48:23.069+0000 7eff489b0700 1 -- 172.21.15.169:0/3356469783 >> [v2:172.21.15.169:3300/0,v1:172.21.15.169:6789/0] conn(0x7eff440fab80 msgr2=0x7eff4410cd40 secure :-1 s=STATE_CONNECTION_ESTABLISHED l=1).mark_down
2024-01-21T19:48:23.063 INFO:teuthology.orchestra.run.smithi169.stderr:/usr/bin/ceph:
2024-01-21T19:48:23.069+0000 7eff489b0700 1 --2- 172.21.15.169:0/3356469783 >> [v2:172.21.15.169:3300/0,v1:172.21.15.169:6789/0] conn(0x7eff440fab80 0x7eff4410cd40 secure :-1 s=READY pgs=61 cs=0 l=1 rev1=1 rx=0x7eff3800dfb0 tx=0x7eff38006ee0).stop
2024-01-21T19:48:23.063 INFO:teuthology.orchestra.run.smithi169.stderr:/usr/bin/ceph:
2024-01-21T19:48:23.069+0000 7eff489b0700 1 -- 172.21.15.169:0/3356469783 shutdown_connections
2024-01-21T19:48:23.064 INFO:teuthology.orchestra.run.smithi169.stderr:/usr/bin/ceph:
2024-01-21T19:48:23.069+0000 7eff489b0700 1 --2- 172.21.15.169:0/3356469783 >> [v2:172.21.15.169:6800/528052065,v1:172.21.15.169:6801/528052065] conn(0x7eff2802fe60 0x7eff28032320 unknown :-1 s=CLOSED pgs=8 cs=0 l=1 rev1=1 rx=0 tx=0).stop
2024-01-21T19:48:23.064 INFO:teuthology.orchestra.run.smithi169.stderr:/usr/bin/ceph:
2024-01-21T19:48:23.069+0000 7eff489b0700 1 --2- 172.21.15.169:0/3356469783 >> [v2:172.21.15.169:3300/0,v1:172.21.15.169:6789/0] conn(0x7eff440fab80 0x7eff4410cd40 unknown :-1 s=CLOSED pgs=61 cs=0 l=1 rev1=1 rx=0 tx=0).stop
2024-01-21T19:48:23.064 INFO:teuthology.orchestra.run.smithi169.stderr:/usr/bin/ceph:
2024-01-21T19:48:23.069+0000 7eff489b0700 1 -- 172.21.15.169:0/3356469783 >> 172.21.15.169:0/3356469783 conn(0x7eff440f63c0 msgr2=0x7eff44070010 unknown :-1 s=STATE_NONE l=0).mark_down
2024-01-21T19:48:23.064 INFO:teuthology.orchestra.run.smithi169.stderr:/usr/bin/ceph:
2024-01-21T19:48:23.069+0000 7eff489b0700 1 -- 172.21.15.169:0/3356469783 shutdown_connections
2024-01-21T19:48:23.064 INFO:teuthology.orchestra.run.smithi169.stderr:/usr/bin/ceph:
2024-01-21T19:48:23.069+0000 7eff489b0700 1 -- 172.21.15.169:0/3356469783 wait complete.
2024-01-21T19:48:23.081 INFO:journalctl@ceph.mon.smithi169.smithi169.stdout:Jan 21 19:48:22 smithi169 ceph-df2470f2-b895-11ee-95b0-87774f69a715-mon.smithi169[38820]: audit
2024-01-21T19:48:21.224034+0000 mgr.smithi169.espgue (mgr.14142) 3 : audit [DBG] from='client.14150 -' entity='client.admin' cmd=[{"prefix": "orch apply", "service_type": "grafana", "target": ["mon-mgr", ""]}]: dispatch
2024-01-21T19:48:23.081 INFO:journalctl@ceph.mon.smithi169.smithi169.stdout:Jan 21 19:48:22 smithi169 ceph-df2470f2-b895-11ee-95b0-87774f69a715-mon.smithi169[38820]: cephadm
2024-01-21T19:48:21.224525+0000 mgr.smithi169.espgue (mgr.14142) 4 : cephadm [INF] Saving service grafana spec with placement count:1
2024-01-21T19:48:23.081 INFO:journalctl@ceph.mon.smithi169.smithi169.stdout:Jan 21 19:48:22 smithi169 ceph-df2470f2-b895-11ee-95b0-87774f69a715-mon.smithi169[38820]: audit
2024-01-21T19:48:22.136589+0000 mon.smithi169 (mon.0) 84 : audit [INF] from='mgr.14142 172.21.15.169:0/778638721' entity='mgr.smithi169.espgue'
2024-01-21T19:48:23.434 INFO:teuthology.orchestra.run.smithi169.stderr:Running command: /bin/podman run --rm --ipc=host --no-hosts --net=host --entrypoint /usr/bin/ceph --init -e CONTAINER_IMAGE=docker.io/ceph/ceph:v16.2.4 -e NODE_NAME=smithi169 -e CEPH_USE_RANDOM_NONCE=1 -v /var/log/ceph/df2470f2-b895-11ee-95b0-87774f69a715:/var/log/ceph:z -v /tmp/ceph-tmpxblg0pyr:/etc/ceph/ceph.client.admin.keyring:z -v /tmp/ceph-tmp4hgafovt:/etc/ceph/ceph.conf:z docker.io/ceph/ceph:v16.2.4 config set mgr mgr/cephadm/container_init True --force
2024-01-21T19:48:23.791 INFO:teuthology.orchestra.run.smithi169.stderr:/usr/bin/ceph:
2024-01-21T19:48:23.795+0000 7f079f59e700 1 Processor -- start
2024-01-21T19:48:23.791 INFO:teuthology.orchestra.run.smithi169.stderr:/usr/bin/ceph:
2024-01-21T19:48:23.795+0000 7f079f59e700 1 -- start start
2024-01-21T19:48:23.791 INFO:teuthology.orchestra.run.smithi169.stderr:/usr/bin/ceph:
2024-01-21T19:48:23.796+0000 7f079f59e700 1 --2- >> [v2:172.21.15.169:3300/0,v1:172.21.15.169:6789/0] conn(0x7f07a0070430 0x7f07a00fe730 unknown :-1 s=NONE pgs=0 cs=0 l=0 rev1=0 rx=0 tx=0).connect
2024-01-21T19:48:23.792 INFO:teuthology.orchestra.run.smithi169.stderr:/usr/bin/ceph:
2024-01-21T19:48:23.796+0000 7f079f59e700 1 -- --> [v2:172.21.15.169:3300/0,v1:172.21.15.169:6789/0] -- mon_getmap magic: 0 v1 -- 0x7f07a00fec20 con 0x7f07a0070430
2024-01-21T19:48:23.792 INFO:teuthology.orchestra.run.smithi169.stderr:/usr/bin/ceph:
2024-01-21T19:48:23.796+0000 7f079e59c700 1 --2- >> [v2:172.21.15.169:3300/0,v1:172.21.15.169:6789/0] conn(0x7f07a0070430 0x7f07a00fe730 unknown :-1 s=BANNER_CONNECTING pgs=0 cs=0 l=0 rev1=0 rx=0 tx=0)._handle_peer_banner_payload supported=1 required=0
2024-01-21T19:48:23.792 INFO:teuthology.orchestra.run.smithi169.stderr:/usr/bin/ceph:
2024-01-21T19:48:23.796+0000 7f079e59c700 1 --2- >> [v2:172.21.15.169:3300/0,v1:172.21.15.169:6789/0] conn(0x7f07a0070430 0x7f07a00fe730 unknown :-1 s=HELLO_CONNECTING pgs=0 cs=0 l=0 rev1=1 rx=0 tx=0).handle_hello peer v2:172.21.15.169:3300/0 says I am v2:172.21.15.169:47266/0 (socket says 172.21.15.169:47266)
2024-01-21T19:48:23.792 INFO:teuthology.orchestra.run.smithi169.stderr:/usr/bin/ceph:
2024-01-21T19:48:23.796+0000 7f079e59c700 1 -- 172.21.15.169:0/106291370 learned_addr learned my addr 172.21.15.169:0/106291370 (peer_addr_for_me v2:172.21.15.169:0/0)
2024-01-21T19:48:23.792 INFO:teuthology.orchestra.run.smithi169.stderr:/usr/bin/ceph:
2024-01-21T19:48:23.796+0000 7f079e59c700 1 -- 172.21.15.169:0/106291370 --> [v2:172.21.15.169:3300/0,v1:172.21.15.169:6789/0] -- mon_subscribe({config=0+,monmap=0+}) v3 -- 0x7f07a00fed60 con 0x7f07a0070430
2024-01-21T19:48:23.792 INFO:teuthology.orchestra.run.smithi169.stderr:/usr/bin/ceph:
2024-01-21T19:48:23.796+0000 7f079e59c700 1 --2- 172.21.15.169:0/106291370 >> [v2:172.21.15.169:3300/0,v1:172.21.15.169:6789/0] conn(0x7f07a0070430 0x7f07a00fe730 secure :-1 s=READY pgs=62 cs=0 l=1 rev1=1 rx=0x7f079000b5f0 tx=0x7f0790006ee0).ready entity=mon.0 client_cookie=d24ec1fa980aaa1f server_cookie=0 in_seq=0 out_seq=0
2024-01-21T19:48:23.792 INFO:teuthology.orchestra.run.smithi169.stderr:/usr/bin/ceph:
2024-01-21T19:48:23.796+0000 7f079d59a700 1 -- 172.21.15.169:0/106291370 <== mon.0 v2:172.21.15.169:3300/0 1 ==== mon_map magic: 0 v1 ==== 229+0+0 (secure 0 0 0) 0x7f079000d600 con 0x7f07a0070430
2024-01-21T19:48:23.792 INFO:teuthology.orchestra.run.smithi169.stderr:/usr/bin/ceph:
2024-01-21T19:48:23.796+0000 7f079d59a700 1 -- 172.21.15.169:0/106291370 <== mon.0 v2:172.21.15.169:3300/0 2 ==== config(25 keys) v1 ==== 1074+0+0 (secure 0 0 0) 0x7f079000dc10 con 0x7f07a0070430
2024-01-21T19:48:23.792 INFO:teuthology.orchestra.run.smithi169.stderr:/usr/bin/ceph:
2024-01-21T19:48:23.796+0000 7f079d59a700 1 -- 172.21.15.169:0/106291370 <== mon.0 v2:172.21.15.169:3300/0 3 ==== mon_map magic: 0 v1 ==== 229+0+0 (secure 0 0 0) 0x7f0790011cd0 con 0x7f07a0070430
2024-01-21T19:48:23.792 INFO:teuthology.orchestra.run.smithi169.stderr:/usr/bin/ceph:
2024-01-21T19:48:23.797+0000 7f079f59e700 1 -- 172.21.15.169:0/106291370 >> [v2:172.21.15.169:3300/0,v1:172.21.15.169:6789/0] conn(0x7f07a0070430 msgr2=0x7f07a00fe730 secure :-1 s=STATE_CONNECTION_ESTABLISHED l=1).mark_down
2024-01-21T19:48:23.792 INFO:teuthology.orchestra.run.smithi169.stderr:/usr/bin/ceph:
2024-01-21T19:48:23.797+0000 7f079f59e700 1 --2- 172.21.15.169:0/106291370 >> [v2:172.21.15.169:3300/0,v1:172.21.15.169:6789/0] conn(0x7f07a0070430 0x7f07a00fe730 secure :-1 s=READY pgs=62 cs=0 l=1 rev1=1 rx=0x7f079000b5f0 tx=0x7f0790006ee0).stop
2024-01-21T19:48:23.792 INFO:teuthology.orchestra.run.smithi169.stderr:/usr/bin/ceph:
2024-01-21T19:48:23.797+0000 7f079f59e700 1 -- 172.21.15.169:0/106291370 shutdown_connections
2024-01-21T19:48:23.792 INFO:teuthology.orchestra.run.smithi169.stderr:/usr/bin/ceph:
2024-01-21T19:48:23.797+0000 7f079f59e700 1 --2- 172.21.15.169:0/106291370 >> [v2:172.21.15.169:3300/0,v1:172.21.15.169:6789/0] conn(0x7f07a0070430 0x7f07a00fe730 unknown :-1 s=CLOSED pgs=62 cs=0 l=1 rev1=1 rx=0 tx=0).stop
2024-01-21T19:48:23.792 INFO:teuthology.orchestra.run.smithi169.stderr:/usr/bin/ceph:
2024-01-21T19:48:23.797+0000 7f079f59e700 1 -- 172.21.15.169:0/106291370 >> 172.21.15.169:0/106291370 conn(0x7f07a00f6210 msgr2=0x7f07a00f8630 unknown :-1 s=STATE_NONE l=0).mark_down
2024-01-21T19:48:23.793 INFO:teuthology.orchestra.run.smithi169.stderr:/usr/bin/ceph:
2024-01-21T19:48:23.797+0000 7f079f59e700 1 -- 172.21.15.169:0/106291370 shutdown_connections
2024-01-21T19:48:23.793 INFO:teuthology.orchestra.run.smithi169.stderr:/usr/bin/ceph:
2024-01-21T19:48:23.797+0000 7f079f59e700 1 -- 172.21.15.169:0/106291370 wait complete.
2024-01-21T19:48:23.793 INFO:teuthology.orchestra.run.smithi169.stderr:/usr/bin/ceph:
2024-01-21T19:48:23.797+0000 7f079f59e700 1 Processor -- start
2024-01-21T19:48:23.793 INFO:teuthology.orchestra.run.smithi169.stderr:/usr/bin/ceph:
2024-01-21T19:48:23.798+0000 7f079f59e700 1 -- start start
2024-01-21T19:48:23.793 INFO:teuthology.orchestra.run.smithi169.stderr:/usr/bin/ceph:
2024-01-21T19:48:23.798+0000 7f079f59e700 1 --2- >> [v2:172.21.15.169:3300/0,v1:172.21.15.169:6789/0] conn(0x7f07a0070430 0x7f07a010a890 unknown :-1 s=NONE pgs=0 cs=0 l=1 rev1=0 rx=0 tx=0).connect
2024-01-21T19:48:23.793 INFO:teuthology.orchestra.run.smithi169.stderr:/usr/bin/ceph:
2024-01-21T19:48:23.798+0000 7f079f59e700 1 -- --> [v2:172.21.15.169:3300/0,v1:172.21.15.169:6789/0] -- mon_getmap magic: 0 v1 -- 0x7f07a010ad80 con 0x7f07a0070430
2024-01-21T19:48:23.793 INFO:teuthology.orchestra.run.smithi169.stderr:/usr/bin/ceph:
2024-01-21T19:48:23.798+0000 7f079e59c700 1 --2- >> [v2:172.21.15.169:3300/0,v1:172.21.15.169:6789/0] conn(0x7f07a0070430 0x7f07a010a890 unknown :-1 s=BANNER_CONNECTING pgs=0 cs=0 l=1 rev1=0 rx=0 tx=0)._handle_peer_banner_payload supported=1 required=0
2024-01-21T19:48:23.793 INFO:teuthology.orchestra.run.smithi169.stderr:/usr/bin/ceph:
2024-01-21T19:48:23.798+0000 7f079e59c700 1 --2- >> [v2:172.21.15.169:3300/0,v1:172.21.15.169:6789/0] conn(0x7f07a0070430 0x7f07a010a890 unknown :-1 s=HELLO_CONNECTING pgs=0 cs=0 l=1 rev1=1 rx=0 tx=0).handle_hello peer v2:172.21.15.169:3300/0 says I am v2:172.21.15.169:47282/0 (socket says 172.21.15.169:47282)
2024-01-21T19:48:23.793 INFO:teuthology.orchestra.run.smithi169.stderr:/usr/bin/ceph:
2024-01-21T19:48:23.798+0000 7f079e59c700 1 -- 172.21.15.169:0/2404743967 learned_addr learned my addr 172.21.15.169:0/2404743967 (peer_addr_for_me v2:172.21.15.169:0/0)
2024-01-21T19:48:23.794 INFO:teuthology.orchestra.run.smithi169.stderr:/usr/bin/ceph:
2024-01-21T19:48:23.798+0000 7f079e59c700 1 -- 172.21.15.169:0/2404743967 --> [v2:172.21.15.169:3300/0,v1:172.21.15.169:6789/0] -- mon_subscribe({config=0+,monmap=0+}) v3 -- 0x7f079000b200 con 0x7f07a0070430
2024-01-21T19:48:23.794 INFO:teuthology.orchestra.run.smithi169.stderr:/usr/bin/ceph:
2024-01-21T19:48:23.798+0000 7f079e59c700 1 --2- 172.21.15.169:0/2404743967 >> [v2:172.21.15.169:3300/0,v1:172.21.15.169:6789/0] conn(0x7f07a0070430 0x7f07a010a890 secure :-1 s=READY pgs=63 cs=0 l=1 rev1=1 rx=0x7f0790006a40 tx=0x7f0790006ee0).ready entity=mon.0 client_cookie=0 server_cookie=0 in_seq=0 out_seq=0
2024-01-21T19:48:23.794 INFO:teuthology.orchestra.run.smithi169.stderr:/usr/bin/ceph:
2024-01-21T19:48:23.798+0000 7f0796ffd700 1 -- 172.21.15.169:0/2404743967 <== mon.0 v2:172.21.15.169:3300/0 1 ==== mon_map magic: 0 v1 ==== 229+0+0 (secure 0 0 0) 0x7f0790011c90 con 0x7f07a0070430
2024-01-21T19:48:23.794 INFO:teuthology.orchestra.run.smithi169.stderr:/usr/bin/ceph:
2024-01-21T19:48:23.798+0000 7f0796ffd700 1 -- 172.21.15.169:0/2404743967 <== mon.0 v2:172.21.15.169:3300/0 2 ==== config(25 keys) v1 ==== 1074+0+0 (secure 0 0 0) 0x7f079001b8c0 con 0x7f07a0070430
2024-01-21T19:48:23.794 INFO:teuthology.orchestra.run.smithi169.stderr:/usr/bin/ceph:
2024-01-21T19:48:23.798+0000 7f079f59e700 1 -- 172.21.15.169:0/2404743967 --> [v2:172.21.15.169:3300/0,v1:172.21.15.169:6789/0] -- mon_subscribe({mgrmap=0+}) v3 -- 0x7f07a010af80 con 0x7f07a0070430
2024-01-21T19:48:23.794 INFO:teuthology.orchestra.run.smithi169.stderr:/usr/bin/ceph:
2024-01-21T19:48:23.798+0000 7f0796ffd700 1 -- 172.21.15.169:0/2404743967 <== mon.0 v2:172.21.15.169:3300/0 3 ==== mon_map magic: 0 v1 ==== 229+0+0 (secure 0 0 0) 0x7f079001a8c0 con 0x7f07a0070430
2024-01-21T19:48:23.795 INFO:teuthology.orchestra.run.smithi169.stderr:/usr/bin/ceph:
2024-01-21T19:48:23.798+0000 7f079f59e700 1 -- 172.21.15.169:0/2404743967 --> [v2:172.21.15.169:3300/0,v1:172.21.15.169:6789/0] -- mon_subscribe({osdmap=0}) v3 -- 0x7f07a010b390 con 0x7f07a0070430
2024-01-21T19:48:23.795 INFO:teuthology.orchestra.run.smithi169.stderr:/usr/bin/ceph:
2024-01-21T19:48:23.799+0000 7f0796ffd700 1 -- 172.21.15.169:0/2404743967 <== mon.0 v2:172.21.15.169:3300/0 4 ==== mgrmap(e 12) v1 ==== 36195+0+0 (secure 0 0 0) 0x7f079000f070 con 0x7f07a0070430
2024-01-21T19:48:23.795 INFO:teuthology.orchestra.run.smithi169.stderr:/usr/bin/ceph:
2024-01-21T19:48:23.799+0000 7f0796ffd700 1 --2- 172.21.15.169:0/2404743967 >> [v2:172.21.15.169:6800/528052065,v1:172.21.15.169:6801/528052065] conn(0x7f078002fe60 0x7f0780032320 unknown :-1 s=NONE pgs=0 cs=0 l=1 rev1=0 rx=0 tx=0).connect
2024-01-21T19:48:23.795 INFO:teuthology.orchestra.run.smithi169.stderr:/usr/bin/ceph:
2024-01-21T19:48:23.799+0000 7f0796ffd700 1 -- 172.21.15.169:0/2404743967 <== mon.0 v2:172.21.15.169:3300/0 5 ==== osd_map(3..3 src has 1..3) v4 ==== 1098+0+0 (secure 0 0 0) 0x7f0790040a00 con 0x7f07a0070430
2024-01-21T19:48:23.795 INFO:teuthology.orchestra.run.smithi169.stderr:/usr/bin/ceph:
2024-01-21T19:48:23.799+0000 7f079f59e700 1 -- 172.21.15.169:0/2404743967 --> [v2:172.21.15.169:3300/0,v1:172.21.15.169:6789/0] -- mon_command({"prefix": "get_command_descriptions"} v 0) v1 -- 0x7f07a0045ad0 con 0x7f07a0070430
2024-01-21T19:48:23.795 INFO:teuthology.orchestra.run.smithi169.stderr:/usr/bin/ceph:
2024-01-21T19:48:23.799+0000 7f079dd9b700 1 --2- 172.21.15.169:0/2404743967 >> [v2:172.21.15.169:6800/528052065,v1:172.21.15.169:6801/528052065] conn(0x7f078002fe60 0x7f0780032320 unknown :-1 s=BANNER_CONNECTING pgs=0 cs=0 l=1 rev1=0 rx=0 tx=0)._handle_peer_banner_payload supported=1 required=0
2024-01-21T19:48:23.795 INFO:teuthology.orchestra.run.smithi169.stderr:/usr/bin/ceph:
2024-01-21T19:48:23.800+0000 7f079dd9b700 1 --2- 172.21.15.169:0/2404743967 >> [v2:172.21.15.169:6800/528052065,v1:172.21.15.169:6801/528052065] conn(0x7f078002fe60 0x7f0780032320 secure :-1 s=READY pgs=9 cs=0 l=1 rev1=1 rx=0x7f07880096a0 tx=0x7f0788006b40).ready entity=mgr.14142 client_cookie=0 server_cookie=0 in_seq=0 out_seq=0
2024-01-21T19:48:23.796 INFO:teuthology.orchestra.run.smithi169.stderr:/usr/bin/ceph:
2024-01-21T19:48:23.803+0000 7f0796ffd700 1 -- 172.21.15.169:0/2404743967 <== mon.0 v2:172.21.15.169:3300/0 6 ==== mon_command_ack([{"prefix": "get_command_descriptions"}]=0 v0) v1 ==== 72+0+152212 (secure 0 0 0) 0x7f0790010930 con 0x7f07a0070430
2024-01-21T19:48:23.946 INFO:teuthology.orchestra.run.smithi169.stderr:/usr/bin/ceph:
2024-01-21T19:48:23.953+0000 7f079f59e700 1 -- 172.21.15.169:0/2404743967 --> [v2:172.21.15.169:3300/0,v1:172.21.15.169:6789/0] -- mon_command([{prefix=config set, name=mgr/cephadm/container_init}] v 0) v1 -- 0x7f07a00ffa50 con 0x7f07a0070430
2024-01-21T19:48:23.948 INFO:teuthology.orchestra.run.smithi169.stderr:/usr/bin/ceph:
2024-01-21T19:48:23.955+0000 7f0796ffd700 1 -- 172.21.15.169:0/2404743967 <== mon.0 v2:172.21.15.169:3300/0 7 ==== mon_command_ack([{prefix=config set, name=mgr/cephadm/container_init}]=0 v9)=0 v9) v1 ==== 142+0+0 (secure 0 0 0) 0x7f079002f0d0 con 0x7f07a0070430
2024-01-21T19:48:23.952 INFO:teuthology.orchestra.run.smithi169.stderr:/usr/bin/ceph:
2024-01-21T19:48:23.957+0000 7f079f59e700 1 -- 172.21.15.169:0/2404743967 >> [v2:172.21.15.169:6800/528052065,v1:172.21.15.169:6801/528052065] conn(0x7f078002fe60 msgr2=0x7f0780032320 secure :-1 s=STATE_CONNECTION_ESTABLISHED l=1).mark_down
2024-01-21T19:48:23.952 INFO:teuthology.orchestra.run.smithi169.stderr:/usr/bin/ceph:
2024-01-21T19:48:23.957+0000 7f079f59e700 1 --2- 172.21.15.169:0/2404743967 >> [v2:172.21.15.169:6800/528052065,v1:172.21.15.169:6801/528052065] conn(0x7f078002fe60 0x7f0780032320 secure :-1 s=READY pgs=9 cs=0 l=1 rev1=1 rx=0x7f07880096a0 tx=0x7f0788006b40).stop
2024-01-21T19:48:23.952 INFO:teuthology.orchestra.run.smithi169.stderr:/usr/bin/ceph:
2024-01-21T19:48:23.957+0000 7f079f59e700 1 -- 172.21.15.169:0/2404743967 >> [v2:172.21.15.169:3300/0,v1:172.21.15.169:6789/0] conn(0x7f07a0070430 msgr2=0x7f07a010a890 secure :-1 s=STATE_CONNECTION_ESTABLISHED l=1).mark_down
2024-01-21T19:48:23.952 INFO:teuthology.orchestra.run.smithi169.stderr:/usr/bin/ceph:
2024-01-21T19:48:23.957+0000 7f079f59e700 1 --2- 172.21.15.169:0/2404743967 >> [v2:172.21.15.169:3300/0,v1:172.21.15.169:6789/0] conn(0x7f07a0070430 0x7f07a010a890 secure :-1 s=READY pgs=63 cs=0 l=1 rev1=1 rx=0x7f0790006a40 tx=0x7f0790006ee0).stop
2024-01-21T19:48:23.952 INFO:teuthology.orchestra.run.smithi169.stderr:/usr/bin/ceph:
2024-01-21T19:48:23.958+0000 7f079f59e700 1 -- 172.21.15.169:0/2404743967 shutdown_connections
2024-01-21T19:48:23.952 INFO:teuthology.orchestra.run.smithi169.stderr:/usr/bin/ceph:
2024-01-21T19:48:23.958+0000 7f079f59e700 1 --2- 172.21.15.169:0/2404743967 >> [v2:172.21.15.169:6800/528052065,v1:172.21.15.169:6801/528052065] conn(0x7f078002fe60 0x7f0780032320 unknown :-1 s=CLOSED pgs=9 cs=0 l=1 rev1=1 rx=0 tx=0).stop
2024-01-21T19:48:23.952 INFO:teuthology.orchestra.run.smithi169.stderr:/usr/bin/ceph:
2024-01-21T19:48:23.958+0000 7f079f59e700 1 --2- 172.21.15.169:0/2404743967 >> [v2:172.21.15.169:3300/0,v1:172.21.15.169:6789/0] conn(0x7f07a0070430 0x7f07a010a890 unknown :-1 s=CLOSED pgs=63 cs=0 l=1 rev1=1 rx=0 tx=0).stop
2024-01-21T19:48:23.952 INFO:teuthology.orchestra.run.smithi169.stderr:/usr/bin/ceph:
2024-01-21T19:48:23.958+0000 7f079f59e700 1 -- 172.21.15.169:0/2404743967 >> 172.21.15.169:0/2404743967 conn(0x7f07a00f6210 msgr2=0x7f07a00f7d10 unknown :-1 s=STATE_NONE l=0).mark_down
2024-01-21T19:48:23.952 INFO:teuthology.orchestra.run.smithi169.stderr:/usr/bin/ceph:
2024-01-21T19:48:23.958+0000 7f079f59e700 1 -- 172.21.15.169:0/2404743967 shutdown_connections
2024-01-21T19:48:23.952 INFO:teuthology.orchestra.run.smithi169.stderr:/usr/bin/ceph:
2024-01-21T19:48:23.958+0000 7f079f59e700 1 -- 172.21.15.169:0/2404743967 wait complete.
2024-01-21T19:48:24.253 INFO:journalctl@ceph.mon.smithi169.smithi169.stdout:Jan 21 19:48:24 smithi169 ceph-df2470f2-b895-11ee-95b0-87774f69a715-mon.smithi169[38820]: audit
2024-01-21T19:48:22.133706+0000 mgr.smithi169.espgue (mgr.14142) 5 : audit [DBG] from='client.14152 -' entity='client.admin' cmd=[{"prefix": "orch apply", "service_type": "node-exporter", "target": ["mon-mgr", ""]}]: dispatch
2024-01-21T19:48:24.253 INFO:journalctl@ceph.mon.smithi169.smithi169.stdout:Jan 21 19:48:24 smithi169 ceph-df2470f2-b895-11ee-95b0-87774f69a715-mon.smithi169[38820]: cephadm
2024-01-21T19:48:22.134335+0000 mgr.smithi169.espgue (mgr.14142) 6 : cephadm [INF] Saving service node-exporter spec with placement *
2024-01-21T19:48:24.253 INFO:journalctl@ceph.mon.smithi169.smithi169.stdout:Jan 21 19:48:24 smithi169 ceph-df2470f2-b895-11ee-95b0-87774f69a715-mon.smithi169[38820]: audit
2024-01-21T19:48:23.062889+0000 mgr.smithi169.espgue (mgr.14142) 7 : audit [DBG] from='client.14154 -' entity='client.admin' cmd=[{"prefix": "orch apply", "service_type": "alertmanager", "target": ["mon-mgr", ""]}]: dispatch
2024-01-21T19:48:24.253 INFO:journalctl@ceph.mon.smithi169.smithi169.stdout:Jan 21 19:48:24 smithi169 ceph-df2470f2-b895-11ee-95b0-87774f69a715-mon.smithi169[38820]: cephadm
2024-01-21T19:48:23.063433+0000 mgr.smithi169.espgue (mgr.14142) 8 : cephadm [INF] Saving service alertmanager spec with placement count:1
2024-01-21T19:48:24.254 INFO:journalctl@ceph.mon.smithi169.smithi169.stdout:Jan 21 19:48:24 smithi169 ceph-df2470f2-b895-11ee-95b0-87774f69a715-mon.smithi169[38820]: audit
2024-01-21T19:48:23.068403+0000 mon.smithi169 (mon.0) 85 : audit [INF] from='mgr.14142 172.21.15.169:0/778638721' entity='mgr.smithi169.espgue'
2024-01-21T19:48:24.254 INFO:journalctl@ceph.mon.smithi169.smithi169.stdout:Jan 21 19:48:24 smithi169 ceph-df2470f2-b895-11ee-95b0-87774f69a715-mon.smithi169[38820]: audit
2024-01-21T19:48:23.956736+0000 mon.smithi169 (mon.0) 86 : audit [INF] from='client.? 172.21.15.169:0/2404743967' entity='client.admin'
2024-01-21T19:48:24.317 INFO:teuthology.orchestra.run.smithi169.stderr:Running command: /bin/podman run --rm --ipc=host --no-hosts --net=host --entrypoint /usr/bin/ceph --init -e CONTAINER_IMAGE=docker.io/ceph/ceph:v16.2.4 -e NODE_NAME=smithi169 -e CEPH_USE_RANDOM_NONCE=1 -v /var/log/ceph/df2470f2-b895-11ee-95b0-87774f69a715:/var/log/ceph:z -v /tmp/ceph-tmpxblg0pyr:/etc/ceph/ceph.client.admin.keyring:z -v /tmp/ceph-tmp4hgafovt:/etc/ceph/ceph.conf:z docker.io/ceph/ceph:v16.2.4 config set mgr mgr/dashboard/ssl_server_port 8443
2024-01-21T19:48:24.720 INFO:teuthology.orchestra.run.smithi169.stderr:/usr/bin/ceph:
2024-01-21T19:48:24.723+0000 7fb5b908e700 1 Processor -- start
2024-01-21T19:48:24.720 INFO:teuthology.orchestra.run.smithi169.stderr:/usr/bin/ceph:
2024-01-21T19:48:24.723+0000 7fb5b908e700 1 -- start start
2024-01-21T19:48:24.720 INFO:teuthology.orchestra.run.smithi169.stderr:/usr/bin/ceph:
2024-01-21T19:48:24.723+0000 7fb5b908e700 1 --2- >> [v2:172.21.15.169:3300/0,v1:172.21.15.169:6789/0] conn(0x7fb5b40703d0 0x7fb5b4100d40 unknown :-1 s=NONE pgs=0 cs=0 l=0 rev1=0 rx=0 tx=0).connect
2024-01-21T19:48:24.720 INFO:teuthology.orchestra.run.smithi169.stderr:/usr/bin/ceph:
2024-01-21T19:48:24.723+0000 7fb5b908e700 1 -- --> [v2:172.21.15.169:3300/0,v1:172.21.15.169:6789/0] -- mon_getmap magic: 0 v1 -- 0x7fb5b40fc730 con 0x7fb5b40703d0
2024-01-21T19:48:24.720 INFO:teuthology.orchestra.run.smithi169.stderr:/usr/bin/ceph:
2024-01-21T19:48:24.723+0000 7fb5b2d9d700 1 --2- >> [v2:172.21.15.169:3300/0,v1:172.21.15.169:6789/0] conn(0x7fb5b40703d0 0x7fb5b4100d40 unknown :-1 s=BANNER_CONNECTING pgs=0 cs=0 l=0 rev1=0 rx=0 tx=0)._handle_peer_banner_payload supported=1 required=0
2024-01-21T19:48:24.721 INFO:teuthology.orchestra.run.smithi169.stderr:/usr/bin/ceph:
2024-01-21T19:48:24.723+0000 7fb5b2d9d700 1 --2- >> [v2:172.21.15.169:3300/0,v1:172.21.15.169:6789/0] conn(0x7fb5b40703d0 0x7fb5b4100d40 unknown :-1 s=HELLO_CONNECTING pgs=0 cs=0 l=0 rev1=1 rx=0 tx=0).handle_hello peer v2:172.21.15.169:3300/0 says I am v2:172.21.15.169:47284/0 (socket says 172.21.15.169:47284)
2024-01-21T19:48:24.721 INFO:teuthology.orchestra.run.smithi169.stderr:/usr/bin/ceph:
