2024-01-21T19:58:59.105 INFO:teuthology.orchestra.run.smithi053.stderr:/usr/bin/ceph:
2024-01-21T19:58:59.107+0000 7fb9c37fe700 1 -- 172.21.15.53:0/2192009007 <== mon.0 v2:172.21.15.53:3300/0 2 ==== config(25 keys) v1 ==== 1010+0+0 (secure 0 0 0) 0x7fb9b800dbd0 con 0x7fb9c40703b0
2024-01-21T19:58:59.105 INFO:teuthology.orchestra.run.smithi053.stderr:/usr/bin/ceph:
2024-01-21T19:58:59.107+0000 7fb9c37fe700 1 -- 172.21.15.53:0/2192009007 <== mon.0 v2:172.21.15.53:3300/0 3 ==== mon_map magic: 0 v1 ==== 229+0+0 (secure 0 0 0) 0x7fb9b8011c00 con 0x7fb9c40703b0
2024-01-21T19:58:59.106 INFO:teuthology.orchestra.run.smithi053.stderr:/usr/bin/ceph:
2024-01-21T19:58:59.108+0000 7fb9cb150700 1 -- 172.21.15.53:0/2192009007 >> [v2:172.21.15.53:3300/0,v1:172.21.15.53:6789/0] conn(0x7fb9c40703b0 msgr2=0x7fb9c4100d60 secure :-1 s=STATE_CONNECTION_ESTABLISHED l=1).mark_down
2024-01-21T19:58:59.106 INFO:teuthology.orchestra.run.smithi053.stderr:/usr/bin/ceph:
2024-01-21T19:58:59.108+0000 7fb9cb150700 1 --2- 172.21.15.53:0/2192009007 >> [v2:172.21.15.53:3300/0,v1:172.21.15.53:6789/0] conn(0x7fb9c40703b0 0x7fb9c4100d60 secure :-1 s=READY pgs=58 cs=0 l=1 rev1=1 rx=0x7fb9b800b5f0 tx=0x7fb9b8006ee0).stop
2024-01-21T19:58:59.106 INFO:teuthology.orchestra.run.smithi053.stderr:/usr/bin/ceph:
2024-01-21T19:58:59.108+0000 7fb9cb150700 1 -- 172.21.15.53:0/2192009007 shutdown_connections
2024-01-21T19:58:59.106 INFO:teuthology.orchestra.run.smithi053.stderr:/usr/bin/ceph:
2024-01-21T19:58:59.108+0000 7fb9cb150700 1 --2- 172.21.15.53:0/2192009007 >> [v2:172.21.15.53:3300/0,v1:172.21.15.53:6789/0] conn(0x7fb9c40703b0 0x7fb9c4100d60 unknown :-1 s=CLOSED pgs=58 cs=0 l=1 rev1=1 rx=0 tx=0).stop
2024-01-21T19:58:59.106 INFO:teuthology.orchestra.run.smithi053.stderr:/usr/bin/ceph:
2024-01-21T19:58:59.108+0000 7fb9cb150700 1 -- 172.21.15.53:0/2192009007 >> 172.21.15.53:0/2192009007 conn(0x7fb9c40f63c0 msgr2=0x7fb9c40f87e0 unknown :-1 s=STATE_NONE l=0).mark_down
2024-01-21T19:58:59.106 INFO:teuthology.orchestra.run.smithi053.stderr:/usr/bin/ceph:
2024-01-21T19:58:59.108+0000 7fb9cb150700 1 -- 172.21.15.53:0/2192009007 shutdown_connections
2024-01-21T19:58:59.106 INFO:teuthology.orchestra.run.smithi053.stderr:/usr/bin/ceph:
2024-01-21T19:58:59.108+0000 7fb9cb150700 1 -- 172.21.15.53:0/2192009007 wait complete.
2024-01-21T19:58:59.107 INFO:teuthology.orchestra.run.smithi053.stderr:/usr/bin/ceph:
2024-01-21T19:58:59.109+0000 7fb9cb150700 1 Processor -- start
2024-01-21T19:58:59.107 INFO:teuthology.orchestra.run.smithi053.stderr:/usr/bin/ceph:
2024-01-21T19:58:59.109+0000 7fb9cb150700 1 -- start start
2024-01-21T19:58:59.107 INFO:teuthology.orchestra.run.smithi053.stderr:/usr/bin/ceph:
2024-01-21T19:58:59.109+0000 7fb9cb150700 1 --2- >> [v2:172.21.15.53:3300/0,v1:172.21.15.53:6789/0] conn(0x7fb9c40703b0 0x7fb9c410ccf0 unknown :-1 s=NONE pgs=0 cs=0 l=1 rev1=0 rx=0 tx=0).connect
2024-01-21T19:58:59.107 INFO:teuthology.orchestra.run.smithi053.stderr:/usr/bin/ceph:
2024-01-21T19:58:59.109+0000 7fb9cb150700 1 -- --> [v2:172.21.15.53:3300/0,v1:172.21.15.53:6789/0] -- mon_getmap magic: 0 v1 -- 0x7fb9c410d1e0 con 0x7fb9c40703b0
2024-01-21T19:58:59.107 INFO:teuthology.orchestra.run.smithi053.stderr:/usr/bin/ceph:
2024-01-21T19:58:59.109+0000 7fb9c8eec700 1 --2- >> [v2:172.21.15.53:3300/0,v1:172.21.15.53:6789/0] conn(0x7fb9c40703b0 0x7fb9c410ccf0 unknown :-1 s=BANNER_CONNECTING pgs=0 cs=0 l=1 rev1=0 rx=0 tx=0)._handle_peer_banner_payload supported=1 required=0
2024-01-21T19:58:59.107 INFO:teuthology.orchestra.run.smithi053.stderr:/usr/bin/ceph:
2024-01-21T19:58:59.109+0000 7fb9c8eec700 1 --2- >> [v2:172.21.15.53:3300/0,v1:172.21.15.53:6789/0] conn(0x7fb9c40703b0 0x7fb9c410ccf0 unknown :-1 s=HELLO_CONNECTING pgs=0 cs=0 l=1 rev1=1 rx=0 tx=0).handle_hello peer v2:172.21.15.53:3300/0 says I am v2:172.21.15.53:37374/0 (socket says 172.21.15.53:37374)
2024-01-21T19:58:59.107 INFO:teuthology.orchestra.run.smithi053.stderr:/usr/bin/ceph:
2024-01-21T19:58:59.109+0000 7fb9c8eec700 1 -- 172.21.15.53:0/3028328472 learned_addr learned my addr 172.21.15.53:0/3028328472 (peer_addr_for_me v2:172.21.15.53:0/0)
2024-01-21T19:58:59.107 INFO:teuthology.orchestra.run.smithi053.stderr:/usr/bin/ceph:
2024-01-21T19:58:59.110+0000 7fb9c8eec700 1 -- 172.21.15.53:0/3028328472 --> [v2:172.21.15.53:3300/0,v1:172.21.15.53:6789/0] -- mon_subscribe({config=0+,monmap=0+}) v3 -- 0x7fb9b800b200 con 0x7fb9c40703b0
2024-01-21T19:58:59.107 INFO:teuthology.orchestra.run.smithi053.stderr:/usr/bin/ceph:
2024-01-21T19:58:59.110+0000 7fb9c8eec700 1 --2- 172.21.15.53:0/3028328472 >> [v2:172.21.15.53:3300/0,v1:172.21.15.53:6789/0] conn(0x7fb9c40703b0 0x7fb9c410ccf0 secure :-1 s=READY pgs=59 cs=0 l=1 rev1=1 rx=0x7fb9b800e040 tx=0x7fb9b8006ee0).ready entity=mon.0 client_cookie=0 server_cookie=0 in_seq=0 out_seq=0
2024-01-21T19:58:59.108 INFO:teuthology.orchestra.run.smithi053.stderr:/usr/bin/ceph:
2024-01-21T19:58:59.110+0000 7fb9c17fa700 1 -- 172.21.15.53:0/3028328472 <== mon.0 v2:172.21.15.53:3300/0 1 ==== mon_map magic: 0 v1 ==== 229+0+0 (secure 0 0 0) 0x7fb9b800d9f0 con 0x7fb9c40703b0
2024-01-21T19:58:59.108 INFO:teuthology.orchestra.run.smithi053.stderr:/usr/bin/ceph:
2024-01-21T19:58:59.110+0000 7fb9cb150700 1 -- 172.21.15.53:0/3028328472 --> [v2:172.21.15.53:3300/0,v1:172.21.15.53:6789/0] -- mon_subscribe({mgrmap=0+}) v3 -- 0x7fb9c410d3e0 con 0x7fb9c40703b0
2024-01-21T19:58:59.108 INFO:teuthology.orchestra.run.smithi053.stderr:/usr/bin/ceph:
2024-01-21T19:58:59.110+0000 7fb9c17fa700 1 -- 172.21.15.53:0/3028328472 <== mon.0 v2:172.21.15.53:3300/0 2 ==== config(25 keys) v1 ==== 1010+0+0 (secure 0 0 0) 0x7fb9b801a9f0 con 0x7fb9c40703b0
2024-01-21T19:58:59.108 INFO:teuthology.orchestra.run.smithi053.stderr:/usr/bin/ceph:
2024-01-21T19:58:59.110+0000 7fb9c17fa700 1 -- 172.21.15.53:0/3028328472 <== mon.0 v2:172.21.15.53:3300/0 3 ==== mon_map magic: 0 v1 ==== 229+0+0 (secure 0 0 0) 0x7fb9b801b8c0 con 0x7fb9c40703b0
2024-01-21T19:58:59.108 INFO:teuthology.orchestra.run.smithi053.stderr:/usr/bin/ceph:
2024-01-21T19:58:59.110+0000 7fb9cb150700 1 -- 172.21.15.53:0/3028328472 --> [v2:172.21.15.53:3300/0,v1:172.21.15.53:6789/0] -- mon_subscribe({osdmap=0}) v3 -- 0x7fb9c410d7f0 con 0x7fb9c40703b0
2024-01-21T19:58:59.108 INFO:teuthology.orchestra.run.smithi053.stderr:/usr/bin/ceph:
2024-01-21T19:58:59.111+0000 7fb9c17fa700 1 -- 172.21.15.53:0/3028328472 <== mon.0 v2:172.21.15.53:3300/0 4 ==== mgrmap(e 11) v1 ==== 36054+0+0 (secure 0 0 0) 0x7fb9b800f070 con 0x7fb9c40703b0
2024-01-21T19:58:59.108 INFO:teuthology.orchestra.run.smithi053.stderr:/usr/bin/ceph:
2024-01-21T19:58:59.111+0000 7fb9cb150700 1 -- 172.21.15.53:0/3028328472 --> [v2:172.21.15.53:3300/0,v1:172.21.15.53:6789/0] -- mon_command({"prefix": "get_command_descriptions"} v 0) v1 -- 0x7fb9c4045ad0 con 0x7fb9c40703b0
2024-01-21T19:58:59.109 INFO:teuthology.orchestra.run.smithi053.stderr:/usr/bin/ceph:
2024-01-21T19:58:59.111+0000 7fb9c17fa700 1 --2- 172.21.15.53:0/3028328472 >> [v2:172.21.15.53:6800/3045083722,v1:172.21.15.53:6801/3045083722] conn(0x7fb9a802fd70 0x7fb9a8032230 unknown :-1 s=NONE pgs=0 cs=0 l=1 rev1=0 rx=0 tx=0).connect
2024-01-21T19:58:59.109 INFO:teuthology.orchestra.run.smithi053.stderr:/usr/bin/ceph:
2024-01-21T19:58:59.111+0000 7fb9c17fa700 1 -- 172.21.15.53:0/3028328472 <== mon.0 v2:172.21.15.53:3300/0 5 ==== osd_map(3..3 src has 1..3) v4 ==== 1098+0+0 (secure 0 0 0) 0x7fb9b8041260 con 0x7fb9c40703b0
2024-01-21T19:58:59.109 INFO:teuthology.orchestra.run.smithi053.stderr:/usr/bin/ceph:
2024-01-21T19:58:59.111+0000 7fb9c3fff700 1 --2- 172.21.15.53:0/3028328472 >> [v2:172.21.15.53:6800/3045083722,v1:172.21.15.53:6801/3045083722] conn(0x7fb9a802fd70 0x7fb9a8032230 unknown :-1 s=BANNER_CONNECTING pgs=0 cs=0 l=1 rev1=0 rx=0 tx=0)._handle_peer_banner_payload supported=1 required=0
2024-01-21T19:58:59.109 INFO:teuthology.orchestra.run.smithi053.stderr:/usr/bin/ceph:
2024-01-21T19:58:59.111+0000 7fb9c3fff700 1 --2- 172.21.15.53:0/3028328472 >> [v2:172.21.15.53:6800/3045083722,v1:172.21.15.53:6801/3045083722] conn(0x7fb9a802fd70 0x7fb9a8032230 secure :-1 s=READY pgs=6 cs=0 l=1 rev1=1 rx=0x7fb9b00096a0 tx=0x7fb9b0006b40).ready entity=mgr.14144 client_cookie=0 server_cookie=0 in_seq=0 out_seq=0
2024-01-21T19:58:59.109 INFO:teuthology.orchestra.run.smithi053.stderr:/usr/bin/ceph:
2024-01-21T19:58:59.116+0000 7fb9c17fa700 1 -- 172.21.15.53:0/3028328472 <== mon.0 v2:172.21.15.53:3300/0 6 ==== mon_command_ack([{"prefix": "get_command_descriptions"}]=0 v0) v1 ==== 72+0+152212 (secure 0 0 0) 0x7fb9b8019b90 con 0x7fb9c40703b0
2024-01-21T19:58:59.295 INFO:teuthology.orchestra.run.smithi053.stderr:/usr/bin/ceph:
2024-01-21T19:58:59.303+0000 7fb9cb150700 1 -- 172.21.15.53:0/3028328472 --> [v2:172.21.15.53:6800/3045083722,v1:172.21.15.53:6801/3045083722] -- mgr_command(tid 0: {"prefix": "orch apply", "service_type": "grafana", "target": ["mon-mgr", ""]}) v1 -- 0x7fb9c410df20 con 0x7fb9a802fd70
2024-01-21T19:58:59.298 INFO:teuthology.orchestra.run.smithi053.stderr:/usr/bin/ceph:
2024-01-21T19:58:59.306+0000 7fb9c17fa700 1 -- 172.21.15.53:0/3028328472 <== mgr.14144 v2:172.21.15.53:6800/3045083722 1 ==== mgr_command_reply(tid 0: 0 ) v1 ==== 8+0+28 (secure 0 0 0) 0x7fb9c410df20 con 0x7fb9a802fd70
2024-01-21T19:58:59.298 INFO:teuthology.orchestra.run.smithi053.stderr:/usr/bin/ceph: Scheduled grafana update...
2024-01-21T19:58:59.301 INFO:teuthology.orchestra.run.smithi053.stderr:/usr/bin/ceph:
2024-01-21T19:58:59.308+0000 7fb9cb150700 1 -- 172.21.15.53:0/3028328472 >> [v2:172.21.15.53:6800/3045083722,v1:172.21.15.53:6801/3045083722] conn(0x7fb9a802fd70 msgr2=0x7fb9a8032230 secure :-1 s=STATE_CONNECTION_ESTABLISHED l=1).mark_down
2024-01-21T19:58:59.301 INFO:teuthology.orchestra.run.smithi053.stderr:/usr/bin/ceph:
2024-01-21T19:58:59.308+0000 7fb9cb150700 1 --2- 172.21.15.53:0/3028328472 >> [v2:172.21.15.53:6800/3045083722,v1:172.21.15.53:6801/3045083722] conn(0x7fb9a802fd70 0x7fb9a8032230 secure :-1 s=READY pgs=6 cs=0 l=1 rev1=1 rx=0x7fb9b00096a0 tx=0x7fb9b0006b40).stop
2024-01-21T19:58:59.301 INFO:teuthology.orchestra.run.smithi053.stderr:/usr/bin/ceph:
2024-01-21T19:58:59.308+0000 7fb9cb150700 1 -- 172.21.15.53:0/3028328472 >> [v2:172.21.15.53:3300/0,v1:172.21.15.53:6789/0] conn(0x7fb9c40703b0 msgr2=0x7fb9c410ccf0 secure :-1 s=STATE_CONNECTION_ESTABLISHED l=1).mark_down
2024-01-21T19:58:59.301 INFO:teuthology.orchestra.run.smithi053.stderr:/usr/bin/ceph:
2024-01-21T19:58:59.308+0000 7fb9cb150700 1 --2- 172.21.15.53:0/3028328472 >> [v2:172.21.15.53:3300/0,v1:172.21.15.53:6789/0] conn(0x7fb9c40703b0 0x7fb9c410ccf0 secure :-1 s=READY pgs=59 cs=0 l=1 rev1=1 rx=0x7fb9b800e040 tx=0x7fb9b8006ee0).stop
2024-01-21T19:58:59.301 INFO:teuthology.orchestra.run.smithi053.stderr:/usr/bin/ceph:
2024-01-21T19:58:59.308+0000 7fb9cb150700 1 -- 172.21.15.53:0/3028328472 shutdown_connections
2024-01-21T19:58:59.301 INFO:teuthology.orchestra.run.smithi053.stderr:/usr/bin/ceph:
2024-01-21T19:58:59.308+0000 7fb9cb150700 1 --2- 172.21.15.53:0/3028328472 >> [v2:172.21.15.53:6800/3045083722,v1:172.21.15.53:6801/3045083722] conn(0x7fb9a802fd70 0x7fb9a8032230 unknown :-1 s=CLOSED pgs=6 cs=0 l=1 rev1=1 rx=0 tx=0).stop
2024-01-21T19:58:59.301 INFO:teuthology.orchestra.run.smithi053.stderr:/usr/bin/ceph:
2024-01-21T19:58:59.308+0000 7fb9cb150700 1 --2- 172.21.15.53:0/3028328472 >> [v2:172.21.15.53:3300/0,v1:172.21.15.53:6789/0] conn(0x7fb9c40703b0 0x7fb9c410ccf0 unknown :-1 s=CLOSED pgs=59 cs=0 l=1 rev1=1 rx=0 tx=0).stop
2024-01-21T19:58:59.301 INFO:teuthology.orchestra.run.smithi053.stderr:/usr/bin/ceph:
2024-01-21T19:58:59.308+0000 7fb9cb150700 1 -- 172.21.15.53:0/3028328472 >> 172.21.15.53:0/3028328472 conn(0x7fb9c40f63c0 msgr2=0x7fb9c40f7f50 unknown :-1 s=STATE_NONE l=0).mark_down
2024-01-21T19:58:59.301 INFO:teuthology.orchestra.run.smithi053.stderr:/usr/bin/ceph:
2024-01-21T19:58:59.308+0000 7fb9cb150700 1 -- 172.21.15.53:0/3028328472 shutdown_connections
2024-01-21T19:58:59.301 INFO:teuthology.orchestra.run.smithi053.stderr:/usr/bin/ceph:
2024-01-21T19:58:59.308+0000 7fb9cb150700 1 -- 172.21.15.53:0/3028328472 wait complete.
2024-01-21T19:58:59.604 INFO:journalctl@ceph.mon.smithi053.smithi053.stdout:Jan 21 19:58:59 smithi053 ceph-57f6722c-b897-11ee-95b0-87774f69a715-mon.smithi053[38842]: cluster
2024-01-21T19:58:58.427416+0000 mon.smithi053 (mon.0) 77 : cluster [DBG] mgrmap e11: smithi053.fgsmol(active, since 1.83297s)
2024-01-21T19:58:59.604 INFO:journalctl@ceph.mon.smithi053.smithi053.stdout:Jan 21 19:58:59 smithi053 ceph-57f6722c-b897-11ee-95b0-87774f69a715-mon.smithi053[38842]: cephadm
2024-01-21T19:58:58.428259+0000 mgr.smithi053.fgsmol (mgr.14144) 2 : cephadm [INF] Saving service prometheus spec with placement count:1
2024-01-21T19:58:59.604 INFO:journalctl@ceph.mon.smithi053.smithi053.stdout:Jan 21 19:58:59 smithi053 ceph-57f6722c-b897-11ee-95b0-87774f69a715-mon.smithi053[38842]: audit
2024-01-21T19:58:58.430393+0000 mon.smithi053 (mon.0) 78 : audit [INF] from='mgr.14144 172.21.15.53:0/902443509' entity='mgr.smithi053.fgsmol'
2024-01-21T19:58:59.604 INFO:journalctl@ceph.mon.smithi053.smithi053.stdout:Jan 21 19:58:59 smithi053 ceph-57f6722c-b897-11ee-95b0-87774f69a715-mon.smithi053[38842]: audit
2024-01-21T19:58:59.307814+0000 mon.smithi053 (mon.0) 79 : audit [INF] from='mgr.14144 172.21.15.53:0/902443509' entity='mgr.smithi053.fgsmol'
2024-01-21T19:58:59.640 INFO:teuthology.orchestra.run.smithi053.stderr:Deploying node-exporter service with default placement...
2024-01-21T19:58:59.640 INFO:teuthology.orchestra.run.smithi053.stderr:Running command: /bin/podman run --rm --ipc=host --no-hosts --net=host --entrypoint /usr/bin/ceph --init -e CONTAINER_IMAGE=docker.io/ceph/ceph:v16.2.4 -e NODE_NAME=smithi053 -e CEPH_USE_RANDOM_NONCE=1 -v /var/log/ceph/57f6722c-b897-11ee-95b0-87774f69a715:/var/log/ceph:z -v /tmp/ceph-tmpw7bt2for:/etc/ceph/ceph.client.admin.keyring:z -v /tmp/ceph-tmp987f45g0:/etc/ceph/ceph.conf:z docker.io/ceph/ceph:v16.2.4 orch apply node-exporter
2024-01-21T19:58:59.991 INFO:teuthology.orchestra.run.smithi053.stderr:/usr/bin/ceph:
2024-01-21T19:58:59.998+0000 7f2e340e9700 1 Processor -- start
2024-01-21T19:58:59.991 INFO:teuthology.orchestra.run.smithi053.stderr:/usr/bin/ceph:
2024-01-21T19:58:59.998+0000 7f2e340e9700 1 -- start start
2024-01-21T19:58:59.991 INFO:teuthology.orchestra.run.smithi053.stderr:/usr/bin/ceph:
2024-01-21T19:58:59.999+0000 7f2e340e9700 1 --2- >> [v2:172.21.15.53:3300/0,v1:172.21.15.53:6789/0] conn(0x7f2e2c0703d0 0x7f2e2c100d40 unknown :-1 s=NONE pgs=0 cs=0 l=0 rev1=0 rx=0 tx=0).connect
2024-01-21T19:58:59.991 INFO:teuthology.orchestra.run.smithi053.stderr:/usr/bin/ceph:
2024-01-21T19:58:59.999+0000 7f2e340e9700 1 -- --> [v2:172.21.15.53:3300/0,v1:172.21.15.53:6789/0] -- mon_getmap magic: 0 v1 -- 0x7f2e2c0fc730 con 0x7f2e2c0703d0
2024-01-21T19:58:59.992 INFO:teuthology.orchestra.run.smithi053.stderr:/usr/bin/ceph:
2024-01-21T19:58:59.999+0000 7f2e31e85700 1 --2- >> [v2:172.21.15.53:3300/0,v1:172.21.15.53:6789/0] conn(0x7f2e2c0703d0 0x7f2e2c100d40 unknown :-1 s=BANNER_CONNECTING pgs=0 cs=0 l=0 rev1=0 rx=0 tx=0)._handle_peer_banner_payload supported=1 required=0
2024-01-21T19:58:59.992 INFO:teuthology.orchestra.run.smithi053.stderr:/usr/bin/ceph:
2024-01-21T19:58:59.999+0000 7f2e31e85700 1 --2- >> [v2:172.21.15.53:3300/0,v1:172.21.15.53:6789/0] conn(0x7f2e2c0703d0 0x7f2e2c100d40 unknown :-1 s=HELLO_CONNECTING pgs=0 cs=0 l=0 rev1=1 rx=0 tx=0).handle_hello peer v2:172.21.15.53:3300/0 says I am v2:172.21.15.53:37380/0 (socket says 172.21.15.53:37380)
2024-01-21T19:58:59.993 INFO:teuthology.orchestra.run.smithi053.stderr:/usr/bin/ceph:
2024-01-21T19:58:59.999+0000 7f2e31e85700 1 -- 172.21.15.53:0/3573646213 learned_addr learned my addr 172.21.15.53:0/3573646213 (peer_addr_for_me v2:172.21.15.53:0/0)
2024-01-21T19:58:59.993 INFO:teuthology.orchestra.run.smithi053.stderr:/usr/bin/ceph:
2024-01-21T19:58:59.999+0000 7f2e31e85700 1 -- 172.21.15.53:0/3573646213 --> [v2:172.21.15.53:3300/0,v1:172.21.15.53:6789/0] -- mon_subscribe({config=0+,monmap=0+}) v3 -- 0x7f2e2c101230 con 0x7f2e2c0703d0
2024-01-21T19:58:59.993 INFO:teuthology.orchestra.run.smithi053.stderr:/usr/bin/ceph:
2024-01-21T19:58:59.999+0000 7f2e31e85700 1 --2- 172.21.15.53:0/3573646213 >> [v2:172.21.15.53:3300/0,v1:172.21.15.53:6789/0] conn(0x7f2e2c0703d0 0x7f2e2c100d40 secure :-1 s=READY pgs=60 cs=0 l=1 rev1=1 rx=0x7f2e1c00b5f0 tx=0x7f2e1c006ee0).ready entity=mon.0 client_cookie=c139ad325e4ffd24 server_cookie=0 in_seq=0 out_seq=0
2024-01-21T19:58:59.993 INFO:teuthology.orchestra.run.smithi053.stderr:/usr/bin/ceph:
2024-01-21T19:58:59.999+0000 7f2e30e83700 1 -- 172.21.15.53:0/3573646213 <== mon.0 v2:172.21.15.53:3300/0 1 ==== mon_map magic: 0 v1 ==== 229+0+0 (secure 0 0 0) 0x7f2e1c00d600 con 0x7f2e2c0703d0
2024-01-21T19:58:59.993 INFO:teuthology.orchestra.run.smithi053.stderr:/usr/bin/ceph:
2024-01-21T19:58:59.999+0000 7f2e30e83700 1 -- 172.21.15.53:0/3573646213 <== mon.0 v2:172.21.15.53:3300/0 2 ==== config(25 keys) v1 ==== 1010+0+0 (secure 0 0 0) 0x7f2e1c00dbd0 con 0x7f2e2c0703d0
2024-01-21T19:58:59.993 INFO:teuthology.orchestra.run.smithi053.stderr:/usr/bin/ceph:
2024-01-21T19:58:59.999+0000 7f2e30e83700 1 -- 172.21.15.53:0/3573646213 <== mon.0 v2:172.21.15.53:3300/0 3 ==== mon_map magic: 0 v1 ==== 229+0+0 (secure 0 0 0) 0x7f2e1c011c00 con 0x7f2e2c0703d0
2024-01-21T19:58:59.993 INFO:teuthology.orchestra.run.smithi053.stderr:/usr/bin/ceph:
2024-01-21T19:59:00.000+0000 7f2e340e9700 1 -- 172.21.15.53:0/3573646213 >> [v2:172.21.15.53:3300/0,v1:172.21.15.53:6789/0] conn(0x7f2e2c0703d0 msgr2=0x7f2e2c100d40 secure :-1 s=STATE_CONNECTION_ESTABLISHED l=1).mark_down
2024-01-21T19:58:59.993 INFO:teuthology.orchestra.run.smithi053.stderr:/usr/bin/ceph:
2024-01-21T19:59:00.000+0000 7f2e340e9700 1 --2- 172.21.15.53:0/3573646213 >> [v2:172.21.15.53:3300/0,v1:172.21.15.53:6789/0] conn(0x7f2e2c0703d0 0x7f2e2c100d40 secure :-1 s=READY pgs=60 cs=0 l=1 rev1=1 rx=0x7f2e1c00b5f0 tx=0x7f2e1c006ee0).stop
2024-01-21T19:58:59.993 INFO:teuthology.orchestra.run.smithi053.stderr:/usr/bin/ceph:
2024-01-21T19:59:00.000+0000 7f2e340e9700 1 -- 172.21.15.53:0/3573646213 shutdown_connections
2024-01-21T19:58:59.993 INFO:teuthology.orchestra.run.smithi053.stderr:/usr/bin/ceph:
2024-01-21T19:59:00.000+0000 7f2e340e9700 1 --2- 172.21.15.53:0/3573646213 >> [v2:172.21.15.53:3300/0,v1:172.21.15.53:6789/0] conn(0x7f2e2c0703d0 0x7f2e2c100d40 unknown :-1 s=CLOSED pgs=60 cs=0 l=1 rev1=1 rx=0 tx=0).stop
2024-01-21T19:58:59.993 INFO:teuthology.orchestra.run.smithi053.stderr:/usr/bin/ceph:
2024-01-21T19:59:00.000+0000 7f2e340e9700 1 -- 172.21.15.53:0/3573646213 >> 172.21.15.53:0/3573646213 conn(0x7f2e2c0f63c0 msgr2=0x7f2e2c0f87e0 unknown :-1 s=STATE_NONE l=0).mark_down
2024-01-21T19:58:59.994 INFO:teuthology.orchestra.run.smithi053.stderr:/usr/bin/ceph:
2024-01-21T19:59:00.001+0000 7f2e340e9700 1 -- 172.21.15.53:0/3573646213 shutdown_connections
2024-01-21T19:58:59.994 INFO:teuthology.orchestra.run.smithi053.stderr:/usr/bin/ceph:
2024-01-21T19:59:00.001+0000 7f2e340e9700 1 -- 172.21.15.53:0/3573646213 wait complete.
2024-01-21T19:58:59.996 INFO:teuthology.orchestra.run.smithi053.stderr:/usr/bin/ceph:
2024-01-21T19:59:00.002+0000 7f2e340e9700 1 Processor -- start
2024-01-21T19:58:59.996 INFO:teuthology.orchestra.run.smithi053.stderr:/usr/bin/ceph:
2024-01-21T19:59:00.002+0000 7f2e340e9700 1 -- start start
2024-01-21T19:58:59.996 INFO:teuthology.orchestra.run.smithi053.stderr:/usr/bin/ceph:
2024-01-21T19:59:00.002+0000 7f2e340e9700 1 --2- >> [v2:172.21.15.53:3300/0,v1:172.21.15.53:6789/0] conn(0x7f2e2c0703d0 0x7f2e2c10cbb0 unknown :-1 s=NONE pgs=0 cs=0 l=1 rev1=0 rx=0 tx=0).connect
2024-01-21T19:58:59.996 INFO:teuthology.orchestra.run.smithi053.stderr:/usr/bin/ceph:
2024-01-21T19:59:00.002+0000 7f2e340e9700 1 -- --> [v2:172.21.15.53:3300/0,v1:172.21.15.53:6789/0] -- mon_getmap magic: 0 v1 -- 0x7f2e2c10d0a0 con 0x7f2e2c0703d0
2024-01-21T19:58:59.996 INFO:teuthology.orchestra.run.smithi053.stderr:/usr/bin/ceph:
2024-01-21T19:59:00.002+0000 7f2e31e85700 1 --2- >> [v2:172.21.15.53:3300/0,v1:172.21.15.53:6789/0] conn(0x7f2e2c0703d0 0x7f2e2c10cbb0 unknown :-1 s=BANNER_CONNECTING pgs=0 cs=0 l=1 rev1=0 rx=0 tx=0)._handle_peer_banner_payload supported=1 required=0
2024-01-21T19:58:59.996 INFO:teuthology.orchestra.run.smithi053.stderr:/usr/bin/ceph:
2024-01-21T19:59:00.002+0000 7f2e31e85700 1 --2- >> [v2:172.21.15.53:3300/0,v1:172.21.15.53:6789/0] conn(0x7f2e2c0703d0 0x7f2e2c10cbb0 unknown :-1 s=HELLO_CONNECTING pgs=0 cs=0 l=1 rev1=1 rx=0 tx=0).handle_hello peer v2:172.21.15.53:3300/0 says I am v2:172.21.15.53:37396/0 (socket says 172.21.15.53:37396)
2024-01-21T19:58:59.996 INFO:teuthology.orchestra.run.smithi053.stderr:/usr/bin/ceph:
2024-01-21T19:59:00.002+0000 7f2e31e85700 1 -- 172.21.15.53:0/3974660467 learned_addr learned my addr 172.21.15.53:0/3974660467 (peer_addr_for_me v2:172.21.15.53:0/0)
2024-01-21T19:58:59.996 INFO:teuthology.orchestra.run.smithi053.stderr:/usr/bin/ceph:
2024-01-21T19:59:00.002+0000 7f2e31e85700 1 -- 172.21.15.53:0/3974660467 --> [v2:172.21.15.53:3300/0,v1:172.21.15.53:6789/0] -- mon_subscribe({config=0+,monmap=0+}) v3 -- 0x7f2e1c00b200 con 0x7f2e2c0703d0
2024-01-21T19:58:59.996 INFO:teuthology.orchestra.run.smithi053.stderr:/usr/bin/ceph:
2024-01-21T19:59:00.002+0000 7f2e31e85700 1 --2- 172.21.15.53:0/3974660467 >> [v2:172.21.15.53:3300/0,v1:172.21.15.53:6789/0] conn(0x7f2e2c0703d0 0x7f2e2c10cbb0 secure :-1 s=READY pgs=61 cs=0 l=1 rev1=1 rx=0x7f2e1c00b190 tx=0x7f2e1c006ee0).ready entity=mon.0 client_cookie=0 server_cookie=0 in_seq=0 out_seq=0
2024-01-21T19:58:59.996 INFO:teuthology.orchestra.run.smithi053.stderr:/usr/bin/ceph:
2024-01-21T19:59:00.003+0000 7f2e1a7fc700 1 -- 172.21.15.53:0/3974660467 <== mon.0 v2:172.21.15.53:3300/0 1 ==== mon_map magic: 0 v1 ==== 229+0+0 (secure 0 0 0) 0x7f2e1c01b410 con 0x7f2e2c0703d0
2024-01-21T19:58:59.996 INFO:teuthology.orchestra.run.smithi053.stderr:/usr/bin/ceph:
2024-01-21T19:59:00.003+0000 7f2e1a7fc700 1 -- 172.21.15.53:0/3974660467 <== mon.0 v2:172.21.15.53:3300/0 2 ==== config(25 keys) v1 ==== 1010+0+0 (secure 0 0 0) 0x7f2e1c01b9e0 con 0x7f2e2c0703d0
2024-01-21T19:58:59.997 INFO:teuthology.orchestra.run.smithi053.stderr:/usr/bin/ceph:
2024-01-21T19:59:00.003+0000 7f2e340e9700 1 -- 172.21.15.53:0/3974660467 --> [v2:172.21.15.53:3300/0,v1:172.21.15.53:6789/0] -- mon_subscribe({mgrmap=0+}) v3 -- 0x7f2e2c10d2a0 con 0x7f2e2c0703d0
2024-01-21T19:58:59.997 INFO:teuthology.orchestra.run.smithi053.stderr:/usr/bin/ceph:
2024-01-21T19:59:00.003+0000 7f2e1a7fc700 1 -- 172.21.15.53:0/3974660467 <== mon.0 v2:172.21.15.53:3300/0 3 ==== mon_map magic: 0 v1 ==== 229+0+0 (secure 0 0 0) 0x7f2e1c01a880 con 0x7f2e2c0703d0
2024-01-21T19:58:59.997 INFO:teuthology.orchestra.run.smithi053.stderr:/usr/bin/ceph:
2024-01-21T19:59:00.003+0000 7f2e340e9700 1 -- 172.21.15.53:0/3974660467 --> [v2:172.21.15.53:3300/0,v1:172.21.15.53:6789/0] -- mon_subscribe({osdmap=0}) v3 -- 0x7f2e2c10d6b0 con 0x7f2e2c0703d0
2024-01-21T19:58:59.997 INFO:teuthology.orchestra.run.smithi053.stderr:/usr/bin/ceph:
2024-01-21T19:59:00.003+0000 7f2e1a7fc700 1 -- 172.21.15.53:0/3974660467 <== mon.0 v2:172.21.15.53:3300/0 4 ==== mgrmap(e 12) v1 ==== 36195+0+0 (secure 0 0 0) 0x7f2e1c00f070 con 0x7f2e2c0703d0
2024-01-21T19:58:59.997 INFO:teuthology.orchestra.run.smithi053.stderr:/usr/bin/ceph:
2024-01-21T19:59:00.004+0000 7f2e1a7fc700 1 --2- 172.21.15.53:0/3974660467 >> [v2:172.21.15.53:6800/3045083722,v1:172.21.15.53:6801/3045083722] conn(0x7f2e1402feb0 0x7f2e14032370 unknown :-1 s=NONE pgs=0 cs=0 l=1 rev1=0 rx=0 tx=0).connect
2024-01-21T19:58:59.997 INFO:teuthology.orchestra.run.smithi053.stderr:/usr/bin/ceph:
2024-01-21T19:59:00.004+0000 7f2e1a7fc700 1 -- 172.21.15.53:0/3974660467 <== mon.0 v2:172.21.15.53:3300/0 5 ==== osd_map(3..3 src has 1..3) v4 ==== 1098+0+0 (secure 0 0 0) 0x7f2e1c041360 con 0x7f2e2c0703d0
2024-01-21T19:58:59.997 INFO:teuthology.orchestra.run.smithi053.stderr:/usr/bin/ceph:
2024-01-21T19:59:00.004+0000 7f2e31684700 1 --2- 172.21.15.53:0/3974660467 >> [v2:172.21.15.53:6800/3045083722,v1:172.21.15.53:6801/3045083722] conn(0x7f2e1402feb0 0x7f2e14032370 unknown :-1 s=BANNER_CONNECTING pgs=0 cs=0 l=1 rev1=0 rx=0 tx=0)._handle_peer_banner_payload supported=1 required=0
2024-01-21T19:58:59.997 INFO:teuthology.orchestra.run.smithi053.stderr:/usr/bin/ceph:
2024-01-21T19:59:00.004+0000 7f2e340e9700 1 -- 172.21.15.53:0/3974660467 --> [v2:172.21.15.53:3300/0,v1:172.21.15.53:6789/0] -- mon_command({"prefix": "get_command_descriptions"} v 0) v1 -- 0x7f2e2c059100 con 0x7f2e2c0703d0
2024-01-21T19:58:59.997 INFO:teuthology.orchestra.run.smithi053.stderr:/usr/bin/ceph:
2024-01-21T19:59:00.004+0000 7f2e31684700 1 --2- 172.21.15.53:0/3974660467 >> [v2:172.21.15.53:6800/3045083722,v1:172.21.15.53:6801/3045083722] conn(0x7f2e1402feb0 0x7f2e14032370 secure :-1 s=READY pgs=7 cs=0 l=1 rev1=1 rx=0x7f2e280096a0 tx=0x7f2e28006b40).ready entity=mgr.14144 client_cookie=0 server_cookie=0 in_seq=0 out_seq=0
2024-01-21T19:59:00.000 INFO:teuthology.orchestra.run.smithi053.stderr:/usr/bin/ceph:
2024-01-21T19:59:00.008+0000 7f2e1a7fc700 1 -- 172.21.15.53:0/3974660467 <== mon.0 v2:172.21.15.53:3300/0 6 ==== mon_command_ack([{"prefix": "get_command_descriptions"}]=0 v0) v1 ==== 72+0+152212 (secure 0 0 0) 0x7f2e1c016070 con 0x7f2e2c0703d0
2024-01-21T19:59:00.188 INFO:teuthology.orchestra.run.smithi053.stderr:/usr/bin/ceph:
2024-01-21T19:59:00.196+0000 7f2e340e9700 1 -- 172.21.15.53:0/3974660467 --> [v2:172.21.15.53:6800/3045083722,v1:172.21.15.53:6801/3045083722] -- mgr_command(tid 0: {"prefix": "orch apply", "service_type": "node-exporter", "target": ["mon-mgr", ""]}) v1 -- 0x7f2e2c106af0 con 0x7f2e1402feb0
2024-01-21T19:59:00.192 INFO:teuthology.orchestra.run.smithi053.stderr:/usr/bin/ceph:
2024-01-21T19:59:00.200+0000 7f2e1a7fc700 1 -- 172.21.15.53:0/3974660467 <== mgr.14144 v2:172.21.15.53:6800/3045083722 1 ==== mgr_command_reply(tid 0: 0 ) v1 ==== 8+0+34 (secure 0 0 0) 0x7f2e2c106af0 con 0x7f2e1402feb0
2024-01-21T19:59:00.192 INFO:teuthology.orchestra.run.smithi053.stderr:/usr/bin/ceph: Scheduled node-exporter update...
2024-01-21T19:59:00.194 INFO:teuthology.orchestra.run.smithi053.stderr:/usr/bin/ceph:
2024-01-21T19:59:00.202+0000 7f2e340e9700 1 -- 172.21.15.53:0/3974660467 >> [v2:172.21.15.53:6800/3045083722,v1:172.21.15.53:6801/3045083722] conn(0x7f2e1402feb0 msgr2=0x7f2e14032370 secure :-1 s=STATE_CONNECTION_ESTABLISHED l=1).mark_down
2024-01-21T19:59:00.195 INFO:teuthology.orchestra.run.smithi053.stderr:/usr/bin/ceph:
2024-01-21T19:59:00.202+0000 7f2e340e9700 1 --2- 172.21.15.53:0/3974660467 >> [v2:172.21.15.53:6800/3045083722,v1:172.21.15.53:6801/3045083722] conn(0x7f2e1402feb0 0x7f2e14032370 secure :-1 s=READY pgs=7 cs=0 l=1 rev1=1 rx=0x7f2e280096a0 tx=0x7f2e28006b40).stop
2024-01-21T19:59:00.195 INFO:teuthology.orchestra.run.smithi053.stderr:/usr/bin/ceph:
2024-01-21T19:59:00.202+0000 7f2e340e9700 1 -- 172.21.15.53:0/3974660467 >> [v2:172.21.15.53:3300/0,v1:172.21.15.53:6789/0] conn(0x7f2e2c0703d0 msgr2=0x7f2e2c10cbb0 secure :-1 s=STATE_CONNECTION_ESTABLISHED l=1).mark_down
2024-01-21T19:59:00.195 INFO:teuthology.orchestra.run.smithi053.stderr:/usr/bin/ceph:
2024-01-21T19:59:00.202+0000 7f2e340e9700 1 --2- 172.21.15.53:0/3974660467 >> [v2:172.21.15.53:3300/0,v1:172.21.15.53:6789/0] conn(0x7f2e2c0703d0 0x7f2e2c10cbb0 secure :-1 s=READY pgs=61 cs=0 l=1 rev1=1 rx=0x7f2e1c00b190 tx=0x7f2e1c006ee0).stop
2024-01-21T19:59:00.195 INFO:teuthology.orchestra.run.smithi053.stderr:/usr/bin/ceph:
2024-01-21T19:59:00.202+0000 7f2e340e9700 1 -- 172.21.15.53:0/3974660467 shutdown_connections
2024-01-21T19:59:00.195 INFO:teuthology.orchestra.run.smithi053.stderr:/usr/bin/ceph:
2024-01-21T19:59:00.202+0000 7f2e340e9700 1 --2- 172.21.15.53:0/3974660467 >> [v2:172.21.15.53:6800/3045083722,v1:172.21.15.53:6801/3045083722] conn(0x7f2e1402feb0 0x7f2e14032370 unknown :-1 s=CLOSED pgs=7 cs=0 l=1 rev1=1 rx=0 tx=0).stop
2024-01-21T19:59:00.195 INFO:teuthology.orchestra.run.smithi053.stderr:/usr/bin/ceph:
2024-01-21T19:59:00.202+0000 7f2e340e9700 1 --2- 172.21.15.53:0/3974660467 >> [v2:172.21.15.53:3300/0,v1:172.21.15.53:6789/0] conn(0x7f2e2c0703d0 0x7f2e2c10cbb0 unknown :-1 s=CLOSED pgs=61 cs=0 l=1 rev1=1 rx=0 tx=0).stop
2024-01-21T19:59:00.195 INFO:teuthology.orchestra.run.smithi053.stderr:/usr/bin/ceph:
2024-01-21T19:59:00.202+0000 7f2e340e9700 1 -- 172.21.15.53:0/3974660467 >> 172.21.15.53:0/3974660467 conn(0x7f2e2c0f63c0 msgr2=0x7f2e2c0f7ea0 unknown :-1 s=STATE_NONE l=0).mark_down
2024-01-21T19:59:00.195 INFO:teuthology.orchestra.run.smithi053.stderr:/usr/bin/ceph:
2024-01-21T19:59:00.203+0000 7f2e340e9700 1 -- 172.21.15.53:0/3974660467 shutdown_connections
2024-01-21T19:59:00.195 INFO:teuthology.orchestra.run.smithi053.stderr:/usr/bin/ceph:
2024-01-21T19:59:00.203+0000 7f2e340e9700 1 -- 172.21.15.53:0/3974660467 wait complete.
2024-01-21T19:59:00.491 INFO:journalctl@ceph.mon.smithi053.smithi053.stdout:Jan 21 19:59:00 smithi053 ceph-57f6722c-b897-11ee-95b0-87774f69a715-mon.smithi053[38842]: audit
2024-01-21T19:58:59.305243+0000 mgr.smithi053.fgsmol (mgr.14144) 3 : audit [DBG] from='client.14152 -' entity='client.admin' cmd=[{"prefix": "orch apply", "service_type": "grafana", "target": ["mon-mgr", ""]}]: dispatch
2024-01-21T19:59:00.491 INFO:journalctl@ceph.mon.smithi053.smithi053.stdout:Jan 21 19:59:00 smithi053 ceph-57f6722c-b897-11ee-95b0-87774f69a715-mon.smithi053[38842]: cephadm
2024-01-21T19:58:59.305729+0000 mgr.smithi053.fgsmol (mgr.14144) 4 : cephadm [INF] Saving service grafana spec with placement count:1
2024-01-21T19:59:00.492 INFO:journalctl@ceph.mon.smithi053.smithi053.stdout:Jan 21 19:59:00 smithi053 ceph-57f6722c-b897-11ee-95b0-87774f69a715-mon.smithi053[38842]: cluster
2024-01-21T19:58:59.431497+0000 mon.smithi053 (mon.0) 80 : cluster [DBG] mgrmap e12: smithi053.fgsmol(active, since 2s)
2024-01-21T19:59:00.492 INFO:journalctl@ceph.mon.smithi053.smithi053.stdout:Jan 21 19:59:00 smithi053 ceph-57f6722c-b897-11ee-95b0-87774f69a715-mon.smithi053[38842]: audit
2024-01-21T19:59:00.201708+0000 mon.smithi053 (mon.0) 81 : audit [INF] from='mgr.14144 172.21.15.53:0/902443509' entity='mgr.smithi053.fgsmol'
2024-01-21T19:59:00.547 INFO:teuthology.orchestra.run.smithi053.stderr:Deploying alertmanager service with default placement...
2024-01-21T19:59:00.547 INFO:teuthology.orchestra.run.smithi053.stderr:Running command: /bin/podman run --rm --ipc=host --no-hosts --net=host --entrypoint /usr/bin/ceph --init -e CONTAINER_IMAGE=docker.io/ceph/ceph:v16.2.4 -e NODE_NAME=smithi053 -e CEPH_USE_RANDOM_NONCE=1 -v /var/log/ceph/57f6722c-b897-11ee-95b0-87774f69a715:/var/log/ceph:z -v /tmp/ceph-tmpw7bt2for:/etc/ceph/ceph.client.admin.keyring:z -v /tmp/ceph-tmp987f45g0:/etc/ceph/ceph.conf:z docker.io/ceph/ceph:v16.2.4 orch apply alertmanager
2024-01-21T19:59:00.891 INFO:teuthology.orchestra.run.smithi053.stderr:/usr/bin/ceph:
2024-01-21T19:59:00.897+0000 7f6ba9e96700 1 Processor -- start
2024-01-21T19:59:00.891 INFO:teuthology.orchestra.run.smithi053.stderr:/usr/bin/ceph:
2024-01-21T19:59:00.897+0000 7f6ba9e96700 1 -- start start
2024-01-21T19:59:00.891 INFO:teuthology.orchestra.run.smithi053.stderr:/usr/bin/ceph:
2024-01-21T19:59:00.897+0000 7f6ba9e96700 1 --2- >> [v2:172.21.15.53:3300/0,v1:172.21.15.53:6789/0] conn(0x7f6ba40fa9d0 0x7f6ba40fadf0 unknown :-1 s=NONE pgs=0 cs=0 l=0 rev1=0 rx=0 tx=0).connect
2024-01-21T19:59:00.891 INFO:teuthology.orchestra.run.smithi053.stderr:/usr/bin/ceph:
2024-01-21T19:59:00.897+0000 7f6ba9e96700 1 -- --> [v2:172.21.15.53:3300/0,v1:172.21.15.53:6789/0] -- mon_getmap magic: 0 v1 -- 0x7f6ba40fb2e0 con 0x7f6ba40fa9d0
2024-01-21T19:59:00.891 INFO:teuthology.orchestra.run.smithi053.stderr:/usr/bin/ceph:
2024-01-21T19:59:00.897+0000 7f6ba8e94700 1 --2- >> [v2:172.21.15.53:3300/0,v1:172.21.15.53:6789/0] conn(0x7f6ba40fa9d0 0x7f6ba40fadf0 unknown :-1 s=BANNER_CONNECTING pgs=0 cs=0 l=0 rev1=0 rx=0 tx=0)._handle_peer_banner_payload supported=1 required=0
2024-01-21T19:59:00.892 INFO:teuthology.orchestra.run.smithi053.stderr:/usr/bin/ceph:
2024-01-21T19:59:00.897+0000 7f6ba8e94700 1 --2- >> [v2:172.21.15.53:3300/0,v1:172.21.15.53:6789/0] conn(0x7f6ba40fa9d0 0x7f6ba40fadf0 unknown :-1 s=HELLO_CONNECTING pgs=0 cs=0 l=0 rev1=1 rx=0 tx=0).handle_hello peer v2:172.21.15.53:3300/0 says I am v2:172.21.15.53:37404/0 (socket says 172.21.15.53:37404)
2024-01-21T19:59:00.892 INFO:teuthology.orchestra.run.smithi053.stderr:/usr/bin/ceph:
2024-01-21T19:59:00.897+0000 7f6ba8e94700 1 -- 172.21.15.53:0/2175854708 learned_addr learned my addr 172.21.15.53:0/2175854708 (peer_addr_for_me v2:172.21.15.53:0/0)
2024-01-21T19:59:00.892 INFO:teuthology.orchestra.run.smithi053.stderr:/usr/bin/ceph:
2024-01-21T19:59:00.898+0000 7f6ba8e94700 1 -- 172.21.15.53:0/2175854708 --> [v2:172.21.15.53:3300/0,v1:172.21.15.53:6789/0] -- mon_subscribe({config=0+,monmap=0+}) v3 -- 0x7f6ba40fb420 con 0x7f6ba40fa9d0
2024-01-21T19:59:00.892 INFO:teuthology.orchestra.run.smithi053.stderr:/usr/bin/ceph:
2024-01-21T19:59:00.898+0000 7f6ba8e94700 1 --2- 172.21.15.53:0/2175854708 >> [v2:172.21.15.53:3300/0,v1:172.21.15.53:6789/0] conn(0x7f6ba40fa9d0 0x7f6ba40fadf0 secure :-1 s=READY pgs=62 cs=0 l=1 rev1=1 rx=0x7f6b9800b870 tx=0x7f6b98006f70).ready entity=mon.0 client_cookie=26ad2355c722673 server_cookie=0 in_seq=0 out_seq=0
2024-01-21T19:59:00.892 INFO:teuthology.orchestra.run.smithi053.stderr:/usr/bin/ceph:
2024-01-21T19:59:00.898+0000 7f6ba37fe700 1 -- 172.21.15.53:0/2175854708 <== mon.0 v2:172.21.15.53:3300/0 1 ==== mon_map magic: 0 v1 ==== 229+0+0 (secure 0 0 0) 0x7f6b9800da20 con 0x7f6ba40fa9d0
2024-01-21T19:59:00.892 INFO:teuthology.orchestra.run.smithi053.stderr:/usr/bin/ceph:
2024-01-21T19:59:00.898+0000 7f6ba37fe700 1 -- 172.21.15.53:0/2175854708 <== mon.0 v2:172.21.15.53:3300/0 2 ==== config(25 keys) v1 ==== 1010+0+0 (secure 0 0 0) 0x7f6b98010470 con 0x7f6ba40fa9d0
2024-01-21T19:59:00.892 INFO:teuthology.orchestra.run.smithi053.stderr:/usr/bin/ceph:
2024-01-21T19:59:00.898+0000 7f6ba37fe700 1 -- 172.21.15.53:0/2175854708 <== mon.0 v2:172.21.15.53:3300/0 3 ==== mon_map magic: 0 v1 ==== 229+0+0 (secure 0 0 0) 0x7f6b9800f5b0 con 0x7f6ba40fa9d0
2024-01-21T19:59:00.892 INFO:teuthology.orchestra.run.smithi053.stderr:/usr/bin/ceph:
2024-01-21T19:59:00.898+0000 7f6ba9e96700 1 -- 172.21.15.53:0/2175854708 >> [v2:172.21.15.53:3300/0,v1:172.21.15.53:6789/0] conn(0x7f6ba40fa9d0 msgr2=0x7f6ba40fadf0 secure :-1 s=STATE_CONNECTION_ESTABLISHED l=1).mark_down
2024-01-21T19:59:00.892 INFO:teuthology.orchestra.run.smithi053.stderr:/usr/bin/ceph:
2024-01-21T19:59:00.898+0000 7f6ba9e96700 1 --2- 172.21.15.53:0/2175854708 >> [v2:172.21.15.53:3300/0,v1:172.21.15.53:6789/0] conn(0x7f6ba40fa9d0 0x7f6ba40fadf0 secure :-1 s=READY pgs=62 cs=0 l=1 rev1=1 rx=0x7f6b9800b870 tx=0x7f6b98006f70).stop
2024-01-21T19:59:00.892 INFO:teuthology.orchestra.run.smithi053.stderr:/usr/bin/ceph:
2024-01-21T19:59:00.898+0000 7f6ba9e96700 1 -- 172.21.15.53:0/2175854708 shutdown_connections
2024-01-21T19:59:00.892 INFO:teuthology.orchestra.run.smithi053.stderr:/usr/bin/ceph:
2024-01-21T19:59:00.898+0000 7f6ba9e96700 1 --2- 172.21.15.53:0/2175854708 >> [v2:172.21.15.53:3300/0,v1:172.21.15.53:6789/0] conn(0x7f6ba40fa9d0 0x7f6ba40fadf0 unknown :-1 s=CLOSED pgs=62 cs=0 l=1 rev1=1 rx=0 tx=0).stop
2024-01-21T19:59:00.892 INFO:teuthology.orchestra.run.smithi053.stderr:/usr/bin/ceph:
2024-01-21T19:59:00.898+0000 7f6ba9e96700 1 -- 172.21.15.53:0/2175854708 >> 172.21.15.53:0/2175854708 conn(0x7f6ba40f6210 msgr2=0x7f6ba40f8630 unknown :-1 s=STATE_NONE l=0).mark_down
2024-01-21T19:59:00.892 INFO:teuthology.orchestra.run.smithi053.stderr:/usr/bin/ceph:
2024-01-21T19:59:00.898+0000 7f6ba9e96700 1 -- 172.21.15.53:0/2175854708 shutdown_connections
2024-01-21T19:59:00.893 INFO:teuthology.orchestra.run.smithi053.stderr:/usr/bin/ceph:
2024-01-21T19:59:00.899+0000 7f6ba9e96700 1 -- 172.21.15.53:0/2175854708 wait complete.
2024-01-21T19:59:00.893 INFO:teuthology.orchestra.run.smithi053.stderr:/usr/bin/ceph:
2024-01-21T19:59:00.899+0000 7f6ba9e96700 1 Processor -- start
2024-01-21T19:59:00.893 INFO:teuthology.orchestra.run.smithi053.stderr:/usr/bin/ceph:
2024-01-21T19:59:00.899+0000 7f6ba9e96700 1 -- start start
2024-01-21T19:59:00.895 INFO:teuthology.orchestra.run.smithi053.stderr:/usr/bin/ceph:
2024-01-21T19:59:00.900+0000 7f6ba9e96700 1 --2- >> [v2:172.21.15.53:3300/0,v1:172.21.15.53:6789/0] conn(0x7f6ba40fa9d0 0x7f6ba4108570 unknown :-1 s=NONE pgs=0 cs=0 l=1 rev1=0 rx=0 tx=0).connect
2024-01-21T19:59:00.895 INFO:teuthology.orchestra.run.smithi053.stderr:/usr/bin/ceph:
2024-01-21T19:59:00.900+0000 7f6ba9e96700 1 -- --> [v2:172.21.15.53:3300/0,v1:172.21.15.53:6789/0] -- mon_getmap magic: 0 v1 -- 0x7f6ba4108a60 con 0x7f6ba40fa9d0
2024-01-21T19:59:00.895 INFO:teuthology.orchestra.run.smithi053.stderr:/usr/bin/ceph:
2024-01-21T19:59:00.900+0000 7f6ba8e94700 1 --2- >> [v2:172.21.15.53:3300/0,v1:172.21.15.53:6789/0] conn(0x7f6ba40fa9d0 0x7f6ba4108570 unknown :-1 s=BANNER_CONNECTING pgs=0 cs=0 l=1 rev1=0 rx=0 tx=0)._handle_peer_banner_payload supported=1 required=0
2024-01-21T19:59:00.895 INFO:teuthology.orchestra.run.smithi053.stderr:/usr/bin/ceph:
2024-01-21T19:59:00.900+0000 7f6ba8e94700 1 --2- >> [v2:172.21.15.53:3300/0,v1:172.21.15.53:6789/0] conn(0x7f6ba40fa9d0 0x7f6ba4108570 unknown :-1 s=HELLO_CONNECTING pgs=0 cs=0 l=1 rev1=1 rx=0 tx=0).handle_hello peer v2:172.21.15.53:3300/0 says I am v2:172.21.15.53:37418/0 (socket says 172.21.15.53:37418)
2024-01-21T19:59:00.895 INFO:teuthology.orchestra.run.smithi053.stderr:/usr/bin/ceph:
2024-01-21T19:59:00.900+0000 7f6ba8e94700 1 -- 172.21.15.53:0/856164562 learned_addr learned my addr 172.21.15.53:0/856164562 (peer_addr_for_me v2:172.21.15.53:0/0)
2024-01-21T19:59:00.895 INFO:teuthology.orchestra.run.smithi053.stderr:/usr/bin/ceph:
2024-01-21T19:59:00.900+0000 7f6ba8e94700 1 -- 172.21.15.53:0/856164562 --> [v2:172.21.15.53:3300/0,v1:172.21.15.53:6789/0] -- mon_subscribe({config=0+,monmap=0+}) v3 -- 0x7f6b9800b480 con 0x7f6ba40fa9d0
2024-01-21T19:59:00.895 INFO:teuthology.orchestra.run.smithi053.stderr:/usr/bin/ceph:
2024-01-21T19:59:00.900+0000 7f6ba8e94700 1 --2- 172.21.15.53:0/856164562 >> [v2:172.21.15.53:3300/0,v1:172.21.15.53:6789/0] conn(0x7f6ba40fa9d0 0x7f6ba4108570 secure :-1 s=READY pgs=63 cs=0 l=1 rev1=1 rx=0x7f6b98006a40 tx=0x7f6b98006f70).ready entity=mon.0 client_cookie=0 server_cookie=0 in_seq=0 out_seq=0
2024-01-21T19:59:00.895 INFO:teuthology.orchestra.run.smithi053.stderr:/usr/bin/ceph:
2024-01-21T19:59:00.900+0000 7f6ba17fa700 1 -- 172.21.15.53:0/856164562 <== mon.0 v2:172.21.15.53:3300/0 1 ==== mon_map magic: 0 v1 ==== 229+0+0 (secure 0 0 0) 0x7f6b9800f3d0 con 0x7f6ba40fa9d0
2024-01-21T19:59:00.895 INFO:teuthology.orchestra.run.smithi053.stderr:/usr/bin/ceph:
2024-01-21T19:59:00.900+0000 7f6ba17fa700 1 -- 172.21.15.53:0/856164562 <== mon.0 v2:172.21.15.53:3300/0 2 ==== config(25 keys) v1 ==== 1010+0+0 (secure 0 0 0) 0x7f6b9800fef0 con 0x7f6ba40fa9d0
2024-01-21T19:59:00.895 INFO:teuthology.orchestra.run.smithi053.stderr:/usr/bin/ceph:
2024-01-21T19:59:00.900+0000 7f6ba9e96700 1 -- 172.21.15.53:0/856164562 --> [v2:172.21.15.53:3300/0,v1:172.21.15.53:6789/0] -- mon_subscribe({mgrmap=0+}) v3 -- 0x7f6ba4108c60 con 0x7f6ba40fa9d0
2024-01-21T19:59:00.895 INFO:teuthology.orchestra.run.smithi053.stderr:/usr/bin/ceph:
2024-01-21T19:59:00.900+0000 7f6ba17fa700 1 -- 172.21.15.53:0/856164562 <== mon.0 v2:172.21.15.53:3300/0 3 ==== mon_map magic: 0 v1 ==== 229+0+0 (secure 0 0 0) 0x7f6b98019d40 con 0x7f6ba40fa9d0
2024-01-21T19:59:00.896 INFO:teuthology.orchestra.run.smithi053.stderr:/usr/bin/ceph:
2024-01-21T19:59:00.900+0000 7f6ba9e96700 1 -- 172.21.15.53:0/856164562 --> [v2:172.21.15.53:3300/0,v1:172.21.15.53:6789/0] -- mon_subscribe({osdmap=0}) v3 -- 0x7f6ba4109070 con 0x7f6ba40fa9d0
2024-01-21T19:59:00.896 INFO:teuthology.orchestra.run.smithi053.stderr:/usr/bin/ceph:
2024-01-21T19:59:00.901+0000 7f6ba17fa700 1 -- 172.21.15.53:0/856164562 <== mon.0 v2:172.21.15.53:3300/0 4 ==== mgrmap(e 12) v1 ==== 36195+0+0 (secure 0 0 0) 0x7f6b9802b060 con 0x7f6ba40fa9d0
2024-01-21T19:59:00.896 INFO:teuthology.orchestra.run.smithi053.stderr:/usr/bin/ceph:
2024-01-21T19:59:00.901+0000 7f6ba17fa700 1 --2- 172.21.15.53:0/856164562 >> [v2:172.21.15.53:6800/3045083722,v1:172.21.15.53:6801/3045083722] conn(0x7f6b8802fe60 0x7f6b88032320 unknown :-1 s=NONE pgs=0 cs=0 l=1 rev1=0 rx=0 tx=0).connect
2024-01-21T19:59:00.896 INFO:teuthology.orchestra.run.smithi053.stderr:/usr/bin/ceph:
2024-01-21T19:59:00.901+0000 7f6ba17fa700 1 -- 172.21.15.53:0/856164562 <== mon.0 v2:172.21.15.53:3300/0 5 ==== osd_map(3..3 src has 1..3) v4 ==== 1098+0+0 (secure 0 0 0) 0x7f6b98044230 con 0x7f6ba40fa9d0
2024-01-21T19:59:00.896 INFO:teuthology.orchestra.run.smithi053.stderr:/usr/bin/ceph:
2024-01-21T19:59:00.901+0000 7f6ba9e96700 1 -- 172.21.15.53:0/856164562 --> [v2:172.21.15.53:3300/0,v1:172.21.15.53:6789/0] -- mon_command({"prefix": "get_command_descriptions"} v 0) v1 -- 0x7f6ba4045ad0 con 0x7f6ba40fa9d0
2024-01-21T19:59:00.896 INFO:teuthology.orchestra.run.smithi053.stderr:/usr/bin/ceph:
2024-01-21T19:59:00.901+0000 7f6ba3fff700 1 --2- 172.21.15.53:0/856164562 >> [v2:172.21.15.53:6800/3045083722,v1:172.21.15.53:6801/3045083722] conn(0x7f6b8802fe60 0x7f6b88032320 unknown :-1 s=BANNER_CONNECTING pgs=0 cs=0 l=1 rev1=0 rx=0 tx=0)._handle_peer_banner_payload supported=1 required=0
2024-01-21T19:59:00.896 INFO:teuthology.orchestra.run.smithi053.stderr:/usr/bin/ceph:
2024-01-21T19:59:00.902+0000 7f6ba3fff700 1 --2- 172.21.15.53:0/856164562 >> [v2:172.21.15.53:6800/3045083722,v1:172.21.15.53:6801/3045083722] conn(0x7f6b8802fe60 0x7f6b88032320 secure :-1 s=READY pgs=8 cs=0 l=1 rev1=1 rx=0x7f6b900096a0 tx=0x7f6b90006b40).ready entity=mgr.14144 client_cookie=0 server_cookie=0 in_seq=0 out_seq=0
2024-01-21T19:59:00.897 INFO:teuthology.orchestra.run.smithi053.stderr:/usr/bin/ceph:
2024-01-21T19:59:00.906+0000 7f6ba17fa700 1 -- 172.21.15.53:0/856164562 <== mon.0 v2:172.21.15.53:3300/0 6 ==== mon_command_ack([{"prefix": "get_command_descriptions"}]=0 v0) v1 ==== 72+0+152212 (secure 0 0 0) 0x7f6b98018ba0 con 0x7f6ba40fa9d0
2024-01-21T19:59:01.085 INFO:teuthology.orchestra.run.smithi053.stderr:/usr/bin/ceph:
2024-01-21T19:59:01.093+0000 7f6ba9e96700 1 -- 172.21.15.53:0/856164562 --> [v2:172.21.15.53:6800/3045083722,v1:172.21.15.53:6801/3045083722] -- mgr_command(tid 0: {"prefix": "orch apply", "service_type": "alertmanager", "target": ["mon-mgr", ""]}) v1 -- 0x7f6ba4109950 con 0x7f6b8802fe60
2024-01-21T19:59:01.088 INFO:teuthology.orchestra.run.smithi053.stderr:/usr/bin/ceph:
2024-01-21T19:59:01.096+0000 7f6ba17fa700 1 -- 172.21.15.53:0/856164562 <== mgr.14144 v2:172.21.15.53:6800/3045083722 1 ==== mgr_command_reply(tid 0: 0 ) v1 ==== 8+0+33 (secure 0 0 0) 0x7f6ba4109950 con 0x7f6b8802fe60
2024-01-21T19:59:01.088 INFO:teuthology.orchestra.run.smithi053.stderr:/usr/bin/ceph: Scheduled alertmanager update...
2024-01-21T19:59:01.090 INFO:teuthology.orchestra.run.smithi053.stderr:/usr/bin/ceph:
2024-01-21T19:59:01.098+0000 7f6ba9e96700 1 -- 172.21.15.53:0/856164562 >> [v2:172.21.15.53:6800/3045083722,v1:172.21.15.53:6801/3045083722] conn(0x7f6b8802fe60 msgr2=0x7f6b88032320 secure :-1 s=STATE_CONNECTION_ESTABLISHED l=1).mark_down
2024-01-21T19:59:01.091 INFO:teuthology.orchestra.run.smithi053.stderr:/usr/bin/ceph:
2024-01-21T19:59:01.098+0000 7f6ba9e96700 1 --2- 172.21.15.53:0/856164562 >> [v2:172.21.15.53:6800/3045083722,v1:172.21.15.53:6801/3045083722] conn(0x7f6b8802fe60 0x7f6b88032320 secure :-1 s=READY pgs=8 cs=0 l=1 rev1=1 rx=0x7f6b900096a0 tx=0x7f6b90006b40).stop
2024-01-21T19:59:01.091 INFO:teuthology.orchestra.run.smithi053.stderr:/usr/bin/ceph:
2024-01-21T19:59:01.098+0000 7f6ba9e96700 1 -- 172.21.15.53:0/856164562 >> [v2:172.21.15.53:3300/0,v1:172.21.15.53:6789/0] conn(0x7f6ba40fa9d0 msgr2=0x7f6ba4108570 secure :-1 s=STATE_CONNECTION_ESTABLISHED l=1).mark_down
2024-01-21T19:59:01.091 INFO:teuthology.orchestra.run.smithi053.stderr:/usr/bin/ceph:
2024-01-21T19:59:01.098+0000 7f6ba9e96700 1 --2- 172.21.15.53:0/856164562 >> [v2:172.21.15.53:3300/0,v1:172.21.15.53:6789/0] conn(0x7f6ba40fa9d0 0x7f6ba4108570 secure :-1 s=READY pgs=63 cs=0 l=1 rev1=1 rx=0x7f6b98006a40 tx=0x7f6b98006f70).stop
2024-01-21T19:59:01.091 INFO:teuthology.orchestra.run.smithi053.stderr:/usr/bin/ceph:
2024-01-21T19:59:01.098+0000 7f6ba9e96700 1 -- 172.21.15.53:0/856164562 shutdown_connections
2024-01-21T19:59:01.091 INFO:teuthology.orchestra.run.smithi053.stderr:/usr/bin/ceph:
2024-01-21T19:59:01.098+0000 7f6ba9e96700 1 --2- 172.21.15.53:0/856164562 >> [v2:172.21.15.53:6800/3045083722,v1:172.21.15.53:6801/3045083722] conn(0x7f6b8802fe60 0x7f6b88032320 unknown :-1 s=CLOSED pgs=8 cs=0 l=1 rev1=1 rx=0 tx=0).stop
2024-01-21T19:59:01.091 INFO:teuthology.orchestra.run.smithi053.stderr:/usr/bin/ceph:
2024-01-21T19:59:01.098+0000 7f6ba9e96700 1 --2- 172.21.15.53:0/856164562 >> [v2:172.21.15.53:3300/0,v1:172.21.15.53:6789/0] conn(0x7f6ba40fa9d0 0x7f6ba4108570 unknown :-1 s=CLOSED pgs=63 cs=0 l=1 rev1=1 rx=0 tx=0).stop
2024-01-21T19:59:01.091 INFO:teuthology.orchestra.run.smithi053.stderr:/usr/bin/ceph:
2024-01-21T19:59:01.098+0000 7f6ba9e96700 1 -- 172.21.15.53:0/856164562 >> 172.21.15.53:0/856164562 conn(0x7f6ba40f6210 msgr2=0x7f6ba40ff760 unknown :-1 s=STATE_NONE l=0).mark_down
2024-01-21T19:59:01.091 INFO:teuthology.orchestra.run.smithi053.stderr:/usr/bin/ceph:
2024-01-21T19:59:01.098+0000 7f6ba9e96700 1 -- 172.21.15.53:0/856164562 shutdown_connections
2024-01-21T19:59:01.091 INFO:teuthology.orchestra.run.smithi053.stderr:/usr/bin/ceph:
2024-01-21T19:59:01.098+0000 7f6ba9e96700 1 -- 172.21.15.53:0/856164562 wait complete.
2024-01-21T19:59:01.422 INFO:teuthology.orchestra.run.smithi053.stderr:Running command: /bin/podman run --rm --ipc=host --no-hosts --net=host --entrypoint /usr/bin/ceph --init -e CONTAINER_IMAGE=docker.io/ceph/ceph:v16.2.4 -e NODE_NAME=smithi053 -e CEPH_USE_RANDOM_NONCE=1 -v /var/log/ceph/57f6722c-b897-11ee-95b0-87774f69a715:/var/log/ceph:z -v /tmp/ceph-tmpw7bt2for:/etc/ceph/ceph.client.admin.keyring:z -v /tmp/ceph-tmp987f45g0:/etc/ceph/ceph.conf:z docker.io/ceph/ceph:v16.2.4 config set mgr mgr/cephadm/container_init True --force
2024-01-21T19:59:01.684 INFO:journalctl@ceph.mon.smithi053.smithi053.stdout:Jan 21 19:59:01 smithi053 ceph-57f6722c-b897-11ee-95b0-87774f69a715-mon.smithi053[38842]: audit
2024-01-21T19:59:00.198745+0000 mgr.smithi053.fgsmol (mgr.14144) 5 : audit [DBG] from='client.14154 -' entity='client.admin' cmd=[{"prefix": "orch apply", "service_type": "node-exporter", "target": ["mon-mgr", ""]}]: dispatch
2024-01-21T19:59:01.684 INFO:journalctl@ceph.mon.smithi053.smithi053.stdout:Jan 21 19:59:01 smithi053 ceph-57f6722c-b897-11ee-95b0-87774f69a715-mon.smithi053[38842]: cephadm
2024-01-21T19:59:00.199413+0000 mgr.smithi053.fgsmol (mgr.14144) 6 : cephadm [INF] Saving service node-exporter spec with placement *
2024-01-21T19:59:01.684 INFO:journalctl@ceph.mon.smithi053.smithi053.stdout:Jan 21 19:59:01 smithi053 ceph-57f6722c-b897-11ee-95b0-87774f69a715-mon.smithi053[38842]: audit
2024-01-21T19:59:01.097726+0000 mon.smithi053 (mon.0) 82 : audit [INF] from='mgr.14144 172.21.15.53:0/902443509' entity='mgr.smithi053.fgsmol'
2024-01-21T19:59:01.781 INFO:teuthology.orchestra.run.smithi053.stderr:/usr/bin/ceph:
2024-01-21T19:59:01.788+0000 7fd121da0700 1 Processor -- start
2024-01-21T19:59:01.781 INFO:teuthology.orchestra.run.smithi053.stderr:/usr/bin/ceph:
2024-01-21T19:59:01.788+0000 7fd121da0700 1 -- start start
2024-01-21T19:59:01.781 INFO:teuthology.orchestra.run.smithi053.stderr:/usr/bin/ceph:
2024-01-21T19:59:01.788+0000 7fd121da0700 1 --2- >> [v2:172.21.15.53:3300/0,v1:172.21.15.53:6789/0] conn(0x7fd11c0724b0 0x7fd11c070a50 unknown :-1 s=NONE pgs=0 cs=0 l=0 rev1=0 rx=0 tx=0).connect
2024-01-21T19:59:01.781 INFO:teuthology.orchestra.run.smithi053.stderr:/usr/bin/ceph:
2024-01-21T19:59:01.788+0000 7fd121da0700 1 -- --> [v2:172.21.15.53:3300/0,v1:172.21.15.53:6789/0] -- mon_getmap magic: 0 v1 -- 0x7fd11c0728d0 con 0x7fd11c0724b0
2024-01-21T19:59:01.781 INFO:teuthology.orchestra.run.smithi053.stderr:/usr/bin/ceph:
2024-01-21T19:59:01.788+0000 7fd11b7fe700 1 --2- >> [v2:172.21.15.53:3300/0,v1:172.21.15.53:6789/0] conn(0x7fd11c0724b0 0x7fd11c070a50 unknown :-1 s=BANNER_CONNECTING pgs=0 cs=0 l=0 rev1=0 rx=0 tx=0)._handle_peer_banner_payload supported=1 required=0
2024-01-21T19:59:01.782 INFO:teuthology.orchestra.run.smithi053.stderr:/usr/bin/ceph:
2024-01-21T19:59:01.789+0000 7fd11b7fe700 1 --2- >> [v2:172.21.15.53:3300/0,v1:172.21.15.53:6789/0] conn(0x7fd11c0724b0 0x7fd11c070a50 unknown :-1 s=HELLO_CONNECTING pgs=0 cs=0 l=0 rev1=1 rx=0 tx=0).handle_hello peer v2:172.21.15.53:3300/0 says I am v2:172.21.15.53:37434/0 (socket says 172.21.15.53:37434)
2024-01-21T19:59:01.782 INFO:teuthology.orchestra.run.smithi053.stderr:/usr/bin/ceph:
2024-01-21T19:59:01.789+0000 7fd11b7fe700 1 -- 172.21.15.53:0/1920929903 learned_addr learned my addr 172.21.15.53:0/1920929903 (peer_addr_for_me v2:172.21.15.53:0/0)
2024-01-21T19:59:01.782 INFO:teuthology.orchestra.run.smithi053.stderr:/usr/bin/ceph:
2024-01-21T19:59:01.789+0000 7fd11b7fe700 1 -- 172.21.15.53:0/1920929903 --> [v2:172.21.15.53:3300/0,v1:172.21.15.53:6789/0] -- mon_subscribe({config=0+,monmap=0+}) v3 -- 0x7fd11c070f40 con 0x7fd11c0724b0
2024-01-21T19:59:01.782 INFO:teuthology.orchestra.run.smithi053.stderr:/usr/bin/ceph:
2024-01-21T19:59:01.789+0000 7fd11b7fe700 1 --2- 172.21.15.53:0/1920929903 >> [v2:172.21.15.53:3300/0,v1:172.21.15.53:6789/0] conn(0x7fd11c0724b0 0x7fd11c070a50 secure :-1 s=READY pgs=64 cs=0 l=1 rev1=1 rx=0x7fd10400b5f0 tx=0x7fd104006ee0).ready entity=mon.0 client_cookie=93453cda0029879f server_cookie=0 in_seq=0 out_seq=0
2024-01-21T19:59:01.782 INFO:teuthology.orchestra.run.smithi053.stderr:/usr/bin/ceph:
2024-01-21T19:59:01.789+0000 7fd11a7fc700 1 -- 172.21.15.53:0/1920929903 <== mon.0 v2:172.21.15.53:3300/0 1 ==== mon_map magic: 0 v1 ==== 229+0+0 (secure 0 0 0) 0x7fd10400d600 con 0x7fd11c0724b0
