2024-01-21T19:59:04.645 INFO:teuthology.orchestra.run.smithi053.stderr:/usr/bin/ceph:
2024-01-21T19:59:04.651+0000 7f8ba7569700 1 -- 172.21.15.53:0/32942450 wait complete.
2024-01-21T19:59:04.645 INFO:teuthology.orchestra.run.smithi053.stderr:/usr/bin/ceph:
2024-01-21T19:59:04.651+0000 7f8ba7569700 1 Processor -- start
2024-01-21T19:59:04.645 INFO:teuthology.orchestra.run.smithi053.stderr:/usr/bin/ceph:
2024-01-21T19:59:04.652+0000 7f8ba7569700 1 -- start start
2024-01-21T19:59:04.645 INFO:teuthology.orchestra.run.smithi053.stderr:/usr/bin/ceph:
2024-01-21T19:59:04.652+0000 7f8ba7569700 1 --2- >> [v2:172.21.15.53:3300/0,v1:172.21.15.53:6789/0] conn(0x7f8ba00703f0 0x7f8ba010ccf0 unknown :-1 s=NONE pgs=0 cs=0 l=1 rev1=0 rx=0 tx=0).connect
2024-01-21T19:59:04.645 INFO:teuthology.orchestra.run.smithi053.stderr:/usr/bin/ceph:
2024-01-21T19:59:04.652+0000 7f8ba7569700 1 -- --> [v2:172.21.15.53:3300/0,v1:172.21.15.53:6789/0] -- mon_getmap magic: 0 v1 -- 0x7f8ba010d1e0 con 0x7f8ba00703f0
2024-01-21T19:59:04.645 INFO:teuthology.orchestra.run.smithi053.stderr:/usr/bin/ceph:
2024-01-21T19:59:04.652+0000 7f8ba5305700 1 --2- >> [v2:172.21.15.53:3300/0,v1:172.21.15.53:6789/0] conn(0x7f8ba00703f0 0x7f8ba010ccf0 unknown :-1 s=BANNER_CONNECTING pgs=0 cs=0 l=1 rev1=0 rx=0 tx=0)._handle_peer_banner_payload supported=1 required=0
2024-01-21T19:59:04.645 INFO:teuthology.orchestra.run.smithi053.stderr:/usr/bin/ceph:
2024-01-21T19:59:04.652+0000 7f8ba5305700 1 --2- >> [v2:172.21.15.53:3300/0,v1:172.21.15.53:6789/0] conn(0x7f8ba00703f0 0x7f8ba010ccf0 unknown :-1 s=HELLO_CONNECTING pgs=0 cs=0 l=1 rev1=1 rx=0 tx=0).handle_hello peer v2:172.21.15.53:3300/0 says I am v2:172.21.15.53:37512/0 (socket says 172.21.15.53:37512)
2024-01-21T19:59:04.646 INFO:teuthology.orchestra.run.smithi053.stderr:/usr/bin/ceph:
2024-01-21T19:59:04.652+0000 7f8ba5305700 1 -- 172.21.15.53:0/1601369703 learned_addr learned my addr 172.21.15.53:0/1601369703 (peer_addr_for_me v2:172.21.15.53:0/0)
2024-01-21T19:59:04.646 INFO:teuthology.orchestra.run.smithi053.stderr:/usr/bin/ceph:
2024-01-21T19:59:04.652+0000 7f8ba5305700 1 -- 172.21.15.53:0/1601369703 --> [v2:172.21.15.53:3300/0,v1:172.21.15.53:6789/0] -- mon_subscribe({config=0+,monmap=0+}) v3 -- 0x7f8b9c00b200 con 0x7f8ba00703f0
2024-01-21T19:59:04.646 INFO:teuthology.orchestra.run.smithi053.stderr:/usr/bin/ceph:
2024-01-21T19:59:04.652+0000 7f8ba5305700 1 --2- 172.21.15.53:0/1601369703 >> [v2:172.21.15.53:3300/0,v1:172.21.15.53:6789/0] conn(0x7f8ba00703f0 0x7f8ba010ccf0 secure :-1 s=READY pgs=73 cs=0 l=1 rev1=1 rx=0x7f8b9c00e040 tx=0x7f8b9c006ee0).ready entity=mon.0 client_cookie=0 server_cookie=0 in_seq=0 out_seq=0
2024-01-21T19:59:04.647 INFO:teuthology.orchestra.run.smithi053.stderr:/usr/bin/ceph:
2024-01-21T19:59:04.652+0000 7f8b8dffb700 1 -- 172.21.15.53:0/1601369703 <== mon.0 v2:172.21.15.53:3300/0 1 ==== mon_map magic: 0 v1 ==== 229+0+0 (secure 0 0 0) 0x7f8b9c00d9f0 con 0x7f8ba00703f0
2024-01-21T19:59:04.647 INFO:teuthology.orchestra.run.smithi053.stderr:/usr/bin/ceph:
2024-01-21T19:59:04.653+0000 7f8b8dffb700 1 -- 172.21.15.53:0/1601369703 <== mon.0 v2:172.21.15.53:3300/0 2 ==== config(25 keys) v1 ==== 1010+0+0 (secure 0 0 0) 0x7f8b9c01a9f0 con 0x7f8ba00703f0
2024-01-21T19:59:04.647 INFO:teuthology.orchestra.run.smithi053.stderr:/usr/bin/ceph:
2024-01-21T19:59:04.653+0000 7f8ba7569700 1 -- 172.21.15.53:0/1601369703 --> [v2:172.21.15.53:3300/0,v1:172.21.15.53:6789/0] -- mon_subscribe({mgrmap=0+}) v3 -- 0x7f8ba010d3e0 con 0x7f8ba00703f0
2024-01-21T19:59:04.647 INFO:teuthology.orchestra.run.smithi053.stderr:/usr/bin/ceph:
2024-01-21T19:59:04.653+0000 7f8b8dffb700 1 -- 172.21.15.53:0/1601369703 <== mon.0 v2:172.21.15.53:3300/0 3 ==== mon_map magic: 0 v1 ==== 229+0+0 (secure 0 0 0) 0x7f8b9c01b8c0 con 0x7f8ba00703f0
2024-01-21T19:59:04.647 INFO:teuthology.orchestra.run.smithi053.stderr:/usr/bin/ceph:
2024-01-21T19:59:04.653+0000 7f8ba7569700 1 -- 172.21.15.53:0/1601369703 --> [v2:172.21.15.53:3300/0,v1:172.21.15.53:6789/0] -- mon_subscribe({osdmap=0}) v3 -- 0x7f8ba010d7f0 con 0x7f8ba00703f0
2024-01-21T19:59:04.647 INFO:teuthology.orchestra.run.smithi053.stderr:/usr/bin/ceph:
2024-01-21T19:59:04.654+0000 7f8ba7569700 1 -- 172.21.15.53:0/1601369703 --> [v2:172.21.15.53:3300/0,v1:172.21.15.53:6789/0] -- mon_command({"prefix": "get_command_descriptions"} v 0) v1 -- 0x7f8ba0045ad0 con 0x7f8ba00703f0
2024-01-21T19:59:04.647 INFO:teuthology.orchestra.run.smithi053.stderr:/usr/bin/ceph:
2024-01-21T19:59:04.654+0000 7f8b8dffb700 1 -- 172.21.15.53:0/1601369703 <== mon.0 v2:172.21.15.53:3300/0 4 ==== mgrmap(e 13) v1 ==== 36208+0+0 (secure 0 0 0) 0x7f8b9c00f070 con 0x7f8ba00703f0
2024-01-21T19:59:04.647 INFO:teuthology.orchestra.run.smithi053.stderr:/usr/bin/ceph:
2024-01-21T19:59:04.654+0000 7f8b8dffb700 1 --2- 172.21.15.53:0/1601369703 >> [v2:172.21.15.53:6800/3045083722,v1:172.21.15.53:6801/3045083722] conn(0x7f8b8802feb0 0x7f8b88032370 unknown :-1 s=NONE pgs=0 cs=0 l=1 rev1=0 rx=0 tx=0).connect
2024-01-21T19:59:04.647 INFO:teuthology.orchestra.run.smithi053.stderr:/usr/bin/ceph:
2024-01-21T19:59:04.654+0000 7f8b8dffb700 1 -- 172.21.15.53:0/1601369703 <== mon.0 v2:172.21.15.53:3300/0 5 ==== osd_map(3..3 src has 1..3) v4 ==== 1098+0+0 (secure 0 0 0) 0x7f8b9c041480 con 0x7f8ba00703f0
2024-01-21T19:59:04.647 INFO:teuthology.orchestra.run.smithi053.stderr:/usr/bin/ceph:
2024-01-21T19:59:04.654+0000 7f8ba4b04700 1 -- 172.21.15.53:0/1601369703 >> [v2:172.21.15.53:6800/3045083722,v1:172.21.15.53:6801/3045083722] conn(0x7f8b8802feb0 msgr2=0x7f8b88032370 unknown :-1 s=STATE_CONNECTING_RE l=1).process reconnect failed to v2:172.21.15.53:6800/3045083722
2024-01-21T19:59:04.648 INFO:teuthology.orchestra.run.smithi053.stderr:/usr/bin/ceph:
2024-01-21T19:59:04.654+0000 7f8ba4b04700 1 --2- 172.21.15.53:0/1601369703 >> [v2:172.21.15.53:6800/3045083722,v1:172.21.15.53:6801/3045083722] conn(0x7f8b8802feb0 0x7f8b88032370 unknown :-1 s=START_CONNECT pgs=0 cs=0 l=1 rev1=0 rx=0 tx=0)._fault waiting 0.200000
2024-01-21T19:59:04.650 INFO:teuthology.orchestra.run.smithi053.stderr:/usr/bin/ceph:
2024-01-21T19:59:04.658+0000 7f8b8dffb700 1 -- 172.21.15.53:0/1601369703 <== mon.0 v2:172.21.15.53:3300/0 6 ==== mon_command_ack([{"prefix": "get_command_descriptions"}]=0 v0) v1 ==== 72+0+152212 (secure 0 0 0) 0x7f8b9c022d50 con 0x7f8ba00703f0
2024-01-21T19:59:04.847 INFO:teuthology.orchestra.run.smithi053.stderr:/usr/bin/ceph:
2024-01-21T19:59:04.855+0000 7f8ba4b04700 1 -- 172.21.15.53:0/1601369703 >> [v2:172.21.15.53:6800/3045083722,v1:172.21.15.53:6801/3045083722] conn(0x7f8b8802feb0 msgr2=0x7f8b88032370 unknown :-1 s=STATE_CONNECTING_RE l=1).process reconnect failed to v2:172.21.15.53:6800/3045083722
2024-01-21T19:59:04.847 INFO:teuthology.orchestra.run.smithi053.stderr:/usr/bin/ceph:
2024-01-21T19:59:04.855+0000 7f8ba4b04700 1 --2- 172.21.15.53:0/1601369703 >> [v2:172.21.15.53:6800/3045083722,v1:172.21.15.53:6801/3045083722] conn(0x7f8b8802feb0 0x7f8b88032370 unknown :-1 s=START_CONNECT pgs=0 cs=0 l=1 rev1=0 rx=0 tx=0)._fault waiting 0.400000
2024-01-21T19:59:04.871 INFO:teuthology.orchestra.run.smithi053.stderr:/usr/bin/ceph:
2024-01-21T19:59:04.878+0000 7f8ba7569700 1 -- 172.21.15.53:0/1601369703 --> [v2:172.21.15.53:3300/0,v1:172.21.15.53:6789/0] -- mon_command({"prefix": "mgr stat"} v 0) v1 -- 0x7f8ba01065d0 con 0x7f8ba00703f0
2024-01-21T19:59:04.871 INFO:teuthology.orchestra.run.smithi053.stderr:/usr/bin/ceph:
2024-01-21T19:59:04.879+0000 7f8b8dffb700 1 -- 172.21.15.53:0/1601369703 <== mon.0 v2:172.21.15.53:3300/0 7 ==== mon_command_ack([{"prefix": "mgr stat"}]=0 v13) v1 ==== 56+0+104 (secure 0 0 0) 0x7f8b9c016070 con 0x7f8ba00703f0
2024-01-21T19:59:04.871 INFO:teuthology.orchestra.run.smithi053.stderr:/usr/bin/ceph: {
2024-01-21T19:59:04.871 INFO:teuthology.orchestra.run.smithi053.stderr:/usr/bin/ceph: "epoch": 13,
2024-01-21T19:59:04.872 INFO:teuthology.orchestra.run.smithi053.stderr:/usr/bin/ceph: "available": true,
2024-01-21T19:59:04.872 INFO:teuthology.orchestra.run.smithi053.stderr:/usr/bin/ceph: "active_name": "smithi053.fgsmol",
2024-01-21T19:59:04.872 INFO:teuthology.orchestra.run.smithi053.stderr:/usr/bin/ceph: "num_standby": 0
2024-01-21T19:59:04.872 INFO:teuthology.orchestra.run.smithi053.stderr:/usr/bin/ceph: }
2024-01-21T19:59:04.876 INFO:teuthology.orchestra.run.smithi053.stderr:/usr/bin/ceph:
2024-01-21T19:59:04.881+0000 7f8ba7569700 1 -- 172.21.15.53:0/1601369703 >> [v2:172.21.15.53:6800/3045083722,v1:172.21.15.53:6801/3045083722] conn(0x7f8b8802feb0 msgr2=0x7f8b88032370 unknown :-1 s=STATE_CONNECTING l=1).mark_down
2024-01-21T19:59:04.876 INFO:teuthology.orchestra.run.smithi053.stderr:/usr/bin/ceph:
2024-01-21T19:59:04.881+0000 7f8ba7569700 1 --2- 172.21.15.53:0/1601369703 >> [v2:172.21.15.53:6800/3045083722,v1:172.21.15.53:6801/3045083722] conn(0x7f8b8802feb0 0x7f8b88032370 unknown :-1 s=START_CONNECT pgs=0 cs=0 l=1 rev1=0 rx=0 tx=0).stop
2024-01-21T19:59:04.876 INFO:teuthology.orchestra.run.smithi053.stderr:/usr/bin/ceph:
2024-01-21T19:59:04.881+0000 7f8ba7569700 1 -- 172.21.15.53:0/1601369703 >> [v2:172.21.15.53:3300/0,v1:172.21.15.53:6789/0] conn(0x7f8ba00703f0 msgr2=0x7f8ba010ccf0 secure :-1 s=STATE_CONNECTION_ESTABLISHED l=1).mark_down
2024-01-21T19:59:04.876 INFO:teuthology.orchestra.run.smithi053.stderr:/usr/bin/ceph:
2024-01-21T19:59:04.881+0000 7f8ba7569700 1 --2- 172.21.15.53:0/1601369703 >> [v2:172.21.15.53:3300/0,v1:172.21.15.53:6789/0] conn(0x7f8ba00703f0 0x7f8ba010ccf0 secure :-1 s=READY pgs=73 cs=0 l=1 rev1=1 rx=0x7f8b9c00e040 tx=0x7f8b9c006ee0).stop
2024-01-21T19:59:04.876 INFO:teuthology.orchestra.run.smithi053.stderr:/usr/bin/ceph:
2024-01-21T19:59:04.881+0000 7f8ba7569700 1 -- 172.21.15.53:0/1601369703 shutdown_connections
2024-01-21T19:59:04.876 INFO:teuthology.orchestra.run.smithi053.stderr:/usr/bin/ceph:
2024-01-21T19:59:04.881+0000 7f8ba7569700 1 --2- 172.21.15.53:0/1601369703 >> [v2:172.21.15.53:6800/3045083722,v1:172.21.15.53:6801/3045083722] conn(0x7f8b8802feb0 0x7f8b88032370 unknown :-1 s=CLOSED pgs=0 cs=0 l=1 rev1=0 rx=0 tx=0).stop
2024-01-21T19:59:04.876 INFO:teuthology.orchestra.run.smithi053.stderr:/usr/bin/ceph:
2024-01-21T19:59:04.882+0000 7f8ba7569700 1 --2- 172.21.15.53:0/1601369703 >> [v2:172.21.15.53:3300/0,v1:172.21.15.53:6789/0] conn(0x7f8ba00703f0 0x7f8ba010ccf0 unknown :-1 s=CLOSED pgs=73 cs=0 l=1 rev1=1 rx=0 tx=0).stop
2024-01-21T19:59:04.876 INFO:teuthology.orchestra.run.smithi053.stderr:/usr/bin/ceph:
2024-01-21T19:59:04.882+0000 7f8ba7569700 1 -- 172.21.15.53:0/1601369703 >> 172.21.15.53:0/1601369703 conn(0x7f8ba00f63c0 msgr2=0x7f8ba00f7ef0 unknown :-1 s=STATE_NONE l=0).mark_down
2024-01-21T19:59:04.877 INFO:teuthology.orchestra.run.smithi053.stderr:/usr/bin/ceph:
2024-01-21T19:59:04.882+0000 7f8ba7569700 1 -- 172.21.15.53:0/1601369703 shutdown_connections
2024-01-21T19:59:04.877 INFO:teuthology.orchestra.run.smithi053.stderr:/usr/bin/ceph:
2024-01-21T19:59:04.882+0000 7f8ba7569700 1 -- 172.21.15.53:0/1601369703 wait complete.
2024-01-21T19:59:05.145 INFO:journalctl@ceph.mon.smithi053.smithi053.stdout:Jan 21 19:59:04 smithi053 ceph-57f6722c-b897-11ee-95b0-87774f69a715-mon.smithi053[38842]: audit
2024-01-21T19:59:03.876743+0000 mon.smithi053 (mon.0) 86 : audit [INF] from='client.? 172.21.15.53:0/2122137403' entity='client.admin' cmd='[{"prefix": "mgr module enable", "module": "dashboard"}]': finished
2024-01-21T19:59:05.145 INFO:journalctl@ceph.mon.smithi053.smithi053.stdout:Jan 21 19:59:04 smithi053 ceph-57f6722c-b897-11ee-95b0-87774f69a715-mon.smithi053[38842]: cluster
2024-01-21T19:59:03.876828+0000 mon.smithi053 (mon.0) 87 : cluster [DBG] mgrmap e13: smithi053.fgsmol(active, since 7s)
2024-01-21T19:59:05.238 INFO:teuthology.orchestra.run.smithi053.stderr:Waiting for the mgr to restart...
2024-01-21T19:59:05.239 INFO:teuthology.orchestra.run.smithi053.stderr:Waiting for mgr epoch 13...
2024-01-21T19:59:05.239 INFO:teuthology.orchestra.run.smithi053.stderr:Running command: /bin/podman run --rm --ipc=host --no-hosts --net=host --entrypoint /usr/bin/ceph --init -e CONTAINER_IMAGE=docker.io/ceph/ceph:v16.2.4 -e NODE_NAME=smithi053 -e CEPH_USE_RANDOM_NONCE=1 -v /var/log/ceph/57f6722c-b897-11ee-95b0-87774f69a715:/var/log/ceph:z -v /tmp/ceph-tmpw7bt2for:/etc/ceph/ceph.client.admin.keyring:z -v /tmp/ceph-tmp987f45g0:/etc/ceph/ceph.conf:z docker.io/ceph/ceph:v16.2.4 tell mgr mgr_status
2024-01-21T19:59:05.742 INFO:teuthology.orchestra.run.smithi053.stderr:/usr/bin/ceph:
2024-01-21T19:59:05.749+0000 7fb713345700 1 Processor -- start
2024-01-21T19:59:05.742 INFO:teuthology.orchestra.run.smithi053.stderr:/usr/bin/ceph:
2024-01-21T19:59:05.749+0000 7fb713345700 1 -- start start
2024-01-21T19:59:05.742 INFO:teuthology.orchestra.run.smithi053.stderr:/usr/bin/ceph:
2024-01-21T19:59:05.749+0000 7fb713345700 1 --2- >> [v2:172.21.15.53:3300/0,v1:172.21.15.53:6789/0] conn(0x7fb70c070430 0x7fb70c0fe8e0 unknown :-1 s=NONE pgs=0 cs=0 l=0 rev1=0 rx=0 tx=0).connect
2024-01-21T19:59:05.743 INFO:teuthology.orchestra.run.smithi053.stderr:/usr/bin/ceph:
2024-01-21T19:59:05.749+0000 7fb713345700 1 -- --> [v2:172.21.15.53:3300/0,v1:172.21.15.53:6789/0] -- mon_getmap magic: 0 v1 -- 0x7fb70c0fedd0 con 0x7fb70c070430
2024-01-21T19:59:05.743 INFO:teuthology.orchestra.run.smithi053.stderr:/usr/bin/ceph:
2024-01-21T19:59:05.749+0000 7fb7110e1700 1 --2- >> [v2:172.21.15.53:3300/0,v1:172.21.15.53:6789/0] conn(0x7fb70c070430 0x7fb70c0fe8e0 unknown :-1 s=BANNER_CONNECTING pgs=0 cs=0 l=0 rev1=0 rx=0 tx=0)._handle_peer_banner_payload supported=1 required=0
2024-01-21T19:59:05.743 INFO:teuthology.orchestra.run.smithi053.stderr:/usr/bin/ceph:
2024-01-21T19:59:05.749+0000 7fb7110e1700 1 --2- >> [v2:172.21.15.53:3300/0,v1:172.21.15.53:6789/0] conn(0x7fb70c070430 0x7fb70c0fe8e0 unknown :-1 s=HELLO_CONNECTING pgs=0 cs=0 l=0 rev1=1 rx=0 tx=0).handle_hello peer v2:172.21.15.53:3300/0 says I am v2:172.21.15.53:37518/0 (socket says 172.21.15.53:37518)
2024-01-21T19:59:05.743 INFO:teuthology.orchestra.run.smithi053.stderr:/usr/bin/ceph:
2024-01-21T19:59:05.749+0000 7fb7110e1700 1 -- 172.21.15.53:0/2387925715 learned_addr learned my addr 172.21.15.53:0/2387925715 (peer_addr_for_me v2:172.21.15.53:0/0)
2024-01-21T19:59:05.743 INFO:teuthology.orchestra.run.smithi053.stderr:/usr/bin/ceph:
2024-01-21T19:59:05.750+0000 7fb7110e1700 1 -- 172.21.15.53:0/2387925715 --> [v2:172.21.15.53:3300/0,v1:172.21.15.53:6789/0] -- mon_subscribe({config=0+,monmap=0+}) v3 -- 0x7fb70c0fef10 con 0x7fb70c070430
2024-01-21T19:59:05.743 INFO:teuthology.orchestra.run.smithi053.stderr:/usr/bin/ceph:
2024-01-21T19:59:05.750+0000 7fb7110e1700 1 --2- 172.21.15.53:0/2387925715 >> [v2:172.21.15.53:3300/0,v1:172.21.15.53:6789/0] conn(0x7fb70c070430 0x7fb70c0fe8e0 secure :-1 s=READY pgs=74 cs=0 l=1 rev1=1 rx=0x7fb70800b5f0 tx=0x7fb708006ee0).ready entity=mon.0 client_cookie=643217841885072d server_cookie=0 in_seq=0 out_seq=0
2024-01-21T19:59:05.744 INFO:teuthology.orchestra.run.smithi053.stderr:/usr/bin/ceph:
2024-01-21T19:59:05.750+0000 7fb6fbfff700 1 -- 172.21.15.53:0/2387925715 <== mon.0 v2:172.21.15.53:3300/0 1 ==== mon_map magic: 0 v1 ==== 229+0+0 (secure 0 0 0) 0x7fb70800d600 con 0x7fb70c070430
2024-01-21T19:59:05.744 INFO:teuthology.orchestra.run.smithi053.stderr:/usr/bin/ceph:
2024-01-21T19:59:05.750+0000 7fb6fbfff700 1 -- 172.21.15.53:0/2387925715 <== mon.0 v2:172.21.15.53:3300/0 2 ==== config(25 keys) v1 ==== 1010+0+0 (secure 0 0 0) 0x7fb70800dbd0 con 0x7fb70c070430
2024-01-21T19:59:05.744 INFO:teuthology.orchestra.run.smithi053.stderr:/usr/bin/ceph:
2024-01-21T19:59:05.750+0000 7fb6fbfff700 1 -- 172.21.15.53:0/2387925715 <== mon.0 v2:172.21.15.53:3300/0 3 ==== mon_map magic: 0 v1 ==== 229+0+0 (secure 0 0 0) 0x7fb708011c00 con 0x7fb70c070430
2024-01-21T19:59:05.744 INFO:teuthology.orchestra.run.smithi053.stderr:/usr/bin/ceph:
2024-01-21T19:59:05.751+0000 7fb713345700 1 -- 172.21.15.53:0/2387925715 >> [v2:172.21.15.53:3300/0,v1:172.21.15.53:6789/0] conn(0x7fb70c070430 msgr2=0x7fb70c0fe8e0 secure :-1 s=STATE_CONNECTION_ESTABLISHED l=1).mark_down
2024-01-21T19:59:05.744 INFO:teuthology.orchestra.run.smithi053.stderr:/usr/bin/ceph:
2024-01-21T19:59:05.751+0000 7fb713345700 1 --2- 172.21.15.53:0/2387925715 >> [v2:172.21.15.53:3300/0,v1:172.21.15.53:6789/0] conn(0x7fb70c070430 0x7fb70c0fe8e0 secure :-1 s=READY pgs=74 cs=0 l=1 rev1=1 rx=0x7fb70800b5f0 tx=0x7fb708006ee0).stop
2024-01-21T19:59:05.744 INFO:teuthology.orchestra.run.smithi053.stderr:/usr/bin/ceph:
2024-01-21T19:59:05.751+0000 7fb713345700 1 -- 172.21.15.53:0/2387925715 shutdown_connections
2024-01-21T19:59:05.744 INFO:teuthology.orchestra.run.smithi053.stderr:/usr/bin/ceph:
2024-01-21T19:59:05.751+0000 7fb713345700 1 --2- 172.21.15.53:0/2387925715 >> [v2:172.21.15.53:3300/0,v1:172.21.15.53:6789/0] conn(0x7fb70c070430 0x7fb70c0fe8e0 unknown :-1 s=CLOSED pgs=74 cs=0 l=1 rev1=1 rx=0 tx=0).stop
2024-01-21T19:59:05.745 INFO:teuthology.orchestra.run.smithi053.stderr:/usr/bin/ceph:
2024-01-21T19:59:05.751+0000 7fb713345700 1 -- 172.21.15.53:0/2387925715 >> 172.21.15.53:0/2387925715 conn(0x7fb70c0f63c0 msgr2=0x7fb70c0f87e0 unknown :-1 s=STATE_NONE l=0).mark_down
2024-01-21T19:59:05.745 INFO:teuthology.orchestra.run.smithi053.stderr:/usr/bin/ceph:
2024-01-21T19:59:05.751+0000 7fb713345700 1 -- 172.21.15.53:0/2387925715 shutdown_connections
2024-01-21T19:59:05.745 INFO:teuthology.orchestra.run.smithi053.stderr:/usr/bin/ceph:
2024-01-21T19:59:05.751+0000 7fb713345700 1 -- 172.21.15.53:0/2387925715 wait complete.
2024-01-21T19:59:05.745 INFO:teuthology.orchestra.run.smithi053.stderr:/usr/bin/ceph:
2024-01-21T19:59:05.751+0000 7fb713345700 1 Processor -- start
2024-01-21T19:59:05.745 INFO:teuthology.orchestra.run.smithi053.stderr:/usr/bin/ceph:
2024-01-21T19:59:05.751+0000 7fb713345700 1 -- start start
2024-01-21T19:59:05.745 INFO:teuthology.orchestra.run.smithi053.stderr:/usr/bin/ceph:
2024-01-21T19:59:05.752+0000 7fb713345700 1 --2- >> [v2:172.21.15.53:3300/0,v1:172.21.15.53:6789/0] conn(0x7fb70c070430 0x7fb70c10ccd0 unknown :-1 s=NONE pgs=0 cs=0 l=1 rev1=0 rx=0 tx=0).connect
2024-01-21T19:59:05.745 INFO:teuthology.orchestra.run.smithi053.stderr:/usr/bin/ceph:
2024-01-21T19:59:05.752+0000 7fb713345700 1 -- --> [v2:172.21.15.53:3300/0,v1:172.21.15.53:6789/0] -- mon_getmap magic: 0 v1 -- 0x7fb70c10d1c0 con 0x7fb70c070430
2024-01-21T19:59:05.745 INFO:teuthology.orchestra.run.smithi053.stderr:/usr/bin/ceph:
2024-01-21T19:59:05.752+0000 7fb7110e1700 1 --2- >> [v2:172.21.15.53:3300/0,v1:172.21.15.53:6789/0] conn(0x7fb70c070430 0x7fb70c10ccd0 unknown :-1 s=BANNER_CONNECTING pgs=0 cs=0 l=1 rev1=0 rx=0 tx=0)._handle_peer_banner_payload supported=1 required=0
2024-01-21T19:59:05.745 INFO:teuthology.orchestra.run.smithi053.stderr:/usr/bin/ceph:
2024-01-21T19:59:05.752+0000 7fb7110e1700 1 --2- >> [v2:172.21.15.53:3300/0,v1:172.21.15.53:6789/0] conn(0x7fb70c070430 0x7fb70c10ccd0 unknown :-1 s=HELLO_CONNECTING pgs=0 cs=0 l=1 rev1=1 rx=0 tx=0).handle_hello peer v2:172.21.15.53:3300/0 says I am v2:172.21.15.53:37534/0 (socket says 172.21.15.53:37534)
2024-01-21T19:59:05.745 INFO:teuthology.orchestra.run.smithi053.stderr:/usr/bin/ceph:
2024-01-21T19:59:05.752+0000 7fb7110e1700 1 -- 172.21.15.53:0/2037364005 learned_addr learned my addr 172.21.15.53:0/2037364005 (peer_addr_for_me v2:172.21.15.53:0/0)
2024-01-21T19:59:05.746 INFO:teuthology.orchestra.run.smithi053.stderr:/usr/bin/ceph:
2024-01-21T19:59:05.752+0000 7fb7110e1700 1 -- 172.21.15.53:0/2037364005 --> [v2:172.21.15.53:3300/0,v1:172.21.15.53:6789/0] -- mon_subscribe({config=0+,monmap=0+}) v3 -- 0x7fb70800b200 con 0x7fb70c070430
2024-01-21T19:59:05.746 INFO:teuthology.orchestra.run.smithi053.stderr:/usr/bin/ceph:
2024-01-21T19:59:05.752+0000 7fb7110e1700 1 --2- 172.21.15.53:0/2037364005 >> [v2:172.21.15.53:3300/0,v1:172.21.15.53:6789/0] conn(0x7fb70c070430 0x7fb70c10ccd0 secure :-1 s=READY pgs=75 cs=0 l=1 rev1=1 rx=0x7fb70800e040 tx=0x7fb708006ee0).ready entity=mon.0 client_cookie=0 server_cookie=0 in_seq=0 out_seq=0
2024-01-21T19:59:05.746 INFO:teuthology.orchestra.run.smithi053.stderr:/usr/bin/ceph:
2024-01-21T19:59:05.752+0000 7fb6f9ffb700 1 -- 172.21.15.53:0/2037364005 <== mon.0 v2:172.21.15.53:3300/0 1 ==== mon_map magic: 0 v1 ==== 229+0+0 (secure 0 0 0) 0x7fb70800d9f0 con 0x7fb70c070430
2024-01-21T19:59:05.747 INFO:teuthology.orchestra.run.smithi053.stderr:/usr/bin/ceph:
2024-01-21T19:59:05.752+0000 7fb713345700 1 -- 172.21.15.53:0/2037364005 --> [v2:172.21.15.53:3300/0,v1:172.21.15.53:6789/0] -- mon_subscribe({mgrmap=0+}) v3 -- 0x7fb70c10d3c0 con 0x7fb70c070430
2024-01-21T19:59:05.747 INFO:teuthology.orchestra.run.smithi053.stderr:/usr/bin/ceph:
2024-01-21T19:59:05.752+0000 7fb6f9ffb700 1 -- 172.21.15.53:0/2037364005 <== mon.0 v2:172.21.15.53:3300/0 2 ==== config(25 keys) v1 ==== 1010+0+0 (secure 0 0 0) 0x7fb70801a9f0 con 0x7fb70c070430
2024-01-21T19:59:05.747 INFO:teuthology.orchestra.run.smithi053.stderr:/usr/bin/ceph:
2024-01-21T19:59:05.752+0000 7fb6f9ffb700 1 -- 172.21.15.53:0/2037364005 <== mon.0 v2:172.21.15.53:3300/0 3 ==== mon_map magic: 0 v1 ==== 229+0+0 (secure 0 0 0) 0x7fb70801b8c0 con 0x7fb70c070430
2024-01-21T19:59:05.747 INFO:teuthology.orchestra.run.smithi053.stderr:/usr/bin/ceph:
2024-01-21T19:59:05.753+0000 7fb713345700 1 -- 172.21.15.53:0/2037364005 --> [v2:172.21.15.53:3300/0,v1:172.21.15.53:6789/0] -- mon_subscribe({osdmap=0}) v3 -- 0x7fb70c10d7d0 con 0x7fb70c070430
2024-01-21T19:59:05.747 INFO:teuthology.orchestra.run.smithi053.stderr:/usr/bin/ceph:
2024-01-21T19:59:05.754+0000 7fb6f9ffb700 1 -- 172.21.15.53:0/2037364005 <== mon.0 v2:172.21.15.53:3300/0 4 ==== mgrmap(e 13) v1 ==== 36208+0+0 (secure 0 0 0) 0x7fb70800f070 con 0x7fb70c070430
2024-01-21T19:59:05.747 INFO:teuthology.orchestra.run.smithi053.stderr:/usr/bin/ceph:
2024-01-21T19:59:05.754+0000 7fb6f9ffb700 1 --2- 172.21.15.53:0/2037364005 >> [v2:172.21.15.53:6800/3045083722,v1:172.21.15.53:6801/3045083722] conn(0x7fb6f402feb0 0x7fb6f4032370 unknown :-1 s=NONE pgs=0 cs=0 l=1 rev1=0 rx=0 tx=0).connect
2024-01-21T19:59:05.747 INFO:teuthology.orchestra.run.smithi053.stderr:/usr/bin/ceph:
2024-01-21T19:59:05.754+0000 7fb6f9ffb700 1 -- 172.21.15.53:0/2037364005 --> [v2:172.21.15.53:6800/3045083722,v1:172.21.15.53:6801/3045083722] -- command(tid 0: {"prefix": "get_command_descriptions"}) v1 -- 0x7fb6f4032a30 con 0x7fb6f402feb0
2024-01-21T19:59:05.747 INFO:teuthology.orchestra.run.smithi053.stderr:/usr/bin/ceph:
2024-01-21T19:59:05.754+0000 7fb6f9ffb700 1 -- 172.21.15.53:0/2037364005 <== mon.0 v2:172.21.15.53:3300/0 5 ==== osd_map(3..3 src has 1..3) v4 ==== 1098+0+0 (secure 0 0 0) 0x7fb708041470 con 0x7fb70c070430
2024-01-21T19:59:05.747 INFO:teuthology.orchestra.run.smithi053.stderr:/usr/bin/ceph:
2024-01-21T19:59:05.754+0000 7fb7108e0700 1 -- 172.21.15.53:0/2037364005 >> [v2:172.21.15.53:6800/3045083722,v1:172.21.15.53:6801/3045083722] conn(0x7fb6f402feb0 msgr2=0x7fb6f4032370 unknown :-1 s=STATE_CONNECTING_RE l=1).process reconnect failed to v2:172.21.15.53:6800/3045083722
2024-01-21T19:59:05.747 INFO:teuthology.orchestra.run.smithi053.stderr:/usr/bin/ceph:
2024-01-21T19:59:05.754+0000 7fb7108e0700 1 --2- 172.21.15.53:0/2037364005 >> [v2:172.21.15.53:6800/3045083722,v1:172.21.15.53:6801/3045083722] conn(0x7fb6f402feb0 0x7fb6f4032370 unknown :-1 s=START_CONNECT pgs=0 cs=0 l=1 rev1=0 rx=0 tx=0)._fault waiting 0.200000
2024-01-21T19:59:05.934 INFO:journalctl@ceph.mon.smithi053.smithi053.stdout:Jan 21 19:59:05 smithi053 ceph-57f6722c-b897-11ee-95b0-87774f69a715-mon.smithi053[38842]: audit
2024-01-21T19:59:04.880232+0000 mon.smithi053 (mon.0) 88 : audit [DBG] from='client.? 172.21.15.53:0/1601369703' entity='client.admin' cmd=[{"prefix": "mgr stat"}]: dispatch
2024-01-21T19:59:05.947 INFO:teuthology.orchestra.run.smithi053.stderr:/usr/bin/ceph:
2024-01-21T19:59:05.955+0000 7fb7108e0700 1 -- 172.21.15.53:0/2037364005 >> [v2:172.21.15.53:6800/3045083722,v1:172.21.15.53:6801/3045083722] conn(0x7fb6f402feb0 msgr2=0x7fb6f4032370 unknown :-1 s=STATE_CONNECTING_RE l=1).process reconnect failed to v2:172.21.15.53:6800/3045083722
2024-01-21T19:59:05.947 INFO:teuthology.orchestra.run.smithi053.stderr:/usr/bin/ceph:
2024-01-21T19:59:05.955+0000 7fb7108e0700 1 --2- 172.21.15.53:0/2037364005 >> [v2:172.21.15.53:6800/3045083722,v1:172.21.15.53:6801/3045083722] conn(0x7fb6f402feb0 0x7fb6f4032370 unknown :-1 s=START_CONNECT pgs=0 cs=0 l=1 rev1=0 rx=0 tx=0)._fault waiting 0.400000
2024-01-21T19:59:06.351 INFO:teuthology.orchestra.run.smithi053.stderr:/usr/bin/ceph:
2024-01-21T19:59:06.356+0000 7fb7108e0700 1 -- 172.21.15.53:0/2037364005 >> [v2:172.21.15.53:6800/3045083722,v1:172.21.15.53:6801/3045083722] conn(0x7fb6f402feb0 msgr2=0x7fb6f4032370 unknown :-1 s=STATE_CONNECTING_RE l=1).process reconnect failed to v2:172.21.15.53:6800/3045083722
2024-01-21T19:59:06.351 INFO:teuthology.orchestra.run.smithi053.stderr:/usr/bin/ceph:
2024-01-21T19:59:06.356+0000 7fb7108e0700 1 --2- 172.21.15.53:0/2037364005 >> [v2:172.21.15.53:6800/3045083722,v1:172.21.15.53:6801/3045083722] conn(0x7fb6f402feb0 0x7fb6f4032370 unknown :-1 s=START_CONNECT pgs=0 cs=0 l=1 rev1=0 rx=0 tx=0)._fault waiting 0.800000
2024-01-21T19:59:07.149 INFO:teuthology.orchestra.run.smithi053.stderr:/usr/bin/ceph:
2024-01-21T19:59:07.157+0000 7fb7108e0700 1 -- 172.21.15.53:0/2037364005 >> [v2:172.21.15.53:6800/3045083722,v1:172.21.15.53:6801/3045083722] conn(0x7fb6f402feb0 msgr2=0x7fb6f4032370 unknown :-1 s=STATE_CONNECTING_RE l=1).process reconnect failed to v2:172.21.15.53:6800/3045083722
2024-01-21T19:59:07.149 INFO:teuthology.orchestra.run.smithi053.stderr:/usr/bin/ceph:
2024-01-21T19:59:07.157+0000 7fb7108e0700 1 --2- 172.21.15.53:0/2037364005 >> [v2:172.21.15.53:6800/3045083722,v1:172.21.15.53:6801/3045083722] conn(0x7fb6f402feb0 0x7fb6f4032370 unknown :-1 s=START_CONNECT pgs=0 cs=0 l=1 rev1=0 rx=0 tx=0)._fault waiting 1.600000
2024-01-21T19:59:08.751 INFO:teuthology.orchestra.run.smithi053.stderr:/usr/bin/ceph:
2024-01-21T19:59:08.758+0000 7fb7108e0700 1 -- 172.21.15.53:0/2037364005 >> [v2:172.21.15.53:6800/3045083722,v1:172.21.15.53:6801/3045083722] conn(0x7fb6f402feb0 msgr2=0x7fb6f4032370 unknown :-1 s=STATE_CONNECTING_RE l=1).process reconnect failed to v2:172.21.15.53:6800/3045083722
2024-01-21T19:59:08.751 INFO:teuthology.orchestra.run.smithi053.stderr:/usr/bin/ceph:
2024-01-21T19:59:08.758+0000 7fb7108e0700 1 --2- 172.21.15.53:0/2037364005 >> [v2:172.21.15.53:6800/3045083722,v1:172.21.15.53:6801/3045083722] conn(0x7fb6f402feb0 0x7fb6f4032370 unknown :-1 s=START_CONNECT pgs=0 cs=0 l=1 rev1=0 rx=0 tx=0)._fault waiting 3.200000
2024-01-21T19:59:09.113 INFO:teuthology.orchestra.run.smithi053.stderr:/usr/bin/ceph:
2024-01-21T19:59:09.120+0000 7fb6f9ffb700 1 -- 172.21.15.53:0/2037364005 <== mon.0 v2:172.21.15.53:3300/0 6 ==== mgrmap(e 14) v1 ==== 35997+0+0 (secure 0 0 0) 0x7fb70801ba20 con 0x7fb70c070430
2024-01-21T19:59:09.113 INFO:teuthology.orchestra.run.smithi053.stderr:/usr/bin/ceph:
2024-01-21T19:59:09.120+0000 7fb6f9ffb700 1 -- 172.21.15.53:0/2037364005 >> [v2:172.21.15.53:6800/3045083722,v1:172.21.15.53:6801/3045083722] conn(0x7fb6f402feb0 msgr2=0x7fb6f4032370 unknown :-1 s=STATE_CONNECTING l=1).mark_down
2024-01-21T19:59:09.113 INFO:teuthology.orchestra.run.smithi053.stderr:/usr/bin/ceph:
2024-01-21T19:59:09.120+0000 7fb6f9ffb700 1 --2- 172.21.15.53:0/2037364005 >> [v2:172.21.15.53:6800/3045083722,v1:172.21.15.53:6801/3045083722] conn(0x7fb6f402feb0 0x7fb6f4032370 unknown :-1 s=START_CONNECT pgs=0 cs=0 l=1 rev1=0 rx=0 tx=0).stop
2024-01-21T19:59:10.115 INFO:teuthology.orchestra.run.smithi053.stderr:/usr/bin/ceph:
2024-01-21T19:59:10.122+0000 7fb6f9ffb700 1 -- 172.21.15.53:0/2037364005 <== mon.0 v2:172.21.15.53:3300/0 7 ==== mgrmap(e 15) v1 ==== 36067+0+0 (secure 0 0 0) 0x7fb708023da0 con 0x7fb70c070430
2024-01-21T19:59:10.115 INFO:teuthology.orchestra.run.smithi053.stderr:/usr/bin/ceph:
2024-01-21T19:59:10.122+0000 7fb6f9ffb700 1 --2- 172.21.15.53:0/2037364005 >> [v2:172.21.15.53:6800/3203971228,v1:172.21.15.53:6801/3203971228] conn(0x7fb6f4033b40 0x7fb6f4035f30 unknown :-1 s=NONE pgs=0 cs=0 l=1 rev1=0 rx=0 tx=0).connect
2024-01-21T19:59:10.115 INFO:teuthology.orchestra.run.smithi053.stderr:/usr/bin/ceph:
2024-01-21T19:59:10.122+0000 7fb6f9ffb700 1 -- 172.21.15.53:0/2037364005 --> [v2:172.21.15.53:6800/3203971228,v1:172.21.15.53:6801/3203971228] -- command(tid 0: {"prefix": "get_command_descriptions"}) v1 -- 0x7fb6f4032a30 con 0x7fb6f4033b40
2024-01-21T19:59:10.115 INFO:teuthology.orchestra.run.smithi053.stderr:/usr/bin/ceph:
2024-01-21T19:59:10.123+0000 7fb7108e0700 1 --2- 172.21.15.53:0/2037364005 >> [v2:172.21.15.53:6800/3203971228,v1:172.21.15.53:6801/3203971228] conn(0x7fb6f4033b40 0x7fb6f4035f30 unknown :-1 s=BANNER_CONNECTING pgs=0 cs=0 l=1 rev1=0 rx=0 tx=0)._handle_peer_banner_payload supported=1 required=0
2024-01-21T19:59:10.116 INFO:teuthology.orchestra.run.smithi053.stderr:/usr/bin/ceph:
2024-01-21T19:59:10.123+0000 7fb7108e0700 1 --2- 172.21.15.53:0/2037364005 >> [v2:172.21.15.53:6800/3203971228,v1:172.21.15.53:6801/3203971228] conn(0x7fb6f4033b40 0x7fb6f4035f30 secure :-1 s=READY pgs=1 cs=0 l=1 rev1=1 rx=0x7fb6fc006fd0 tx=0x7fb6fc006cf0).ready entity=mgr.14164 client_cookie=0 server_cookie=0 in_seq=0 out_seq=0
2024-01-21T19:59:10.116 INFO:teuthology.orchestra.run.smithi053.stderr:/usr/bin/ceph:
2024-01-21T19:59:10.124+0000 7fb6f9ffb700 1 -- 172.21.15.53:0/2037364005 <== mgr.14164 v2:172.21.15.53:6800/3203971228 1 ==== command_reply(tid 0: 0 ) v1 ==== 8+0+6438 (secure 0 0 0) 0x7fb6f4032a30 con 0x7fb6f4033b40
2024-01-21T19:59:10.122 INFO:teuthology.orchestra.run.smithi053.stderr:/usr/bin/ceph:
2024-01-21T19:59:10.131+0000 7fb713345700 1 -- 172.21.15.53:0/2037364005 --> [v2:172.21.15.53:6800/3203971228,v1:172.21.15.53:6801/3203971228] -- command(tid 1: {"prefix": "mgr_status"}) v1 -- 0x7fb70c059100 con 0x7fb6f4033b40
2024-01-21T19:59:10.122 INFO:teuthology.orchestra.run.smithi053.stderr:/usr/bin/ceph:
2024-01-21T19:59:10.131+0000 7fb6f9ffb700 1 -- 172.21.15.53:0/2037364005 <== mgr.14164 v2:172.21.15.53:6800/3203971228 2 ==== command_reply(tid 1: 0 ) v1 ==== 8+0+52 (secure 0 0 0) 0x7fb70c059100 con 0x7fb6f4033b40
2024-01-21T19:59:10.123 INFO:teuthology.orchestra.run.smithi053.stderr:/usr/bin/ceph: {
2024-01-21T19:59:10.123 INFO:teuthology.orchestra.run.smithi053.stderr:/usr/bin/ceph: "mgrmap_epoch": 15,
2024-01-21T19:59:10.124 INFO:teuthology.orchestra.run.smithi053.stderr:/usr/bin/ceph: "initialized": true
2024-01-21T19:59:10.124 INFO:teuthology.orchestra.run.smithi053.stderr:/usr/bin/ceph: }
2024-01-21T19:59:10.124 INFO:teuthology.orchestra.run.smithi053.stderr:/usr/bin/ceph:
2024-01-21T19:59:10.131+0000 7fb713345700 1 -- 172.21.15.53:0/2037364005 >> [v2:172.21.15.53:6800/3203971228,v1:172.21.15.53:6801/3203971228] conn(0x7fb6f4033b40 msgr2=0x7fb6f4035f30 secure :-1 s=STATE_CONNECTION_ESTABLISHED l=1).mark_down
2024-01-21T19:59:10.124 INFO:teuthology.orchestra.run.smithi053.stderr:/usr/bin/ceph:
2024-01-21T19:59:10.131+0000 7fb713345700 1 --2- 172.21.15.53:0/2037364005 >> [v2:172.21.15.53:6800/3203971228,v1:172.21.15.53:6801/3203971228] conn(0x7fb6f4033b40 0x7fb6f4035f30 secure :-1 s=READY pgs=1 cs=0 l=1 rev1=1 rx=0x7fb6fc006fd0 tx=0x7fb6fc006cf0).stop
2024-01-21T19:59:10.125 INFO:teuthology.orchestra.run.smithi053.stderr:/usr/bin/ceph:
2024-01-21T19:59:10.131+0000 7fb713345700 1 -- 172.21.15.53:0/2037364005 >> [v2:172.21.15.53:3300/0,v1:172.21.15.53:6789/0] conn(0x7fb70c070430 msgr2=0x7fb70c10ccd0 secure :-1 s=STATE_CONNECTION_ESTABLISHED l=1).mark_down
2024-01-21T19:59:10.125 INFO:teuthology.orchestra.run.smithi053.stderr:/usr/bin/ceph:
2024-01-21T19:59:10.131+0000 7fb713345700 1 --2- 172.21.15.53:0/2037364005 >> [v2:172.21.15.53:3300/0,v1:172.21.15.53:6789/0] conn(0x7fb70c070430 0x7fb70c10ccd0 secure :-1 s=READY pgs=75 cs=0 l=1 rev1=1 rx=0x7fb70800e040 tx=0x7fb708006ee0).stop
2024-01-21T19:59:10.125 INFO:teuthology.orchestra.run.smithi053.stderr:/usr/bin/ceph:
2024-01-21T19:59:10.131+0000 7fb713345700 1 -- 172.21.15.53:0/2037364005 shutdown_connections
2024-01-21T19:59:10.125 INFO:teuthology.orchestra.run.smithi053.stderr:/usr/bin/ceph:
2024-01-21T19:59:10.131+0000 7fb713345700 1 --2- 172.21.15.53:0/2037364005 >> [v2:172.21.15.53:6800/3203971228,v1:172.21.15.53:6801/3203971228] conn(0x7fb6f4033b40 0x7fb6f4035f30 unknown :-1 s=CLOSED pgs=1 cs=0 l=1 rev1=1 rx=0 tx=0).stop
2024-01-21T19:59:10.125 INFO:teuthology.orchestra.run.smithi053.stderr:/usr/bin/ceph:
2024-01-21T19:59:10.131+0000 7fb713345700 1 --2- 172.21.15.53:0/2037364005 >> [v2:172.21.15.53:3300/0,v1:172.21.15.53:6789/0] conn(0x7fb70c070430 0x7fb70c10ccd0 unknown :-1 s=CLOSED pgs=75 cs=0 l=1 rev1=1 rx=0 tx=0).stop
2024-01-21T19:59:10.125 INFO:teuthology.orchestra.run.smithi053.stderr:/usr/bin/ceph:
2024-01-21T19:59:10.131+0000 7fb713345700 1 --2- 172.21.15.53:0/2037364005 >> [v2:172.21.15.53:6800/3045083722,v1:172.21.15.53:6801/3045083722] conn(0x7fb6f402feb0 0x7fb6f4032370 unknown :-1 s=CLOSED pgs=0 cs=0 l=1 rev1=0 rx=0 tx=0).stop
2024-01-21T19:59:10.125 INFO:teuthology.orchestra.run.smithi053.stderr:/usr/bin/ceph:
2024-01-21T19:59:10.132+0000 7fb713345700 1 -- 172.21.15.53:0/2037364005 >> 172.21.15.53:0/2037364005 conn(0x7fb70c0f63c0 msgr2=0x7fb70c0f7ea0 unknown :-1 s=STATE_NONE l=0).mark_down
2024-01-21T19:59:10.125 INFO:teuthology.orchestra.run.smithi053.stderr:/usr/bin/ceph:
2024-01-21T19:59:10.132+0000 7fb713345700 1 -- 172.21.15.53:0/2037364005 shutdown_connections
2024-01-21T19:59:10.125 INFO:teuthology.orchestra.run.smithi053.stderr:/usr/bin/ceph:
2024-01-21T19:59:10.132+0000 7fb713345700 1 -- 172.21.15.53:0/2037364005 wait complete.
2024-01-21T19:59:10.434 INFO:journalctl@ceph.mon.smithi053.smithi053.stdout:Jan 21 19:59:10 smithi053 ceph-57f6722c-b897-11ee-95b0-87774f69a715-mon.smithi053[38842]: cluster
2024-01-21T19:59:09.070024+0000 mon.smithi053 (mon.0) 89 : cluster [INF] Active manager daemon smithi053.fgsmol restarted
2024-01-21T19:59:10.434 INFO:journalctl@ceph.mon.smithi053.smithi053.stdout:Jan 21 19:59:10 smithi053 ceph-57f6722c-b897-11ee-95b0-87774f69a715-mon.smithi053[38842]: cluster
2024-01-21T19:59:09.070395+0000 mon.smithi053 (mon.0) 90 : cluster [INF] Activating manager daemon smithi053.fgsmol
2024-01-21T19:59:10.434 INFO:journalctl@ceph.mon.smithi053.smithi053.stdout:Jan 21 19:59:10 smithi053 ceph-57f6722c-b897-11ee-95b0-87774f69a715-mon.smithi053[38842]: cluster
2024-01-21T19:59:09.071922+0000 mon.smithi053 (mon.0) 91 : cluster [DBG] osdmap e4: 0 total, 0 up, 0 in
2024-01-21T19:59:10.435 INFO:journalctl@ceph.mon.smithi053.smithi053.stdout:Jan 21 19:59:10 smithi053 ceph-57f6722c-b897-11ee-95b0-87774f69a715-mon.smithi053[38842]: cluster
2024-01-21T19:59:09.122748+0000 mon.smithi053 (mon.0) 92 : cluster [DBG] mgrmap e14: smithi053.fgsmol(active, starting, since 0.0524338s)
2024-01-21T19:59:10.435 INFO:journalctl@ceph.mon.smithi053.smithi053.stdout:Jan 21 19:59:10 smithi053 ceph-57f6722c-b897-11ee-95b0-87774f69a715-mon.smithi053[38842]: audit
2024-01-21T19:59:09.123553+0000 mon.smithi053 (mon.0) 93 : audit [DBG] from='mgr.14164 172.21.15.53:0/2331671680' entity='mgr.smithi053.fgsmol' cmd=[{"prefix": "mon metadata", "id": "smithi053"}]: dispatch
2024-01-21T19:59:10.435 INFO:journalctl@ceph.mon.smithi053.smithi053.stdout:Jan 21 19:59:10 smithi053 ceph-57f6722c-b897-11ee-95b0-87774f69a715-mon.smithi053[38842]: audit
2024-01-21T19:59:09.124190+0000 mon.smithi053 (mon.0) 94 : audit [DBG] from='mgr.14164 172.21.15.53:0/2331671680' entity='mgr.smithi053.fgsmol' cmd=[{"prefix": "mgr metadata", "who": "smithi053.fgsmol", "id": "smithi053.fgsmol"}]: dispatch
2024-01-21T19:59:10.435 INFO:journalctl@ceph.mon.smithi053.smithi053.stdout:Jan 21 19:59:10 smithi053 ceph-57f6722c-b897-11ee-95b0-87774f69a715-mon.smithi053[38842]: audit
2024-01-21T19:59:09.125038+0000 mon.smithi053 (mon.0) 95 : audit [DBG] from='mgr.14164 172.21.15.53:0/2331671680' entity='mgr.smithi053.fgsmol' cmd=[{"prefix": "mds metadata"}]: dispatch
2024-01-21T19:59:10.435 INFO:journalctl@ceph.mon.smithi053.smithi053.stdout:Jan 21 19:59:10 smithi053 ceph-57f6722c-b897-11ee-95b0-87774f69a715-mon.smithi053[38842]: audit
2024-01-21T19:59:09.125184+0000 mon.smithi053 (mon.0) 96 : audit [DBG] from='mgr.14164 172.21.15.53:0/2331671680' entity='mgr.smithi053.fgsmol' cmd=[{"prefix": "osd metadata"}]: dispatch
2024-01-21T19:59:10.435 INFO:journalctl@ceph.mon.smithi053.smithi053.stdout:Jan 21 19:59:10 smithi053 ceph-57f6722c-b897-11ee-95b0-87774f69a715-mon.smithi053[38842]: audit
2024-01-21T19:59:09.125331+0000 mon.smithi053 (mon.0) 97 : audit [DBG] from='mgr.14164 172.21.15.53:0/2331671680' entity='mgr.smithi053.fgsmol' cmd=[{"prefix": "mon metadata"}]: dispatch
2024-01-21T19:59:10.435 INFO:journalctl@ceph.mon.smithi053.smithi053.stdout:Jan 21 19:59:10 smithi053 ceph-57f6722c-b897-11ee-95b0-87774f69a715-mon.smithi053[38842]: cluster
2024-01-21T19:59:09.138615+0000 mon.smithi053 (mon.0) 98 : cluster [INF] Manager daemon smithi053.fgsmol is now available
2024-01-21T19:59:10.435 INFO:journalctl@ceph.mon.smithi053.smithi053.stdout:Jan 21 19:59:10 smithi053 ceph-57f6722c-b897-11ee-95b0-87774f69a715-mon.smithi053[38842]: audit
2024-01-21T19:59:09.242175+0000 mon.smithi053 (mon.0) 99 : audit [DBG] from='mgr.14164 172.21.15.53:0/2331671680' entity='mgr.smithi053.fgsmol' cmd=[{"prefix": "config dump", "format": "json"}]: dispatch
2024-01-21T19:59:10.435 INFO:journalctl@ceph.mon.smithi053.smithi053.stdout:Jan 21 19:59:10 smithi053 ceph-57f6722c-b897-11ee-95b0-87774f69a715-mon.smithi053[38842]: audit
2024-01-21T19:59:09.245068+0000 mon.smithi053 (mon.0) 100 : audit [DBG] from='mgr.14164 172.21.15.53:0/2331671680' entity='mgr.smithi053.fgsmol' cmd=[{"prefix": "config dump", "format": "json"}]: dispatch
2024-01-21T19:59:10.435 INFO:journalctl@ceph.mon.smithi053.smithi053.stdout:Jan 21 19:59:10 smithi053 ceph-57f6722c-b897-11ee-95b0-87774f69a715-mon.smithi053[38842]: audit
2024-01-21T19:59:09.261028+0000 mon.smithi053 (mon.0) 101 : audit [INF] from='mgr.14164 172.21.15.53:0/2331671680' entity='mgr.smithi053.fgsmol' cmd=[{"prefix":"config rm","who":"mgr","name":"mgr/rbd_support/smithi053.fgsmol/mirror_snapshot_schedule"}]: dispatch
2024-01-21T19:59:10.436 INFO:journalctl@ceph.mon.smithi053.smithi053.stdout:Jan 21 19:59:10 smithi053 ceph-57f6722c-b897-11ee-95b0-87774f69a715-mon.smithi053[38842]: audit
2024-01-21T19:59:09.269169+0000 mon.smithi053 (mon.0) 102 : audit [INF] from='mgr.14164 172.21.15.53:0/2331671680' entity='mgr.smithi053.fgsmol' cmd=[{"prefix":"config rm","who":"mgr","name":"mgr/rbd_support/smithi053.fgsmol/trash_purge_schedule"}]: dispatch
2024-01-21T19:59:10.631 INFO:teuthology.orchestra.run.smithi053.stderr:mgr epoch 13 is available
2024-01-21T19:59:10.631 INFO:teuthology.orchestra.run.smithi053.stderr:Generating a dashboard self-signed certificate...
2024-01-21T19:59:10.631 INFO:teuthology.orchestra.run.smithi053.stderr:Running command: /bin/podman run --rm --ipc=host --no-hosts --net=host --entrypoint /usr/bin/ceph --init -e CONTAINER_IMAGE=docker.io/ceph/ceph:v16.2.4 -e NODE_NAME=smithi053 -e CEPH_USE_RANDOM_NONCE=1 -v /var/log/ceph/57f6722c-b897-11ee-95b0-87774f69a715:/var/log/ceph:z -v /tmp/ceph-tmpw7bt2for:/etc/ceph/ceph.client.admin.keyring:z -v /tmp/ceph-tmp987f45g0:/etc/ceph/ceph.conf:z docker.io/ceph/ceph:v16.2.4 dashboard create-self-signed-cert
2024-01-21T19:59:11.012 INFO:teuthology.orchestra.run.smithi053.stderr:/usr/bin/ceph:
2024-01-21T19:59:11.018+0000 7fd39b0b3700 1 Processor -- start
2024-01-21T19:59:11.012 INFO:teuthology.orchestra.run.smithi053.stderr:/usr/bin/ceph:
2024-01-21T19:59:11.018+0000 7fd39b0b3700 1 -- start start
2024-01-21T19:59:11.013 INFO:teuthology.orchestra.run.smithi053.stderr:/usr/bin/ceph:
2024-01-21T19:59:11.018+0000 7fd39b0b3700 1 --2- >> [v2:172.21.15.53:3300/0,v1:172.21.15.53:6789/0] conn(0x7fd394070390 0x7fd394100d80 unknown :-1 s=NONE pgs=0 cs=0 l=0 rev1=0 rx=0 tx=0).connect
2024-01-21T19:59:11.013 INFO:teuthology.orchestra.run.smithi053.stderr:/usr/bin/ceph:
2024-01-21T19:59:11.018+0000 7fd39b0b3700 1 -- --> [v2:172.21.15.53:3300/0,v1:172.21.15.53:6789/0] -- mon_getmap magic: 0 v1 -- 0x7fd3940fc770 con 0x7fd394070390
2024-01-21T19:59:11.013 INFO:teuthology.orchestra.run.smithi053.stderr:/usr/bin/ceph:
2024-01-21T19:59:11.019+0000 7fd398e4f700 1 --2- >> [v2:172.21.15.53:3300/0,v1:172.21.15.53:6789/0] conn(0x7fd394070390 0x7fd394100d80 unknown :-1 s=BANNER_CONNECTING pgs=0 cs=0 l=0 rev1=0 rx=0 tx=0)._handle_peer_banner_payload supported=1 required=0
2024-01-21T19:59:11.013 INFO:teuthology.orchestra.run.smithi053.stderr:/usr/bin/ceph:
2024-01-21T19:59:11.019+0000 7fd398e4f700 1 --2- >> [v2:172.21.15.53:3300/0,v1:172.21.15.53:6789/0] conn(0x7fd394070390 0x7fd394100d80 unknown :-1 s=HELLO_CONNECTING pgs=0 cs=0 l=0 rev1=1 rx=0 tx=0).handle_hello peer v2:172.21.15.53:3300/0 says I am v2:172.21.15.53:40040/0 (socket says 172.21.15.53:40040)
2024-01-21T19:59:11.013 INFO:teuthology.orchestra.run.smithi053.stderr:/usr/bin/ceph:
2024-01-21T19:59:11.019+0000 7fd398e4f700 1 -- 172.21.15.53:0/927971034 learned_addr learned my addr 172.21.15.53:0/927971034 (peer_addr_for_me v2:172.21.15.53:0/0)
2024-01-21T19:59:11.013 INFO:teuthology.orchestra.run.smithi053.stderr:/usr/bin/ceph:
2024-01-21T19:59:11.019+0000 7fd398e4f700 1 -- 172.21.15.53:0/927971034 --> [v2:172.21.15.53:3300/0,v1:172.21.15.53:6789/0] -- mon_subscribe({config=0+,monmap=0+}) v3 -- 0x7fd394101270 con 0x7fd394070390
2024-01-21T19:59:11.013 INFO:teuthology.orchestra.run.smithi053.stderr:/usr/bin/ceph:
2024-01-21T19:59:11.019+0000 7fd398e4f700 1 --2- 172.21.15.53:0/927971034 >> [v2:172.21.15.53:3300/0,v1:172.21.15.53:6789/0] conn(0x7fd394070390 0x7fd394100d80 secure :-1 s=READY pgs=81 cs=0 l=1 rev1=1 rx=0x7fd38800b5f0 tx=0x7fd388006ee0).ready entity=mon.0 client_cookie=81abbdd1ddc9639c server_cookie=0 in_seq=0 out_seq=0
2024-01-21T19:59:11.013 INFO:teuthology.orchestra.run.smithi053.stderr:/usr/bin/ceph:
2024-01-21T19:59:11.019+0000 7fd3937fe700 1 -- 172.21.15.53:0/927971034 <== mon.0 v2:172.21.15.53:3300/0 1 ==== mon_map magic: 0 v1 ==== 229+0+0 (secure 0 0 0) 0x7fd38800d600 con 0x7fd394070390
2024-01-21T19:59:11.013 INFO:teuthology.orchestra.run.smithi053.stderr:/usr/bin/ceph:
2024-01-21T19:59:11.020+0000 7fd3937fe700 1 -- 172.21.15.53:0/927971034 <== mon.0 v2:172.21.15.53:3300/0 2 ==== config(25 keys) v1 ==== 1010+0+0 (secure 0 0 0) 0x7fd38800dbd0 con 0x7fd394070390
2024-01-21T19:59:11.013 INFO:teuthology.orchestra.run.smithi053.stderr:/usr/bin/ceph:
2024-01-21T19:59:11.020+0000 7fd3937fe700 1 -- 172.21.15.53:0/927971034 <== mon.0 v2:172.21.15.53:3300/0 3 ==== mon_map magic: 0 v1 ==== 229+0+0 (secure 0 0 0) 0x7fd388011c00 con 0x7fd394070390
2024-01-21T19:59:11.013 INFO:teuthology.orchestra.run.smithi053.stderr:/usr/bin/ceph:
2024-01-21T19:59:11.020+0000 7fd39b0b3700 1 -- 172.21.15.53:0/927971034 >> [v2:172.21.15.53:3300/0,v1:172.21.15.53:6789/0] conn(0x7fd394070390 msgr2=0x7fd394100d80 secure :-1 s=STATE_CONNECTION_ESTABLISHED l=1).mark_down
2024-01-21T19:59:11.013 INFO:teuthology.orchestra.run.smithi053.stderr:/usr/bin/ceph:
2024-01-21T19:59:11.020+0000 7fd39b0b3700 1 --2- 172.21.15.53:0/927971034 >> [v2:172.21.15.53:3300/0,v1:172.21.15.53:6789/0] conn(0x7fd394070390 0x7fd394100d80 secure :-1 s=READY pgs=81 cs=0 l=1 rev1=1 rx=0x7fd38800b5f0 tx=0x7fd388006ee0).stop
2024-01-21T19:59:11.013 INFO:teuthology.orchestra.run.smithi053.stderr:/usr/bin/ceph:
2024-01-21T19:59:11.020+0000 7fd39b0b3700 1 -- 172.21.15.53:0/927971034 shutdown_connections
2024-01-21T19:59:11.013 INFO:teuthology.orchestra.run.smithi053.stderr:/usr/bin/ceph:
2024-01-21T19:59:11.020+0000 7fd39b0b3700 1 --2- 172.21.15.53:0/927971034 >> [v2:172.21.15.53:3300/0,v1:172.21.15.53:6789/0] conn(0x7fd394070390 0x7fd394100d80 unknown :-1 s=CLOSED pgs=81 cs=0 l=1 rev1=1 rx=0 tx=0).stop
2024-01-21T19:59:11.014 INFO:teuthology.orchestra.run.smithi053.stderr:/usr/bin/ceph:
2024-01-21T19:59:11.020+0000 7fd39b0b3700 1 -- 172.21.15.53:0/927971034 >> 172.21.15.53:0/927971034 conn(0x7fd3940f63c0 msgr2=0x7fd3940f87e0 unknown :-1 s=STATE_NONE l=0).mark_down
2024-01-21T19:59:11.014 INFO:teuthology.orchestra.run.smithi053.stderr:/usr/bin/ceph:
2024-01-21T19:59:11.020+0000 7fd39b0b3700 1 -- 172.21.15.53:0/927971034 shutdown_connections
2024-01-21T19:59:11.014 INFO:teuthology.orchestra.run.smithi053.stderr:/usr/bin/ceph:
2024-01-21T19:59:11.020+0000 7fd39b0b3700 1 -- 172.21.15.53:0/927971034 wait complete.
2024-01-21T19:59:11.014 INFO:teuthology.orchestra.run.smithi053.stderr:/usr/bin/ceph:
2024-01-21T19:59:11.021+0000 7fd39b0b3700 1 Processor -- start
2024-01-21T19:59:11.014 INFO:teuthology.orchestra.run.smithi053.stderr:/usr/bin/ceph:
2024-01-21T19:59:11.021+0000 7fd39b0b3700 1 -- start start
2024-01-21T19:59:11.016 INFO:teuthology.orchestra.run.smithi053.stderr:/usr/bin/ceph:
2024-01-21T19:59:11.021+0000 7fd39b0b3700 1 --2- >> [v2:172.21.15.53:3300/0,v1:172.21.15.53:6789/0] conn(0x7fd394070390 0x7fd39410cc20 unknown :-1 s=NONE pgs=0 cs=0 l=1 rev1=0 rx=0 tx=0).connect
2024-01-21T19:59:11.016 INFO:teuthology.orchestra.run.smithi053.stderr:/usr/bin/ceph:
2024-01-21T19:59:11.021+0000 7fd39b0b3700 1 -- --> [v2:172.21.15.53:3300/0,v1:172.21.15.53:6789/0] -- mon_getmap magic: 0 v1 -- 0x7fd39410d110 con 0x7fd394070390
2024-01-21T19:59:11.016 INFO:teuthology.orchestra.run.smithi053.stderr:/usr/bin/ceph:
2024-01-21T19:59:11.021+0000 7fd398e4f700 1 --2- >> [v2:172.21.15.53:3300/0,v1:172.21.15.53:6789/0] conn(0x7fd394070390 0x7fd39410cc20 unknown :-1 s=BANNER_CONNECTING pgs=0 cs=0 l=1 rev1=0 rx=0 tx=0)._handle_peer_banner_payload supported=1 required=0
2024-01-21T19:59:11.016 INFO:teuthology.orchestra.run.smithi053.stderr:/usr/bin/ceph:
2024-01-21T19:59:11.021+0000 7fd398e4f700 1 --2- >> [v2:172.21.15.53:3300/0,v1:172.21.15.53:6789/0] conn(0x7fd394070390 0x7fd39410cc20 unknown :-1 s=HELLO_CONNECTING pgs=0 cs=0 l=1 rev1=1 rx=0 tx=0).handle_hello peer v2:172.21.15.53:3300/0 says I am v2:172.21.15.53:40052/0 (socket says 172.21.15.53:40052)
2024-01-21T19:59:11.016 INFO:teuthology.orchestra.run.smithi053.stderr:/usr/bin/ceph:
2024-01-21T19:59:11.021+0000 7fd398e4f700 1 -- 172.21.15.53:0/2910273114 learned_addr learned my addr 172.21.15.53:0/2910273114 (peer_addr_for_me v2:172.21.15.53:0/0)
2024-01-21T19:59:11.016 INFO:teuthology.orchestra.run.smithi053.stderr:/usr/bin/ceph:
2024-01-21T19:59:11.021+0000 7fd398e4f700 1 -- 172.21.15.53:0/2910273114 --> [v2:172.21.15.53:3300/0,v1:172.21.15.53:6789/0] -- mon_subscribe({config=0+,monmap=0+}) v3 -- 0x7fd38800b200 con 0x7fd394070390
2024-01-21T19:59:11.016 INFO:teuthology.orchestra.run.smithi053.stderr:/usr/bin/ceph:
2024-01-21T19:59:11.021+0000 7fd398e4f700 1 --2- 172.21.15.53:0/2910273114 >> [v2:172.21.15.53:3300/0,v1:172.21.15.53:6789/0] conn(0x7fd394070390 0x7fd39410cc20 secure :-1 s=READY pgs=82 cs=0 l=1 rev1=1 rx=0x7fd38800b190 tx=0x7fd388006ee0).ready entity=mon.0 client_cookie=0 server_cookie=0 in_seq=0 out_seq=0
2024-01-21T19:59:11.016 INFO:teuthology.orchestra.run.smithi053.stderr:/usr/bin/ceph:
2024-01-21T19:59:11.022+0000 7fd3917fa700 1 -- 172.21.15.53:0/2910273114 <== mon.0 v2:172.21.15.53:3300/0 1 ==== mon_map magic: 0 v1 ==== 229+0+0 (secure 0 0 0) 0x7fd38801b410 con 0x7fd394070390
2024-01-21T19:59:11.017 INFO:teuthology.orchestra.run.smithi053.stderr:/usr/bin/ceph:
2024-01-21T19:59:11.022+0000 7fd3917fa700 1 -- 172.21.15.53:0/2910273114 <== mon.0 v2:172.21.15.53:3300/0 2 ==== config(25 keys) v1 ==== 1010+0+0 (secure 0 0 0) 0x7fd38801b9e0 con 0x7fd394070390
2024-01-21T19:59:11.017 INFO:teuthology.orchestra.run.smithi053.stderr:/usr/bin/ceph:
2024-01-21T19:59:11.022+0000 7fd39b0b3700 1 -- 172.21.15.53:0/2910273114 --> [v2:172.21.15.53:3300/0,v1:172.21.15.53:6789/0] -- mon_subscribe({mgrmap=0+}) v3 -- 0x7fd39410d310 con 0x7fd394070390
2024-01-21T19:59:11.017 INFO:teuthology.orchestra.run.smithi053.stderr:/usr/bin/ceph:
2024-01-21T19:59:11.022+0000 7fd3917fa700 1 -- 172.21.15.53:0/2910273114 <== mon.0 v2:172.21.15.53:3300/0 3 ==== mon_map magic: 0 v1 ==== 229+0+0 (secure 0 0 0) 0x7fd38801a880 con 0x7fd394070390
2024-01-21T19:59:11.017 INFO:teuthology.orchestra.run.smithi053.stderr:/usr/bin/ceph:
2024-01-21T19:59:11.022+0000 7fd39b0b3700 1 -- 172.21.15.53:0/2910273114 --> [v2:172.21.15.53:3300/0,v1:172.21.15.53:6789/0] -- mon_subscribe({osdmap=0}) v3 -- 0x7fd39410d720 con 0x7fd394070390
2024-01-21T19:59:11.017 INFO:teuthology.orchestra.run.smithi053.stderr:/usr/bin/ceph:
2024-01-21T19:59:11.022+0000 7fd3917fa700 1 -- 172.21.15.53:0/2910273114 <== mon.0 v2:172.21.15.53:3300/0 4 ==== mgrmap(e 15) v1 ==== 36067+0+0 (secure 0 0 0) 0x7fd38800f070 con 0x7fd394070390
2024-01-21T19:59:11.017 INFO:teuthology.orchestra.run.smithi053.stderr:/usr/bin/ceph:
2024-01-21T19:59:11.023+0000 7fd3917fa700 1 --2- 172.21.15.53:0/2910273114 >> [v2:172.21.15.53:6800/3203971228,v1:172.21.15.53:6801/3203971228] conn(0x7fd37802fda0 0x7fd378032260 unknown :-1 s=NONE pgs=0 cs=0 l=1 rev1=0 rx=0 tx=0).connect
2024-01-21T19:59:11.017 INFO:teuthology.orchestra.run.smithi053.stderr:/usr/bin/ceph:
2024-01-21T19:59:11.023+0000 7fd3917fa700 1 -- 172.21.15.53:0/2910273114 <== mon.0 v2:172.21.15.53:3300/0 5 ==== osd_map(4..4 src has 1..4) v4 ==== 1270+0+0 (secure 0 0 0) 0x7fd3880412f0 con 0x7fd394070390
2024-01-21T19:59:11.017 INFO:teuthology.orchestra.run.smithi053.stderr:/usr/bin/ceph:
2024-01-21T19:59:11.023+0000 7fd393fff700 1 --2- 172.21.15.53:0/2910273114 >> [v2:172.21.15.53:6800/3203971228,v1:172.21.15.53:6801/3203971228] conn(0x7fd37802fda0 0x7fd378032260 unknown :-1 s=BANNER_CONNECTING pgs=0 cs=0 l=1 rev1=0 rx=0 tx=0)._handle_peer_banner_payload supported=1 required=0
2024-01-21T19:59:11.017 INFO:teuthology.orchestra.run.smithi053.stderr:/usr/bin/ceph:
2024-01-21T19:59:11.023+0000 7fd393fff700 1 --2- 172.21.15.53:0/2910273114 >> [v2:172.21.15.53:6800/3203971228,v1:172.21.15.53:6801/3203971228] conn(0x7fd37802fda0 0x7fd378032260 secure :-1 s=READY pgs=6 cs=0 l=1 rev1=1 rx=0x7fd3800096a0 tx=0x7fd380006b40).ready entity=mgr.14164 client_cookie=0 server_cookie=0 in_seq=0 out_seq=0
2024-01-21T19:59:11.017 INFO:teuthology.orchestra.run.smithi053.stderr:/usr/bin/ceph:
