2024-01-21T19:58:42.071 INFO:teuthology.orchestra.run.smithi053.stderr:/usr/bin/ceph:
2024-01-21T19:58:41.954+0000 7faaeffff700 1 --2- 172.21.15.53:0/1848347687 >> [v2:172.21.15.53:6800/55197364,v1:172.21.15.53:6801/55197364] conn(0x7faad402fdb0 0x7faad4032270 secure :-1 s=READY pgs=7 cs=0 l=1 rev1=1 rx=0x7faadc0096a0 tx=0x7faadc006b40).ready entity=mgr.14116 client_cookie=0 server_cookie=0 in_seq=0 out_seq=0
2024-01-21T19:58:42.071 INFO:teuthology.orchestra.run.smithi053.stderr:/usr/bin/ceph:
2024-01-21T19:58:41.959+0000 7faaed7fa700 1 -- 172.21.15.53:0/1848347687 <== mon.0 v2:172.21.15.53:3300/0 6 ==== mon_command_ack([{"prefix": "get_command_descriptions"}]=0 v0) v1 ==== 72+0+152212 (secure 0 0 0) 0x7faae4016080 con 0x7faaf0070370
2024-01-21T19:58:42.112 INFO:teuthology.orchestra.run.smithi053.stderr:/usr/bin/ceph:
2024-01-21T19:58:42.120+0000 7faaf71ae700 1 -- 172.21.15.53:0/1848347687 --> [v2:172.21.15.53:6800/55197364,v1:172.21.15.53:6801/55197364] -- mgr_command(tid 0: {"prefix": "cephadm set-user", "user": "root", "target": ["mon-mgr", ""]}) v1 -- 0x7faaf01048a0 con 0x7faad402fdb0
2024-01-21T19:58:42.112 INFO:teuthology.orchestra.run.smithi053.stderr:/usr/bin/ceph:
2024-01-21T19:58:42.120+0000 7faaed7fa700 1 -- 172.21.15.53:0/1848347687 <== mgr.14116 v2:172.21.15.53:6800/55197364 1 ==== mgr_command_reply(tid 0: 0 ) v1 ==== 8+0+16 (secure 0 0 0) 0x7faaf01048a0 con 0x7faad402fdb0
2024-01-21T19:58:42.112 INFO:teuthology.orchestra.run.smithi053.stderr:/usr/bin/ceph: value unchanged
2024-01-21T19:58:42.115 INFO:teuthology.orchestra.run.smithi053.stderr:/usr/bin/ceph:
2024-01-21T19:58:42.122+0000 7faaf71ae700 1 -- 172.21.15.53:0/1848347687 >> [v2:172.21.15.53:6800/55197364,v1:172.21.15.53:6801/55197364] conn(0x7faad402fdb0 msgr2=0x7faad4032270 secure :-1 s=STATE_CONNECTION_ESTABLISHED l=1).mark_down
2024-01-21T19:58:42.115 INFO:teuthology.orchestra.run.smithi053.stderr:/usr/bin/ceph:
2024-01-21T19:58:42.122+0000 7faaf71ae700 1 --2- 172.21.15.53:0/1848347687 >> [v2:172.21.15.53:6800/55197364,v1:172.21.15.53:6801/55197364] conn(0x7faad402fdb0 0x7faad4032270 secure :-1 s=READY pgs=7 cs=0 l=1 rev1=1 rx=0x7faadc0096a0 tx=0x7faadc006b40).stop
2024-01-21T19:58:42.115 INFO:teuthology.orchestra.run.smithi053.stderr:/usr/bin/ceph:
2024-01-21T19:58:42.122+0000 7faaf71ae700 1 -- 172.21.15.53:0/1848347687 >> [v2:172.21.15.53:3300/0,v1:172.21.15.53:6789/0] conn(0x7faaf0070370 msgr2=0x7faaf010aa00 secure :-1 s=STATE_CONNECTION_ESTABLISHED l=1).mark_down
2024-01-21T19:58:42.115 INFO:teuthology.orchestra.run.smithi053.stderr:/usr/bin/ceph:
2024-01-21T19:58:42.122+0000 7faaf71ae700 1 --2- 172.21.15.53:0/1848347687 >> [v2:172.21.15.53:3300/0,v1:172.21.15.53:6789/0] conn(0x7faaf0070370 0x7faaf010aa00 secure :-1 s=READY pgs=34 cs=0 l=1 rev1=1 rx=0x7faae400e040 tx=0x7faae4006ee0).stop
2024-01-21T19:58:42.115 INFO:teuthology.orchestra.run.smithi053.stderr:/usr/bin/ceph:
2024-01-21T19:58:42.122+0000 7faaf71ae700 1 -- 172.21.15.53:0/1848347687 shutdown_connections
2024-01-21T19:58:42.115 INFO:teuthology.orchestra.run.smithi053.stderr:/usr/bin/ceph:
2024-01-21T19:58:42.122+0000 7faaf71ae700 1 --2- 172.21.15.53:0/1848347687 >> [v2:172.21.15.53:6800/55197364,v1:172.21.15.53:6801/55197364] conn(0x7faad402fdb0 0x7faad4032270 unknown :-1 s=CLOSED pgs=7 cs=0 l=1 rev1=1 rx=0 tx=0).stop
2024-01-21T19:58:42.115 INFO:teuthology.orchestra.run.smithi053.stderr:/usr/bin/ceph:
2024-01-21T19:58:42.122+0000 7faaf71ae700 1 --2- 172.21.15.53:0/1848347687 >> [v2:172.21.15.53:3300/0,v1:172.21.15.53:6789/0] conn(0x7faaf0070370 0x7faaf010aa00 unknown :-1 s=CLOSED pgs=34 cs=0 l=1 rev1=1 rx=0 tx=0).stop
2024-01-21T19:58:42.115 INFO:teuthology.orchestra.run.smithi053.stderr:/usr/bin/ceph:
2024-01-21T19:58:42.122+0000 7faaf71ae700 1 -- 172.21.15.53:0/1848347687 >> 172.21.15.53:0/1848347687 conn(0x7faaf00f63c0 msgr2=0x7faaf00f7f80 unknown :-1 s=STATE_NONE l=0).mark_down
2024-01-21T19:58:42.115 INFO:teuthology.orchestra.run.smithi053.stderr:/usr/bin/ceph:
2024-01-21T19:58:42.123+0000 7faaf71ae700 1 -- 172.21.15.53:0/1848347687 shutdown_connections
2024-01-21T19:58:42.116 INFO:teuthology.orchestra.run.smithi053.stderr:/usr/bin/ceph:
2024-01-21T19:58:42.123+0000 7faaf71ae700 1 -- 172.21.15.53:0/1848347687 wait complete.
2024-01-21T19:58:42.934 INFO:journalctl@ceph.mon.smithi053.smithi053.stdout:Jan 21 19:58:42 smithi053 ceph-57f6722c-b897-11ee-95b0-87774f69a715-mon.smithi053[38842]: audit
2024-01-21T19:58:42.122012+0000 mgr.smithi053.fgsmol (mgr.14116) 4 : audit [DBG] from='client.14128 -' entity='client.admin' cmd=[{"prefix": "cephadm set-user", "user": "root", "target": ["mon-mgr", ""]}]: dispatch
2024-01-21T19:58:43.806 INFO:teuthology.orchestra.run.smithi053.stderr:Generating ssh key...
2024-01-21T19:58:43.806 INFO:teuthology.orchestra.run.smithi053.stderr:Running command: /bin/podman run --rm --ipc=host --no-hosts --net=host --entrypoint /usr/bin/ceph --init -e CONTAINER_IMAGE=docker.io/ceph/ceph:v16.2.4 -e NODE_NAME=smithi053 -e CEPH_USE_RANDOM_NONCE=1 -v /var/log/ceph/57f6722c-b897-11ee-95b0-87774f69a715:/var/log/ceph:z -v /tmp/ceph-tmpw7bt2for:/etc/ceph/ceph.client.admin.keyring:z -v /tmp/ceph-tmp987f45g0:/etc/ceph/ceph.conf:z docker.io/ceph/ceph:v16.2.4 cephadm generate-key
2024-01-21T19:58:44.330 INFO:teuthology.orchestra.run.smithi053.stderr:/usr/bin/ceph:
2024-01-21T19:58:44.335+0000 7f915ea44700 1 Processor -- start
2024-01-21T19:58:44.330 INFO:teuthology.orchestra.run.smithi053.stderr:/usr/bin/ceph:
2024-01-21T19:58:44.335+0000 7f915ea44700 1 -- start start
2024-01-21T19:58:44.330 INFO:teuthology.orchestra.run.smithi053.stderr:/usr/bin/ceph:
2024-01-21T19:58:44.335+0000 7f915ea44700 1 --2- >> [v2:172.21.15.53:3300/0,v1:172.21.15.53:6789/0] conn(0x7f91580724d0 0x7f9158070a70 unknown :-1 s=NONE pgs=0 cs=0 l=0 rev1=0 rx=0 tx=0).connect
2024-01-21T19:58:44.331 INFO:teuthology.orchestra.run.smithi053.stderr:/usr/bin/ceph:
2024-01-21T19:58:44.335+0000 7f915ea44700 1 -- --> [v2:172.21.15.53:3300/0,v1:172.21.15.53:6789/0] -- mon_getmap magic: 0 v1 -- 0x7f91580728f0 con 0x7f91580724d0
2024-01-21T19:58:44.331 INFO:teuthology.orchestra.run.smithi053.stderr:/usr/bin/ceph:
2024-01-21T19:58:44.335+0000 7f9157fff700 1 --2- >> [v2:172.21.15.53:3300/0,v1:172.21.15.53:6789/0] conn(0x7f91580724d0 0x7f9158070a70 unknown :-1 s=BANNER_CONNECTING pgs=0 cs=0 l=0 rev1=0 rx=0 tx=0)._handle_peer_banner_payload supported=1 required=0
2024-01-21T19:58:44.331 INFO:teuthology.orchestra.run.smithi053.stderr:/usr/bin/ceph:
2024-01-21T19:58:44.335+0000 7f9157fff700 1 --2- >> [v2:172.21.15.53:3300/0,v1:172.21.15.53:6789/0] conn(0x7f91580724d0 0x7f9158070a70 unknown :-1 s=HELLO_CONNECTING pgs=0 cs=0 l=0 rev1=1 rx=0 tx=0).handle_hello peer v2:172.21.15.53:3300/0 says I am v2:172.21.15.53:49342/0 (socket says 172.21.15.53:49342)
2024-01-21T19:58:44.331 INFO:teuthology.orchestra.run.smithi053.stderr:/usr/bin/ceph:
2024-01-21T19:58:44.335+0000 7f9157fff700 1 -- 172.21.15.53:0/165004094 learned_addr learned my addr 172.21.15.53:0/165004094 (peer_addr_for_me v2:172.21.15.53:0/0)
2024-01-21T19:58:44.331 INFO:teuthology.orchestra.run.smithi053.stderr:/usr/bin/ceph:
2024-01-21T19:58:44.335+0000 7f9157fff700 1 -- 172.21.15.53:0/165004094 --> [v2:172.21.15.53:3300/0,v1:172.21.15.53:6789/0] -- mon_subscribe({config=0+,monmap=0+}) v3 -- 0x7f9158070f60 con 0x7f91580724d0
2024-01-21T19:58:44.331 INFO:teuthology.orchestra.run.smithi053.stderr:/usr/bin/ceph:
2024-01-21T19:58:44.336+0000 7f9157fff700 1 --2- 172.21.15.53:0/165004094 >> [v2:172.21.15.53:3300/0,v1:172.21.15.53:6789/0] conn(0x7f91580724d0 0x7f9158070a70 secure :-1 s=READY pgs=35 cs=0 l=1 rev1=1 rx=0x7f914800b5f0 tx=0x7f9148006ee0).ready entity=mon.0 client_cookie=98e3be12bc1b12dd server_cookie=0 in_seq=0 out_seq=0
2024-01-21T19:58:44.331 INFO:teuthology.orchestra.run.smithi053.stderr:/usr/bin/ceph:
2024-01-21T19:58:44.336+0000 7f9156ffd700 1 -- 172.21.15.53:0/165004094 <== mon.0 v2:172.21.15.53:3300/0 1 ==== mon_map magic: 0 v1 ==== 229+0+0 (secure 0 0 0) 0x7f914800d600 con 0x7f91580724d0
2024-01-21T19:58:44.331 INFO:teuthology.orchestra.run.smithi053.stderr:/usr/bin/ceph:
2024-01-21T19:58:44.336+0000 7f9156ffd700 1 -- 172.21.15.53:0/165004094 <== mon.0 v2:172.21.15.53:3300/0 2 ==== config(25 keys) v1 ==== 1010+0+0 (secure 0 0 0) 0x7f914800dbd0 con 0x7f91580724d0
2024-01-21T19:58:44.331 INFO:teuthology.orchestra.run.smithi053.stderr:/usr/bin/ceph:
2024-01-21T19:58:44.336+0000 7f9156ffd700 1 -- 172.21.15.53:0/165004094 <== mon.0 v2:172.21.15.53:3300/0 3 ==== mon_map magic: 0 v1 ==== 229+0+0 (secure 0 0 0) 0x7f9148011c00 con 0x7f91580724d0
2024-01-21T19:58:44.331 INFO:teuthology.orchestra.run.smithi053.stderr:/usr/bin/ceph:
2024-01-21T19:58:44.336+0000 7f915ea44700 1 -- 172.21.15.53:0/165004094 >> [v2:172.21.15.53:3300/0,v1:172.21.15.53:6789/0] conn(0x7f91580724d0 msgr2=0x7f9158070a70 secure :-1 s=STATE_CONNECTION_ESTABLISHED l=1).mark_down
2024-01-21T19:58:44.331 INFO:teuthology.orchestra.run.smithi053.stderr:/usr/bin/ceph:
2024-01-21T19:58:44.336+0000 7f915ea44700 1 --2- 172.21.15.53:0/165004094 >> [v2:172.21.15.53:3300/0,v1:172.21.15.53:6789/0] conn(0x7f91580724d0 0x7f9158070a70 secure :-1 s=READY pgs=35 cs=0 l=1 rev1=1 rx=0x7f914800b5f0 tx=0x7f9148006ee0).stop
2024-01-21T19:58:44.331 INFO:teuthology.orchestra.run.smithi053.stderr:/usr/bin/ceph:
2024-01-21T19:58:44.336+0000 7f915ea44700 1 -- 172.21.15.53:0/165004094 shutdown_connections
2024-01-21T19:58:44.332 INFO:teuthology.orchestra.run.smithi053.stderr:/usr/bin/ceph:
2024-01-21T19:58:44.336+0000 7f915ea44700 1 --2- 172.21.15.53:0/165004094 >> [v2:172.21.15.53:3300/0,v1:172.21.15.53:6789/0] conn(0x7f91580724d0 0x7f9158070a70 unknown :-1 s=CLOSED pgs=35 cs=0 l=1 rev1=1 rx=0 tx=0).stop
2024-01-21T19:58:44.332 INFO:teuthology.orchestra.run.smithi053.stderr:/usr/bin/ceph:
2024-01-21T19:58:44.336+0000 7f915ea44700 1 -- 172.21.15.53:0/165004094 >> 172.21.15.53:0/165004094 conn(0x7f91580f74c0 msgr2=0x7f91580f98e0 unknown :-1 s=STATE_NONE l=0).mark_down
2024-01-21T19:58:44.332 INFO:teuthology.orchestra.run.smithi053.stderr:/usr/bin/ceph:
2024-01-21T19:58:44.336+0000 7f915ea44700 1 -- 172.21.15.53:0/165004094 shutdown_connections
2024-01-21T19:58:44.332 INFO:teuthology.orchestra.run.smithi053.stderr:/usr/bin/ceph:
2024-01-21T19:58:44.336+0000 7f915ea44700 1 -- 172.21.15.53:0/165004094 wait complete.
2024-01-21T19:58:44.332 INFO:teuthology.orchestra.run.smithi053.stderr:/usr/bin/ceph:
2024-01-21T19:58:44.337+0000 7f915ea44700 1 Processor -- start
2024-01-21T19:58:44.332 INFO:teuthology.orchestra.run.smithi053.stderr:/usr/bin/ceph:
2024-01-21T19:58:44.337+0000 7f915ea44700 1 -- start start
2024-01-21T19:58:44.332 INFO:teuthology.orchestra.run.smithi053.stderr:/usr/bin/ceph:
2024-01-21T19:58:44.337+0000 7f915ea44700 1 --2- >> [v2:172.21.15.53:3300/0,v1:172.21.15.53:6789/0] conn(0x7f91580724d0 0x7f915810cce0 unknown :-1 s=NONE pgs=0 cs=0 l=1 rev1=0 rx=0 tx=0).connect
2024-01-21T19:58:44.332 INFO:teuthology.orchestra.run.smithi053.stderr:/usr/bin/ceph:
2024-01-21T19:58:44.337+0000 7f915ea44700 1 -- --> [v2:172.21.15.53:3300/0,v1:172.21.15.53:6789/0] -- mon_getmap magic: 0 v1 -- 0x7f915810d1d0 con 0x7f91580724d0
2024-01-21T19:58:44.332 INFO:teuthology.orchestra.run.smithi053.stderr:/usr/bin/ceph:
2024-01-21T19:58:44.338+0000 7f9157fff700 1 --2- >> [v2:172.21.15.53:3300/0,v1:172.21.15.53:6789/0] conn(0x7f91580724d0 0x7f915810cce0 unknown :-1 s=BANNER_CONNECTING pgs=0 cs=0 l=1 rev1=0 rx=0 tx=0)._handle_peer_banner_payload supported=1 required=0
2024-01-21T19:58:44.332 INFO:teuthology.orchestra.run.smithi053.stderr:/usr/bin/ceph:
2024-01-21T19:58:44.338+0000 7f9157fff700 1 --2- >> [v2:172.21.15.53:3300/0,v1:172.21.15.53:6789/0] conn(0x7f91580724d0 0x7f915810cce0 unknown :-1 s=HELLO_CONNECTING pgs=0 cs=0 l=1 rev1=1 rx=0 tx=0).handle_hello peer v2:172.21.15.53:3300/0 says I am v2:172.21.15.53:49352/0 (socket says 172.21.15.53:49352)
2024-01-21T19:58:44.332 INFO:teuthology.orchestra.run.smithi053.stderr:/usr/bin/ceph:
2024-01-21T19:58:44.338+0000 7f9157fff700 1 -- 172.21.15.53:0/2740811305 learned_addr learned my addr 172.21.15.53:0/2740811305 (peer_addr_for_me v2:172.21.15.53:0/0)
2024-01-21T19:58:44.332 INFO:teuthology.orchestra.run.smithi053.stderr:/usr/bin/ceph:
2024-01-21T19:58:44.338+0000 7f9157fff700 1 -- 172.21.15.53:0/2740811305 --> [v2:172.21.15.53:3300/0,v1:172.21.15.53:6789/0] -- mon_subscribe({config=0+,monmap=0+}) v3 -- 0x7f914800b200 con 0x7f91580724d0
2024-01-21T19:58:44.332 INFO:teuthology.orchestra.run.smithi053.stderr:/usr/bin/ceph:
2024-01-21T19:58:44.338+0000 7f9157fff700 1 --2- 172.21.15.53:0/2740811305 >> [v2:172.21.15.53:3300/0,v1:172.21.15.53:6789/0] conn(0x7f91580724d0 0x7f915810cce0 secure :-1 s=READY pgs=36 cs=0 l=1 rev1=1 rx=0x7f9148011820 tx=0x7f9148006ee0).ready entity=mon.0 client_cookie=0 server_cookie=0 in_seq=0 out_seq=0
2024-01-21T19:58:44.333 INFO:teuthology.orchestra.run.smithi053.stderr:/usr/bin/ceph:
2024-01-21T19:58:44.338+0000 7f9154ff9700 1 -- 172.21.15.53:0/2740811305 <== mon.0 v2:172.21.15.53:3300/0 1 ==== mon_map magic: 0 v1 ==== 229+0+0 (secure 0 0 0) 0x7f914801b410 con 0x7f91580724d0
2024-01-21T19:58:44.333 INFO:teuthology.orchestra.run.smithi053.stderr:/usr/bin/ceph:
2024-01-21T19:58:44.338+0000 7f9154ff9700 1 -- 172.21.15.53:0/2740811305 <== mon.0 v2:172.21.15.53:3300/0 2 ==== config(25 keys) v1 ==== 1010+0+0 (secure 0 0 0) 0x7f914801b9e0 con 0x7f91580724d0
2024-01-21T19:58:44.333 INFO:teuthology.orchestra.run.smithi053.stderr:/usr/bin/ceph:
2024-01-21T19:58:44.338+0000 7f915ea44700 1 -- 172.21.15.53:0/2740811305 --> [v2:172.21.15.53:3300/0,v1:172.21.15.53:6789/0] -- mon_subscribe({mgrmap=0+}) v3 -- 0x7f915810d3d0 con 0x7f91580724d0
2024-01-21T19:58:44.333 INFO:teuthology.orchestra.run.smithi053.stderr:/usr/bin/ceph:
2024-01-21T19:58:44.338+0000 7f9154ff9700 1 -- 172.21.15.53:0/2740811305 <== mon.0 v2:172.21.15.53:3300/0 3 ==== mon_map magic: 0 v1 ==== 229+0+0 (secure 0 0 0) 0x7f914801a8b0 con 0x7f91580724d0
2024-01-21T19:58:44.333 INFO:teuthology.orchestra.run.smithi053.stderr:/usr/bin/ceph:
2024-01-21T19:58:44.338+0000 7f915ea44700 1 -- 172.21.15.53:0/2740811305 --> [v2:172.21.15.53:3300/0,v1:172.21.15.53:6789/0] -- mon_subscribe({osdmap=0}) v3 -- 0x7f915810d7e0 con 0x7f91580724d0
2024-01-21T19:58:44.334 INFO:teuthology.orchestra.run.smithi053.stderr:/usr/bin/ceph:
2024-01-21T19:58:44.339+0000 7f9154ff9700 1 -- 172.21.15.53:0/2740811305 <== mon.0 v2:172.21.15.53:3300/0 4 ==== mgrmap(e 8) v1 ==== 36120+0+0 (secure 0 0 0) 0x7f914800f070 con 0x7f91580724d0
2024-01-21T19:58:44.334 INFO:teuthology.orchestra.run.smithi053.stderr:/usr/bin/ceph:
2024-01-21T19:58:44.339+0000 7f9154ff9700 1 --2- 172.21.15.53:0/2740811305 >> [v2:172.21.15.53:6800/55197364,v1:172.21.15.53:6801/55197364] conn(0x7f914402fd50 0x7f9144032210 unknown :-1 s=NONE pgs=0 cs=0 l=1 rev1=0 rx=0 tx=0).connect
2024-01-21T19:58:44.334 INFO:teuthology.orchestra.run.smithi053.stderr:/usr/bin/ceph:
2024-01-21T19:58:44.339+0000 7f9154ff9700 1 -- 172.21.15.53:0/2740811305 <== mon.0 v2:172.21.15.53:3300/0 5 ==== osd_map(2..2 src has 1..2) v4 ==== 926+0+0 (secure 0 0 0) 0x7f91480413f0 con 0x7f91580724d0
2024-01-21T19:58:44.334 INFO:teuthology.orchestra.run.smithi053.stderr:/usr/bin/ceph:
2024-01-21T19:58:44.339+0000 7f915ea44700 1 -- 172.21.15.53:0/2740811305 --> [v2:172.21.15.53:3300/0,v1:172.21.15.53:6789/0] -- mon_command({"prefix": "get_command_descriptions"} v 0) v1 -- 0x7f9158045ad0 con 0x7f91580724d0
2024-01-21T19:58:44.334 INFO:teuthology.orchestra.run.smithi053.stderr:/usr/bin/ceph:
2024-01-21T19:58:44.339+0000 7f91577fe700 1 --2- 172.21.15.53:0/2740811305 >> [v2:172.21.15.53:6800/55197364,v1:172.21.15.53:6801/55197364] conn(0x7f914402fd50 0x7f9144032210 unknown :-1 s=BANNER_CONNECTING pgs=0 cs=0 l=1 rev1=0 rx=0 tx=0)._handle_peer_banner_payload supported=1 required=0
2024-01-21T19:58:44.334 INFO:teuthology.orchestra.run.smithi053.stderr:/usr/bin/ceph:
2024-01-21T19:58:44.340+0000 7f91577fe700 1 --2- 172.21.15.53:0/2740811305 >> [v2:172.21.15.53:6800/55197364,v1:172.21.15.53:6801/55197364] conn(0x7f914402fd50 0x7f9144032210 secure :-1 s=READY pgs=8 cs=0 l=1 rev1=1 rx=0x7f914c0096a0 tx=0x7f914c006b40).ready entity=mgr.14116 client_cookie=0 server_cookie=0 in_seq=0 out_seq=0
2024-01-21T19:58:44.335 INFO:teuthology.orchestra.run.smithi053.stderr:/usr/bin/ceph:
2024-01-21T19:58:44.344+0000 7f9154ff9700 1 -- 172.21.15.53:0/2740811305 <== mon.0 v2:172.21.15.53:3300/0 6 ==== mon_command_ack([{"prefix": "get_command_descriptions"}]=0 v0) v1 ==== 72+0+152212 (secure 0 0 0) 0x7f9148016070 con 0x7f91580724d0
2024-01-21T19:58:44.494 INFO:teuthology.orchestra.run.smithi053.stderr:/usr/bin/ceph:
2024-01-21T19:58:44.502+0000 7f915ea44700 1 -- 172.21.15.53:0/2740811305 --> [v2:172.21.15.53:6800/55197364,v1:172.21.15.53:6801/55197364] -- mgr_command(tid 0: {"prefix": "cephadm generate-key", "target": ["mon-mgr", ""]}) v1 -- 0x7f915810df10 con 0x7f914402fd50
2024-01-21T19:58:44.815 INFO:teuthology.orchestra.run.smithi053.stderr:/usr/bin/ceph:
2024-01-21T19:58:44.824+0000 7f9154ff9700 1 -- 172.21.15.53:0/2740811305 <== mgr.14116 v2:172.21.15.53:6800/55197364 1 ==== mgr_command_reply(tid 0: 0 ) v1 ==== 8+0+0 (secure 0 0 0) 0x7f915810df10 con 0x7f914402fd50
2024-01-21T19:58:44.819 INFO:teuthology.orchestra.run.smithi053.stderr:/usr/bin/ceph:
2024-01-21T19:58:44.825+0000 7f915ea44700 1 -- 172.21.15.53:0/2740811305 >> [v2:172.21.15.53:6800/55197364,v1:172.21.15.53:6801/55197364] conn(0x7f914402fd50 msgr2=0x7f9144032210 secure :-1 s=STATE_CONNECTION_ESTABLISHED l=1).mark_down
2024-01-21T19:58:44.819 INFO:teuthology.orchestra.run.smithi053.stderr:/usr/bin/ceph:
2024-01-21T19:58:44.825+0000 7f915ea44700 1 --2- 172.21.15.53:0/2740811305 >> [v2:172.21.15.53:6800/55197364,v1:172.21.15.53:6801/55197364] conn(0x7f914402fd50 0x7f9144032210 secure :-1 s=READY pgs=8 cs=0 l=1 rev1=1 rx=0x7f914c0096a0 tx=0x7f914c006b40).stop
2024-01-21T19:58:44.819 INFO:teuthology.orchestra.run.smithi053.stderr:/usr/bin/ceph:
2024-01-21T19:58:44.825+0000 7f915ea44700 1 -- 172.21.15.53:0/2740811305 >> [v2:172.21.15.53:3300/0,v1:172.21.15.53:6789/0] conn(0x7f91580724d0 msgr2=0x7f915810cce0 secure :-1 s=STATE_CONNECTION_ESTABLISHED l=1).mark_down
2024-01-21T19:58:44.819 INFO:teuthology.orchestra.run.smithi053.stderr:/usr/bin/ceph:
2024-01-21T19:58:44.825+0000 7f915ea44700 1 --2- 172.21.15.53:0/2740811305 >> [v2:172.21.15.53:3300/0,v1:172.21.15.53:6789/0] conn(0x7f91580724d0 0x7f915810cce0 secure :-1 s=READY pgs=36 cs=0 l=1 rev1=1 rx=0x7f9148011820 tx=0x7f9148006ee0).stop
2024-01-21T19:58:44.820 INFO:teuthology.orchestra.run.smithi053.stderr:/usr/bin/ceph:
2024-01-21T19:58:44.825+0000 7f915ea44700 1 -- 172.21.15.53:0/2740811305 shutdown_connections
2024-01-21T19:58:44.820 INFO:teuthology.orchestra.run.smithi053.stderr:/usr/bin/ceph:
2024-01-21T19:58:44.825+0000 7f915ea44700 1 --2- 172.21.15.53:0/2740811305 >> [v2:172.21.15.53:6800/55197364,v1:172.21.15.53:6801/55197364] conn(0x7f914402fd50 0x7f9144032210 unknown :-1 s=CLOSED pgs=8 cs=0 l=1 rev1=1 rx=0 tx=0).stop
2024-01-21T19:58:44.820 INFO:teuthology.orchestra.run.smithi053.stderr:/usr/bin/ceph:
2024-01-21T19:58:44.825+0000 7f915ea44700 1 --2- 172.21.15.53:0/2740811305 >> [v2:172.21.15.53:3300/0,v1:172.21.15.53:6789/0] conn(0x7f91580724d0 0x7f915810cce0 unknown :-1 s=CLOSED pgs=36 cs=0 l=1 rev1=1 rx=0 tx=0).stop
2024-01-21T19:58:44.820 INFO:teuthology.orchestra.run.smithi053.stderr:/usr/bin/ceph:
2024-01-21T19:58:44.825+0000 7f915ea44700 1 -- 172.21.15.53:0/2740811305 >> 172.21.15.53:0/2740811305 conn(0x7f91580f74c0 msgr2=0x7f91580f8fc0 unknown :-1 s=STATE_NONE l=0).mark_down
2024-01-21T19:58:44.820 INFO:teuthology.orchestra.run.smithi053.stderr:/usr/bin/ceph:
2024-01-21T19:58:44.825+0000 7f915ea44700 1 -- 172.21.15.53:0/2740811305 shutdown_connections
2024-01-21T19:58:44.820 INFO:teuthology.orchestra.run.smithi053.stderr:/usr/bin/ceph:
2024-01-21T19:58:44.825+0000 7f915ea44700 1 -- 172.21.15.53:0/2740811305 wait complete.
2024-01-21T19:58:45.183 INFO:teuthology.orchestra.run.smithi053.stderr:Running command: /bin/podman run --rm --ipc=host --no-hosts --net=host --entrypoint /usr/bin/ceph --init -e CONTAINER_IMAGE=docker.io/ceph/ceph:v16.2.4 -e NODE_NAME=smithi053 -e CEPH_USE_RANDOM_NONCE=1 -v /var/log/ceph/57f6722c-b897-11ee-95b0-87774f69a715:/var/log/ceph:z -v /tmp/ceph-tmpw7bt2for:/etc/ceph/ceph.client.admin.keyring:z -v /tmp/ceph-tmp987f45g0:/etc/ceph/ceph.conf:z docker.io/ceph/ceph:v16.2.4 cephadm get-pub-key
2024-01-21T19:58:45.552 INFO:teuthology.orchestra.run.smithi053.stderr:/usr/bin/ceph:
2024-01-21T19:58:45.556+0000 7fd52aefa700 1 Processor -- start
2024-01-21T19:58:45.553 INFO:teuthology.orchestra.run.smithi053.stderr:/usr/bin/ceph:
2024-01-21T19:58:45.556+0000 7fd52aefa700 1 -- start start
2024-01-21T19:58:45.553 INFO:teuthology.orchestra.run.smithi053.stderr:/usr/bin/ceph:
2024-01-21T19:58:45.556+0000 7fd52aefa700 1 --2- >> [v2:172.21.15.53:3300/0,v1:172.21.15.53:6789/0] conn(0x7fd5240703b0 0x7fd524100bb0 unknown :-1 s=NONE pgs=0 cs=0 l=0 rev1=0 rx=0 tx=0).connect
2024-01-21T19:58:45.553 INFO:teuthology.orchestra.run.smithi053.stderr:/usr/bin/ceph:
2024-01-21T19:58:45.556+0000 7fd52aefa700 1 -- --> [v2:172.21.15.53:3300/0,v1:172.21.15.53:6789/0] -- mon_getmap magic: 0 v1 -- 0x7fd5240fc5a0 con 0x7fd5240703b0
2024-01-21T19:58:45.553 INFO:teuthology.orchestra.run.smithi053.stderr:/usr/bin/ceph:
2024-01-21T19:58:45.556+0000 7fd529ef8700 1 --2- >> [v2:172.21.15.53:3300/0,v1:172.21.15.53:6789/0] conn(0x7fd5240703b0 0x7fd524100bb0 unknown :-1 s=BANNER_CONNECTING pgs=0 cs=0 l=0 rev1=0 rx=0 tx=0)._handle_peer_banner_payload supported=1 required=0
2024-01-21T19:58:45.553 INFO:teuthology.orchestra.run.smithi053.stderr:/usr/bin/ceph:
2024-01-21T19:58:45.556+0000 7fd529ef8700 1 --2- >> [v2:172.21.15.53:3300/0,v1:172.21.15.53:6789/0] conn(0x7fd5240703b0 0x7fd524100bb0 unknown :-1 s=HELLO_CONNECTING pgs=0 cs=0 l=0 rev1=1 rx=0 tx=0).handle_hello peer v2:172.21.15.53:3300/0 says I am v2:172.21.15.53:49362/0 (socket says 172.21.15.53:49362)
2024-01-21T19:58:45.553 INFO:teuthology.orchestra.run.smithi053.stderr:/usr/bin/ceph:
2024-01-21T19:58:45.556+0000 7fd529ef8700 1 -- 172.21.15.53:0/1365568122 learned_addr learned my addr 172.21.15.53:0/1365568122 (peer_addr_for_me v2:172.21.15.53:0/0)
2024-01-21T19:58:45.553 INFO:teuthology.orchestra.run.smithi053.stderr:/usr/bin/ceph:
2024-01-21T19:58:45.557+0000 7fd529ef8700 1 -- 172.21.15.53:0/1365568122 --> [v2:172.21.15.53:3300/0,v1:172.21.15.53:6789/0] -- mon_subscribe({config=0+,monmap=0+}) v3 -- 0x7fd5241010a0 con 0x7fd5240703b0
2024-01-21T19:58:45.553 INFO:teuthology.orchestra.run.smithi053.stderr:/usr/bin/ceph:
2024-01-21T19:58:45.557+0000 7fd529ef8700 1 --2- 172.21.15.53:0/1365568122 >> [v2:172.21.15.53:3300/0,v1:172.21.15.53:6789/0] conn(0x7fd5240703b0 0x7fd524100bb0 secure :-1 s=READY pgs=37 cs=0 l=1 rev1=1 rx=0x7fd52000b5f0 tx=0x7fd520006ee0).ready entity=mon.0 client_cookie=f7882ec53d5065a2 server_cookie=0 in_seq=0 out_seq=0
2024-01-21T19:58:45.553 INFO:teuthology.orchestra.run.smithi053.stderr:/usr/bin/ceph:
2024-01-21T19:58:45.557+0000 7fd528ef6700 1 -- 172.21.15.53:0/1365568122 <== mon.0 v2:172.21.15.53:3300/0 1 ==== mon_map magic: 0 v1 ==== 229+0+0 (secure 0 0 0) 0x7fd52000d600 con 0x7fd5240703b0
2024-01-21T19:58:45.553 INFO:teuthology.orchestra.run.smithi053.stderr:/usr/bin/ceph:
2024-01-21T19:58:45.557+0000 7fd528ef6700 1 -- 172.21.15.53:0/1365568122 <== mon.0 v2:172.21.15.53:3300/0 2 ==== config(25 keys) v1 ==== 1010+0+0 (secure 0 0 0) 0x7fd52000dbd0 con 0x7fd5240703b0
2024-01-21T19:58:45.553 INFO:teuthology.orchestra.run.smithi053.stderr:/usr/bin/ceph:
2024-01-21T19:58:45.557+0000 7fd528ef6700 1 -- 172.21.15.53:0/1365568122 <== mon.0 v2:172.21.15.53:3300/0 3 ==== mon_map magic: 0 v1 ==== 229+0+0 (secure 0 0 0) 0x7fd520011c00 con 0x7fd5240703b0
2024-01-21T19:58:45.553 INFO:teuthology.orchestra.run.smithi053.stderr:/usr/bin/ceph:
2024-01-21T19:58:45.557+0000 7fd52aefa700 1 -- 172.21.15.53:0/1365568122 >> [v2:172.21.15.53:3300/0,v1:172.21.15.53:6789/0] conn(0x7fd5240703b0 msgr2=0x7fd524100bb0 secure :-1 s=STATE_CONNECTION_ESTABLISHED l=1).mark_down
2024-01-21T19:58:45.554 INFO:teuthology.orchestra.run.smithi053.stderr:/usr/bin/ceph:
2024-01-21T19:58:45.557+0000 7fd52aefa700 1 --2- 172.21.15.53:0/1365568122 >> [v2:172.21.15.53:3300/0,v1:172.21.15.53:6789/0] conn(0x7fd5240703b0 0x7fd524100bb0 secure :-1 s=READY pgs=37 cs=0 l=1 rev1=1 rx=0x7fd52000b5f0 tx=0x7fd520006ee0).stop
2024-01-21T19:58:45.554 INFO:teuthology.orchestra.run.smithi053.stderr:/usr/bin/ceph:
2024-01-21T19:58:45.557+0000 7fd52aefa700 1 -- 172.21.15.53:0/1365568122 shutdown_connections
2024-01-21T19:58:45.554 INFO:teuthology.orchestra.run.smithi053.stderr:/usr/bin/ceph:
2024-01-21T19:58:45.558+0000 7fd52aefa700 1 --2- 172.21.15.53:0/1365568122 >> [v2:172.21.15.53:3300/0,v1:172.21.15.53:6789/0] conn(0x7fd5240703b0 0x7fd524100bb0 unknown :-1 s=CLOSED pgs=37 cs=0 l=1 rev1=1 rx=0 tx=0).stop
2024-01-21T19:58:45.554 INFO:teuthology.orchestra.run.smithi053.stderr:/usr/bin/ceph:
2024-01-21T19:58:45.558+0000 7fd52aefa700 1 -- 172.21.15.53:0/1365568122 >> 172.21.15.53:0/1365568122 conn(0x7fd5240f6210 msgr2=0x7fd5240f8630 unknown :-1 s=STATE_NONE l=0).mark_down
2024-01-21T19:58:45.554 INFO:teuthology.orchestra.run.smithi053.stderr:/usr/bin/ceph:
2024-01-21T19:58:45.558+0000 7fd52aefa700 1 -- 172.21.15.53:0/1365568122 shutdown_connections
2024-01-21T19:58:45.554 INFO:teuthology.orchestra.run.smithi053.stderr:/usr/bin/ceph:
2024-01-21T19:58:45.558+0000 7fd52aefa700 1 -- 172.21.15.53:0/1365568122 wait complete.
2024-01-21T19:58:45.554 INFO:teuthology.orchestra.run.smithi053.stderr:/usr/bin/ceph:
2024-01-21T19:58:45.559+0000 7fd52aefa700 1 Processor -- start
2024-01-21T19:58:45.554 INFO:teuthology.orchestra.run.smithi053.stderr:/usr/bin/ceph:
2024-01-21T19:58:45.559+0000 7fd52aefa700 1 -- start start
2024-01-21T19:58:45.554 INFO:teuthology.orchestra.run.smithi053.stderr:/usr/bin/ceph:
2024-01-21T19:58:45.559+0000 7fd52aefa700 1 --2- >> [v2:172.21.15.53:3300/0,v1:172.21.15.53:6789/0] conn(0x7fd5240703b0 0x7fd52410ca70 unknown :-1 s=NONE pgs=0 cs=0 l=1 rev1=0 rx=0 tx=0).connect
2024-01-21T19:58:45.554 INFO:teuthology.orchestra.run.smithi053.stderr:/usr/bin/ceph:
2024-01-21T19:58:45.559+0000 7fd52aefa700 1 -- --> [v2:172.21.15.53:3300/0,v1:172.21.15.53:6789/0] -- mon_getmap magic: 0 v1 -- 0x7fd52410cf60 con 0x7fd5240703b0
2024-01-21T19:58:45.554 INFO:teuthology.orchestra.run.smithi053.stderr:/usr/bin/ceph:
2024-01-21T19:58:45.559+0000 7fd529ef8700 1 --2- >> [v2:172.21.15.53:3300/0,v1:172.21.15.53:6789/0] conn(0x7fd5240703b0 0x7fd52410ca70 unknown :-1 s=BANNER_CONNECTING pgs=0 cs=0 l=1 rev1=0 rx=0 tx=0)._handle_peer_banner_payload supported=1 required=0
2024-01-21T19:58:45.554 INFO:teuthology.orchestra.run.smithi053.stderr:/usr/bin/ceph:
2024-01-21T19:58:45.559+0000 7fd529ef8700 1 --2- >> [v2:172.21.15.53:3300/0,v1:172.21.15.53:6789/0] conn(0x7fd5240703b0 0x7fd52410ca70 unknown :-1 s=HELLO_CONNECTING pgs=0 cs=0 l=1 rev1=1 rx=0 tx=0).handle_hello peer v2:172.21.15.53:3300/0 says I am v2:172.21.15.53:49372/0 (socket says 172.21.15.53:49372)
2024-01-21T19:58:45.555 INFO:teuthology.orchestra.run.smithi053.stderr:/usr/bin/ceph:
2024-01-21T19:58:45.559+0000 7fd529ef8700 1 -- 172.21.15.53:0/482328989 learned_addr learned my addr 172.21.15.53:0/482328989 (peer_addr_for_me v2:172.21.15.53:0/0)
2024-01-21T19:58:45.555 INFO:teuthology.orchestra.run.smithi053.stderr:/usr/bin/ceph:
2024-01-21T19:58:45.560+0000 7fd529ef8700 1 -- 172.21.15.53:0/482328989 --> [v2:172.21.15.53:3300/0,v1:172.21.15.53:6789/0] -- mon_subscribe({config=0+,monmap=0+}) v3 -- 0x7fd52000b200 con 0x7fd5240703b0
2024-01-21T19:58:45.555 INFO:teuthology.orchestra.run.smithi053.stderr:/usr/bin/ceph:
2024-01-21T19:58:45.560+0000 7fd529ef8700 1 --2- 172.21.15.53:0/482328989 >> [v2:172.21.15.53:3300/0,v1:172.21.15.53:6789/0] conn(0x7fd5240703b0 0x7fd52410ca70 secure :-1 s=READY pgs=38 cs=0 l=1 rev1=1 rx=0x7fd52000e040 tx=0x7fd520006ee0).ready entity=mon.0 client_cookie=0 server_cookie=0 in_seq=0 out_seq=0
2024-01-21T19:58:45.555 INFO:teuthology.orchestra.run.smithi053.stderr:/usr/bin/ceph:
2024-01-21T19:58:45.560+0000 7fd5127fc700 1 -- 172.21.15.53:0/482328989 <== mon.0 v2:172.21.15.53:3300/0 1 ==== mon_map magic: 0 v1 ==== 229+0+0 (secure 0 0 0) 0x7fd52000d9f0 con 0x7fd5240703b0
2024-01-21T19:58:45.555 INFO:teuthology.orchestra.run.smithi053.stderr:/usr/bin/ceph:
2024-01-21T19:58:45.560+0000 7fd52aefa700 1 -- 172.21.15.53:0/482328989 --> [v2:172.21.15.53:3300/0,v1:172.21.15.53:6789/0] -- mon_subscribe({mgrmap=0+}) v3 -- 0x7fd52410d160 con 0x7fd5240703b0
2024-01-21T19:58:45.555 INFO:teuthology.orchestra.run.smithi053.stderr:/usr/bin/ceph:
2024-01-21T19:58:45.560+0000 7fd5127fc700 1 -- 172.21.15.53:0/482328989 <== mon.0 v2:172.21.15.53:3300/0 2 ==== config(25 keys) v1 ==== 1010+0+0 (secure 0 0 0) 0x7fd52001a9f0 con 0x7fd5240703b0
2024-01-21T19:58:45.555 INFO:teuthology.orchestra.run.smithi053.stderr:/usr/bin/ceph:
2024-01-21T19:58:45.560+0000 7fd5127fc700 1 -- 172.21.15.53:0/482328989 <== mon.0 v2:172.21.15.53:3300/0 3 ==== mon_map magic: 0 v1 ==== 229+0+0 (secure 0 0 0) 0x7fd52001b8c0 con 0x7fd5240703b0
2024-01-21T19:58:45.555 INFO:teuthology.orchestra.run.smithi053.stderr:/usr/bin/ceph:
2024-01-21T19:58:45.560+0000 7fd52aefa700 1 -- 172.21.15.53:0/482328989 --> [v2:172.21.15.53:3300/0,v1:172.21.15.53:6789/0] -- mon_subscribe({osdmap=0}) v3 -- 0x7fd52410d570 con 0x7fd5240703b0
2024-01-21T19:58:45.555 INFO:teuthology.orchestra.run.smithi053.stderr:/usr/bin/ceph:
2024-01-21T19:58:45.561+0000 7fd5127fc700 1 -- 172.21.15.53:0/482328989 <== mon.0 v2:172.21.15.53:3300/0 4 ==== mgrmap(e 8) v1 ==== 36120+0+0 (secure 0 0 0) 0x7fd52000f070 con 0x7fd5240703b0
2024-01-21T19:58:45.556 INFO:teuthology.orchestra.run.smithi053.stderr:/usr/bin/ceph:
2024-01-21T19:58:45.561+0000 7fd5127fc700 1 --2- 172.21.15.53:0/482328989 >> [v2:172.21.15.53:6800/55197364,v1:172.21.15.53:6801/55197364] conn(0x7fd50c02fd50 0x7fd50c032210 unknown :-1 s=NONE pgs=0 cs=0 l=1 rev1=0 rx=0 tx=0).connect
2024-01-21T19:58:45.556 INFO:teuthology.orchestra.run.smithi053.stderr:/usr/bin/ceph:
2024-01-21T19:58:45.561+0000 7fd52aefa700 1 -- 172.21.15.53:0/482328989 --> [v2:172.21.15.53:3300/0,v1:172.21.15.53:6789/0] -- mon_command({"prefix": "get_command_descriptions"} v 0) v1 -- 0x7fd524045ad0 con 0x7fd5240703b0
2024-01-21T19:58:45.556 INFO:teuthology.orchestra.run.smithi053.stderr:/usr/bin/ceph:
2024-01-21T19:58:45.561+0000 7fd5127fc700 1 -- 172.21.15.53:0/482328989 <== mon.0 v2:172.21.15.53:3300/0 5 ==== osd_map(2..2 src has 1..2) v4 ==== 926+0+0 (secure 0 0 0) 0x7fd520041310 con 0x7fd5240703b0
2024-01-21T19:58:45.556 INFO:teuthology.orchestra.run.smithi053.stderr:/usr/bin/ceph:
2024-01-21T19:58:45.561+0000 7fd5296f7700 1 --2- 172.21.15.53:0/482328989 >> [v2:172.21.15.53:6800/55197364,v1:172.21.15.53:6801/55197364] conn(0x7fd50c02fd50 0x7fd50c032210 unknown :-1 s=BANNER_CONNECTING pgs=0 cs=0 l=1 rev1=0 rx=0 tx=0)._handle_peer_banner_payload supported=1 required=0
2024-01-21T19:58:45.556 INFO:teuthology.orchestra.run.smithi053.stderr:/usr/bin/ceph:
2024-01-21T19:58:45.561+0000 7fd5296f7700 1 --2- 172.21.15.53:0/482328989 >> [v2:172.21.15.53:6800/55197364,v1:172.21.15.53:6801/55197364] conn(0x7fd50c02fd50 0x7fd50c032210 secure :-1 s=READY pgs=9 cs=0 l=1 rev1=1 rx=0x7fd5140096a0 tx=0x7fd514006b40).ready entity=mgr.14116 client_cookie=0 server_cookie=0 in_seq=0 out_seq=0
2024-01-21T19:58:45.557 INFO:teuthology.orchestra.run.smithi053.stderr:/usr/bin/ceph:
2024-01-21T19:58:45.565+0000 7fd5127fc700 1 -- 172.21.15.53:0/482328989 <== mon.0 v2:172.21.15.53:3300/0 6 ==== mon_command_ack([{"prefix": "get_command_descriptions"}]=0 v0) v1 ==== 72+0+152212 (secure 0 0 0) 0x7fd520016070 con 0x7fd5240703b0
2024-01-21T19:58:45.720 INFO:teuthology.orchestra.run.smithi053.stderr:/usr/bin/ceph:
2024-01-21T19:58:45.728+0000 7fd52aefa700 1 -- 172.21.15.53:0/482328989 --> [v2:172.21.15.53:6800/55197364,v1:172.21.15.53:6801/55197364] -- mgr_command(tid 0: {"prefix": "cephadm get-pub-key", "target": ["mon-mgr", ""]}) v1 -- 0x7fd52410de50 con 0x7fd50c02fd50
2024-01-21T19:58:45.720 INFO:teuthology.orchestra.run.smithi053.stderr:/usr/bin/ceph:
2024-01-21T19:58:45.728+0000 7fd5127fc700 1 -- 172.21.15.53:0/482328989 <== mgr.14116 v2:172.21.15.53:6800/55197364 1 ==== mgr_command_reply(tid 0: 0 ) v1 ==== 8+0+595 (secure 0 0 0) 0x7fd52410de50 con 0x7fd50c02fd50
2024-01-21T19:58:45.720 INFO:teuthology.orchestra.run.smithi053.stderr:/usr/bin/ceph: ssh-rsa AAAAB3NzaC1yc2EAAAADAQABAAABgQDIeCV1knv5cd28RNucCPaXPz2KDU4SO6DXjBNlZ1zrk6ikhUc9O/ds7lVcsVom+6z9+NKYnI1K6NrcFC/3mG/F0GEef3/iWlz9NtdLBSA/LODEH+GPnx67D7c6E0e0T+gXEqR/AdUrgjHpqvBlU6yfna+LnUPOaFtPsuUiWn57N/WmPCUJiPkysngopHHsYYiEYVwSTVg1pGbURUGnTJSi1LOBBpgQH05IJR5swYg2QuHuQS5U1X0GmnepSNatC3VozgaxpwfrU0O3h8copBEmOvQS/aIyVilW4EYTJNBQLc+ZD8Va44wbgpstFCOuLKrPHrOBIPUFcrcel960HYECFjjjVqtWEl7saQQI459YvvK0dqBMVXvpI1ZCvfj7rAQXt1qunz6UY8tT+9lrCqL5UE+49zzv9/CpI6W6Bh2eMMkc1ThJxOP62MldS3272FlaO5e1x1BA8cZy3LypxppHv25jiQvRyYkfLfq77a9VE45gvcO8rzTc/he3EXYq7wU= ceph-57f6722c-b897-11ee-95b0-87774f69a715
2024-01-21T19:58:45.723 INFO:teuthology.orchestra.run.smithi053.stderr:/usr/bin/ceph:
2024-01-21T19:58:45.730+0000 7fd52aefa700 1 -- 172.21.15.53:0/482328989 >> [v2:172.21.15.53:6800/55197364,v1:172.21.15.53:6801/55197364] conn(0x7fd50c02fd50 msgr2=0x7fd50c032210 secure :-1 s=STATE_CONNECTION_ESTABLISHED l=1).mark_down
2024-01-21T19:58:45.723 INFO:teuthology.orchestra.run.smithi053.stderr:/usr/bin/ceph:
2024-01-21T19:58:45.730+0000 7fd52aefa700 1 --2- 172.21.15.53:0/482328989 >> [v2:172.21.15.53:6800/55197364,v1:172.21.15.53:6801/55197364] conn(0x7fd50c02fd50 0x7fd50c032210 secure :-1 s=READY pgs=9 cs=0 l=1 rev1=1 rx=0x7fd5140096a0 tx=0x7fd514006b40).stop
2024-01-21T19:58:45.723 INFO:teuthology.orchestra.run.smithi053.stderr:/usr/bin/ceph:
2024-01-21T19:58:45.730+0000 7fd52aefa700 1 -- 172.21.15.53:0/482328989 >> [v2:172.21.15.53:3300/0,v1:172.21.15.53:6789/0] conn(0x7fd5240703b0 msgr2=0x7fd52410ca70 secure :-1 s=STATE_CONNECTION_ESTABLISHED l=1).mark_down
2024-01-21T19:58:45.723 INFO:teuthology.orchestra.run.smithi053.stderr:/usr/bin/ceph:
2024-01-21T19:58:45.730+0000 7fd52aefa700 1 --2- 172.21.15.53:0/482328989 >> [v2:172.21.15.53:3300/0,v1:172.21.15.53:6789/0] conn(0x7fd5240703b0 0x7fd52410ca70 secure :-1 s=READY pgs=38 cs=0 l=1 rev1=1 rx=0x7fd52000e040 tx=0x7fd520006ee0).stop
2024-01-21T19:58:45.723 INFO:teuthology.orchestra.run.smithi053.stderr:/usr/bin/ceph:
2024-01-21T19:58:45.730+0000 7fd52aefa700 1 -- 172.21.15.53:0/482328989 shutdown_connections
2024-01-21T19:58:45.723 INFO:teuthology.orchestra.run.smithi053.stderr:/usr/bin/ceph:
2024-01-21T19:58:45.730+0000 7fd52aefa700 1 --2- 172.21.15.53:0/482328989 >> [v2:172.21.15.53:6800/55197364,v1:172.21.15.53:6801/55197364] conn(0x7fd50c02fd50 0x7fd50c032210 unknown :-1 s=CLOSED pgs=9 cs=0 l=1 rev1=1 rx=0 tx=0).stop
2024-01-21T19:58:45.723 INFO:teuthology.orchestra.run.smithi053.stderr:/usr/bin/ceph:
2024-01-21T19:58:45.730+0000 7fd52aefa700 1 --2- 172.21.15.53:0/482328989 >> [v2:172.21.15.53:3300/0,v1:172.21.15.53:6789/0] conn(0x7fd5240703b0 0x7fd52410ca70 unknown :-1 s=CLOSED pgs=38 cs=0 l=1 rev1=1 rx=0 tx=0).stop
2024-01-21T19:58:45.723 INFO:teuthology.orchestra.run.smithi053.stderr:/usr/bin/ceph:
2024-01-21T19:58:45.730+0000 7fd52aefa700 1 -- 172.21.15.53:0/482328989 >> 172.21.15.53:0/482328989 conn(0x7fd5240f6210 msgr2=0x7fd5240f7d10 unknown :-1 s=STATE_NONE l=0).mark_down
2024-01-21T19:58:45.723 INFO:teuthology.orchestra.run.smithi053.stderr:/usr/bin/ceph:
2024-01-21T19:58:45.730+0000 7fd52aefa700 1 -- 172.21.15.53:0/482328989 shutdown_connections
2024-01-21T19:58:45.724 INFO:teuthology.orchestra.run.smithi053.stderr:/usr/bin/ceph:
2024-01-21T19:58:45.730+0000 7fd52aefa700 1 -- 172.21.15.53:0/482328989 wait complete.
2024-01-21T19:58:46.091 INFO:teuthology.orchestra.run.smithi053.stderr:Wrote public SSH key to /home/ubuntu/cephtest/ceph.pub
2024-01-21T19:58:46.091 INFO:teuthology.orchestra.run.smithi053.stderr:Adding key to root@localhost authorized_keys...
2024-01-21T19:58:46.092 INFO:teuthology.orchestra.run.smithi053.stderr:Adding host smithi053...
2024-01-21T19:58:46.092 INFO:teuthology.orchestra.run.smithi053.stderr:Running command: /bin/podman run --rm --ipc=host --no-hosts --net=host --entrypoint /usr/bin/ceph --init -e CONTAINER_IMAGE=docker.io/ceph/ceph:v16.2.4 -e NODE_NAME=smithi053 -e CEPH_USE_RANDOM_NONCE=1 -v /var/log/ceph/57f6722c-b897-11ee-95b0-87774f69a715:/var/log/ceph:z -v /tmp/ceph-tmpw7bt2for:/etc/ceph/ceph.client.admin.keyring:z -v /tmp/ceph-tmp987f45g0:/etc/ceph/ceph.conf:z docker.io/ceph/ceph:v16.2.4 orch host add smithi053 172.21.15.53
2024-01-21T19:58:46.184 INFO:journalctl@ceph.mon.smithi053.smithi053.stdout:Jan 21 19:58:45 smithi053 ceph-57f6722c-b897-11ee-95b0-87774f69a715-mon.smithi053[38842]: cephadm
2024-01-21T19:58:44.504402+0000 mgr.smithi053.fgsmol (mgr.14116) 6 : cephadm [INF] Generating ssh key...
2024-01-21T19:58:46.184 INFO:journalctl@ceph.mon.smithi053.smithi053.stdout:Jan 21 19:58:45 smithi053 ceph-57f6722c-b897-11ee-95b0-87774f69a715-mon.smithi053[38842]: audit
2024-01-21T19:58:44.822740+0000 mon.smithi053 (mon.0) 53 : audit [INF] from='mgr.14116 172.21.15.53:0/1503870519' entity='mgr.smithi053.fgsmol'
2024-01-21T19:58:46.184 INFO:journalctl@ceph.mon.smithi053.smithi053.stdout:Jan 21 19:58:45 smithi053 ceph-57f6722c-b897-11ee-95b0-87774f69a715-mon.smithi053[38842]: audit
2024-01-21T19:58:44.824438+0000 mon.smithi053 (mon.0) 54 : audit [INF] from='mgr.14116 172.21.15.53:0/1503870519' entity='mgr.smithi053.fgsmol'
2024-01-21T19:58:46.414 INFO:teuthology.orchestra.run.smithi053.stderr:/usr/bin/ceph:
2024-01-21T19:58:46.422+0000 7f63983bf700 1 Processor -- start
2024-01-21T19:58:46.420 INFO:teuthology.orchestra.run.smithi053.stderr:/usr/bin/ceph:
2024-01-21T19:58:46.422+0000 7f63983bf700 1 -- start start
2024-01-21T19:58:46.420 INFO:teuthology.orchestra.run.smithi053.stderr:/usr/bin/ceph:
2024-01-21T19:58:46.422+0000 7f63983bf700 1 --2- >> [v2:172.21.15.53:3300/0,v1:172.21.15.53:6789/0] conn(0x7f6390070390 0x7f6390100d80 unknown :-1 s=NONE pgs=0 cs=0 l=0 rev1=0 rx=0 tx=0).connect
2024-01-21T19:58:46.420 INFO:teuthology.orchestra.run.smithi053.stderr:/usr/bin/ceph:
2024-01-21T19:58:46.422+0000 7f63983bf700 1 -- --> [v2:172.21.15.53:3300/0,v1:172.21.15.53:6789/0] -- mon_getmap magic: 0 v1 -- 0x7f63900fc770 con 0x7f6390070390
2024-01-21T19:58:46.421 INFO:teuthology.orchestra.run.smithi053.stderr:/usr/bin/ceph:
2024-01-21T19:58:46.423+0000 7f639615b700 1 --2- >> [v2:172.21.15.53:3300/0,v1:172.21.15.53:6789/0] conn(0x7f6390070390 0x7f6390100d80 unknown :-1 s=BANNER_CONNECTING pgs=0 cs=0 l=0 rev1=0 rx=0 tx=0)._handle_peer_banner_payload supported=1 required=0
2024-01-21T19:58:46.421 INFO:teuthology.orchestra.run.smithi053.stderr:/usr/bin/ceph:
2024-01-21T19:58:46.423+0000 7f639615b700 1 --2- >> [v2:172.21.15.53:3300/0,v1:172.21.15.53:6789/0] conn(0x7f6390070390 0x7f6390100d80 unknown :-1 s=HELLO_CONNECTING pgs=0 cs=0 l=0 rev1=1 rx=0 tx=0).handle_hello peer v2:172.21.15.53:3300/0 says I am v2:172.21.15.53:49386/0 (socket says 172.21.15.53:49386)
2024-01-21T19:58:46.421 INFO:teuthology.orchestra.run.smithi053.stderr:/usr/bin/ceph:
2024-01-21T19:58:46.423+0000 7f639615b700 1 -- 172.21.15.53:0/929313098 learned_addr learned my addr 172.21.15.53:0/929313098 (peer_addr_for_me v2:172.21.15.53:0/0)
2024-01-21T19:58:46.421 INFO:teuthology.orchestra.run.smithi053.stderr:/usr/bin/ceph:
2024-01-21T19:58:46.423+0000 7f639615b700 1 -- 172.21.15.53:0/929313098 --> [v2:172.21.15.53:3300/0,v1:172.21.15.53:6789/0] -- mon_subscribe({config=0+,monmap=0+}) v3 -- 0x7f6390101270 con 0x7f6390070390
2024-01-21T19:58:46.421 INFO:teuthology.orchestra.run.smithi053.stderr:/usr/bin/ceph:
2024-01-21T19:58:46.423+0000 7f639615b700 1 --2- 172.21.15.53:0/929313098 >> [v2:172.21.15.53:3300/0,v1:172.21.15.53:6789/0] conn(0x7f6390070390 0x7f6390100d80 secure :-1 s=READY pgs=39 cs=0 l=1 rev1=1 rx=0x7f638c00b5f0 tx=0x7f638c006ee0).ready entity=mon.0 client_cookie=8d2d62a1089941e5 server_cookie=0 in_seq=0 out_seq=0
2024-01-21T19:58:46.421 INFO:teuthology.orchestra.run.smithi053.stderr:/usr/bin/ceph:
2024-01-21T19:58:46.423+0000 7f6395159700 1 -- 172.21.15.53:0/929313098 <== mon.0 v2:172.21.15.53:3300/0 1 ==== mon_map magic: 0 v1 ==== 229+0+0 (secure 0 0 0) 0x7f638c00d600 con 0x7f6390070390
2024-01-21T19:58:46.421 INFO:teuthology.orchestra.run.smithi053.stderr:/usr/bin/ceph:
2024-01-21T19:58:46.423+0000 7f6395159700 1 -- 172.21.15.53:0/929313098 <== mon.0 v2:172.21.15.53:3300/0 2 ==== config(25 keys) v1 ==== 1010+0+0 (secure 0 0 0) 0x7f638c00dbd0 con 0x7f6390070390
2024-01-21T19:58:46.421 INFO:teuthology.orchestra.run.smithi053.stderr:/usr/bin/ceph:
2024-01-21T19:58:46.423+0000 7f6395159700 1 -- 172.21.15.53:0/929313098 <== mon.0 v2:172.21.15.53:3300/0 3 ==== mon_map magic: 0 v1 ==== 229+0+0 (secure 0 0 0) 0x7f638c011c00 con 0x7f6390070390
2024-01-21T19:58:46.421 INFO:teuthology.orchestra.run.smithi053.stderr:/usr/bin/ceph:
2024-01-21T19:58:46.424+0000 7f63983bf700 1 -- 172.21.15.53:0/929313098 >> [v2:172.21.15.53:3300/0,v1:172.21.15.53:6789/0] conn(0x7f6390070390 msgr2=0x7f6390100d80 secure :-1 s=STATE_CONNECTION_ESTABLISHED l=1).mark_down
2024-01-21T19:58:46.421 INFO:teuthology.orchestra.run.smithi053.stderr:/usr/bin/ceph:
2024-01-21T19:58:46.424+0000 7f63983bf700 1 --2- 172.21.15.53:0/929313098 >> [v2:172.21.15.53:3300/0,v1:172.21.15.53:6789/0] conn(0x7f6390070390 0x7f6390100d80 secure :-1 s=READY pgs=39 cs=0 l=1 rev1=1 rx=0x7f638c00b5f0 tx=0x7f638c006ee0).stop
2024-01-21T19:58:46.422 INFO:teuthology.orchestra.run.smithi053.stderr:/usr/bin/ceph:
2024-01-21T19:58:46.424+0000 7f63983bf700 1 -- 172.21.15.53:0/929313098 shutdown_connections
2024-01-21T19:58:46.422 INFO:teuthology.orchestra.run.smithi053.stderr:/usr/bin/ceph:
2024-01-21T19:58:46.424+0000 7f63983bf700 1 --2- 172.21.15.53:0/929313098 >> [v2:172.21.15.53:3300/0,v1:172.21.15.53:6789/0] conn(0x7f6390070390 0x7f6390100d80 unknown :-1 s=CLOSED pgs=39 cs=0 l=1 rev1=1 rx=0 tx=0).stop
2024-01-21T19:58:46.422 INFO:teuthology.orchestra.run.smithi053.stderr:/usr/bin/ceph:
2024-01-21T19:58:46.424+0000 7f63983bf700 1 -- 172.21.15.53:0/929313098 >> 172.21.15.53:0/929313098 conn(0x7f63900f63c0 msgr2=0x7f63900f87e0 unknown :-1 s=STATE_NONE l=0).mark_down
2024-01-21T19:58:46.422 INFO:teuthology.orchestra.run.smithi053.stderr:/usr/bin/ceph:
2024-01-21T19:58:46.424+0000 7f63983bf700 1 -- 172.21.15.53:0/929313098 shutdown_connections
2024-01-21T19:58:46.422 INFO:teuthology.orchestra.run.smithi053.stderr:/usr/bin/ceph:
2024-01-21T19:58:46.424+0000 7f63983bf700 1 -- 172.21.15.53:0/929313098 wait complete.
2024-01-21T19:58:46.422 INFO:teuthology.orchestra.run.smithi053.stderr:/usr/bin/ceph:
2024-01-21T19:58:46.425+0000 7f63983bf700 1 Processor -- start
2024-01-21T19:58:46.422 INFO:teuthology.orchestra.run.smithi053.stderr:/usr/bin/ceph:
2024-01-21T19:58:46.425+0000 7f63983bf700 1 -- start start
2024-01-21T19:58:46.422 INFO:teuthology.orchestra.run.smithi053.stderr:/usr/bin/ceph:
2024-01-21T19:58:46.425+0000 7f63983bf700 1 --2- >> [v2:172.21.15.53:3300/0,v1:172.21.15.53:6789/0] conn(0x7f6390070390 0x7f639010cc00 unknown :-1 s=NONE pgs=0 cs=0 l=1 rev1=0 rx=0 tx=0).connect
2024-01-21T19:58:46.422 INFO:teuthology.orchestra.run.smithi053.stderr:/usr/bin/ceph:
2024-01-21T19:58:46.425+0000 7f63983bf700 1 -- --> [v2:172.21.15.53:3300/0,v1:172.21.15.53:6789/0] -- mon_getmap magic: 0 v1 -- 0x7f639010d0f0 con 0x7f6390070390
2024-01-21T19:58:46.423 INFO:teuthology.orchestra.run.smithi053.stderr:/usr/bin/ceph:
2024-01-21T19:58:46.425+0000 7f639615b700 1 --2- >> [v2:172.21.15.53:3300/0,v1:172.21.15.53:6789/0] conn(0x7f6390070390 0x7f639010cc00 unknown :-1 s=BANNER_CONNECTING pgs=0 cs=0 l=1 rev1=0 rx=0 tx=0)._handle_peer_banner_payload supported=1 required=0
2024-01-21T19:58:46.423 INFO:teuthology.orchestra.run.smithi053.stderr:/usr/bin/ceph:
2024-01-21T19:58:46.425+0000 7f639615b700 1 --2- >> [v2:172.21.15.53:3300/0,v1:172.21.15.53:6789/0] conn(0x7f6390070390 0x7f639010cc00 unknown :-1 s=HELLO_CONNECTING pgs=0 cs=0 l=1 rev1=1 rx=0 tx=0).handle_hello peer v2:172.21.15.53:3300/0 says I am v2:172.21.15.53:49398/0 (socket says 172.21.15.53:49398)
2024-01-21T19:58:46.423 INFO:teuthology.orchestra.run.smithi053.stderr:/usr/bin/ceph:
2024-01-21T19:58:46.425+0000 7f639615b700 1 -- 172.21.15.53:0/169112549 learned_addr learned my addr 172.21.15.53:0/169112549 (peer_addr_for_me v2:172.21.15.53:0/0)
2024-01-21T19:58:46.423 INFO:teuthology.orchestra.run.smithi053.stderr:/usr/bin/ceph:
2024-01-21T19:58:46.425+0000 7f639615b700 1 -- 172.21.15.53:0/169112549 --> [v2:172.21.15.53:3300/0,v1:172.21.15.53:6789/0] -- mon_subscribe({config=0+,monmap=0+}) v3 -- 0x7f638c00b200 con 0x7f6390070390
2024-01-21T19:58:46.423 INFO:teuthology.orchestra.run.smithi053.stderr:/usr/bin/ceph:
2024-01-21T19:58:46.425+0000 7f639615b700 1 --2- 172.21.15.53:0/169112549 >> [v2:172.21.15.53:3300/0,v1:172.21.15.53:6789/0] conn(0x7f6390070390 0x7f639010cc00 secure :-1 s=READY pgs=40 cs=0 l=1 rev1=1 rx=0x7f638c00b190 tx=0x7f638c006ee0).ready entity=mon.0 client_cookie=0 server_cookie=0 in_seq=0 out_seq=0
2024-01-21T19:58:46.423 INFO:teuthology.orchestra.run.smithi053.stderr:/usr/bin/ceph:
2024-01-21T19:58:46.426+0000 7f637effd700 1 -- 172.21.15.53:0/169112549 <== mon.0 v2:172.21.15.53:3300/0 1 ==== mon_map magic: 0 v1 ==== 229+0+0 (secure 0 0 0) 0x7f638c01b410 con 0x7f6390070390
2024-01-21T19:58:46.423 INFO:teuthology.orchestra.run.smithi053.stderr:/usr/bin/ceph:
2024-01-21T19:58:46.426+0000 7f63983bf700 1 -- 172.21.15.53:0/169112549 --> [v2:172.21.15.53:3300/0,v1:172.21.15.53:6789/0] -- mon_subscribe({mgrmap=0+}) v3 -- 0x7f639010d2f0 con 0x7f6390070390
2024-01-21T19:58:46.423 INFO:teuthology.orchestra.run.smithi053.stderr:/usr/bin/ceph:
2024-01-21T19:58:46.426+0000 7f637effd700 1 -- 172.21.15.53:0/169112549 <== mon.0 v2:172.21.15.53:3300/0 2 ==== config(25 keys) v1 ==== 1010+0+0 (secure 0 0 0) 0x7f638c01b9e0 con 0x7f6390070390
2024-01-21T19:58:46.423 INFO:teuthology.orchestra.run.smithi053.stderr:/usr/bin/ceph:
2024-01-21T19:58:46.426+0000 7f637effd700 1 -- 172.21.15.53:0/169112549 <== mon.0 v2:172.21.15.53:3300/0 3 ==== mon_map magic: 0 v1 ==== 229+0+0 (secure 0 0 0) 0x7f638c01a880 con 0x7f6390070390
2024-01-21T19:58:46.424 INFO:teuthology.orchestra.run.smithi053.stderr:/usr/bin/ceph:
2024-01-21T19:58:46.426+0000 7f63983bf700 1 -- 172.21.15.53:0/169112549 --> [v2:172.21.15.53:3300/0,v1:172.21.15.53:6789/0] -- mon_subscribe({osdmap=0}) v3 -- 0x7f639010d700 con 0x7f6390070390
2024-01-21T19:58:46.424 INFO:teuthology.orchestra.run.smithi053.stderr:/usr/bin/ceph:
2024-01-21T19:58:46.426+0000 7f637effd700 1 -- 172.21.15.53:0/169112549 <== mon.0 v2:172.21.15.53:3300/0 4 ==== mgrmap(e 8) v1 ==== 36120+0+0 (secure 0 0 0) 0x7f638c00f070 con 0x7f6390070390
2024-01-21T19:58:46.424 INFO:teuthology.orchestra.run.smithi053.stderr:/usr/bin/ceph:
2024-01-21T19:58:46.426+0000 7f637effd700 1 --2- 172.21.15.53:0/169112549 >> [v2:172.21.15.53:6800/55197364,v1:172.21.15.53:6801/55197364] conn(0x7f637802fd50 0x7f6378032210 unknown :-1 s=NONE pgs=0 cs=0 l=1 rev1=0 rx=0 tx=0).connect
2024-01-21T19:58:46.424 INFO:teuthology.orchestra.run.smithi053.stderr:/usr/bin/ceph:
2024-01-21T19:58:46.427+0000 7f637effd700 1 -- 172.21.15.53:0/169112549 <== mon.0 v2:172.21.15.53:3300/0 5 ==== osd_map(2..2 src has 1..2) v4 ==== 926+0+0 (secure 0 0 0) 0x7f638c042140 con 0x7f6390070390
2024-01-21T19:58:46.424 INFO:teuthology.orchestra.run.smithi053.stderr:/usr/bin/ceph:
2024-01-21T19:58:46.427+0000 7f639595a700 1 --2- 172.21.15.53:0/169112549 >> [v2:172.21.15.53:6800/55197364,v1:172.21.15.53:6801/55197364] conn(0x7f637802fd50 0x7f6378032210 unknown :-1 s=BANNER_CONNECTING pgs=0 cs=0 l=1 rev1=0 rx=0 tx=0)._handle_peer_banner_payload supported=1 required=0
2024-01-21T19:58:46.424 INFO:teuthology.orchestra.run.smithi053.stderr:/usr/bin/ceph:
2024-01-21T19:58:46.427+0000 7f639595a700 1 --2- 172.21.15.53:0/169112549 >> [v2:172.21.15.53:6800/55197364,v1:172.21.15.53:6801/55197364] conn(0x7f637802fd50 0x7f6378032210 secure :-1 s=READY pgs=10 cs=0 l=1 rev1=1 rx=0x7f63800096a0 tx=0x7f6380006b40).ready entity=mgr.14116 client_cookie=0 server_cookie=0 in_seq=0 out_seq=0
2024-01-21T19:58:46.424 INFO:teuthology.orchestra.run.smithi053.stderr:/usr/bin/ceph:
2024-01-21T19:58:46.428+0000 7f63983bf700 1 -- 172.21.15.53:0/169112549 --> [v2:172.21.15.53:3300/0,v1:172.21.15.53:6789/0] -- mon_command({"prefix": "get_command_descriptions"} v 0) v1 -- 0x7f6370004fa0 con 0x7f6390070390
2024-01-21T19:58:46.425 INFO:teuthology.orchestra.run.smithi053.stderr:/usr/bin/ceph:
2024-01-21T19:58:46.432+0000 7f637effd700 1 -- 172.21.15.53:0/169112549 <== mon.0 v2:172.21.15.53:3300/0 6 ==== mon_command_ack([{"prefix": "get_command_descriptions"}]=0 v0) v1 ==== 72+0+152212 (secure 0 0 0) 0x7f638c010360 con 0x7f6390070390
2024-01-21T19:58:46.604 INFO:teuthology.orchestra.run.smithi053.stderr:/usr/bin/ceph:
2024-01-21T19:58:46.612+0000 7f63983bf700 1 -- 172.21.15.53:0/169112549 --> [v2:172.21.15.53:6800/55197364,v1:172.21.15.53:6801/55197364] -- mgr_command(tid 0: {"prefix": "orch host add", "hostname": "smithi053", "addr": "172.21.15.53", "target": ["mon-mgr", ""]}) v1 -- 0x7f63700029f0 con 0x7f637802fd50
2024-01-21T19:58:47.200 INFO:teuthology.orchestra.run.smithi053.stderr:/usr/bin/ceph: Added host 'smithi053'
2024-01-21T19:58:47.200 INFO:teuthology.orchestra.run.smithi053.stderr:/usr/bin/ceph:
2024-01-21T19:58:47.207+0000 7f637effd700 1 -- 172.21.15.53:0/169112549 <== mgr.14116 v2:172.21.15.53:6800/55197364 1 ==== mgr_command_reply(tid 0: 0 ) v1 ==== 8+0+23 (secure 0 0 0) 0x7f63700029f0 con 0x7f637802fd50
2024-01-21T19:58:47.202 INFO:teuthology.orchestra.run.smithi053.stderr:/usr/bin/ceph:
2024-01-21T19:58:47.209+0000 7f63983bf700 1 -- 172.21.15.53:0/169112549 >> [v2:172.21.15.53:6800/55197364,v1:172.21.15.53:6801/55197364] conn(0x7f637802fd50 msgr2=0x7f6378032210 secure :-1 s=STATE_CONNECTION_ESTABLISHED l=1).mark_down
