2024-01-21T19:58:50.238+0000 7f592e2d8700 1 -- 172.21.15.53:0/2061699617 >> [v2:172.21.15.53:3300/0,v1:172.21.15.53:6789/0] conn(0x7f5928070460 msgr2=0x7f59280fc3b0 secure :-1 s=STATE_CONNECTION_ESTABLISHED l=1).mark_down
2024-01-21T19:58:50.231 INFO:teuthology.orchestra.run.smithi053.stderr:/usr/bin/ceph:
2024-01-21T19:58:50.238+0000 7f592e2d8700 1 --2- 172.21.15.53:0/2061699617 >> [v2:172.21.15.53:3300/0,v1:172.21.15.53:6789/0] conn(0x7f5928070460 0x7f59280fc3b0 secure :-1 s=READY pgs=46 cs=0 l=1 rev1=1 rx=0x7f591800b190 tx=0x7f5918006ee0).stop
2024-01-21T19:58:50.231 INFO:teuthology.orchestra.run.smithi053.stderr:/usr/bin/ceph:
2024-01-21T19:58:50.238+0000 7f592e2d8700 1 -- 172.21.15.53:0/2061699617 shutdown_connections
2024-01-21T19:58:50.231 INFO:teuthology.orchestra.run.smithi053.stderr:/usr/bin/ceph:
2024-01-21T19:58:50.238+0000 7f592e2d8700 1 --2- 172.21.15.53:0/2061699617 >> [v2:172.21.15.53:6800/55197364,v1:172.21.15.53:6801/55197364] conn(0x7f591402fdb0 0x7f5914032270 unknown :-1 s=CLOSED pgs=13 cs=0 l=1 rev1=1 rx=0 tx=0).stop
2024-01-21T19:58:50.231 INFO:teuthology.orchestra.run.smithi053.stderr:/usr/bin/ceph:
2024-01-21T19:58:50.238+0000 7f592e2d8700 1 --2- 172.21.15.53:0/2061699617 >> [v2:172.21.15.53:3300/0,v1:172.21.15.53:6789/0] conn(0x7f5928070460 0x7f59280fc3b0 unknown :-1 s=CLOSED pgs=46 cs=0 l=1 rev1=1 rx=0 tx=0).stop
2024-01-21T19:58:50.231 INFO:teuthology.orchestra.run.smithi053.stderr:/usr/bin/ceph:
2024-01-21T19:58:50.238+0000 7f592e2d8700 1 -- 172.21.15.53:0/2061699617 >> 172.21.15.53:0/2061699617 conn(0x7f59280f63b0 msgr2=0x7f59280f7f10 unknown :-1 s=STATE_NONE l=0).mark_down
2024-01-21T19:58:50.231 INFO:teuthology.orchestra.run.smithi053.stderr:/usr/bin/ceph:
2024-01-21T19:58:50.238+0000 7f592e2d8700 1 -- 172.21.15.53:0/2061699617 shutdown_connections
2024-01-21T19:58:50.232 INFO:teuthology.orchestra.run.smithi053.stderr:/usr/bin/ceph:
2024-01-21T19:58:50.238+0000 7f592e2d8700 1 -- 172.21.15.53:0/2061699617 wait complete.
2024-01-21T19:58:50.601 INFO:journalctl@ceph.mon.smithi053.smithi053.stdout:Jan 21 19:58:50 smithi053 ceph-57f6722c-b897-11ee-95b0-87774f69a715-mon.smithi053[38842]: audit
2024-01-21T19:58:49.253147+0000 mgr.smithi053.fgsmol (mgr.14116) 12 : audit [DBG] from='client.14138 -' entity='client.admin' cmd=[{"prefix": "orch apply", "service_type": "mgr", "target": ["mon-mgr", ""]}]: dispatch
2024-01-21T19:58:50.601 INFO:journalctl@ceph.mon.smithi053.smithi053.stdout:Jan 21 19:58:50 smithi053 ceph-57f6722c-b897-11ee-95b0-87774f69a715-mon.smithi053[38842]: cephadm
2024-01-21T19:58:49.253674+0000 mgr.smithi053.fgsmol (mgr.14116) 13 : cephadm [INF] Saving service mgr spec with placement count:2
2024-01-21T19:58:50.601 INFO:journalctl@ceph.mon.smithi053.smithi053.stdout:Jan 21 19:58:50 smithi053 ceph-57f6722c-b897-11ee-95b0-87774f69a715-mon.smithi053[38842]: audit
2024-01-21T19:58:50.237743+0000 mon.smithi053 (mon.0) 59 : audit [INF] from='mgr.14116 172.21.15.53:0/1503870519' entity='mgr.smithi053.fgsmol'
2024-01-21T19:58:50.707 INFO:teuthology.orchestra.run.smithi053.stderr:Enabling mgr prometheus module...
2024-01-21T19:58:50.707 INFO:teuthology.orchestra.run.smithi053.stderr:Running command: /bin/podman run --rm --ipc=host --no-hosts --net=host --entrypoint /usr/bin/ceph --init -e CONTAINER_IMAGE=docker.io/ceph/ceph:v16.2.4 -e NODE_NAME=smithi053 -e CEPH_USE_RANDOM_NONCE=1 -v /var/log/ceph/57f6722c-b897-11ee-95b0-87774f69a715:/var/log/ceph:z -v /tmp/ceph-tmpw7bt2for:/etc/ceph/ceph.client.admin.keyring:z -v /tmp/ceph-tmp987f45g0:/etc/ceph/ceph.conf:z docker.io/ceph/ceph:v16.2.4 mgr module enable prometheus
2024-01-21T19:58:51.152 INFO:teuthology.orchestra.run.smithi053.stderr:/usr/bin/ceph:
2024-01-21T19:58:51.159+0000 7f62862de700 1 Processor -- start
2024-01-21T19:58:51.153 INFO:teuthology.orchestra.run.smithi053.stderr:/usr/bin/ceph:
2024-01-21T19:58:51.159+0000 7f62862de700 1 -- start start
2024-01-21T19:58:51.153 INFO:teuthology.orchestra.run.smithi053.stderr:/usr/bin/ceph:
2024-01-21T19:58:51.160+0000 7f62862de700 1 --2- >> [v2:172.21.15.53:3300/0,v1:172.21.15.53:6789/0] conn(0x7f62800fab80 0x7f62800fafa0 unknown :-1 s=NONE pgs=0 cs=0 l=0 rev1=0 rx=0 tx=0).connect
2024-01-21T19:58:51.153 INFO:teuthology.orchestra.run.smithi053.stderr:/usr/bin/ceph:
2024-01-21T19:58:51.160+0000 7f62862de700 1 -- --> [v2:172.21.15.53:3300/0,v1:172.21.15.53:6789/0] -- mon_getmap magic: 0 v1 -- 0x7f62800fb490 con 0x7f62800fab80
2024-01-21T19:58:51.153 INFO:teuthology.orchestra.run.smithi053.stderr:/usr/bin/ceph:
2024-01-21T19:58:51.160+0000 7f627ffff700 1 --2- >> [v2:172.21.15.53:3300/0,v1:172.21.15.53:6789/0] conn(0x7f62800fab80 0x7f62800fafa0 unknown :-1 s=BANNER_CONNECTING pgs=0 cs=0 l=0 rev1=0 rx=0 tx=0)._handle_peer_banner_payload supported=1 required=0
2024-01-21T19:58:51.153 INFO:teuthology.orchestra.run.smithi053.stderr:/usr/bin/ceph:
2024-01-21T19:58:51.160+0000 7f627ffff700 1 --2- >> [v2:172.21.15.53:3300/0,v1:172.21.15.53:6789/0] conn(0x7f62800fab80 0x7f62800fafa0 unknown :-1 s=HELLO_CONNECTING pgs=0 cs=0 l=0 rev1=1 rx=0 tx=0).handle_hello peer v2:172.21.15.53:3300/0 says I am v2:172.21.15.53:47928/0 (socket says 172.21.15.53:47928)
2024-01-21T19:58:51.153 INFO:teuthology.orchestra.run.smithi053.stderr:/usr/bin/ceph:
2024-01-21T19:58:51.160+0000 7f627ffff700 1 -- 172.21.15.53:0/548422253 learned_addr learned my addr 172.21.15.53:0/548422253 (peer_addr_for_me v2:172.21.15.53:0/0)
2024-01-21T19:58:51.153 INFO:teuthology.orchestra.run.smithi053.stderr:/usr/bin/ceph:
2024-01-21T19:58:51.160+0000 7f627ffff700 1 -- 172.21.15.53:0/548422253 --> [v2:172.21.15.53:3300/0,v1:172.21.15.53:6789/0] -- mon_subscribe({config=0+,monmap=0+}) v3 -- 0x7f62800fb5d0 con 0x7f62800fab80
2024-01-21T19:58:51.153 INFO:teuthology.orchestra.run.smithi053.stderr:/usr/bin/ceph:
2024-01-21T19:58:51.160+0000 7f627ffff700 1 --2- 172.21.15.53:0/548422253 >> [v2:172.21.15.53:3300/0,v1:172.21.15.53:6789/0] conn(0x7f62800fab80 0x7f62800fafa0 secure :-1 s=READY pgs=47 cs=0 l=1 rev1=1 rx=0x7f627400b5f0 tx=0x7f6274006ee0).ready entity=mon.0 client_cookie=24aec7a80ab4eea server_cookie=0 in_seq=0 out_seq=0
2024-01-21T19:58:51.156 INFO:teuthology.orchestra.run.smithi053.stderr:/usr/bin/ceph:
2024-01-21T19:58:51.161+0000 7f627effd700 1 -- 172.21.15.53:0/548422253 <== mon.0 v2:172.21.15.53:3300/0 1 ==== mon_map magic: 0 v1 ==== 229+0+0 (secure 0 0 0) 0x7f627400d600 con 0x7f62800fab80
2024-01-21T19:58:51.156 INFO:teuthology.orchestra.run.smithi053.stderr:/usr/bin/ceph:
2024-01-21T19:58:51.161+0000 7f627effd700 1 -- 172.21.15.53:0/548422253 <== mon.0 v2:172.21.15.53:3300/0 2 ==== config(25 keys) v1 ==== 1010+0+0 (secure 0 0 0) 0x7f627400dbd0 con 0x7f62800fab80
2024-01-21T19:58:51.156 INFO:teuthology.orchestra.run.smithi053.stderr:/usr/bin/ceph:
2024-01-21T19:58:51.161+0000 7f627effd700 1 -- 172.21.15.53:0/548422253 <== mon.0 v2:172.21.15.53:3300/0 3 ==== mon_map magic: 0 v1 ==== 229+0+0 (secure 0 0 0) 0x7f6274011c00 con 0x7f62800fab80
2024-01-21T19:58:51.156 INFO:teuthology.orchestra.run.smithi053.stderr:/usr/bin/ceph:
2024-01-21T19:58:51.161+0000 7f62862de700 1 -- 172.21.15.53:0/548422253 >> [v2:172.21.15.53:3300/0,v1:172.21.15.53:6789/0] conn(0x7f62800fab80 msgr2=0x7f62800fafa0 secure :-1 s=STATE_CONNECTION_ESTABLISHED l=1).mark_down
2024-01-21T19:58:51.156 INFO:teuthology.orchestra.run.smithi053.stderr:/usr/bin/ceph:
2024-01-21T19:58:51.161+0000 7f62862de700 1 --2- 172.21.15.53:0/548422253 >> [v2:172.21.15.53:3300/0,v1:172.21.15.53:6789/0] conn(0x7f62800fab80 0x7f62800fafa0 secure :-1 s=READY pgs=47 cs=0 l=1 rev1=1 rx=0x7f627400b5f0 tx=0x7f6274006ee0).stop
2024-01-21T19:58:51.156 INFO:teuthology.orchestra.run.smithi053.stderr:/usr/bin/ceph:
2024-01-21T19:58:51.161+0000 7f62862de700 1 -- 172.21.15.53:0/548422253 shutdown_connections
2024-01-21T19:58:51.156 INFO:teuthology.orchestra.run.smithi053.stderr:/usr/bin/ceph:
2024-01-21T19:58:51.161+0000 7f62862de700 1 --2- 172.21.15.53:0/548422253 >> [v2:172.21.15.53:3300/0,v1:172.21.15.53:6789/0] conn(0x7f62800fab80 0x7f62800fafa0 unknown :-1 s=CLOSED pgs=47 cs=0 l=1 rev1=1 rx=0 tx=0).stop
2024-01-21T19:58:51.156 INFO:teuthology.orchestra.run.smithi053.stderr:/usr/bin/ceph:
2024-01-21T19:58:51.161+0000 7f62862de700 1 -- 172.21.15.53:0/548422253 >> 172.21.15.53:0/548422253 conn(0x7f62800f63c0 msgr2=0x7f62800f87e0 unknown :-1 s=STATE_NONE l=0).mark_down
2024-01-21T19:58:51.156 INFO:teuthology.orchestra.run.smithi053.stderr:/usr/bin/ceph:
2024-01-21T19:58:51.161+0000 7f62862de700 1 -- 172.21.15.53:0/548422253 shutdown_connections
2024-01-21T19:58:51.156 INFO:teuthology.orchestra.run.smithi053.stderr:/usr/bin/ceph:
2024-01-21T19:58:51.162+0000 7f62862de700 1 -- 172.21.15.53:0/548422253 wait complete.
2024-01-21T19:58:51.156 INFO:teuthology.orchestra.run.smithi053.stderr:/usr/bin/ceph:
2024-01-21T19:58:51.162+0000 7f62862de700 1 Processor -- start
2024-01-21T19:58:51.156 INFO:teuthology.orchestra.run.smithi053.stderr:/usr/bin/ceph:
2024-01-21T19:58:51.162+0000 7f62862de700 1 -- start start
2024-01-21T19:58:51.157 INFO:teuthology.orchestra.run.smithi053.stderr:/usr/bin/ceph:
2024-01-21T19:58:51.163+0000 7f62862de700 1 --2- >> [v2:172.21.15.53:3300/0,v1:172.21.15.53:6789/0] conn(0x7f62800fab80 0x7f628010cbe0 unknown :-1 s=NONE pgs=0 cs=0 l=1 rev1=0 rx=0 tx=0).connect
2024-01-21T19:58:51.157 INFO:teuthology.orchestra.run.smithi053.stderr:/usr/bin/ceph:
2024-01-21T19:58:51.163+0000 7f62862de700 1 -- --> [v2:172.21.15.53:3300/0,v1:172.21.15.53:6789/0] -- mon_getmap magic: 0 v1 -- 0x7f628010d0d0 con 0x7f62800fab80
2024-01-21T19:58:51.157 INFO:teuthology.orchestra.run.smithi053.stderr:/usr/bin/ceph:
2024-01-21T19:58:51.163+0000 7f627ffff700 1 --2- >> [v2:172.21.15.53:3300/0,v1:172.21.15.53:6789/0] conn(0x7f62800fab80 0x7f628010cbe0 unknown :-1 s=BANNER_CONNECTING pgs=0 cs=0 l=1 rev1=0 rx=0 tx=0)._handle_peer_banner_payload supported=1 required=0
2024-01-21T19:58:51.157 INFO:teuthology.orchestra.run.smithi053.stderr:/usr/bin/ceph:
2024-01-21T19:58:51.163+0000 7f627ffff700 1 --2- >> [v2:172.21.15.53:3300/0,v1:172.21.15.53:6789/0] conn(0x7f62800fab80 0x7f628010cbe0 unknown :-1 s=HELLO_CONNECTING pgs=0 cs=0 l=1 rev1=1 rx=0 tx=0).handle_hello peer v2:172.21.15.53:3300/0 says I am v2:172.21.15.53:47934/0 (socket says 172.21.15.53:47934)
2024-01-21T19:58:51.157 INFO:teuthology.orchestra.run.smithi053.stderr:/usr/bin/ceph:
2024-01-21T19:58:51.163+0000 7f627ffff700 1 -- 172.21.15.53:0/3480937443 learned_addr learned my addr 172.21.15.53:0/3480937443 (peer_addr_for_me v2:172.21.15.53:0/0)
2024-01-21T19:58:51.157 INFO:teuthology.orchestra.run.smithi053.stderr:/usr/bin/ceph:
2024-01-21T19:58:51.163+0000 7f627ffff700 1 -- 172.21.15.53:0/3480937443 --> [v2:172.21.15.53:3300/0,v1:172.21.15.53:6789/0] -- mon_subscribe({config=0+,monmap=0+}) v3 -- 0x7f627400b200 con 0x7f62800fab80
2024-01-21T19:58:51.157 INFO:teuthology.orchestra.run.smithi053.stderr:/usr/bin/ceph:
2024-01-21T19:58:51.163+0000 7f627ffff700 1 --2- 172.21.15.53:0/3480937443 >> [v2:172.21.15.53:3300/0,v1:172.21.15.53:6789/0] conn(0x7f62800fab80 0x7f628010cbe0 secure :-1 s=READY pgs=48 cs=0 l=1 rev1=1 rx=0x7f627400b1d0 tx=0x7f6274006ee0).ready entity=mon.0 client_cookie=0 server_cookie=0 in_seq=0 out_seq=0
2024-01-21T19:58:51.157 INFO:teuthology.orchestra.run.smithi053.stderr:/usr/bin/ceph:
2024-01-21T19:58:51.163+0000 7f627cff9700 1 -- 172.21.15.53:0/3480937443 <== mon.0 v2:172.21.15.53:3300/0 1 ==== mon_map magic: 0 v1 ==== 229+0+0 (secure 0 0 0) 0x7f627401b410 con 0x7f62800fab80
2024-01-21T19:58:51.157 INFO:teuthology.orchestra.run.smithi053.stderr:/usr/bin/ceph:
2024-01-21T19:58:51.163+0000 7f627cff9700 1 -- 172.21.15.53:0/3480937443 <== mon.0 v2:172.21.15.53:3300/0 2 ==== config(25 keys) v1 ==== 1010+0+0 (secure 0 0 0) 0x7f627401b9e0 con 0x7f62800fab80
2024-01-21T19:58:51.157 INFO:teuthology.orchestra.run.smithi053.stderr:/usr/bin/ceph:
2024-01-21T19:58:51.164+0000 7f62862de700 1 -- 172.21.15.53:0/3480937443 --> [v2:172.21.15.53:3300/0,v1:172.21.15.53:6789/0] -- mon_subscribe({mgrmap=0+}) v3 -- 0x7f628010d2d0 con 0x7f62800fab80
2024-01-21T19:58:51.157 INFO:teuthology.orchestra.run.smithi053.stderr:/usr/bin/ceph:
2024-01-21T19:58:51.164+0000 7f627cff9700 1 -- 172.21.15.53:0/3480937443 <== mon.0 v2:172.21.15.53:3300/0 3 ==== mon_map magic: 0 v1 ==== 229+0+0 (secure 0 0 0) 0x7f627401a840 con 0x7f62800fab80
2024-01-21T19:58:51.158 INFO:teuthology.orchestra.run.smithi053.stderr:/usr/bin/ceph:
2024-01-21T19:58:51.164+0000 7f62862de700 1 -- 172.21.15.53:0/3480937443 --> [v2:172.21.15.53:3300/0,v1:172.21.15.53:6789/0] -- mon_subscribe({osdmap=0}) v3 -- 0x7f628010d6e0 con 0x7f62800fab80
2024-01-21T19:58:51.158 INFO:teuthology.orchestra.run.smithi053.stderr:/usr/bin/ceph:
2024-01-21T19:58:51.164+0000 7f627cff9700 1 -- 172.21.15.53:0/3480937443 <== mon.0 v2:172.21.15.53:3300/0 4 ==== mgrmap(e 8) v1 ==== 36120+0+0 (secure 0 0 0) 0x7f627400f070 con 0x7f62800fab80
2024-01-21T19:58:51.158 INFO:teuthology.orchestra.run.smithi053.stderr:/usr/bin/ceph:
2024-01-21T19:58:51.164+0000 7f627cff9700 1 --2- 172.21.15.53:0/3480937443 >> [v2:172.21.15.53:6800/55197364,v1:172.21.15.53:6801/55197364] conn(0x7f626c02fd90 0x7f626c032250 unknown :-1 s=NONE pgs=0 cs=0 l=1 rev1=0 rx=0 tx=0).connect
2024-01-21T19:58:51.158 INFO:teuthology.orchestra.run.smithi053.stderr:/usr/bin/ceph:
2024-01-21T19:58:51.164+0000 7f627cff9700 1 -- 172.21.15.53:0/3480937443 <== mon.0 v2:172.21.15.53:3300/0 5 ==== osd_map(2..2 src has 1..2) v4 ==== 926+0+0 (secure 0 0 0) 0x7f6274041200 con 0x7f62800fab80
2024-01-21T19:58:51.158 INFO:teuthology.orchestra.run.smithi053.stderr:/usr/bin/ceph:
2024-01-21T19:58:51.165+0000 7f627f7fe700 1 --2- 172.21.15.53:0/3480937443 >> [v2:172.21.15.53:6800/55197364,v1:172.21.15.53:6801/55197364] conn(0x7f626c02fd90 0x7f626c032250 unknown :-1 s=BANNER_CONNECTING pgs=0 cs=0 l=1 rev1=0 rx=0 tx=0)._handle_peer_banner_payload supported=1 required=0
2024-01-21T19:58:51.159 INFO:teuthology.orchestra.run.smithi053.stderr:/usr/bin/ceph:
2024-01-21T19:58:51.165+0000 7f627f7fe700 1 --2- 172.21.15.53:0/3480937443 >> [v2:172.21.15.53:6800/55197364,v1:172.21.15.53:6801/55197364] conn(0x7f626c02fd90 0x7f626c032250 secure :-1 s=READY pgs=14 cs=0 l=1 rev1=1 rx=0x7f62700096a0 tx=0x7f6270006b40).ready entity=mgr.14116 client_cookie=0 server_cookie=0 in_seq=0 out_seq=0
2024-01-21T19:58:51.159 INFO:teuthology.orchestra.run.smithi053.stderr:/usr/bin/ceph:
2024-01-21T19:58:51.165+0000 7f62862de700 1 -- 172.21.15.53:0/3480937443 --> [v2:172.21.15.53:3300/0,v1:172.21.15.53:6789/0] -- mon_command({"prefix": "get_command_descriptions"} v 0) v1 -- 0x7f6280059100 con 0x7f62800fab80
2024-01-21T19:58:51.161 INFO:teuthology.orchestra.run.smithi053.stderr:/usr/bin/ceph:
2024-01-21T19:58:51.169+0000 7f627cff9700 1 -- 172.21.15.53:0/3480937443 <== mon.0 v2:172.21.15.53:3300/0 6 ==== mon_command_ack([{"prefix": "get_command_descriptions"}]=0 v0) v1 ==== 72+0+152212 (secure 0 0 0) 0x7f6274016070 con 0x7f62800fab80
2024-01-21T19:58:51.358 INFO:teuthology.orchestra.run.smithi053.stderr:/usr/bin/ceph:
2024-01-21T19:58:51.366+0000 7f62862de700 1 -- 172.21.15.53:0/3480937443 --> [v2:172.21.15.53:3300/0,v1:172.21.15.53:6789/0] -- mon_command({"prefix": "mgr module enable", "module": "prometheus"} v 0) v1 -- 0x7f62800fc890 con 0x7f62800fab80
2024-01-21T19:58:51.415 INFO:teuthology.orchestra.run.smithi053.stderr:/usr/bin/ceph:
2024-01-21T19:58:51.424+0000 7f627cff9700 1 -- 172.21.15.53:0/3480937443 <== mon.0 v2:172.21.15.53:3300/0 7 ==== mgrmap(e 9) v1 ==== 36134+0+0 (secure 0 0 0) 0x7f62740257e0 con 0x7f62800fab80
2024-01-21T19:58:51.417 INFO:teuthology.orchestra.run.smithi053.stderr:/usr/bin/ceph:
2024-01-21T19:58:51.425+0000 7f627cff9700 1 -- 172.21.15.53:0/3480937443 <== mon.0 v2:172.21.15.53:3300/0 8 ==== mon_command_ack([{"prefix": "mgr module enable", "module": "prometheus"}]=0 v9) v1 ==== 89+0+0 (secure 0 0 0) 0x7f6274010970 con 0x7f62800fab80
2024-01-21T19:58:51.419 INFO:teuthology.orchestra.run.smithi053.stderr:/usr/bin/ceph:
2024-01-21T19:58:51.427+0000 7f62862de700 1 -- 172.21.15.53:0/3480937443 >> [v2:172.21.15.53:6800/55197364,v1:172.21.15.53:6801/55197364] conn(0x7f626c02fd90 msgr2=0x7f626c032250 secure :-1 s=STATE_CONNECTION_ESTABLISHED l=1).mark_down
2024-01-21T19:58:51.419 INFO:teuthology.orchestra.run.smithi053.stderr:/usr/bin/ceph:
2024-01-21T19:58:51.427+0000 7f62862de700 1 --2- 172.21.15.53:0/3480937443 >> [v2:172.21.15.53:6800/55197364,v1:172.21.15.53:6801/55197364] conn(0x7f626c02fd90 0x7f626c032250 secure :-1 s=READY pgs=14 cs=0 l=1 rev1=1 rx=0x7f62700096a0 tx=0x7f6270006b40).stop
2024-01-21T19:58:51.419 INFO:teuthology.orchestra.run.smithi053.stderr:/usr/bin/ceph:
2024-01-21T19:58:51.427+0000 7f62862de700 1 -- 172.21.15.53:0/3480937443 >> [v2:172.21.15.53:3300/0,v1:172.21.15.53:6789/0] conn(0x7f62800fab80 msgr2=0x7f628010cbe0 secure :-1 s=STATE_CONNECTION_ESTABLISHED l=1).mark_down
2024-01-21T19:58:51.420 INFO:teuthology.orchestra.run.smithi053.stderr:/usr/bin/ceph:
2024-01-21T19:58:51.427+0000 7f62862de700 1 --2- 172.21.15.53:0/3480937443 >> [v2:172.21.15.53:3300/0,v1:172.21.15.53:6789/0] conn(0x7f62800fab80 0x7f628010cbe0 secure :-1 s=READY pgs=48 cs=0 l=1 rev1=1 rx=0x7f627400b1d0 tx=0x7f6274006ee0).stop
2024-01-21T19:58:51.420 INFO:teuthology.orchestra.run.smithi053.stderr:/usr/bin/ceph:
2024-01-21T19:58:51.427+0000 7f62862de700 1 -- 172.21.15.53:0/3480937443 shutdown_connections
2024-01-21T19:58:51.420 INFO:teuthology.orchestra.run.smithi053.stderr:/usr/bin/ceph:
2024-01-21T19:58:51.427+0000 7f62862de700 1 --2- 172.21.15.53:0/3480937443 >> [v2:172.21.15.53:6800/55197364,v1:172.21.15.53:6801/55197364] conn(0x7f626c02fd90 0x7f626c032250 unknown :-1 s=CLOSED pgs=14 cs=0 l=1 rev1=1 rx=0 tx=0).stop
2024-01-21T19:58:51.420 INFO:teuthology.orchestra.run.smithi053.stderr:/usr/bin/ceph:
2024-01-21T19:58:51.427+0000 7f62862de700 1 --2- 172.21.15.53:0/3480937443 >> [v2:172.21.15.53:3300/0,v1:172.21.15.53:6789/0] conn(0x7f62800fab80 0x7f628010cbe0 unknown :-1 s=CLOSED pgs=48 cs=0 l=1 rev1=1 rx=0 tx=0).stop
2024-01-21T19:58:51.420 INFO:teuthology.orchestra.run.smithi053.stderr:/usr/bin/ceph:
2024-01-21T19:58:51.427+0000 7f62862de700 1 -- 172.21.15.53:0/3480937443 >> 172.21.15.53:0/3480937443 conn(0x7f62800f63c0 msgr2=0x7f62800ff910 unknown :-1 s=STATE_NONE l=0).mark_down
2024-01-21T19:58:51.420 INFO:teuthology.orchestra.run.smithi053.stderr:/usr/bin/ceph:
2024-01-21T19:58:51.427+0000 7f62862de700 1 -- 172.21.15.53:0/3480937443 shutdown_connections
2024-01-21T19:58:51.420 INFO:teuthology.orchestra.run.smithi053.stderr:/usr/bin/ceph:
2024-01-21T19:58:51.427+0000 7f62862de700 1 -- 172.21.15.53:0/3480937443 wait complete.
2024-01-21T19:58:51.684 INFO:journalctl@ceph.mon.smithi053.smithi053.stdout:Jan 21 19:58:51 smithi053 ceph-57f6722c-b897-11ee-95b0-87774f69a715-mon.smithi053[38842]: audit
2024-01-21T19:58:50.235035+0000 mgr.smithi053.fgsmol (mgr.14116) 14 : audit [DBG] from='client.14140 -' entity='client.admin' cmd=[{"prefix": "orch apply", "service_type": "crash", "target": ["mon-mgr", ""]}]: dispatch
2024-01-21T19:58:51.684 INFO:journalctl@ceph.mon.smithi053.smithi053.stdout:Jan 21 19:58:51 smithi053 ceph-57f6722c-b897-11ee-95b0-87774f69a715-mon.smithi053[38842]: cephadm
2024-01-21T19:58:50.235660+0000 mgr.smithi053.fgsmol (mgr.14116) 15 : cephadm [INF] Saving service crash spec with placement *
2024-01-21T19:58:51.684 INFO:journalctl@ceph.mon.smithi053.smithi053.stdout:Jan 21 19:58:51 smithi053 ceph-57f6722c-b897-11ee-95b0-87774f69a715-mon.smithi053[38842]: audit
2024-01-21T19:58:51.368383+0000 mon.smithi053 (mon.0) 60 : audit [INF] from='client.? 172.21.15.53:0/3480937443' entity='client.admin' cmd=[{"prefix": "mgr module enable", "module": "prometheus"}]: dispatch
2024-01-21T19:58:51.774 INFO:teuthology.orchestra.run.smithi053.stderr:Deploying prometheus service with default placement...
2024-01-21T19:58:51.774 INFO:teuthology.orchestra.run.smithi053.stderr:Running command: /bin/podman run --rm --ipc=host --no-hosts --net=host --entrypoint /usr/bin/ceph --init -e CONTAINER_IMAGE=docker.io/ceph/ceph:v16.2.4 -e NODE_NAME=smithi053 -e CEPH_USE_RANDOM_NONCE=1 -v /var/log/ceph/57f6722c-b897-11ee-95b0-87774f69a715:/var/log/ceph:z -v /tmp/ceph-tmpw7bt2for:/etc/ceph/ceph.client.admin.keyring:z -v /tmp/ceph-tmp987f45g0:/etc/ceph/ceph.conf:z docker.io/ceph/ceph:v16.2.4 orch apply prometheus
2024-01-21T19:58:52.158 INFO:teuthology.orchestra.run.smithi053.stderr:/usr/bin/ceph:
2024-01-21T19:58:52.165+0000 7fd2c74e3700 1 Processor -- start
2024-01-21T19:58:52.158 INFO:teuthology.orchestra.run.smithi053.stderr:/usr/bin/ceph:
2024-01-21T19:58:52.165+0000 7fd2c74e3700 1 -- start start
2024-01-21T19:58:52.158 INFO:teuthology.orchestra.run.smithi053.stderr:/usr/bin/ceph:
2024-01-21T19:58:52.165+0000 7fd2c74e3700 1 --2- >> [v2:172.21.15.53:3300/0,v1:172.21.15.53:6789/0] conn(0x7fd2c00703d0 0x7fd2c0100d40 unknown :-1 s=NONE pgs=0 cs=0 l=0 rev1=0 rx=0 tx=0).connect
2024-01-21T19:58:52.158 INFO:teuthology.orchestra.run.smithi053.stderr:/usr/bin/ceph:
2024-01-21T19:58:52.165+0000 7fd2c74e3700 1 -- --> [v2:172.21.15.53:3300/0,v1:172.21.15.53:6789/0] -- mon_getmap magic: 0 v1 -- 0x7fd2c00fc730 con 0x7fd2c00703d0
2024-01-21T19:58:52.158 INFO:teuthology.orchestra.run.smithi053.stderr:/usr/bin/ceph:
2024-01-21T19:58:52.166+0000 7fd2c527f700 1 --2- >> [v2:172.21.15.53:3300/0,v1:172.21.15.53:6789/0] conn(0x7fd2c00703d0 0x7fd2c0100d40 unknown :-1 s=BANNER_CONNECTING pgs=0 cs=0 l=0 rev1=0 rx=0 tx=0)._handle_peer_banner_payload supported=1 required=0
2024-01-21T19:58:52.158 INFO:teuthology.orchestra.run.smithi053.stderr:/usr/bin/ceph:
2024-01-21T19:58:52.166+0000 7fd2c527f700 1 --2- >> [v2:172.21.15.53:3300/0,v1:172.21.15.53:6789/0] conn(0x7fd2c00703d0 0x7fd2c0100d40 unknown :-1 s=HELLO_CONNECTING pgs=0 cs=0 l=0 rev1=1 rx=0 tx=0).handle_hello peer v2:172.21.15.53:3300/0 says I am v2:172.21.15.53:47964/0 (socket says 172.21.15.53:47964)
2024-01-21T19:58:52.159 INFO:teuthology.orchestra.run.smithi053.stderr:/usr/bin/ceph:
2024-01-21T19:58:52.166+0000 7fd2c527f700 1 -- 172.21.15.53:0/1916554271 learned_addr learned my addr 172.21.15.53:0/1916554271 (peer_addr_for_me v2:172.21.15.53:0/0)
2024-01-21T19:58:52.159 INFO:teuthology.orchestra.run.smithi053.stderr:/usr/bin/ceph:
2024-01-21T19:58:52.166+0000 7fd2c527f700 1 -- 172.21.15.53:0/1916554271 --> [v2:172.21.15.53:3300/0,v1:172.21.15.53:6789/0] -- mon_subscribe({config=0+,monmap=0+}) v3 -- 0x7fd2c0101230 con 0x7fd2c00703d0
2024-01-21T19:58:52.159 INFO:teuthology.orchestra.run.smithi053.stderr:/usr/bin/ceph:
2024-01-21T19:58:52.166+0000 7fd2c527f700 1 --2- 172.21.15.53:0/1916554271 >> [v2:172.21.15.53:3300/0,v1:172.21.15.53:6789/0] conn(0x7fd2c00703d0 0x7fd2c0100d40 secure :-1 s=READY pgs=51 cs=0 l=1 rev1=1 rx=0x7fd2bc00b5f0 tx=0x7fd2bc006ee0).ready entity=mon.0 client_cookie=f2beb599c21217a6 server_cookie=0 in_seq=0 out_seq=0
2024-01-21T19:58:52.159 INFO:teuthology.orchestra.run.smithi053.stderr:/usr/bin/ceph:
2024-01-21T19:58:52.166+0000 7fd2affff700 1 -- 172.21.15.53:0/1916554271 <== mon.0 v2:172.21.15.53:3300/0 1 ==== mon_map magic: 0 v1 ==== 229+0+0 (secure 0 0 0) 0x7fd2bc00d600 con 0x7fd2c00703d0
2024-01-21T19:58:52.159 INFO:teuthology.orchestra.run.smithi053.stderr:/usr/bin/ceph:
2024-01-21T19:58:52.166+0000 7fd2affff700 1 -- 172.21.15.53:0/1916554271 <== mon.0 v2:172.21.15.53:3300/0 2 ==== config(25 keys) v1 ==== 1010+0+0 (secure 0 0 0) 0x7fd2bc00dbd0 con 0x7fd2c00703d0
2024-01-21T19:58:52.161 INFO:teuthology.orchestra.run.smithi053.stderr:/usr/bin/ceph:
2024-01-21T19:58:52.166+0000 7fd2affff700 1 -- 172.21.15.53:0/1916554271 <== mon.0 v2:172.21.15.53:3300/0 3 ==== mon_map magic: 0 v1 ==== 229+0+0 (secure 0 0 0) 0x7fd2bc011c00 con 0x7fd2c00703d0
2024-01-21T19:58:52.161 INFO:teuthology.orchestra.run.smithi053.stderr:/usr/bin/ceph:
2024-01-21T19:58:52.167+0000 7fd2c74e3700 1 -- 172.21.15.53:0/1916554271 >> [v2:172.21.15.53:3300/0,v1:172.21.15.53:6789/0] conn(0x7fd2c00703d0 msgr2=0x7fd2c0100d40 secure :-1 s=STATE_CONNECTION_ESTABLISHED l=1).mark_down
2024-01-21T19:58:52.161 INFO:teuthology.orchestra.run.smithi053.stderr:/usr/bin/ceph:
2024-01-21T19:58:52.167+0000 7fd2c74e3700 1 --2- 172.21.15.53:0/1916554271 >> [v2:172.21.15.53:3300/0,v1:172.21.15.53:6789/0] conn(0x7fd2c00703d0 0x7fd2c0100d40 secure :-1 s=READY pgs=51 cs=0 l=1 rev1=1 rx=0x7fd2bc00b5f0 tx=0x7fd2bc006ee0).stop
2024-01-21T19:58:52.161 INFO:teuthology.orchestra.run.smithi053.stderr:/usr/bin/ceph:
2024-01-21T19:58:52.167+0000 7fd2c74e3700 1 -- 172.21.15.53:0/1916554271 shutdown_connections
2024-01-21T19:58:52.161 INFO:teuthology.orchestra.run.smithi053.stderr:/usr/bin/ceph:
2024-01-21T19:58:52.167+0000 7fd2c74e3700 1 --2- 172.21.15.53:0/1916554271 >> [v2:172.21.15.53:3300/0,v1:172.21.15.53:6789/0] conn(0x7fd2c00703d0 0x7fd2c0100d40 unknown :-1 s=CLOSED pgs=51 cs=0 l=1 rev1=1 rx=0 tx=0).stop
2024-01-21T19:58:52.161 INFO:teuthology.orchestra.run.smithi053.stderr:/usr/bin/ceph:
2024-01-21T19:58:52.167+0000 7fd2c74e3700 1 -- 172.21.15.53:0/1916554271 >> 172.21.15.53:0/1916554271 conn(0x7fd2c00f63c0 msgr2=0x7fd2c00f87e0 unknown :-1 s=STATE_NONE l=0).mark_down
2024-01-21T19:58:52.161 INFO:teuthology.orchestra.run.smithi053.stderr:/usr/bin/ceph:
2024-01-21T19:58:52.167+0000 7fd2c74e3700 1 -- 172.21.15.53:0/1916554271 shutdown_connections
2024-01-21T19:58:52.161 INFO:teuthology.orchestra.run.smithi053.stderr:/usr/bin/ceph:
2024-01-21T19:58:52.168+0000 7fd2c74e3700 1 -- 172.21.15.53:0/1916554271 wait complete.
2024-01-21T19:58:52.161 INFO:teuthology.orchestra.run.smithi053.stderr:/usr/bin/ceph:
2024-01-21T19:58:52.168+0000 7fd2c74e3700 1 Processor -- start
2024-01-21T19:58:52.161 INFO:teuthology.orchestra.run.smithi053.stderr:/usr/bin/ceph:
2024-01-21T19:58:52.168+0000 7fd2c74e3700 1 -- start start
2024-01-21T19:58:52.161 INFO:teuthology.orchestra.run.smithi053.stderr:/usr/bin/ceph:
2024-01-21T19:58:52.168+0000 7fd2c74e3700 1 --2- >> [v2:172.21.15.53:3300/0,v1:172.21.15.53:6789/0] conn(0x7fd2c00703d0 0x7fd2c010cbb0 unknown :-1 s=NONE pgs=0 cs=0 l=1 rev1=0 rx=0 tx=0).connect
2024-01-21T19:58:52.162 INFO:teuthology.orchestra.run.smithi053.stderr:/usr/bin/ceph:
2024-01-21T19:58:52.168+0000 7fd2c74e3700 1 -- --> [v2:172.21.15.53:3300/0,v1:172.21.15.53:6789/0] -- mon_getmap magic: 0 v1 -- 0x7fd2c010d0a0 con 0x7fd2c00703d0
2024-01-21T19:58:52.162 INFO:teuthology.orchestra.run.smithi053.stderr:/usr/bin/ceph:
2024-01-21T19:58:52.169+0000 7fd2c527f700 1 --2- >> [v2:172.21.15.53:3300/0,v1:172.21.15.53:6789/0] conn(0x7fd2c00703d0 0x7fd2c010cbb0 unknown :-1 s=BANNER_CONNECTING pgs=0 cs=0 l=1 rev1=0 rx=0 tx=0)._handle_peer_banner_payload supported=1 required=0
2024-01-21T19:58:52.162 INFO:teuthology.orchestra.run.smithi053.stderr:/usr/bin/ceph:
2024-01-21T19:58:52.169+0000 7fd2c527f700 1 --2- >> [v2:172.21.15.53:3300/0,v1:172.21.15.53:6789/0] conn(0x7fd2c00703d0 0x7fd2c010cbb0 unknown :-1 s=HELLO_CONNECTING pgs=0 cs=0 l=1 rev1=1 rx=0 tx=0).handle_hello peer v2:172.21.15.53:3300/0 says I am v2:172.21.15.53:47974/0 (socket says 172.21.15.53:47974)
2024-01-21T19:58:52.162 INFO:teuthology.orchestra.run.smithi053.stderr:/usr/bin/ceph:
2024-01-21T19:58:52.169+0000 7fd2c527f700 1 -- 172.21.15.53:0/3115406709 learned_addr learned my addr 172.21.15.53:0/3115406709 (peer_addr_for_me v2:172.21.15.53:0/0)
2024-01-21T19:58:52.162 INFO:teuthology.orchestra.run.smithi053.stderr:/usr/bin/ceph:
2024-01-21T19:58:52.169+0000 7fd2c527f700 1 -- 172.21.15.53:0/3115406709 --> [v2:172.21.15.53:3300/0,v1:172.21.15.53:6789/0] -- mon_subscribe({config=0+,monmap=0+}) v3 -- 0x7fd2bc00b200 con 0x7fd2c00703d0
2024-01-21T19:58:52.162 INFO:teuthology.orchestra.run.smithi053.stderr:/usr/bin/ceph:
2024-01-21T19:58:52.169+0000 7fd2c527f700 1 --2- 172.21.15.53:0/3115406709 >> [v2:172.21.15.53:3300/0,v1:172.21.15.53:6789/0] conn(0x7fd2c00703d0 0x7fd2c010cbb0 secure :-1 s=READY pgs=52 cs=0 l=1 rev1=1 rx=0x7fd2bc00b190 tx=0x7fd2bc006ee0).ready entity=mon.0 client_cookie=0 server_cookie=0 in_seq=0 out_seq=0
2024-01-21T19:58:52.162 INFO:teuthology.orchestra.run.smithi053.stderr:/usr/bin/ceph:
2024-01-21T19:58:52.169+0000 7fd2adffb700 1 -- 172.21.15.53:0/3115406709 <== mon.0 v2:172.21.15.53:3300/0 1 ==== mon_map magic: 0 v1 ==== 229+0+0 (secure 0 0 0) 0x7fd2bc01b410 con 0x7fd2c00703d0
2024-01-21T19:58:52.162 INFO:teuthology.orchestra.run.smithi053.stderr:/usr/bin/ceph:
2024-01-21T19:58:52.169+0000 7fd2c74e3700 1 -- 172.21.15.53:0/3115406709 --> [v2:172.21.15.53:3300/0,v1:172.21.15.53:6789/0] -- mon_subscribe({mgrmap=0+}) v3 -- 0x7fd2c010d2a0 con 0x7fd2c00703d0
2024-01-21T19:58:52.162 INFO:teuthology.orchestra.run.smithi053.stderr:/usr/bin/ceph:
2024-01-21T19:58:52.169+0000 7fd2adffb700 1 -- 172.21.15.53:0/3115406709 <== mon.0 v2:172.21.15.53:3300/0 2 ==== config(25 keys) v1 ==== 1010+0+0 (secure 0 0 0) 0x7fd2bc01b9e0 con 0x7fd2c00703d0
2024-01-21T19:58:52.163 INFO:teuthology.orchestra.run.smithi053.stderr:/usr/bin/ceph:
2024-01-21T19:58:52.169+0000 7fd2adffb700 1 -- 172.21.15.53:0/3115406709 <== mon.0 v2:172.21.15.53:3300/0 3 ==== mon_map magic: 0 v1 ==== 229+0+0 (secure 0 0 0) 0x7fd2bc01a880 con 0x7fd2c00703d0
2024-01-21T19:58:52.163 INFO:teuthology.orchestra.run.smithi053.stderr:/usr/bin/ceph:
2024-01-21T19:58:52.170+0000 7fd2c74e3700 1 -- 172.21.15.53:0/3115406709 --> [v2:172.21.15.53:3300/0,v1:172.21.15.53:6789/0] -- mon_subscribe({osdmap=0}) v3 -- 0x7fd2c010d6b0 con 0x7fd2c00703d0
2024-01-21T19:58:52.163 INFO:teuthology.orchestra.run.smithi053.stderr:/usr/bin/ceph:
2024-01-21T19:58:52.170+0000 7fd2c74e3700 1 -- 172.21.15.53:0/3115406709 --> [v2:172.21.15.53:3300/0,v1:172.21.15.53:6789/0] -- mon_command({"prefix": "get_command_descriptions"} v 0) v1 -- 0x7fd2c0045ad0 con 0x7fd2c00703d0
2024-01-21T19:58:52.163 INFO:teuthology.orchestra.run.smithi053.stderr:/usr/bin/ceph:
2024-01-21T19:58:52.171+0000 7fd2adffb700 1 -- 172.21.15.53:0/3115406709 <== mon.0 v2:172.21.15.53:3300/0 4 ==== mgrmap(e 9) v1 ==== 36134+0+0 (secure 0 0 0) 0x7fd2bc00f070 con 0x7fd2c00703d0
2024-01-21T19:58:52.164 INFO:teuthology.orchestra.run.smithi053.stderr:/usr/bin/ceph:
2024-01-21T19:58:52.171+0000 7fd2adffb700 1 --2- 172.21.15.53:0/3115406709 >> [v2:172.21.15.53:6800/55197364,v1:172.21.15.53:6801/55197364] conn(0x7fd2a802fdb0 0x7fd2a8032270 unknown :-1 s=NONE pgs=0 cs=0 l=1 rev1=0 rx=0 tx=0).connect
2024-01-21T19:58:52.164 INFO:teuthology.orchestra.run.smithi053.stderr:/usr/bin/ceph:
2024-01-21T19:58:52.171+0000 7fd2adffb700 1 -- 172.21.15.53:0/3115406709 <== mon.0 v2:172.21.15.53:3300/0 5 ==== osd_map(2..2 src has 1..2) v4 ==== 926+0+0 (secure 0 0 0) 0x7fd2bc041e80 con 0x7fd2c00703d0
2024-01-21T19:58:52.164 INFO:teuthology.orchestra.run.smithi053.stderr:/usr/bin/ceph:
2024-01-21T19:58:52.171+0000 7fd2c4a7e700 1 -- 172.21.15.53:0/3115406709 >> [v2:172.21.15.53:6800/55197364,v1:172.21.15.53:6801/55197364] conn(0x7fd2a802fdb0 msgr2=0x7fd2a8032270 unknown :-1 s=STATE_CONNECTING_RE l=1).process reconnect failed to v2:172.21.15.53:6800/55197364
2024-01-21T19:58:52.164 INFO:teuthology.orchestra.run.smithi053.stderr:/usr/bin/ceph:
2024-01-21T19:58:52.171+0000 7fd2c4a7e700 1 --2- 172.21.15.53:0/3115406709 >> [v2:172.21.15.53:6800/55197364,v1:172.21.15.53:6801/55197364] conn(0x7fd2a802fdb0 0x7fd2a8032270 unknown :-1 s=START_CONNECT pgs=0 cs=0 l=1 rev1=0 rx=0 tx=0)._fault waiting 0.200000
2024-01-21T19:58:52.171 INFO:teuthology.orchestra.run.smithi053.stderr:/usr/bin/ceph:
2024-01-21T19:58:52.179+0000 7fd2adffb700 1 -- 172.21.15.53:0/3115406709 <== mon.0 v2:172.21.15.53:3300/0 6 ==== mon_command_ack([{"prefix": "get_command_descriptions"}]=0 v0) v1 ==== 72+0+152212 (secure 0 0 0) 0x7fd2bc02d9d0 con 0x7fd2c00703d0
2024-01-21T19:58:52.358 INFO:teuthology.orchestra.run.smithi053.stderr:/usr/bin/ceph:
2024-01-21T19:58:52.366+0000 7fd2c74e3700 1 -- 172.21.15.53:0/3115406709 --> [v2:172.21.15.53:6800/55197364,v1:172.21.15.53:6801/55197364] -- mgr_command(tid 0: {"prefix": "orch apply", "service_type": "prometheus", "target": ["mon-mgr", ""]}) v1 -- 0x7fd2c010dff0 con 0x7fd2a802fdb0
2024-01-21T19:58:52.363 INFO:teuthology.orchestra.run.smithi053.stderr:/usr/bin/ceph:
2024-01-21T19:58:52.372+0000 7fd2c4a7e700 1 -- 172.21.15.53:0/3115406709 >> [v2:172.21.15.53:6800/55197364,v1:172.21.15.53:6801/55197364] conn(0x7fd2a802fdb0 msgr2=0x7fd2a8032270 unknown :-1 s=STATE_CONNECTING_RE l=1).process reconnect failed to v2:172.21.15.53:6800/55197364
2024-01-21T19:58:52.363 INFO:teuthology.orchestra.run.smithi053.stderr:/usr/bin/ceph:
2024-01-21T19:58:52.372+0000 7fd2c4a7e700 1 --2- 172.21.15.53:0/3115406709 >> [v2:172.21.15.53:6800/55197364,v1:172.21.15.53:6801/55197364] conn(0x7fd2a802fdb0 0x7fd2a8032270 unknown :-1 s=START_CONNECT pgs=0 cs=0 l=1 rev1=0 rx=0 tx=0)._fault waiting 0.400000
2024-01-21T19:58:52.684 INFO:journalctl@ceph.mon.smithi053.smithi053.stdout:Jan 21 19:58:52 smithi053 ceph-57f6722c-b897-11ee-95b0-87774f69a715-mon.smithi053[38842]: audit
2024-01-21T19:58:51.426635+0000 mon.smithi053 (mon.0) 61 : audit [INF] from='client.? 172.21.15.53:0/3480937443' entity='client.admin' cmd='[{"prefix": "mgr module enable", "module": "prometheus"}]': finished
2024-01-21T19:58:52.684 INFO:journalctl@ceph.mon.smithi053.smithi053.stdout:Jan 21 19:58:52 smithi053 ceph-57f6722c-b897-11ee-95b0-87774f69a715-mon.smithi053[38842]: cluster
2024-01-21T19:58:51.426690+0000 mon.smithi053 (mon.0) 62 : cluster [DBG] mgrmap e9: smithi053.fgsmol(active, since 17s)
2024-01-21T19:58:52.765 INFO:teuthology.orchestra.run.smithi053.stderr:/usr/bin/ceph:
2024-01-21T19:58:52.773+0000 7fd2c4a7e700 1 -- 172.21.15.53:0/3115406709 >> [v2:172.21.15.53:6800/55197364,v1:172.21.15.53:6801/55197364] conn(0x7fd2a802fdb0 msgr2=0x7fd2a8032270 unknown :-1 s=STATE_CONNECTING_RE l=1).process reconnect failed to v2:172.21.15.53:6800/55197364
2024-01-21T19:58:52.765 INFO:teuthology.orchestra.run.smithi053.stderr:/usr/bin/ceph:
2024-01-21T19:58:52.773+0000 7fd2c4a7e700 1 --2- 172.21.15.53:0/3115406709 >> [v2:172.21.15.53:6800/55197364,v1:172.21.15.53:6801/55197364] conn(0x7fd2a802fdb0 0x7fd2a8032270 unknown :-1 s=START_CONNECT pgs=0 cs=0 l=1 rev1=0 rx=0 tx=0)._fault waiting 0.800000
2024-01-21T19:58:53.566 INFO:teuthology.orchestra.run.smithi053.stderr:/usr/bin/ceph:
2024-01-21T19:58:53.574+0000 7fd2c4a7e700 1 -- 172.21.15.53:0/3115406709 >> [v2:172.21.15.53:6800/55197364,v1:172.21.15.53:6801/55197364] conn(0x7fd2a802fdb0 msgr2=0x7fd2a8032270 unknown :-1 s=STATE_CONNECTING_RE l=1).process reconnect failed to v2:172.21.15.53:6800/55197364
2024-01-21T19:58:53.566 INFO:teuthology.orchestra.run.smithi053.stderr:/usr/bin/ceph:
2024-01-21T19:58:53.574+0000 7fd2c4a7e700 1 --2- 172.21.15.53:0/3115406709 >> [v2:172.21.15.53:6800/55197364,v1:172.21.15.53:6801/55197364] conn(0x7fd2a802fdb0 0x7fd2a8032270 unknown :-1 s=START_CONNECT pgs=0 cs=0 l=1 rev1=0 rx=0 tx=0)._fault waiting 1.600000
2024-01-21T19:58:55.167 INFO:teuthology.orchestra.run.smithi053.stderr:/usr/bin/ceph:
2024-01-21T19:58:55.175+0000 7fd2c4a7e700 1 -- 172.21.15.53:0/3115406709 >> [v2:172.21.15.53:6800/55197364,v1:172.21.15.53:6801/55197364] conn(0x7fd2a802fdb0 msgr2=0x7fd2a8032270 unknown :-1 s=STATE_CONNECTING_RE l=1).process reconnect failed to v2:172.21.15.53:6800/55197364
2024-01-21T19:58:55.167 INFO:teuthology.orchestra.run.smithi053.stderr:/usr/bin/ceph:
2024-01-21T19:58:55.175+0000 7fd2c4a7e700 1 --2- 172.21.15.53:0/3115406709 >> [v2:172.21.15.53:6800/55197364,v1:172.21.15.53:6801/55197364] conn(0x7fd2a802fdb0 0x7fd2a8032270 unknown :-1 s=START_CONNECT pgs=0 cs=0 l=1 rev1=0 rx=0 tx=0)._fault waiting 3.200000
2024-01-21T19:58:57.416 INFO:teuthology.orchestra.run.smithi053.stderr:/usr/bin/ceph:
2024-01-21T19:58:57.422+0000 7fd2adffb700 1 -- 172.21.15.53:0/3115406709 <== mon.0 v2:172.21.15.53:3300/0 7 ==== mgrmap(e 10) v1 ==== 35984+0+0 (secure 0 0 0) 0x7fd2bc01b570 con 0x7fd2c00703d0
2024-01-21T19:58:57.416 INFO:teuthology.orchestra.run.smithi053.stderr:/usr/bin/ceph:
2024-01-21T19:58:57.422+0000 7fd2adffb700 1 -- 172.21.15.53:0/3115406709 >> [v2:172.21.15.53:6800/55197364,v1:172.21.15.53:6801/55197364] conn(0x7fd2a802fdb0 msgr2=0x7fd2a8032270 unknown :-1 s=STATE_CONNECTING l=1).mark_down
2024-01-21T19:58:57.416 INFO:teuthology.orchestra.run.smithi053.stderr:/usr/bin/ceph:
2024-01-21T19:58:57.422+0000 7fd2adffb700 1 --2- 172.21.15.53:0/3115406709 >> [v2:172.21.15.53:6800/55197364,v1:172.21.15.53:6801/55197364] conn(0x7fd2a802fdb0 0x7fd2a8032270 unknown :-1 s=START_CONNECT pgs=0 cs=0 l=1 rev1=0 rx=0 tx=0).stop
2024-01-21T19:58:57.934 INFO:journalctl@ceph.mon.smithi053.smithi053.stdout:Jan 21 19:58:57 smithi053 ceph-57f6722c-b897-11ee-95b0-87774f69a715-mon.smithi053[38842]: cluster
2024-01-21T19:58:56.594153+0000 mon.smithi053 (mon.0) 63 : cluster [INF] Active manager daemon smithi053.fgsmol restarted
2024-01-21T19:58:57.934 INFO:journalctl@ceph.mon.smithi053.smithi053.stdout:Jan 21 19:58:57 smithi053 ceph-57f6722c-b897-11ee-95b0-87774f69a715-mon.smithi053[38842]: cluster
2024-01-21T19:58:56.594532+0000 mon.smithi053 (mon.0) 64 : cluster [INF] Activating manager daemon smithi053.fgsmol
2024-01-21T19:58:57.934 INFO:journalctl@ceph.mon.smithi053.smithi053.stdout:Jan 21 19:58:57 smithi053 ceph-57f6722c-b897-11ee-95b0-87774f69a715-mon.smithi053[38842]: cluster
2024-01-21T19:58:56.596033+0000 mon.smithi053 (mon.0) 65 : cluster [DBG] osdmap e3: 0 total, 0 up, 0 in
2024-01-21T19:58:57.934 INFO:journalctl@ceph.mon.smithi053.smithi053.stdout:Jan 21 19:58:57 smithi053 ceph-57f6722c-b897-11ee-95b0-87774f69a715-mon.smithi053[38842]: cluster
2024-01-21T19:58:57.424604+0000 mon.smithi053 (mon.0) 66 : cluster [DBG] mgrmap e10: smithi053.fgsmol(active, starting, since 0.830152s)
2024-01-21T19:58:57.934 INFO:journalctl@ceph.mon.smithi053.smithi053.stdout:Jan 21 19:58:57 smithi053 ceph-57f6722c-b897-11ee-95b0-87774f69a715-mon.smithi053[38842]: audit
2024-01-21T19:58:57.426248+0000 mon.smithi053 (mon.0) 67 : audit [DBG] from='mgr.14144 172.21.15.53:0/902443509' entity='mgr.smithi053.fgsmol' cmd=[{"prefix": "mon metadata", "id": "smithi053"}]: dispatch
2024-01-21T19:58:57.935 INFO:journalctl@ceph.mon.smithi053.smithi053.stdout:Jan 21 19:58:57 smithi053 ceph-57f6722c-b897-11ee-95b0-87774f69a715-mon.smithi053[38842]: audit
2024-01-21T19:58:57.427093+0000 mon.smithi053 (mon.0) 68 : audit [DBG] from='mgr.14144 172.21.15.53:0/902443509' entity='mgr.smithi053.fgsmol' cmd=[{"prefix": "mgr metadata", "who": "smithi053.fgsmol", "id": "smithi053.fgsmol"}]: dispatch
2024-01-21T19:58:57.935 INFO:journalctl@ceph.mon.smithi053.smithi053.stdout:Jan 21 19:58:57 smithi053 ceph-57f6722c-b897-11ee-95b0-87774f69a715-mon.smithi053[38842]: audit
2024-01-21T19:58:57.428001+0000 mon.smithi053 (mon.0) 69 : audit [DBG] from='mgr.14144 172.21.15.53:0/902443509' entity='mgr.smithi053.fgsmol' cmd=[{"prefix": "mds metadata"}]: dispatch
2024-01-21T19:58:57.935 INFO:journalctl@ceph.mon.smithi053.smithi053.stdout:Jan 21 19:58:57 smithi053 ceph-57f6722c-b897-11ee-95b0-87774f69a715-mon.smithi053[38842]: audit
2024-01-21T19:58:57.428321+0000 mon.smithi053 (mon.0) 70 : audit [DBG] from='mgr.14144 172.21.15.53:0/902443509' entity='mgr.smithi053.fgsmol' cmd=[{"prefix": "osd metadata"}]: dispatch
2024-01-21T19:58:57.935 INFO:journalctl@ceph.mon.smithi053.smithi053.stdout:Jan 21 19:58:57 smithi053 ceph-57f6722c-b897-11ee-95b0-87774f69a715-mon.smithi053[38842]: audit
2024-01-21T19:58:57.428627+0000 mon.smithi053 (mon.0) 71 : audit [DBG] from='mgr.14144 172.21.15.53:0/902443509' entity='mgr.smithi053.fgsmol' cmd=[{"prefix": "mon metadata"}]: dispatch
2024-01-21T19:58:57.935 INFO:journalctl@ceph.mon.smithi053.smithi053.stdout:Jan 21 19:58:57 smithi053 ceph-57f6722c-b897-11ee-95b0-87774f69a715-mon.smithi053[38842]: cluster
2024-01-21T19:58:57.443186+0000 mon.smithi053 (mon.0) 72 : cluster [INF] Manager daemon smithi053.fgsmol is now available
2024-01-21T19:58:57.935 INFO:journalctl@ceph.mon.smithi053.smithi053.stdout:Jan 21 19:58:57 smithi053 ceph-57f6722c-b897-11ee-95b0-87774f69a715-mon.smithi053[38842]: audit
2024-01-21T19:58:57.558447+0000 mon.smithi053 (mon.0) 73 : audit [DBG] from='mgr.14144 172.21.15.53:0/902443509' entity='mgr.smithi053.fgsmol' cmd=[{"prefix": "config dump", "format": "json"}]: dispatch
2024-01-21T19:58:57.935 INFO:journalctl@ceph.mon.smithi053.smithi053.stdout:Jan 21 19:58:57 smithi053 ceph-57f6722c-b897-11ee-95b0-87774f69a715-mon.smithi053[38842]: audit
2024-01-21T19:58:57.559710+0000 mon.smithi053 (mon.0) 74 : audit [DBG] from='mgr.14144 172.21.15.53:0/902443509' entity='mgr.smithi053.fgsmol' cmd=[{"prefix": "config dump", "format": "json"}]: dispatch
2024-01-21T19:58:57.935 INFO:journalctl@ceph.mon.smithi053.smithi053.stdout:Jan 21 19:58:57 smithi053 ceph-57f6722c-b897-11ee-95b0-87774f69a715-mon.smithi053[38842]: audit
2024-01-21T19:58:57.576659+0000 mon.smithi053 (mon.0) 75 : audit [INF] from='mgr.14144 172.21.15.53:0/902443509' entity='mgr.smithi053.fgsmol' cmd=[{"prefix":"config rm","who":"mgr","name":"mgr/rbd_support/smithi053.fgsmol/mirror_snapshot_schedule"}]: dispatch
2024-01-21T19:58:57.935 INFO:journalctl@ceph.mon.smithi053.smithi053.stdout:Jan 21 19:58:57 smithi053 ceph-57f6722c-b897-11ee-95b0-87774f69a715-mon.smithi053[38842]: audit
2024-01-21T19:58:57.584509+0000 mon.smithi053 (mon.0) 76 : audit [INF] from='mgr.14144 172.21.15.53:0/902443509' entity='mgr.smithi053.fgsmol' cmd=[{"prefix":"config rm","who":"mgr","name":"mgr/rbd_support/smithi053.fgsmol/trash_purge_schedule"}]: dispatch
2024-01-21T19:58:58.416 INFO:teuthology.orchestra.run.smithi053.stderr:/usr/bin/ceph:
2024-01-21T19:58:58.423+0000 7fd2adffb700 1 -- 172.21.15.53:0/3115406709 <== mon.0 v2:172.21.15.53:3300/0 8 ==== mgrmap(e 11) v1 ==== 36054+0+0 (secure 0 0 0) 0x7fd2bc01a9e0 con 0x7fd2c00703d0
2024-01-21T19:58:58.417 INFO:teuthology.orchestra.run.smithi053.stderr:/usr/bin/ceph:
2024-01-21T19:58:58.424+0000 7fd2adffb700 1 --2- 172.21.15.53:0/3115406709 >> [v2:172.21.15.53:6800/3045083722,v1:172.21.15.53:6801/3045083722] conn(0x7fd2a8033c20 0x7fd2a8036010 unknown :-1 s=NONE pgs=0 cs=0 l=1 rev1=0 rx=0 tx=0).connect
2024-01-21T19:58:58.417 INFO:teuthology.orchestra.run.smithi053.stderr:/usr/bin/ceph:
2024-01-21T19:58:58.424+0000 7fd2adffb700 1 -- 172.21.15.53:0/3115406709 --> [v2:172.21.15.53:6800/3045083722,v1:172.21.15.53:6801/3045083722] -- mgr_command(tid 0: {"prefix": "orch apply", "service_type": "prometheus", "target": ["mon-mgr", ""]}) v1 -- 0x7fd2c010dff0 con 0x7fd2a8033c20
2024-01-21T19:58:58.417 INFO:teuthology.orchestra.run.smithi053.stderr:/usr/bin/ceph:
2024-01-21T19:58:58.424+0000 7fd2c4a7e700 1 --2- 172.21.15.53:0/3115406709 >> [v2:172.21.15.53:6800/3045083722,v1:172.21.15.53:6801/3045083722] conn(0x7fd2a8033c20 0x7fd2a8036010 unknown :-1 s=BANNER_CONNECTING pgs=0 cs=0 l=1 rev1=0 rx=0 tx=0)._handle_peer_banner_payload supported=1 required=0
2024-01-21T19:58:58.417 INFO:teuthology.orchestra.run.smithi053.stderr:/usr/bin/ceph:
2024-01-21T19:58:58.425+0000 7fd2c4a7e700 1 --2- 172.21.15.53:0/3115406709 >> [v2:172.21.15.53:6800/3045083722,v1:172.21.15.53:6801/3045083722] conn(0x7fd2a8033c20 0x7fd2a8036010 secure :-1 s=READY pgs=1 cs=0 l=1 rev1=1 rx=0x7fd2b00036d0 tx=0x7fd2b0006cb0).ready entity=mgr.14144 client_cookie=0 server_cookie=0 in_seq=0 out_seq=0
2024-01-21T19:58:58.421 INFO:teuthology.orchestra.run.smithi053.stderr:/usr/bin/ceph:
2024-01-21T19:58:58.429+0000 7fd2adffb700 1 -- 172.21.15.53:0/3115406709 <== mgr.14144 v2:172.21.15.53:6800/3045083722 1 ==== mgr_command_reply(tid 0: 0 ) v1 ==== 8+0+31 (secure 0 0 0) 0x7fd2c010dff0 con 0x7fd2a8033c20
2024-01-21T19:58:58.421 INFO:teuthology.orchestra.run.smithi053.stderr:/usr/bin/ceph: Scheduled prometheus update...
2024-01-21T19:58:58.424 INFO:teuthology.orchestra.run.smithi053.stderr:/usr/bin/ceph:
2024-01-21T19:58:58.431+0000 7fd2c74e3700 1 -- 172.21.15.53:0/3115406709 >> [v2:172.21.15.53:6800/3045083722,v1:172.21.15.53:6801/3045083722] conn(0x7fd2a8033c20 msgr2=0x7fd2a8036010 secure :-1 s=STATE_CONNECTION_ESTABLISHED l=1).mark_down
2024-01-21T19:58:58.424 INFO:teuthology.orchestra.run.smithi053.stderr:/usr/bin/ceph:
2024-01-21T19:58:58.431+0000 7fd2c74e3700 1 --2- 172.21.15.53:0/3115406709 >> [v2:172.21.15.53:6800/3045083722,v1:172.21.15.53:6801/3045083722] conn(0x7fd2a8033c20 0x7fd2a8036010 secure :-1 s=READY pgs=1 cs=0 l=1 rev1=1 rx=0x7fd2b00036d0 tx=0x7fd2b0006cb0).stop
2024-01-21T19:58:58.424 INFO:teuthology.orchestra.run.smithi053.stderr:/usr/bin/ceph:
2024-01-21T19:58:58.431+0000 7fd2c74e3700 1 -- 172.21.15.53:0/3115406709 >> [v2:172.21.15.53:3300/0,v1:172.21.15.53:6789/0] conn(0x7fd2c00703d0 msgr2=0x7fd2c010cbb0 secure :-1 s=STATE_CONNECTION_ESTABLISHED l=1).mark_down
2024-01-21T19:58:58.424 INFO:teuthology.orchestra.run.smithi053.stderr:/usr/bin/ceph:
2024-01-21T19:58:58.431+0000 7fd2c74e3700 1 --2- 172.21.15.53:0/3115406709 >> [v2:172.21.15.53:3300/0,v1:172.21.15.53:6789/0] conn(0x7fd2c00703d0 0x7fd2c010cbb0 secure :-1 s=READY pgs=52 cs=0 l=1 rev1=1 rx=0x7fd2bc00b190 tx=0x7fd2bc006ee0).stop
2024-01-21T19:58:58.425 INFO:teuthology.orchestra.run.smithi053.stderr:/usr/bin/ceph:
2024-01-21T19:58:58.431+0000 7fd2c74e3700 1 -- 172.21.15.53:0/3115406709 shutdown_connections
2024-01-21T19:58:58.425 INFO:teuthology.orchestra.run.smithi053.stderr:/usr/bin/ceph:
2024-01-21T19:58:58.431+0000 7fd2c74e3700 1 --2- 172.21.15.53:0/3115406709 >> [v2:172.21.15.53:6800/3045083722,v1:172.21.15.53:6801/3045083722] conn(0x7fd2a8033c20 0x7fd2a8036010 unknown :-1 s=CLOSED pgs=1 cs=0 l=1 rev1=1 rx=0 tx=0).stop
2024-01-21T19:58:58.425 INFO:teuthology.orchestra.run.smithi053.stderr:/usr/bin/ceph:
2024-01-21T19:58:58.431+0000 7fd2c74e3700 1 --2- 172.21.15.53:0/3115406709 >> [v2:172.21.15.53:3300/0,v1:172.21.15.53:6789/0] conn(0x7fd2c00703d0 0x7fd2c010cbb0 unknown :-1 s=CLOSED pgs=52 cs=0 l=1 rev1=1 rx=0 tx=0).stop
2024-01-21T19:58:58.425 INFO:teuthology.orchestra.run.smithi053.stderr:/usr/bin/ceph:
2024-01-21T19:58:58.431+0000 7fd2c74e3700 1 --2- 172.21.15.53:0/3115406709 >> [v2:172.21.15.53:6800/55197364,v1:172.21.15.53:6801/55197364] conn(0x7fd2a802fdb0 0x7fd2a8032270 unknown :-1 s=CLOSED pgs=0 cs=0 l=1 rev1=0 rx=0 tx=0).stop
2024-01-21T19:58:58.425 INFO:teuthology.orchestra.run.smithi053.stderr:/usr/bin/ceph:
2024-01-21T19:58:58.431+0000 7fd2c74e3700 1 -- 172.21.15.53:0/3115406709 >> 172.21.15.53:0/3115406709 conn(0x7fd2c00f63c0 msgr2=0x7fd2c00f7ea0 unknown :-1 s=STATE_NONE l=0).mark_down
2024-01-21T19:58:58.425 INFO:teuthology.orchestra.run.smithi053.stderr:/usr/bin/ceph:
2024-01-21T19:58:58.431+0000 7fd2c74e3700 1 -- 172.21.15.53:0/3115406709 shutdown_connections
2024-01-21T19:58:58.425 INFO:teuthology.orchestra.run.smithi053.stderr:/usr/bin/ceph:
2024-01-21T19:58:58.431+0000 7fd2c74e3700 1 -- 172.21.15.53:0/3115406709 wait complete.
2024-01-21T19:58:58.740 INFO:teuthology.orchestra.run.smithi053.stderr:Deploying grafana service with default placement...
2024-01-21T19:58:58.740 INFO:teuthology.orchestra.run.smithi053.stderr:Running command: /bin/podman run --rm --ipc=host --no-hosts --net=host --entrypoint /usr/bin/ceph --init -e CONTAINER_IMAGE=docker.io/ceph/ceph:v16.2.4 -e NODE_NAME=smithi053 -e CEPH_USE_RANDOM_NONCE=1 -v /var/log/ceph/57f6722c-b897-11ee-95b0-87774f69a715:/var/log/ceph:z -v /tmp/ceph-tmpw7bt2for:/etc/ceph/ceph.client.admin.keyring:z -v /tmp/ceph-tmp987f45g0:/etc/ceph/ceph.conf:z docker.io/ceph/ceph:v16.2.4 orch apply grafana
2024-01-21T19:58:59.104 INFO:teuthology.orchestra.run.smithi053.stderr:/usr/bin/ceph:
2024-01-21T19:58:59.106+0000 7fb9cb150700 1 Processor -- start
2024-01-21T19:58:59.104 INFO:teuthology.orchestra.run.smithi053.stderr:/usr/bin/ceph:
2024-01-21T19:58:59.106+0000 7fb9cb150700 1 -- start start
2024-01-21T19:58:59.105 INFO:teuthology.orchestra.run.smithi053.stderr:/usr/bin/ceph:
2024-01-21T19:58:59.107+0000 7fb9cb150700 1 --2- >> [v2:172.21.15.53:3300/0,v1:172.21.15.53:6789/0] conn(0x7fb9c40703b0 0x7fb9c4100d60 unknown :-1 s=NONE pgs=0 cs=0 l=0 rev1=0 rx=0 tx=0).connect
2024-01-21T19:58:59.105 INFO:teuthology.orchestra.run.smithi053.stderr:/usr/bin/ceph:
2024-01-21T19:58:59.107+0000 7fb9cb150700 1 -- --> [v2:172.21.15.53:3300/0,v1:172.21.15.53:6789/0] -- mon_getmap magic: 0 v1 -- 0x7fb9c40fc750 con 0x7fb9c40703b0
2024-01-21T19:58:59.105 INFO:teuthology.orchestra.run.smithi053.stderr:/usr/bin/ceph:
2024-01-21T19:58:59.107+0000 7fb9c8eec700 1 --2- >> [v2:172.21.15.53:3300/0,v1:172.21.15.53:6789/0] conn(0x7fb9c40703b0 0x7fb9c4100d60 unknown :-1 s=BANNER_CONNECTING pgs=0 cs=0 l=0 rev1=0 rx=0 tx=0)._handle_peer_banner_payload supported=1 required=0
2024-01-21T19:58:59.105 INFO:teuthology.orchestra.run.smithi053.stderr:/usr/bin/ceph:
2024-01-21T19:58:59.107+0000 7fb9c8eec700 1 --2- >> [v2:172.21.15.53:3300/0,v1:172.21.15.53:6789/0] conn(0x7fb9c40703b0 0x7fb9c4100d60 unknown :-1 s=HELLO_CONNECTING pgs=0 cs=0 l=0 rev1=1 rx=0 tx=0).handle_hello peer v2:172.21.15.53:3300/0 says I am v2:172.21.15.53:37362/0 (socket says 172.21.15.53:37362)
2024-01-21T19:58:59.105 INFO:teuthology.orchestra.run.smithi053.stderr:/usr/bin/ceph:
2024-01-21T19:58:59.107+0000 7fb9c8eec700 1 -- 172.21.15.53:0/2192009007 learned_addr learned my addr 172.21.15.53:0/2192009007 (peer_addr_for_me v2:172.21.15.53:0/0)
2024-01-21T19:58:59.105 INFO:teuthology.orchestra.run.smithi053.stderr:/usr/bin/ceph:
2024-01-21T19:58:59.107+0000 7fb9c8eec700 1 -- 172.21.15.53:0/2192009007 --> [v2:172.21.15.53:3300/0,v1:172.21.15.53:6789/0] -- mon_subscribe({config=0+,monmap=0+}) v3 -- 0x7fb9c4101250 con 0x7fb9c40703b0
2024-01-21T19:58:59.105 INFO:teuthology.orchestra.run.smithi053.stderr:/usr/bin/ceph:
2024-01-21T19:58:59.107+0000 7fb9c8eec700 1 --2- 172.21.15.53:0/2192009007 >> [v2:172.21.15.53:3300/0,v1:172.21.15.53:6789/0] conn(0x7fb9c40703b0 0x7fb9c4100d60 secure :-1 s=READY pgs=58 cs=0 l=1 rev1=1 rx=0x7fb9b800b5f0 tx=0x7fb9b8006ee0).ready entity=mon.0 client_cookie=c9c15028bde944a5 server_cookie=0 in_seq=0 out_seq=0
2024-01-21T19:58:59.105 INFO:teuthology.orchestra.run.smithi053.stderr:/usr/bin/ceph:
2024-01-21T19:58:59.107+0000 7fb9c37fe700 1 -- 172.21.15.53:0/2192009007 <== mon.0 v2:172.21.15.53:3300/0 1 ==== mon_map magic: 0 v1 ==== 229+0+0 (secure 0 0 0) 0x7fb9b800d600 con 0x7fb9c40703b0
