2024-01-21T19:59:19.393+0000 7fc042ffd700 1 --2- 172.21.15.119:0/3538062930 >> [v2:172.21.15.119:6800/1309038004,v1:172.21.15.119:6801/1309038004] conn(0x7fc03802fc70 0x7fc038032130 unknown :-1 s=NONE pgs=0 cs=0 l=1 rev1=0 rx=0 tx=0).connect
2024-01-21T19:59:19.388 INFO:teuthology.orchestra.run.smithi119.stderr:/usr/bin/ceph:
2024-01-21T19:59:19.393+0000 7fc042ffd700 1 -- 172.21.15.119:0/3538062930 <== mon.0 v2:172.21.15.119:3300/0 5 ==== osd_map(1..1 src has 1..1) v4 ==== 754+0+0 (secure 0 0 0) 0x7fc044041160 con 0x7fc0540724d0
2024-01-21T19:59:19.388 INFO:teuthology.orchestra.run.smithi119.stderr:/usr/bin/ceph:
2024-01-21T19:59:19.394+0000 7fc051d9b700 1 --2- 172.21.15.119:0/3538062930 >> [v2:172.21.15.119:6800/1309038004,v1:172.21.15.119:6801/1309038004] conn(0x7fc03802fc70 0x7fc038032130 unknown :-1 s=BANNER_CONNECTING pgs=0 cs=0 l=1 rev1=0 rx=0 tx=0)._handle_peer_banner_payload supported=1 required=0
2024-01-21T19:59:19.388 INFO:teuthology.orchestra.run.smithi119.stderr:/usr/bin/ceph:
2024-01-21T19:59:19.394+0000 7fc051d9b700 1 --2- 172.21.15.119:0/3538062930 >> [v2:172.21.15.119:6800/1309038004,v1:172.21.15.119:6801/1309038004] conn(0x7fc03802fc70 0x7fc038032130 secure :-1 s=READY pgs=6 cs=0 l=1 rev1=1 rx=0x7fc0480096a0 tx=0x7fc048006b40).ready entity=mgr.14100 client_cookie=0 server_cookie=0 in_seq=0 out_seq=0
2024-01-21T19:59:19.389 INFO:teuthology.orchestra.run.smithi119.stderr:/usr/bin/ceph:
2024-01-21T19:59:19.398+0000 7fc042ffd700 1 -- 172.21.15.119:0/3538062930 <== mon.0 v2:172.21.15.119:3300/0 6 ==== mon_command_ack([{"prefix": "get_command_descriptions"}]=0 v0) v1 ==== 72+0+152212 (secure 0 0 0) 0x7fc044019cd0 con 0x7fc0540724d0
2024-01-21T19:59:19.572 INFO:teuthology.orchestra.run.smithi119.stderr:/usr/bin/ceph:
2024-01-21T19:59:19.580+0000 7fc058bbe700 1 -- 172.21.15.119:0/3538062930 --> [v2:172.21.15.119:3300/0,v1:172.21.15.119:6789/0] -- mon_command({"prefix": "mgr module enable", "module": "cephadm"} v 0) v1 -- 0x7fc054101e00 con 0x7fc0540724d0
2024-01-21T19:59:19.588 INFO:journalctl@ceph.mon.smithi119.smithi119.stdout:Jan 21 19:59:19 smithi119 ceph-79b26e34-b897-11ee-95b0-87774f69a715-mon.smithi119[38815]: cluster
2024-01-21T19:59:18.360857+0000 mon.smithi119 (mon.0) 22 : cluster [DBG] mgrmap e3: smithi119.rqacbm(active, since 1.00561s)
2024-01-21T19:59:19.588 INFO:journalctl@ceph.mon.smithi119.smithi119.stdout:Jan 21 19:59:19 smithi119 ceph-79b26e34-b897-11ee-95b0-87774f69a715-mon.smithi119[38815]: audit
2024-01-21T19:59:18.698198+0000 mon.smithi119 (mon.0) 23 : audit [DBG] from='client.? 172.21.15.119:0/1445796172' entity='client.admin' cmd=[{"prefix": "status", "format": "json-pretty"}]: dispatch
2024-01-21T19:59:20.350 INFO:teuthology.orchestra.run.smithi119.stderr:/usr/bin/ceph:
2024-01-21T19:59:20.358+0000 7fc042ffd700 1 -- 172.21.15.119:0/3538062930 <== mon.0 v2:172.21.15.119:3300/0 7 ==== mgrmap(e 4) v1 ==== 36120+0+0 (secure 0 0 0) 0x7fc04401bc10 con 0x7fc0540724d0
2024-01-21T19:59:20.352 INFO:teuthology.orchestra.run.smithi119.stderr:/usr/bin/ceph:
2024-01-21T19:59:20.360+0000 7fc042ffd700 1 -- 172.21.15.119:0/3538062930 <== mon.0 v2:172.21.15.119:3300/0 8 ==== mon_command_ack([{"prefix": "mgr module enable", "module": "cephadm"}]=0 v4) v1 ==== 86+0+0 (secure 0 0 0) 0x7fc044006a70 con 0x7fc0540724d0
2024-01-21T19:59:20.355 INFO:teuthology.orchestra.run.smithi119.stderr:/usr/bin/ceph:
2024-01-21T19:59:20.363+0000 7fc058bbe700 1 -- 172.21.15.119:0/3538062930 >> [v2:172.21.15.119:6800/1309038004,v1:172.21.15.119:6801/1309038004] conn(0x7fc03802fc70 msgr2=0x7fc038032130 secure :-1 s=STATE_CONNECTION_ESTABLISHED l=1).mark_down
2024-01-21T19:59:20.355 INFO:teuthology.orchestra.run.smithi119.stderr:/usr/bin/ceph:
2024-01-21T19:59:20.363+0000 7fc058bbe700 1 --2- 172.21.15.119:0/3538062930 >> [v2:172.21.15.119:6800/1309038004,v1:172.21.15.119:6801/1309038004] conn(0x7fc03802fc70 0x7fc038032130 secure :-1 s=READY pgs=6 cs=0 l=1 rev1=1 rx=0x7fc0480096a0 tx=0x7fc048006b40).stop
2024-01-21T19:59:20.355 INFO:teuthology.orchestra.run.smithi119.stderr:/usr/bin/ceph:
2024-01-21T19:59:20.363+0000 7fc058bbe700 1 -- 172.21.15.119:0/3538062930 >> [v2:172.21.15.119:3300/0,v1:172.21.15.119:6789/0] conn(0x7fc0540724d0 msgr2=0x7fc05410cce0 secure :-1 s=STATE_CONNECTION_ESTABLISHED l=1).mark_down
2024-01-21T19:59:20.356 INFO:teuthology.orchestra.run.smithi119.stderr:/usr/bin/ceph:
2024-01-21T19:59:20.363+0000 7fc058bbe700 1 --2- 172.21.15.119:0/3538062930 >> [v2:172.21.15.119:3300/0,v1:172.21.15.119:6789/0] conn(0x7fc0540724d0 0x7fc05410cce0 secure :-1 s=READY pgs=17 cs=0 l=1 rev1=1 rx=0x7fc044011820 tx=0x7fc044006ee0).stop
2024-01-21T19:59:20.356 INFO:teuthology.orchestra.run.smithi119.stderr:/usr/bin/ceph:
2024-01-21T19:59:20.363+0000 7fc058bbe700 1 -- 172.21.15.119:0/3538062930 shutdown_connections
2024-01-21T19:59:20.356 INFO:teuthology.orchestra.run.smithi119.stderr:/usr/bin/ceph:
2024-01-21T19:59:20.363+0000 7fc058bbe700 1 --2- 172.21.15.119:0/3538062930 >> [v2:172.21.15.119:6800/1309038004,v1:172.21.15.119:6801/1309038004] conn(0x7fc03802fc70 0x7fc038032130 unknown :-1 s=CLOSED pgs=6 cs=0 l=1 rev1=1 rx=0 tx=0).stop
2024-01-21T19:59:20.356 INFO:teuthology.orchestra.run.smithi119.stderr:/usr/bin/ceph:
2024-01-21T19:59:20.363+0000 7fc058bbe700 1 --2- 172.21.15.119:0/3538062930 >> [v2:172.21.15.119:3300/0,v1:172.21.15.119:6789/0] conn(0x7fc0540724d0 0x7fc05410cce0 unknown :-1 s=CLOSED pgs=17 cs=0 l=1 rev1=1 rx=0 tx=0).stop
2024-01-21T19:59:20.356 INFO:teuthology.orchestra.run.smithi119.stderr:/usr/bin/ceph:
2024-01-21T19:59:20.363+0000 7fc058bbe700 1 -- 172.21.15.119:0/3538062930 >> 172.21.15.119:0/3538062930 conn(0x7fc0540f74c0 msgr2=0x7fc0540f8f80 unknown :-1 s=STATE_NONE l=0).mark_down
2024-01-21T19:59:20.356 INFO:teuthology.orchestra.run.smithi119.stderr:/usr/bin/ceph:
2024-01-21T19:59:20.364+0000 7fc058bbe700 1 -- 172.21.15.119:0/3538062930 shutdown_connections
2024-01-21T19:59:20.357 INFO:teuthology.orchestra.run.smithi119.stderr:/usr/bin/ceph:
2024-01-21T19:59:20.364+0000 7fc058bbe700 1 -- 172.21.15.119:0/3538062930 wait complete.
2024-01-21T19:59:20.656 INFO:journalctl@ceph.mon.smithi119.smithi119.stdout:Jan 21 19:59:20 smithi119 ceph-79b26e34-b897-11ee-95b0-87774f69a715-mon.smithi119[38815]: audit
2024-01-21T19:59:19.582506+0000 mon.smithi119 (mon.0) 24 : audit [INF] from='client.? 172.21.15.119:0/3538062930' entity='client.admin' cmd=[{"prefix": "mgr module enable", "module": "cephadm"}]: dispatch
2024-01-21T19:59:20.729 INFO:teuthology.orchestra.run.smithi119.stderr:Running command: /bin/podman run --rm --ipc=host --no-hosts --net=host --entrypoint /usr/bin/ceph --init -e CONTAINER_IMAGE=docker.io/ceph/ceph:v16.2.4 -e NODE_NAME=smithi119 -e CEPH_USE_RANDOM_NONCE=1 -v /var/log/ceph/79b26e34-b897-11ee-95b0-87774f69a715:/var/log/ceph:z -v /tmp/ceph-tmp4p8br1fe:/etc/ceph/ceph.client.admin.keyring:z -v /tmp/ceph-tmpw2_cu6oe:/etc/ceph/ceph.conf:z docker.io/ceph/ceph:v16.2.4 mgr stat
2024-01-21T19:59:21.066 INFO:teuthology.orchestra.run.smithi119.stderr:/usr/bin/ceph:
2024-01-21T19:59:21.072+0000 7f208ce47700 1 Processor -- start
2024-01-21T19:59:21.066 INFO:teuthology.orchestra.run.smithi119.stderr:/usr/bin/ceph:
2024-01-21T19:59:21.072+0000 7f208ce47700 1 -- start start
2024-01-21T19:59:21.066 INFO:teuthology.orchestra.run.smithi119.stderr:/usr/bin/ceph:
2024-01-21T19:59:21.072+0000 7f208ce47700 1 --2- >> [v2:172.21.15.119:3300/0,v1:172.21.15.119:6789/0] conn(0x7f20880703d0 0x7f20880fe940 unknown :-1 s=NONE pgs=0 cs=0 l=0 rev1=0 rx=0 tx=0).connect
2024-01-21T19:59:21.066 INFO:teuthology.orchestra.run.smithi119.stderr:/usr/bin/ceph:
2024-01-21T19:59:21.072+0000 7f208ce47700 1 -- --> [v2:172.21.15.119:3300/0,v1:172.21.15.119:6789/0] -- mon_getmap magic: 0 v1 -- 0x7f20880fee30 con 0x7f20880703d0
2024-01-21T19:59:21.066 INFO:teuthology.orchestra.run.smithi119.stderr:/usr/bin/ceph:
2024-01-21T19:59:21.073+0000 7f208659c700 1 --2- >> [v2:172.21.15.119:3300/0,v1:172.21.15.119:6789/0] conn(0x7f20880703d0 0x7f20880fe940 unknown :-1 s=BANNER_CONNECTING pgs=0 cs=0 l=0 rev1=0 rx=0 tx=0)._handle_peer_banner_payload supported=1 required=0
2024-01-21T19:59:21.066 INFO:teuthology.orchestra.run.smithi119.stderr:/usr/bin/ceph:
2024-01-21T19:59:21.073+0000 7f208659c700 1 --2- >> [v2:172.21.15.119:3300/0,v1:172.21.15.119:6789/0] conn(0x7f20880703d0 0x7f20880fe940 unknown :-1 s=HELLO_CONNECTING pgs=0 cs=0 l=0 rev1=1 rx=0 tx=0).handle_hello peer v2:172.21.15.119:3300/0 says I am v2:172.21.15.119:41190/0 (socket says 172.21.15.119:41190)
2024-01-21T19:59:21.066 INFO:teuthology.orchestra.run.smithi119.stderr:/usr/bin/ceph:
2024-01-21T19:59:21.073+0000 7f208659c700 1 -- 172.21.15.119:0/699349417 learned_addr learned my addr 172.21.15.119:0/699349417 (peer_addr_for_me v2:172.21.15.119:0/0)
2024-01-21T19:59:21.066 INFO:teuthology.orchestra.run.smithi119.stderr:/usr/bin/ceph:
2024-01-21T19:59:21.073+0000 7f208659c700 1 -- 172.21.15.119:0/699349417 --> [v2:172.21.15.119:3300/0,v1:172.21.15.119:6789/0] -- mon_subscribe({config=0+,monmap=0+}) v3 -- 0x7f20880fef70 con 0x7f20880703d0
2024-01-21T19:59:21.066 INFO:teuthology.orchestra.run.smithi119.stderr:/usr/bin/ceph:
2024-01-21T19:59:21.073+0000 7f208659c700 1 --2- 172.21.15.119:0/699349417 >> [v2:172.21.15.119:3300/0,v1:172.21.15.119:6789/0] conn(0x7f20880703d0 0x7f20880fe940 secure :-1 s=READY pgs=20 cs=0 l=1 rev1=1 rx=0x7f207800b5f0 tx=0x7f2078006ee0).ready entity=mon.0 client_cookie=7c46dcdcaf82b69b server_cookie=0 in_seq=0 out_seq=0
2024-01-21T19:59:21.066 INFO:teuthology.orchestra.run.smithi119.stderr:/usr/bin/ceph:
2024-01-21T19:59:21.073+0000 7f208559a700 1 -- 172.21.15.119:0/699349417 <== mon.0 v2:172.21.15.119:3300/0 1 ==== mon_map magic: 0 v1 ==== 229+0+0 (secure 0 0 0) 0x7f207800d600 con 0x7f20880703d0
2024-01-21T19:59:21.066 INFO:teuthology.orchestra.run.smithi119.stderr:/usr/bin/ceph:
2024-01-21T19:59:21.073+0000 7f208559a700 1 -- 172.21.15.119:0/699349417 <== mon.0 v2:172.21.15.119:3300/0 2 ==== config(25 keys) v1 ==== 1010+0+0 (secure 0 0 0) 0x7f207800dbd0 con 0x7f20880703d0
2024-01-21T19:59:21.066 INFO:teuthology.orchestra.run.smithi119.stderr:/usr/bin/ceph:
2024-01-21T19:59:21.073+0000 7f208559a700 1 -- 172.21.15.119:0/699349417 <== mon.0 v2:172.21.15.119:3300/0 3 ==== mon_map magic: 0 v1 ==== 229+0+0 (secure 0 0 0) 0x7f2078011c00 con 0x7f20880703d0
2024-01-21T19:59:21.071 INFO:teuthology.orchestra.run.smithi119.stderr:/usr/bin/ceph:
2024-01-21T19:59:21.074+0000 7f208ce47700 1 -- 172.21.15.119:0/699349417 >> [v2:172.21.15.119:3300/0,v1:172.21.15.119:6789/0] conn(0x7f20880703d0 msgr2=0x7f20880fe940 secure :-1 s=STATE_CONNECTION_ESTABLISHED l=1).mark_down
2024-01-21T19:59:21.072 INFO:teuthology.orchestra.run.smithi119.stderr:/usr/bin/ceph:
2024-01-21T19:59:21.074+0000 7f208ce47700 1 --2- 172.21.15.119:0/699349417 >> [v2:172.21.15.119:3300/0,v1:172.21.15.119:6789/0] conn(0x7f20880703d0 0x7f20880fe940 secure :-1 s=READY pgs=20 cs=0 l=1 rev1=1 rx=0x7f207800b5f0 tx=0x7f2078006ee0).stop
2024-01-21T19:59:21.072 INFO:teuthology.orchestra.run.smithi119.stderr:/usr/bin/ceph:
2024-01-21T19:59:21.074+0000 7f208ce47700 1 -- 172.21.15.119:0/699349417 shutdown_connections
2024-01-21T19:59:21.072 INFO:teuthology.orchestra.run.smithi119.stderr:/usr/bin/ceph:
2024-01-21T19:59:21.074+0000 7f208ce47700 1 --2- 172.21.15.119:0/699349417 >> [v2:172.21.15.119:3300/0,v1:172.21.15.119:6789/0] conn(0x7f20880703d0 0x7f20880fe940 unknown :-1 s=CLOSED pgs=20 cs=0 l=1 rev1=1 rx=0 tx=0).stop
2024-01-21T19:59:21.072 INFO:teuthology.orchestra.run.smithi119.stderr:/usr/bin/ceph:
2024-01-21T19:59:21.074+0000 7f208ce47700 1 -- 172.21.15.119:0/699349417 >> 172.21.15.119:0/699349417 conn(0x7f20880f63c0 msgr2=0x7f20880f87e0 unknown :-1 s=STATE_NONE l=0).mark_down
2024-01-21T19:59:21.072 INFO:teuthology.orchestra.run.smithi119.stderr:/usr/bin/ceph:
2024-01-21T19:59:21.074+0000 7f208ce47700 1 -- 172.21.15.119:0/699349417 shutdown_connections
2024-01-21T19:59:21.072 INFO:teuthology.orchestra.run.smithi119.stderr:/usr/bin/ceph:
2024-01-21T19:59:21.074+0000 7f208ce47700 1 -- 172.21.15.119:0/699349417 wait complete.
2024-01-21T19:59:21.073 INFO:teuthology.orchestra.run.smithi119.stderr:/usr/bin/ceph:
2024-01-21T19:59:21.075+0000 7f208ce47700 1 Processor -- start
2024-01-21T19:59:21.073 INFO:teuthology.orchestra.run.smithi119.stderr:/usr/bin/ceph:
2024-01-21T19:59:21.075+0000 7f208ce47700 1 -- start start
2024-01-21T19:59:21.073 INFO:teuthology.orchestra.run.smithi119.stderr:/usr/bin/ceph:
2024-01-21T19:59:21.075+0000 7f208ce47700 1 --2- >> [v2:172.21.15.119:3300/0,v1:172.21.15.119:6789/0] conn(0x7f20880703d0 0x7f20880fc3c0 unknown :-1 s=NONE pgs=0 cs=0 l=1 rev1=0 rx=0 tx=0).connect
2024-01-21T19:59:21.073 INFO:teuthology.orchestra.run.smithi119.stderr:/usr/bin/ceph:
2024-01-21T19:59:21.075+0000 7f208ce47700 1 -- --> [v2:172.21.15.119:3300/0,v1:172.21.15.119:6789/0] -- mon_getmap magic: 0 v1 -- 0x7f20880fa840 con 0x7f20880703d0
2024-01-21T19:59:21.073 INFO:teuthology.orchestra.run.smithi119.stderr:/usr/bin/ceph:
2024-01-21T19:59:21.075+0000 7f208659c700 1 --2- >> [v2:172.21.15.119:3300/0,v1:172.21.15.119:6789/0] conn(0x7f20880703d0 0x7f20880fc3c0 unknown :-1 s=BANNER_CONNECTING pgs=0 cs=0 l=1 rev1=0 rx=0 tx=0)._handle_peer_banner_payload supported=1 required=0
2024-01-21T19:59:21.073 INFO:teuthology.orchestra.run.smithi119.stderr:/usr/bin/ceph:
2024-01-21T19:59:21.075+0000 7f208659c700 1 --2- >> [v2:172.21.15.119:3300/0,v1:172.21.15.119:6789/0] conn(0x7f20880703d0 0x7f20880fc3c0 unknown :-1 s=HELLO_CONNECTING pgs=0 cs=0 l=1 rev1=1 rx=0 tx=0).handle_hello peer v2:172.21.15.119:3300/0 says I am v2:172.21.15.119:41194/0 (socket says 172.21.15.119:41194)
2024-01-21T19:59:21.073 INFO:teuthology.orchestra.run.smithi119.stderr:/usr/bin/ceph:
2024-01-21T19:59:21.076+0000 7f208659c700 1 -- 172.21.15.119:0/103042728 learned_addr learned my addr 172.21.15.119:0/103042728 (peer_addr_for_me v2:172.21.15.119:0/0)
2024-01-21T19:59:21.073 INFO:teuthology.orchestra.run.smithi119.stderr:/usr/bin/ceph:
2024-01-21T19:59:21.076+0000 7f208659c700 1 -- 172.21.15.119:0/103042728 --> [v2:172.21.15.119:3300/0,v1:172.21.15.119:6789/0] -- mon_subscribe({config=0+,monmap=0+}) v3 -- 0x7f207800b200 con 0x7f20880703d0
2024-01-21T19:59:21.073 INFO:teuthology.orchestra.run.smithi119.stderr:/usr/bin/ceph:
2024-01-21T19:59:21.076+0000 7f208659c700 1 --2- 172.21.15.119:0/103042728 >> [v2:172.21.15.119:3300/0,v1:172.21.15.119:6789/0] conn(0x7f20880703d0 0x7f20880fc3c0 secure :-1 s=READY pgs=21 cs=0 l=1 rev1=1 rx=0x7f207800e040 tx=0x7f2078006ee0).ready entity=mon.0 client_cookie=0 server_cookie=0 in_seq=0 out_seq=0
2024-01-21T19:59:21.073 INFO:teuthology.orchestra.run.smithi119.stderr:/usr/bin/ceph:
2024-01-21T19:59:21.076+0000 7f2076ffd700 1 -- 172.21.15.119:0/103042728 <== mon.0 v2:172.21.15.119:3300/0 1 ==== mon_map magic: 0 v1 ==== 229+0+0 (secure 0 0 0) 0x7f207800d9f0 con 0x7f20880703d0
2024-01-21T19:59:21.073 INFO:teuthology.orchestra.run.smithi119.stderr:/usr/bin/ceph:
2024-01-21T19:59:21.076+0000 7f2076ffd700 1 -- 172.21.15.119:0/103042728 <== mon.0 v2:172.21.15.119:3300/0 2 ==== config(25 keys) v1 ==== 1010+0+0 (secure 0 0 0) 0x7f207801a9f0 con 0x7f20880703d0
2024-01-21T19:59:21.073 INFO:teuthology.orchestra.run.smithi119.stderr:/usr/bin/ceph:
2024-01-21T19:59:21.076+0000 7f2076ffd700 1 -- 172.21.15.119:0/103042728 <== mon.0 v2:172.21.15.119:3300/0 3 ==== mon_map magic: 0 v1 ==== 229+0+0 (secure 0 0 0) 0x7f207801b8c0 con 0x7f20880703d0
2024-01-21T19:59:21.073 INFO:teuthology.orchestra.run.smithi119.stderr:/usr/bin/ceph:
2024-01-21T19:59:21.076+0000 7f208ce47700 1 -- 172.21.15.119:0/103042728 --> [v2:172.21.15.119:3300/0,v1:172.21.15.119:6789/0] -- mon_subscribe({mgrmap=0+}) v3 -- 0x7f20880fa9e0 con 0x7f20880703d0
2024-01-21T19:59:21.074 INFO:teuthology.orchestra.run.smithi119.stderr:/usr/bin/ceph:
2024-01-21T19:59:21.076+0000 7f208ce47700 1 -- 172.21.15.119:0/103042728 --> [v2:172.21.15.119:3300/0,v1:172.21.15.119:6789/0] -- mon_subscribe({osdmap=0}) v3 -- 0x7f20880fadf0 con 0x7f20880703d0
2024-01-21T19:59:21.074 INFO:teuthology.orchestra.run.smithi119.stderr:/usr/bin/ceph:
2024-01-21T19:59:21.077+0000 7f2076ffd700 1 -- 172.21.15.119:0/103042728 <== mon.0 v2:172.21.15.119:3300/0 4 ==== mgrmap(e 4) v1 ==== 36120+0+0 (secure 0 0 0) 0x7f207800f070 con 0x7f20880703d0
2024-01-21T19:59:21.074 INFO:teuthology.orchestra.run.smithi119.stderr:/usr/bin/ceph:
2024-01-21T19:59:21.077+0000 7f2076ffd700 1 --2- 172.21.15.119:0/103042728 >> [v2:172.21.15.119:6800/1309038004,v1:172.21.15.119:6801/1309038004] conn(0x7f206c02fdb0 0x7f206c032270 unknown :-1 s=NONE pgs=0 cs=0 l=1 rev1=0 rx=0 tx=0).connect
2024-01-21T19:59:21.074 INFO:teuthology.orchestra.run.smithi119.stderr:/usr/bin/ceph:
2024-01-21T19:59:21.077+0000 7f208ce47700 1 -- 172.21.15.119:0/103042728 --> [v2:172.21.15.119:3300/0,v1:172.21.15.119:6789/0] -- mon_command({"prefix": "get_command_descriptions"} v 0) v1 -- 0x7f2088045ad0 con 0x7f20880703d0
2024-01-21T19:59:21.074 INFO:teuthology.orchestra.run.smithi119.stderr:/usr/bin/ceph:
2024-01-21T19:59:21.077+0000 7f2085d9b700 1 -- 172.21.15.119:0/103042728 >> [v2:172.21.15.119:6800/1309038004,v1:172.21.15.119:6801/1309038004] conn(0x7f206c02fdb0 msgr2=0x7f206c032270 unknown :-1 s=STATE_CONNECTING_RE l=1).process reconnect failed to v2:172.21.15.119:6800/1309038004
2024-01-21T19:59:21.074 INFO:teuthology.orchestra.run.smithi119.stderr:/usr/bin/ceph:
2024-01-21T19:59:21.077+0000 7f2076ffd700 1 -- 172.21.15.119:0/103042728 <== mon.0 v2:172.21.15.119:3300/0 5 ==== osd_map(1..1 src has 1..1) v4 ==== 754+0+0 (secure 0 0 0) 0x7f2078041220 con 0x7f20880703d0
2024-01-21T19:59:21.074 INFO:teuthology.orchestra.run.smithi119.stderr:/usr/bin/ceph:
2024-01-21T19:59:21.077+0000 7f2085d9b700 1 --2- 172.21.15.119:0/103042728 >> [v2:172.21.15.119:6800/1309038004,v1:172.21.15.119:6801/1309038004] conn(0x7f206c02fdb0 0x7f206c032270 unknown :-1 s=START_CONNECT pgs=0 cs=0 l=1 rev1=0 rx=0 tx=0)._fault waiting 0.200000
2024-01-21T19:59:21.074 INFO:teuthology.orchestra.run.smithi119.stderr:/usr/bin/ceph:
2024-01-21T19:59:21.081+0000 7f2076ffd700 1 -- 172.21.15.119:0/103042728 <== mon.0 v2:172.21.15.119:3300/0 6 ==== mon_command_ack([{"prefix": "get_command_descriptions"}]=0 v0) v1 ==== 72+0+152212 (secure 0 0 0) 0x7f2078019b40 con 0x7f20880703d0
2024-01-21T19:59:21.271 INFO:teuthology.orchestra.run.smithi119.stderr:/usr/bin/ceph:
2024-01-21T19:59:21.278+0000 7f2085d9b700 1 -- 172.21.15.119:0/103042728 >> [v2:172.21.15.119:6800/1309038004,v1:172.21.15.119:6801/1309038004] conn(0x7f206c02fdb0 msgr2=0x7f206c032270 unknown :-1 s=STATE_CONNECTING_RE l=1).process reconnect failed to v2:172.21.15.119:6800/1309038004
2024-01-21T19:59:21.271 INFO:teuthology.orchestra.run.smithi119.stderr:/usr/bin/ceph:
2024-01-21T19:59:21.278+0000 7f2085d9b700 1 --2- 172.21.15.119:0/103042728 >> [v2:172.21.15.119:6800/1309038004,v1:172.21.15.119:6801/1309038004] conn(0x7f206c02fdb0 0x7f206c032270 unknown :-1 s=START_CONNECT pgs=0 cs=0 l=1 rev1=0 rx=0 tx=0)._fault waiting 0.400000
2024-01-21T19:59:21.271 INFO:teuthology.orchestra.run.smithi119.stderr:/usr/bin/ceph:
2024-01-21T19:59:21.278+0000 7f208ce47700 1 -- 172.21.15.119:0/103042728 --> [v2:172.21.15.119:3300/0,v1:172.21.15.119:6789/0] -- mon_command({"prefix": "mgr stat"} v 0) v1 -- 0x7f2088110a50 con 0x7f20880703d0
2024-01-21T19:59:21.271 INFO:teuthology.orchestra.run.smithi119.stderr:/usr/bin/ceph:
2024-01-21T19:59:21.278+0000 7f2076ffd700 1 -- 172.21.15.119:0/103042728 <== mon.0 v2:172.21.15.119:3300/0 7 ==== mon_command_ack([{"prefix": "mgr stat"}]=0 v4) v1 ==== 56+0+103 (secure 0 0 0) 0x7f2078016070 con 0x7f20880703d0
2024-01-21T19:59:21.271 INFO:teuthology.orchestra.run.smithi119.stderr:/usr/bin/ceph: {
2024-01-21T19:59:21.271 INFO:teuthology.orchestra.run.smithi119.stderr:/usr/bin/ceph: "epoch": 4,
2024-01-21T19:59:21.271 INFO:teuthology.orchestra.run.smithi119.stderr:/usr/bin/ceph: "available": true,
2024-01-21T19:59:21.271 INFO:teuthology.orchestra.run.smithi119.stderr:/usr/bin/ceph: "active_name": "smithi119.rqacbm",
2024-01-21T19:59:21.271 INFO:teuthology.orchestra.run.smithi119.stderr:/usr/bin/ceph: "num_standby": 0
2024-01-21T19:59:21.271 INFO:teuthology.orchestra.run.smithi119.stderr:/usr/bin/ceph: }
2024-01-21T19:59:21.275 INFO:teuthology.orchestra.run.smithi119.stderr:/usr/bin/ceph:
2024-01-21T19:59:21.280+0000 7f208ce47700 1 -- 172.21.15.119:0/103042728 >> [v2:172.21.15.119:6800/1309038004,v1:172.21.15.119:6801/1309038004] conn(0x7f206c02fdb0 msgr2=0x7f206c032270 unknown :-1 s=STATE_CONNECTING l=1).mark_down
2024-01-21T19:59:21.275 INFO:teuthology.orchestra.run.smithi119.stderr:/usr/bin/ceph:
2024-01-21T19:59:21.280+0000 7f208ce47700 1 --2- 172.21.15.119:0/103042728 >> [v2:172.21.15.119:6800/1309038004,v1:172.21.15.119:6801/1309038004] conn(0x7f206c02fdb0 0x7f206c032270 unknown :-1 s=START_CONNECT pgs=0 cs=0 l=1 rev1=0 rx=0 tx=0).stop
2024-01-21T19:59:21.275 INFO:teuthology.orchestra.run.smithi119.stderr:/usr/bin/ceph:
2024-01-21T19:59:21.280+0000 7f208ce47700 1 -- 172.21.15.119:0/103042728 >> [v2:172.21.15.119:3300/0,v1:172.21.15.119:6789/0] conn(0x7f20880703d0 msgr2=0x7f20880fc3c0 secure :-1 s=STATE_CONNECTION_ESTABLISHED l=1).mark_down
2024-01-21T19:59:21.275 INFO:teuthology.orchestra.run.smithi119.stderr:/usr/bin/ceph:
2024-01-21T19:59:21.280+0000 7f208ce47700 1 --2- 172.21.15.119:0/103042728 >> [v2:172.21.15.119:3300/0,v1:172.21.15.119:6789/0] conn(0x7f20880703d0 0x7f20880fc3c0 secure :-1 s=READY pgs=21 cs=0 l=1 rev1=1 rx=0x7f207800e040 tx=0x7f2078006ee0).stop
2024-01-21T19:59:21.276 INFO:teuthology.orchestra.run.smithi119.stderr:/usr/bin/ceph:
2024-01-21T19:59:21.280+0000 7f208ce47700 1 -- 172.21.15.119:0/103042728 shutdown_connections
2024-01-21T19:59:21.276 INFO:teuthology.orchestra.run.smithi119.stderr:/usr/bin/ceph:
2024-01-21T19:59:21.280+0000 7f208ce47700 1 --2- 172.21.15.119:0/103042728 >> [v2:172.21.15.119:6800/1309038004,v1:172.21.15.119:6801/1309038004] conn(0x7f206c02fdb0 0x7f206c032270 unknown :-1 s=CLOSED pgs=0 cs=0 l=1 rev1=0 rx=0 tx=0).stop
2024-01-21T19:59:21.276 INFO:teuthology.orchestra.run.smithi119.stderr:/usr/bin/ceph:
2024-01-21T19:59:21.280+0000 7f208ce47700 1 --2- 172.21.15.119:0/103042728 >> [v2:172.21.15.119:3300/0,v1:172.21.15.119:6789/0] conn(0x7f20880703d0 0x7f20880fc3c0 unknown :-1 s=CLOSED pgs=21 cs=0 l=1 rev1=1 rx=0 tx=0).stop
2024-01-21T19:59:21.276 INFO:teuthology.orchestra.run.smithi119.stderr:/usr/bin/ceph:
2024-01-21T19:59:21.280+0000 7f208ce47700 1 -- 172.21.15.119:0/103042728 >> 172.21.15.119:0/103042728 conn(0x7f20880f63c0 msgr2=0x7f20880f7f00 unknown :-1 s=STATE_NONE l=0).mark_down
2024-01-21T19:59:21.276 INFO:teuthology.orchestra.run.smithi119.stderr:/usr/bin/ceph:
2024-01-21T19:59:21.280+0000 7f208ce47700 1 -- 172.21.15.119:0/103042728 shutdown_connections
2024-01-21T19:59:21.276 INFO:teuthology.orchestra.run.smithi119.stderr:/usr/bin/ceph:
2024-01-21T19:59:21.280+0000 7f208ce47700 1 -- 172.21.15.119:0/103042728 wait complete.
2024-01-21T19:59:21.581 INFO:journalctl@ceph.mon.smithi119.smithi119.stdout:Jan 21 19:59:21 smithi119 ceph-79b26e34-b897-11ee-95b0-87774f69a715-mon.smithi119[38815]: audit
2024-01-21T19:59:20.361545+0000 mon.smithi119 (mon.0) 25 : audit [INF] from='client.? 172.21.15.119:0/3538062930' entity='client.admin' cmd='[{"prefix": "mgr module enable", "module": "cephadm"}]': finished
2024-01-21T19:59:21.581 INFO:journalctl@ceph.mon.smithi119.smithi119.stdout:Jan 21 19:59:21 smithi119 ceph-79b26e34-b897-11ee-95b0-87774f69a715-mon.smithi119[38815]: cluster
2024-01-21T19:59:20.361618+0000 mon.smithi119 (mon.0) 26 : cluster [DBG] mgrmap e4: smithi119.rqacbm(active, since 3s)
2024-01-21T19:59:21.581 INFO:journalctl@ceph.mon.smithi119.smithi119.stdout:Jan 21 19:59:21 smithi119 ceph-79b26e34-b897-11ee-95b0-87774f69a715-mon.smithi119[38815]: audit
2024-01-21T19:59:21.280008+0000 mon.smithi119 (mon.0) 27 : audit [DBG] from='client.? 172.21.15.119:0/103042728' entity='client.admin' cmd=[{"prefix": "mgr stat"}]: dispatch
2024-01-21T19:59:21.614 INFO:teuthology.orchestra.run.smithi119.stderr:Waiting for the mgr to restart...
2024-01-21T19:59:21.615 INFO:teuthology.orchestra.run.smithi119.stderr:Waiting for mgr epoch 4...
2024-01-21T19:59:21.615 INFO:teuthology.orchestra.run.smithi119.stderr:Running command: /bin/podman run --rm --ipc=host --no-hosts --net=host --entrypoint /usr/bin/ceph --init -e CONTAINER_IMAGE=docker.io/ceph/ceph:v16.2.4 -e NODE_NAME=smithi119 -e CEPH_USE_RANDOM_NONCE=1 -v /var/log/ceph/79b26e34-b897-11ee-95b0-87774f69a715:/var/log/ceph:z -v /tmp/ceph-tmp4p8br1fe:/etc/ceph/ceph.client.admin.keyring:z -v /tmp/ceph-tmpw2_cu6oe:/etc/ceph/ceph.conf:z docker.io/ceph/ceph:v16.2.4 tell mgr mgr_status
2024-01-21T19:59:22.014 INFO:teuthology.orchestra.run.smithi119.stderr:/usr/bin/ceph:
2024-01-21T19:59:22.014+0000 7fcd8c7ad700 1 Processor -- start
2024-01-21T19:59:22.014 INFO:teuthology.orchestra.run.smithi119.stderr:/usr/bin/ceph:
2024-01-21T19:59:22.014+0000 7fcd8c7ad700 1 -- start start
2024-01-21T19:59:22.014 INFO:teuthology.orchestra.run.smithi119.stderr:/usr/bin/ceph:
2024-01-21T19:59:22.015+0000 7fcd8c7ad700 1 --2- >> [v2:172.21.15.119:3300/0,v1:172.21.15.119:6789/0] conn(0x7fcd840fab80 0x7fcd840fafa0 unknown :-1 s=NONE pgs=0 cs=0 l=0 rev1=0 rx=0 tx=0).connect
2024-01-21T19:59:22.014 INFO:teuthology.orchestra.run.smithi119.stderr:/usr/bin/ceph:
2024-01-21T19:59:22.015+0000 7fcd8c7ad700 1 -- --> [v2:172.21.15.119:3300/0,v1:172.21.15.119:6789/0] -- mon_getmap magic: 0 v1 -- 0x7fcd840fb490 con 0x7fcd840fab80
2024-01-21T19:59:22.015 INFO:teuthology.orchestra.run.smithi119.stderr:/usr/bin/ceph:
2024-01-21T19:59:22.015+0000 7fcd8a549700 1 --2- >> [v2:172.21.15.119:3300/0,v1:172.21.15.119:6789/0] conn(0x7fcd840fab80 0x7fcd840fafa0 unknown :-1 s=BANNER_CONNECTING pgs=0 cs=0 l=0 rev1=0 rx=0 tx=0)._handle_peer_banner_payload supported=1 required=0
2024-01-21T19:59:22.015 INFO:teuthology.orchestra.run.smithi119.stderr:/usr/bin/ceph:
2024-01-21T19:59:22.015+0000 7fcd8a549700 1 --2- >> [v2:172.21.15.119:3300/0,v1:172.21.15.119:6789/0] conn(0x7fcd840fab80 0x7fcd840fafa0 unknown :-1 s=HELLO_CONNECTING pgs=0 cs=0 l=0 rev1=1 rx=0 tx=0).handle_hello peer v2:172.21.15.119:3300/0 says I am v2:172.21.15.119:41204/0 (socket says 172.21.15.119:41204)
2024-01-21T19:59:22.015 INFO:teuthology.orchestra.run.smithi119.stderr:/usr/bin/ceph:
2024-01-21T19:59:22.015+0000 7fcd8a549700 1 -- 172.21.15.119:0/2001794066 learned_addr learned my addr 172.21.15.119:0/2001794066 (peer_addr_for_me v2:172.21.15.119:0/0)
2024-01-21T19:59:22.015 INFO:teuthology.orchestra.run.smithi119.stderr:/usr/bin/ceph:
2024-01-21T19:59:22.015+0000 7fcd8a549700 1 -- 172.21.15.119:0/2001794066 --> [v2:172.21.15.119:3300/0,v1:172.21.15.119:6789/0] -- mon_subscribe({config=0+,monmap=0+}) v3 -- 0x7fcd840fb5d0 con 0x7fcd840fab80
2024-01-21T19:59:22.016 INFO:teuthology.orchestra.run.smithi119.stderr:/usr/bin/ceph:
2024-01-21T19:59:22.015+0000 7fcd8a549700 1 --2- 172.21.15.119:0/2001794066 >> [v2:172.21.15.119:3300/0,v1:172.21.15.119:6789/0] conn(0x7fcd840fab80 0x7fcd840fafa0 secure :-1 s=READY pgs=22 cs=0 l=1 rev1=1 rx=0x7fcd8000b5f0 tx=0x7fcd80006ee0).ready entity=mon.0 client_cookie=108f082ffa894083 server_cookie=0 in_seq=0 out_seq=0
2024-01-21T19:59:22.016 INFO:teuthology.orchestra.run.smithi119.stderr:/usr/bin/ceph:
2024-01-21T19:59:22.016+0000 7fcd89547700 1 -- 172.21.15.119:0/2001794066 <== mon.0 v2:172.21.15.119:3300/0 1 ==== mon_map magic: 0 v1 ==== 229+0+0 (secure 0 0 0) 0x7fcd8000d600 con 0x7fcd840fab80
2024-01-21T19:59:22.016 INFO:teuthology.orchestra.run.smithi119.stderr:/usr/bin/ceph:
2024-01-21T19:59:22.016+0000 7fcd89547700 1 -- 172.21.15.119:0/2001794066 <== mon.0 v2:172.21.15.119:3300/0 2 ==== config(25 keys) v1 ==== 1010+0+0 (secure 0 0 0) 0x7fcd8000dbd0 con 0x7fcd840fab80
2024-01-21T19:59:22.016 INFO:teuthology.orchestra.run.smithi119.stderr:/usr/bin/ceph:
2024-01-21T19:59:22.016+0000 7fcd89547700 1 -- 172.21.15.119:0/2001794066 <== mon.0 v2:172.21.15.119:3300/0 3 ==== mon_map magic: 0 v1 ==== 229+0+0 (secure 0 0 0) 0x7fcd80011c00 con 0x7fcd840fab80
2024-01-21T19:59:22.016 INFO:teuthology.orchestra.run.smithi119.stderr:/usr/bin/ceph:
2024-01-21T19:59:22.016+0000 7fcd8c7ad700 1 -- 172.21.15.119:0/2001794066 >> [v2:172.21.15.119:3300/0,v1:172.21.15.119:6789/0] conn(0x7fcd840fab80 msgr2=0x7fcd840fafa0 secure :-1 s=STATE_CONNECTION_ESTABLISHED l=1).mark_down
2024-01-21T19:59:22.016 INFO:teuthology.orchestra.run.smithi119.stderr:/usr/bin/ceph:
2024-01-21T19:59:22.016+0000 7fcd8c7ad700 1 --2- 172.21.15.119:0/2001794066 >> [v2:172.21.15.119:3300/0,v1:172.21.15.119:6789/0] conn(0x7fcd840fab80 0x7fcd840fafa0 secure :-1 s=READY pgs=22 cs=0 l=1 rev1=1 rx=0x7fcd8000b5f0 tx=0x7fcd80006ee0).stop
2024-01-21T19:59:22.016 INFO:teuthology.orchestra.run.smithi119.stderr:/usr/bin/ceph:
2024-01-21T19:59:22.016+0000 7fcd8c7ad700 1 -- 172.21.15.119:0/2001794066 shutdown_connections
2024-01-21T19:59:22.017 INFO:teuthology.orchestra.run.smithi119.stderr:/usr/bin/ceph:
2024-01-21T19:59:22.016+0000 7fcd8c7ad700 1 --2- 172.21.15.119:0/2001794066 >> [v2:172.21.15.119:3300/0,v1:172.21.15.119:6789/0] conn(0x7fcd840fab80 0x7fcd840fafa0 unknown :-1 s=CLOSED pgs=22 cs=0 l=1 rev1=1 rx=0 tx=0).stop
2024-01-21T19:59:22.017 INFO:teuthology.orchestra.run.smithi119.stderr:/usr/bin/ceph:
2024-01-21T19:59:22.016+0000 7fcd8c7ad700 1 -- 172.21.15.119:0/2001794066 >> 172.21.15.119:0/2001794066 conn(0x7fcd840f63c0 msgr2=0x7fcd840f87e0 unknown :-1 s=STATE_NONE l=0).mark_down
2024-01-21T19:59:22.017 INFO:teuthology.orchestra.run.smithi119.stderr:/usr/bin/ceph:
2024-01-21T19:59:22.016+0000 7fcd8c7ad700 1 -- 172.21.15.119:0/2001794066 shutdown_connections
2024-01-21T19:59:22.017 INFO:teuthology.orchestra.run.smithi119.stderr:/usr/bin/ceph:
2024-01-21T19:59:22.016+0000 7fcd8c7ad700 1 -- 172.21.15.119:0/2001794066 wait complete.
2024-01-21T19:59:22.017 INFO:teuthology.orchestra.run.smithi119.stderr:/usr/bin/ceph:
2024-01-21T19:59:22.017+0000 7fcd8c7ad700 1 Processor -- start
2024-01-21T19:59:22.017 INFO:teuthology.orchestra.run.smithi119.stderr:/usr/bin/ceph:
2024-01-21T19:59:22.017+0000 7fcd8c7ad700 1 -- start start
2024-01-21T19:59:22.017 INFO:teuthology.orchestra.run.smithi119.stderr:/usr/bin/ceph:
2024-01-21T19:59:22.017+0000 7fcd8c7ad700 1 --2- >> [v2:172.21.15.119:3300/0,v1:172.21.15.119:6789/0] conn(0x7fcd840fab80 0x7fcd8410cbe0 unknown :-1 s=NONE pgs=0 cs=0 l=1 rev1=0 rx=0 tx=0).connect
2024-01-21T19:59:22.017 INFO:teuthology.orchestra.run.smithi119.stderr:/usr/bin/ceph:
2024-01-21T19:59:22.017+0000 7fcd8c7ad700 1 -- --> [v2:172.21.15.119:3300/0,v1:172.21.15.119:6789/0] -- mon_getmap magic: 0 v1 -- 0x7fcd8410d0d0 con 0x7fcd840fab80
2024-01-21T19:59:22.017 INFO:teuthology.orchestra.run.smithi119.stderr:/usr/bin/ceph:
2024-01-21T19:59:22.017+0000 7fcd8a549700 1 --2- >> [v2:172.21.15.119:3300/0,v1:172.21.15.119:6789/0] conn(0x7fcd840fab80 0x7fcd8410cbe0 unknown :-1 s=BANNER_CONNECTING pgs=0 cs=0 l=1 rev1=0 rx=0 tx=0)._handle_peer_banner_payload supported=1 required=0
2024-01-21T19:59:22.017 INFO:teuthology.orchestra.run.smithi119.stderr:/usr/bin/ceph:
2024-01-21T19:59:22.017+0000 7fcd8a549700 1 --2- >> [v2:172.21.15.119:3300/0,v1:172.21.15.119:6789/0] conn(0x7fcd840fab80 0x7fcd8410cbe0 unknown :-1 s=HELLO_CONNECTING pgs=0 cs=0 l=1 rev1=1 rx=0 tx=0).handle_hello peer v2:172.21.15.119:3300/0 says I am v2:172.21.15.119:41216/0 (socket says 172.21.15.119:41216)
2024-01-21T19:59:22.017 INFO:teuthology.orchestra.run.smithi119.stderr:/usr/bin/ceph:
2024-01-21T19:59:22.017+0000 7fcd8a549700 1 -- 172.21.15.119:0/3547605172 learned_addr learned my addr 172.21.15.119:0/3547605172 (peer_addr_for_me v2:172.21.15.119:0/0)
2024-01-21T19:59:22.017 INFO:teuthology.orchestra.run.smithi119.stderr:/usr/bin/ceph:
2024-01-21T19:59:22.018+0000 7fcd8a549700 1 -- 172.21.15.119:0/3547605172 --> [v2:172.21.15.119:3300/0,v1:172.21.15.119:6789/0] -- mon_subscribe({config=0+,monmap=0+}) v3 -- 0x7fcd8000b200 con 0x7fcd840fab80
2024-01-21T19:59:22.017 INFO:teuthology.orchestra.run.smithi119.stderr:/usr/bin/ceph:
2024-01-21T19:59:22.018+0000 7fcd8a549700 1 --2- 172.21.15.119:0/3547605172 >> [v2:172.21.15.119:3300/0,v1:172.21.15.119:6789/0] conn(0x7fcd840fab80 0x7fcd8410cbe0 secure :-1 s=READY pgs=23 cs=0 l=1 rev1=1 rx=0x7fcd8000b1d0 tx=0x7fcd80006ee0).ready entity=mon.0 client_cookie=0 server_cookie=0 in_seq=0 out_seq=0
2024-01-21T19:59:22.017 INFO:teuthology.orchestra.run.smithi119.stderr:/usr/bin/ceph:
2024-01-21T19:59:22.018+0000 7fcd72ffd700 1 -- 172.21.15.119:0/3547605172 <== mon.0 v2:172.21.15.119:3300/0 1 ==== mon_map magic: 0 v1 ==== 229+0+0 (secure 0 0 0) 0x7fcd8001b410 con 0x7fcd840fab80
2024-01-21T19:59:22.018 INFO:teuthology.orchestra.run.smithi119.stderr:/usr/bin/ceph:
2024-01-21T19:59:22.018+0000 7fcd72ffd700 1 -- 172.21.15.119:0/3547605172 <== mon.0 v2:172.21.15.119:3300/0 2 ==== config(25 keys) v1 ==== 1010+0+0 (secure 0 0 0) 0x7fcd8001b9e0 con 0x7fcd840fab80
2024-01-21T19:59:22.018 INFO:teuthology.orchestra.run.smithi119.stderr:/usr/bin/ceph:
2024-01-21T19:59:22.018+0000 7fcd8c7ad700 1 -- 172.21.15.119:0/3547605172 --> [v2:172.21.15.119:3300/0,v1:172.21.15.119:6789/0] -- mon_subscribe({mgrmap=0+}) v3 -- 0x7fcd8410d2d0 con 0x7fcd840fab80
2024-01-21T19:59:22.018 INFO:teuthology.orchestra.run.smithi119.stderr:/usr/bin/ceph:
2024-01-21T19:59:22.018+0000 7fcd72ffd700 1 -- 172.21.15.119:0/3547605172 <== mon.0 v2:172.21.15.119:3300/0 3 ==== mon_map magic: 0 v1 ==== 229+0+0 (secure 0 0 0) 0x7fcd8001a840 con 0x7fcd840fab80
2024-01-21T19:59:22.018 INFO:teuthology.orchestra.run.smithi119.stderr:/usr/bin/ceph:
2024-01-21T19:59:22.018+0000 7fcd8c7ad700 1 -- 172.21.15.119:0/3547605172 --> [v2:172.21.15.119:3300/0,v1:172.21.15.119:6789/0] -- mon_subscribe({osdmap=0}) v3 -- 0x7fcd8410d6e0 con 0x7fcd840fab80
2024-01-21T19:59:22.018 INFO:teuthology.orchestra.run.smithi119.stderr:/usr/bin/ceph:
2024-01-21T19:59:22.019+0000 7fcd72ffd700 1 -- 172.21.15.119:0/3547605172 <== mon.0 v2:172.21.15.119:3300/0 4 ==== mgrmap(e 4) v1 ==== 36120+0+0 (secure 0 0 0) 0x7fcd8000f070 con 0x7fcd840fab80
2024-01-21T19:59:22.018 INFO:teuthology.orchestra.run.smithi119.stderr:/usr/bin/ceph:
2024-01-21T19:59:22.019+0000 7fcd72ffd700 1 --2- 172.21.15.119:0/3547605172 >> [v2:172.21.15.119:6800/1309038004,v1:172.21.15.119:6801/1309038004] conn(0x7fcd6c02fd90 0x7fcd6c032250 unknown :-1 s=NONE pgs=0 cs=0 l=1 rev1=0 rx=0 tx=0).connect
2024-01-21T19:59:22.018 INFO:teuthology.orchestra.run.smithi119.stderr:/usr/bin/ceph:
2024-01-21T19:59:22.019+0000 7fcd8c7ad700 1 -- 172.21.15.119:0/3547605172 --> [v2:172.21.15.119:6800/1309038004,v1:172.21.15.119:6801/1309038004] -- command(tid 0: {"prefix": "get_command_descriptions"}) v1 -- 0x7fcd84059100 con 0x7fcd6c02fd90
2024-01-21T19:59:22.018 INFO:teuthology.orchestra.run.smithi119.stderr:/usr/bin/ceph:
2024-01-21T19:59:22.019+0000 7fcd72ffd700 1 -- 172.21.15.119:0/3547605172 <== mon.0 v2:172.21.15.119:3300/0 5 ==== osd_map(1..1 src has 1..1) v4 ==== 754+0+0 (secure 0 0 0) 0x7fcd80041170 con 0x7fcd840fab80
2024-01-21T19:59:22.018 INFO:teuthology.orchestra.run.smithi119.stderr:/usr/bin/ceph:
2024-01-21T19:59:22.019+0000 7fcd89d48700 1 -- 172.21.15.119:0/3547605172 >> [v2:172.21.15.119:6800/1309038004,v1:172.21.15.119:6801/1309038004] conn(0x7fcd6c02fd90 msgr2=0x7fcd6c032250 unknown :-1 s=STATE_CONNECTING_RE l=1).process reconnect failed to v2:172.21.15.119:6800/1309038004
2024-01-21T19:59:22.018 INFO:teuthology.orchestra.run.smithi119.stderr:/usr/bin/ceph:
2024-01-21T19:59:22.019+0000 7fcd89d48700 1 --2- 172.21.15.119:0/3547605172 >> [v2:172.21.15.119:6800/1309038004,v1:172.21.15.119:6801/1309038004] conn(0x7fcd6c02fd90 0x7fcd6c032250 unknown :-1 s=START_CONNECT pgs=0 cs=0 l=1 rev1=0 rx=0 tx=0)._fault waiting 0.200000
2024-01-21T19:59:22.212 INFO:teuthology.orchestra.run.smithi119.stderr:/usr/bin/ceph:
2024-01-21T19:59:22.220+0000 7fcd89d48700 1 -- 172.21.15.119:0/3547605172 >> [v2:172.21.15.119:6800/1309038004,v1:172.21.15.119:6801/1309038004] conn(0x7fcd6c02fd90 msgr2=0x7fcd6c032250 unknown :-1 s=STATE_CONNECTING_RE l=1).process reconnect failed to v2:172.21.15.119:6800/1309038004
2024-01-21T19:59:22.212 INFO:teuthology.orchestra.run.smithi119.stderr:/usr/bin/ceph:
2024-01-21T19:59:22.220+0000 7fcd89d48700 1 --2- 172.21.15.119:0/3547605172 >> [v2:172.21.15.119:6800/1309038004,v1:172.21.15.119:6801/1309038004] conn(0x7fcd6c02fd90 0x7fcd6c032250 unknown :-1 s=START_CONNECT pgs=0 cs=0 l=1 rev1=0 rx=0 tx=0)._fault waiting 0.400000
2024-01-21T19:59:22.613 INFO:teuthology.orchestra.run.smithi119.stderr:/usr/bin/ceph:
2024-01-21T19:59:22.621+0000 7fcd89d48700 1 -- 172.21.15.119:0/3547605172 >> [v2:172.21.15.119:6800/1309038004,v1:172.21.15.119:6801/1309038004] conn(0x7fcd6c02fd90 msgr2=0x7fcd6c032250 unknown :-1 s=STATE_CONNECTING_RE l=1).process reconnect failed to v2:172.21.15.119:6800/1309038004
2024-01-21T19:59:22.613 INFO:teuthology.orchestra.run.smithi119.stderr:/usr/bin/ceph:
2024-01-21T19:59:22.621+0000 7fcd89d48700 1 --2- 172.21.15.119:0/3547605172 >> [v2:172.21.15.119:6800/1309038004,v1:172.21.15.119:6801/1309038004] conn(0x7fcd6c02fd90 0x7fcd6c032250 unknown :-1 s=START_CONNECT pgs=0 cs=0 l=1 rev1=0 rx=0 tx=0)._fault waiting 0.800000
2024-01-21T19:59:23.414 INFO:teuthology.orchestra.run.smithi119.stderr:/usr/bin/ceph:
2024-01-21T19:59:23.422+0000 7fcd89d48700 1 -- 172.21.15.119:0/3547605172 >> [v2:172.21.15.119:6800/1309038004,v1:172.21.15.119:6801/1309038004] conn(0x7fcd6c02fd90 msgr2=0x7fcd6c032250 unknown :-1 s=STATE_CONNECTING_RE l=1).process reconnect failed to v2:172.21.15.119:6800/1309038004
2024-01-21T19:59:23.414 INFO:teuthology.orchestra.run.smithi119.stderr:/usr/bin/ceph:
2024-01-21T19:59:23.422+0000 7fcd89d48700 1 --2- 172.21.15.119:0/3547605172 >> [v2:172.21.15.119:6800/1309038004,v1:172.21.15.119:6801/1309038004] conn(0x7fcd6c02fd90 0x7fcd6c032250 unknown :-1 s=START_CONNECT pgs=0 cs=0 l=1 rev1=0 rx=0 tx=0)._fault waiting 1.600000
2024-01-21T19:59:25.015 INFO:teuthology.orchestra.run.smithi119.stderr:/usr/bin/ceph:
2024-01-21T19:59:25.023+0000 7fcd89d48700 1 -- 172.21.15.119:0/3547605172 >> [v2:172.21.15.119:6800/1309038004,v1:172.21.15.119:6801/1309038004] conn(0x7fcd6c02fd90 msgr2=0x7fcd6c032250 unknown :-1 s=STATE_CONNECTING_RE l=1).process reconnect failed to v2:172.21.15.119:6800/1309038004
2024-01-21T19:59:25.016 INFO:teuthology.orchestra.run.smithi119.stderr:/usr/bin/ceph:
2024-01-21T19:59:25.023+0000 7fcd89d48700 1 --2- 172.21.15.119:0/3547605172 >> [v2:172.21.15.119:6800/1309038004,v1:172.21.15.119:6801/1309038004] conn(0x7fcd6c02fd90 0x7fcd6c032250 unknown :-1 s=START_CONNECT pgs=0 cs=0 l=1 rev1=0 rx=0 tx=0)._fault waiting 3.200000
2024-01-21T19:59:25.348 INFO:teuthology.orchestra.run.smithi119.stderr:/usr/bin/ceph:
2024-01-21T19:59:25.355+0000 7fcd72ffd700 1 -- 172.21.15.119:0/3547605172 <== mon.0 v2:172.21.15.119:3300/0 6 ==== mgrmap(e 5) v1 ==== 35970+0+0 (secure 0 0 0) 0x7fcd800257e0 con 0x7fcd840fab80
2024-01-21T19:59:25.348 INFO:teuthology.orchestra.run.smithi119.stderr:/usr/bin/ceph:
2024-01-21T19:59:25.355+0000 7fcd72ffd700 1 -- 172.21.15.119:0/3547605172 >> [v2:172.21.15.119:6800/1309038004,v1:172.21.15.119:6801/1309038004] conn(0x7fcd6c02fd90 msgr2=0x7fcd6c032250 unknown :-1 s=STATE_CONNECTING l=1).mark_down
2024-01-21T19:59:25.348 INFO:teuthology.orchestra.run.smithi119.stderr:/usr/bin/ceph:
2024-01-21T19:59:25.355+0000 7fcd72ffd700 1 --2- 172.21.15.119:0/3547605172 >> [v2:172.21.15.119:6800/1309038004,v1:172.21.15.119:6801/1309038004] conn(0x7fcd6c02fd90 0x7fcd6c032250 unknown :-1 s=START_CONNECT pgs=0 cs=0 l=1 rev1=0 rx=0 tx=0).stop
2024-01-21T19:59:25.838 INFO:journalctl@ceph.mon.smithi119.smithi119.stdout:Jan 21 19:59:25 smithi119 ceph-79b26e34-b897-11ee-95b0-87774f69a715-mon.smithi119[38815]: cluster
2024-01-21T19:59:25.305436+0000 mon.smithi119 (mon.0) 28 : cluster [INF] Active manager daemon smithi119.rqacbm restarted
2024-01-21T19:59:25.838 INFO:journalctl@ceph.mon.smithi119.smithi119.stdout:Jan 21 19:59:25 smithi119 ceph-79b26e34-b897-11ee-95b0-87774f69a715-mon.smithi119[38815]: cluster
2024-01-21T19:59:25.305815+0000 mon.smithi119 (mon.0) 29 : cluster [INF] Activating manager daemon smithi119.rqacbm
2024-01-21T19:59:25.838 INFO:journalctl@ceph.mon.smithi119.smithi119.stdout:Jan 21 19:59:25 smithi119 ceph-79b26e34-b897-11ee-95b0-87774f69a715-mon.smithi119[38815]: cluster
2024-01-21T19:59:25.307556+0000 mon.smithi119 (mon.0) 30 : cluster [DBG] osdmap e2: 0 total, 0 up, 0 in
2024-01-21T19:59:26.356 INFO:teuthology.orchestra.run.smithi119.stderr:/usr/bin/ceph:
2024-01-21T19:59:26.364+0000 7fcd72ffd700 1 -- 172.21.15.119:0/3547605172 <== mon.0 v2:172.21.15.119:3300/0 7 ==== mgrmap(e 6) v1 ==== 36040+0+0 (secure 0 0 0) 0x7fcd8001b740 con 0x7fcd840fab80
2024-01-21T19:59:26.356 INFO:teuthology.orchestra.run.smithi119.stderr:/usr/bin/ceph:
2024-01-21T19:59:26.364+0000 7fcd72ffd700 1 --2- 172.21.15.119:0/3547605172 >> [v2:172.21.15.119:6800/240399160,v1:172.21.15.119:6801/240399160] conn(0x7fcd6c0336b0 0x7fcd6c035aa0 unknown :-1 s=NONE pgs=0 cs=0 l=1 rev1=0 rx=0 tx=0).connect
2024-01-21T19:59:26.356 INFO:teuthology.orchestra.run.smithi119.stderr:/usr/bin/ceph:
2024-01-21T19:59:26.364+0000 7fcd72ffd700 1 -- 172.21.15.119:0/3547605172 --> [v2:172.21.15.119:6800/240399160,v1:172.21.15.119:6801/240399160] -- command(tid 0: {"prefix": "get_command_descriptions"}) v1 -- 0x7fcd84059100 con 0x7fcd6c0336b0
2024-01-21T19:59:26.356 INFO:teuthology.orchestra.run.smithi119.stderr:/usr/bin/ceph:
2024-01-21T19:59:26.365+0000 7fcd89d48700 1 --2- 172.21.15.119:0/3547605172 >> [v2:172.21.15.119:6800/240399160,v1:172.21.15.119:6801/240399160] conn(0x7fcd6c0336b0 0x7fcd6c035aa0 unknown :-1 s=BANNER_CONNECTING pgs=0 cs=0 l=1 rev1=0 rx=0 tx=0)._handle_peer_banner_payload supported=1 required=0
2024-01-21T19:59:26.357 INFO:teuthology.orchestra.run.smithi119.stderr:/usr/bin/ceph:
2024-01-21T19:59:26.365+0000 7fcd89d48700 1 --2- 172.21.15.119:0/3547605172 >> [v2:172.21.15.119:6800/240399160,v1:172.21.15.119:6801/240399160] conn(0x7fcd6c0336b0 0x7fcd6c035aa0 secure :-1 s=READY pgs=2 cs=0 l=1 rev1=1 rx=0x7fcd74006fd0 tx=0x7fcd74006d70).ready entity=mgr.14114 client_cookie=0 server_cookie=0 in_seq=0 out_seq=0
2024-01-21T19:59:26.357 INFO:teuthology.orchestra.run.smithi119.stderr:/usr/bin/ceph:
2024-01-21T19:59:26.366+0000 7fcd72ffd700 1 -- 172.21.15.119:0/3547605172 <== mgr.14114 v2:172.21.15.119:6800/240399160 1 ==== command_reply(tid 0: 0 ) v1 ==== 8+0+6438 (secure 0 0 0) 0x7fcd84059100 con 0x7fcd6c0336b0
2024-01-21T19:59:26.363 INFO:teuthology.orchestra.run.smithi119.stderr:/usr/bin/ceph:
2024-01-21T19:59:26.372+0000 7fcd8c7ad700 1 -- 172.21.15.119:0/3547605172 --> [v2:172.21.15.119:6800/240399160,v1:172.21.15.119:6801/240399160] -- command(tid 1: {"prefix": "mgr_status"}) v1 -- 0x7fcd84045ad0 con 0x7fcd6c0336b0
2024-01-21T19:59:26.363 INFO:teuthology.orchestra.run.smithi119.stderr:/usr/bin/ceph:
2024-01-21T19:59:26.373+0000 7fcd72ffd700 1 -- 172.21.15.119:0/3547605172 <== mgr.14114 v2:172.21.15.119:6800/240399160 2 ==== command_reply(tid 1: 0 ) v1 ==== 8+0+51 (secure 0 0 0) 0x7fcd84045ad0 con 0x7fcd6c0336b0
2024-01-21T19:59:26.365 INFO:teuthology.orchestra.run.smithi119.stderr:/usr/bin/ceph: {
2024-01-21T19:59:26.365 INFO:teuthology.orchestra.run.smithi119.stderr:/usr/bin/ceph: "mgrmap_epoch": 6,
2024-01-21T19:59:26.365 INFO:teuthology.orchestra.run.smithi119.stderr:/usr/bin/ceph: "initialized": true
2024-01-21T19:59:26.365 INFO:teuthology.orchestra.run.smithi119.stderr:/usr/bin/ceph: }
2024-01-21T19:59:26.365 INFO:teuthology.orchestra.run.smithi119.stderr:/usr/bin/ceph:
2024-01-21T19:59:26.373+0000 7fcd8c7ad700 1 -- 172.21.15.119:0/3547605172 >> [v2:172.21.15.119:6800/240399160,v1:172.21.15.119:6801/240399160] conn(0x7fcd6c0336b0 msgr2=0x7fcd6c035aa0 secure :-1 s=STATE_CONNECTION_ESTABLISHED l=1).mark_down
2024-01-21T19:59:26.366 INFO:teuthology.orchestra.run.smithi119.stderr:/usr/bin/ceph:
2024-01-21T19:59:26.373+0000 7fcd8c7ad700 1 --2- 172.21.15.119:0/3547605172 >> [v2:172.21.15.119:6800/240399160,v1:172.21.15.119:6801/240399160] conn(0x7fcd6c0336b0 0x7fcd6c035aa0 secure :-1 s=READY pgs=2 cs=0 l=1 rev1=1 rx=0x7fcd74006fd0 tx=0x7fcd74006d70).stop
2024-01-21T19:59:26.366 INFO:teuthology.orchestra.run.smithi119.stderr:/usr/bin/ceph:
2024-01-21T19:59:26.373+0000 7fcd8c7ad700 1 -- 172.21.15.119:0/3547605172 >> [v2:172.21.15.119:3300/0,v1:172.21.15.119:6789/0] conn(0x7fcd840fab80 msgr2=0x7fcd8410cbe0 secure :-1 s=STATE_CONNECTION_ESTABLISHED l=1).mark_down
2024-01-21T19:59:26.366 INFO:teuthology.orchestra.run.smithi119.stderr:/usr/bin/ceph:
2024-01-21T19:59:26.373+0000 7fcd8c7ad700 1 --2- 172.21.15.119:0/3547605172 >> [v2:172.21.15.119:3300/0,v1:172.21.15.119:6789/0] conn(0x7fcd840fab80 0x7fcd8410cbe0 secure :-1 s=READY pgs=23 cs=0 l=1 rev1=1 rx=0x7fcd8000b1d0 tx=0x7fcd80006ee0).stop
2024-01-21T19:59:26.366 INFO:teuthology.orchestra.run.smithi119.stderr:/usr/bin/ceph:
2024-01-21T19:59:26.373+0000 7fcd8c7ad700 1 -- 172.21.15.119:0/3547605172 shutdown_connections
2024-01-21T19:59:26.366 INFO:teuthology.orchestra.run.smithi119.stderr:/usr/bin/ceph:
2024-01-21T19:59:26.373+0000 7fcd8c7ad700 1 --2- 172.21.15.119:0/3547605172 >> [v2:172.21.15.119:6800/240399160,v1:172.21.15.119:6801/240399160] conn(0x7fcd6c0336b0 0x7fcd6c035aa0 unknown :-1 s=CLOSED pgs=2 cs=0 l=1 rev1=1 rx=0 tx=0).stop
2024-01-21T19:59:26.366 INFO:teuthology.orchestra.run.smithi119.stderr:/usr/bin/ceph:
2024-01-21T19:59:26.373+0000 7fcd8c7ad700 1 --2- 172.21.15.119:0/3547605172 >> [v2:172.21.15.119:3300/0,v1:172.21.15.119:6789/0] conn(0x7fcd840fab80 0x7fcd8410cbe0 unknown :-1 s=CLOSED pgs=23 cs=0 l=1 rev1=1 rx=0 tx=0).stop
2024-01-21T19:59:26.366 INFO:teuthology.orchestra.run.smithi119.stderr:/usr/bin/ceph:
2024-01-21T19:59:26.373+0000 7fcd8c7ad700 1 --2- 172.21.15.119:0/3547605172 >> [v2:172.21.15.119:6800/1309038004,v1:172.21.15.119:6801/1309038004] conn(0x7fcd6c02fd90 0x7fcd6c032250 unknown :-1 s=CLOSED pgs=0 cs=0 l=1 rev1=0 rx=0 tx=0).stop
2024-01-21T19:59:26.366 INFO:teuthology.orchestra.run.smithi119.stderr:/usr/bin/ceph:
2024-01-21T19:59:26.373+0000 7fcd8c7ad700 1 -- 172.21.15.119:0/3547605172 >> 172.21.15.119:0/3547605172 conn(0x7fcd840f63c0 msgr2=0x7fcd840ff910 unknown :-1 s=STATE_NONE l=0).mark_down
2024-01-21T19:59:26.366 INFO:teuthology.orchestra.run.smithi119.stderr:/usr/bin/ceph:
2024-01-21T19:59:26.373+0000 7fcd8c7ad700 1 -- 172.21.15.119:0/3547605172 shutdown_connections
2024-01-21T19:59:26.366 INFO:teuthology.orchestra.run.smithi119.stderr:/usr/bin/ceph:
2024-01-21T19:59:26.373+0000 7fcd8c7ad700 1 -- 172.21.15.119:0/3547605172 wait complete.
2024-01-21T19:59:26.838 INFO:journalctl@ceph.mon.smithi119.smithi119.stdout:Jan 21 19:59:26 smithi119 ceph-79b26e34-b897-11ee-95b0-87774f69a715-mon.smithi119[38815]: cluster
2024-01-21T19:59:25.358390+0000 mon.smithi119 (mon.0) 31 : cluster [DBG] mgrmap e5: smithi119.rqacbm(active, starting, since 0.0526461s)
2024-01-21T19:59:26.838 INFO:journalctl@ceph.mon.smithi119.smithi119.stdout:Jan 21 19:59:26 smithi119 ceph-79b26e34-b897-11ee-95b0-87774f69a715-mon.smithi119[38815]: audit
2024-01-21T19:59:25.361368+0000 mon.smithi119 (mon.0) 32 : audit [DBG] from='mgr.14114 172.21.15.119:0/3303652597' entity='mgr.smithi119.rqacbm' cmd=[{"prefix": "mon metadata", "id": "smithi119"}]: dispatch
2024-01-21T19:59:26.838 INFO:journalctl@ceph.mon.smithi119.smithi119.stdout:Jan 21 19:59:26 smithi119 ceph-79b26e34-b897-11ee-95b0-87774f69a715-mon.smithi119[38815]: audit
2024-01-21T19:59:25.361562+0000 mon.smithi119 (mon.0) 33 : audit [DBG] from='mgr.14114 172.21.15.119:0/3303652597' entity='mgr.smithi119.rqacbm' cmd=[{"prefix": "mgr metadata", "who": "smithi119.rqacbm", "id": "smithi119.rqacbm"}]: dispatch
2024-01-21T19:59:26.838 INFO:journalctl@ceph.mon.smithi119.smithi119.stdout:Jan 21 19:59:26 smithi119 ceph-79b26e34-b897-11ee-95b0-87774f69a715-mon.smithi119[38815]: audit
2024-01-21T19:59:25.361730+0000 mon.smithi119 (mon.0) 34 : audit [DBG] from='mgr.14114 172.21.15.119:0/3303652597' entity='mgr.smithi119.rqacbm' cmd=[{"prefix": "mds metadata"}]: dispatch
2024-01-21T19:59:26.838 INFO:journalctl@ceph.mon.smithi119.smithi119.stdout:Jan 21 19:59:26 smithi119 ceph-79b26e34-b897-11ee-95b0-87774f69a715-mon.smithi119[38815]: audit
2024-01-21T19:59:25.361861+0000 mon.smithi119 (mon.0) 35 : audit [DBG] from='mgr.14114 172.21.15.119:0/3303652597' entity='mgr.smithi119.rqacbm' cmd=[{"prefix": "osd metadata"}]: dispatch
2024-01-21T19:59:26.839 INFO:journalctl@ceph.mon.smithi119.smithi119.stdout:Jan 21 19:59:26 smithi119 ceph-79b26e34-b897-11ee-95b0-87774f69a715-mon.smithi119[38815]: audit
2024-01-21T19:59:25.361991+0000 mon.smithi119 (mon.0) 36 : audit [DBG] from='mgr.14114 172.21.15.119:0/3303652597' entity='mgr.smithi119.rqacbm' cmd=[{"prefix": "mon metadata"}]: dispatch
2024-01-21T19:59:26.839 INFO:journalctl@ceph.mon.smithi119.smithi119.stdout:Jan 21 19:59:26 smithi119 ceph-79b26e34-b897-11ee-95b0-87774f69a715-mon.smithi119[38815]: cluster
2024-01-21T19:59:25.376080+0000 mon.smithi119 (mon.0) 37 : cluster [INF] Manager daemon smithi119.rqacbm is now available
2024-01-21T19:59:26.839 INFO:journalctl@ceph.mon.smithi119.smithi119.stdout:Jan 21 19:59:26 smithi119 ceph-79b26e34-b897-11ee-95b0-87774f69a715-mon.smithi119[38815]: audit
2024-01-21T19:59:25.391506+0000 mon.smithi119 (mon.0) 38 : audit [INF] from='mgr.14114 172.21.15.119:0/3303652597' entity='mgr.smithi119.rqacbm'
2024-01-21T19:59:26.839 INFO:journalctl@ceph.mon.smithi119.smithi119.stdout:Jan 21 19:59:26 smithi119 ceph-79b26e34-b897-11ee-95b0-87774f69a715-mon.smithi119[38815]: audit
2024-01-21T19:59:25.394247+0000 mon.smithi119 (mon.0) 39 : audit [INF] from='mgr.14114 172.21.15.119:0/3303652597' entity='mgr.smithi119.rqacbm'
2024-01-21T19:59:26.839 INFO:journalctl@ceph.mon.smithi119.smithi119.stdout:Jan 21 19:59:26 smithi119 ceph-79b26e34-b897-11ee-95b0-87774f69a715-mon.smithi119[38815]: audit
2024-01-21T19:59:25.399765+0000 mon.smithi119 (mon.0) 40 : audit [INF] from='mgr.14114 172.21.15.119:0/3303652597' entity='mgr.smithi119.rqacbm'
