2024-01-21T19:59:42.393+0000 7f51a997f700 1 --2- 172.21.15.119:0/3115016024 >> [v2:172.21.15.119:6800/240399160,v1:172.21.15.119:6801/240399160] conn(0x7f519002fdb0 0x7f5190032270 unknown :-1 s=CLOSED pgs=14 cs=0 l=1 rev1=1 rx=0 tx=0).stop
2024-01-21T19:59:42.385 INFO:teuthology.orchestra.run.smithi119.stderr:/usr/bin/ceph:
2024-01-21T19:59:42.393+0000 7f51a997f700 1 --2- 172.21.15.119:0/3115016024 >> [v2:172.21.15.119:3300/0,v1:172.21.15.119:6789/0] conn(0x7f51a4070440 0x7f51a410cc00 unknown :-1 s=CLOSED pgs=46 cs=0 l=1 rev1=1 rx=0 tx=0).stop
2024-01-21T19:59:42.385 INFO:teuthology.orchestra.run.smithi119.stderr:/usr/bin/ceph:
2024-01-21T19:59:42.393+0000 7f51a997f700 1 -- 172.21.15.119:0/3115016024 >> 172.21.15.119:0/3115016024 conn(0x7f51a40f63b0 msgr2=0x7f51a40f7ea0 unknown :-1 s=STATE_NONE l=0).mark_down
2024-01-21T19:59:42.385 INFO:teuthology.orchestra.run.smithi119.stderr:/usr/bin/ceph:
2024-01-21T19:59:42.393+0000 7f51a997f700 1 -- 172.21.15.119:0/3115016024 shutdown_connections
2024-01-21T19:59:42.385 INFO:teuthology.orchestra.run.smithi119.stderr:/usr/bin/ceph:
2024-01-21T19:59:42.393+0000 7f51a997f700 1 -- 172.21.15.119:0/3115016024 wait complete.
2024-01-21T19:59:42.693 INFO:journalctl@ceph.mon.smithi119.smithi119.stdout:Jan 21 19:59:42 smithi119 ceph-79b26e34-b897-11ee-95b0-87774f69a715-mon.smithi119[38815]: audit
2024-01-21T19:59:40.896784+0000 mgr.smithi119.rqacbm (mgr.14114) 14 : audit [DBG] from='client.14138 -' entity='client.admin' cmd=[{"prefix": "orch apply", "service_type": "crash", "target": ["mon-mgr", ""]}]: dispatch
2024-01-21T19:59:42.693 INFO:journalctl@ceph.mon.smithi119.smithi119.stdout:Jan 21 19:59:42 smithi119 ceph-79b26e34-b897-11ee-95b0-87774f69a715-mon.smithi119[38815]: cephadm
2024-01-21T19:59:40.897400+0000 mgr.smithi119.rqacbm (mgr.14114) 15 : cephadm [INF] Saving service crash spec with placement *
2024-01-21T19:59:42.693 INFO:journalctl@ceph.mon.smithi119.smithi119.stdout:Jan 21 19:59:42 smithi119 ceph-79b26e34-b897-11ee-95b0-87774f69a715-mon.smithi119[38815]: audit
2024-01-21T19:59:41.788692+0000 mon.smithi119 (mon.0) 58 : audit [INF] from='client.? 172.21.15.119:0/3115016024' entity='client.admin' cmd=[{"prefix": "mgr module enable", "module": "prometheus"}]: dispatch
2024-01-21T19:59:42.734 INFO:teuthology.orchestra.run.smithi119.stderr:Deploying prometheus service with default placement...
2024-01-21T19:59:42.734 INFO:teuthology.orchestra.run.smithi119.stderr:Running command: /bin/podman run --rm --ipc=host --no-hosts --net=host --entrypoint /usr/bin/ceph --init -e CONTAINER_IMAGE=docker.io/ceph/ceph:v16.2.4 -e NODE_NAME=smithi119 -e CEPH_USE_RANDOM_NONCE=1 -v /var/log/ceph/79b26e34-b897-11ee-95b0-87774f69a715:/var/log/ceph:z -v /tmp/ceph-tmp4p8br1fe:/etc/ceph/ceph.client.admin.keyring:z -v /tmp/ceph-tmpw2_cu6oe:/etc/ceph/ceph.conf:z docker.io/ceph/ceph:v16.2.4 orch apply prometheus
2024-01-21T19:59:43.098 INFO:teuthology.orchestra.run.smithi119.stderr:/usr/bin/ceph:
2024-01-21T19:59:43.106+0000 7fe40cfb1700 1 Processor -- start
2024-01-21T19:59:43.098 INFO:teuthology.orchestra.run.smithi119.stderr:/usr/bin/ceph:
2024-01-21T19:59:43.107+0000 7fe40cfb1700 1 -- start start
2024-01-21T19:59:43.099 INFO:teuthology.orchestra.run.smithi119.stderr:/usr/bin/ceph:
2024-01-21T19:59:43.107+0000 7fe40cfb1700 1 --2- >> [v2:172.21.15.119:3300/0,v1:172.21.15.119:6789/0] conn(0x7fe408070430 0x7fe4080fe8e0 unknown :-1 s=NONE pgs=0 cs=0 l=0 rev1=0 rx=0 tx=0).connect
2024-01-21T19:59:43.099 INFO:teuthology.orchestra.run.smithi119.stderr:/usr/bin/ceph:
2024-01-21T19:59:43.107+0000 7fe40cfb1700 1 -- --> [v2:172.21.15.119:3300/0,v1:172.21.15.119:6789/0] -- mon_getmap magic: 0 v1 -- 0x7fe4080fedd0 con 0x7fe408070430
2024-01-21T19:59:43.099 INFO:teuthology.orchestra.run.smithi119.stderr:/usr/bin/ceph:
2024-01-21T19:59:43.107+0000 7fe40659c700 1 --2- >> [v2:172.21.15.119:3300/0,v1:172.21.15.119:6789/0] conn(0x7fe408070430 0x7fe4080fe8e0 unknown :-1 s=BANNER_CONNECTING pgs=0 cs=0 l=0 rev1=0 rx=0 tx=0)._handle_peer_banner_payload supported=1 required=0
2024-01-21T19:59:43.099 INFO:teuthology.orchestra.run.smithi119.stderr:/usr/bin/ceph:
2024-01-21T19:59:43.107+0000 7fe40659c700 1 --2- >> [v2:172.21.15.119:3300/0,v1:172.21.15.119:6789/0] conn(0x7fe408070430 0x7fe4080fe8e0 unknown :-1 s=HELLO_CONNECTING pgs=0 cs=0 l=0 rev1=1 rx=0 tx=0).handle_hello peer v2:172.21.15.119:3300/0 says I am v2:172.21.15.119:44390/0 (socket says 172.21.15.119:44390)
2024-01-21T19:59:43.099 INFO:teuthology.orchestra.run.smithi119.stderr:/usr/bin/ceph:
2024-01-21T19:59:43.107+0000 7fe40659c700 1 -- 172.21.15.119:0/1713736622 learned_addr learned my addr 172.21.15.119:0/1713736622 (peer_addr_for_me v2:172.21.15.119:0/0)
2024-01-21T19:59:43.099 INFO:teuthology.orchestra.run.smithi119.stderr:/usr/bin/ceph:
2024-01-21T19:59:43.107+0000 7fe40659c700 1 -- 172.21.15.119:0/1713736622 --> [v2:172.21.15.119:3300/0,v1:172.21.15.119:6789/0] -- mon_subscribe({config=0+,monmap=0+}) v3 -- 0x7fe4080fef10 con 0x7fe408070430
2024-01-21T19:59:43.103 INFO:teuthology.orchestra.run.smithi119.stderr:/usr/bin/ceph:
2024-01-21T19:59:43.107+0000 7fe40659c700 1 --2- 172.21.15.119:0/1713736622 >> [v2:172.21.15.119:3300/0,v1:172.21.15.119:6789/0] conn(0x7fe408070430 0x7fe4080fe8e0 secure :-1 s=READY pgs=49 cs=0 l=1 rev1=1 rx=0x7fe3f800b5f0 tx=0x7fe3f8006ee0).ready entity=mon.0 client_cookie=fe0718310f722984 server_cookie=0 in_seq=0 out_seq=0
2024-01-21T19:59:43.103 INFO:teuthology.orchestra.run.smithi119.stderr:/usr/bin/ceph:
2024-01-21T19:59:43.108+0000 7fe40559a700 1 -- 172.21.15.119:0/1713736622 <== mon.0 v2:172.21.15.119:3300/0 1 ==== mon_map magic: 0 v1 ==== 229+0+0 (secure 0 0 0) 0x7fe3f800d600 con 0x7fe408070430
2024-01-21T19:59:43.103 INFO:teuthology.orchestra.run.smithi119.stderr:/usr/bin/ceph:
2024-01-21T19:59:43.108+0000 7fe40559a700 1 -- 172.21.15.119:0/1713736622 <== mon.0 v2:172.21.15.119:3300/0 2 ==== config(25 keys) v1 ==== 1010+0+0 (secure 0 0 0) 0x7fe3f800dbd0 con 0x7fe408070430
2024-01-21T19:59:43.103 INFO:teuthology.orchestra.run.smithi119.stderr:/usr/bin/ceph:
2024-01-21T19:59:43.108+0000 7fe40559a700 1 -- 172.21.15.119:0/1713736622 <== mon.0 v2:172.21.15.119:3300/0 3 ==== mon_map magic: 0 v1 ==== 229+0+0 (secure 0 0 0) 0x7fe3f8011c00 con 0x7fe408070430
2024-01-21T19:59:43.103 INFO:teuthology.orchestra.run.smithi119.stderr:/usr/bin/ceph:
2024-01-21T19:59:43.108+0000 7fe40cfb1700 1 -- 172.21.15.119:0/1713736622 >> [v2:172.21.15.119:3300/0,v1:172.21.15.119:6789/0] conn(0x7fe408070430 msgr2=0x7fe4080fe8e0 secure :-1 s=STATE_CONNECTION_ESTABLISHED l=1).mark_down
2024-01-21T19:59:43.103 INFO:teuthology.orchestra.run.smithi119.stderr:/usr/bin/ceph:
2024-01-21T19:59:43.108+0000 7fe40cfb1700 1 --2- 172.21.15.119:0/1713736622 >> [v2:172.21.15.119:3300/0,v1:172.21.15.119:6789/0] conn(0x7fe408070430 0x7fe4080fe8e0 secure :-1 s=READY pgs=49 cs=0 l=1 rev1=1 rx=0x7fe3f800b5f0 tx=0x7fe3f8006ee0).stop
2024-01-21T19:59:43.103 INFO:teuthology.orchestra.run.smithi119.stderr:/usr/bin/ceph:
2024-01-21T19:59:43.108+0000 7fe40cfb1700 1 -- 172.21.15.119:0/1713736622 shutdown_connections
2024-01-21T19:59:43.103 INFO:teuthology.orchestra.run.smithi119.stderr:/usr/bin/ceph:
2024-01-21T19:59:43.108+0000 7fe40cfb1700 1 --2- 172.21.15.119:0/1713736622 >> [v2:172.21.15.119:3300/0,v1:172.21.15.119:6789/0] conn(0x7fe408070430 0x7fe4080fe8e0 unknown :-1 s=CLOSED pgs=49 cs=0 l=1 rev1=1 rx=0 tx=0).stop
2024-01-21T19:59:43.103 INFO:teuthology.orchestra.run.smithi119.stderr:/usr/bin/ceph:
2024-01-21T19:59:43.108+0000 7fe40cfb1700 1 -- 172.21.15.119:0/1713736622 >> 172.21.15.119:0/1713736622 conn(0x7fe4080f63c0 msgr2=0x7fe4080f87e0 unknown :-1 s=STATE_NONE l=0).mark_down
2024-01-21T19:59:43.103 INFO:teuthology.orchestra.run.smithi119.stderr:/usr/bin/ceph:
2024-01-21T19:59:43.108+0000 7fe40cfb1700 1 -- 172.21.15.119:0/1713736622 shutdown_connections
2024-01-21T19:59:43.103 INFO:teuthology.orchestra.run.smithi119.stderr:/usr/bin/ceph:
2024-01-21T19:59:43.108+0000 7fe40cfb1700 1 -- 172.21.15.119:0/1713736622 wait complete.
2024-01-21T19:59:43.103 INFO:teuthology.orchestra.run.smithi119.stderr:/usr/bin/ceph:
2024-01-21T19:59:43.109+0000 7fe40cfb1700 1 Processor -- start
2024-01-21T19:59:43.104 INFO:teuthology.orchestra.run.smithi119.stderr:/usr/bin/ceph:
2024-01-21T19:59:43.109+0000 7fe40cfb1700 1 -- start start
2024-01-21T19:59:43.104 INFO:teuthology.orchestra.run.smithi119.stderr:/usr/bin/ceph:
2024-01-21T19:59:43.109+0000 7fe40cfb1700 1 --2- >> [v2:172.21.15.119:3300/0,v1:172.21.15.119:6789/0] conn(0x7fe408070430 0x7fe40810aa40 unknown :-1 s=NONE pgs=0 cs=0 l=1 rev1=0 rx=0 tx=0).connect
2024-01-21T19:59:43.104 INFO:teuthology.orchestra.run.smithi119.stderr:/usr/bin/ceph:
2024-01-21T19:59:43.109+0000 7fe40cfb1700 1 -- --> [v2:172.21.15.119:3300/0,v1:172.21.15.119:6789/0] -- mon_getmap magic: 0 v1 -- 0x7fe40810af30 con 0x7fe408070430
2024-01-21T19:59:43.104 INFO:teuthology.orchestra.run.smithi119.stderr:/usr/bin/ceph:
2024-01-21T19:59:43.109+0000 7fe40659c700 1 --2- >> [v2:172.21.15.119:3300/0,v1:172.21.15.119:6789/0] conn(0x7fe408070430 0x7fe40810aa40 unknown :-1 s=BANNER_CONNECTING pgs=0 cs=0 l=1 rev1=0 rx=0 tx=0)._handle_peer_banner_payload supported=1 required=0
2024-01-21T19:59:43.104 INFO:teuthology.orchestra.run.smithi119.stderr:/usr/bin/ceph:
2024-01-21T19:59:43.109+0000 7fe40659c700 1 --2- >> [v2:172.21.15.119:3300/0,v1:172.21.15.119:6789/0] conn(0x7fe408070430 0x7fe40810aa40 unknown :-1 s=HELLO_CONNECTING pgs=0 cs=0 l=1 rev1=1 rx=0 tx=0).handle_hello peer v2:172.21.15.119:3300/0 says I am v2:172.21.15.119:44392/0 (socket says 172.21.15.119:44392)
2024-01-21T19:59:43.104 INFO:teuthology.orchestra.run.smithi119.stderr:/usr/bin/ceph:
2024-01-21T19:59:43.109+0000 7fe40659c700 1 -- 172.21.15.119:0/1290355669 learned_addr learned my addr 172.21.15.119:0/1290355669 (peer_addr_for_me v2:172.21.15.119:0/0)
2024-01-21T19:59:43.104 INFO:teuthology.orchestra.run.smithi119.stderr:/usr/bin/ceph:
2024-01-21T19:59:43.109+0000 7fe40659c700 1 -- 172.21.15.119:0/1290355669 --> [v2:172.21.15.119:3300/0,v1:172.21.15.119:6789/0] -- mon_subscribe({config=0+,monmap=0+}) v3 -- 0x7fe3f800b200 con 0x7fe408070430
2024-01-21T19:59:43.104 INFO:teuthology.orchestra.run.smithi119.stderr:/usr/bin/ceph:
2024-01-21T19:59:43.110+0000 7fe40659c700 1 --2- 172.21.15.119:0/1290355669 >> [v2:172.21.15.119:3300/0,v1:172.21.15.119:6789/0] conn(0x7fe408070430 0x7fe40810aa40 secure :-1 s=READY pgs=50 cs=0 l=1 rev1=1 rx=0x7fe3f800e040 tx=0x7fe3f8006ee0).ready entity=mon.0 client_cookie=0 server_cookie=0 in_seq=0 out_seq=0
2024-01-21T19:59:43.104 INFO:teuthology.orchestra.run.smithi119.stderr:/usr/bin/ceph:
2024-01-21T19:59:43.110+0000 7fe3f6ffd700 1 -- 172.21.15.119:0/1290355669 <== mon.0 v2:172.21.15.119:3300/0 1 ==== mon_map magic: 0 v1 ==== 229+0+0 (secure 0 0 0) 0x7fe3f800d9f0 con 0x7fe408070430
2024-01-21T19:59:43.104 INFO:teuthology.orchestra.run.smithi119.stderr:/usr/bin/ceph:
2024-01-21T19:59:43.110+0000 7fe3f6ffd700 1 -- 172.21.15.119:0/1290355669 <== mon.0 v2:172.21.15.119:3300/0 2 ==== config(25 keys) v1 ==== 1010+0+0 (secure 0 0 0) 0x7fe3f801a9f0 con 0x7fe408070430
2024-01-21T19:59:43.104 INFO:teuthology.orchestra.run.smithi119.stderr:/usr/bin/ceph:
2024-01-21T19:59:43.110+0000 7fe40cfb1700 1 -- 172.21.15.119:0/1290355669 --> [v2:172.21.15.119:3300/0,v1:172.21.15.119:6789/0] -- mon_subscribe({mgrmap=0+}) v3 -- 0x7fe40810b130 con 0x7fe408070430
2024-01-21T19:59:43.104 INFO:teuthology.orchestra.run.smithi119.stderr:/usr/bin/ceph:
2024-01-21T19:59:43.110+0000 7fe3f6ffd700 1 -- 172.21.15.119:0/1290355669 <== mon.0 v2:172.21.15.119:3300/0 3 ==== mon_map magic: 0 v1 ==== 229+0+0 (secure 0 0 0) 0x7fe3f801b8c0 con 0x7fe408070430
2024-01-21T19:59:43.104 INFO:teuthology.orchestra.run.smithi119.stderr:/usr/bin/ceph:
2024-01-21T19:59:43.110+0000 7fe40cfb1700 1 -- 172.21.15.119:0/1290355669 --> [v2:172.21.15.119:3300/0,v1:172.21.15.119:6789/0] -- mon_subscribe({osdmap=0}) v3 -- 0x7fe40810b540 con 0x7fe408070430
2024-01-21T19:59:43.104 INFO:teuthology.orchestra.run.smithi119.stderr:/usr/bin/ceph:
2024-01-21T19:59:43.110+0000 7fe3f6ffd700 1 -- 172.21.15.119:0/1290355669 <== mon.0 v2:172.21.15.119:3300/0 4 ==== mgrmap(e 8) v1 ==== 36134+0+0 (secure 0 0 0) 0x7fe3f800f070 con 0x7fe408070430
2024-01-21T19:59:43.105 INFO:teuthology.orchestra.run.smithi119.stderr:/usr/bin/ceph:
2024-01-21T19:59:43.111+0000 7fe3f6ffd700 1 --2- 172.21.15.119:0/1290355669 >> [v2:172.21.15.119:6800/240399160,v1:172.21.15.119:6801/240399160] conn(0x7fe3ec02fe00 0x7fe3ec0322c0 unknown :-1 s=NONE pgs=0 cs=0 l=1 rev1=0 rx=0 tx=0).connect
2024-01-21T19:59:43.105 INFO:teuthology.orchestra.run.smithi119.stderr:/usr/bin/ceph:
2024-01-21T19:59:43.111+0000 7fe3f6ffd700 1 -- 172.21.15.119:0/1290355669 <== mon.0 v2:172.21.15.119:3300/0 5 ==== osd_map(2..2 src has 1..2) v4 ==== 926+0+0 (secure 0 0 0) 0x7fe3f80421a0 con 0x7fe408070430
2024-01-21T19:59:43.105 INFO:teuthology.orchestra.run.smithi119.stderr:/usr/bin/ceph:
2024-01-21T19:59:43.111+0000 7fe405d9b700 1 -- 172.21.15.119:0/1290355669 >> [v2:172.21.15.119:6800/240399160,v1:172.21.15.119:6801/240399160] conn(0x7fe3ec02fe00 msgr2=0x7fe3ec0322c0 unknown :-1 s=STATE_CONNECTING_RE l=1).process reconnect failed to v2:172.21.15.119:6800/240399160
2024-01-21T19:59:43.105 INFO:teuthology.orchestra.run.smithi119.stderr:/usr/bin/ceph:
2024-01-21T19:59:43.111+0000 7fe405d9b700 1 --2- 172.21.15.119:0/1290355669 >> [v2:172.21.15.119:6800/240399160,v1:172.21.15.119:6801/240399160] conn(0x7fe3ec02fe00 0x7fe3ec0322c0 unknown :-1 s=START_CONNECT pgs=0 cs=0 l=1 rev1=0 rx=0 tx=0)._fault waiting 0.200000
2024-01-21T19:59:43.105 INFO:teuthology.orchestra.run.smithi119.stderr:/usr/bin/ceph:
2024-01-21T19:59:43.111+0000 7fe40cfb1700 1 -- 172.21.15.119:0/1290355669 --> [v2:172.21.15.119:3300/0,v1:172.21.15.119:6789/0] -- mon_command({"prefix": "get_command_descriptions"} v 0) v1 -- 0x7fe408059100 con 0x7fe408070430
2024-01-21T19:59:43.105 INFO:teuthology.orchestra.run.smithi119.stderr:/usr/bin/ceph:
2024-01-21T19:59:43.115+0000 7fe3f6ffd700 1 -- 172.21.15.119:0/1290355669 <== mon.0 v2:172.21.15.119:3300/0 6 ==== mon_command_ack([{"prefix": "get_command_descriptions"}]=0 v0) v1 ==== 72+0+152212 (secure 0 0 0) 0x7fe3f8016070 con 0x7fe408070430
2024-01-21T19:59:43.289 INFO:teuthology.orchestra.run.smithi119.stderr:/usr/bin/ceph:
2024-01-21T19:59:43.298+0000 7fe40cfb1700 1 -- 172.21.15.119:0/1290355669 --> [v2:172.21.15.119:6800/240399160,v1:172.21.15.119:6801/240399160] -- mgr_command(tid 0: {"prefix": "orch apply", "service_type": "prometheus", "target": ["mon-mgr", ""]}) v1 -- 0x7fe408104890 con 0x7fe3ec02fe00
2024-01-21T19:59:43.302 INFO:teuthology.orchestra.run.smithi119.stderr:/usr/bin/ceph:
2024-01-21T19:59:43.312+0000 7fe405d9b700 1 -- 172.21.15.119:0/1290355669 >> [v2:172.21.15.119:6800/240399160,v1:172.21.15.119:6801/240399160] conn(0x7fe3ec02fe00 msgr2=0x7fe3ec0322c0 unknown :-1 s=STATE_CONNECTING_RE l=1).process reconnect failed to v2:172.21.15.119:6800/240399160
2024-01-21T19:59:43.303 INFO:teuthology.orchestra.run.smithi119.stderr:/usr/bin/ceph:
2024-01-21T19:59:43.312+0000 7fe405d9b700 1 --2- 172.21.15.119:0/1290355669 >> [v2:172.21.15.119:6800/240399160,v1:172.21.15.119:6801/240399160] conn(0x7fe3ec02fe00 0x7fe3ec0322c0 unknown :-1 s=START_CONNECT pgs=0 cs=0 l=1 rev1=0 rx=0 tx=0)._fault waiting 0.400000
2024-01-21T19:59:43.704 INFO:teuthology.orchestra.run.smithi119.stderr:/usr/bin/ceph:
2024-01-21T19:59:43.713+0000 7fe405d9b700 1 -- 172.21.15.119:0/1290355669 >> [v2:172.21.15.119:6800/240399160,v1:172.21.15.119:6801/240399160] conn(0x7fe3ec02fe00 msgr2=0x7fe3ec0322c0 unknown :-1 s=STATE_CONNECTING_RE l=1).process reconnect failed to v2:172.21.15.119:6800/240399160
2024-01-21T19:59:43.704 INFO:teuthology.orchestra.run.smithi119.stderr:/usr/bin/ceph:
2024-01-21T19:59:43.713+0000 7fe405d9b700 1 --2- 172.21.15.119:0/1290355669 >> [v2:172.21.15.119:6800/240399160,v1:172.21.15.119:6801/240399160] conn(0x7fe3ec02fe00 0x7fe3ec0322c0 unknown :-1 s=START_CONNECT pgs=0 cs=0 l=1 rev1=0 rx=0 tx=0)._fault waiting 0.800000
2024-01-21T19:59:43.838 INFO:journalctl@ceph.mon.smithi119.smithi119.stdout:Jan 21 19:59:43 smithi119 ceph-79b26e34-b897-11ee-95b0-87774f69a715-mon.smithi119[38815]: audit
2024-01-21T19:59:42.390770+0000 mon.smithi119 (mon.0) 59 : audit [INF] from='client.? 172.21.15.119:0/3115016024' entity='client.admin' cmd='[{"prefix": "mgr module enable", "module": "prometheus"}]': finished
2024-01-21T19:59:43.838 INFO:journalctl@ceph.mon.smithi119.smithi119.stdout:Jan 21 19:59:43 smithi119 ceph-79b26e34-b897-11ee-95b0-87774f69a715-mon.smithi119[38815]: cluster
2024-01-21T19:59:42.390825+0000 mon.smithi119 (mon.0) 60 : cluster [DBG] mgrmap e8: smithi119.rqacbm(active, since 17s)
2024-01-21T19:59:44.505 INFO:teuthology.orchestra.run.smithi119.stderr:/usr/bin/ceph:
2024-01-21T19:59:44.514+0000 7fe405d9b700 1 -- 172.21.15.119:0/1290355669 >> [v2:172.21.15.119:6800/240399160,v1:172.21.15.119:6801/240399160] conn(0x7fe3ec02fe00 msgr2=0x7fe3ec0322c0 unknown :-1 s=STATE_CONNECTING_RE l=1).process reconnect failed to v2:172.21.15.119:6800/240399160
2024-01-21T19:59:44.505 INFO:teuthology.orchestra.run.smithi119.stderr:/usr/bin/ceph:
2024-01-21T19:59:44.514+0000 7fe405d9b700 1 --2- 172.21.15.119:0/1290355669 >> [v2:172.21.15.119:6800/240399160,v1:172.21.15.119:6801/240399160] conn(0x7fe3ec02fe00 0x7fe3ec0322c0 unknown :-1 s=START_CONNECT pgs=0 cs=0 l=1 rev1=0 rx=0 tx=0)._fault waiting 1.600000
2024-01-21T19:59:46.106 INFO:teuthology.orchestra.run.smithi119.stderr:/usr/bin/ceph:
2024-01-21T19:59:46.114+0000 7fe405d9b700 1 -- 172.21.15.119:0/1290355669 >> [v2:172.21.15.119:6800/240399160,v1:172.21.15.119:6801/240399160] conn(0x7fe3ec02fe00 msgr2=0x7fe3ec0322c0 unknown :-1 s=STATE_CONNECTING_RE l=1).process reconnect failed to v2:172.21.15.119:6800/240399160
2024-01-21T19:59:46.106 INFO:teuthology.orchestra.run.smithi119.stderr:/usr/bin/ceph:
2024-01-21T19:59:46.114+0000 7fe405d9b700 1 --2- 172.21.15.119:0/1290355669 >> [v2:172.21.15.119:6800/240399160,v1:172.21.15.119:6801/240399160] conn(0x7fe3ec02fe00 0x7fe3ec0322c0 unknown :-1 s=START_CONNECT pgs=0 cs=0 l=1 rev1=0 rx=0 tx=0)._fault waiting 3.200000
2024-01-21T19:59:47.371 INFO:teuthology.orchestra.run.smithi119.stderr:/usr/bin/ceph:
2024-01-21T19:59:47.378+0000 7fe3f6ffd700 1 -- 172.21.15.119:0/1290355669 <== mon.0 v2:172.21.15.119:3300/0 7 ==== mgrmap(e 9) v1 ==== 35984+0+0 (secure 0 0 0) 0x7fe3f80257e0 con 0x7fe408070430
2024-01-21T19:59:47.372 INFO:teuthology.orchestra.run.smithi119.stderr:/usr/bin/ceph:
2024-01-21T19:59:47.378+0000 7fe3f6ffd700 1 -- 172.21.15.119:0/1290355669 >> [v2:172.21.15.119:6800/240399160,v1:172.21.15.119:6801/240399160] conn(0x7fe3ec02fe00 msgr2=0x7fe3ec0322c0 unknown :-1 s=STATE_CONNECTING l=1).mark_down
2024-01-21T19:59:47.372 INFO:teuthology.orchestra.run.smithi119.stderr:/usr/bin/ceph:
2024-01-21T19:59:47.378+0000 7fe3f6ffd700 1 --2- 172.21.15.119:0/1290355669 >> [v2:172.21.15.119:6800/240399160,v1:172.21.15.119:6801/240399160] conn(0x7fe3ec02fe00 0x7fe3ec0322c0 unknown :-1 s=START_CONNECT pgs=0 cs=0 l=1 rev1=0 rx=0 tx=0).stop
2024-01-21T19:59:47.837 INFO:journalctl@ceph.mon.smithi119.smithi119.stdout:Jan 21 19:59:47 smithi119 ceph-79b26e34-b897-11ee-95b0-87774f69a715-mon.smithi119[38815]: cluster
2024-01-21T19:59:47.328223+0000 mon.smithi119 (mon.0) 61 : cluster [INF] Active manager daemon smithi119.rqacbm restarted
2024-01-21T19:59:47.838 INFO:journalctl@ceph.mon.smithi119.smithi119.stdout:Jan 21 19:59:47 smithi119 ceph-79b26e34-b897-11ee-95b0-87774f69a715-mon.smithi119[38815]: cluster
2024-01-21T19:59:47.328600+0000 mon.smithi119 (mon.0) 62 : cluster [INF] Activating manager daemon smithi119.rqacbm
2024-01-21T19:59:47.838 INFO:journalctl@ceph.mon.smithi119.smithi119.stdout:Jan 21 19:59:47 smithi119 ceph-79b26e34-b897-11ee-95b0-87774f69a715-mon.smithi119[38815]: cluster
2024-01-21T19:59:47.330465+0000 mon.smithi119 (mon.0) 63 : cluster [DBG] osdmap e3: 0 total, 0 up, 0 in
2024-01-21T19:59:48.378 INFO:teuthology.orchestra.run.smithi119.stderr:/usr/bin/ceph:
2024-01-21T19:59:48.385+0000 7fe3f6ffd700 1 -- 172.21.15.119:0/1290355669 <== mon.0 v2:172.21.15.119:3300/0 8 ==== mgrmap(e 10) v1 ==== 36054+0+0 (secure 0 0 0) 0x7fe3f8006020 con 0x7fe408070430
2024-01-21T19:59:48.378 INFO:teuthology.orchestra.run.smithi119.stderr:/usr/bin/ceph:
2024-01-21T19:59:48.385+0000 7fe3f6ffd700 1 --2- 172.21.15.119:0/1290355669 >> [v2:172.21.15.119:6800/2754458491,v1:172.21.15.119:6801/2754458491] conn(0x7fe3ec033c20 0x7fe3ec036010 unknown :-1 s=NONE pgs=0 cs=0 l=1 rev1=0 rx=0 tx=0).connect
2024-01-21T19:59:48.378 INFO:teuthology.orchestra.run.smithi119.stderr:/usr/bin/ceph:
2024-01-21T19:59:48.385+0000 7fe3f6ffd700 1 -- 172.21.15.119:0/1290355669 --> [v2:172.21.15.119:6800/2754458491,v1:172.21.15.119:6801/2754458491] -- mgr_command(tid 0: {"prefix": "orch apply", "service_type": "prometheus", "target": ["mon-mgr", ""]}) v1 -- 0x7fe408104890 con 0x7fe3ec033c20
2024-01-21T19:59:48.378 INFO:teuthology.orchestra.run.smithi119.stderr:/usr/bin/ceph:
2024-01-21T19:59:48.385+0000 7fe405d9b700 1 --2- 172.21.15.119:0/1290355669 >> [v2:172.21.15.119:6800/2754458491,v1:172.21.15.119:6801/2754458491] conn(0x7fe3ec033c20 0x7fe3ec036010 unknown :-1 s=BANNER_CONNECTING pgs=0 cs=0 l=1 rev1=0 rx=0 tx=0)._handle_peer_banner_payload supported=1 required=0
2024-01-21T19:59:48.378 INFO:teuthology.orchestra.run.smithi119.stderr:/usr/bin/ceph:
2024-01-21T19:59:48.386+0000 7fe405d9b700 1 --2- 172.21.15.119:0/1290355669 >> [v2:172.21.15.119:6800/2754458491,v1:172.21.15.119:6801/2754458491] conn(0x7fe3ec033c20 0x7fe3ec036010 secure :-1 s=READY pgs=3 cs=0 l=1 rev1=1 rx=0x7fe3fc006fd0 tx=0x7fe3fc006d30).ready entity=mgr.14142 client_cookie=0 server_cookie=0 in_seq=0 out_seq=0
2024-01-21T19:59:48.382 INFO:teuthology.orchestra.run.smithi119.stderr:/usr/bin/ceph:
2024-01-21T19:59:48.390+0000 7fe3f6ffd700 1 -- 172.21.15.119:0/1290355669 <== mgr.14142 v2:172.21.15.119:6800/2754458491 1 ==== mgr_command_reply(tid 0: 0 ) v1 ==== 8+0+31 (secure 0 0 0) 0x7fe408104890 con 0x7fe3ec033c20
2024-01-21T19:59:48.382 INFO:teuthology.orchestra.run.smithi119.stderr:/usr/bin/ceph: Scheduled prometheus update...
2024-01-21T19:59:48.384 INFO:teuthology.orchestra.run.smithi119.stderr:/usr/bin/ceph:
2024-01-21T19:59:48.392+0000 7fe40cfb1700 1 -- 172.21.15.119:0/1290355669 >> [v2:172.21.15.119:6800/2754458491,v1:172.21.15.119:6801/2754458491] conn(0x7fe3ec033c20 msgr2=0x7fe3ec036010 secure :-1 s=STATE_CONNECTION_ESTABLISHED l=1).mark_down
2024-01-21T19:59:48.385 INFO:teuthology.orchestra.run.smithi119.stderr:/usr/bin/ceph:
2024-01-21T19:59:48.392+0000 7fe40cfb1700 1 --2- 172.21.15.119:0/1290355669 >> [v2:172.21.15.119:6800/2754458491,v1:172.21.15.119:6801/2754458491] conn(0x7fe3ec033c20 0x7fe3ec036010 secure :-1 s=READY pgs=3 cs=0 l=1 rev1=1 rx=0x7fe3fc006fd0 tx=0x7fe3fc006d30).stop
2024-01-21T19:59:48.385 INFO:teuthology.orchestra.run.smithi119.stderr:/usr/bin/ceph:
2024-01-21T19:59:48.392+0000 7fe40cfb1700 1 -- 172.21.15.119:0/1290355669 >> [v2:172.21.15.119:3300/0,v1:172.21.15.119:6789/0] conn(0x7fe408070430 msgr2=0x7fe40810aa40 secure :-1 s=STATE_CONNECTION_ESTABLISHED l=1).mark_down
2024-01-21T19:59:48.385 INFO:teuthology.orchestra.run.smithi119.stderr:/usr/bin/ceph:
2024-01-21T19:59:48.392+0000 7fe40cfb1700 1 --2- 172.21.15.119:0/1290355669 >> [v2:172.21.15.119:3300/0,v1:172.21.15.119:6789/0] conn(0x7fe408070430 0x7fe40810aa40 secure :-1 s=READY pgs=50 cs=0 l=1 rev1=1 rx=0x7fe3f800e040 tx=0x7fe3f8006ee0).stop
2024-01-21T19:59:48.385 INFO:teuthology.orchestra.run.smithi119.stderr:/usr/bin/ceph:
2024-01-21T19:59:48.392+0000 7fe40cfb1700 1 -- 172.21.15.119:0/1290355669 shutdown_connections
2024-01-21T19:59:48.385 INFO:teuthology.orchestra.run.smithi119.stderr:/usr/bin/ceph:
2024-01-21T19:59:48.392+0000 7fe40cfb1700 1 --2- 172.21.15.119:0/1290355669 >> [v2:172.21.15.119:6800/2754458491,v1:172.21.15.119:6801/2754458491] conn(0x7fe3ec033c20 0x7fe3ec036010 unknown :-1 s=CLOSED pgs=3 cs=0 l=1 rev1=1 rx=0 tx=0).stop
2024-01-21T19:59:48.385 INFO:teuthology.orchestra.run.smithi119.stderr:/usr/bin/ceph:
2024-01-21T19:59:48.392+0000 7fe40cfb1700 1 --2- 172.21.15.119:0/1290355669 >> [v2:172.21.15.119:3300/0,v1:172.21.15.119:6789/0] conn(0x7fe408070430 0x7fe40810aa40 unknown :-1 s=CLOSED pgs=50 cs=0 l=1 rev1=1 rx=0 tx=0).stop
2024-01-21T19:59:48.385 INFO:teuthology.orchestra.run.smithi119.stderr:/usr/bin/ceph:
2024-01-21T19:59:48.392+0000 7fe40cfb1700 1 --2- 172.21.15.119:0/1290355669 >> [v2:172.21.15.119:6800/240399160,v1:172.21.15.119:6801/240399160] conn(0x7fe3ec02fe00 0x7fe3ec0322c0 unknown :-1 s=CLOSED pgs=0 cs=0 l=1 rev1=0 rx=0 tx=0).stop
2024-01-21T19:59:48.385 INFO:teuthology.orchestra.run.smithi119.stderr:/usr/bin/ceph:
2024-01-21T19:59:48.392+0000 7fe40cfb1700 1 -- 172.21.15.119:0/1290355669 >> 172.21.15.119:0/1290355669 conn(0x7fe4080f63c0 msgr2=0x7fe4080f7f60 unknown :-1 s=STATE_NONE l=0).mark_down
2024-01-21T19:59:48.385 INFO:teuthology.orchestra.run.smithi119.stderr:/usr/bin/ceph:
2024-01-21T19:59:48.392+0000 7fe40cfb1700 1 -- 172.21.15.119:0/1290355669 shutdown_connections
2024-01-21T19:59:48.385 INFO:teuthology.orchestra.run.smithi119.stderr:/usr/bin/ceph:
2024-01-21T19:59:48.392+0000 7fe40cfb1700 1 -- 172.21.15.119:0/1290355669 wait complete.
2024-01-21T19:59:48.668 INFO:journalctl@ceph.mon.smithi119.smithi119.stdout:Jan 21 19:59:48 smithi119 ceph-79b26e34-b897-11ee-95b0-87774f69a715-mon.smithi119[38815]: cluster
2024-01-21T19:59:47.381070+0000 mon.smithi119 (mon.0) 64 : cluster [DBG] mgrmap e9: smithi119.rqacbm(active, starting, since 0.0525485s)
2024-01-21T19:59:48.668 INFO:journalctl@ceph.mon.smithi119.smithi119.stdout:Jan 21 19:59:48 smithi119 ceph-79b26e34-b897-11ee-95b0-87774f69a715-mon.smithi119[38815]: audit
2024-01-21T19:59:47.381975+0000 mon.smithi119 (mon.0) 65 : audit [DBG] from='mgr.14142 172.21.15.119:0/4226629128' entity='mgr.smithi119.rqacbm' cmd=[{"prefix": "mon metadata", "id": "smithi119"}]: dispatch
2024-01-21T19:59:48.669 INFO:journalctl@ceph.mon.smithi119.smithi119.stdout:Jan 21 19:59:48 smithi119 ceph-79b26e34-b897-11ee-95b0-87774f69a715-mon.smithi119[38815]: audit
2024-01-21T19:59:47.384189+0000 mon.smithi119 (mon.0) 66 : audit [DBG] from='mgr.14142 172.21.15.119:0/4226629128' entity='mgr.smithi119.rqacbm' cmd=[{"prefix": "mgr metadata", "who": "smithi119.rqacbm", "id": "smithi119.rqacbm"}]: dispatch
2024-01-21T19:59:48.669 INFO:journalctl@ceph.mon.smithi119.smithi119.stdout:Jan 21 19:59:48 smithi119 ceph-79b26e34-b897-11ee-95b0-87774f69a715-mon.smithi119[38815]: audit
2024-01-21T19:59:47.384390+0000 mon.smithi119 (mon.0) 67 : audit [DBG] from='mgr.14142 172.21.15.119:0/4226629128' entity='mgr.smithi119.rqacbm' cmd=[{"prefix": "mds metadata"}]: dispatch
2024-01-21T19:59:48.669 INFO:journalctl@ceph.mon.smithi119.smithi119.stdout:Jan 21 19:59:48 smithi119 ceph-79b26e34-b897-11ee-95b0-87774f69a715-mon.smithi119[38815]: audit
2024-01-21T19:59:47.384542+0000 mon.smithi119 (mon.0) 68 : audit [DBG] from='mgr.14142 172.21.15.119:0/4226629128' entity='mgr.smithi119.rqacbm' cmd=[{"prefix": "osd metadata"}]: dispatch
2024-01-21T19:59:48.669 INFO:journalctl@ceph.mon.smithi119.smithi119.stdout:Jan 21 19:59:48 smithi119 ceph-79b26e34-b897-11ee-95b0-87774f69a715-mon.smithi119[38815]: audit
2024-01-21T19:59:47.384676+0000 mon.smithi119 (mon.0) 69 : audit [DBG] from='mgr.14142 172.21.15.119:0/4226629128' entity='mgr.smithi119.rqacbm' cmd=[{"prefix": "mon metadata"}]: dispatch
2024-01-21T19:59:48.669 INFO:journalctl@ceph.mon.smithi119.smithi119.stdout:Jan 21 19:59:48 smithi119 ceph-79b26e34-b897-11ee-95b0-87774f69a715-mon.smithi119[38815]: cluster
2024-01-21T19:59:47.397943+0000 mon.smithi119 (mon.0) 70 : cluster [INF] Manager daemon smithi119.rqacbm is now available
2024-01-21T19:59:48.669 INFO:journalctl@ceph.mon.smithi119.smithi119.stdout:Jan 21 19:59:48 smithi119 ceph-79b26e34-b897-11ee-95b0-87774f69a715-mon.smithi119[38815]: audit
2024-01-21T19:59:47.493571+0000 mon.smithi119 (mon.0) 71 : audit [DBG] from='mgr.14142 172.21.15.119:0/4226629128' entity='mgr.smithi119.rqacbm' cmd=[{"prefix": "config dump", "format": "json"}]: dispatch
2024-01-21T19:59:48.669 INFO:journalctl@ceph.mon.smithi119.smithi119.stdout:Jan 21 19:59:48 smithi119 ceph-79b26e34-b897-11ee-95b0-87774f69a715-mon.smithi119[38815]: audit
2024-01-21T19:59:47.495277+0000 mon.smithi119 (mon.0) 72 : audit [DBG] from='mgr.14142 172.21.15.119:0/4226629128' entity='mgr.smithi119.rqacbm' cmd=[{"prefix": "config dump", "format": "json"}]: dispatch
2024-01-21T19:59:48.669 INFO:journalctl@ceph.mon.smithi119.smithi119.stdout:Jan 21 19:59:48 smithi119 ceph-79b26e34-b897-11ee-95b0-87774f69a715-mon.smithi119[38815]: audit
2024-01-21T19:59:47.509135+0000 mon.smithi119 (mon.0) 73 : audit [INF] from='mgr.14142 172.21.15.119:0/4226629128' entity='mgr.smithi119.rqacbm' cmd=[{"prefix":"config rm","who":"mgr","name":"mgr/rbd_support/smithi119.rqacbm/mirror_snapshot_schedule"}]: dispatch
2024-01-21T19:59:48.669 INFO:journalctl@ceph.mon.smithi119.smithi119.stdout:Jan 21 19:59:48 smithi119 ceph-79b26e34-b897-11ee-95b0-87774f69a715-mon.smithi119[38815]: audit
2024-01-21T19:59:47.511904+0000 mon.smithi119 (mon.0) 74 : audit [INF] from='mgr.14142 172.21.15.119:0/4226629128' entity='mgr.smithi119.rqacbm' cmd=[{"prefix":"config rm","who":"mgr","name":"mgr/rbd_support/smithi119.rqacbm/trash_purge_schedule"}]: dispatch
2024-01-21T19:59:48.687 INFO:teuthology.orchestra.run.smithi119.stderr:Deploying grafana service with default placement...
2024-01-21T19:59:48.687 INFO:teuthology.orchestra.run.smithi119.stderr:Running command: /bin/podman run --rm --ipc=host --no-hosts --net=host --entrypoint /usr/bin/ceph --init -e CONTAINER_IMAGE=docker.io/ceph/ceph:v16.2.4 -e NODE_NAME=smithi119 -e CEPH_USE_RANDOM_NONCE=1 -v /var/log/ceph/79b26e34-b897-11ee-95b0-87774f69a715:/var/log/ceph:z -v /tmp/ceph-tmp4p8br1fe:/etc/ceph/ceph.client.admin.keyring:z -v /tmp/ceph-tmpw2_cu6oe:/etc/ceph/ceph.conf:z docker.io/ceph/ceph:v16.2.4 orch apply grafana
2024-01-21T19:59:49.025 INFO:teuthology.orchestra.run.smithi119.stderr:/usr/bin/ceph:
2024-01-21T19:59:49.029+0000 7f8e965d4700 1 Processor -- start
2024-01-21T19:59:49.025 INFO:teuthology.orchestra.run.smithi119.stderr:/usr/bin/ceph:
2024-01-21T19:59:49.029+0000 7f8e965d4700 1 -- start start
2024-01-21T19:59:49.025 INFO:teuthology.orchestra.run.smithi119.stderr:/usr/bin/ceph:
2024-01-21T19:59:49.029+0000 7f8e965d4700 1 --2- >> [v2:172.21.15.119:3300/0,v1:172.21.15.119:6789/0] conn(0x7f8e900703f0 0x7f8e900fe920 unknown :-1 s=NONE pgs=0 cs=0 l=0 rev1=0 rx=0 tx=0).connect
2024-01-21T19:59:49.025 INFO:teuthology.orchestra.run.smithi119.stderr:/usr/bin/ceph:
2024-01-21T19:59:49.029+0000 7f8e965d4700 1 -- --> [v2:172.21.15.119:3300/0,v1:172.21.15.119:6789/0] -- mon_getmap magic: 0 v1 -- 0x7f8e900fee10 con 0x7f8e900703f0
2024-01-21T19:59:49.025 INFO:teuthology.orchestra.run.smithi119.stderr:/usr/bin/ceph:
2024-01-21T19:59:49.029+0000 7f8e8ffff700 1 --2- >> [v2:172.21.15.119:3300/0,v1:172.21.15.119:6789/0] conn(0x7f8e900703f0 0x7f8e900fe920 unknown :-1 s=BANNER_CONNECTING pgs=0 cs=0 l=0 rev1=0 rx=0 tx=0)._handle_peer_banner_payload supported=1 required=0
2024-01-21T19:59:49.025 INFO:teuthology.orchestra.run.smithi119.stderr:/usr/bin/ceph:
2024-01-21T19:59:49.030+0000 7f8e8ffff700 1 --2- >> [v2:172.21.15.119:3300/0,v1:172.21.15.119:6789/0] conn(0x7f8e900703f0 0x7f8e900fe920 unknown :-1 s=HELLO_CONNECTING pgs=0 cs=0 l=0 rev1=1 rx=0 tx=0).handle_hello peer v2:172.21.15.119:3300/0 says I am v2:172.21.15.119:44460/0 (socket says 172.21.15.119:44460)
2024-01-21T19:59:49.025 INFO:teuthology.orchestra.run.smithi119.stderr:/usr/bin/ceph:
2024-01-21T19:59:49.030+0000 7f8e8ffff700 1 -- 172.21.15.119:0/816109128 learned_addr learned my addr 172.21.15.119:0/816109128 (peer_addr_for_me v2:172.21.15.119:0/0)
2024-01-21T19:59:49.025 INFO:teuthology.orchestra.run.smithi119.stderr:/usr/bin/ceph:
2024-01-21T19:59:49.030+0000 7f8e8ffff700 1 -- 172.21.15.119:0/816109128 --> [v2:172.21.15.119:3300/0,v1:172.21.15.119:6789/0] -- mon_subscribe({config=0+,monmap=0+}) v3 -- 0x7f8e900fef50 con 0x7f8e900703f0
2024-01-21T19:59:49.025 INFO:teuthology.orchestra.run.smithi119.stderr:/usr/bin/ceph:
2024-01-21T19:59:49.030+0000 7f8e8ffff700 1 --2- 172.21.15.119:0/816109128 >> [v2:172.21.15.119:3300/0,v1:172.21.15.119:6789/0] conn(0x7f8e900703f0 0x7f8e900fe920 secure :-1 s=READY pgs=56 cs=0 l=1 rev1=1 rx=0x7f8e8400b5f0 tx=0x7f8e84006ee0).ready entity=mon.0 client_cookie=68a80a0c3db9841 server_cookie=0 in_seq=0 out_seq=0
2024-01-21T19:59:49.025 INFO:teuthology.orchestra.run.smithi119.stderr:/usr/bin/ceph:
2024-01-21T19:59:49.030+0000 7f8e8effd700 1 -- 172.21.15.119:0/816109128 <== mon.0 v2:172.21.15.119:3300/0 1 ==== mon_map magic: 0 v1 ==== 229+0+0 (secure 0 0 0) 0x7f8e8400d600 con 0x7f8e900703f0
2024-01-21T19:59:49.025 INFO:teuthology.orchestra.run.smithi119.stderr:/usr/bin/ceph:
2024-01-21T19:59:49.030+0000 7f8e8effd700 1 -- 172.21.15.119:0/816109128 <== mon.0 v2:172.21.15.119:3300/0 2 ==== config(25 keys) v1 ==== 1010+0+0 (secure 0 0 0) 0x7f8e8400dbd0 con 0x7f8e900703f0
2024-01-21T19:59:49.025 INFO:teuthology.orchestra.run.smithi119.stderr:/usr/bin/ceph:
2024-01-21T19:59:49.030+0000 7f8e8effd700 1 -- 172.21.15.119:0/816109128 <== mon.0 v2:172.21.15.119:3300/0 3 ==== mon_map magic: 0 v1 ==== 229+0+0 (secure 0 0 0) 0x7f8e84011c00 con 0x7f8e900703f0
2024-01-21T19:59:49.025 INFO:teuthology.orchestra.run.smithi119.stderr:/usr/bin/ceph:
2024-01-21T19:59:49.031+0000 7f8e965d4700 1 -- 172.21.15.119:0/816109128 >> [v2:172.21.15.119:3300/0,v1:172.21.15.119:6789/0] conn(0x7f8e900703f0 msgr2=0x7f8e900fe920 secure :-1 s=STATE_CONNECTION_ESTABLISHED l=1).mark_down
2024-01-21T19:59:49.026 INFO:teuthology.orchestra.run.smithi119.stderr:/usr/bin/ceph:
2024-01-21T19:59:49.031+0000 7f8e965d4700 1 --2- 172.21.15.119:0/816109128 >> [v2:172.21.15.119:3300/0,v1:172.21.15.119:6789/0] conn(0x7f8e900703f0 0x7f8e900fe920 secure :-1 s=READY pgs=56 cs=0 l=1 rev1=1 rx=0x7f8e8400b5f0 tx=0x7f8e84006ee0).stop
2024-01-21T19:59:49.026 INFO:teuthology.orchestra.run.smithi119.stderr:/usr/bin/ceph:
2024-01-21T19:59:49.031+0000 7f8e965d4700 1 -- 172.21.15.119:0/816109128 shutdown_connections
2024-01-21T19:59:49.026 INFO:teuthology.orchestra.run.smithi119.stderr:/usr/bin/ceph:
2024-01-21T19:59:49.031+0000 7f8e965d4700 1 --2- 172.21.15.119:0/816109128 >> [v2:172.21.15.119:3300/0,v1:172.21.15.119:6789/0] conn(0x7f8e900703f0 0x7f8e900fe920 unknown :-1 s=CLOSED pgs=56 cs=0 l=1 rev1=1 rx=0 tx=0).stop
2024-01-21T19:59:49.026 INFO:teuthology.orchestra.run.smithi119.stderr:/usr/bin/ceph:
2024-01-21T19:59:49.031+0000 7f8e965d4700 1 -- 172.21.15.119:0/816109128 >> 172.21.15.119:0/816109128 conn(0x7f8e900f63c0 msgr2=0x7f8e900f87e0 unknown :-1 s=STATE_NONE l=0).mark_down
2024-01-21T19:59:49.026 INFO:teuthology.orchestra.run.smithi119.stderr:/usr/bin/ceph:
2024-01-21T19:59:49.031+0000 7f8e965d4700 1 -- 172.21.15.119:0/816109128 shutdown_connections
2024-01-21T19:59:49.026 INFO:teuthology.orchestra.run.smithi119.stderr:/usr/bin/ceph:
2024-01-21T19:59:49.031+0000 7f8e965d4700 1 -- 172.21.15.119:0/816109128 wait complete.
2024-01-21T19:59:49.026 INFO:teuthology.orchestra.run.smithi119.stderr:/usr/bin/ceph:
2024-01-21T19:59:49.031+0000 7f8e965d4700 1 Processor -- start
2024-01-21T19:59:49.026 INFO:teuthology.orchestra.run.smithi119.stderr:/usr/bin/ceph:
2024-01-21T19:59:49.031+0000 7f8e965d4700 1 -- start start
2024-01-21T19:59:49.026 INFO:teuthology.orchestra.run.smithi119.stderr:/usr/bin/ceph:
2024-01-21T19:59:49.032+0000 7f8e965d4700 1 --2- >> [v2:172.21.15.119:3300/0,v1:172.21.15.119:6789/0] conn(0x7f8e900703f0 0x7f8e9010aa50 unknown :-1 s=NONE pgs=0 cs=0 l=1 rev1=0 rx=0 tx=0).connect
2024-01-21T19:59:49.026 INFO:teuthology.orchestra.run.smithi119.stderr:/usr/bin/ceph:
2024-01-21T19:59:49.032+0000 7f8e965d4700 1 -- --> [v2:172.21.15.119:3300/0,v1:172.21.15.119:6789/0] -- mon_getmap magic: 0 v1 -- 0x7f8e9010af40 con 0x7f8e900703f0
2024-01-21T19:59:49.026 INFO:teuthology.orchestra.run.smithi119.stderr:/usr/bin/ceph:
2024-01-21T19:59:49.032+0000 7f8e8ffff700 1 --2- >> [v2:172.21.15.119:3300/0,v1:172.21.15.119:6789/0] conn(0x7f8e900703f0 0x7f8e9010aa50 unknown :-1 s=BANNER_CONNECTING pgs=0 cs=0 l=1 rev1=0 rx=0 tx=0)._handle_peer_banner_payload supported=1 required=0
2024-01-21T19:59:49.026 INFO:teuthology.orchestra.run.smithi119.stderr:/usr/bin/ceph:
2024-01-21T19:59:49.032+0000 7f8e8ffff700 1 --2- >> [v2:172.21.15.119:3300/0,v1:172.21.15.119:6789/0] conn(0x7f8e900703f0 0x7f8e9010aa50 unknown :-1 s=HELLO_CONNECTING pgs=0 cs=0 l=1 rev1=1 rx=0 tx=0).handle_hello peer v2:172.21.15.119:3300/0 says I am v2:172.21.15.119:44470/0 (socket says 172.21.15.119:44470)
2024-01-21T19:59:49.026 INFO:teuthology.orchestra.run.smithi119.stderr:/usr/bin/ceph:
2024-01-21T19:59:49.032+0000 7f8e8ffff700 1 -- 172.21.15.119:0/1765325485 learned_addr learned my addr 172.21.15.119:0/1765325485 (peer_addr_for_me v2:172.21.15.119:0/0)
2024-01-21T19:59:49.026 INFO:teuthology.orchestra.run.smithi119.stderr:/usr/bin/ceph:
2024-01-21T19:59:49.032+0000 7f8e8ffff700 1 -- 172.21.15.119:0/1765325485 --> [v2:172.21.15.119:3300/0,v1:172.21.15.119:6789/0] -- mon_subscribe({config=0+,monmap=0+}) v3 -- 0x7f8e8400b200 con 0x7f8e900703f0
2024-01-21T19:59:49.027 INFO:teuthology.orchestra.run.smithi119.stderr:/usr/bin/ceph:
2024-01-21T19:59:49.032+0000 7f8e8ffff700 1 --2- 172.21.15.119:0/1765325485 >> [v2:172.21.15.119:3300/0,v1:172.21.15.119:6789/0] conn(0x7f8e900703f0 0x7f8e9010aa50 secure :-1 s=READY pgs=57 cs=0 l=1 rev1=1 rx=0x7f8e8400e040 tx=0x7f8e84006ee0).ready entity=mon.0 client_cookie=0 server_cookie=0 in_seq=0 out_seq=0
2024-01-21T19:59:49.027 INFO:teuthology.orchestra.run.smithi119.stderr:/usr/bin/ceph:
2024-01-21T19:59:49.032+0000 7f8e8cff9700 1 -- 172.21.15.119:0/1765325485 <== mon.0 v2:172.21.15.119:3300/0 1 ==== mon_map magic: 0 v1 ==== 229+0+0 (secure 0 0 0) 0x7f8e8400d9f0 con 0x7f8e900703f0
2024-01-21T19:59:49.027 INFO:teuthology.orchestra.run.smithi119.stderr:/usr/bin/ceph:
2024-01-21T19:59:49.032+0000 7f8e8cff9700 1 -- 172.21.15.119:0/1765325485 <== mon.0 v2:172.21.15.119:3300/0 2 ==== config(25 keys) v1 ==== 1010+0+0 (secure 0 0 0) 0x7f8e8401a9f0 con 0x7f8e900703f0
2024-01-21T19:59:49.027 INFO:teuthology.orchestra.run.smithi119.stderr:/usr/bin/ceph:
2024-01-21T19:59:49.032+0000 7f8e965d4700 1 -- 172.21.15.119:0/1765325485 --> [v2:172.21.15.119:3300/0,v1:172.21.15.119:6789/0] -- mon_subscribe({mgrmap=0+}) v3 -- 0x7f8e9010b140 con 0x7f8e900703f0
2024-01-21T19:59:49.027 INFO:teuthology.orchestra.run.smithi119.stderr:/usr/bin/ceph:
2024-01-21T19:59:49.032+0000 7f8e8cff9700 1 -- 172.21.15.119:0/1765325485 <== mon.0 v2:172.21.15.119:3300/0 3 ==== mon_map magic: 0 v1 ==== 229+0+0 (secure 0 0 0) 0x7f8e8401b8c0 con 0x7f8e900703f0
2024-01-21T19:59:49.027 INFO:teuthology.orchestra.run.smithi119.stderr:/usr/bin/ceph:
2024-01-21T19:59:49.032+0000 7f8e965d4700 1 -- 172.21.15.119:0/1765325485 --> [v2:172.21.15.119:3300/0,v1:172.21.15.119:6789/0] -- mon_subscribe({osdmap=0}) v3 -- 0x7f8e9010b550 con 0x7f8e900703f0
2024-01-21T19:59:49.028 INFO:teuthology.orchestra.run.smithi119.stderr:/usr/bin/ceph:
2024-01-21T19:59:49.033+0000 7f8e8cff9700 1 -- 172.21.15.119:0/1765325485 <== mon.0 v2:172.21.15.119:3300/0 4 ==== mgrmap(e 10) v1 ==== 36054+0+0 (secure 0 0 0) 0x7f8e8400f070 con 0x7f8e900703f0
2024-01-21T19:59:49.028 INFO:teuthology.orchestra.run.smithi119.stderr:/usr/bin/ceph:
2024-01-21T19:59:49.033+0000 7f8e965d4700 1 -- 172.21.15.119:0/1765325485 --> [v2:172.21.15.119:3300/0,v1:172.21.15.119:6789/0] -- mon_command({"prefix": "get_command_descriptions"} v 0) v1 -- 0x7f8e90045ad0 con 0x7f8e900703f0
2024-01-21T19:59:49.028 INFO:teuthology.orchestra.run.smithi119.stderr:/usr/bin/ceph:
2024-01-21T19:59:49.033+0000 7f8e8cff9700 1 --2- 172.21.15.119:0/1765325485 >> [v2:172.21.15.119:6800/2754458491,v1:172.21.15.119:6801/2754458491] conn(0x7f8e7c02fd70 0x7f8e7c032230 unknown :-1 s=NONE pgs=0 cs=0 l=1 rev1=0 rx=0 tx=0).connect
2024-01-21T19:59:49.028 INFO:teuthology.orchestra.run.smithi119.stderr:/usr/bin/ceph:
2024-01-21T19:59:49.033+0000 7f8e8cff9700 1 -- 172.21.15.119:0/1765325485 <== mon.0 v2:172.21.15.119:3300/0 5 ==== osd_map(3..3 src has 1..3) v4 ==== 1098+0+0 (secure 0 0 0) 0x7f8e840412f0 con 0x7f8e900703f0
2024-01-21T19:59:49.028 INFO:teuthology.orchestra.run.smithi119.stderr:/usr/bin/ceph:
2024-01-21T19:59:49.033+0000 7f8e8f7fe700 1 --2- 172.21.15.119:0/1765325485 >> [v2:172.21.15.119:6800/2754458491,v1:172.21.15.119:6801/2754458491] conn(0x7f8e7c02fd70 0x7f8e7c032230 unknown :-1 s=BANNER_CONNECTING pgs=0 cs=0 l=1 rev1=0 rx=0 tx=0)._handle_peer_banner_payload supported=1 required=0
2024-01-21T19:59:49.028 INFO:teuthology.orchestra.run.smithi119.stderr:/usr/bin/ceph:
2024-01-21T19:59:49.034+0000 7f8e8f7fe700 1 --2- 172.21.15.119:0/1765325485 >> [v2:172.21.15.119:6800/2754458491,v1:172.21.15.119:6801/2754458491] conn(0x7f8e7c02fd70 0x7f8e7c032230 secure :-1 s=READY pgs=6 cs=0 l=1 rev1=1 rx=0x7f8e800096a0 tx=0x7f8e80006b40).ready entity=mgr.14142 client_cookie=0 server_cookie=0 in_seq=0 out_seq=0
2024-01-21T19:59:49.029 INFO:teuthology.orchestra.run.smithi119.stderr:/usr/bin/ceph:
2024-01-21T19:59:49.038+0000 7f8e8cff9700 1 -- 172.21.15.119:0/1765325485 <== mon.0 v2:172.21.15.119:3300/0 6 ==== mon_command_ack([{"prefix": "get_command_descriptions"}]=0 v0) v1 ==== 72+0+152212 (secure 0 0 0) 0x7f8e84022d50 con 0x7f8e900703f0
2024-01-21T19:59:49.207 INFO:teuthology.orchestra.run.smithi119.stderr:/usr/bin/ceph:
2024-01-21T19:59:49.215+0000 7f8e965d4700 1 -- 172.21.15.119:0/1765325485 --> [v2:172.21.15.119:6800/2754458491,v1:172.21.15.119:6801/2754458491] -- mgr_command(tid 0: {"prefix": "orch apply", "service_type": "grafana", "target": ["mon-mgr", ""]}) v1 -- 0x7f8e9010be30 con 0x7f8e7c02fd70
2024-01-21T19:59:49.210 INFO:teuthology.orchestra.run.smithi119.stderr:/usr/bin/ceph:
2024-01-21T19:59:49.218+0000 7f8e8cff9700 1 -- 172.21.15.119:0/1765325485 <== mgr.14142 v2:172.21.15.119:6800/2754458491 1 ==== mgr_command_reply(tid 0: 0 ) v1 ==== 8+0+28 (secure 0 0 0) 0x7f8e9010be30 con 0x7f8e7c02fd70
2024-01-21T19:59:49.210 INFO:teuthology.orchestra.run.smithi119.stderr:/usr/bin/ceph: Scheduled grafana update...
2024-01-21T19:59:49.213 INFO:teuthology.orchestra.run.smithi119.stderr:/usr/bin/ceph:
2024-01-21T19:59:49.220+0000 7f8e965d4700 1 -- 172.21.15.119:0/1765325485 >> [v2:172.21.15.119:6800/2754458491,v1:172.21.15.119:6801/2754458491] conn(0x7f8e7c02fd70 msgr2=0x7f8e7c032230 secure :-1 s=STATE_CONNECTION_ESTABLISHED l=1).mark_down
2024-01-21T19:59:49.213 INFO:teuthology.orchestra.run.smithi119.stderr:/usr/bin/ceph:
2024-01-21T19:59:49.220+0000 7f8e965d4700 1 --2- 172.21.15.119:0/1765325485 >> [v2:172.21.15.119:6800/2754458491,v1:172.21.15.119:6801/2754458491] conn(0x7f8e7c02fd70 0x7f8e7c032230 secure :-1 s=READY pgs=6 cs=0 l=1 rev1=1 rx=0x7f8e800096a0 tx=0x7f8e80006b40).stop
2024-01-21T19:59:49.213 INFO:teuthology.orchestra.run.smithi119.stderr:/usr/bin/ceph:
2024-01-21T19:59:49.220+0000 7f8e965d4700 1 -- 172.21.15.119:0/1765325485 >> [v2:172.21.15.119:3300/0,v1:172.21.15.119:6789/0] conn(0x7f8e900703f0 msgr2=0x7f8e9010aa50 secure :-1 s=STATE_CONNECTION_ESTABLISHED l=1).mark_down
2024-01-21T19:59:49.213 INFO:teuthology.orchestra.run.smithi119.stderr:/usr/bin/ceph:
2024-01-21T19:59:49.220+0000 7f8e965d4700 1 --2- 172.21.15.119:0/1765325485 >> [v2:172.21.15.119:3300/0,v1:172.21.15.119:6789/0] conn(0x7f8e900703f0 0x7f8e9010aa50 secure :-1 s=READY pgs=57 cs=0 l=1 rev1=1 rx=0x7f8e8400e040 tx=0x7f8e84006ee0).stop
2024-01-21T19:59:49.213 INFO:teuthology.orchestra.run.smithi119.stderr:/usr/bin/ceph:
2024-01-21T19:59:49.220+0000 7f8e965d4700 1 -- 172.21.15.119:0/1765325485 shutdown_connections
2024-01-21T19:59:49.213 INFO:teuthology.orchestra.run.smithi119.stderr:/usr/bin/ceph:
2024-01-21T19:59:49.220+0000 7f8e965d4700 1 --2- 172.21.15.119:0/1765325485 >> [v2:172.21.15.119:6800/2754458491,v1:172.21.15.119:6801/2754458491] conn(0x7f8e7c02fd70 0x7f8e7c032230 unknown :-1 s=CLOSED pgs=6 cs=0 l=1 rev1=1 rx=0 tx=0).stop
2024-01-21T19:59:49.213 INFO:teuthology.orchestra.run.smithi119.stderr:/usr/bin/ceph:
2024-01-21T19:59:49.220+0000 7f8e965d4700 1 --2- 172.21.15.119:0/1765325485 >> [v2:172.21.15.119:3300/0,v1:172.21.15.119:6789/0] conn(0x7f8e900703f0 0x7f8e9010aa50 unknown :-1 s=CLOSED pgs=57 cs=0 l=1 rev1=1 rx=0 tx=0).stop
2024-01-21T19:59:49.213 INFO:teuthology.orchestra.run.smithi119.stderr:/usr/bin/ceph:
2024-01-21T19:59:49.220+0000 7f8e965d4700 1 -- 172.21.15.119:0/1765325485 >> 172.21.15.119:0/1765325485 conn(0x7f8e900f63c0 msgr2=0x7f8e900f7f20 unknown :-1 s=STATE_NONE l=0).mark_down
2024-01-21T19:59:49.213 INFO:teuthology.orchestra.run.smithi119.stderr:/usr/bin/ceph:
2024-01-21T19:59:49.220+0000 7f8e965d4700 1 -- 172.21.15.119:0/1765325485 shutdown_connections
2024-01-21T19:59:49.213 INFO:teuthology.orchestra.run.smithi119.stderr:/usr/bin/ceph:
2024-01-21T19:59:49.220+0000 7f8e965d4700 1 -- 172.21.15.119:0/1765325485 wait complete.
2024-01-21T19:59:49.485 INFO:journalctl@ceph.mon.smithi119.smithi119.stdout:Jan 21 19:59:49 smithi119 ceph-79b26e34-b897-11ee-95b0-87774f69a715-mon.smithi119[38815]: cluster
2024-01-21T19:59:48.388330+0000 mon.smithi119 (mon.0) 75 : cluster [DBG] mgrmap e10: smithi119.rqacbm(active, since 1.05981s)
2024-01-21T19:59:49.485 INFO:journalctl@ceph.mon.smithi119.smithi119.stdout:Jan 21 19:59:49 smithi119 ceph-79b26e34-b897-11ee-95b0-87774f69a715-mon.smithi119[38815]: cephadm
2024-01-21T19:59:48.389414+0000 mgr.smithi119.rqacbm (mgr.14142) 2 : cephadm [INF] Saving service prometheus spec with placement count:1
2024-01-21T19:59:49.485 INFO:journalctl@ceph.mon.smithi119.smithi119.stdout:Jan 21 19:59:49 smithi119 ceph-79b26e34-b897-11ee-95b0-87774f69a715-mon.smithi119[38815]: audit
2024-01-21T19:59:48.391421+0000 mon.smithi119 (mon.0) 76 : audit [INF] from='mgr.14142 172.21.15.119:0/4226629128' entity='mgr.smithi119.rqacbm'
2024-01-21T19:59:49.485 INFO:journalctl@ceph.mon.smithi119.smithi119.stdout:Jan 21 19:59:49 smithi119 ceph-79b26e34-b897-11ee-95b0-87774f69a715-mon.smithi119[38815]: audit
2024-01-21T19:59:49.220120+0000 mon.smithi119 (mon.0) 77 : audit [INF] from='mgr.14142 172.21.15.119:0/4226629128' entity='mgr.smithi119.rqacbm'
2024-01-21T19:59:49.574 INFO:teuthology.orchestra.run.smithi119.stderr:Deploying node-exporter service with default placement...
2024-01-21T19:59:49.574 INFO:teuthology.orchestra.run.smithi119.stderr:Running command: /bin/podman run --rm --ipc=host --no-hosts --net=host --entrypoint /usr/bin/ceph --init -e CONTAINER_IMAGE=docker.io/ceph/ceph:v16.2.4 -e NODE_NAME=smithi119 -e CEPH_USE_RANDOM_NONCE=1 -v /var/log/ceph/79b26e34-b897-11ee-95b0-87774f69a715:/var/log/ceph:z -v /tmp/ceph-tmp4p8br1fe:/etc/ceph/ceph.client.admin.keyring:z -v /tmp/ceph-tmpw2_cu6oe:/etc/ceph/ceph.conf:z docker.io/ceph/ceph:v16.2.4 orch apply node-exporter
2024-01-21T19:59:49.920 INFO:teuthology.orchestra.run.smithi119.stderr:/usr/bin/ceph:
2024-01-21T19:59:49.925+0000 7f576dc08700 1 Processor -- start
2024-01-21T19:59:49.920 INFO:teuthology.orchestra.run.smithi119.stderr:/usr/bin/ceph:
2024-01-21T19:59:49.925+0000 7f576dc08700 1 -- start start
2024-01-21T19:59:49.920 INFO:teuthology.orchestra.run.smithi119.stderr:/usr/bin/ceph:
2024-01-21T19:59:49.925+0000 7f576dc08700 1 --2- >> [v2:172.21.15.119:3300/0,v1:172.21.15.119:6789/0] conn(0x7f57680704a0 0x7f57680fe8f0 unknown :-1 s=NONE pgs=0 cs=0 l=0 rev1=0 rx=0 tx=0).connect
2024-01-21T19:59:49.920 INFO:teuthology.orchestra.run.smithi119.stderr:/usr/bin/ceph:
2024-01-21T19:59:49.925+0000 7f576dc08700 1 -- --> [v2:172.21.15.119:3300/0,v1:172.21.15.119:6789/0] -- mon_getmap magic: 0 v1 -- 0x7f57680fede0 con 0x7f57680704a0
2024-01-21T19:59:49.921 INFO:teuthology.orchestra.run.smithi119.stderr:/usr/bin/ceph:
2024-01-21T19:59:49.925+0000 7f57677fe700 1 --2- >> [v2:172.21.15.119:3300/0,v1:172.21.15.119:6789/0] conn(0x7f57680704a0 0x7f57680fe8f0 unknown :-1 s=BANNER_CONNECTING pgs=0 cs=0 l=0 rev1=0 rx=0 tx=0)._handle_peer_banner_payload supported=1 required=0
2024-01-21T19:59:49.921 INFO:teuthology.orchestra.run.smithi119.stderr:/usr/bin/ceph:
2024-01-21T19:59:49.925+0000 7f57677fe700 1 --2- >> [v2:172.21.15.119:3300/0,v1:172.21.15.119:6789/0] conn(0x7f57680704a0 0x7f57680fe8f0 unknown :-1 s=HELLO_CONNECTING pgs=0 cs=0 l=0 rev1=1 rx=0 tx=0).handle_hello peer v2:172.21.15.119:3300/0 says I am v2:172.21.15.119:44480/0 (socket says 172.21.15.119:44480)
2024-01-21T19:59:49.921 INFO:teuthology.orchestra.run.smithi119.stderr:/usr/bin/ceph:
2024-01-21T19:59:49.925+0000 7f57677fe700 1 -- 172.21.15.119:0/731400847 learned_addr learned my addr 172.21.15.119:0/731400847 (peer_addr_for_me v2:172.21.15.119:0/0)
2024-01-21T19:59:49.921 INFO:teuthology.orchestra.run.smithi119.stderr:/usr/bin/ceph:
2024-01-21T19:59:49.925+0000 7f57677fe700 1 -- 172.21.15.119:0/731400847 --> [v2:172.21.15.119:3300/0,v1:172.21.15.119:6789/0] -- mon_subscribe({config=0+,monmap=0+}) v3 -- 0x7f57680fef20 con 0x7f57680704a0
2024-01-21T19:59:49.921 INFO:teuthology.orchestra.run.smithi119.stderr:/usr/bin/ceph:
2024-01-21T19:59:49.925+0000 7f57677fe700 1 --2- 172.21.15.119:0/731400847 >> [v2:172.21.15.119:3300/0,v1:172.21.15.119:6789/0] conn(0x7f57680704a0 0x7f57680fe8f0 secure :-1 s=READY pgs=58 cs=0 l=1 rev1=1 rx=0x7f575800b5f0 tx=0x7f5758006ee0).ready entity=mon.0 client_cookie=82f41bdcc4d4351b server_cookie=0 in_seq=0 out_seq=0
2024-01-21T19:59:49.921 INFO:teuthology.orchestra.run.smithi119.stderr:/usr/bin/ceph:
2024-01-21T19:59:49.926+0000 7f57667fc700 1 -- 172.21.15.119:0/731400847 <== mon.0 v2:172.21.15.119:3300/0 1 ==== mon_map magic: 0 v1 ==== 229+0+0 (secure 0 0 0) 0x7f575800d600 con 0x7f57680704a0
2024-01-21T19:59:49.921 INFO:teuthology.orchestra.run.smithi119.stderr:/usr/bin/ceph:
2024-01-21T19:59:49.926+0000 7f57667fc700 1 -- 172.21.15.119:0/731400847 <== mon.0 v2:172.21.15.119:3300/0 2 ==== config(25 keys) v1 ==== 1010+0+0 (secure 0 0 0) 0x7f575800dbd0 con 0x7f57680704a0
2024-01-21T19:59:49.921 INFO:teuthology.orchestra.run.smithi119.stderr:/usr/bin/ceph:
