2024-01-21T19:59:36.091+0000 7f4a720f8700 1 --2- 172.21.15.119:0/2528520255 >> [v2:172.21.15.119:3300/0,v1:172.21.15.119:6789/0] conn(0x7f4a6c070370 0x7f4a6c0fc420 secure :-1 s=READY pgs=34 cs=0 l=1 rev1=1 rx=0x7f4a5400b190 tx=0x7f4a54006ee0).stop
2024-01-21T19:59:36.082 INFO:teuthology.orchestra.run.smithi119.stderr:/usr/bin/ceph:
2024-01-21T19:59:36.091+0000 7f4a720f8700 1 -- 172.21.15.119:0/2528520255 shutdown_connections
2024-01-21T19:59:36.083 INFO:teuthology.orchestra.run.smithi119.stderr:/usr/bin/ceph:
2024-01-21T19:59:36.091+0000 7f4a720f8700 1 --2- 172.21.15.119:0/2528520255 >> [v2:172.21.15.119:6800/240399160,v1:172.21.15.119:6801/240399160] conn(0x7f4a4c02fdb0 0x7f4a4c032270 unknown :-1 s=CLOSED pgs=8 cs=0 l=1 rev1=1 rx=0 tx=0).stop
2024-01-21T19:59:36.083 INFO:teuthology.orchestra.run.smithi119.stderr:/usr/bin/ceph:
2024-01-21T19:59:36.091+0000 7f4a720f8700 1 --2- 172.21.15.119:0/2528520255 >> [v2:172.21.15.119:3300/0,v1:172.21.15.119:6789/0] conn(0x7f4a6c070370 0x7f4a6c0fc420 unknown :-1 s=CLOSED pgs=34 cs=0 l=1 rev1=1 rx=0 tx=0).stop
2024-01-21T19:59:36.083 INFO:teuthology.orchestra.run.smithi119.stderr:/usr/bin/ceph:
2024-01-21T19:59:36.091+0000 7f4a720f8700 1 -- 172.21.15.119:0/2528520255 >> 172.21.15.119:0/2528520255 conn(0x7f4a6c0f63c0 msgr2=0x7f4a6c0f7f20 unknown :-1 s=STATE_NONE l=0).mark_down
2024-01-21T19:59:36.083 INFO:teuthology.orchestra.run.smithi119.stderr:/usr/bin/ceph:
2024-01-21T19:59:36.091+0000 7f4a720f8700 1 -- 172.21.15.119:0/2528520255 shutdown_connections
2024-01-21T19:59:36.083 INFO:teuthology.orchestra.run.smithi119.stderr:/usr/bin/ceph:
2024-01-21T19:59:36.091+0000 7f4a720f8700 1 -- 172.21.15.119:0/2528520255 wait complete.
2024-01-21T19:59:36.451 INFO:teuthology.orchestra.run.smithi119.stderr:Running command: /bin/podman run --rm --ipc=host --no-hosts --net=host --entrypoint /usr/bin/ceph --init -e CONTAINER_IMAGE=docker.io/ceph/ceph:v16.2.4 -e NODE_NAME=smithi119 -e CEPH_USE_RANDOM_NONCE=1 -v /var/log/ceph/79b26e34-b897-11ee-95b0-87774f69a715:/var/log/ceph:z -v /tmp/ceph-tmp4p8br1fe:/etc/ceph/ceph.client.admin.keyring:z -v /tmp/ceph-tmpw2_cu6oe:/etc/ceph/ceph.conf:z docker.io/ceph/ceph:v16.2.4 cephadm get-pub-key
2024-01-21T19:59:36.770 INFO:teuthology.orchestra.run.smithi119.stderr:/usr/bin/ceph:
2024-01-21T19:59:36.776+0000 7f9bdc3e9700 1 Processor -- start
2024-01-21T19:59:36.770 INFO:teuthology.orchestra.run.smithi119.stderr:/usr/bin/ceph:
2024-01-21T19:59:36.776+0000 7f9bdc3e9700 1 -- start start
2024-01-21T19:59:36.770 INFO:teuthology.orchestra.run.smithi119.stderr:/usr/bin/ceph:
2024-01-21T19:59:36.776+0000 7f9bdc3e9700 1 --2- >> [v2:172.21.15.119:3300/0,v1:172.21.15.119:6789/0] conn(0x7f9bd40703f0 0x7f9bd40fe920 unknown :-1 s=NONE pgs=0 cs=0 l=0 rev1=0 rx=0 tx=0).connect
2024-01-21T19:59:36.770 INFO:teuthology.orchestra.run.smithi119.stderr:/usr/bin/ceph:
2024-01-21T19:59:36.776+0000 7f9bdc3e9700 1 -- --> [v2:172.21.15.119:3300/0,v1:172.21.15.119:6789/0] -- mon_getmap magic: 0 v1 -- 0x7f9bd40fee10 con 0x7f9bd40703f0
2024-01-21T19:59:36.770 INFO:teuthology.orchestra.run.smithi119.stderr:/usr/bin/ceph:
2024-01-21T19:59:36.776+0000 7f9bda185700 1 --2- >> [v2:172.21.15.119:3300/0,v1:172.21.15.119:6789/0] conn(0x7f9bd40703f0 0x7f9bd40fe920 unknown :-1 s=BANNER_CONNECTING pgs=0 cs=0 l=0 rev1=0 rx=0 tx=0)._handle_peer_banner_payload supported=1 required=0
2024-01-21T19:59:36.770 INFO:teuthology.orchestra.run.smithi119.stderr:/usr/bin/ceph:
2024-01-21T19:59:36.777+0000 7f9bda185700 1 --2- >> [v2:172.21.15.119:3300/0,v1:172.21.15.119:6789/0] conn(0x7f9bd40703f0 0x7f9bd40fe920 unknown :-1 s=HELLO_CONNECTING pgs=0 cs=0 l=0 rev1=1 rx=0 tx=0).handle_hello peer v2:172.21.15.119:3300/0 says I am v2:172.21.15.119:56020/0 (socket says 172.21.15.119:56020)
2024-01-21T19:59:36.770 INFO:teuthology.orchestra.run.smithi119.stderr:/usr/bin/ceph:
2024-01-21T19:59:36.777+0000 7f9bda185700 1 -- 172.21.15.119:0/2795358193 learned_addr learned my addr 172.21.15.119:0/2795358193 (peer_addr_for_me v2:172.21.15.119:0/0)
2024-01-21T19:59:36.770 INFO:teuthology.orchestra.run.smithi119.stderr:/usr/bin/ceph:
2024-01-21T19:59:36.777+0000 7f9bda185700 1 -- 172.21.15.119:0/2795358193 --> [v2:172.21.15.119:3300/0,v1:172.21.15.119:6789/0] -- mon_subscribe({config=0+,monmap=0+}) v3 -- 0x7f9bd40fef50 con 0x7f9bd40703f0
2024-01-21T19:59:36.770 INFO:teuthology.orchestra.run.smithi119.stderr:/usr/bin/ceph:
2024-01-21T19:59:36.777+0000 7f9bda185700 1 --2- 172.21.15.119:0/2795358193 >> [v2:172.21.15.119:3300/0,v1:172.21.15.119:6789/0] conn(0x7f9bd40703f0 0x7f9bd40fe920 secure :-1 s=READY pgs=35 cs=0 l=1 rev1=1 rx=0x7f9bc400b5f0 tx=0x7f9bc4006ee0).ready entity=mon.0 client_cookie=64682dd9d5953c9b server_cookie=0 in_seq=0 out_seq=0
2024-01-21T19:59:36.771 INFO:teuthology.orchestra.run.smithi119.stderr:/usr/bin/ceph:
2024-01-21T19:59:36.777+0000 7f9bd9183700 1 -- 172.21.15.119:0/2795358193 <== mon.0 v2:172.21.15.119:3300/0 1 ==== mon_map magic: 0 v1 ==== 229+0+0 (secure 0 0 0) 0x7f9bc400d600 con 0x7f9bd40703f0
2024-01-21T19:59:36.771 INFO:teuthology.orchestra.run.smithi119.stderr:/usr/bin/ceph:
2024-01-21T19:59:36.777+0000 7f9bd9183700 1 -- 172.21.15.119:0/2795358193 <== mon.0 v2:172.21.15.119:3300/0 2 ==== config(25 keys) v1 ==== 1010+0+0 (secure 0 0 0) 0x7f9bc400dbd0 con 0x7f9bd40703f0
2024-01-21T19:59:36.771 INFO:teuthology.orchestra.run.smithi119.stderr:/usr/bin/ceph:
2024-01-21T19:59:36.777+0000 7f9bd9183700 1 -- 172.21.15.119:0/2795358193 <== mon.0 v2:172.21.15.119:3300/0 3 ==== mon_map magic: 0 v1 ==== 229+0+0 (secure 0 0 0) 0x7f9bc4011c00 con 0x7f9bd40703f0
2024-01-21T19:59:36.771 INFO:teuthology.orchestra.run.smithi119.stderr:/usr/bin/ceph:
2024-01-21T19:59:36.778+0000 7f9bdc3e9700 1 -- 172.21.15.119:0/2795358193 >> [v2:172.21.15.119:3300/0,v1:172.21.15.119:6789/0] conn(0x7f9bd40703f0 msgr2=0x7f9bd40fe920 secure :-1 s=STATE_CONNECTION_ESTABLISHED l=1).mark_down
2024-01-21T19:59:36.771 INFO:teuthology.orchestra.run.smithi119.stderr:/usr/bin/ceph:
2024-01-21T19:59:36.778+0000 7f9bdc3e9700 1 --2- 172.21.15.119:0/2795358193 >> [v2:172.21.15.119:3300/0,v1:172.21.15.119:6789/0] conn(0x7f9bd40703f0 0x7f9bd40fe920 secure :-1 s=READY pgs=35 cs=0 l=1 rev1=1 rx=0x7f9bc400b5f0 tx=0x7f9bc4006ee0).stop
2024-01-21T19:59:36.771 INFO:teuthology.orchestra.run.smithi119.stderr:/usr/bin/ceph:
2024-01-21T19:59:36.778+0000 7f9bdc3e9700 1 -- 172.21.15.119:0/2795358193 shutdown_connections
2024-01-21T19:59:36.771 INFO:teuthology.orchestra.run.smithi119.stderr:/usr/bin/ceph:
2024-01-21T19:59:36.778+0000 7f9bdc3e9700 1 --2- 172.21.15.119:0/2795358193 >> [v2:172.21.15.119:3300/0,v1:172.21.15.119:6789/0] conn(0x7f9bd40703f0 0x7f9bd40fe920 unknown :-1 s=CLOSED pgs=35 cs=0 l=1 rev1=1 rx=0 tx=0).stop
2024-01-21T19:59:36.771 INFO:teuthology.orchestra.run.smithi119.stderr:/usr/bin/ceph:
2024-01-21T19:59:36.778+0000 7f9bdc3e9700 1 -- 172.21.15.119:0/2795358193 >> 172.21.15.119:0/2795358193 conn(0x7f9bd40f63c0 msgr2=0x7f9bd40f87e0 unknown :-1 s=STATE_NONE l=0).mark_down
2024-01-21T19:59:36.771 INFO:teuthology.orchestra.run.smithi119.stderr:/usr/bin/ceph:
2024-01-21T19:59:36.778+0000 7f9bdc3e9700 1 -- 172.21.15.119:0/2795358193 shutdown_connections
2024-01-21T19:59:36.771 INFO:teuthology.orchestra.run.smithi119.stderr:/usr/bin/ceph:
2024-01-21T19:59:36.778+0000 7f9bdc3e9700 1 -- 172.21.15.119:0/2795358193 wait complete.
2024-01-21T19:59:36.771 INFO:teuthology.orchestra.run.smithi119.stderr:/usr/bin/ceph:
2024-01-21T19:59:36.778+0000 7f9bdc3e9700 1 Processor -- start
2024-01-21T19:59:36.771 INFO:teuthology.orchestra.run.smithi119.stderr:/usr/bin/ceph:
2024-01-21T19:59:36.778+0000 7f9bdc3e9700 1 -- start start
2024-01-21T19:59:36.771 INFO:teuthology.orchestra.run.smithi119.stderr:/usr/bin/ceph:
2024-01-21T19:59:36.778+0000 7f9bdc3e9700 1 --2- >> [v2:172.21.15.119:3300/0,v1:172.21.15.119:6789/0] conn(0x7f9bd40703f0 0x7f9bd410a9c0 unknown :-1 s=NONE pgs=0 cs=0 l=1 rev1=0 rx=0 tx=0).connect
2024-01-21T19:59:36.772 INFO:teuthology.orchestra.run.smithi119.stderr:/usr/bin/ceph:
2024-01-21T19:59:36.778+0000 7f9bdc3e9700 1 -- --> [v2:172.21.15.119:3300/0,v1:172.21.15.119:6789/0] -- mon_getmap magic: 0 v1 -- 0x7f9bd410aeb0 con 0x7f9bd40703f0
2024-01-21T19:59:36.772 INFO:teuthology.orchestra.run.smithi119.stderr:/usr/bin/ceph:
2024-01-21T19:59:36.779+0000 7f9bda185700 1 --2- >> [v2:172.21.15.119:3300/0,v1:172.21.15.119:6789/0] conn(0x7f9bd40703f0 0x7f9bd410a9c0 unknown :-1 s=BANNER_CONNECTING pgs=0 cs=0 l=1 rev1=0 rx=0 tx=0)._handle_peer_banner_payload supported=1 required=0
2024-01-21T19:59:36.772 INFO:teuthology.orchestra.run.smithi119.stderr:/usr/bin/ceph:
2024-01-21T19:59:36.779+0000 7f9bda185700 1 --2- >> [v2:172.21.15.119:3300/0,v1:172.21.15.119:6789/0] conn(0x7f9bd40703f0 0x7f9bd410a9c0 unknown :-1 s=HELLO_CONNECTING pgs=0 cs=0 l=1 rev1=1 rx=0 tx=0).handle_hello peer v2:172.21.15.119:3300/0 says I am v2:172.21.15.119:56026/0 (socket says 172.21.15.119:56026)
2024-01-21T19:59:36.772 INFO:teuthology.orchestra.run.smithi119.stderr:/usr/bin/ceph:
2024-01-21T19:59:36.779+0000 7f9bda185700 1 -- 172.21.15.119:0/1585296155 learned_addr learned my addr 172.21.15.119:0/1585296155 (peer_addr_for_me v2:172.21.15.119:0/0)
2024-01-21T19:59:36.772 INFO:teuthology.orchestra.run.smithi119.stderr:/usr/bin/ceph:
2024-01-21T19:59:36.779+0000 7f9bda185700 1 -- 172.21.15.119:0/1585296155 --> [v2:172.21.15.119:3300/0,v1:172.21.15.119:6789/0] -- mon_subscribe({config=0+,monmap=0+}) v3 -- 0x7f9bc400b200 con 0x7f9bd40703f0
2024-01-21T19:59:36.773 INFO:teuthology.orchestra.run.smithi119.stderr:/usr/bin/ceph:
2024-01-21T19:59:36.779+0000 7f9bda185700 1 --2- 172.21.15.119:0/1585296155 >> [v2:172.21.15.119:3300/0,v1:172.21.15.119:6789/0] conn(0x7f9bd40703f0 0x7f9bd410a9c0 secure :-1 s=READY pgs=36 cs=0 l=1 rev1=1 rx=0x7f9bc400b190 tx=0x7f9bc4006ee0).ready entity=mon.0 client_cookie=0 server_cookie=0 in_seq=0 out_seq=0
2024-01-21T19:59:36.773 INFO:teuthology.orchestra.run.smithi119.stderr:/usr/bin/ceph:
2024-01-21T19:59:36.779+0000 7f9bc2ffd700 1 -- 172.21.15.119:0/1585296155 <== mon.0 v2:172.21.15.119:3300/0 1 ==== mon_map magic: 0 v1 ==== 229+0+0 (secure 0 0 0) 0x7f9bc401b410 con 0x7f9bd40703f0
2024-01-21T19:59:36.773 INFO:teuthology.orchestra.run.smithi119.stderr:/usr/bin/ceph:
2024-01-21T19:59:36.779+0000 7f9bc2ffd700 1 -- 172.21.15.119:0/1585296155 <== mon.0 v2:172.21.15.119:3300/0 2 ==== config(25 keys) v1 ==== 1010+0+0 (secure 0 0 0) 0x7f9bc401b9e0 con 0x7f9bd40703f0
2024-01-21T19:59:36.773 INFO:teuthology.orchestra.run.smithi119.stderr:/usr/bin/ceph:
2024-01-21T19:59:36.779+0000 7f9bc2ffd700 1 -- 172.21.15.119:0/1585296155 <== mon.0 v2:172.21.15.119:3300/0 3 ==== mon_map magic: 0 v1 ==== 229+0+0 (secure 0 0 0) 0x7f9bc401a880 con 0x7f9bd40703f0
2024-01-21T19:59:36.773 INFO:teuthology.orchestra.run.smithi119.stderr:/usr/bin/ceph:
2024-01-21T19:59:36.779+0000 7f9bdc3e9700 1 -- 172.21.15.119:0/1585296155 --> [v2:172.21.15.119:3300/0,v1:172.21.15.119:6789/0] -- mon_subscribe({mgrmap=0+}) v3 -- 0x7f9bd410b0b0 con 0x7f9bd40703f0
2024-01-21T19:59:36.773 INFO:teuthology.orchestra.run.smithi119.stderr:/usr/bin/ceph:
2024-01-21T19:59:36.779+0000 7f9bdc3e9700 1 -- 172.21.15.119:0/1585296155 --> [v2:172.21.15.119:3300/0,v1:172.21.15.119:6789/0] -- mon_subscribe({osdmap=0}) v3 -- 0x7f9bd410b4c0 con 0x7f9bd40703f0
2024-01-21T19:59:36.773 INFO:teuthology.orchestra.run.smithi119.stderr:/usr/bin/ceph:
2024-01-21T19:59:36.780+0000 7f9bc2ffd700 1 -- 172.21.15.119:0/1585296155 <== mon.0 v2:172.21.15.119:3300/0 4 ==== mgrmap(e 7) v1 ==== 36120+0+0 (secure 0 0 0) 0x7f9bc400f070 con 0x7f9bd40703f0
2024-01-21T19:59:36.773 INFO:teuthology.orchestra.run.smithi119.stderr:/usr/bin/ceph:
2024-01-21T19:59:36.780+0000 7f9bc2ffd700 1 --2- 172.21.15.119:0/1585296155 >> [v2:172.21.15.119:6800/240399160,v1:172.21.15.119:6801/240399160] conn(0x7f9bbc02fdb0 0x7f9bbc032270 unknown :-1 s=NONE pgs=0 cs=0 l=1 rev1=0 rx=0 tx=0).connect
2024-01-21T19:59:36.773 INFO:teuthology.orchestra.run.smithi119.stderr:/usr/bin/ceph:
2024-01-21T19:59:36.780+0000 7f9bc2ffd700 1 -- 172.21.15.119:0/1585296155 <== mon.0 v2:172.21.15.119:3300/0 5 ==== osd_map(2..2 src has 1..2) v4 ==== 926+0+0 (secure 0 0 0) 0x7f9bc40411a0 con 0x7f9bd40703f0
2024-01-21T19:59:36.774 INFO:teuthology.orchestra.run.smithi119.stderr:/usr/bin/ceph:
2024-01-21T19:59:36.780+0000 7f9bdc3e9700 1 -- 172.21.15.119:0/1585296155 --> [v2:172.21.15.119:3300/0,v1:172.21.15.119:6789/0] -- mon_command({"prefix": "get_command_descriptions"} v 0) v1 -- 0x7f9bd4045ad0 con 0x7f9bd40703f0
2024-01-21T19:59:36.774 INFO:teuthology.orchestra.run.smithi119.stderr:/usr/bin/ceph:
2024-01-21T19:59:36.780+0000 7f9bd9984700 1 --2- 172.21.15.119:0/1585296155 >> [v2:172.21.15.119:6800/240399160,v1:172.21.15.119:6801/240399160] conn(0x7f9bbc02fdb0 0x7f9bbc032270 unknown :-1 s=BANNER_CONNECTING pgs=0 cs=0 l=1 rev1=0 rx=0 tx=0)._handle_peer_banner_payload supported=1 required=0
2024-01-21T19:59:36.774 INFO:teuthology.orchestra.run.smithi119.stderr:/usr/bin/ceph:
2024-01-21T19:59:36.780+0000 7f9bd9984700 1 --2- 172.21.15.119:0/1585296155 >> [v2:172.21.15.119:6800/240399160,v1:172.21.15.119:6801/240399160] conn(0x7f9bbc02fdb0 0x7f9bbc032270 secure :-1 s=READY pgs=9 cs=0 l=1 rev1=1 rx=0x7f9bd00096a0 tx=0x7f9bd0006b40).ready entity=mgr.14114 client_cookie=0 server_cookie=0 in_seq=0 out_seq=0
2024-01-21T19:59:36.775 INFO:teuthology.orchestra.run.smithi119.stderr:/usr/bin/ceph:
2024-01-21T19:59:36.784+0000 7f9bc2ffd700 1 -- 172.21.15.119:0/1585296155 <== mon.0 v2:172.21.15.119:3300/0 6 ==== mon_command_ack([{"prefix": "get_command_descriptions"}]=0 v0) v1 ==== 72+0+152212 (secure 0 0 0) 0x7f9bc4025460 con 0x7f9bd40703f0
2024-01-21T19:59:36.925 INFO:teuthology.orchestra.run.smithi119.stderr:/usr/bin/ceph:
2024-01-21T19:59:36.933+0000 7f9bdc3e9700 1 -- 172.21.15.119:0/1585296155 --> [v2:172.21.15.119:6800/240399160,v1:172.21.15.119:6801/240399160] -- mgr_command(tid 0: {"prefix": "cephadm get-pub-key", "target": ["mon-mgr", ""]}) v1 -- 0x7f9bd4104900 con 0x7f9bbc02fdb0
2024-01-21T19:59:36.925 INFO:teuthology.orchestra.run.smithi119.stderr:/usr/bin/ceph:
2024-01-21T19:59:36.934+0000 7f9bc2ffd700 1 -- 172.21.15.119:0/1585296155 <== mgr.14114 v2:172.21.15.119:6800/240399160 1 ==== mgr_command_reply(tid 0: 0 ) v1 ==== 8+0+595 (secure 0 0 0) 0x7f9bd4104900 con 0x7f9bbc02fdb0
2024-01-21T19:59:36.925 INFO:teuthology.orchestra.run.smithi119.stderr:/usr/bin/ceph: ssh-rsa AAAAB3NzaC1yc2EAAAADAQABAAABgQC+YY1WDnw6M9Okf9N8Hn2MO6pKuPeL6ZW86vJySGF/Y7m2sOKYeATKpmCFPC2b30AwTofz5mYoAzvDuLoUwWCV8eVK5bEDzDDFv6yRiBxCBfLTdpFPH/9OrGO7v1RszvcWPGivrKdFlXh+qgShKMTVnFausqGtDpb29LCct2P3V6aw4cUABHena3UfmoRdwV+YvPcX0V+0hA3Hd+vAJdqP4RYfCQ4wxg73nsfZAhzqz2/fKq1hrDrWWHqY4IQBl78Fsm+tvCvOcFhR+olLEj80d99mx8HS6J+/xTSdcPU0kze6P7k3s9F4qRPHQ9dcSfMIabhKsiijswARfn1XS3Ulsl7LLwDjdjC3OC86aUmm0A8n089EB+75/Z+0NjRPMPGUpepLgDTRITBFikag+9sercu2r7joFy59ltDSCeC3kwgkHfTh0aPQGul4HH20op4fdg1q4R+jaFYZNZKh2nMuc/sxr061wwTnj0nvQhffwDZPqQkIP5pVHAV1zyKbNuc= ceph-79b26e34-b897-11ee-95b0-87774f69a715
2024-01-21T19:59:36.927 INFO:teuthology.orchestra.run.smithi119.stderr:/usr/bin/ceph:
2024-01-21T19:59:36.935+0000 7f9bdc3e9700 1 -- 172.21.15.119:0/1585296155 >> [v2:172.21.15.119:6800/240399160,v1:172.21.15.119:6801/240399160] conn(0x7f9bbc02fdb0 msgr2=0x7f9bbc032270 secure :-1 s=STATE_CONNECTION_ESTABLISHED l=1).mark_down
2024-01-21T19:59:36.927 INFO:teuthology.orchestra.run.smithi119.stderr:/usr/bin/ceph:
2024-01-21T19:59:36.935+0000 7f9bdc3e9700 1 --2- 172.21.15.119:0/1585296155 >> [v2:172.21.15.119:6800/240399160,v1:172.21.15.119:6801/240399160] conn(0x7f9bbc02fdb0 0x7f9bbc032270 secure :-1 s=READY pgs=9 cs=0 l=1 rev1=1 rx=0x7f9bd00096a0 tx=0x7f9bd0006b40).stop
2024-01-21T19:59:36.927 INFO:teuthology.orchestra.run.smithi119.stderr:/usr/bin/ceph:
2024-01-21T19:59:36.935+0000 7f9bdc3e9700 1 -- 172.21.15.119:0/1585296155 >> [v2:172.21.15.119:3300/0,v1:172.21.15.119:6789/0] conn(0x7f9bd40703f0 msgr2=0x7f9bd410a9c0 secure :-1 s=STATE_CONNECTION_ESTABLISHED l=1).mark_down
2024-01-21T19:59:36.927 INFO:teuthology.orchestra.run.smithi119.stderr:/usr/bin/ceph:
2024-01-21T19:59:36.935+0000 7f9bdc3e9700 1 --2- 172.21.15.119:0/1585296155 >> [v2:172.21.15.119:3300/0,v1:172.21.15.119:6789/0] conn(0x7f9bd40703f0 0x7f9bd410a9c0 secure :-1 s=READY pgs=36 cs=0 l=1 rev1=1 rx=0x7f9bc400b190 tx=0x7f9bc4006ee0).stop
2024-01-21T19:59:36.927 INFO:teuthology.orchestra.run.smithi119.stderr:/usr/bin/ceph:
2024-01-21T19:59:36.936+0000 7f9bdc3e9700 1 -- 172.21.15.119:0/1585296155 shutdown_connections
2024-01-21T19:59:36.928 INFO:teuthology.orchestra.run.smithi119.stderr:/usr/bin/ceph:
2024-01-21T19:59:36.936+0000 7f9bdc3e9700 1 --2- 172.21.15.119:0/1585296155 >> [v2:172.21.15.119:6800/240399160,v1:172.21.15.119:6801/240399160] conn(0x7f9bbc02fdb0 0x7f9bbc032270 unknown :-1 s=CLOSED pgs=9 cs=0 l=1 rev1=1 rx=0 tx=0).stop
2024-01-21T19:59:36.928 INFO:teuthology.orchestra.run.smithi119.stderr:/usr/bin/ceph:
2024-01-21T19:59:36.936+0000 7f9bdc3e9700 1 --2- 172.21.15.119:0/1585296155 >> [v2:172.21.15.119:3300/0,v1:172.21.15.119:6789/0] conn(0x7f9bd40703f0 0x7f9bd410a9c0 unknown :-1 s=CLOSED pgs=36 cs=0 l=1 rev1=1 rx=0 tx=0).stop
2024-01-21T19:59:36.928 INFO:teuthology.orchestra.run.smithi119.stderr:/usr/bin/ceph:
2024-01-21T19:59:36.936+0000 7f9bdc3e9700 1 -- 172.21.15.119:0/1585296155 >> 172.21.15.119:0/1585296155 conn(0x7f9bd40f63c0 msgr2=0x7f9bd40f7ee0 unknown :-1 s=STATE_NONE l=0).mark_down
2024-01-21T19:59:36.928 INFO:teuthology.orchestra.run.smithi119.stderr:/usr/bin/ceph:
2024-01-21T19:59:36.936+0000 7f9bdc3e9700 1 -- 172.21.15.119:0/1585296155 shutdown_connections
2024-01-21T19:59:36.928 INFO:teuthology.orchestra.run.smithi119.stderr:/usr/bin/ceph:
2024-01-21T19:59:36.936+0000 7f9bdc3e9700 1 -- 172.21.15.119:0/1585296155 wait complete.
2024-01-21T19:59:37.203 INFO:journalctl@ceph.mon.smithi119.smithi119.stdout:Jan 21 19:59:37 smithi119 ceph-79b26e34-b897-11ee-95b0-87774f69a715-mon.smithi119[38815]: cephadm
2024-01-21T19:59:35.758246+0000 mgr.smithi119.rqacbm (mgr.14114) 6 : cephadm [INF] Generating ssh key...
2024-01-21T19:59:37.204 INFO:journalctl@ceph.mon.smithi119.smithi119.stdout:Jan 21 19:59:37 smithi119 ceph-79b26e34-b897-11ee-95b0-87774f69a715-mon.smithi119[38815]: audit
2024-01-21T19:59:36.087265+0000 mon.smithi119 (mon.0) 51 : audit [INF] from='mgr.14114 172.21.15.119:0/3303652597' entity='mgr.smithi119.rqacbm'
2024-01-21T19:59:37.204 INFO:journalctl@ceph.mon.smithi119.smithi119.stdout:Jan 21 19:59:37 smithi119 ceph-79b26e34-b897-11ee-95b0-87774f69a715-mon.smithi119[38815]: audit
2024-01-21T19:59:36.089033+0000 mon.smithi119 (mon.0) 52 : audit [INF] from='mgr.14114 172.21.15.119:0/3303652597' entity='mgr.smithi119.rqacbm'
2024-01-21T19:59:37.276 INFO:teuthology.orchestra.run.smithi119.stderr:Wrote public SSH key to /home/ubuntu/cephtest/ceph.pub
2024-01-21T19:59:37.277 INFO:teuthology.orchestra.run.smithi119.stderr:Adding key to root@localhost authorized_keys...
2024-01-21T19:59:37.277 INFO:teuthology.orchestra.run.smithi119.stderr:Adding host smithi119...
2024-01-21T19:59:37.277 INFO:teuthology.orchestra.run.smithi119.stderr:Running command: /bin/podman run --rm --ipc=host --no-hosts --net=host --entrypoint /usr/bin/ceph --init -e CONTAINER_IMAGE=docker.io/ceph/ceph:v16.2.4 -e NODE_NAME=smithi119 -e CEPH_USE_RANDOM_NONCE=1 -v /var/log/ceph/79b26e34-b897-11ee-95b0-87774f69a715:/var/log/ceph:z -v /tmp/ceph-tmp4p8br1fe:/etc/ceph/ceph.client.admin.keyring:z -v /tmp/ceph-tmpw2_cu6oe:/etc/ceph/ceph.conf:z docker.io/ceph/ceph:v16.2.4 orch host add smithi119 172.21.15.119
2024-01-21T19:59:37.611 INFO:teuthology.orchestra.run.smithi119.stderr:/usr/bin/ceph:
2024-01-21T19:59:37.616+0000 7fa737bdc700 1 Processor -- start
2024-01-21T19:59:37.612 INFO:teuthology.orchestra.run.smithi119.stderr:/usr/bin/ceph:
2024-01-21T19:59:37.616+0000 7fa737bdc700 1 -- start start
2024-01-21T19:59:37.612 INFO:teuthology.orchestra.run.smithi119.stderr:/usr/bin/ceph:
2024-01-21T19:59:37.616+0000 7fa737bdc700 1 --2- >> [v2:172.21.15.119:3300/0,v1:172.21.15.119:6789/0] conn(0x7fa730070430 0x7fa7300fe8e0 unknown :-1 s=NONE pgs=0 cs=0 l=0 rev1=0 rx=0 tx=0).connect
2024-01-21T19:59:37.612 INFO:teuthology.orchestra.run.smithi119.stderr:/usr/bin/ceph:
2024-01-21T19:59:37.616+0000 7fa737bdc700 1 -- --> [v2:172.21.15.119:3300/0,v1:172.21.15.119:6789/0] -- mon_getmap magic: 0 v1 -- 0x7fa7300fedd0 con 0x7fa730070430
2024-01-21T19:59:37.612 INFO:teuthology.orchestra.run.smithi119.stderr:/usr/bin/ceph:
2024-01-21T19:59:37.616+0000 7fa735978700 1 --2- >> [v2:172.21.15.119:3300/0,v1:172.21.15.119:6789/0] conn(0x7fa730070430 0x7fa7300fe8e0 unknown :-1 s=BANNER_CONNECTING pgs=0 cs=0 l=0 rev1=0 rx=0 tx=0)._handle_peer_banner_payload supported=1 required=0
2024-01-21T19:59:37.612 INFO:teuthology.orchestra.run.smithi119.stderr:/usr/bin/ceph:
2024-01-21T19:59:37.616+0000 7fa735978700 1 --2- >> [v2:172.21.15.119:3300/0,v1:172.21.15.119:6789/0] conn(0x7fa730070430 0x7fa7300fe8e0 unknown :-1 s=HELLO_CONNECTING pgs=0 cs=0 l=0 rev1=1 rx=0 tx=0).handle_hello peer v2:172.21.15.119:3300/0 says I am v2:172.21.15.119:56036/0 (socket says 172.21.15.119:56036)
2024-01-21T19:59:37.612 INFO:teuthology.orchestra.run.smithi119.stderr:/usr/bin/ceph:
2024-01-21T19:59:37.616+0000 7fa735978700 1 -- 172.21.15.119:0/2057887654 learned_addr learned my addr 172.21.15.119:0/2057887654 (peer_addr_for_me v2:172.21.15.119:0/0)
2024-01-21T19:59:37.612 INFO:teuthology.orchestra.run.smithi119.stderr:/usr/bin/ceph:
2024-01-21T19:59:37.617+0000 7fa735978700 1 -- 172.21.15.119:0/2057887654 --> [v2:172.21.15.119:3300/0,v1:172.21.15.119:6789/0] -- mon_subscribe({config=0+,monmap=0+}) v3 -- 0x7fa7300fef10 con 0x7fa730070430
2024-01-21T19:59:37.612 INFO:teuthology.orchestra.run.smithi119.stderr:/usr/bin/ceph:
2024-01-21T19:59:37.617+0000 7fa735978700 1 --2- 172.21.15.119:0/2057887654 >> [v2:172.21.15.119:3300/0,v1:172.21.15.119:6789/0] conn(0x7fa730070430 0x7fa7300fe8e0 secure :-1 s=READY pgs=37 cs=0 l=1 rev1=1 rx=0x7fa72c00b5f0 tx=0x7fa72c006ee0).ready entity=mon.0 client_cookie=5cd1f84f46c3db4a server_cookie=0 in_seq=0 out_seq=0
2024-01-21T19:59:37.612 INFO:teuthology.orchestra.run.smithi119.stderr:/usr/bin/ceph:
2024-01-21T19:59:37.617+0000 7fa734976700 1 -- 172.21.15.119:0/2057887654 <== mon.0 v2:172.21.15.119:3300/0 1 ==== mon_map magic: 0 v1 ==== 229+0+0 (secure 0 0 0) 0x7fa72c00d600 con 0x7fa730070430
2024-01-21T19:59:37.612 INFO:teuthology.orchestra.run.smithi119.stderr:/usr/bin/ceph:
2024-01-21T19:59:37.617+0000 7fa734976700 1 -- 172.21.15.119:0/2057887654 <== mon.0 v2:172.21.15.119:3300/0 2 ==== config(25 keys) v1 ==== 1010+0+0 (secure 0 0 0) 0x7fa72c00dbd0 con 0x7fa730070430
2024-01-21T19:59:37.612 INFO:teuthology.orchestra.run.smithi119.stderr:/usr/bin/ceph:
2024-01-21T19:59:37.617+0000 7fa734976700 1 -- 172.21.15.119:0/2057887654 <== mon.0 v2:172.21.15.119:3300/0 3 ==== mon_map magic: 0 v1 ==== 229+0+0 (secure 0 0 0) 0x7fa72c011c00 con 0x7fa730070430
2024-01-21T19:59:37.612 INFO:teuthology.orchestra.run.smithi119.stderr:/usr/bin/ceph:
2024-01-21T19:59:37.617+0000 7fa737bdc700 1 -- 172.21.15.119:0/2057887654 >> [v2:172.21.15.119:3300/0,v1:172.21.15.119:6789/0] conn(0x7fa730070430 msgr2=0x7fa7300fe8e0 secure :-1 s=STATE_CONNECTION_ESTABLISHED l=1).mark_down
2024-01-21T19:59:37.612 INFO:teuthology.orchestra.run.smithi119.stderr:/usr/bin/ceph:
2024-01-21T19:59:37.617+0000 7fa737bdc700 1 --2- 172.21.15.119:0/2057887654 >> [v2:172.21.15.119:3300/0,v1:172.21.15.119:6789/0] conn(0x7fa730070430 0x7fa7300fe8e0 secure :-1 s=READY pgs=37 cs=0 l=1 rev1=1 rx=0x7fa72c00b5f0 tx=0x7fa72c006ee0).stop
2024-01-21T19:59:37.613 INFO:teuthology.orchestra.run.smithi119.stderr:/usr/bin/ceph:
2024-01-21T19:59:37.618+0000 7fa737bdc700 1 -- 172.21.15.119:0/2057887654 shutdown_connections
2024-01-21T19:59:37.613 INFO:teuthology.orchestra.run.smithi119.stderr:/usr/bin/ceph:
2024-01-21T19:59:37.618+0000 7fa737bdc700 1 --2- 172.21.15.119:0/2057887654 >> [v2:172.21.15.119:3300/0,v1:172.21.15.119:6789/0] conn(0x7fa730070430 0x7fa7300fe8e0 unknown :-1 s=CLOSED pgs=37 cs=0 l=1 rev1=1 rx=0 tx=0).stop
2024-01-21T19:59:37.613 INFO:teuthology.orchestra.run.smithi119.stderr:/usr/bin/ceph:
2024-01-21T19:59:37.618+0000 7fa737bdc700 1 -- 172.21.15.119:0/2057887654 >> 172.21.15.119:0/2057887654 conn(0x7fa7300f63c0 msgr2=0x7fa7300f87e0 unknown :-1 s=STATE_NONE l=0).mark_down
2024-01-21T19:59:37.613 INFO:teuthology.orchestra.run.smithi119.stderr:/usr/bin/ceph:
2024-01-21T19:59:37.618+0000 7fa737bdc700 1 -- 172.21.15.119:0/2057887654 shutdown_connections
2024-01-21T19:59:37.613 INFO:teuthology.orchestra.run.smithi119.stderr:/usr/bin/ceph:
2024-01-21T19:59:37.618+0000 7fa737bdc700 1 -- 172.21.15.119:0/2057887654 wait complete.
2024-01-21T19:59:37.613 INFO:teuthology.orchestra.run.smithi119.stderr:/usr/bin/ceph:
2024-01-21T19:59:37.618+0000 7fa737bdc700 1 Processor -- start
2024-01-21T19:59:37.613 INFO:teuthology.orchestra.run.smithi119.stderr:/usr/bin/ceph:
2024-01-21T19:59:37.618+0000 7fa737bdc700 1 -- start start
2024-01-21T19:59:37.613 INFO:teuthology.orchestra.run.smithi119.stderr:/usr/bin/ceph:
2024-01-21T19:59:37.618+0000 7fa737bdc700 1 --2- >> [v2:172.21.15.119:3300/0,v1:172.21.15.119:6789/0] conn(0x7fa730070430 0x7fa7300fc360 unknown :-1 s=NONE pgs=0 cs=0 l=1 rev1=0 rx=0 tx=0).connect
2024-01-21T19:59:37.613 INFO:teuthology.orchestra.run.smithi119.stderr:/usr/bin/ceph:
2024-01-21T19:59:37.618+0000 7fa737bdc700 1 -- --> [v2:172.21.15.119:3300/0,v1:172.21.15.119:6789/0] -- mon_getmap magic: 0 v1 -- 0x7fa7300fa7e0 con 0x7fa730070430
2024-01-21T19:59:37.613 INFO:teuthology.orchestra.run.smithi119.stderr:/usr/bin/ceph:
2024-01-21T19:59:37.618+0000 7fa735978700 1 --2- >> [v2:172.21.15.119:3300/0,v1:172.21.15.119:6789/0] conn(0x7fa730070430 0x7fa7300fc360 unknown :-1 s=BANNER_CONNECTING pgs=0 cs=0 l=1 rev1=0 rx=0 tx=0)._handle_peer_banner_payload supported=1 required=0
2024-01-21T19:59:37.613 INFO:teuthology.orchestra.run.smithi119.stderr:/usr/bin/ceph:
2024-01-21T19:59:37.618+0000 7fa735978700 1 --2- >> [v2:172.21.15.119:3300/0,v1:172.21.15.119:6789/0] conn(0x7fa730070430 0x7fa7300fc360 unknown :-1 s=HELLO_CONNECTING pgs=0 cs=0 l=1 rev1=1 rx=0 tx=0).handle_hello peer v2:172.21.15.119:3300/0 says I am v2:172.21.15.119:56040/0 (socket says 172.21.15.119:56040)
2024-01-21T19:59:37.613 INFO:teuthology.orchestra.run.smithi119.stderr:/usr/bin/ceph:
2024-01-21T19:59:37.619+0000 7fa735978700 1 -- 172.21.15.119:0/661895534 learned_addr learned my addr 172.21.15.119:0/661895534 (peer_addr_for_me v2:172.21.15.119:0/0)
2024-01-21T19:59:37.613 INFO:teuthology.orchestra.run.smithi119.stderr:/usr/bin/ceph:
2024-01-21T19:59:37.619+0000 7fa735978700 1 -- 172.21.15.119:0/661895534 --> [v2:172.21.15.119:3300/0,v1:172.21.15.119:6789/0] -- mon_subscribe({config=0+,monmap=0+}) v3 -- 0x7fa72c00b200 con 0x7fa730070430
2024-01-21T19:59:37.613 INFO:teuthology.orchestra.run.smithi119.stderr:/usr/bin/ceph:
2024-01-21T19:59:37.619+0000 7fa735978700 1 --2- 172.21.15.119:0/661895534 >> [v2:172.21.15.119:3300/0,v1:172.21.15.119:6789/0] conn(0x7fa730070430 0x7fa7300fc360 secure :-1 s=READY pgs=38 cs=0 l=1 rev1=1 rx=0x7fa72c002f40 tx=0x7fa72c006ee0).ready entity=mon.0 client_cookie=0 server_cookie=0 in_seq=0 out_seq=0
2024-01-21T19:59:37.613 INFO:teuthology.orchestra.run.smithi119.stderr:/usr/bin/ceph:
2024-01-21T19:59:37.619+0000 7fa71e7fc700 1 -- 172.21.15.119:0/661895534 <== mon.0 v2:172.21.15.119:3300/0 1 ==== mon_map magic: 0 v1 ==== 229+0+0 (secure 0 0 0) 0x7fa72c011690 con 0x7fa730070430
2024-01-21T19:59:37.614 INFO:teuthology.orchestra.run.smithi119.stderr:/usr/bin/ceph:
2024-01-21T19:59:37.619+0000 7fa71e7fc700 1 -- 172.21.15.119:0/661895534 <== mon.0 v2:172.21.15.119:3300/0 2 ==== config(25 keys) v1 ==== 1010+0+0 (secure 0 0 0) 0x7fa72c01b880 con 0x7fa730070430
2024-01-21T19:59:37.614 INFO:teuthology.orchestra.run.smithi119.stderr:/usr/bin/ceph:
2024-01-21T19:59:37.619+0000 7fa737bdc700 1 -- 172.21.15.119:0/661895534 --> [v2:172.21.15.119:3300/0,v1:172.21.15.119:6789/0] -- mon_subscribe({mgrmap=0+}) v3 -- 0x7fa7300fa980 con 0x7fa730070430
2024-01-21T19:59:37.614 INFO:teuthology.orchestra.run.smithi119.stderr:/usr/bin/ceph:
2024-01-21T19:59:37.619+0000 7fa71e7fc700 1 -- 172.21.15.119:0/661895534 <== mon.0 v2:172.21.15.119:3300/0 3 ==== mon_map magic: 0 v1 ==== 229+0+0 (secure 0 0 0) 0x7fa72c01a6b0 con 0x7fa730070430
2024-01-21T19:59:37.614 INFO:teuthology.orchestra.run.smithi119.stderr:/usr/bin/ceph:
2024-01-21T19:59:37.619+0000 7fa737bdc700 1 -- 172.21.15.119:0/661895534 --> [v2:172.21.15.119:3300/0,v1:172.21.15.119:6789/0] -- mon_subscribe({osdmap=0}) v3 -- 0x7fa7300fad90 con 0x7fa730070430
2024-01-21T19:59:37.614 INFO:teuthology.orchestra.run.smithi119.stderr:/usr/bin/ceph:
2024-01-21T19:59:37.620+0000 7fa71e7fc700 1 -- 172.21.15.119:0/661895534 <== mon.0 v2:172.21.15.119:3300/0 4 ==== mgrmap(e 7) v1 ==== 36120+0+0 (secure 0 0 0) 0x7fa72c00f070 con 0x7fa730070430
2024-01-21T19:59:37.614 INFO:teuthology.orchestra.run.smithi119.stderr:/usr/bin/ceph:
2024-01-21T19:59:37.620+0000 7fa71e7fc700 1 --2- 172.21.15.119:0/661895534 >> [v2:172.21.15.119:6800/240399160,v1:172.21.15.119:6801/240399160] conn(0x7fa71802fdb0 0x7fa718032270 unknown :-1 s=NONE pgs=0 cs=0 l=1 rev1=0 rx=0 tx=0).connect
2024-01-21T19:59:37.614 INFO:teuthology.orchestra.run.smithi119.stderr:/usr/bin/ceph:
2024-01-21T19:59:37.620+0000 7fa71e7fc700 1 -- 172.21.15.119:0/661895534 <== mon.0 v2:172.21.15.119:3300/0 5 ==== osd_map(2..2 src has 1..2) v4 ==== 926+0+0 (secure 0 0 0) 0x7fa72c0411c0 con 0x7fa730070430
2024-01-21T19:59:37.614 INFO:teuthology.orchestra.run.smithi119.stderr:/usr/bin/ceph:
2024-01-21T19:59:37.620+0000 7fa735177700 1 --2- 172.21.15.119:0/661895534 >> [v2:172.21.15.119:6800/240399160,v1:172.21.15.119:6801/240399160] conn(0x7fa71802fdb0 0x7fa718032270 unknown :-1 s=BANNER_CONNECTING pgs=0 cs=0 l=1 rev1=0 rx=0 tx=0)._handle_peer_banner_payload supported=1 required=0
2024-01-21T19:59:37.614 INFO:teuthology.orchestra.run.smithi119.stderr:/usr/bin/ceph:
2024-01-21T19:59:37.620+0000 7fa737bdc700 1 -- 172.21.15.119:0/661895534 --> [v2:172.21.15.119:3300/0,v1:172.21.15.119:6789/0] -- mon_command({"prefix": "get_command_descriptions"} v 0) v1 -- 0x7fa730059100 con 0x7fa730070430
2024-01-21T19:59:37.614 INFO:teuthology.orchestra.run.smithi119.stderr:/usr/bin/ceph:
2024-01-21T19:59:37.620+0000 7fa735177700 1 --2- 172.21.15.119:0/661895534 >> [v2:172.21.15.119:6800/240399160,v1:172.21.15.119:6801/240399160] conn(0x7fa71802fdb0 0x7fa718032270 secure :-1 s=READY pgs=10 cs=0 l=1 rev1=1 rx=0x7fa7200096a0 tx=0x7fa720006b40).ready entity=mgr.14114 client_cookie=0 server_cookie=0 in_seq=0 out_seq=0
2024-01-21T19:59:37.615 INFO:teuthology.orchestra.run.smithi119.stderr:/usr/bin/ceph:
2024-01-21T19:59:37.624+0000 7fa71e7fc700 1 -- 172.21.15.119:0/661895534 <== mon.0 v2:172.21.15.119:3300/0 6 ==== mon_command_ack([{"prefix": "get_command_descriptions"}]=0 v0) v1 ==== 72+0+152212 (secure 0 0 0) 0x7fa72c016070 con 0x7fa730070430
2024-01-21T19:59:37.784 INFO:teuthology.orchestra.run.smithi119.stderr:/usr/bin/ceph:
2024-01-21T19:59:37.792+0000 7fa737bdc700 1 -- 172.21.15.119:0/661895534 --> [v2:172.21.15.119:6800/240399160,v1:172.21.15.119:6801/240399160] -- mgr_command(tid 0: {"prefix": "orch host add", "hostname": "smithi119", "addr": "172.21.15.119", "target": ["mon-mgr", ""]}) v1 -- 0x7fa730104860 con 0x7fa71802fdb0
2024-01-21T19:59:38.337 INFO:journalctl@ceph.mon.smithi119.smithi119.stdout:Jan 21 19:59:38 smithi119 ceph-79b26e34-b897-11ee-95b0-87774f69a715-mon.smithi119[38815]: audit
2024-01-21T19:59:36.934653+0000 mgr.smithi119.rqacbm (mgr.14114) 7 : audit [DBG] from='client.14130 -' entity='client.admin' cmd=[{"prefix": "cephadm get-pub-key", "target": ["mon-mgr", ""]}]: dispatch
2024-01-21T19:59:38.378 INFO:teuthology.orchestra.run.smithi119.stderr:/usr/bin/ceph: Added host 'smithi119'
2024-01-21T19:59:38.378 INFO:teuthology.orchestra.run.smithi119.stderr:/usr/bin/ceph:
2024-01-21T19:59:38.386+0000 7fa71e7fc700 1 -- 172.21.15.119:0/661895534 <== mgr.14114 v2:172.21.15.119:6800/240399160 1 ==== mgr_command_reply(tid 0: 0 ) v1 ==== 8+0+23 (secure 0 0 0) 0x7fa730104860 con 0x7fa71802fdb0
2024-01-21T19:59:38.380 INFO:teuthology.orchestra.run.smithi119.stderr:/usr/bin/ceph:
2024-01-21T19:59:38.388+0000 7fa737bdc700 1 -- 172.21.15.119:0/661895534 >> [v2:172.21.15.119:6800/240399160,v1:172.21.15.119:6801/240399160] conn(0x7fa71802fdb0 msgr2=0x7fa718032270 secure :-1 s=STATE_CONNECTION_ESTABLISHED l=1).mark_down
2024-01-21T19:59:38.380 INFO:teuthology.orchestra.run.smithi119.stderr:/usr/bin/ceph:
2024-01-21T19:59:38.388+0000 7fa737bdc700 1 --2- 172.21.15.119:0/661895534 >> [v2:172.21.15.119:6800/240399160,v1:172.21.15.119:6801/240399160] conn(0x7fa71802fdb0 0x7fa718032270 secure :-1 s=READY pgs=10 cs=0 l=1 rev1=1 rx=0x7fa7200096a0 tx=0x7fa720006b40).stop
2024-01-21T19:59:38.380 INFO:teuthology.orchestra.run.smithi119.stderr:/usr/bin/ceph:
2024-01-21T19:59:38.388+0000 7fa737bdc700 1 -- 172.21.15.119:0/661895534 >> [v2:172.21.15.119:3300/0,v1:172.21.15.119:6789/0] conn(0x7fa730070430 msgr2=0x7fa7300fc360 secure :-1 s=STATE_CONNECTION_ESTABLISHED l=1).mark_down
2024-01-21T19:59:38.380 INFO:teuthology.orchestra.run.smithi119.stderr:/usr/bin/ceph:
2024-01-21T19:59:38.388+0000 7fa737bdc700 1 --2- 172.21.15.119:0/661895534 >> [v2:172.21.15.119:3300/0,v1:172.21.15.119:6789/0] conn(0x7fa730070430 0x7fa7300fc360 secure :-1 s=READY pgs=38 cs=0 l=1 rev1=1 rx=0x7fa72c002f40 tx=0x7fa72c006ee0).stop
2024-01-21T19:59:38.380 INFO:teuthology.orchestra.run.smithi119.stderr:/usr/bin/ceph:
2024-01-21T19:59:38.389+0000 7fa737bdc700 1 -- 172.21.15.119:0/661895534 shutdown_connections
2024-01-21T19:59:38.380 INFO:teuthology.orchestra.run.smithi119.stderr:/usr/bin/ceph:
2024-01-21T19:59:38.389+0000 7fa737bdc700 1 --2- 172.21.15.119:0/661895534 >> [v2:172.21.15.119:6800/240399160,v1:172.21.15.119:6801/240399160] conn(0x7fa71802fdb0 0x7fa718032270 unknown :-1 s=CLOSED pgs=10 cs=0 l=1 rev1=1 rx=0 tx=0).stop
2024-01-21T19:59:38.380 INFO:teuthology.orchestra.run.smithi119.stderr:/usr/bin/ceph:
2024-01-21T19:59:38.389+0000 7fa737bdc700 1 --2- 172.21.15.119:0/661895534 >> [v2:172.21.15.119:3300/0,v1:172.21.15.119:6789/0] conn(0x7fa730070430 0x7fa7300fc360 unknown :-1 s=CLOSED pgs=38 cs=0 l=1 rev1=1 rx=0 tx=0).stop
2024-01-21T19:59:38.381 INFO:teuthology.orchestra.run.smithi119.stderr:/usr/bin/ceph:
2024-01-21T19:59:38.389+0000 7fa737bdc700 1 -- 172.21.15.119:0/661895534 >> 172.21.15.119:0/661895534 conn(0x7fa7300f63c0 msgr2=0x7fa7300f7fa0 unknown :-1 s=STATE_NONE l=0).mark_down
2024-01-21T19:59:38.381 INFO:teuthology.orchestra.run.smithi119.stderr:/usr/bin/ceph:
2024-01-21T19:59:38.389+0000 7fa737bdc700 1 -- 172.21.15.119:0/661895534 shutdown_connections
2024-01-21T19:59:38.381 INFO:teuthology.orchestra.run.smithi119.stderr:/usr/bin/ceph:
2024-01-21T19:59:38.389+0000 7fa737bdc700 1 -- 172.21.15.119:0/661895534 wait complete.
2024-01-21T19:59:38.685 INFO:teuthology.orchestra.run.smithi119.stderr:Deploying mon service with default placement...
2024-01-21T19:59:38.685 INFO:teuthology.orchestra.run.smithi119.stderr:Running command: /bin/podman run --rm --ipc=host --no-hosts --net=host --entrypoint /usr/bin/ceph --init -e CONTAINER_IMAGE=docker.io/ceph/ceph:v16.2.4 -e NODE_NAME=smithi119 -e CEPH_USE_RANDOM_NONCE=1 -v /var/log/ceph/79b26e34-b897-11ee-95b0-87774f69a715:/var/log/ceph:z -v /tmp/ceph-tmp4p8br1fe:/etc/ceph/ceph.client.admin.keyring:z -v /tmp/ceph-tmpw2_cu6oe:/etc/ceph/ceph.conf:z docker.io/ceph/ceph:v16.2.4 orch apply mon
2024-01-21T19:59:38.995 INFO:teuthology.orchestra.run.smithi119.stderr:/usr/bin/ceph:
2024-01-21T19:59:39.004+0000 7fda750df700 1 Processor -- start
2024-01-21T19:59:38.996 INFO:teuthology.orchestra.run.smithi119.stderr:/usr/bin/ceph:
2024-01-21T19:59:39.004+0000 7fda750df700 1 -- start start
2024-01-21T19:59:38.996 INFO:teuthology.orchestra.run.smithi119.stderr:/usr/bin/ceph:
2024-01-21T19:59:39.004+0000 7fda750df700 1 --2- >> [v2:172.21.15.119:3300/0,v1:172.21.15.119:6789/0] conn(0x7fda700703b0 0x7fda70100d60 unknown :-1 s=NONE pgs=0 cs=0 l=0 rev1=0 rx=0 tx=0).connect
2024-01-21T19:59:38.996 INFO:teuthology.orchestra.run.smithi119.stderr:/usr/bin/ceph:
2024-01-21T19:59:39.004+0000 7fda750df700 1 -- --> [v2:172.21.15.119:3300/0,v1:172.21.15.119:6789/0] -- mon_getmap magic: 0 v1 -- 0x7fda700fc750 con 0x7fda700703b0
2024-01-21T19:59:38.996 INFO:teuthology.orchestra.run.smithi119.stderr:/usr/bin/ceph:
2024-01-21T19:59:39.004+0000 7fda6ed9d700 1 --2- >> [v2:172.21.15.119:3300/0,v1:172.21.15.119:6789/0] conn(0x7fda700703b0 0x7fda70100d60 unknown :-1 s=BANNER_CONNECTING pgs=0 cs=0 l=0 rev1=0 rx=0 tx=0)._handle_peer_banner_payload supported=1 required=0
2024-01-21T19:59:38.996 INFO:teuthology.orchestra.run.smithi119.stderr:/usr/bin/ceph:
2024-01-21T19:59:39.004+0000 7fda6ed9d700 1 --2- >> [v2:172.21.15.119:3300/0,v1:172.21.15.119:6789/0] conn(0x7fda700703b0 0x7fda70100d60 unknown :-1 s=HELLO_CONNECTING pgs=0 cs=0 l=0 rev1=1 rx=0 tx=0).handle_hello peer v2:172.21.15.119:3300/0 says I am v2:172.21.15.119:56050/0 (socket says 172.21.15.119:56050)
2024-01-21T19:59:39.000 INFO:teuthology.orchestra.run.smithi119.stderr:/usr/bin/ceph:
2024-01-21T19:59:39.004+0000 7fda6ed9d700 1 -- 172.21.15.119:0/2155374085 learned_addr learned my addr 172.21.15.119:0/2155374085 (peer_addr_for_me v2:172.21.15.119:0/0)
2024-01-21T19:59:39.000 INFO:teuthology.orchestra.run.smithi119.stderr:/usr/bin/ceph:
2024-01-21T19:59:39.004+0000 7fda6ed9d700 1 -- 172.21.15.119:0/2155374085 --> [v2:172.21.15.119:3300/0,v1:172.21.15.119:6789/0] -- mon_subscribe({config=0+,monmap=0+}) v3 -- 0x7fda70101250 con 0x7fda700703b0
2024-01-21T19:59:39.000 INFO:teuthology.orchestra.run.smithi119.stderr:/usr/bin/ceph:
2024-01-21T19:59:39.005+0000 7fda6ed9d700 1 --2- 172.21.15.119:0/2155374085 >> [v2:172.21.15.119:3300/0,v1:172.21.15.119:6789/0] conn(0x7fda700703b0 0x7fda70100d60 secure :-1 s=READY pgs=39 cs=0 l=1 rev1=1 rx=0x7fda6000b5f0 tx=0x7fda60006ee0).ready entity=mon.0 client_cookie=2abced668818c244 server_cookie=0 in_seq=0 out_seq=0
2024-01-21T19:59:39.000 INFO:teuthology.orchestra.run.smithi119.stderr:/usr/bin/ceph:
2024-01-21T19:59:39.005+0000 7fda6dd9b700 1 -- 172.21.15.119:0/2155374085 <== mon.0 v2:172.21.15.119:3300/0 1 ==== mon_map magic: 0 v1 ==== 229+0+0 (secure 0 0 0) 0x7fda6000d600 con 0x7fda700703b0
2024-01-21T19:59:39.000 INFO:teuthology.orchestra.run.smithi119.stderr:/usr/bin/ceph:
2024-01-21T19:59:39.005+0000 7fda6dd9b700 1 -- 172.21.15.119:0/2155374085 <== mon.0 v2:172.21.15.119:3300/0 2 ==== config(25 keys) v1 ==== 1010+0+0 (secure 0 0 0) 0x7fda6000dbd0 con 0x7fda700703b0
2024-01-21T19:59:39.000 INFO:teuthology.orchestra.run.smithi119.stderr:/usr/bin/ceph:
2024-01-21T19:59:39.005+0000 7fda6dd9b700 1 -- 172.21.15.119:0/2155374085 <== mon.0 v2:172.21.15.119:3300/0 3 ==== mon_map magic: 0 v1 ==== 229+0+0 (secure 0 0 0) 0x7fda60011c00 con 0x7fda700703b0
2024-01-21T19:59:39.000 INFO:teuthology.orchestra.run.smithi119.stderr:/usr/bin/ceph:
2024-01-21T19:59:39.005+0000 7fda750df700 1 -- 172.21.15.119:0/2155374085 >> [v2:172.21.15.119:3300/0,v1:172.21.15.119:6789/0] conn(0x7fda700703b0 msgr2=0x7fda70100d60 secure :-1 s=STATE_CONNECTION_ESTABLISHED l=1).mark_down
2024-01-21T19:59:39.000 INFO:teuthology.orchestra.run.smithi119.stderr:/usr/bin/ceph:
2024-01-21T19:59:39.005+0000 7fda750df700 1 --2- 172.21.15.119:0/2155374085 >> [v2:172.21.15.119:3300/0,v1:172.21.15.119:6789/0] conn(0x7fda700703b0 0x7fda70100d60 secure :-1 s=READY pgs=39 cs=0 l=1 rev1=1 rx=0x7fda6000b5f0 tx=0x7fda60006ee0).stop
2024-01-21T19:59:39.000 INFO:teuthology.orchestra.run.smithi119.stderr:/usr/bin/ceph:
2024-01-21T19:59:39.006+0000 7fda750df700 1 -- 172.21.15.119:0/2155374085 shutdown_connections
2024-01-21T19:59:39.000 INFO:teuthology.orchestra.run.smithi119.stderr:/usr/bin/ceph:
2024-01-21T19:59:39.006+0000 7fda750df700 1 --2- 172.21.15.119:0/2155374085 >> [v2:172.21.15.119:3300/0,v1:172.21.15.119:6789/0] conn(0x7fda700703b0 0x7fda70100d60 unknown :-1 s=CLOSED pgs=39 cs=0 l=1 rev1=1 rx=0 tx=0).stop
2024-01-21T19:59:39.000 INFO:teuthology.orchestra.run.smithi119.stderr:/usr/bin/ceph:
2024-01-21T19:59:39.006+0000 7fda750df700 1 -- 172.21.15.119:0/2155374085 >> 172.21.15.119:0/2155374085 conn(0x7fda700f63c0 msgr2=0x7fda700f87e0 unknown :-1 s=STATE_NONE l=0).mark_down
2024-01-21T19:59:39.001 INFO:teuthology.orchestra.run.smithi119.stderr:/usr/bin/ceph:
2024-01-21T19:59:39.006+0000 7fda750df700 1 -- 172.21.15.119:0/2155374085 shutdown_connections
2024-01-21T19:59:39.001 INFO:teuthology.orchestra.run.smithi119.stderr:/usr/bin/ceph:
2024-01-21T19:59:39.006+0000 7fda750df700 1 -- 172.21.15.119:0/2155374085 wait complete.
2024-01-21T19:59:39.001 INFO:teuthology.orchestra.run.smithi119.stderr:/usr/bin/ceph:
2024-01-21T19:59:39.006+0000 7fda750df700 1 Processor -- start
2024-01-21T19:59:39.001 INFO:teuthology.orchestra.run.smithi119.stderr:/usr/bin/ceph:
2024-01-21T19:59:39.007+0000 7fda750df700 1 -- start start
2024-01-21T19:59:39.001 INFO:teuthology.orchestra.run.smithi119.stderr:/usr/bin/ceph:
2024-01-21T19:59:39.007+0000 7fda750df700 1 --2- >> [v2:172.21.15.119:3300/0,v1:172.21.15.119:6789/0] conn(0x7fda700703b0 0x7fda7010cc10 unknown :-1 s=NONE pgs=0 cs=0 l=1 rev1=0 rx=0 tx=0).connect
2024-01-21T19:59:39.001 INFO:teuthology.orchestra.run.smithi119.stderr:/usr/bin/ceph:
2024-01-21T19:59:39.007+0000 7fda750df700 1 -- --> [v2:172.21.15.119:3300/0,v1:172.21.15.119:6789/0] -- mon_getmap magic: 0 v1 -- 0x7fda7010d100 con 0x7fda700703b0
2024-01-21T19:59:39.001 INFO:teuthology.orchestra.run.smithi119.stderr:/usr/bin/ceph:
2024-01-21T19:59:39.007+0000 7fda6ed9d700 1 --2- >> [v2:172.21.15.119:3300/0,v1:172.21.15.119:6789/0] conn(0x7fda700703b0 0x7fda7010cc10 unknown :-1 s=BANNER_CONNECTING pgs=0 cs=0 l=1 rev1=0 rx=0 tx=0)._handle_peer_banner_payload supported=1 required=0
2024-01-21T19:59:39.001 INFO:teuthology.orchestra.run.smithi119.stderr:/usr/bin/ceph:
2024-01-21T19:59:39.007+0000 7fda6ed9d700 1 --2- >> [v2:172.21.15.119:3300/0,v1:172.21.15.119:6789/0] conn(0x7fda700703b0 0x7fda7010cc10 unknown :-1 s=HELLO_CONNECTING pgs=0 cs=0 l=1 rev1=1 rx=0 tx=0).handle_hello peer v2:172.21.15.119:3300/0 says I am v2:172.21.15.119:56060/0 (socket says 172.21.15.119:56060)
2024-01-21T19:59:39.001 INFO:teuthology.orchestra.run.smithi119.stderr:/usr/bin/ceph:
2024-01-21T19:59:39.007+0000 7fda6ed9d700 1 -- 172.21.15.119:0/210664272 learned_addr learned my addr 172.21.15.119:0/210664272 (peer_addr_for_me v2:172.21.15.119:0/0)
2024-01-21T19:59:39.001 INFO:teuthology.orchestra.run.smithi119.stderr:/usr/bin/ceph:
2024-01-21T19:59:39.007+0000 7fda6ed9d700 1 -- 172.21.15.119:0/210664272 --> [v2:172.21.15.119:3300/0,v1:172.21.15.119:6789/0] -- mon_subscribe({config=0+,monmap=0+}) v3 -- 0x7fda6000b200 con 0x7fda700703b0
2024-01-21T19:59:39.001 INFO:teuthology.orchestra.run.smithi119.stderr:/usr/bin/ceph:
2024-01-21T19:59:39.007+0000 7fda6ed9d700 1 --2- 172.21.15.119:0/210664272 >> [v2:172.21.15.119:3300/0,v1:172.21.15.119:6789/0] conn(0x7fda700703b0 0x7fda7010cc10 secure :-1 s=READY pgs=40 cs=0 l=1 rev1=1 rx=0x7fda6000b190 tx=0x7fda60006ee0).ready entity=mon.0 client_cookie=0 server_cookie=0 in_seq=0 out_seq=0
2024-01-21T19:59:39.001 INFO:teuthology.orchestra.run.smithi119.stderr:/usr/bin/ceph:
2024-01-21T19:59:39.007+0000 7fda577fe700 1 -- 172.21.15.119:0/210664272 <== mon.0 v2:172.21.15.119:3300/0 1 ==== mon_map magic: 0 v1 ==== 229+0+0 (secure 0 0 0) 0x7fda6001b410 con 0x7fda700703b0
2024-01-21T19:59:39.001 INFO:teuthology.orchestra.run.smithi119.stderr:/usr/bin/ceph:
2024-01-21T19:59:39.007+0000 7fda577fe700 1 -- 172.21.15.119:0/210664272 <== mon.0 v2:172.21.15.119:3300/0 2 ==== config(25 keys) v1 ==== 1010+0+0 (secure 0 0 0) 0x7fda6001b9e0 con 0x7fda700703b0
2024-01-21T19:59:39.001 INFO:teuthology.orchestra.run.smithi119.stderr:/usr/bin/ceph:
2024-01-21T19:59:39.007+0000 7fda750df700 1 -- 172.21.15.119:0/210664272 --> [v2:172.21.15.119:3300/0,v1:172.21.15.119:6789/0] -- mon_subscribe({mgrmap=0+}) v3 -- 0x7fda7010d300 con 0x7fda700703b0
2024-01-21T19:59:39.002 INFO:teuthology.orchestra.run.smithi119.stderr:/usr/bin/ceph:
2024-01-21T19:59:39.007+0000 7fda577fe700 1 -- 172.21.15.119:0/210664272 <== mon.0 v2:172.21.15.119:3300/0 3 ==== mon_map magic: 0 v1 ==== 229+0+0 (secure 0 0 0) 0x7fda6001a880 con 0x7fda700703b0
2024-01-21T19:59:39.002 INFO:teuthology.orchestra.run.smithi119.stderr:/usr/bin/ceph:
2024-01-21T19:59:39.007+0000 7fda750df700 1 -- 172.21.15.119:0/210664272 --> [v2:172.21.15.119:3300/0,v1:172.21.15.119:6789/0] -- mon_subscribe({osdmap=0}) v3 -- 0x7fda7010d710 con 0x7fda700703b0
2024-01-21T19:59:39.002 INFO:teuthology.orchestra.run.smithi119.stderr:/usr/bin/ceph:
2024-01-21T19:59:39.008+0000 7fda577fe700 1 -- 172.21.15.119:0/210664272 <== mon.0 v2:172.21.15.119:3300/0 4 ==== mgrmap(e 7) v1 ==== 36120+0+0 (secure 0 0 0) 0x7fda6000f070 con 0x7fda700703b0
2024-01-21T19:59:39.002 INFO:teuthology.orchestra.run.smithi119.stderr:/usr/bin/ceph:
2024-01-21T19:59:39.008+0000 7fda577fe700 1 --2- 172.21.15.119:0/210664272 >> [v2:172.21.15.119:6800/240399160,v1:172.21.15.119:6801/240399160] conn(0x7fda5c02fd50 0x7fda5c032210 unknown :-1 s=NONE pgs=0 cs=0 l=1 rev1=0 rx=0 tx=0).connect
2024-01-21T19:59:39.002 INFO:teuthology.orchestra.run.smithi119.stderr:/usr/bin/ceph:
2024-01-21T19:59:39.008+0000 7fda750df700 1 -- 172.21.15.119:0/210664272 --> [v2:172.21.15.119:3300/0,v1:172.21.15.119:6789/0] -- mon_command({"prefix": "get_command_descriptions"} v 0) v1 -- 0x7fda70045ad0 con 0x7fda700703b0
2024-01-21T19:59:39.002 INFO:teuthology.orchestra.run.smithi119.stderr:/usr/bin/ceph:
2024-01-21T19:59:39.008+0000 7fda577fe700 1 -- 172.21.15.119:0/210664272 <== mon.0 v2:172.21.15.119:3300/0 5 ==== osd_map(2..2 src has 1..2) v4 ==== 926+0+0 (secure 0 0 0) 0x7fda600412a0 con 0x7fda700703b0
2024-01-21T19:59:39.002 INFO:teuthology.orchestra.run.smithi119.stderr:/usr/bin/ceph:
2024-01-21T19:59:39.008+0000 7fda6e59c700 1 --2- 172.21.15.119:0/210664272 >> [v2:172.21.15.119:6800/240399160,v1:172.21.15.119:6801/240399160] conn(0x7fda5c02fd50 0x7fda5c032210 unknown :-1 s=BANNER_CONNECTING pgs=0 cs=0 l=1 rev1=0 rx=0 tx=0)._handle_peer_banner_payload supported=1 required=0
2024-01-21T19:59:39.002 INFO:teuthology.orchestra.run.smithi119.stderr:/usr/bin/ceph:
2024-01-21T19:59:39.009+0000 7fda6e59c700 1 --2- 172.21.15.119:0/210664272 >> [v2:172.21.15.119:6800/240399160,v1:172.21.15.119:6801/240399160] conn(0x7fda5c02fd50 0x7fda5c032210 secure :-1 s=READY pgs=11 cs=0 l=1 rev1=1 rx=0x7fda640096a0 tx=0x7fda64006b40).ready entity=mgr.14114 client_cookie=0 server_cookie=0 in_seq=0 out_seq=0
2024-01-21T19:59:39.003 INFO:teuthology.orchestra.run.smithi119.stderr:/usr/bin/ceph:
2024-01-21T19:59:39.013+0000 7fda577fe700 1 -- 172.21.15.119:0/210664272 <== mon.0 v2:172.21.15.119:3300/0 6 ==== mon_command_ack([{"prefix": "get_command_descriptions"}]=0 v0) v1 ==== 72+0+152212 (secure 0 0 0) 0x7fda60010360 con 0x7fda700703b0
2024-01-21T19:59:39.179 INFO:teuthology.orchestra.run.smithi119.stderr:/usr/bin/ceph:
2024-01-21T19:59:39.188+0000 7fda750df700 1 -- 172.21.15.119:0/210664272 --> [v2:172.21.15.119:6800/240399160,v1:172.21.15.119:6801/240399160] -- mgr_command(tid 0: {"prefix": "orch apply", "service_type": "mon", "target": ["mon-mgr", ""]}) v1 -- 0x7fda7010dff0 con 0x7fda5c02fd50
2024-01-21T19:59:39.183 INFO:teuthology.orchestra.run.smithi119.stderr:/usr/bin/ceph:
2024-01-21T19:59:39.192+0000 7fda577fe700 1 -- 172.21.15.119:0/210664272 <== mgr.14114 v2:172.21.15.119:6800/240399160 1 ==== mgr_command_reply(tid 0: 0 ) v1 ==== 8+0+24 (secure 0 0 0) 0x7fda7010dff0 con 0x7fda5c02fd50
2024-01-21T19:59:39.183 INFO:teuthology.orchestra.run.smithi119.stderr:/usr/bin/ceph: Scheduled mon update...
2024-01-21T19:59:39.186 INFO:teuthology.orchestra.run.smithi119.stderr:/usr/bin/ceph:
2024-01-21T19:59:39.194+0000 7fda750df700 1 -- 172.21.15.119:0/210664272 >> [v2:172.21.15.119:6800/240399160,v1:172.21.15.119:6801/240399160] conn(0x7fda5c02fd50 msgr2=0x7fda5c032210 secure :-1 s=STATE_CONNECTION_ESTABLISHED l=1).mark_down
2024-01-21T19:59:39.186 INFO:teuthology.orchestra.run.smithi119.stderr:/usr/bin/ceph:
2024-01-21T19:59:39.194+0000 7fda750df700 1 --2- 172.21.15.119:0/210664272 >> [v2:172.21.15.119:6800/240399160,v1:172.21.15.119:6801/240399160] conn(0x7fda5c02fd50 0x7fda5c032210 secure :-1 s=READY pgs=11 cs=0 l=1 rev1=1 rx=0x7fda640096a0 tx=0x7fda64006b40).stop
2024-01-21T19:59:39.186 INFO:teuthology.orchestra.run.smithi119.stderr:/usr/bin/ceph:
2024-01-21T19:59:39.194+0000 7fda750df700 1 -- 172.21.15.119:0/210664272 >> [v2:172.21.15.119:3300/0,v1:172.21.15.119:6789/0] conn(0x7fda700703b0 msgr2=0x7fda7010cc10 secure :-1 s=STATE_CONNECTION_ESTABLISHED l=1).mark_down
2024-01-21T19:59:39.186 INFO:teuthology.orchestra.run.smithi119.stderr:/usr/bin/ceph:
2024-01-21T19:59:39.194+0000 7fda750df700 1 --2- 172.21.15.119:0/210664272 >> [v2:172.21.15.119:3300/0,v1:172.21.15.119:6789/0] conn(0x7fda700703b0 0x7fda7010cc10 secure :-1 s=READY pgs=40 cs=0 l=1 rev1=1 rx=0x7fda6000b190 tx=0x7fda60006ee0).stop
2024-01-21T19:59:39.186 INFO:teuthology.orchestra.run.smithi119.stderr:/usr/bin/ceph:
2024-01-21T19:59:39.194+0000 7fda750df700 1 -- 172.21.15.119:0/210664272 shutdown_connections
2024-01-21T19:59:39.186 INFO:teuthology.orchestra.run.smithi119.stderr:/usr/bin/ceph:
2024-01-21T19:59:39.194+0000 7fda750df700 1 --2- 172.21.15.119:0/210664272 >> [v2:172.21.15.119:6800/240399160,v1:172.21.15.119:6801/240399160] conn(0x7fda5c02fd50 0x7fda5c032210 unknown :-1 s=CLOSED pgs=11 cs=0 l=1 rev1=1 rx=0 tx=0).stop
2024-01-21T19:59:39.186 INFO:teuthology.orchestra.run.smithi119.stderr:/usr/bin/ceph:
2024-01-21T19:59:39.194+0000 7fda750df700 1 --2- 172.21.15.119:0/210664272 >> [v2:172.21.15.119:3300/0,v1:172.21.15.119:6789/0] conn(0x7fda700703b0 0x7fda7010cc10 unknown :-1 s=CLOSED pgs=40 cs=0 l=1 rev1=1 rx=0 tx=0).stop
2024-01-21T19:59:39.186 INFO:teuthology.orchestra.run.smithi119.stderr:/usr/bin/ceph:
