2024-01-27T23:24:05.185 INFO:teuthology.orchestra.run.smithi093.stderr:/usr/bin/ceph:
2024-01-27T23:24:05.194+0000 7f495b956700 1 -- 172.21.15.93:0/1505076125 wait complete.
2024-01-27T23:24:05.186 INFO:teuthology.orchestra.run.smithi093.stderr:/usr/bin/ceph:
2024-01-27T23:24:05.195+0000 7f495b956700 1 Processor -- start
2024-01-27T23:24:05.186 INFO:teuthology.orchestra.run.smithi093.stderr:/usr/bin/ceph:
2024-01-27T23:24:05.195+0000 7f495b956700 1 -- start start
2024-01-27T23:24:05.186 INFO:teuthology.orchestra.run.smithi093.stderr:/usr/bin/ceph:
2024-01-27T23:24:05.195+0000 7f495b956700 1 --2- >> [v2:172.21.15.93:3300/0,v1:172.21.15.93:6789/0] conn(0x7f4954070430 0x7f49540fc360 unknown :-1 s=NONE pgs=0 cs=0 l=1 rev1=0 rx=0 tx=0).connect
2024-01-27T23:24:05.186 INFO:teuthology.orchestra.run.smithi093.stderr:/usr/bin/ceph:
2024-01-27T23:24:05.195+0000 7f495b956700 1 -- --> [v2:172.21.15.93:3300/0,v1:172.21.15.93:6789/0] -- mon_getmap magic: 0 v1 -- 0x7f49540fa7e0 con 0x7f4954070430
2024-01-27T23:24:05.186 INFO:teuthology.orchestra.run.smithi093.stderr:/usr/bin/ceph:
2024-01-27T23:24:05.195+0000 7f49596f2700 1 --2- >> [v2:172.21.15.93:3300/0,v1:172.21.15.93:6789/0] conn(0x7f4954070430 0x7f49540fc360 unknown :-1 s=BANNER_CONNECTING pgs=0 cs=0 l=1 rev1=0 rx=0 tx=0)._handle_peer_banner_payload supported=1 required=0
2024-01-27T23:24:05.186 INFO:teuthology.orchestra.run.smithi093.stderr:/usr/bin/ceph:
2024-01-27T23:24:05.195+0000 7f49596f2700 1 --2- >> [v2:172.21.15.93:3300/0,v1:172.21.15.93:6789/0] conn(0x7f4954070430 0x7f49540fc360 unknown :-1 s=HELLO_CONNECTING pgs=0 cs=0 l=1 rev1=1 rx=0 tx=0).handle_hello peer v2:172.21.15.93:3300/0 says I am v2:172.21.15.93:47740/0 (socket says 172.21.15.93:47740)
2024-01-27T23:24:05.186 INFO:teuthology.orchestra.run.smithi093.stderr:/usr/bin/ceph:
2024-01-27T23:24:05.195+0000 7f49596f2700 1 -- 172.21.15.93:0/197270296 learned_addr learned my addr 172.21.15.93:0/197270296 (peer_addr_for_me v2:172.21.15.93:0/0)
2024-01-27T23:24:05.186 INFO:teuthology.orchestra.run.smithi093.stderr:/usr/bin/ceph:
2024-01-27T23:24:05.195+0000 7f49596f2700 1 -- 172.21.15.93:0/197270296 --> [v2:172.21.15.93:3300/0,v1:172.21.15.93:6789/0] -- mon_subscribe({config=0+,monmap=0+}) v3 -- 0x7f494400b200 con 0x7f4954070430
2024-01-27T23:24:05.186 INFO:teuthology.orchestra.run.smithi093.stderr:/usr/bin/ceph:
2024-01-27T23:24:05.195+0000 7f49596f2700 1 --2- 172.21.15.93:0/197270296 >> [v2:172.21.15.93:3300/0,v1:172.21.15.93:6789/0] conn(0x7f4954070430 0x7f49540fc360 secure :-1 s=READY pgs=65 cs=0 l=1 rev1=1 rx=0x7f4944002f40 tx=0x7f4944006ee0).ready entity=mon.0 client_cookie=0 server_cookie=0 in_seq=0 out_seq=0
2024-01-27T23:24:05.186 INFO:teuthology.orchestra.run.smithi093.stderr:/usr/bin/ceph:
2024-01-27T23:24:05.196+0000 7f4941ffb700 1 -- 172.21.15.93:0/197270296 <== mon.0 v2:172.21.15.93:3300/0 1 ==== mon_map magic: 0 v1 ==== 229+0+0 (secure 0 0 0) 0x7f4944011690 con 0x7f4954070430
2024-01-27T23:24:05.186 INFO:teuthology.orchestra.run.smithi093.stderr:/usr/bin/ceph:
2024-01-27T23:24:05.196+0000 7f4941ffb700 1 -- 172.21.15.93:0/197270296 <== mon.0 v2:172.21.15.93:3300/0 2 ==== config(25 keys) v1 ==== 1010+0+0 (secure 0 0 0) 0x7f494401b880 con 0x7f4954070430
2024-01-27T23:24:05.186 INFO:teuthology.orchestra.run.smithi093.stderr:/usr/bin/ceph:
2024-01-27T23:24:05.196+0000 7f495b956700 1 -- 172.21.15.93:0/197270296 --> [v2:172.21.15.93:3300/0,v1:172.21.15.93:6789/0] -- mon_subscribe({mgrmap=0+}) v3 -- 0x7f49540fa980 con 0x7f4954070430
2024-01-27T23:24:05.187 INFO:teuthology.orchestra.run.smithi093.stderr:/usr/bin/ceph:
2024-01-27T23:24:05.196+0000 7f4941ffb700 1 -- 172.21.15.93:0/197270296 <== mon.0 v2:172.21.15.93:3300/0 3 ==== mon_map magic: 0 v1 ==== 229+0+0 (secure 0 0 0) 0x7f494401a6b0 con 0x7f4954070430
2024-01-27T23:24:05.187 INFO:teuthology.orchestra.run.smithi093.stderr:/usr/bin/ceph:
2024-01-27T23:24:05.196+0000 7f495b956700 1 -- 172.21.15.93:0/197270296 --> [v2:172.21.15.93:3300/0,v1:172.21.15.93:6789/0] -- mon_subscribe({osdmap=0}) v3 -- 0x7f49540fad90 con 0x7f4954070430
2024-01-27T23:24:05.187 INFO:teuthology.orchestra.run.smithi093.stderr:/usr/bin/ceph:
2024-01-27T23:24:05.197+0000 7f4941ffb700 1 -- 172.21.15.93:0/197270296 <== mon.0 v2:172.21.15.93:3300/0 4 ==== mgrmap(e 11) v1 ==== 36195+0+0 (secure 0 0 0) 0x7f494400f070 con 0x7f4954070430
2024-01-27T23:24:05.188 INFO:teuthology.orchestra.run.smithi093.stderr:/usr/bin/ceph:
2024-01-27T23:24:05.197+0000 7f4941ffb700 1 --2- 172.21.15.93:0/197270296 >> [v2:172.21.15.93:6800/2141350326,v1:172.21.15.93:6801/2141350326] conn(0x7f493c02fe60 0x7f493c032320 unknown :-1 s=NONE pgs=0 cs=0 l=1 rev1=0 rx=0 tx=0).connect
2024-01-27T23:24:05.188 INFO:teuthology.orchestra.run.smithi093.stderr:/usr/bin/ceph:
2024-01-27T23:24:05.197+0000 7f4941ffb700 1 -- 172.21.15.93:0/197270296 <== mon.0 v2:172.21.15.93:3300/0 5 ==== osd_map(3..3 src has 1..3) v4 ==== 1098+0+0 (secure 0 0 0) 0x7f4944041310 con 0x7f4954070430
2024-01-27T23:24:05.188 INFO:teuthology.orchestra.run.smithi093.stderr:/usr/bin/ceph:
2024-01-27T23:24:05.197+0000 7f4958ef1700 1 --2- 172.21.15.93:0/197270296 >> [v2:172.21.15.93:6800/2141350326,v1:172.21.15.93:6801/2141350326] conn(0x7f493c02fe60 0x7f493c032320 unknown :-1 s=BANNER_CONNECTING pgs=0 cs=0 l=1 rev1=0 rx=0 tx=0)._handle_peer_banner_payload supported=1 required=0
2024-01-27T23:24:05.188 INFO:teuthology.orchestra.run.smithi093.stderr:/usr/bin/ceph:
2024-01-27T23:24:05.197+0000 7f495b956700 1 -- 172.21.15.93:0/197270296 --> [v2:172.21.15.93:3300/0,v1:172.21.15.93:6789/0] -- mon_command({"prefix": "get_command_descriptions"} v 0) v1 -- 0x7f4954059100 con 0x7f4954070430
2024-01-27T23:24:05.188 INFO:teuthology.orchestra.run.smithi093.stderr:/usr/bin/ceph:
2024-01-27T23:24:05.197+0000 7f4958ef1700 1 --2- 172.21.15.93:0/197270296 >> [v2:172.21.15.93:6800/2141350326,v1:172.21.15.93:6801/2141350326] conn(0x7f493c02fe60 0x7f493c032320 secure :-1 s=READY pgs=10 cs=0 l=1 rev1=1 rx=0x7f49500096a0 tx=0x7f4950006b40).ready entity=mgr.14142 client_cookie=0 server_cookie=0 in_seq=0 out_seq=0
2024-01-27T23:24:05.191 INFO:teuthology.orchestra.run.smithi093.stderr:/usr/bin/ceph:
2024-01-27T23:24:05.201+0000 7f4941ffb700 1 -- 172.21.15.93:0/197270296 <== mon.0 v2:172.21.15.93:3300/0 6 ==== mon_command_ack([{"prefix": "get_command_descriptions"}]=0 v0) v1 ==== 72+0+152212 (secure 0 0 0) 0x7f4944016070 con 0x7f4954070430
2024-01-27T23:24:05.347 INFO:teuthology.orchestra.run.smithi093.stderr:/usr/bin/ceph:
2024-01-27T23:24:05.357+0000 7f495b956700 1 -- 172.21.15.93:0/197270296 --> [v2:172.21.15.93:3300/0,v1:172.21.15.93:6789/0] -- mon_command([{prefix=config set, name=mgr/dashboard/ssl_server_port}] v 0) v1 -- 0x7f4954045ad0 con 0x7f4954070430
2024-01-27T23:24:05.350 INFO:teuthology.orchestra.run.smithi093.stderr:/usr/bin/ceph:
2024-01-27T23:24:05.360+0000 7f4941ffb700 1 -- 172.21.15.93:0/197270296 <== mon.0 v2:172.21.15.93:3300/0 7 ==== mon_command_ack([{prefix=config set, name=mgr/dashboard/ssl_server_port}]=0 v9)=0 v9) v1 ==== 130+0+0 (secure 0 0 0) 0x7f494401acb0 con 0x7f4954070430
2024-01-27T23:24:05.353 INFO:teuthology.orchestra.run.smithi093.stderr:/usr/bin/ceph:
2024-01-27T23:24:05.363+0000 7f495b956700 1 -- 172.21.15.93:0/197270296 >> [v2:172.21.15.93:6800/2141350326,v1:172.21.15.93:6801/2141350326] conn(0x7f493c02fe60 msgr2=0x7f493c032320 secure :-1 s=STATE_CONNECTION_ESTABLISHED l=1).mark_down
2024-01-27T23:24:05.353 INFO:teuthology.orchestra.run.smithi093.stderr:/usr/bin/ceph:
2024-01-27T23:24:05.363+0000 7f495b956700 1 --2- 172.21.15.93:0/197270296 >> [v2:172.21.15.93:6800/2141350326,v1:172.21.15.93:6801/2141350326] conn(0x7f493c02fe60 0x7f493c032320 secure :-1 s=READY pgs=10 cs=0 l=1 rev1=1 rx=0x7f49500096a0 tx=0x7f4950006b40).stop
2024-01-27T23:24:05.353 INFO:teuthology.orchestra.run.smithi093.stderr:/usr/bin/ceph:
2024-01-27T23:24:05.363+0000 7f495b956700 1 -- 172.21.15.93:0/197270296 >> [v2:172.21.15.93:3300/0,v1:172.21.15.93:6789/0] conn(0x7f4954070430 msgr2=0x7f49540fc360 secure :-1 s=STATE_CONNECTION_ESTABLISHED l=1).mark_down
2024-01-27T23:24:05.353 INFO:teuthology.orchestra.run.smithi093.stderr:/usr/bin/ceph:
2024-01-27T23:24:05.363+0000 7f495b956700 1 --2- 172.21.15.93:0/197270296 >> [v2:172.21.15.93:3300/0,v1:172.21.15.93:6789/0] conn(0x7f4954070430 0x7f49540fc360 secure :-1 s=READY pgs=65 cs=0 l=1 rev1=1 rx=0x7f4944002f40 tx=0x7f4944006ee0).stop
2024-01-27T23:24:05.353 INFO:teuthology.orchestra.run.smithi093.stderr:/usr/bin/ceph:
2024-01-27T23:24:05.363+0000 7f495b956700 1 -- 172.21.15.93:0/197270296 shutdown_connections
2024-01-27T23:24:05.353 INFO:teuthology.orchestra.run.smithi093.stderr:/usr/bin/ceph:
2024-01-27T23:24:05.363+0000 7f495b956700 1 --2- 172.21.15.93:0/197270296 >> [v2:172.21.15.93:6800/2141350326,v1:172.21.15.93:6801/2141350326] conn(0x7f493c02fe60 0x7f493c032320 unknown :-1 s=CLOSED pgs=10 cs=0 l=1 rev1=1 rx=0 tx=0).stop
2024-01-27T23:24:05.354 INFO:teuthology.orchestra.run.smithi093.stderr:/usr/bin/ceph:
2024-01-27T23:24:05.363+0000 7f495b956700 1 --2- 172.21.15.93:0/197270296 >> [v2:172.21.15.93:3300/0,v1:172.21.15.93:6789/0] conn(0x7f4954070430 0x7f49540fc360 unknown :-1 s=CLOSED pgs=65 cs=0 l=1 rev1=1 rx=0 tx=0).stop
2024-01-27T23:24:05.354 INFO:teuthology.orchestra.run.smithi093.stderr:/usr/bin/ceph:
2024-01-27T23:24:05.363+0000 7f495b956700 1 -- 172.21.15.93:0/197270296 >> 172.21.15.93:0/197270296 conn(0x7f49540f63c0 msgr2=0x7f49540f7fa0 unknown :-1 s=STATE_NONE l=0).mark_down
2024-01-27T23:24:05.354 INFO:teuthology.orchestra.run.smithi093.stderr:/usr/bin/ceph:
2024-01-27T23:24:05.363+0000 7f495b956700 1 -- 172.21.15.93:0/197270296 shutdown_connections
2024-01-27T23:24:05.354 INFO:teuthology.orchestra.run.smithi093.stderr:/usr/bin/ceph:
2024-01-27T23:24:05.363+0000 7f495b956700 1 -- 172.21.15.93:0/197270296 wait complete.
2024-01-27T23:24:05.770 INFO:teuthology.orchestra.run.smithi093.stderr:Enabling the dashboard module...
2024-01-27T23:24:05.770 INFO:teuthology.orchestra.run.smithi093.stderr:Running command: /bin/podman run --rm --ipc=host --no-hosts --net=host --entrypoint /usr/bin/ceph --init -e CONTAINER_IMAGE=docker.io/ceph/ceph:v16.2.4 -e NODE_NAME=smithi093 -e CEPH_USE_RANDOM_NONCE=1 -v /var/log/ceph/fe97b4b0-bd6a-11ee-95b2-87774f69a715:/var/log/ceph:z -v /tmp/ceph-tmpu7nnpd0g:/etc/ceph/ceph.client.admin.keyring:z -v /tmp/ceph-tmp1t1v7r8i:/etc/ceph/ceph.conf:z docker.io/ceph/ceph:v16.2.4 mgr module enable dashboard
2024-01-27T23:24:06.206 INFO:teuthology.orchestra.run.smithi093.stderr:/usr/bin/ceph:
2024-01-27T23:24:06.214+0000 7f67c2d83700 1 Processor -- start
2024-01-27T23:24:06.206 INFO:teuthology.orchestra.run.smithi093.stderr:/usr/bin/ceph:
2024-01-27T23:24:06.214+0000 7f67c2d83700 1 -- start start
2024-01-27T23:24:06.206 INFO:teuthology.orchestra.run.smithi093.stderr:/usr/bin/ceph:
2024-01-27T23:24:06.214+0000 7f67c2d83700 1 --2- >> [v2:172.21.15.93:3300/0,v1:172.21.15.93:6789/0] conn(0x7f67bc070350 0x7f67bc0fe9c0 unknown :-1 s=NONE pgs=0 cs=0 l=0 rev1=0 rx=0 tx=0).connect
2024-01-27T23:24:06.206 INFO:teuthology.orchestra.run.smithi093.stderr:/usr/bin/ceph:
2024-01-27T23:24:06.214+0000 7f67c2d83700 1 -- --> [v2:172.21.15.93:3300/0,v1:172.21.15.93:6789/0] -- mon_getmap magic: 0 v1 -- 0x7f67bc070770 con 0x7f67bc070350
2024-01-27T23:24:06.206 INFO:teuthology.orchestra.run.smithi093.stderr:/usr/bin/ceph:
2024-01-27T23:24:06.215+0000 7f67c0b1f700 1 --2- >> [v2:172.21.15.93:3300/0,v1:172.21.15.93:6789/0] conn(0x7f67bc070350 0x7f67bc0fe9c0 unknown :-1 s=BANNER_CONNECTING pgs=0 cs=0 l=0 rev1=0 rx=0 tx=0)._handle_peer_banner_payload supported=1 required=0
2024-01-27T23:24:06.206 INFO:teuthology.orchestra.run.smithi093.stderr:/usr/bin/ceph:
2024-01-27T23:24:06.215+0000 7f67c0b1f700 1 --2- >> [v2:172.21.15.93:3300/0,v1:172.21.15.93:6789/0] conn(0x7f67bc070350 0x7f67bc0fe9c0 unknown :-1 s=HELLO_CONNECTING pgs=0 cs=0 l=0 rev1=1 rx=0 tx=0).handle_hello peer v2:172.21.15.93:3300/0 says I am v2:172.21.15.93:47752/0 (socket says 172.21.15.93:47752)
2024-01-27T23:24:06.206 INFO:teuthology.orchestra.run.smithi093.stderr:/usr/bin/ceph:
2024-01-27T23:24:06.215+0000 7f67c0b1f700 1 -- 172.21.15.93:0/1701824780 learned_addr learned my addr 172.21.15.93:0/1701824780 (peer_addr_for_me v2:172.21.15.93:0/0)
2024-01-27T23:24:06.207 INFO:teuthology.orchestra.run.smithi093.stderr:/usr/bin/ceph:
2024-01-27T23:24:06.215+0000 7f67c0b1f700 1 -- 172.21.15.93:0/1701824780 --> [v2:172.21.15.93:3300/0,v1:172.21.15.93:6789/0] -- mon_subscribe({config=0+,monmap=0+}) v3 -- 0x7f67bc0feeb0 con 0x7f67bc070350
2024-01-27T23:24:06.207 INFO:teuthology.orchestra.run.smithi093.stderr:/usr/bin/ceph:
2024-01-27T23:24:06.215+0000 7f67c0b1f700 1 --2- 172.21.15.93:0/1701824780 >> [v2:172.21.15.93:3300/0,v1:172.21.15.93:6789/0] conn(0x7f67bc070350 0x7f67bc0fe9c0 secure :-1 s=READY pgs=66 cs=0 l=1 rev1=1 rx=0x7f67b000b5f0 tx=0x7f67b0006ee0).ready entity=mon.0 client_cookie=887c075feba2994b server_cookie=0 in_seq=0 out_seq=0
2024-01-27T23:24:06.207 INFO:teuthology.orchestra.run.smithi093.stderr:/usr/bin/ceph:
2024-01-27T23:24:06.215+0000 7f67bb7fe700 1 -- 172.21.15.93:0/1701824780 <== mon.0 v2:172.21.15.93:3300/0 1 ==== mon_map magic: 0 v1 ==== 229+0+0 (secure 0 0 0) 0x7f67b000d600 con 0x7f67bc070350
2024-01-27T23:24:06.207 INFO:teuthology.orchestra.run.smithi093.stderr:/usr/bin/ceph:
2024-01-27T23:24:06.215+0000 7f67bb7fe700 1 -- 172.21.15.93:0/1701824780 <== mon.0 v2:172.21.15.93:3300/0 2 ==== config(25 keys) v1 ==== 1074+0+0 (secure 0 0 0) 0x7f67b000dc10 con 0x7f67bc070350
2024-01-27T23:24:06.207 INFO:teuthology.orchestra.run.smithi093.stderr:/usr/bin/ceph:
2024-01-27T23:24:06.215+0000 7f67bb7fe700 1 -- 172.21.15.93:0/1701824780 <== mon.0 v2:172.21.15.93:3300/0 3 ==== mon_map magic: 0 v1 ==== 229+0+0 (secure 0 0 0) 0x7f67b0011cd0 con 0x7f67bc070350
2024-01-27T23:24:06.207 INFO:teuthology.orchestra.run.smithi093.stderr:/usr/bin/ceph:
2024-01-27T23:24:06.216+0000 7f67c2d83700 1 -- 172.21.15.93:0/1701824780 >> [v2:172.21.15.93:3300/0,v1:172.21.15.93:6789/0] conn(0x7f67bc070350 msgr2=0x7f67bc0fe9c0 secure :-1 s=STATE_CONNECTION_ESTABLISHED l=1).mark_down
2024-01-27T23:24:06.207 INFO:teuthology.orchestra.run.smithi093.stderr:/usr/bin/ceph:
2024-01-27T23:24:06.216+0000 7f67c2d83700 1 --2- 172.21.15.93:0/1701824780 >> [v2:172.21.15.93:3300/0,v1:172.21.15.93:6789/0] conn(0x7f67bc070350 0x7f67bc0fe9c0 secure :-1 s=READY pgs=66 cs=0 l=1 rev1=1 rx=0x7f67b000b5f0 tx=0x7f67b0006ee0).stop
2024-01-27T23:24:06.207 INFO:teuthology.orchestra.run.smithi093.stderr:/usr/bin/ceph:
2024-01-27T23:24:06.216+0000 7f67c2d83700 1 -- 172.21.15.93:0/1701824780 shutdown_connections
2024-01-27T23:24:06.207 INFO:teuthology.orchestra.run.smithi093.stderr:/usr/bin/ceph:
2024-01-27T23:24:06.216+0000 7f67c2d83700 1 --2- 172.21.15.93:0/1701824780 >> [v2:172.21.15.93:3300/0,v1:172.21.15.93:6789/0] conn(0x7f67bc070350 0x7f67bc0fe9c0 unknown :-1 s=CLOSED pgs=66 cs=0 l=1 rev1=1 rx=0 tx=0).stop
2024-01-27T23:24:06.207 INFO:teuthology.orchestra.run.smithi093.stderr:/usr/bin/ceph:
2024-01-27T23:24:06.216+0000 7f67c2d83700 1 -- 172.21.15.93:0/1701824780 >> 172.21.15.93:0/1701824780 conn(0x7f67bc0f63c0 msgr2=0x7f67bc0f87e0 unknown :-1 s=STATE_NONE l=0).mark_down
2024-01-27T23:24:06.207 INFO:teuthology.orchestra.run.smithi093.stderr:/usr/bin/ceph:
2024-01-27T23:24:06.216+0000 7f67c2d83700 1 -- 172.21.15.93:0/1701824780 shutdown_connections
2024-01-27T23:24:06.207 INFO:teuthology.orchestra.run.smithi093.stderr:/usr/bin/ceph:
2024-01-27T23:24:06.216+0000 7f67c2d83700 1 -- 172.21.15.93:0/1701824780 wait complete.
2024-01-27T23:24:06.208 INFO:teuthology.orchestra.run.smithi093.stderr:/usr/bin/ceph:
2024-01-27T23:24:06.217+0000 7f67c2d83700 1 Processor -- start
2024-01-27T23:24:06.208 INFO:teuthology.orchestra.run.smithi093.stderr:/usr/bin/ceph:
2024-01-27T23:24:06.217+0000 7f67c2d83700 1 -- start start
2024-01-27T23:24:06.208 INFO:teuthology.orchestra.run.smithi093.stderr:/usr/bin/ceph:
2024-01-27T23:24:06.217+0000 7f67c2d83700 1 --2- >> [v2:172.21.15.93:3300/0,v1:172.21.15.93:6789/0] conn(0x7f67bc070350 0x7f67bc10aaa0 unknown :-1 s=NONE pgs=0 cs=0 l=1 rev1=0 rx=0 tx=0).connect
2024-01-27T23:24:06.209 INFO:teuthology.orchestra.run.smithi093.stderr:/usr/bin/ceph:
2024-01-27T23:24:06.217+0000 7f67c2d83700 1 -- --> [v2:172.21.15.93:3300/0,v1:172.21.15.93:6789/0] -- mon_getmap magic: 0 v1 -- 0x7f67bc10af90 con 0x7f67bc070350
2024-01-27T23:24:06.209 INFO:teuthology.orchestra.run.smithi093.stderr:/usr/bin/ceph:
2024-01-27T23:24:06.217+0000 7f67c0b1f700 1 --2- >> [v2:172.21.15.93:3300/0,v1:172.21.15.93:6789/0] conn(0x7f67bc070350 0x7f67bc10aaa0 unknown :-1 s=BANNER_CONNECTING pgs=0 cs=0 l=1 rev1=0 rx=0 tx=0)._handle_peer_banner_payload supported=1 required=0
2024-01-27T23:24:06.209 INFO:teuthology.orchestra.run.smithi093.stderr:/usr/bin/ceph:
2024-01-27T23:24:06.217+0000 7f67c0b1f700 1 --2- >> [v2:172.21.15.93:3300/0,v1:172.21.15.93:6789/0] conn(0x7f67bc070350 0x7f67bc10aaa0 unknown :-1 s=HELLO_CONNECTING pgs=0 cs=0 l=1 rev1=1 rx=0 tx=0).handle_hello peer v2:172.21.15.93:3300/0 says I am v2:172.21.15.93:47766/0 (socket says 172.21.15.93:47766)
2024-01-27T23:24:06.209 INFO:teuthology.orchestra.run.smithi093.stderr:/usr/bin/ceph:
2024-01-27T23:24:06.217+0000 7f67c0b1f700 1 -- 172.21.15.93:0/3554811981 learned_addr learned my addr 172.21.15.93:0/3554811981 (peer_addr_for_me v2:172.21.15.93:0/0)
2024-01-27T23:24:06.209 INFO:teuthology.orchestra.run.smithi093.stderr:/usr/bin/ceph:
2024-01-27T23:24:06.218+0000 7f67c0b1f700 1 -- 172.21.15.93:0/3554811981 --> [v2:172.21.15.93:3300/0,v1:172.21.15.93:6789/0] -- mon_subscribe({config=0+,monmap=0+}) v3 -- 0x7f67b000b200 con 0x7f67bc070350
2024-01-27T23:24:06.209 INFO:teuthology.orchestra.run.smithi093.stderr:/usr/bin/ceph:
2024-01-27T23:24:06.218+0000 7f67c0b1f700 1 --2- 172.21.15.93:0/3554811981 >> [v2:172.21.15.93:3300/0,v1:172.21.15.93:6789/0] conn(0x7f67bc070350 0x7f67bc10aaa0 secure :-1 s=READY pgs=67 cs=0 l=1 rev1=1 rx=0x7f67b000dfe0 tx=0x7f67b0006ee0).ready entity=mon.0 client_cookie=0 server_cookie=0 in_seq=0 out_seq=0
2024-01-27T23:24:06.209 INFO:teuthology.orchestra.run.smithi093.stderr:/usr/bin/ceph:
2024-01-27T23:24:06.218+0000 7f67b97fa700 1 -- 172.21.15.93:0/3554811981 <== mon.0 v2:172.21.15.93:3300/0 1 ==== mon_map magic: 0 v1 ==== 229+0+0 (secure 0 0 0) 0x7f67b0011df0 con 0x7f67bc070350
2024-01-27T23:24:06.209 INFO:teuthology.orchestra.run.smithi093.stderr:/usr/bin/ceph:
2024-01-27T23:24:06.218+0000 7f67b97fa700 1 -- 172.21.15.93:0/3554811981 <== mon.0 v2:172.21.15.93:3300/0 2 ==== config(25 keys) v1 ==== 1074+0+0 (secure 0 0 0) 0x7f67b001b8c0 con 0x7f67bc070350
2024-01-27T23:24:06.209 INFO:teuthology.orchestra.run.smithi093.stderr:/usr/bin/ceph:
2024-01-27T23:24:06.218+0000 7f67c2d83700 1 -- 172.21.15.93:0/3554811981 --> [v2:172.21.15.93:3300/0,v1:172.21.15.93:6789/0] -- mon_subscribe({mgrmap=0+}) v3 -- 0x7f67bc10b190 con 0x7f67bc070350
2024-01-27T23:24:06.209 INFO:teuthology.orchestra.run.smithi093.stderr:/usr/bin/ceph:
2024-01-27T23:24:06.218+0000 7f67b97fa700 1 -- 172.21.15.93:0/3554811981 <== mon.0 v2:172.21.15.93:3300/0 3 ==== mon_map magic: 0 v1 ==== 229+0+0 (secure 0 0 0) 0x7f67b001a900 con 0x7f67bc070350
2024-01-27T23:24:06.210 INFO:teuthology.orchestra.run.smithi093.stderr:/usr/bin/ceph:
2024-01-27T23:24:06.218+0000 7f67c2d83700 1 -- 172.21.15.93:0/3554811981 --> [v2:172.21.15.93:3300/0,v1:172.21.15.93:6789/0] -- mon_subscribe({osdmap=0}) v3 -- 0x7f67bc10b5a0 con 0x7f67bc070350
2024-01-27T23:24:06.210 INFO:teuthology.orchestra.run.smithi093.stderr:/usr/bin/ceph:
2024-01-27T23:24:06.219+0000 7f67b97fa700 1 -- 172.21.15.93:0/3554811981 <== mon.0 v2:172.21.15.93:3300/0 4 ==== mgrmap(e 11) v1 ==== 36195+0+0 (secure 0 0 0) 0x7f67b000f070 con 0x7f67bc070350
2024-01-27T23:24:06.210 INFO:teuthology.orchestra.run.smithi093.stderr:/usr/bin/ceph:
2024-01-27T23:24:06.219+0000 7f67b97fa700 1 --2- 172.21.15.93:0/3554811981 >> [v2:172.21.15.93:6800/2141350326,v1:172.21.15.93:6801/2141350326] conn(0x7f67a002feb0 0x7f67a0032370 unknown :-1 s=NONE pgs=0 cs=0 l=1 rev1=0 rx=0 tx=0).connect
2024-01-27T23:24:06.210 INFO:teuthology.orchestra.run.smithi093.stderr:/usr/bin/ceph:
2024-01-27T23:24:06.219+0000 7f67b97fa700 1 -- 172.21.15.93:0/3554811981 <== mon.0 v2:172.21.15.93:3300/0 5 ==== osd_map(3..3 src has 1..3) v4 ==== 1098+0+0 (secure 0 0 0) 0x7f67b0041110 con 0x7f67bc070350
2024-01-27T23:24:06.210 INFO:teuthology.orchestra.run.smithi093.stderr:/usr/bin/ceph:
2024-01-27T23:24:06.219+0000 7f67bbfff700 1 --2- 172.21.15.93:0/3554811981 >> [v2:172.21.15.93:6800/2141350326,v1:172.21.15.93:6801/2141350326] conn(0x7f67a002feb0 0x7f67a0032370 unknown :-1 s=BANNER_CONNECTING pgs=0 cs=0 l=1 rev1=0 rx=0 tx=0)._handle_peer_banner_payload supported=1 required=0
2024-01-27T23:24:06.210 INFO:teuthology.orchestra.run.smithi093.stderr:/usr/bin/ceph:
2024-01-27T23:24:06.219+0000 7f67c2d83700 1 -- 172.21.15.93:0/3554811981 --> [v2:172.21.15.93:3300/0,v1:172.21.15.93:6789/0] -- mon_command({"prefix": "get_command_descriptions"} v 0) v1 -- 0x7f67bc059100 con 0x7f67bc070350
2024-01-27T23:24:06.210 INFO:teuthology.orchestra.run.smithi093.stderr:/usr/bin/ceph:
2024-01-27T23:24:06.219+0000 7f67bbfff700 1 --2- 172.21.15.93:0/3554811981 >> [v2:172.21.15.93:6800/2141350326,v1:172.21.15.93:6801/2141350326] conn(0x7f67a002feb0 0x7f67a0032370 secure :-1 s=READY pgs=11 cs=0 l=1 rev1=1 rx=0x7f67a80096a0 tx=0x7f67a8006b40).ready entity=mgr.14142 client_cookie=0 server_cookie=0 in_seq=0 out_seq=0
2024-01-27T23:24:06.213 INFO:teuthology.orchestra.run.smithi093.stderr:/usr/bin/ceph:
2024-01-27T23:24:06.224+0000 7f67b97fa700 1 -- 172.21.15.93:0/3554811981 <== mon.0 v2:172.21.15.93:3300/0 6 ==== mon_command_ack([{"prefix": "get_command_descriptions"}]=0 v0) v1 ==== 72+0+152212 (secure 0 0 0) 0x7f67b0016070 con 0x7f67bc070350
2024-01-27T23:24:06.419 INFO:teuthology.orchestra.run.smithi093.stderr:/usr/bin/ceph:
2024-01-27T23:24:06.429+0000 7f67c2d83700 1 -- 172.21.15.93:0/3554811981 --> [v2:172.21.15.93:3300/0,v1:172.21.15.93:6789/0] -- mon_command({"prefix": "mgr module enable", "module": "dashboard"} v 0) v1 -- 0x7f67bc0ffb90 con 0x7f67bc070350
2024-01-27T23:24:06.610 INFO:journalctl@ceph.mon.smithi093.smithi093.stdout:Jan 27 23:24:06 smithi093 ceph-fe97b4b0-bd6a-11ee-95b2-87774f69a715-mon.smithi093[38783]: audit
2024-01-27T23:24:05.361895+0000 mon.smithi093 (mon.0) 82 : audit [INF] from='client.? 172.21.15.93:0/197270296' entity='client.admin'
2024-01-27T23:24:06.610 INFO:journalctl@ceph.mon.smithi093.smithi093.stdout:Jan 27 23:24:06 smithi093 ceph-fe97b4b0-bd6a-11ee-95b2-87774f69a715-mon.smithi093[38783]: audit
2024-01-27T23:24:05.836997+0000 mon.smithi093 (mon.0) 83 : audit [INF] from='mgr.14142 172.21.15.93:0/253349118' entity='mgr.smithi093.qygqpy'
2024-01-27T23:24:06.610 INFO:journalctl@ceph.mon.smithi093.smithi093.stdout:Jan 27 23:24:06 smithi093 ceph-fe97b4b0-bd6a-11ee-95b2-87774f69a715-mon.smithi093[38783]: audit
2024-01-27T23:24:06.064953+0000 mon.smithi093 (mon.0) 84 : audit [INF] from='mgr.14142 172.21.15.93:0/253349118' entity='mgr.smithi093.qygqpy'
2024-01-27T23:24:07.353 INFO:teuthology.orchestra.run.smithi093.stderr:/usr/bin/ceph:
2024-01-27T23:24:07.363+0000 7f67b97fa700 1 -- 172.21.15.93:0/3554811981 <== mon.0 v2:172.21.15.93:3300/0 7 ==== mgrmap(e 12) v1 ==== 36208+0+0 (secure 0 0 0) 0x7f67b0024790 con 0x7f67bc070350
2024-01-27T23:24:07.354 INFO:teuthology.orchestra.run.smithi093.stderr:/usr/bin/ceph:
2024-01-27T23:24:07.364+0000 7f67b97fa700 1 -- 172.21.15.93:0/3554811981 <== mon.0 v2:172.21.15.93:3300/0 8 ==== mon_command_ack([{"prefix": "mgr module enable", "module": "dashboard"}]=0 v12) v1 ==== 88+0+0 (secure 0 0 0) 0x7f67b002e440 con 0x7f67bc070350
2024-01-27T23:24:07.356 INFO:teuthology.orchestra.run.smithi093.stderr:/usr/bin/ceph:
2024-01-27T23:24:07.366+0000 7f67c2d83700 1 -- 172.21.15.93:0/3554811981 >> [v2:172.21.15.93:6800/2141350326,v1:172.21.15.93:6801/2141350326] conn(0x7f67a002feb0 msgr2=0x7f67a0032370 secure :-1 s=STATE_CONNECTION_ESTABLISHED l=1).mark_down
2024-01-27T23:24:07.357 INFO:teuthology.orchestra.run.smithi093.stderr:/usr/bin/ceph:
2024-01-27T23:24:07.366+0000 7f67c2d83700 1 --2- 172.21.15.93:0/3554811981 >> [v2:172.21.15.93:6800/2141350326,v1:172.21.15.93:6801/2141350326] conn(0x7f67a002feb0 0x7f67a0032370 secure :-1 s=READY pgs=11 cs=0 l=1 rev1=1 rx=0x7f67a80096a0 tx=0x7f67a8006b40).stop
2024-01-27T23:24:07.357 INFO:teuthology.orchestra.run.smithi093.stderr:/usr/bin/ceph:
2024-01-27T23:24:07.366+0000 7f67c2d83700 1 -- 172.21.15.93:0/3554811981 >> [v2:172.21.15.93:3300/0,v1:172.21.15.93:6789/0] conn(0x7f67bc070350 msgr2=0x7f67bc10aaa0 secure :-1 s=STATE_CONNECTION_ESTABLISHED l=1).mark_down
2024-01-27T23:24:07.357 INFO:teuthology.orchestra.run.smithi093.stderr:/usr/bin/ceph:
2024-01-27T23:24:07.366+0000 7f67c2d83700 1 --2- 172.21.15.93:0/3554811981 >> [v2:172.21.15.93:3300/0,v1:172.21.15.93:6789/0] conn(0x7f67bc070350 0x7f67bc10aaa0 secure :-1 s=READY pgs=67 cs=0 l=1 rev1=1 rx=0x7f67b000dfe0 tx=0x7f67b0006ee0).stop
2024-01-27T23:24:07.357 INFO:teuthology.orchestra.run.smithi093.stderr:/usr/bin/ceph:
2024-01-27T23:24:07.366+0000 7f67c2d83700 1 -- 172.21.15.93:0/3554811981 shutdown_connections
2024-01-27T23:24:07.357 INFO:teuthology.orchestra.run.smithi093.stderr:/usr/bin/ceph:
2024-01-27T23:24:07.366+0000 7f67c2d83700 1 --2- 172.21.15.93:0/3554811981 >> [v2:172.21.15.93:6800/2141350326,v1:172.21.15.93:6801/2141350326] conn(0x7f67a002feb0 0x7f67a0032370 unknown :-1 s=CLOSED pgs=11 cs=0 l=1 rev1=1 rx=0 tx=0).stop
2024-01-27T23:24:07.357 INFO:teuthology.orchestra.run.smithi093.stderr:/usr/bin/ceph:
2024-01-27T23:24:07.366+0000 7f67c2d83700 1 --2- 172.21.15.93:0/3554811981 >> [v2:172.21.15.93:3300/0,v1:172.21.15.93:6789/0] conn(0x7f67bc070350 0x7f67bc10aaa0 unknown :-1 s=CLOSED pgs=67 cs=0 l=1 rev1=1 rx=0 tx=0).stop
2024-01-27T23:24:07.357 INFO:teuthology.orchestra.run.smithi093.stderr:/usr/bin/ceph:
2024-01-27T23:24:07.366+0000 7f67c2d83700 1 -- 172.21.15.93:0/3554811981 >> 172.21.15.93:0/3554811981 conn(0x7f67bc0f63c0 msgr2=0x7f67bc0f7fa0 unknown :-1 s=STATE_NONE l=0).mark_down
2024-01-27T23:24:07.357 INFO:teuthology.orchestra.run.smithi093.stderr:/usr/bin/ceph:
2024-01-27T23:24:07.366+0000 7f67c2d83700 1 -- 172.21.15.93:0/3554811981 shutdown_connections
2024-01-27T23:24:07.357 INFO:teuthology.orchestra.run.smithi093.stderr:/usr/bin/ceph:
2024-01-27T23:24:07.366+0000 7f67c2d83700 1 -- 172.21.15.93:0/3554811981 wait complete.
2024-01-27T23:24:07.610 INFO:journalctl@ceph.mon.smithi093.smithi093.stdout:Jan 27 23:24:07 smithi093 ceph-fe97b4b0-bd6a-11ee-95b2-87774f69a715-mon.smithi093[38783]: audit
2024-01-27T23:24:06.431005+0000 mon.smithi093 (mon.0) 85 : audit [INF] from='client.? 172.21.15.93:0/3554811981' entity='client.admin' cmd=[{"prefix": "mgr module enable", "module": "dashboard"}]: dispatch
2024-01-27T23:24:07.610 INFO:journalctl@ceph.mon.smithi093.smithi093.stdout:Jan 27 23:24:07 smithi093 ceph-fe97b4b0-bd6a-11ee-95b2-87774f69a715-mon.smithi093[38783]: audit
2024-01-27T23:24:06.676770+0000 mon.smithi093 (mon.0) 86 : audit [INF] from='mgr.14142 172.21.15.93:0/253349118' entity='mgr.smithi093.qygqpy'
2024-01-27T23:24:07.752 INFO:teuthology.orchestra.run.smithi093.stderr:Running command: /bin/podman run --rm --ipc=host --no-hosts --net=host --entrypoint /usr/bin/ceph --init -e CONTAINER_IMAGE=docker.io/ceph/ceph:v16.2.4 -e NODE_NAME=smithi093 -e CEPH_USE_RANDOM_NONCE=1 -v /var/log/ceph/fe97b4b0-bd6a-11ee-95b2-87774f69a715:/var/log/ceph:z -v /tmp/ceph-tmpu7nnpd0g:/etc/ceph/ceph.client.admin.keyring:z -v /tmp/ceph-tmp1t1v7r8i:/etc/ceph/ceph.conf:z docker.io/ceph/ceph:v16.2.4 mgr stat
2024-01-27T23:24:08.139 INFO:teuthology.orchestra.run.smithi093.stderr:/usr/bin/ceph:
2024-01-27T23:24:08.146+0000 7ff684c72700 1 Processor -- start
2024-01-27T23:24:08.139 INFO:teuthology.orchestra.run.smithi093.stderr:/usr/bin/ceph:
2024-01-27T23:24:08.146+0000 7ff684c72700 1 -- start start
2024-01-27T23:24:08.139 INFO:teuthology.orchestra.run.smithi093.stderr:/usr/bin/ceph:
2024-01-27T23:24:08.146+0000 7ff684c72700 1 --2- >> [v2:172.21.15.93:3300/0,v1:172.21.15.93:6789/0] conn(0x7ff6800fbcb0 0x7ff6800fc0d0 unknown :-1 s=NONE pgs=0 cs=0 l=0 rev1=0 rx=0 tx=0).connect
2024-01-27T23:24:08.139 INFO:teuthology.orchestra.run.smithi093.stderr:/usr/bin/ceph:
2024-01-27T23:24:08.146+0000 7ff684c72700 1 -- --> [v2:172.21.15.93:3300/0,v1:172.21.15.93:6789/0] -- mon_getmap magic: 0 v1 -- 0x7ff6800fc5c0 con 0x7ff6800fbcb0
2024-01-27T23:24:08.139 INFO:teuthology.orchestra.run.smithi093.stderr:/usr/bin/ceph:
2024-01-27T23:24:08.146+0000 7ff67e59c700 1 --2- >> [v2:172.21.15.93:3300/0,v1:172.21.15.93:6789/0] conn(0x7ff6800fbcb0 0x7ff6800fc0d0 unknown :-1 s=BANNER_CONNECTING pgs=0 cs=0 l=0 rev1=0 rx=0 tx=0)._handle_peer_banner_payload supported=1 required=0
2024-01-27T23:24:08.139 INFO:teuthology.orchestra.run.smithi093.stderr:/usr/bin/ceph:
2024-01-27T23:24:08.146+0000 7ff67e59c700 1 --2- >> [v2:172.21.15.93:3300/0,v1:172.21.15.93:6789/0] conn(0x7ff6800fbcb0 0x7ff6800fc0d0 unknown :-1 s=HELLO_CONNECTING pgs=0 cs=0 l=0 rev1=1 rx=0 tx=0).handle_hello peer v2:172.21.15.93:3300/0 says I am v2:172.21.15.93:46894/0 (socket says 172.21.15.93:46894)
2024-01-27T23:24:08.139 INFO:teuthology.orchestra.run.smithi093.stderr:/usr/bin/ceph:
2024-01-27T23:24:08.146+0000 7ff67e59c700 1 -- 172.21.15.93:0/486342415 learned_addr learned my addr 172.21.15.93:0/486342415 (peer_addr_for_me v2:172.21.15.93:0/0)
2024-01-27T23:24:08.139 INFO:teuthology.orchestra.run.smithi093.stderr:/usr/bin/ceph:
2024-01-27T23:24:08.147+0000 7ff67e59c700 1 -- 172.21.15.93:0/486342415 --> [v2:172.21.15.93:3300/0,v1:172.21.15.93:6789/0] -- mon_subscribe({config=0+,monmap=0+}) v3 -- 0x7ff6800fc700 con 0x7ff6800fbcb0
2024-01-27T23:24:08.139 INFO:teuthology.orchestra.run.smithi093.stderr:/usr/bin/ceph:
2024-01-27T23:24:08.147+0000 7ff67e59c700 1 --2- 172.21.15.93:0/486342415 >> [v2:172.21.15.93:3300/0,v1:172.21.15.93:6789/0] conn(0x7ff6800fbcb0 0x7ff6800fc0d0 secure :-1 s=READY pgs=70 cs=0 l=1 rev1=1 rx=0x7ff67000b5f0 tx=0x7ff670006ee0).ready entity=mon.0 client_cookie=6d304dbb47bee14c server_cookie=0 in_seq=0 out_seq=0
2024-01-27T23:24:08.140 INFO:teuthology.orchestra.run.smithi093.stderr:/usr/bin/ceph:
2024-01-27T23:24:08.147+0000 7ff67d59a700 1 -- 172.21.15.93:0/486342415 <== mon.0 v2:172.21.15.93:3300/0 1 ==== mon_map magic: 0 v1 ==== 229+0+0 (secure 0 0 0) 0x7ff67000d600 con 0x7ff6800fbcb0
2024-01-27T23:24:08.140 INFO:teuthology.orchestra.run.smithi093.stderr:/usr/bin/ceph:
2024-01-27T23:24:08.147+0000 7ff67d59a700 1 -- 172.21.15.93:0/486342415 <== mon.0 v2:172.21.15.93:3300/0 2 ==== config(25 keys) v1 ==== 1074+0+0 (secure 0 0 0) 0x7ff67000dc10 con 0x7ff6800fbcb0
2024-01-27T23:24:08.140 INFO:teuthology.orchestra.run.smithi093.stderr:/usr/bin/ceph:
2024-01-27T23:24:08.147+0000 7ff67d59a700 1 -- 172.21.15.93:0/486342415 <== mon.0 v2:172.21.15.93:3300/0 3 ==== mon_map magic: 0 v1 ==== 229+0+0 (secure 0 0 0) 0x7ff670011cd0 con 0x7ff6800fbcb0
2024-01-27T23:24:08.140 INFO:teuthology.orchestra.run.smithi093.stderr:/usr/bin/ceph:
2024-01-27T23:24:08.148+0000 7ff684c72700 1 -- 172.21.15.93:0/486342415 >> [v2:172.21.15.93:3300/0,v1:172.21.15.93:6789/0] conn(0x7ff6800fbcb0 msgr2=0x7ff6800fc0d0 secure :-1 s=STATE_CONNECTION_ESTABLISHED l=1).mark_down
2024-01-27T23:24:08.140 INFO:teuthology.orchestra.run.smithi093.stderr:/usr/bin/ceph:
2024-01-27T23:24:08.148+0000 7ff684c72700 1 --2- 172.21.15.93:0/486342415 >> [v2:172.21.15.93:3300/0,v1:172.21.15.93:6789/0] conn(0x7ff6800fbcb0 0x7ff6800fc0d0 secure :-1 s=READY pgs=70 cs=0 l=1 rev1=1 rx=0x7ff67000b5f0 tx=0x7ff670006ee0).stop
2024-01-27T23:24:08.140 INFO:teuthology.orchestra.run.smithi093.stderr:/usr/bin/ceph:
2024-01-27T23:24:08.148+0000 7ff684c72700 1 -- 172.21.15.93:0/486342415 shutdown_connections
2024-01-27T23:24:08.140 INFO:teuthology.orchestra.run.smithi093.stderr:/usr/bin/ceph:
2024-01-27T23:24:08.148+0000 7ff684c72700 1 --2- 172.21.15.93:0/486342415 >> [v2:172.21.15.93:3300/0,v1:172.21.15.93:6789/0] conn(0x7ff6800fbcb0 0x7ff6800fc0d0 unknown :-1 s=CLOSED pgs=70 cs=0 l=1 rev1=1 rx=0 tx=0).stop
2024-01-27T23:24:08.140 INFO:teuthology.orchestra.run.smithi093.stderr:/usr/bin/ceph:
2024-01-27T23:24:08.148+0000 7ff684c72700 1 -- 172.21.15.93:0/486342415 >> 172.21.15.93:0/486342415 conn(0x7ff6800f74b0 msgr2=0x7ff6800f98d0 unknown :-1 s=STATE_NONE l=0).mark_down
2024-01-27T23:24:08.140 INFO:teuthology.orchestra.run.smithi093.stderr:/usr/bin/ceph:
2024-01-27T23:24:08.148+0000 7ff684c72700 1 -- 172.21.15.93:0/486342415 shutdown_connections
2024-01-27T23:24:08.140 INFO:teuthology.orchestra.run.smithi093.stderr:/usr/bin/ceph:
2024-01-27T23:24:08.148+0000 7ff684c72700 1 -- 172.21.15.93:0/486342415 wait complete.
2024-01-27T23:24:08.140 INFO:teuthology.orchestra.run.smithi093.stderr:/usr/bin/ceph:
2024-01-27T23:24:08.149+0000 7ff684c72700 1 Processor -- start
2024-01-27T23:24:08.141 INFO:teuthology.orchestra.run.smithi093.stderr:/usr/bin/ceph:
2024-01-27T23:24:08.149+0000 7ff684c72700 1 -- start start
2024-01-27T23:24:08.141 INFO:teuthology.orchestra.run.smithi093.stderr:/usr/bin/ceph:
2024-01-27T23:24:08.149+0000 7ff684c72700 1 --2- >> [v2:172.21.15.93:3300/0,v1:172.21.15.93:6789/0] conn(0x7ff6800fbcb0 0x7ff68010aa50 unknown :-1 s=NONE pgs=0 cs=0 l=1 rev1=0 rx=0 tx=0).connect
2024-01-27T23:24:08.141 INFO:teuthology.orchestra.run.smithi093.stderr:/usr/bin/ceph:
2024-01-27T23:24:08.149+0000 7ff684c72700 1 -- --> [v2:172.21.15.93:3300/0,v1:172.21.15.93:6789/0] -- mon_getmap magic: 0 v1 -- 0x7ff68010af40 con 0x7ff6800fbcb0
2024-01-27T23:24:08.141 INFO:teuthology.orchestra.run.smithi093.stderr:/usr/bin/ceph:
2024-01-27T23:24:08.149+0000 7ff67e59c700 1 --2- >> [v2:172.21.15.93:3300/0,v1:172.21.15.93:6789/0] conn(0x7ff6800fbcb0 0x7ff68010aa50 unknown :-1 s=BANNER_CONNECTING pgs=0 cs=0 l=1 rev1=0 rx=0 tx=0)._handle_peer_banner_payload supported=1 required=0
2024-01-27T23:24:08.141 INFO:teuthology.orchestra.run.smithi093.stderr:/usr/bin/ceph:
2024-01-27T23:24:08.149+0000 7ff67e59c700 1 --2- >> [v2:172.21.15.93:3300/0,v1:172.21.15.93:6789/0] conn(0x7ff6800fbcb0 0x7ff68010aa50 unknown :-1 s=HELLO_CONNECTING pgs=0 cs=0 l=1 rev1=1 rx=0 tx=0).handle_hello peer v2:172.21.15.93:3300/0 says I am v2:172.21.15.93:46904/0 (socket says 172.21.15.93:46904)
2024-01-27T23:24:08.141 INFO:teuthology.orchestra.run.smithi093.stderr:/usr/bin/ceph:
2024-01-27T23:24:08.149+0000 7ff67e59c700 1 -- 172.21.15.93:0/870072220 learned_addr learned my addr 172.21.15.93:0/870072220 (peer_addr_for_me v2:172.21.15.93:0/0)
2024-01-27T23:24:08.142 INFO:teuthology.orchestra.run.smithi093.stderr:/usr/bin/ceph:
2024-01-27T23:24:08.149+0000 7ff67e59c700 1 -- 172.21.15.93:0/870072220 --> [v2:172.21.15.93:3300/0,v1:172.21.15.93:6789/0] -- mon_subscribe({config=0+,monmap=0+}) v3 -- 0x7ff67000b200 con 0x7ff6800fbcb0
2024-01-27T23:24:08.142 INFO:teuthology.orchestra.run.smithi093.stderr:/usr/bin/ceph:
2024-01-27T23:24:08.149+0000 7ff67e59c700 1 --2- 172.21.15.93:0/870072220 >> [v2:172.21.15.93:3300/0,v1:172.21.15.93:6789/0] conn(0x7ff6800fbcb0 0x7ff68010aa50 secure :-1 s=READY pgs=71 cs=0 l=1 rev1=1 rx=0x7ff67000dfb0 tx=0x7ff670006ee0).ready entity=mon.0 client_cookie=0 server_cookie=0 in_seq=0 out_seq=0
2024-01-27T23:24:08.142 INFO:teuthology.orchestra.run.smithi093.stderr:/usr/bin/ceph:
2024-01-27T23:24:08.149+0000 7ff66effd700 1 -- 172.21.15.93:0/870072220 <== mon.0 v2:172.21.15.93:3300/0 1 ==== mon_map magic: 0 v1 ==== 229+0+0 (secure 0 0 0) 0x7ff670011df0 con 0x7ff6800fbcb0
2024-01-27T23:24:08.142 INFO:teuthology.orchestra.run.smithi093.stderr:/usr/bin/ceph:
2024-01-27T23:24:08.150+0000 7ff684c72700 1 -- 172.21.15.93:0/870072220 --> [v2:172.21.15.93:3300/0,v1:172.21.15.93:6789/0] -- mon_subscribe({mgrmap=0+}) v3 -- 0x7ff68010b140 con 0x7ff6800fbcb0
2024-01-27T23:24:08.142 INFO:teuthology.orchestra.run.smithi093.stderr:/usr/bin/ceph:
2024-01-27T23:24:08.150+0000 7ff66effd700 1 -- 172.21.15.93:0/870072220 <== mon.0 v2:172.21.15.93:3300/0 2 ==== config(25 keys) v1 ==== 1074+0+0 (secure 0 0 0) 0x7ff67001b8c0 con 0x7ff6800fbcb0
2024-01-27T23:24:08.142 INFO:teuthology.orchestra.run.smithi093.stderr:/usr/bin/ceph:
2024-01-27T23:24:08.150+0000 7ff66effd700 1 -- 172.21.15.93:0/870072220 <== mon.0 v2:172.21.15.93:3300/0 3 ==== mon_map magic: 0 v1 ==== 229+0+0 (secure 0 0 0) 0x7ff67001a8c0 con 0x7ff6800fbcb0
2024-01-27T23:24:08.142 INFO:teuthology.orchestra.run.smithi093.stderr:/usr/bin/ceph:
2024-01-27T23:24:08.150+0000 7ff684c72700 1 -- 172.21.15.93:0/870072220 --> [v2:172.21.15.93:3300/0,v1:172.21.15.93:6789/0] -- mon_subscribe({osdmap=0}) v3 -- 0x7ff68010b550 con 0x7ff6800fbcb0
2024-01-27T23:24:08.143 INFO:teuthology.orchestra.run.smithi093.stderr:/usr/bin/ceph:
2024-01-27T23:24:08.151+0000 7ff684c72700 1 -- 172.21.15.93:0/870072220 --> [v2:172.21.15.93:3300/0,v1:172.21.15.93:6789/0] -- mon_command({"prefix": "get_command_descriptions"} v 0) v1 -- 0x7ff680045ad0 con 0x7ff6800fbcb0
2024-01-27T23:24:08.143 INFO:teuthology.orchestra.run.smithi093.stderr:/usr/bin/ceph:
2024-01-27T23:24:08.151+0000 7ff66effd700 1 -- 172.21.15.93:0/870072220 <== mon.0 v2:172.21.15.93:3300/0 4 ==== mgrmap(e 12) v1 ==== 36208+0+0 (secure 0 0 0) 0x7ff67000f070 con 0x7ff6800fbcb0
2024-01-27T23:24:08.143 INFO:teuthology.orchestra.run.smithi093.stderr:/usr/bin/ceph:
2024-01-27T23:24:08.151+0000 7ff66effd700 1 --2- 172.21.15.93:0/870072220 >> [v2:172.21.15.93:6800/2141350326,v1:172.21.15.93:6801/2141350326] conn(0x7ff66402feb0 0x7ff664032370 unknown :-1 s=NONE pgs=0 cs=0 l=1 rev1=0 rx=0 tx=0).connect
2024-01-27T23:24:08.143 INFO:teuthology.orchestra.run.smithi093.stderr:/usr/bin/ceph:
2024-01-27T23:24:08.151+0000 7ff66effd700 1 -- 172.21.15.93:0/870072220 <== mon.0 v2:172.21.15.93:3300/0 5 ==== osd_map(3..3 src has 1..3) v4 ==== 1098+0+0 (secure 0 0 0) 0x7ff670041090 con 0x7ff6800fbcb0
2024-01-27T23:24:08.143 INFO:teuthology.orchestra.run.smithi093.stderr:/usr/bin/ceph:
2024-01-27T23:24:08.151+0000 7ff67dd9b700 1 -- 172.21.15.93:0/870072220 >> [v2:172.21.15.93:6800/2141350326,v1:172.21.15.93:6801/2141350326] conn(0x7ff66402feb0 msgr2=0x7ff664032370 unknown :-1 s=STATE_CONNECTING_RE l=1).process reconnect failed to v2:172.21.15.93:6800/2141350326
2024-01-27T23:24:08.143 INFO:teuthology.orchestra.run.smithi093.stderr:/usr/bin/ceph:
2024-01-27T23:24:08.151+0000 7ff67dd9b700 1 --2- 172.21.15.93:0/870072220 >> [v2:172.21.15.93:6800/2141350326,v1:172.21.15.93:6801/2141350326] conn(0x7ff66402feb0 0x7ff664032370 unknown :-1 s=START_CONNECT pgs=0 cs=0 l=1 rev1=0 rx=0 tx=0)._fault waiting 0.200000
2024-01-27T23:24:08.144 INFO:teuthology.orchestra.run.smithi093.stderr:/usr/bin/ceph:
2024-01-27T23:24:08.155+0000 7ff66effd700 1 -- 172.21.15.93:0/870072220 <== mon.0 v2:172.21.15.93:3300/0 6 ==== mon_command_ack([{"prefix": "get_command_descriptions"}]=0 v0) v1 ==== 72+0+152212 (secure 0 0 0) 0x7ff670010360 con 0x7ff6800fbcb0
2024-01-27T23:24:08.337 INFO:teuthology.orchestra.run.smithi093.stderr:/usr/bin/ceph:
2024-01-27T23:24:08.347+0000 7ff684c72700 1 -- 172.21.15.93:0/870072220 --> [v2:172.21.15.93:3300/0,v1:172.21.15.93:6789/0] -- mon_command({"prefix": "mgr stat"} v 0) v1 -- 0x7ff68010c600 con 0x7ff6800fbcb0
2024-01-27T23:24:08.338 INFO:teuthology.orchestra.run.smithi093.stderr:/usr/bin/ceph:
2024-01-27T23:24:08.347+0000 7ff66effd700 1 -- 172.21.15.93:0/870072220 <== mon.0 v2:172.21.15.93:3300/0 7 ==== mon_command_ack([{"prefix": "mgr stat"}]=0 v12) v1 ==== 56+0+104 (secure 0 0 0) 0x7ff670016070 con 0x7ff6800fbcb0
2024-01-27T23:24:08.338 INFO:teuthology.orchestra.run.smithi093.stderr:/usr/bin/ceph: {
2024-01-27T23:24:08.338 INFO:teuthology.orchestra.run.smithi093.stderr:/usr/bin/ceph: "epoch": 12,
2024-01-27T23:24:08.338 INFO:teuthology.orchestra.run.smithi093.stderr:/usr/bin/ceph: "available": true,
2024-01-27T23:24:08.338 INFO:teuthology.orchestra.run.smithi093.stderr:/usr/bin/ceph: "active_name": "smithi093.qygqpy",
2024-01-27T23:24:08.338 INFO:teuthology.orchestra.run.smithi093.stderr:/usr/bin/ceph: "num_standby": 0
2024-01-27T23:24:08.338 INFO:teuthology.orchestra.run.smithi093.stderr:/usr/bin/ceph: }
2024-01-27T23:24:08.339 INFO:teuthology.orchestra.run.smithi093.stderr:/usr/bin/ceph:
2024-01-27T23:24:08.349+0000 7ff684c72700 1 -- 172.21.15.93:0/870072220 >> [v2:172.21.15.93:6800/2141350326,v1:172.21.15.93:6801/2141350326] conn(0x7ff66402feb0 msgr2=0x7ff664032370 unknown :-1 s=STATE_CONNECTING l=1).mark_down
2024-01-27T23:24:08.340 INFO:teuthology.orchestra.run.smithi093.stderr:/usr/bin/ceph:
2024-01-27T23:24:08.349+0000 7ff684c72700 1 --2- 172.21.15.93:0/870072220 >> [v2:172.21.15.93:6800/2141350326,v1:172.21.15.93:6801/2141350326] conn(0x7ff66402feb0 0x7ff664032370 unknown :-1 s=START_CONNECT pgs=0 cs=0 l=1 rev1=0 rx=0 tx=0).stop
2024-01-27T23:24:08.340 INFO:teuthology.orchestra.run.smithi093.stderr:/usr/bin/ceph:
2024-01-27T23:24:08.349+0000 7ff684c72700 1 -- 172.21.15.93:0/870072220 >> [v2:172.21.15.93:3300/0,v1:172.21.15.93:6789/0] conn(0x7ff6800fbcb0 msgr2=0x7ff68010aa50 secure :-1 s=STATE_CONNECTION_ESTABLISHED l=1).mark_down
2024-01-27T23:24:08.340 INFO:teuthology.orchestra.run.smithi093.stderr:/usr/bin/ceph:
2024-01-27T23:24:08.349+0000 7ff684c72700 1 --2- 172.21.15.93:0/870072220 >> [v2:172.21.15.93:3300/0,v1:172.21.15.93:6789/0] conn(0x7ff6800fbcb0 0x7ff68010aa50 secure :-1 s=READY pgs=71 cs=0 l=1 rev1=1 rx=0x7ff67000dfb0 tx=0x7ff670006ee0).stop
2024-01-27T23:24:08.340 INFO:teuthology.orchestra.run.smithi093.stderr:/usr/bin/ceph:
2024-01-27T23:24:08.349+0000 7ff684c72700 1 -- 172.21.15.93:0/870072220 shutdown_connections
2024-01-27T23:24:08.340 INFO:teuthology.orchestra.run.smithi093.stderr:/usr/bin/ceph:
2024-01-27T23:24:08.349+0000 7ff684c72700 1 --2- 172.21.15.93:0/870072220 >> [v2:172.21.15.93:6800/2141350326,v1:172.21.15.93:6801/2141350326] conn(0x7ff66402feb0 0x7ff664032370 unknown :-1 s=CLOSED pgs=0 cs=0 l=1 rev1=0 rx=0 tx=0).stop
2024-01-27T23:24:08.340 INFO:teuthology.orchestra.run.smithi093.stderr:/usr/bin/ceph:
2024-01-27T23:24:08.349+0000 7ff684c72700 1 --2- 172.21.15.93:0/870072220 >> [v2:172.21.15.93:3300/0,v1:172.21.15.93:6789/0] conn(0x7ff6800fbcb0 0x7ff68010aa50 unknown :-1 s=CLOSED pgs=71 cs=0 l=1 rev1=1 rx=0 tx=0).stop
2024-01-27T23:24:08.340 INFO:teuthology.orchestra.run.smithi093.stderr:/usr/bin/ceph:
2024-01-27T23:24:08.349+0000 7ff684c72700 1 -- 172.21.15.93:0/870072220 >> 172.21.15.93:0/870072220 conn(0x7ff6800f74b0 msgr2=0x7ff6800f8f30 unknown :-1 s=STATE_NONE l=0).mark_down
2024-01-27T23:24:08.340 INFO:teuthology.orchestra.run.smithi093.stderr:/usr/bin/ceph:
2024-01-27T23:24:08.349+0000 7ff684c72700 1 -- 172.21.15.93:0/870072220 shutdown_connections
2024-01-27T23:24:08.340 INFO:teuthology.orchestra.run.smithi093.stderr:/usr/bin/ceph:
2024-01-27T23:24:08.349+0000 7ff684c72700 1 -- 172.21.15.93:0/870072220 wait complete.
2024-01-27T23:24:08.610 INFO:journalctl@ceph.mon.smithi093.smithi093.stdout:Jan 27 23:24:08 smithi093 ceph-fe97b4b0-bd6a-11ee-95b2-87774f69a715-mon.smithi093[38783]: audit
2024-01-27T23:24:07.366000+0000 mon.smithi093 (mon.0) 87 : audit [INF] from='client.? 172.21.15.93:0/3554811981' entity='client.admin' cmd='[{"prefix": "mgr module enable", "module": "dashboard"}]': finished
2024-01-27T23:24:08.610 INFO:journalctl@ceph.mon.smithi093.smithi093.stdout:Jan 27 23:24:08 smithi093 ceph-fe97b4b0-bd6a-11ee-95b2-87774f69a715-mon.smithi093[38783]: cluster
2024-01-27T23:24:07.366052+0000 mon.smithi093 (mon.0) 88 : cluster [DBG] mgrmap e12: smithi093.qygqpy(active, since 7s)
2024-01-27T23:24:08.610 INFO:journalctl@ceph.mon.smithi093.smithi093.stdout:Jan 27 23:24:08 smithi093 ceph-fe97b4b0-bd6a-11ee-95b2-87774f69a715-mon.smithi093[38783]: audit
2024-01-27T23:24:08.349075+0000 mon.smithi093 (mon.0) 89 : audit [DBG] from='client.? 172.21.15.93:0/870072220' entity='client.admin' cmd=[{"prefix": "mgr stat"}]: dispatch
2024-01-27T23:24:08.711 INFO:teuthology.orchestra.run.smithi093.stderr:Waiting for the mgr to restart...
2024-01-27T23:24:08.711 INFO:teuthology.orchestra.run.smithi093.stderr:Waiting for mgr epoch 12...
2024-01-27T23:24:08.711 INFO:teuthology.orchestra.run.smithi093.stderr:Running command: /bin/podman run --rm --ipc=host --no-hosts --net=host --entrypoint /usr/bin/ceph --init -e CONTAINER_IMAGE=docker.io/ceph/ceph:v16.2.4 -e NODE_NAME=smithi093 -e CEPH_USE_RANDOM_NONCE=1 -v /var/log/ceph/fe97b4b0-bd6a-11ee-95b2-87774f69a715:/var/log/ceph:z -v /tmp/ceph-tmpu7nnpd0g:/etc/ceph/ceph.client.admin.keyring:z -v /tmp/ceph-tmp1t1v7r8i:/etc/ceph/ceph.conf:z docker.io/ceph/ceph:v16.2.4 tell mgr mgr_status
2024-01-27T23:24:09.023 INFO:teuthology.orchestra.run.smithi093.stderr:/usr/bin/ceph:
2024-01-27T23:24:09.032+0000 7fa253713700 1 Processor -- start
2024-01-27T23:24:09.023 INFO:teuthology.orchestra.run.smithi093.stderr:/usr/bin/ceph:
2024-01-27T23:24:09.032+0000 7fa253713700 1 -- start start
2024-01-27T23:24:09.023 INFO:teuthology.orchestra.run.smithi093.stderr:/usr/bin/ceph:
2024-01-27T23:24:09.032+0000 7fa253713700 1 --2- >> [v2:172.21.15.93:3300/0,v1:172.21.15.93:6789/0] conn(0x7fa24c0703b0 0x7fa24c100d80 unknown :-1 s=NONE pgs=0 cs=0 l=0 rev1=0 rx=0 tx=0).connect
2024-01-27T23:24:09.023 INFO:teuthology.orchestra.run.smithi093.stderr:/usr/bin/ceph:
2024-01-27T23:24:09.032+0000 7fa253713700 1 -- --> [v2:172.21.15.93:3300/0,v1:172.21.15.93:6789/0] -- mon_getmap magic: 0 v1 -- 0x7fa24c0fc770 con 0x7fa24c0703b0
2024-01-27T23:24:09.023 INFO:teuthology.orchestra.run.smithi093.stderr:/usr/bin/ceph:
2024-01-27T23:24:09.033+0000 7fa2514af700 1 --2- >> [v2:172.21.15.93:3300/0,v1:172.21.15.93:6789/0] conn(0x7fa24c0703b0 0x7fa24c100d80 unknown :-1 s=BANNER_CONNECTING pgs=0 cs=0 l=0 rev1=0 rx=0 tx=0)._handle_peer_banner_payload supported=1 required=0
2024-01-27T23:24:09.023 INFO:teuthology.orchestra.run.smithi093.stderr:/usr/bin/ceph:
2024-01-27T23:24:09.033+0000 7fa2514af700 1 --2- >> [v2:172.21.15.93:3300/0,v1:172.21.15.93:6789/0] conn(0x7fa24c0703b0 0x7fa24c100d80 unknown :-1 s=HELLO_CONNECTING pgs=0 cs=0 l=0 rev1=1 rx=0 tx=0).handle_hello peer v2:172.21.15.93:3300/0 says I am v2:172.21.15.93:46906/0 (socket says 172.21.15.93:46906)
2024-01-27T23:24:09.023 INFO:teuthology.orchestra.run.smithi093.stderr:/usr/bin/ceph:
2024-01-27T23:24:09.033+0000 7fa2514af700 1 -- 172.21.15.93:0/2335008772 learned_addr learned my addr 172.21.15.93:0/2335008772 (peer_addr_for_me v2:172.21.15.93:0/0)
2024-01-27T23:24:09.023 INFO:teuthology.orchestra.run.smithi093.stderr:/usr/bin/ceph:
2024-01-27T23:24:09.033+0000 7fa2514af700 1 -- 172.21.15.93:0/2335008772 --> [v2:172.21.15.93:3300/0,v1:172.21.15.93:6789/0] -- mon_subscribe({config=0+,monmap=0+}) v3 -- 0x7fa24c101270 con 0x7fa24c0703b0
2024-01-27T23:24:09.023 INFO:teuthology.orchestra.run.smithi093.stderr:/usr/bin/ceph:
2024-01-27T23:24:09.033+0000 7fa2514af700 1 --2- 172.21.15.93:0/2335008772 >> [v2:172.21.15.93:3300/0,v1:172.21.15.93:6789/0] conn(0x7fa24c0703b0 0x7fa24c100d80 secure :-1 s=READY pgs=72 cs=0 l=1 rev1=1 rx=0x7fa24800b5f0 tx=0x7fa248006ee0).ready entity=mon.0 client_cookie=83c0e5344b0e2fb8 server_cookie=0 in_seq=0 out_seq=0
2024-01-27T23:24:09.024 INFO:teuthology.orchestra.run.smithi093.stderr:/usr/bin/ceph:
2024-01-27T23:24:09.033+0000 7fa23bfff700 1 -- 172.21.15.93:0/2335008772 <== mon.0 v2:172.21.15.93:3300/0 1 ==== mon_map magic: 0 v1 ==== 229+0+0 (secure 0 0 0) 0x7fa24800d600 con 0x7fa24c0703b0
2024-01-27T23:24:09.024 INFO:teuthology.orchestra.run.smithi093.stderr:/usr/bin/ceph:
2024-01-27T23:24:09.033+0000 7fa23bfff700 1 -- 172.21.15.93:0/2335008772 <== mon.0 v2:172.21.15.93:3300/0 2 ==== config(25 keys) v1 ==== 1074+0+0 (secure 0 0 0) 0x7fa24800dc10 con 0x7fa24c0703b0
2024-01-27T23:24:09.024 INFO:teuthology.orchestra.run.smithi093.stderr:/usr/bin/ceph:
2024-01-27T23:24:09.033+0000 7fa23bfff700 1 -- 172.21.15.93:0/2335008772 <== mon.0 v2:172.21.15.93:3300/0 3 ==== mon_map magic: 0 v1 ==== 229+0+0 (secure 0 0 0) 0x7fa248011cd0 con 0x7fa24c0703b0
2024-01-27T23:24:09.026 INFO:teuthology.orchestra.run.smithi093.stderr:/usr/bin/ceph:
2024-01-27T23:24:09.034+0000 7fa253713700 1 -- 172.21.15.93:0/2335008772 >> [v2:172.21.15.93:3300/0,v1:172.21.15.93:6789/0] conn(0x7fa24c0703b0 msgr2=0x7fa24c100d80 secure :-1 s=STATE_CONNECTION_ESTABLISHED l=1).mark_down
2024-01-27T23:24:09.026 INFO:teuthology.orchestra.run.smithi093.stderr:/usr/bin/ceph:
2024-01-27T23:24:09.034+0000 7fa253713700 1 --2- 172.21.15.93:0/2335008772 >> [v2:172.21.15.93:3300/0,v1:172.21.15.93:6789/0] conn(0x7fa24c0703b0 0x7fa24c100d80 secure :-1 s=READY pgs=72 cs=0 l=1 rev1=1 rx=0x7fa24800b5f0 tx=0x7fa248006ee0).stop
2024-01-27T23:24:09.026 INFO:teuthology.orchestra.run.smithi093.stderr:/usr/bin/ceph:
2024-01-27T23:24:09.034+0000 7fa253713700 1 -- 172.21.15.93:0/2335008772 shutdown_connections
2024-01-27T23:24:09.026 INFO:teuthology.orchestra.run.smithi093.stderr:/usr/bin/ceph:
2024-01-27T23:24:09.034+0000 7fa253713700 1 --2- 172.21.15.93:0/2335008772 >> [v2:172.21.15.93:3300/0,v1:172.21.15.93:6789/0] conn(0x7fa24c0703b0 0x7fa24c100d80 unknown :-1 s=CLOSED pgs=72 cs=0 l=1 rev1=1 rx=0 tx=0).stop
2024-01-27T23:24:09.026 INFO:teuthology.orchestra.run.smithi093.stderr:/usr/bin/ceph:
2024-01-27T23:24:09.034+0000 7fa253713700 1 -- 172.21.15.93:0/2335008772 >> 172.21.15.93:0/2335008772 conn(0x7fa24c0f63c0 msgr2=0x7fa24c0f87e0 unknown :-1 s=STATE_NONE l=0).mark_down
2024-01-27T23:24:09.026 INFO:teuthology.orchestra.run.smithi093.stderr:/usr/bin/ceph:
2024-01-27T23:24:09.034+0000 7fa253713700 1 -- 172.21.15.93:0/2335008772 shutdown_connections
2024-01-27T23:24:09.026 INFO:teuthology.orchestra.run.smithi093.stderr:/usr/bin/ceph:
2024-01-27T23:24:09.034+0000 7fa253713700 1 -- 172.21.15.93:0/2335008772 wait complete.
2024-01-27T23:24:09.026 INFO:teuthology.orchestra.run.smithi093.stderr:/usr/bin/ceph:
2024-01-27T23:24:09.035+0000 7fa253713700 1 Processor -- start
2024-01-27T23:24:09.027 INFO:teuthology.orchestra.run.smithi093.stderr:/usr/bin/ceph:
2024-01-27T23:24:09.035+0000 7fa253713700 1 -- start start
2024-01-27T23:24:09.027 INFO:teuthology.orchestra.run.smithi093.stderr:/usr/bin/ceph:
