2024-01-27T23:23:54.898 INFO:teuthology.orchestra.run.smithi093.stderr:/usr/bin/ceph:
2024-01-27T23:23:54.908+0000 7f5e7359e700 1 -- 172.21.15.93:0/1913883747 wait complete.
2024-01-27T23:23:55.182 INFO:journalctl@ceph.mon.smithi093.smithi093.stdout:Jan 27 23:23:54 smithi093 ceph-fe97b4b0-bd6a-11ee-95b2-87774f69a715-mon.smithi093[38783]: audit
2024-01-27T23:23:53.550367+0000 mgr.smithi093.qygqpy (mgr.14114) 14 : audit [DBG] from='client.14138 -' entity='client.admin' cmd=[{"prefix": "orch apply", "service_type": "crash", "target": ["mon-mgr", ""]}]: dispatch
2024-01-27T23:23:55.182 INFO:journalctl@ceph.mon.smithi093.smithi093.stdout:Jan 27 23:23:54 smithi093 ceph-fe97b4b0-bd6a-11ee-95b2-87774f69a715-mon.smithi093[38783]: cephadm
2024-01-27T23:23:53.551018+0000 mgr.smithi093.qygqpy (mgr.14114) 15 : cephadm [INF] Saving service crash spec with placement *
2024-01-27T23:23:55.182 INFO:journalctl@ceph.mon.smithi093.smithi093.stdout:Jan 27 23:23:54 smithi093 ceph-fe97b4b0-bd6a-11ee-95b2-87774f69a715-mon.smithi093[38783]: audit
2024-01-27T23:23:54.425351+0000 mon.smithi093 (mon.0) 58 : audit [INF] from='client.? 172.21.15.93:0/1913883747' entity='client.admin' cmd=[{"prefix": "mgr module enable", "module": "prometheus"}]: dispatch
2024-01-27T23:23:55.238 INFO:teuthology.orchestra.run.smithi093.stderr:Deploying prometheus service with default placement...
2024-01-27T23:23:55.238 INFO:teuthology.orchestra.run.smithi093.stderr:Running command: /bin/podman run --rm --ipc=host --no-hosts --net=host --entrypoint /usr/bin/ceph --init -e CONTAINER_IMAGE=docker.io/ceph/ceph:v16.2.4 -e NODE_NAME=smithi093 -e CEPH_USE_RANDOM_NONCE=1 -v /var/log/ceph/fe97b4b0-bd6a-11ee-95b2-87774f69a715:/var/log/ceph:z -v /tmp/ceph-tmpu7nnpd0g:/etc/ceph/ceph.client.admin.keyring:z -v /tmp/ceph-tmp1t1v7r8i:/etc/ceph/ceph.conf:z docker.io/ceph/ceph:v16.2.4 orch apply prometheus
2024-01-27T23:23:55.640 INFO:teuthology.orchestra.run.smithi093.stderr:/usr/bin/ceph:
2024-01-27T23:23:55.647+0000 7f025d03f700 1 Processor -- start
2024-01-27T23:23:55.641 INFO:teuthology.orchestra.run.smithi093.stderr:/usr/bin/ceph:
2024-01-27T23:23:55.647+0000 7f025d03f700 1 -- start start
2024-01-27T23:23:55.641 INFO:teuthology.orchestra.run.smithi093.stderr:/usr/bin/ceph:
2024-01-27T23:23:55.647+0000 7f025d03f700 1 --2- >> [v2:172.21.15.93:3300/0,v1:172.21.15.93:6789/0] conn(0x7f02580fbcb0 0x7f02580fc0d0 unknown :-1 s=NONE pgs=0 cs=0 l=0 rev1=0 rx=0 tx=0).connect
2024-01-27T23:23:55.641 INFO:teuthology.orchestra.run.smithi093.stderr:/usr/bin/ceph:
2024-01-27T23:23:55.647+0000 7f025d03f700 1 -- --> [v2:172.21.15.93:3300/0,v1:172.21.15.93:6789/0] -- mon_getmap magic: 0 v1 -- 0x7f02580fc5c0 con 0x7f02580fbcb0
2024-01-27T23:23:55.641 INFO:teuthology.orchestra.run.smithi093.stderr:/usr/bin/ceph:
2024-01-27T23:23:55.647+0000 7f0256d9d700 1 --2- >> [v2:172.21.15.93:3300/0,v1:172.21.15.93:6789/0] conn(0x7f02580fbcb0 0x7f02580fc0d0 unknown :-1 s=BANNER_CONNECTING pgs=0 cs=0 l=0 rev1=0 rx=0 tx=0)._handle_peer_banner_payload supported=1 required=0
2024-01-27T23:23:55.641 INFO:teuthology.orchestra.run.smithi093.stderr:/usr/bin/ceph:
2024-01-27T23:23:55.647+0000 7f0256d9d700 1 --2- >> [v2:172.21.15.93:3300/0,v1:172.21.15.93:6789/0] conn(0x7f02580fbcb0 0x7f02580fc0d0 unknown :-1 s=HELLO_CONNECTING pgs=0 cs=0 l=0 rev1=1 rx=0 tx=0).handle_hello peer v2:172.21.15.93:3300/0 says I am v2:172.21.15.93:46728/0 (socket says 172.21.15.93:46728)
2024-01-27T23:23:55.641 INFO:teuthology.orchestra.run.smithi093.stderr:/usr/bin/ceph:
2024-01-27T23:23:55.647+0000 7f0256d9d700 1 -- 172.21.15.93:0/3670790300 learned_addr learned my addr 172.21.15.93:0/3670790300 (peer_addr_for_me v2:172.21.15.93:0/0)
2024-01-27T23:23:55.641 INFO:teuthology.orchestra.run.smithi093.stderr:/usr/bin/ceph:
2024-01-27T23:23:55.648+0000 7f0256d9d700 1 -- 172.21.15.93:0/3670790300 --> [v2:172.21.15.93:3300/0,v1:172.21.15.93:6789/0] -- mon_subscribe({config=0+,monmap=0+}) v3 -- 0x7f02580fc700 con 0x7f02580fbcb0
2024-01-27T23:23:55.641 INFO:teuthology.orchestra.run.smithi093.stderr:/usr/bin/ceph:
2024-01-27T23:23:55.648+0000 7f0256d9d700 1 --2- 172.21.15.93:0/3670790300 >> [v2:172.21.15.93:3300/0,v1:172.21.15.93:6789/0] conn(0x7f02580fbcb0 0x7f02580fc0d0 secure :-1 s=READY pgs=49 cs=0 l=1 rev1=1 rx=0x7f024800b5f0 tx=0x7f0248006ee0).ready entity=mon.0 client_cookie=9bebbc6eb393b091 server_cookie=0 in_seq=0 out_seq=0
2024-01-27T23:23:55.641 INFO:teuthology.orchestra.run.smithi093.stderr:/usr/bin/ceph:
2024-01-27T23:23:55.648+0000 7f0255d9b700 1 -- 172.21.15.93:0/3670790300 <== mon.0 v2:172.21.15.93:3300/0 1 ==== mon_map magic: 0 v1 ==== 229+0+0 (secure 0 0 0) 0x7f024800d600 con 0x7f02580fbcb0
2024-01-27T23:23:55.641 INFO:teuthology.orchestra.run.smithi093.stderr:/usr/bin/ceph:
2024-01-27T23:23:55.648+0000 7f0255d9b700 1 -- 172.21.15.93:0/3670790300 <== mon.0 v2:172.21.15.93:3300/0 2 ==== config(25 keys) v1 ==== 1010+0+0 (secure 0 0 0) 0x7f024800dbd0 con 0x7f02580fbcb0
2024-01-27T23:23:55.641 INFO:teuthology.orchestra.run.smithi093.stderr:/usr/bin/ceph:
2024-01-27T23:23:55.648+0000 7f0255d9b700 1 -- 172.21.15.93:0/3670790300 <== mon.0 v2:172.21.15.93:3300/0 3 ==== mon_map magic: 0 v1 ==== 229+0+0 (secure 0 0 0) 0x7f0248011c00 con 0x7f02580fbcb0
2024-01-27T23:23:55.642 INFO:teuthology.orchestra.run.smithi093.stderr:/usr/bin/ceph:
2024-01-27T23:23:55.648+0000 7f025d03f700 1 -- 172.21.15.93:0/3670790300 >> [v2:172.21.15.93:3300/0,v1:172.21.15.93:6789/0] conn(0x7f02580fbcb0 msgr2=0x7f02580fc0d0 secure :-1 s=STATE_CONNECTION_ESTABLISHED l=1).mark_down
2024-01-27T23:23:55.642 INFO:teuthology.orchestra.run.smithi093.stderr:/usr/bin/ceph:
2024-01-27T23:23:55.648+0000 7f025d03f700 1 --2- 172.21.15.93:0/3670790300 >> [v2:172.21.15.93:3300/0,v1:172.21.15.93:6789/0] conn(0x7f02580fbcb0 0x7f02580fc0d0 secure :-1 s=READY pgs=49 cs=0 l=1 rev1=1 rx=0x7f024800b5f0 tx=0x7f0248006ee0).stop
2024-01-27T23:23:55.642 INFO:teuthology.orchestra.run.smithi093.stderr:/usr/bin/ceph:
2024-01-27T23:23:55.649+0000 7f025d03f700 1 -- 172.21.15.93:0/3670790300 shutdown_connections
2024-01-27T23:23:55.642 INFO:teuthology.orchestra.run.smithi093.stderr:/usr/bin/ceph:
2024-01-27T23:23:55.649+0000 7f025d03f700 1 --2- 172.21.15.93:0/3670790300 >> [v2:172.21.15.93:3300/0,v1:172.21.15.93:6789/0] conn(0x7f02580fbcb0 0x7f02580fc0d0 unknown :-1 s=CLOSED pgs=49 cs=0 l=1 rev1=1 rx=0 tx=0).stop
2024-01-27T23:23:55.642 INFO:teuthology.orchestra.run.smithi093.stderr:/usr/bin/ceph:
2024-01-27T23:23:55.649+0000 7f025d03f700 1 -- 172.21.15.93:0/3670790300 >> 172.21.15.93:0/3670790300 conn(0x7f02580f74b0 msgr2=0x7f02580f98d0 unknown :-1 s=STATE_NONE l=0).mark_down
2024-01-27T23:23:55.642 INFO:teuthology.orchestra.run.smithi093.stderr:/usr/bin/ceph:
2024-01-27T23:23:55.649+0000 7f025d03f700 1 -- 172.21.15.93:0/3670790300 shutdown_connections
2024-01-27T23:23:55.642 INFO:teuthology.orchestra.run.smithi093.stderr:/usr/bin/ceph:
2024-01-27T23:23:55.649+0000 7f025d03f700 1 -- 172.21.15.93:0/3670790300 wait complete.
2024-01-27T23:23:55.642 INFO:teuthology.orchestra.run.smithi093.stderr:/usr/bin/ceph:
2024-01-27T23:23:55.649+0000 7f025d03f700 1 Processor -- start
2024-01-27T23:23:55.642 INFO:teuthology.orchestra.run.smithi093.stderr:/usr/bin/ceph:
2024-01-27T23:23:55.650+0000 7f025d03f700 1 -- start start
2024-01-27T23:23:55.642 INFO:teuthology.orchestra.run.smithi093.stderr:/usr/bin/ceph:
2024-01-27T23:23:55.650+0000 7f025d03f700 1 --2- >> [v2:172.21.15.93:3300/0,v1:172.21.15.93:6789/0] conn(0x7f02580fbcb0 0x7f025810aa10 unknown :-1 s=NONE pgs=0 cs=0 l=1 rev1=0 rx=0 tx=0).connect
2024-01-27T23:23:55.642 INFO:teuthology.orchestra.run.smithi093.stderr:/usr/bin/ceph:
2024-01-27T23:23:55.650+0000 7f025d03f700 1 -- --> [v2:172.21.15.93:3300/0,v1:172.21.15.93:6789/0] -- mon_getmap magic: 0 v1 -- 0x7f025810af00 con 0x7f02580fbcb0
2024-01-27T23:23:55.642 INFO:teuthology.orchestra.run.smithi093.stderr:/usr/bin/ceph:
2024-01-27T23:23:55.650+0000 7f0256d9d700 1 --2- >> [v2:172.21.15.93:3300/0,v1:172.21.15.93:6789/0] conn(0x7f02580fbcb0 0x7f025810aa10 unknown :-1 s=BANNER_CONNECTING pgs=0 cs=0 l=1 rev1=0 rx=0 tx=0)._handle_peer_banner_payload supported=1 required=0
2024-01-27T23:23:55.642 INFO:teuthology.orchestra.run.smithi093.stderr:/usr/bin/ceph:
2024-01-27T23:23:55.650+0000 7f0256d9d700 1 --2- >> [v2:172.21.15.93:3300/0,v1:172.21.15.93:6789/0] conn(0x7f02580fbcb0 0x7f025810aa10 unknown :-1 s=HELLO_CONNECTING pgs=0 cs=0 l=1 rev1=1 rx=0 tx=0).handle_hello peer v2:172.21.15.93:3300/0 says I am v2:172.21.15.93:46738/0 (socket says 172.21.15.93:46738)
2024-01-27T23:23:55.642 INFO:teuthology.orchestra.run.smithi093.stderr:/usr/bin/ceph:
2024-01-27T23:23:55.650+0000 7f0256d9d700 1 -- 172.21.15.93:0/2260581792 learned_addr learned my addr 172.21.15.93:0/2260581792 (peer_addr_for_me v2:172.21.15.93:0/0)
2024-01-27T23:23:55.642 INFO:teuthology.orchestra.run.smithi093.stderr:/usr/bin/ceph:
2024-01-27T23:23:55.650+0000 7f0256d9d700 1 -- 172.21.15.93:0/2260581792 --> [v2:172.21.15.93:3300/0,v1:172.21.15.93:6789/0] -- mon_subscribe({config=0+,monmap=0+}) v3 -- 0x7f024800b200 con 0x7f02580fbcb0
2024-01-27T23:23:55.643 INFO:teuthology.orchestra.run.smithi093.stderr:/usr/bin/ceph:
2024-01-27T23:23:55.650+0000 7f0256d9d700 1 --2- 172.21.15.93:0/2260581792 >> [v2:172.21.15.93:3300/0,v1:172.21.15.93:6789/0] conn(0x7f02580fbcb0 0x7f025810aa10 secure :-1 s=READY pgs=50 cs=0 l=1 rev1=1 rx=0x7f024800b1d0 tx=0x7f0248006ee0).ready entity=mon.0 client_cookie=0 server_cookie=0 in_seq=0 out_seq=0
2024-01-27T23:23:55.643 INFO:teuthology.orchestra.run.smithi093.stderr:/usr/bin/ceph:
2024-01-27T23:23:55.650+0000 7f023f7fe700 1 -- 172.21.15.93:0/2260581792 <== mon.0 v2:172.21.15.93:3300/0 1 ==== mon_map magic: 0 v1 ==== 229+0+0 (secure 0 0 0) 0x7f024801b410 con 0x7f02580fbcb0
2024-01-27T23:23:55.643 INFO:teuthology.orchestra.run.smithi093.stderr:/usr/bin/ceph:
2024-01-27T23:23:55.650+0000 7f023f7fe700 1 -- 172.21.15.93:0/2260581792 <== mon.0 v2:172.21.15.93:3300/0 2 ==== config(25 keys) v1 ==== 1010+0+0 (secure 0 0 0) 0x7f024801b9e0 con 0x7f02580fbcb0
2024-01-27T23:23:55.643 INFO:teuthology.orchestra.run.smithi093.stderr:/usr/bin/ceph:
2024-01-27T23:23:55.650+0000 7f023f7fe700 1 -- 172.21.15.93:0/2260581792 <== mon.0 v2:172.21.15.93:3300/0 3 ==== mon_map magic: 0 v1 ==== 229+0+0 (secure 0 0 0) 0x7f024801a840 con 0x7f02580fbcb0
2024-01-27T23:23:55.643 INFO:teuthology.orchestra.run.smithi093.stderr:/usr/bin/ceph:
2024-01-27T23:23:55.650+0000 7f025d03f700 1 -- 172.21.15.93:0/2260581792 --> [v2:172.21.15.93:3300/0,v1:172.21.15.93:6789/0] -- mon_subscribe({mgrmap=0+}) v3 -- 0x7f025810b100 con 0x7f02580fbcb0
2024-01-27T23:23:55.643 INFO:teuthology.orchestra.run.smithi093.stderr:/usr/bin/ceph:
2024-01-27T23:23:55.651+0000 7f025d03f700 1 -- 172.21.15.93:0/2260581792 --> [v2:172.21.15.93:3300/0,v1:172.21.15.93:6789/0] -- mon_subscribe({osdmap=0}) v3 -- 0x7f025810b510 con 0x7f02580fbcb0
2024-01-27T23:23:55.643 INFO:teuthology.orchestra.run.smithi093.stderr:/usr/bin/ceph:
2024-01-27T23:23:55.651+0000 7f023f7fe700 1 -- 172.21.15.93:0/2260581792 <== mon.0 v2:172.21.15.93:3300/0 4 ==== mgrmap(e 8) v1 ==== 36134+0+0 (secure 0 0 0) 0x7f024800f070 con 0x7f02580fbcb0
2024-01-27T23:23:55.643 INFO:teuthology.orchestra.run.smithi093.stderr:/usr/bin/ceph:
2024-01-27T23:23:55.651+0000 7f023f7fe700 1 --2- 172.21.15.93:0/2260581792 >> [v2:172.21.15.93:6800/4262061933,v1:172.21.15.93:6801/4262061933] conn(0x7f024402fdb0 0x7f0244032270 unknown :-1 s=NONE pgs=0 cs=0 l=1 rev1=0 rx=0 tx=0).connect
2024-01-27T23:23:55.643 INFO:teuthology.orchestra.run.smithi093.stderr:/usr/bin/ceph:
2024-01-27T23:23:55.651+0000 7f025d03f700 1 -- 172.21.15.93:0/2260581792 --> [v2:172.21.15.93:3300/0,v1:172.21.15.93:6789/0] -- mon_command({"prefix": "get_command_descriptions"} v 0) v1 -- 0x7f0258045ad0 con 0x7f02580fbcb0
2024-01-27T23:23:55.643 INFO:teuthology.orchestra.run.smithi093.stderr:/usr/bin/ceph:
2024-01-27T23:23:55.652+0000 7f025659c700 1 -- 172.21.15.93:0/2260581792 >> [v2:172.21.15.93:6800/4262061933,v1:172.21.15.93:6801/4262061933] conn(0x7f024402fdb0 msgr2=0x7f0244032270 unknown :-1 s=STATE_CONNECTING_RE l=1).process reconnect failed to v2:172.21.15.93:6800/4262061933
2024-01-27T23:23:55.643 INFO:teuthology.orchestra.run.smithi093.stderr:/usr/bin/ceph:
2024-01-27T23:23:55.652+0000 7f023f7fe700 1 -- 172.21.15.93:0/2260581792 <== mon.0 v2:172.21.15.93:3300/0 5 ==== osd_map(2..2 src has 1..2) v4 ==== 926+0+0 (secure 0 0 0) 0x7f0248041410 con 0x7f02580fbcb0
2024-01-27T23:23:55.643 INFO:teuthology.orchestra.run.smithi093.stderr:/usr/bin/ceph:
2024-01-27T23:23:55.652+0000 7f025659c700 1 --2- 172.21.15.93:0/2260581792 >> [v2:172.21.15.93:6800/4262061933,v1:172.21.15.93:6801/4262061933] conn(0x7f024402fdb0 0x7f0244032270 unknown :-1 s=START_CONNECT pgs=0 cs=0 l=1 rev1=0 rx=0 tx=0)._fault waiting 0.200000
2024-01-27T23:23:55.644 INFO:teuthology.orchestra.run.smithi093.stderr:/usr/bin/ceph:
2024-01-27T23:23:55.656+0000 7f023f7fe700 1 -- 172.21.15.93:0/2260581792 <== mon.0 v2:172.21.15.93:3300/0 6 ==== mon_command_ack([{"prefix": "get_command_descriptions"}]=0 v0) v1 ==== 72+0+152212 (secure 0 0 0) 0x7f0248025460 con 0x7f02580fbcb0
2024-01-27T23:23:55.826 INFO:teuthology.orchestra.run.smithi093.stderr:/usr/bin/ceph:
2024-01-27T23:23:55.838+0000 7f025d03f700 1 -- 172.21.15.93:0/2260581792 --> [v2:172.21.15.93:6800/4262061933,v1:172.21.15.93:6801/4262061933] -- mgr_command(tid 0: {"prefix": "orch apply", "service_type": "prometheus", "target": ["mon-mgr", ""]}) v1 -- 0x7f025810be50 con 0x7f024402fdb0
2024-01-27T23:23:55.841 INFO:teuthology.orchestra.run.smithi093.stderr:/usr/bin/ceph:
2024-01-27T23:23:55.853+0000 7f025659c700 1 -- 172.21.15.93:0/2260581792 >> [v2:172.21.15.93:6800/4262061933,v1:172.21.15.93:6801/4262061933] conn(0x7f024402fdb0 msgr2=0x7f0244032270 unknown :-1 s=STATE_CONNECTING_RE l=1).process reconnect failed to v2:172.21.15.93:6800/4262061933
2024-01-27T23:23:55.841 INFO:teuthology.orchestra.run.smithi093.stderr:/usr/bin/ceph:
2024-01-27T23:23:55.853+0000 7f025659c700 1 --2- 172.21.15.93:0/2260581792 >> [v2:172.21.15.93:6800/4262061933,v1:172.21.15.93:6801/4262061933] conn(0x7f024402fdb0 0x7f0244032270 unknown :-1 s=START_CONNECT pgs=0 cs=0 l=1 rev1=0 rx=0 tx=0)._fault waiting 0.400000
2024-01-27T23:23:56.242 INFO:teuthology.orchestra.run.smithi093.stderr:/usr/bin/ceph:
2024-01-27T23:23:56.254+0000 7f025659c700 1 -- 172.21.15.93:0/2260581792 >> [v2:172.21.15.93:6800/4262061933,v1:172.21.15.93:6801/4262061933] conn(0x7f024402fdb0 msgr2=0x7f0244032270 unknown :-1 s=STATE_CONNECTING_RE l=1).process reconnect failed to v2:172.21.15.93:6800/4262061933
2024-01-27T23:23:56.243 INFO:teuthology.orchestra.run.smithi093.stderr:/usr/bin/ceph:
2024-01-27T23:23:56.254+0000 7f025659c700 1 --2- 172.21.15.93:0/2260581792 >> [v2:172.21.15.93:6800/4262061933,v1:172.21.15.93:6801/4262061933] conn(0x7f024402fdb0 0x7f0244032270 unknown :-1 s=START_CONNECT pgs=0 cs=0 l=1 rev1=0 rx=0 tx=0)._fault waiting 0.800000
2024-01-27T23:23:56.360 INFO:journalctl@ceph.mon.smithi093.smithi093.stdout:Jan 27 23:23:55 smithi093 ceph-fe97b4b0-bd6a-11ee-95b2-87774f69a715-mon.smithi093[38783]: audit
2024-01-27T23:23:54.906659+0000 mon.smithi093 (mon.0) 59 : audit [INF] from='client.? 172.21.15.93:0/1913883747' entity='client.admin' cmd='[{"prefix": "mgr module enable", "module": "prometheus"}]': finished
2024-01-27T23:23:56.360 INFO:journalctl@ceph.mon.smithi093.smithi093.stdout:Jan 27 23:23:55 smithi093 ceph-fe97b4b0-bd6a-11ee-95b2-87774f69a715-mon.smithi093[38783]: cluster
2024-01-27T23:23:54.906740+0000 mon.smithi093 (mon.0) 60 : cluster [DBG] mgrmap e8: smithi093.qygqpy(active, since 15s)
2024-01-27T23:23:57.044 INFO:teuthology.orchestra.run.smithi093.stderr:/usr/bin/ceph:
2024-01-27T23:23:57.055+0000 7f025659c700 1 -- 172.21.15.93:0/2260581792 >> [v2:172.21.15.93:6800/4262061933,v1:172.21.15.93:6801/4262061933] conn(0x7f024402fdb0 msgr2=0x7f0244032270 unknown :-1 s=STATE_CONNECTING_RE l=1).process reconnect failed to v2:172.21.15.93:6800/4262061933
2024-01-27T23:23:57.044 INFO:teuthology.orchestra.run.smithi093.stderr:/usr/bin/ceph:
2024-01-27T23:23:57.055+0000 7f025659c700 1 --2- 172.21.15.93:0/2260581792 >> [v2:172.21.15.93:6800/4262061933,v1:172.21.15.93:6801/4262061933] conn(0x7f024402fdb0 0x7f0244032270 unknown :-1 s=START_CONNECT pgs=0 cs=0 l=1 rev1=0 rx=0 tx=0)._fault waiting 1.600000
2024-01-27T23:23:58.645 INFO:teuthology.orchestra.run.smithi093.stderr:/usr/bin/ceph:
2024-01-27T23:23:58.656+0000 7f025659c700 1 -- 172.21.15.93:0/2260581792 >> [v2:172.21.15.93:6800/4262061933,v1:172.21.15.93:6801/4262061933] conn(0x7f024402fdb0 msgr2=0x7f0244032270 unknown :-1 s=STATE_CONNECTING_RE l=1).process reconnect failed to v2:172.21.15.93:6800/4262061933
2024-01-27T23:23:58.645 INFO:teuthology.orchestra.run.smithi093.stderr:/usr/bin/ceph:
2024-01-27T23:23:58.656+0000 7f025659c700 1 --2- 172.21.15.93:0/2260581792 >> [v2:172.21.15.93:6800/4262061933,v1:172.21.15.93:6801/4262061933] conn(0x7f024402fdb0 0x7f0244032270 unknown :-1 s=START_CONNECT pgs=0 cs=0 l=1 rev1=0 rx=0 tx=0)._fault waiting 3.200000
2024-01-27T23:23:59.880 INFO:teuthology.orchestra.run.smithi093.stderr:/usr/bin/ceph:
2024-01-27T23:23:59.889+0000 7f023f7fe700 1 -- 172.21.15.93:0/2260581792 <== mon.0 v2:172.21.15.93:3300/0 7 ==== mgrmap(e 9) v1 ==== 35984+0+0 (secure 0 0 0) 0x7f02480257e0 con 0x7f02580fbcb0
2024-01-27T23:23:59.880 INFO:teuthology.orchestra.run.smithi093.stderr:/usr/bin/ceph:
2024-01-27T23:23:59.889+0000 7f023f7fe700 1 -- 172.21.15.93:0/2260581792 >> [v2:172.21.15.93:6800/4262061933,v1:172.21.15.93:6801/4262061933] conn(0x7f024402fdb0 msgr2=0x7f0244032270 unknown :-1 s=STATE_CONNECTING l=1).mark_down
2024-01-27T23:23:59.880 INFO:teuthology.orchestra.run.smithi093.stderr:/usr/bin/ceph:
2024-01-27T23:23:59.889+0000 7f023f7fe700 1 --2- 172.21.15.93:0/2260581792 >> [v2:172.21.15.93:6800/4262061933,v1:172.21.15.93:6801/4262061933] conn(0x7f024402fdb0 0x7f0244032270 unknown :-1 s=START_CONNECT pgs=0 cs=0 l=1 rev1=0 rx=0 tx=0).stop
2024-01-27T23:24:00.881 INFO:teuthology.orchestra.run.smithi093.stderr:/usr/bin/ceph:
2024-01-27T23:24:00.891+0000 7f023f7fe700 1 -- 172.21.15.93:0/2260581792 <== mon.0 v2:172.21.15.93:3300/0 8 ==== mgrmap(e 10) v1 ==== 36054+0+0 (secure 0 0 0) 0x7f024801b740 con 0x7f02580fbcb0
2024-01-27T23:24:00.882 INFO:teuthology.orchestra.run.smithi093.stderr:/usr/bin/ceph:
2024-01-27T23:24:00.891+0000 7f023f7fe700 1 --2- 172.21.15.93:0/2260581792 >> [v2:172.21.15.93:6800/2141350326,v1:172.21.15.93:6801/2141350326] conn(0x7f0244033c20 0x7f0244036010 unknown :-1 s=NONE pgs=0 cs=0 l=1 rev1=0 rx=0 tx=0).connect
2024-01-27T23:24:00.882 INFO:teuthology.orchestra.run.smithi093.stderr:/usr/bin/ceph:
2024-01-27T23:24:00.891+0000 7f023f7fe700 1 -- 172.21.15.93:0/2260581792 --> [v2:172.21.15.93:6800/2141350326,v1:172.21.15.93:6801/2141350326] -- mgr_command(tid 0: {"prefix": "orch apply", "service_type": "prometheus", "target": ["mon-mgr", ""]}) v1 -- 0x7f025810be50 con 0x7f0244033c20
2024-01-27T23:24:00.882 INFO:teuthology.orchestra.run.smithi093.stderr:/usr/bin/ceph:
2024-01-27T23:24:00.891+0000 7f025659c700 1 --2- 172.21.15.93:0/2260581792 >> [v2:172.21.15.93:6800/2141350326,v1:172.21.15.93:6801/2141350326] conn(0x7f0244033c20 0x7f0244036010 unknown :-1 s=BANNER_CONNECTING pgs=0 cs=0 l=1 rev1=0 rx=0 tx=0)._handle_peer_banner_payload supported=1 required=0
2024-01-27T23:24:00.882 INFO:teuthology.orchestra.run.smithi093.stderr:/usr/bin/ceph:
2024-01-27T23:24:00.892+0000 7f025659c700 1 --2- 172.21.15.93:0/2260581792 >> [v2:172.21.15.93:6800/2141350326,v1:172.21.15.93:6801/2141350326] conn(0x7f0244033c20 0x7f0244036010 secure :-1 s=READY pgs=2 cs=0 l=1 rev1=1 rx=0x7f024c0036d0 tx=0x7f024c006cb0).ready entity=mgr.14142 client_cookie=0 server_cookie=0 in_seq=0 out_seq=0
2024-01-27T23:24:00.885 INFO:teuthology.orchestra.run.smithi093.stderr:/usr/bin/ceph:
2024-01-27T23:24:00.896+0000 7f023f7fe700 1 -- 172.21.15.93:0/2260581792 <== mgr.14142 v2:172.21.15.93:6800/2141350326 1 ==== mgr_command_reply(tid 0: 0 ) v1 ==== 8+0+31 (secure 0 0 0) 0x7f025810be50 con 0x7f0244033c20
2024-01-27T23:24:00.886 INFO:teuthology.orchestra.run.smithi093.stderr:/usr/bin/ceph: Scheduled prometheus update...
2024-01-27T23:24:00.888 INFO:teuthology.orchestra.run.smithi093.stderr:/usr/bin/ceph:
2024-01-27T23:24:00.898+0000 7f025d03f700 1 -- 172.21.15.93:0/2260581792 >> [v2:172.21.15.93:6800/2141350326,v1:172.21.15.93:6801/2141350326] conn(0x7f0244033c20 msgr2=0x7f0244036010 secure :-1 s=STATE_CONNECTION_ESTABLISHED l=1).mark_down
2024-01-27T23:24:00.889 INFO:teuthology.orchestra.run.smithi093.stderr:/usr/bin/ceph:
2024-01-27T23:24:00.898+0000 7f025d03f700 1 --2- 172.21.15.93:0/2260581792 >> [v2:172.21.15.93:6800/2141350326,v1:172.21.15.93:6801/2141350326] conn(0x7f0244033c20 0x7f0244036010 secure :-1 s=READY pgs=2 cs=0 l=1 rev1=1 rx=0x7f024c0036d0 tx=0x7f024c006cb0).stop
2024-01-27T23:24:00.889 INFO:teuthology.orchestra.run.smithi093.stderr:/usr/bin/ceph:
2024-01-27T23:24:00.898+0000 7f025d03f700 1 -- 172.21.15.93:0/2260581792 >> [v2:172.21.15.93:3300/0,v1:172.21.15.93:6789/0] conn(0x7f02580fbcb0 msgr2=0x7f025810aa10 secure :-1 s=STATE_CONNECTION_ESTABLISHED l=1).mark_down
2024-01-27T23:24:00.889 INFO:teuthology.orchestra.run.smithi093.stderr:/usr/bin/ceph:
2024-01-27T23:24:00.898+0000 7f025d03f700 1 --2- 172.21.15.93:0/2260581792 >> [v2:172.21.15.93:3300/0,v1:172.21.15.93:6789/0] conn(0x7f02580fbcb0 0x7f025810aa10 secure :-1 s=READY pgs=50 cs=0 l=1 rev1=1 rx=0x7f024800b1d0 tx=0x7f0248006ee0).stop
2024-01-27T23:24:00.889 INFO:teuthology.orchestra.run.smithi093.stderr:/usr/bin/ceph:
2024-01-27T23:24:00.898+0000 7f025d03f700 1 -- 172.21.15.93:0/2260581792 shutdown_connections
2024-01-27T23:24:00.889 INFO:teuthology.orchestra.run.smithi093.stderr:/usr/bin/ceph:
2024-01-27T23:24:00.898+0000 7f025d03f700 1 --2- 172.21.15.93:0/2260581792 >> [v2:172.21.15.93:6800/2141350326,v1:172.21.15.93:6801/2141350326] conn(0x7f0244033c20 0x7f0244036010 unknown :-1 s=CLOSED pgs=2 cs=0 l=1 rev1=1 rx=0 tx=0).stop
2024-01-27T23:24:00.889 INFO:teuthology.orchestra.run.smithi093.stderr:/usr/bin/ceph:
2024-01-27T23:24:00.898+0000 7f025d03f700 1 --2- 172.21.15.93:0/2260581792 >> [v2:172.21.15.93:3300/0,v1:172.21.15.93:6789/0] conn(0x7f02580fbcb0 0x7f025810aa10 unknown :-1 s=CLOSED pgs=50 cs=0 l=1 rev1=1 rx=0 tx=0).stop
2024-01-27T23:24:00.889 INFO:teuthology.orchestra.run.smithi093.stderr:/usr/bin/ceph:
2024-01-27T23:24:00.898+0000 7f025d03f700 1 --2- 172.21.15.93:0/2260581792 >> [v2:172.21.15.93:6800/4262061933,v1:172.21.15.93:6801/4262061933] conn(0x7f024402fdb0 0x7f0244032270 unknown :-1 s=CLOSED pgs=0 cs=0 l=1 rev1=0 rx=0 tx=0).stop
2024-01-27T23:24:00.889 INFO:teuthology.orchestra.run.smithi093.stderr:/usr/bin/ceph:
2024-01-27T23:24:00.898+0000 7f025d03f700 1 -- 172.21.15.93:0/2260581792 >> 172.21.15.93:0/2260581792 conn(0x7f02580f74b0 msgr2=0x7f02580f8f70 unknown :-1 s=STATE_NONE l=0).mark_down
2024-01-27T23:24:00.889 INFO:teuthology.orchestra.run.smithi093.stderr:/usr/bin/ceph:
2024-01-27T23:24:00.898+0000 7f025d03f700 1 -- 172.21.15.93:0/2260581792 shutdown_connections
2024-01-27T23:24:00.889 INFO:teuthology.orchestra.run.smithi093.stderr:/usr/bin/ceph:
2024-01-27T23:24:00.898+0000 7f025d03f700 1 -- 172.21.15.93:0/2260581792 wait complete.
2024-01-27T23:24:01.110 INFO:journalctl@ceph.mon.smithi093.smithi093.stdout:Jan 27 23:24:00 smithi093 ceph-fe97b4b0-bd6a-11ee-95b2-87774f69a715-mon.smithi093[38783]: cluster
2024-01-27T23:23:59.838825+0000 mon.smithi093 (mon.0) 61 : cluster [INF] Active manager daemon smithi093.qygqpy restarted
2024-01-27T23:24:01.110 INFO:journalctl@ceph.mon.smithi093.smithi093.stdout:Jan 27 23:24:00 smithi093 ceph-fe97b4b0-bd6a-11ee-95b2-87774f69a715-mon.smithi093[38783]: cluster
2024-01-27T23:23:59.839325+0000 mon.smithi093 (mon.0) 62 : cluster [INF] Activating manager daemon smithi093.qygqpy
2024-01-27T23:24:01.110 INFO:journalctl@ceph.mon.smithi093.smithi093.stdout:Jan 27 23:24:00 smithi093 ceph-fe97b4b0-bd6a-11ee-95b2-87774f69a715-mon.smithi093[38783]: cluster
2024-01-27T23:23:59.840890+0000 mon.smithi093 (mon.0) 63 : cluster [DBG] osdmap e3: 0 total, 0 up, 0 in
2024-01-27T23:24:01.110 INFO:journalctl@ceph.mon.smithi093.smithi093.stdout:Jan 27 23:24:00 smithi093 ceph-fe97b4b0-bd6a-11ee-95b2-87774f69a715-mon.smithi093[38783]: cluster
2024-01-27T23:23:59.891659+0000 mon.smithi093 (mon.0) 64 : cluster [DBG] mgrmap e9: smithi093.qygqpy(active, starting, since 0.052461s)
2024-01-27T23:24:01.110 INFO:journalctl@ceph.mon.smithi093.smithi093.stdout:Jan 27 23:24:00 smithi093 ceph-fe97b4b0-bd6a-11ee-95b2-87774f69a715-mon.smithi093[38783]: audit
2024-01-27T23:23:59.892603+0000 mon.smithi093 (mon.0) 65 : audit [DBG] from='mgr.14142 172.21.15.93:0/253349118' entity='mgr.smithi093.qygqpy' cmd=[{"prefix": "mon metadata", "id": "smithi093"}]: dispatch
2024-01-27T23:24:01.110 INFO:journalctl@ceph.mon.smithi093.smithi093.stdout:Jan 27 23:24:00 smithi093 ceph-fe97b4b0-bd6a-11ee-95b2-87774f69a715-mon.smithi093[38783]: audit
2024-01-27T23:23:59.893192+0000 mon.smithi093 (mon.0) 66 : audit [DBG] from='mgr.14142 172.21.15.93:0/253349118' entity='mgr.smithi093.qygqpy' cmd=[{"prefix": "mgr metadata", "who": "smithi093.qygqpy", "id": "smithi093.qygqpy"}]: dispatch
2024-01-27T23:24:01.110 INFO:journalctl@ceph.mon.smithi093.smithi093.stdout:Jan 27 23:24:00 smithi093 ceph-fe97b4b0-bd6a-11ee-95b2-87774f69a715-mon.smithi093[38783]: audit
2024-01-27T23:23:59.893824+0000 mon.smithi093 (mon.0) 67 : audit [DBG] from='mgr.14142 172.21.15.93:0/253349118' entity='mgr.smithi093.qygqpy' cmd=[{"prefix": "mds metadata"}]: dispatch
2024-01-27T23:24:01.110 INFO:journalctl@ceph.mon.smithi093.smithi093.stdout:Jan 27 23:24:00 smithi093 ceph-fe97b4b0-bd6a-11ee-95b2-87774f69a715-mon.smithi093[38783]: audit
2024-01-27T23:23:59.893992+0000 mon.smithi093 (mon.0) 68 : audit [DBG] from='mgr.14142 172.21.15.93:0/253349118' entity='mgr.smithi093.qygqpy' cmd=[{"prefix": "osd metadata"}]: dispatch
2024-01-27T23:24:01.110 INFO:journalctl@ceph.mon.smithi093.smithi093.stdout:Jan 27 23:24:00 smithi093 ceph-fe97b4b0-bd6a-11ee-95b2-87774f69a715-mon.smithi093[38783]: audit
2024-01-27T23:23:59.894133+0000 mon.smithi093 (mon.0) 69 : audit [DBG] from='mgr.14142 172.21.15.93:0/253349118' entity='mgr.smithi093.qygqpy' cmd=[{"prefix": "mon metadata"}]: dispatch
2024-01-27T23:24:01.111 INFO:journalctl@ceph.mon.smithi093.smithi093.stdout:Jan 27 23:24:00 smithi093 ceph-fe97b4b0-bd6a-11ee-95b2-87774f69a715-mon.smithi093[38783]: cluster
2024-01-27T23:23:59.907589+0000 mon.smithi093 (mon.0) 70 : cluster [INF] Manager daemon smithi093.qygqpy is now available
2024-01-27T23:24:01.111 INFO:journalctl@ceph.mon.smithi093.smithi093.stdout:Jan 27 23:24:00 smithi093 ceph-fe97b4b0-bd6a-11ee-95b2-87774f69a715-mon.smithi093[38783]: audit
2024-01-27T23:24:00.003084+0000 mon.smithi093 (mon.0) 71 : audit [DBG] from='mgr.14142 172.21.15.93:0/253349118' entity='mgr.smithi093.qygqpy' cmd=[{"prefix": "config dump", "format": "json"}]: dispatch
2024-01-27T23:24:01.111 INFO:journalctl@ceph.mon.smithi093.smithi093.stdout:Jan 27 23:24:00 smithi093 ceph-fe97b4b0-bd6a-11ee-95b2-87774f69a715-mon.smithi093[38783]: audit
2024-01-27T23:24:00.004456+0000 mon.smithi093 (mon.0) 72 : audit [DBG] from='mgr.14142 172.21.15.93:0/253349118' entity='mgr.smithi093.qygqpy' cmd=[{"prefix": "config dump", "format": "json"}]: dispatch
2024-01-27T23:24:01.111 INFO:journalctl@ceph.mon.smithi093.smithi093.stdout:Jan 27 23:24:00 smithi093 ceph-fe97b4b0-bd6a-11ee-95b2-87774f69a715-mon.smithi093[38783]: audit
2024-01-27T23:24:00.024630+0000 mon.smithi093 (mon.0) 73 : audit [INF] from='mgr.14142 172.21.15.93:0/253349118' entity='mgr.smithi093.qygqpy' cmd=[{"prefix":"config rm","who":"mgr","name":"mgr/rbd_support/smithi093.qygqpy/mirror_snapshot_schedule"}]: dispatch
2024-01-27T23:24:01.111 INFO:journalctl@ceph.mon.smithi093.smithi093.stdout:Jan 27 23:24:00 smithi093 ceph-fe97b4b0-bd6a-11ee-95b2-87774f69a715-mon.smithi093[38783]: audit
2024-01-27T23:24:00.028343+0000 mon.smithi093 (mon.0) 74 : audit [INF] from='mgr.14142 172.21.15.93:0/253349118' entity='mgr.smithi093.qygqpy' cmd=[{"prefix":"config rm","who":"mgr","name":"mgr/rbd_support/smithi093.qygqpy/trash_purge_schedule"}]: dispatch
2024-01-27T23:24:01.197 INFO:teuthology.orchestra.run.smithi093.stderr:Deploying grafana service with default placement...
2024-01-27T23:24:01.197 INFO:teuthology.orchestra.run.smithi093.stderr:Running command: /bin/podman run --rm --ipc=host --no-hosts --net=host --entrypoint /usr/bin/ceph --init -e CONTAINER_IMAGE=docker.io/ceph/ceph:v16.2.4 -e NODE_NAME=smithi093 -e CEPH_USE_RANDOM_NONCE=1 -v /var/log/ceph/fe97b4b0-bd6a-11ee-95b2-87774f69a715:/var/log/ceph:z -v /tmp/ceph-tmpu7nnpd0g:/etc/ceph/ceph.client.admin.keyring:z -v /tmp/ceph-tmp1t1v7r8i:/etc/ceph/ceph.conf:z docker.io/ceph/ceph:v16.2.4 orch apply grafana
2024-01-27T23:24:01.560 INFO:teuthology.orchestra.run.smithi093.stderr:/usr/bin/ceph:
2024-01-27T23:24:01.570+0000 7fbf9a5a4700 1 Processor -- start
2024-01-27T23:24:01.564 INFO:teuthology.orchestra.run.smithi093.stderr:/usr/bin/ceph:
2024-01-27T23:24:01.570+0000 7fbf9a5a4700 1 -- start start
2024-01-27T23:24:01.564 INFO:teuthology.orchestra.run.smithi093.stderr:/usr/bin/ceph:
2024-01-27T23:24:01.570+0000 7fbf9a5a4700 1 --2- >> [v2:172.21.15.93:3300/0,v1:172.21.15.93:6789/0] conn(0x7fbf940fab80 0x7fbf940fafa0 unknown :-1 s=NONE pgs=0 cs=0 l=0 rev1=0 rx=0 tx=0).connect
2024-01-27T23:24:01.565 INFO:teuthology.orchestra.run.smithi093.stderr:/usr/bin/ceph:
2024-01-27T23:24:01.570+0000 7fbf9a5a4700 1 -- --> [v2:172.21.15.93:3300/0,v1:172.21.15.93:6789/0] -- mon_getmap magic: 0 v1 -- 0x7fbf940fb490 con 0x7fbf940fab80
2024-01-27T23:24:01.565 INFO:teuthology.orchestra.run.smithi093.stderr:/usr/bin/ceph:
2024-01-27T23:24:01.571+0000 7fbf93fff700 1 --2- >> [v2:172.21.15.93:3300/0,v1:172.21.15.93:6789/0] conn(0x7fbf940fab80 0x7fbf940fafa0 unknown :-1 s=BANNER_CONNECTING pgs=0 cs=0 l=0 rev1=0 rx=0 tx=0)._handle_peer_banner_payload supported=1 required=0
2024-01-27T23:24:01.565 INFO:teuthology.orchestra.run.smithi093.stderr:/usr/bin/ceph:
2024-01-27T23:24:01.571+0000 7fbf93fff700 1 --2- >> [v2:172.21.15.93:3300/0,v1:172.21.15.93:6789/0] conn(0x7fbf940fab80 0x7fbf940fafa0 unknown :-1 s=HELLO_CONNECTING pgs=0 cs=0 l=0 rev1=1 rx=0 tx=0).handle_hello peer v2:172.21.15.93:3300/0 says I am v2:172.21.15.93:47656/0 (socket says 172.21.15.93:47656)
2024-01-27T23:24:01.565 INFO:teuthology.orchestra.run.smithi093.stderr:/usr/bin/ceph:
2024-01-27T23:24:01.571+0000 7fbf93fff700 1 -- 172.21.15.93:0/195880760 learned_addr learned my addr 172.21.15.93:0/195880760 (peer_addr_for_me v2:172.21.15.93:0/0)
2024-01-27T23:24:01.565 INFO:teuthology.orchestra.run.smithi093.stderr:/usr/bin/ceph:
2024-01-27T23:24:01.571+0000 7fbf93fff700 1 -- 172.21.15.93:0/195880760 --> [v2:172.21.15.93:3300/0,v1:172.21.15.93:6789/0] -- mon_subscribe({config=0+,monmap=0+}) v3 -- 0x7fbf940fb5d0 con 0x7fbf940fab80
2024-01-27T23:24:01.565 INFO:teuthology.orchestra.run.smithi093.stderr:/usr/bin/ceph:
2024-01-27T23:24:01.571+0000 7fbf93fff700 1 --2- 172.21.15.93:0/195880760 >> [v2:172.21.15.93:3300/0,v1:172.21.15.93:6789/0] conn(0x7fbf940fab80 0x7fbf940fafa0 secure :-1 s=READY pgs=56 cs=0 l=1 rev1=1 rx=0x7fbf8800b870 tx=0x7fbf88006f70).ready entity=mon.0 client_cookie=6610c68796726a9b server_cookie=0 in_seq=0 out_seq=0
2024-01-27T23:24:01.565 INFO:teuthology.orchestra.run.smithi093.stderr:/usr/bin/ceph:
2024-01-27T23:24:01.571+0000 7fbf92ffd700 1 -- 172.21.15.93:0/195880760 <== mon.0 v2:172.21.15.93:3300/0 1 ==== mon_map magic: 0 v1 ==== 229+0+0 (secure 0 0 0) 0x7fbf8800da20 con 0x7fbf940fab80
2024-01-27T23:24:01.565 INFO:teuthology.orchestra.run.smithi093.stderr:/usr/bin/ceph:
2024-01-27T23:24:01.571+0000 7fbf92ffd700 1 -- 172.21.15.93:0/195880760 <== mon.0 v2:172.21.15.93:3300/0 2 ==== config(25 keys) v1 ==== 1010+0+0 (secure 0 0 0) 0x7fbf88010470 con 0x7fbf940fab80
2024-01-27T23:24:01.565 INFO:teuthology.orchestra.run.smithi093.stderr:/usr/bin/ceph:
2024-01-27T23:24:01.571+0000 7fbf92ffd700 1 -- 172.21.15.93:0/195880760 <== mon.0 v2:172.21.15.93:3300/0 3 ==== mon_map magic: 0 v1 ==== 229+0+0 (secure 0 0 0) 0x7fbf8800f5b0 con 0x7fbf940fab80
2024-01-27T23:24:01.565 INFO:teuthology.orchestra.run.smithi093.stderr:/usr/bin/ceph:
2024-01-27T23:24:01.572+0000 7fbf9a5a4700 1 -- 172.21.15.93:0/195880760 >> [v2:172.21.15.93:3300/0,v1:172.21.15.93:6789/0] conn(0x7fbf940fab80 msgr2=0x7fbf940fafa0 secure :-1 s=STATE_CONNECTION_ESTABLISHED l=1).mark_down
2024-01-27T23:24:01.565 INFO:teuthology.orchestra.run.smithi093.stderr:/usr/bin/ceph:
2024-01-27T23:24:01.572+0000 7fbf9a5a4700 1 --2- 172.21.15.93:0/195880760 >> [v2:172.21.15.93:3300/0,v1:172.21.15.93:6789/0] conn(0x7fbf940fab80 0x7fbf940fafa0 secure :-1 s=READY pgs=56 cs=0 l=1 rev1=1 rx=0x7fbf8800b870 tx=0x7fbf88006f70).stop
2024-01-27T23:24:01.565 INFO:teuthology.orchestra.run.smithi093.stderr:/usr/bin/ceph:
2024-01-27T23:24:01.572+0000 7fbf9a5a4700 1 -- 172.21.15.93:0/195880760 shutdown_connections
2024-01-27T23:24:01.565 INFO:teuthology.orchestra.run.smithi093.stderr:/usr/bin/ceph:
2024-01-27T23:24:01.572+0000 7fbf9a5a4700 1 --2- 172.21.15.93:0/195880760 >> [v2:172.21.15.93:3300/0,v1:172.21.15.93:6789/0] conn(0x7fbf940fab80 0x7fbf940fafa0 unknown :-1 s=CLOSED pgs=56 cs=0 l=1 rev1=1 rx=0 tx=0).stop
2024-01-27T23:24:01.565 INFO:teuthology.orchestra.run.smithi093.stderr:/usr/bin/ceph:
2024-01-27T23:24:01.572+0000 7fbf9a5a4700 1 -- 172.21.15.93:0/195880760 >> 172.21.15.93:0/195880760 conn(0x7fbf940f63c0 msgr2=0x7fbf940f87e0 unknown :-1 s=STATE_NONE l=0).mark_down
2024-01-27T23:24:01.566 INFO:teuthology.orchestra.run.smithi093.stderr:/usr/bin/ceph:
2024-01-27T23:24:01.572+0000 7fbf9a5a4700 1 -- 172.21.15.93:0/195880760 shutdown_connections
2024-01-27T23:24:01.566 INFO:teuthology.orchestra.run.smithi093.stderr:/usr/bin/ceph:
2024-01-27T23:24:01.572+0000 7fbf9a5a4700 1 -- 172.21.15.93:0/195880760 wait complete.
2024-01-27T23:24:01.566 INFO:teuthology.orchestra.run.smithi093.stderr:/usr/bin/ceph:
2024-01-27T23:24:01.572+0000 7fbf9a5a4700 1 Processor -- start
2024-01-27T23:24:01.566 INFO:teuthology.orchestra.run.smithi093.stderr:/usr/bin/ceph:
2024-01-27T23:24:01.573+0000 7fbf9a5a4700 1 -- start start
2024-01-27T23:24:01.566 INFO:teuthology.orchestra.run.smithi093.stderr:/usr/bin/ceph:
2024-01-27T23:24:01.573+0000 7fbf9a5a4700 1 --2- >> [v2:172.21.15.93:3300/0,v1:172.21.15.93:6789/0] conn(0x7fbf940fab80 0x7fbf9410cb80 unknown :-1 s=NONE pgs=0 cs=0 l=1 rev1=0 rx=0 tx=0).connect
2024-01-27T23:24:01.566 INFO:teuthology.orchestra.run.smithi093.stderr:/usr/bin/ceph:
2024-01-27T23:24:01.573+0000 7fbf9a5a4700 1 -- --> [v2:172.21.15.93:3300/0,v1:172.21.15.93:6789/0] -- mon_getmap magic: 0 v1 -- 0x7fbf9410d070 con 0x7fbf940fab80
2024-01-27T23:24:01.566 INFO:teuthology.orchestra.run.smithi093.stderr:/usr/bin/ceph:
2024-01-27T23:24:01.573+0000 7fbf93fff700 1 --2- >> [v2:172.21.15.93:3300/0,v1:172.21.15.93:6789/0] conn(0x7fbf940fab80 0x7fbf9410cb80 unknown :-1 s=BANNER_CONNECTING pgs=0 cs=0 l=1 rev1=0 rx=0 tx=0)._handle_peer_banner_payload supported=1 required=0
2024-01-27T23:24:01.566 INFO:teuthology.orchestra.run.smithi093.stderr:/usr/bin/ceph:
2024-01-27T23:24:01.573+0000 7fbf93fff700 1 --2- >> [v2:172.21.15.93:3300/0,v1:172.21.15.93:6789/0] conn(0x7fbf940fab80 0x7fbf9410cb80 unknown :-1 s=HELLO_CONNECTING pgs=0 cs=0 l=1 rev1=1 rx=0 tx=0).handle_hello peer v2:172.21.15.93:3300/0 says I am v2:172.21.15.93:47672/0 (socket says 172.21.15.93:47672)
2024-01-27T23:24:01.566 INFO:teuthology.orchestra.run.smithi093.stderr:/usr/bin/ceph:
2024-01-27T23:24:01.573+0000 7fbf93fff700 1 -- 172.21.15.93:0/414750969 learned_addr learned my addr 172.21.15.93:0/414750969 (peer_addr_for_me v2:172.21.15.93:0/0)
2024-01-27T23:24:01.566 INFO:teuthology.orchestra.run.smithi093.stderr:/usr/bin/ceph:
2024-01-27T23:24:01.573+0000 7fbf93fff700 1 -- 172.21.15.93:0/414750969 --> [v2:172.21.15.93:3300/0,v1:172.21.15.93:6789/0] -- mon_subscribe({config=0+,monmap=0+}) v3 -- 0x7fbf8800b480 con 0x7fbf940fab80
2024-01-27T23:24:01.566 INFO:teuthology.orchestra.run.smithi093.stderr:/usr/bin/ceph:
2024-01-27T23:24:01.573+0000 7fbf93fff700 1 --2- 172.21.15.93:0/414750969 >> [v2:172.21.15.93:3300/0,v1:172.21.15.93:6789/0] conn(0x7fbf940fab80 0x7fbf9410cb80 secure :-1 s=READY pgs=57 cs=0 l=1 rev1=1 rx=0x7fbf88006a40 tx=0x7fbf88006f70).ready entity=mon.0 client_cookie=0 server_cookie=0 in_seq=0 out_seq=0
2024-01-27T23:24:01.566 INFO:teuthology.orchestra.run.smithi093.stderr:/usr/bin/ceph:
2024-01-27T23:24:01.573+0000 7fbf90ff9700 1 -- 172.21.15.93:0/414750969 <== mon.0 v2:172.21.15.93:3300/0 1 ==== mon_map magic: 0 v1 ==== 229+0+0 (secure 0 0 0) 0x7fbf8800de00 con 0x7fbf940fab80
2024-01-27T23:24:01.566 INFO:teuthology.orchestra.run.smithi093.stderr:/usr/bin/ceph:
2024-01-27T23:24:01.573+0000 7fbf90ff9700 1 -- 172.21.15.93:0/414750969 <== mon.0 v2:172.21.15.93:3300/0 2 ==== config(25 keys) v1 ==== 1010+0+0 (secure 0 0 0) 0x7fbf8800fef0 con 0x7fbf940fab80
2024-01-27T23:24:01.566 INFO:teuthology.orchestra.run.smithi093.stderr:/usr/bin/ceph:
2024-01-27T23:24:01.573+0000 7fbf9a5a4700 1 -- 172.21.15.93:0/414750969 --> [v2:172.21.15.93:3300/0,v1:172.21.15.93:6789/0] -- mon_subscribe({mgrmap=0+}) v3 -- 0x7fbf9410d270 con 0x7fbf940fab80
2024-01-27T23:24:01.567 INFO:teuthology.orchestra.run.smithi093.stderr:/usr/bin/ceph:
2024-01-27T23:24:01.573+0000 7fbf90ff9700 1 -- 172.21.15.93:0/414750969 <== mon.0 v2:172.21.15.93:3300/0 3 ==== mon_map magic: 0 v1 ==== 229+0+0 (secure 0 0 0) 0x7fbf88019e90 con 0x7fbf940fab80
2024-01-27T23:24:01.567 INFO:teuthology.orchestra.run.smithi093.stderr:/usr/bin/ceph:
2024-01-27T23:24:01.574+0000 7fbf9a5a4700 1 -- 172.21.15.93:0/414750969 --> [v2:172.21.15.93:3300/0,v1:172.21.15.93:6789/0] -- mon_subscribe({osdmap=0}) v3 -- 0x7fbf9410d680 con 0x7fbf940fab80
2024-01-27T23:24:01.567 INFO:teuthology.orchestra.run.smithi093.stderr:/usr/bin/ceph:
2024-01-27T23:24:01.574+0000 7fbf90ff9700 1 -- 172.21.15.93:0/414750969 <== mon.0 v2:172.21.15.93:3300/0 4 ==== mgrmap(e 10) v1 ==== 36054+0+0 (secure 0 0 0) 0x7fbf8802a070 con 0x7fbf940fab80
2024-01-27T23:24:01.567 INFO:teuthology.orchestra.run.smithi093.stderr:/usr/bin/ceph:
2024-01-27T23:24:01.574+0000 7fbf90ff9700 1 --2- 172.21.15.93:0/414750969 >> [v2:172.21.15.93:6800/2141350326,v1:172.21.15.93:6801/2141350326] conn(0x7fbf8002fcf0 0x7fbf800321b0 unknown :-1 s=NONE pgs=0 cs=0 l=1 rev1=0 rx=0 tx=0).connect
2024-01-27T23:24:01.567 INFO:teuthology.orchestra.run.smithi093.stderr:/usr/bin/ceph:
2024-01-27T23:24:01.574+0000 7fbf9a5a4700 1 -- 172.21.15.93:0/414750969 --> [v2:172.21.15.93:3300/0,v1:172.21.15.93:6789/0] -- mon_command({"prefix": "get_command_descriptions"} v 0) v1 -- 0x7fbf94045ad0 con 0x7fbf940fab80
2024-01-27T23:24:01.567 INFO:teuthology.orchestra.run.smithi093.stderr:/usr/bin/ceph:
2024-01-27T23:24:01.574+0000 7fbf90ff9700 1 -- 172.21.15.93:0/414750969 <== mon.0 v2:172.21.15.93:3300/0 5 ==== osd_map(3..3 src has 1..3) v4 ==== 1098+0+0 (secure 0 0 0) 0x7fbf880429a0 con 0x7fbf940fab80
2024-01-27T23:24:01.567 INFO:teuthology.orchestra.run.smithi093.stderr:/usr/bin/ceph:
2024-01-27T23:24:01.574+0000 7fbf937fe700 1 --2- 172.21.15.93:0/414750969 >> [v2:172.21.15.93:6800/2141350326,v1:172.21.15.93:6801/2141350326] conn(0x7fbf8002fcf0 0x7fbf800321b0 unknown :-1 s=BANNER_CONNECTING pgs=0 cs=0 l=1 rev1=0 rx=0 tx=0)._handle_peer_banner_payload supported=1 required=0
2024-01-27T23:24:01.567 INFO:teuthology.orchestra.run.smithi093.stderr:/usr/bin/ceph:
2024-01-27T23:24:01.575+0000 7fbf937fe700 1 --2- 172.21.15.93:0/414750969 >> [v2:172.21.15.93:6800/2141350326,v1:172.21.15.93:6801/2141350326] conn(0x7fbf8002fcf0 0x7fbf800321b0 secure :-1 s=READY pgs=6 cs=0 l=1 rev1=1 rx=0x7fbf840096a0 tx=0x7fbf84006b40).ready entity=mgr.14142 client_cookie=0 server_cookie=0 in_seq=0 out_seq=0
2024-01-27T23:24:01.568 INFO:teuthology.orchestra.run.smithi093.stderr:/usr/bin/ceph:
2024-01-27T23:24:01.579+0000 7fbf90ff9700 1 -- 172.21.15.93:0/414750969 <== mon.0 v2:172.21.15.93:3300/0 6 ==== mon_command_ack([{"prefix": "get_command_descriptions"}]=0 v0) v1 ==== 72+0+152212 (secure 0 0 0) 0x7fbf88014070 con 0x7fbf940fab80
2024-01-27T23:24:01.743 INFO:teuthology.orchestra.run.smithi093.stderr:/usr/bin/ceph:
2024-01-27T23:24:01.753+0000 7fbf9a5a4700 1 -- 172.21.15.93:0/414750969 --> [v2:172.21.15.93:6800/2141350326,v1:172.21.15.93:6801/2141350326] -- mgr_command(tid 0: {"prefix": "orch apply", "service_type": "grafana", "target": ["mon-mgr", ""]}) v1 -- 0x7fbf9410dfc0 con 0x7fbf8002fcf0
2024-01-27T23:24:01.747 INFO:teuthology.orchestra.run.smithi093.stderr:/usr/bin/ceph:
2024-01-27T23:24:01.757+0000 7fbf90ff9700 1 -- 172.21.15.93:0/414750969 <== mgr.14142 v2:172.21.15.93:6800/2141350326 1 ==== mgr_command_reply(tid 0: 0 ) v1 ==== 8+0+28 (secure 0 0 0) 0x7fbf9410dfc0 con 0x7fbf8002fcf0
2024-01-27T23:24:01.747 INFO:teuthology.orchestra.run.smithi093.stderr:/usr/bin/ceph: Scheduled grafana update...
2024-01-27T23:24:01.749 INFO:teuthology.orchestra.run.smithi093.stderr:/usr/bin/ceph:
2024-01-27T23:24:01.759+0000 7fbf9a5a4700 1 -- 172.21.15.93:0/414750969 >> [v2:172.21.15.93:6800/2141350326,v1:172.21.15.93:6801/2141350326] conn(0x7fbf8002fcf0 msgr2=0x7fbf800321b0 secure :-1 s=STATE_CONNECTION_ESTABLISHED l=1).mark_down
2024-01-27T23:24:01.750 INFO:teuthology.orchestra.run.smithi093.stderr:/usr/bin/ceph:
2024-01-27T23:24:01.759+0000 7fbf9a5a4700 1 --2- 172.21.15.93:0/414750969 >> [v2:172.21.15.93:6800/2141350326,v1:172.21.15.93:6801/2141350326] conn(0x7fbf8002fcf0 0x7fbf800321b0 secure :-1 s=READY pgs=6 cs=0 l=1 rev1=1 rx=0x7fbf840096a0 tx=0x7fbf84006b40).stop
2024-01-27T23:24:01.750 INFO:teuthology.orchestra.run.smithi093.stderr:/usr/bin/ceph:
2024-01-27T23:24:01.759+0000 7fbf9a5a4700 1 -- 172.21.15.93:0/414750969 >> [v2:172.21.15.93:3300/0,v1:172.21.15.93:6789/0] conn(0x7fbf940fab80 msgr2=0x7fbf9410cb80 secure :-1 s=STATE_CONNECTION_ESTABLISHED l=1).mark_down
2024-01-27T23:24:01.750 INFO:teuthology.orchestra.run.smithi093.stderr:/usr/bin/ceph:
2024-01-27T23:24:01.759+0000 7fbf9a5a4700 1 --2- 172.21.15.93:0/414750969 >> [v2:172.21.15.93:3300/0,v1:172.21.15.93:6789/0] conn(0x7fbf940fab80 0x7fbf9410cb80 secure :-1 s=READY pgs=57 cs=0 l=1 rev1=1 rx=0x7fbf88006a40 tx=0x7fbf88006f70).stop
2024-01-27T23:24:01.750 INFO:teuthology.orchestra.run.smithi093.stderr:/usr/bin/ceph:
2024-01-27T23:24:01.759+0000 7fbf9a5a4700 1 -- 172.21.15.93:0/414750969 shutdown_connections
2024-01-27T23:24:01.750 INFO:teuthology.orchestra.run.smithi093.stderr:/usr/bin/ceph:
2024-01-27T23:24:01.759+0000 7fbf9a5a4700 1 --2- 172.21.15.93:0/414750969 >> [v2:172.21.15.93:6800/2141350326,v1:172.21.15.93:6801/2141350326] conn(0x7fbf8002fcf0 0x7fbf800321b0 unknown :-1 s=CLOSED pgs=6 cs=0 l=1 rev1=1 rx=0 tx=0).stop
2024-01-27T23:24:01.750 INFO:teuthology.orchestra.run.smithi093.stderr:/usr/bin/ceph:
2024-01-27T23:24:01.759+0000 7fbf9a5a4700 1 --2- 172.21.15.93:0/414750969 >> [v2:172.21.15.93:3300/0,v1:172.21.15.93:6789/0] conn(0x7fbf940fab80 0x7fbf9410cb80 unknown :-1 s=CLOSED pgs=57 cs=0 l=1 rev1=1 rx=0 tx=0).stop
2024-01-27T23:24:01.750 INFO:teuthology.orchestra.run.smithi093.stderr:/usr/bin/ceph:
2024-01-27T23:24:01.759+0000 7fbf9a5a4700 1 -- 172.21.15.93:0/414750969 >> 172.21.15.93:0/414750969 conn(0x7fbf940f63c0 msgr2=0x7fbf940ff910 unknown :-1 s=STATE_NONE l=0).mark_down
2024-01-27T23:24:01.750 INFO:teuthology.orchestra.run.smithi093.stderr:/usr/bin/ceph:
2024-01-27T23:24:01.760+0000 7fbf9a5a4700 1 -- 172.21.15.93:0/414750969 shutdown_connections
2024-01-27T23:24:01.750 INFO:teuthology.orchestra.run.smithi093.stderr:/usr/bin/ceph:
2024-01-27T23:24:01.760+0000 7fbf9a5a4700 1 -- 172.21.15.93:0/414750969 wait complete.
2024-01-27T23:24:02.039 INFO:journalctl@ceph.mon.smithi093.smithi093.stdout:Jan 27 23:24:01 smithi093 ceph-fe97b4b0-bd6a-11ee-95b2-87774f69a715-mon.smithi093[38783]: cluster
2024-01-27T23:24:00.894119+0000 mon.smithi093 (mon.0) 75 : cluster [DBG] mgrmap e10: smithi093.qygqpy(active, since 1.05492s)
2024-01-27T23:24:02.039 INFO:journalctl@ceph.mon.smithi093.smithi093.stdout:Jan 27 23:24:01 smithi093 ceph-fe97b4b0-bd6a-11ee-95b2-87774f69a715-mon.smithi093[38783]: cephadm
2024-01-27T23:24:00.895120+0000 mgr.smithi093.qygqpy (mgr.14142) 2 : cephadm [INF] Saving service prometheus spec with placement count:1
2024-01-27T23:24:02.039 INFO:journalctl@ceph.mon.smithi093.smithi093.stdout:Jan 27 23:24:01 smithi093 ceph-fe97b4b0-bd6a-11ee-95b2-87774f69a715-mon.smithi093[38783]: audit
2024-01-27T23:24:00.897243+0000 mon.smithi093 (mon.0) 76 : audit [INF] from='mgr.14142 172.21.15.93:0/253349118' entity='mgr.smithi093.qygqpy'
2024-01-27T23:24:02.039 INFO:journalctl@ceph.mon.smithi093.smithi093.stdout:Jan 27 23:24:01 smithi093 ceph-fe97b4b0-bd6a-11ee-95b2-87774f69a715-mon.smithi093[38783]: audit
2024-01-27T23:24:01.758671+0000 mon.smithi093 (mon.0) 77 : audit [INF] from='mgr.14142 172.21.15.93:0/253349118' entity='mgr.smithi093.qygqpy'
2024-01-27T23:24:02.095 INFO:teuthology.orchestra.run.smithi093.stderr:Deploying node-exporter service with default placement...
2024-01-27T23:24:02.095 INFO:teuthology.orchestra.run.smithi093.stderr:Running command: /bin/podman run --rm --ipc=host --no-hosts --net=host --entrypoint /usr/bin/ceph --init -e CONTAINER_IMAGE=docker.io/ceph/ceph:v16.2.4 -e NODE_NAME=smithi093 -e CEPH_USE_RANDOM_NONCE=1 -v /var/log/ceph/fe97b4b0-bd6a-11ee-95b2-87774f69a715:/var/log/ceph:z -v /tmp/ceph-tmpu7nnpd0g:/etc/ceph/ceph.client.admin.keyring:z -v /tmp/ceph-tmp1t1v7r8i:/etc/ceph/ceph.conf:z docker.io/ceph/ceph:v16.2.4 orch apply node-exporter
2024-01-27T23:24:02.447 INFO:teuthology.orchestra.run.smithi093.stderr:/usr/bin/ceph:
2024-01-27T23:24:02.457+0000 7f51b98e5700 1 Processor -- start
2024-01-27T23:24:02.449 INFO:teuthology.orchestra.run.smithi093.stderr:/usr/bin/ceph:
2024-01-27T23:24:02.457+0000 7f51b98e5700 1 -- start start
2024-01-27T23:24:02.449 INFO:teuthology.orchestra.run.smithi093.stderr:/usr/bin/ceph:
2024-01-27T23:24:02.457+0000 7f51b98e5700 1 --2- >> [v2:172.21.15.93:3300/0,v1:172.21.15.93:6789/0] conn(0x7f51b4070440 0x7f51b4100d50 unknown :-1 s=NONE pgs=0 cs=0 l=0 rev1=0 rx=0 tx=0).connect
2024-01-27T23:24:02.449 INFO:teuthology.orchestra.run.smithi093.stderr:/usr/bin/ceph:
2024-01-27T23:24:02.457+0000 7f51b98e5700 1 -- --> [v2:172.21.15.93:3300/0,v1:172.21.15.93:6789/0] -- mon_getmap magic: 0 v1 -- 0x7f51b40fc740 con 0x7f51b4070440
2024-01-27T23:24:02.449 INFO:teuthology.orchestra.run.smithi093.stderr:/usr/bin/ceph:
2024-01-27T23:24:02.457+0000 7f51b2ffd700 1 --2- >> [v2:172.21.15.93:3300/0,v1:172.21.15.93:6789/0] conn(0x7f51b4070440 0x7f51b4100d50 unknown :-1 s=BANNER_CONNECTING pgs=0 cs=0 l=0 rev1=0 rx=0 tx=0)._handle_peer_banner_payload supported=1 required=0
2024-01-27T23:24:02.449 INFO:teuthology.orchestra.run.smithi093.stderr:/usr/bin/ceph:
2024-01-27T23:24:02.457+0000 7f51b2ffd700 1 --2- >> [v2:172.21.15.93:3300/0,v1:172.21.15.93:6789/0] conn(0x7f51b4070440 0x7f51b4100d50 unknown :-1 s=HELLO_CONNECTING pgs=0 cs=0 l=0 rev1=1 rx=0 tx=0).handle_hello peer v2:172.21.15.93:3300/0 says I am v2:172.21.15.93:47678/0 (socket says 172.21.15.93:47678)
2024-01-27T23:24:02.449 INFO:teuthology.orchestra.run.smithi093.stderr:/usr/bin/ceph:
2024-01-27T23:24:02.457+0000 7f51b2ffd700 1 -- 172.21.15.93:0/2247871154 learned_addr learned my addr 172.21.15.93:0/2247871154 (peer_addr_for_me v2:172.21.15.93:0/0)
2024-01-27T23:24:02.449 INFO:teuthology.orchestra.run.smithi093.stderr:/usr/bin/ceph:
2024-01-27T23:24:02.457+0000 7f51b2ffd700 1 -- 172.21.15.93:0/2247871154 --> [v2:172.21.15.93:3300/0,v1:172.21.15.93:6789/0] -- mon_subscribe({config=0+,monmap=0+}) v3 -- 0x7f51b4101240 con 0x7f51b4070440
2024-01-27T23:24:02.449 INFO:teuthology.orchestra.run.smithi093.stderr:/usr/bin/ceph:
2024-01-27T23:24:02.457+0000 7f51b2ffd700 1 --2- 172.21.15.93:0/2247871154 >> [v2:172.21.15.93:3300/0,v1:172.21.15.93:6789/0] conn(0x7f51b4070440 0x7f51b4100d50 secure :-1 s=READY pgs=58 cs=0 l=1 rev1=1 rx=0x7f51a400b5f0 tx=0x7f51a4006ee0).ready entity=mon.0 client_cookie=a706b4de36809ab0 server_cookie=0 in_seq=0 out_seq=0
2024-01-27T23:24:02.449 INFO:teuthology.orchestra.run.smithi093.stderr:/usr/bin/ceph:
2024-01-27T23:24:02.457+0000 7f51b1ffb700 1 -- 172.21.15.93:0/2247871154 <== mon.0 v2:172.21.15.93:3300/0 1 ==== mon_map magic: 0 v1 ==== 229+0+0 (secure 0 0 0) 0x7f51a400d600 con 0x7f51b4070440
2024-01-27T23:24:02.449 INFO:teuthology.orchestra.run.smithi093.stderr:/usr/bin/ceph:
2024-01-27T23:24:02.458+0000 7f51b1ffb700 1 -- 172.21.15.93:0/2247871154 <== mon.0 v2:172.21.15.93:3300/0 2 ==== config(25 keys) v1 ==== 1010+0+0 (secure 0 0 0) 0x7f51a400dbd0 con 0x7f51b4070440
2024-01-27T23:24:02.449 INFO:teuthology.orchestra.run.smithi093.stderr:/usr/bin/ceph:
2024-01-27T23:24:02.458+0000 7f51b1ffb700 1 -- 172.21.15.93:0/2247871154 <== mon.0 v2:172.21.15.93:3300/0 3 ==== mon_map magic: 0 v1 ==== 229+0+0 (secure 0 0 0) 0x7f51a4011c00 con 0x7f51b4070440
2024-01-27T23:24:02.449 INFO:teuthology.orchestra.run.smithi093.stderr:/usr/bin/ceph:
2024-01-27T23:24:02.458+0000 7f51b98e5700 1 -- 172.21.15.93:0/2247871154 >> [v2:172.21.15.93:3300/0,v1:172.21.15.93:6789/0] conn(0x7f51b4070440 msgr2=0x7f51b4100d50 secure :-1 s=STATE_CONNECTION_ESTABLISHED l=1).mark_down
2024-01-27T23:24:02.449 INFO:teuthology.orchestra.run.smithi093.stderr:/usr/bin/ceph:
2024-01-27T23:24:02.458+0000 7f51b98e5700 1 --2- 172.21.15.93:0/2247871154 >> [v2:172.21.15.93:3300/0,v1:172.21.15.93:6789/0] conn(0x7f51b4070440 0x7f51b4100d50 secure :-1 s=READY pgs=58 cs=0 l=1 rev1=1 rx=0x7f51a400b5f0 tx=0x7f51a4006ee0).stop
2024-01-27T23:24:02.450 INFO:teuthology.orchestra.run.smithi093.stderr:/usr/bin/ceph:
2024-01-27T23:24:02.458+0000 7f51b98e5700 1 -- 172.21.15.93:0/2247871154 shutdown_connections
2024-01-27T23:24:02.450 INFO:teuthology.orchestra.run.smithi093.stderr:/usr/bin/ceph:
2024-01-27T23:24:02.458+0000 7f51b98e5700 1 --2- 172.21.15.93:0/2247871154 >> [v2:172.21.15.93:3300/0,v1:172.21.15.93:6789/0] conn(0x7f51b4070440 0x7f51b4100d50 unknown :-1 s=CLOSED pgs=58 cs=0 l=1 rev1=1 rx=0 tx=0).stop
