2024-01-27T23:24:09.035+0000 7fa253713700 1 --2- >> [v2:172.21.15.93:3300/0,v1:172.21.15.93:6789/0] conn(0x7fa24c0703b0 0x7fa24c10ccd0 unknown :-1 s=NONE pgs=0 cs=0 l=1 rev1=0 rx=0 tx=0).connect
2024-01-27T23:24:09.027 INFO:teuthology.orchestra.run.smithi093.stderr:/usr/bin/ceph:
2024-01-27T23:24:09.035+0000 7fa253713700 1 -- --> [v2:172.21.15.93:3300/0,v1:172.21.15.93:6789/0] -- mon_getmap magic: 0 v1 -- 0x7fa24c10d1c0 con 0x7fa24c0703b0
2024-01-27T23:24:09.027 INFO:teuthology.orchestra.run.smithi093.stderr:/usr/bin/ceph:
2024-01-27T23:24:09.035+0000 7fa2514af700 1 --2- >> [v2:172.21.15.93:3300/0,v1:172.21.15.93:6789/0] conn(0x7fa24c0703b0 0x7fa24c10ccd0 unknown :-1 s=BANNER_CONNECTING pgs=0 cs=0 l=1 rev1=0 rx=0 tx=0)._handle_peer_banner_payload supported=1 required=0
2024-01-27T23:24:09.027 INFO:teuthology.orchestra.run.smithi093.stderr:/usr/bin/ceph:
2024-01-27T23:24:09.035+0000 7fa2514af700 1 --2- >> [v2:172.21.15.93:3300/0,v1:172.21.15.93:6789/0] conn(0x7fa24c0703b0 0x7fa24c10ccd0 unknown :-1 s=HELLO_CONNECTING pgs=0 cs=0 l=1 rev1=1 rx=0 tx=0).handle_hello peer v2:172.21.15.93:3300/0 says I am v2:172.21.15.93:46914/0 (socket says 172.21.15.93:46914)
2024-01-27T23:24:09.027 INFO:teuthology.orchestra.run.smithi093.stderr:/usr/bin/ceph:
2024-01-27T23:24:09.035+0000 7fa2514af700 1 -- 172.21.15.93:0/4164476872 learned_addr learned my addr 172.21.15.93:0/4164476872 (peer_addr_for_me v2:172.21.15.93:0/0)
2024-01-27T23:24:09.027 INFO:teuthology.orchestra.run.smithi093.stderr:/usr/bin/ceph:
2024-01-27T23:24:09.035+0000 7fa2514af700 1 -- 172.21.15.93:0/4164476872 --> [v2:172.21.15.93:3300/0,v1:172.21.15.93:6789/0] -- mon_subscribe({config=0+,monmap=0+}) v3 -- 0x7fa24800b200 con 0x7fa24c0703b0
2024-01-27T23:24:09.027 INFO:teuthology.orchestra.run.smithi093.stderr:/usr/bin/ceph:
2024-01-27T23:24:09.036+0000 7fa2514af700 1 --2- 172.21.15.93:0/4164476872 >> [v2:172.21.15.93:3300/0,v1:172.21.15.93:6789/0] conn(0x7fa24c0703b0 0x7fa24c10ccd0 secure :-1 s=READY pgs=73 cs=0 l=1 rev1=1 rx=0x7fa24800b1d0 tx=0x7fa248006ee0).ready entity=mon.0 client_cookie=0 server_cookie=0 in_seq=0 out_seq=0
2024-01-27T23:24:09.027 INFO:teuthology.orchestra.run.smithi093.stderr:/usr/bin/ceph:
2024-01-27T23:24:09.036+0000 7fa239ffb700 1 -- 172.21.15.93:0/4164476872 <== mon.0 v2:172.21.15.93:3300/0 1 ==== mon_map magic: 0 v1 ==== 229+0+0 (secure 0 0 0) 0x7fa248011df0 con 0x7fa24c0703b0
2024-01-27T23:24:09.027 INFO:teuthology.orchestra.run.smithi093.stderr:/usr/bin/ceph:
2024-01-27T23:24:09.036+0000 7fa253713700 1 -- 172.21.15.93:0/4164476872 --> [v2:172.21.15.93:3300/0,v1:172.21.15.93:6789/0] -- mon_subscribe({mgrmap=0+}) v3 -- 0x7fa24c10d3c0 con 0x7fa24c0703b0
2024-01-27T23:24:09.027 INFO:teuthology.orchestra.run.smithi093.stderr:/usr/bin/ceph:
2024-01-27T23:24:09.036+0000 7fa253713700 1 -- 172.21.15.93:0/4164476872 --> [v2:172.21.15.93:3300/0,v1:172.21.15.93:6789/0] -- mon_subscribe({osdmap=0}) v3 -- 0x7fa24c10d7d0 con 0x7fa24c0703b0
2024-01-27T23:24:09.027 INFO:teuthology.orchestra.run.smithi093.stderr:/usr/bin/ceph:
2024-01-27T23:24:09.036+0000 7fa239ffb700 1 -- 172.21.15.93:0/4164476872 <== mon.0 v2:172.21.15.93:3300/0 2 ==== config(25 keys) v1 ==== 1074+0+0 (secure 0 0 0) 0x7fa2480248c0 con 0x7fa24c0703b0
2024-01-27T23:24:09.027 INFO:teuthology.orchestra.run.smithi093.stderr:/usr/bin/ceph:
2024-01-27T23:24:09.036+0000 7fa239ffb700 1 -- 172.21.15.93:0/4164476872 <== mon.0 v2:172.21.15.93:3300/0 3 ==== mon_map magic: 0 v1 ==== 229+0+0 (secure 0 0 0) 0x7fa24801b810 con 0x7fa24c0703b0
2024-01-27T23:24:09.028 INFO:teuthology.orchestra.run.smithi093.stderr:/usr/bin/ceph:
2024-01-27T23:24:09.037+0000 7fa239ffb700 1 -- 172.21.15.93:0/4164476872 <== mon.0 v2:172.21.15.93:3300/0 4 ==== mgrmap(e 12) v1 ==== 36208+0+0 (secure 0 0 0) 0x7fa24800f070 con 0x7fa24c0703b0
2024-01-27T23:24:09.028 INFO:teuthology.orchestra.run.smithi093.stderr:/usr/bin/ceph:
2024-01-27T23:24:09.037+0000 7fa239ffb700 1 --2- 172.21.15.93:0/4164476872 >> [v2:172.21.15.93:6800/2141350326,v1:172.21.15.93:6801/2141350326] conn(0x7fa23402feb0 0x7fa234032370 unknown :-1 s=NONE pgs=0 cs=0 l=1 rev1=0 rx=0 tx=0).connect
2024-01-27T23:24:09.028 INFO:teuthology.orchestra.run.smithi093.stderr:/usr/bin/ceph:
2024-01-27T23:24:09.037+0000 7fa253713700 1 -- 172.21.15.93:0/4164476872 --> [v2:172.21.15.93:6800/2141350326,v1:172.21.15.93:6801/2141350326] -- command(tid 0: {"prefix": "get_command_descriptions"}) v1 -- 0x7fa22c000d10 con 0x7fa23402feb0
2024-01-27T23:24:09.028 INFO:teuthology.orchestra.run.smithi093.stderr:/usr/bin/ceph:
2024-01-27T23:24:09.037+0000 7fa239ffb700 1 -- 172.21.15.93:0/4164476872 <== mon.0 v2:172.21.15.93:3300/0 5 ==== osd_map(3..3 src has 1..3) v4 ==== 1098+0+0 (secure 0 0 0) 0x7fa248041fe0 con 0x7fa24c0703b0
2024-01-27T23:24:09.029 INFO:teuthology.orchestra.run.smithi093.stderr:/usr/bin/ceph:
2024-01-27T23:24:09.037+0000 7fa250cae700 1 -- 172.21.15.93:0/4164476872 >> [v2:172.21.15.93:6800/2141350326,v1:172.21.15.93:6801/2141350326] conn(0x7fa23402feb0 msgr2=0x7fa234032370 unknown :-1 s=STATE_CONNECTING_RE l=1).process reconnect failed to v2:172.21.15.93:6800/2141350326
2024-01-27T23:24:09.029 INFO:teuthology.orchestra.run.smithi093.stderr:/usr/bin/ceph:
2024-01-27T23:24:09.037+0000 7fa250cae700 1 --2- 172.21.15.93:0/4164476872 >> [v2:172.21.15.93:6800/2141350326,v1:172.21.15.93:6801/2141350326] conn(0x7fa23402feb0 0x7fa234032370 unknown :-1 s=START_CONNECT pgs=0 cs=0 l=1 rev1=0 rx=0 tx=0)._fault waiting 0.200000
2024-01-27T23:24:09.228 INFO:teuthology.orchestra.run.smithi093.stderr:/usr/bin/ceph:
2024-01-27T23:24:09.238+0000 7fa250cae700 1 -- 172.21.15.93:0/4164476872 >> [v2:172.21.15.93:6800/2141350326,v1:172.21.15.93:6801/2141350326] conn(0x7fa23402feb0 msgr2=0x7fa234032370 unknown :-1 s=STATE_CONNECTING_RE l=1).process reconnect failed to v2:172.21.15.93:6800/2141350326
2024-01-27T23:24:09.228 INFO:teuthology.orchestra.run.smithi093.stderr:/usr/bin/ceph:
2024-01-27T23:24:09.238+0000 7fa250cae700 1 --2- 172.21.15.93:0/4164476872 >> [v2:172.21.15.93:6800/2141350326,v1:172.21.15.93:6801/2141350326] conn(0x7fa23402feb0 0x7fa234032370 unknown :-1 s=START_CONNECT pgs=0 cs=0 l=1 rev1=0 rx=0 tx=0)._fault waiting 0.400000
2024-01-27T23:24:09.628 INFO:teuthology.orchestra.run.smithi093.stderr:/usr/bin/ceph:
2024-01-27T23:24:09.639+0000 7fa250cae700 1 -- 172.21.15.93:0/4164476872 >> [v2:172.21.15.93:6800/2141350326,v1:172.21.15.93:6801/2141350326] conn(0x7fa23402feb0 msgr2=0x7fa234032370 unknown :-1 s=STATE_CONNECTING_RE l=1).process reconnect failed to v2:172.21.15.93:6800/2141350326
2024-01-27T23:24:09.629 INFO:teuthology.orchestra.run.smithi093.stderr:/usr/bin/ceph:
2024-01-27T23:24:09.639+0000 7fa250cae700 1 --2- 172.21.15.93:0/4164476872 >> [v2:172.21.15.93:6800/2141350326,v1:172.21.15.93:6801/2141350326] conn(0x7fa23402feb0 0x7fa234032370 unknown :-1 s=START_CONNECT pgs=0 cs=0 l=1 rev1=0 rx=0 tx=0)._fault waiting 0.800000
2024-01-27T23:24:10.430 INFO:teuthology.orchestra.run.smithi093.stderr:/usr/bin/ceph:
2024-01-27T23:24:10.440+0000 7fa250cae700 1 -- 172.21.15.93:0/4164476872 >> [v2:172.21.15.93:6800/2141350326,v1:172.21.15.93:6801/2141350326] conn(0x7fa23402feb0 msgr2=0x7fa234032370 unknown :-1 s=STATE_CONNECTING_RE l=1).process reconnect failed to v2:172.21.15.93:6800/2141350326
2024-01-27T23:24:10.430 INFO:teuthology.orchestra.run.smithi093.stderr:/usr/bin/ceph:
2024-01-27T23:24:10.440+0000 7fa250cae700 1 --2- 172.21.15.93:0/4164476872 >> [v2:172.21.15.93:6800/2141350326,v1:172.21.15.93:6801/2141350326] conn(0x7fa23402feb0 0x7fa234032370 unknown :-1 s=START_CONNECT pgs=0 cs=0 l=1 rev1=0 rx=0 tx=0)._fault waiting 1.600000
2024-01-27T23:24:12.031 INFO:teuthology.orchestra.run.smithi093.stderr:/usr/bin/ceph:
2024-01-27T23:24:12.041+0000 7fa250cae700 1 -- 172.21.15.93:0/4164476872 >> [v2:172.21.15.93:6800/2141350326,v1:172.21.15.93:6801/2141350326] conn(0x7fa23402feb0 msgr2=0x7fa234032370 unknown :-1 s=STATE_CONNECTING_RE l=1).process reconnect failed to v2:172.21.15.93:6800/2141350326
2024-01-27T23:24:12.031 INFO:teuthology.orchestra.run.smithi093.stderr:/usr/bin/ceph:
2024-01-27T23:24:12.041+0000 7fa250cae700 1 --2- 172.21.15.93:0/4164476872 >> [v2:172.21.15.93:6800/2141350326,v1:172.21.15.93:6801/2141350326] conn(0x7fa23402feb0 0x7fa234032370 unknown :-1 s=START_CONNECT pgs=0 cs=0 l=1 rev1=0 rx=0 tx=0)._fault waiting 3.200000
2024-01-27T23:24:12.348 INFO:teuthology.orchestra.run.smithi093.stderr:/usr/bin/ceph:
2024-01-27T23:24:12.358+0000 7fa239ffb700 1 -- 172.21.15.93:0/4164476872 <== mon.0 v2:172.21.15.93:3300/0 6 ==== mgrmap(e 13) v1 ==== 35997+0+0 (secure 0 0 0) 0x7fa2480236f0 con 0x7fa24c0703b0
2024-01-27T23:24:12.349 INFO:teuthology.orchestra.run.smithi093.stderr:/usr/bin/ceph:
2024-01-27T23:24:12.359+0000 7fa239ffb700 1 -- 172.21.15.93:0/4164476872 >> [v2:172.21.15.93:6800/2141350326,v1:172.21.15.93:6801/2141350326] conn(0x7fa23402feb0 msgr2=0x7fa234032370 unknown :-1 s=STATE_CONNECTING l=1).mark_down
2024-01-27T23:24:12.349 INFO:teuthology.orchestra.run.smithi093.stderr:/usr/bin/ceph:
2024-01-27T23:24:12.359+0000 7fa239ffb700 1 --2- 172.21.15.93:0/4164476872 >> [v2:172.21.15.93:6800/2141350326,v1:172.21.15.93:6801/2141350326] conn(0x7fa23402feb0 0x7fa234032370 unknown :-1 s=START_CONNECT pgs=0 cs=0 l=1 rev1=0 rx=0 tx=0).stop
2024-01-27T23:24:13.352 INFO:teuthology.orchestra.run.smithi093.stderr:/usr/bin/ceph:
2024-01-27T23:24:13.362+0000 7fa239ffb700 1 -- 172.21.15.93:0/4164476872 <== mon.0 v2:172.21.15.93:3300/0 7 ==== mgrmap(e 14) v1 ==== 36067+0+0 (secure 0 0 0) 0x7fa248024410 con 0x7fa24c0703b0
2024-01-27T23:24:13.353 INFO:teuthology.orchestra.run.smithi093.stderr:/usr/bin/ceph:
2024-01-27T23:24:13.362+0000 7fa239ffb700 1 --2- 172.21.15.93:0/4164476872 >> [v2:172.21.15.93:6800/2314242804,v1:172.21.15.93:6801/2314242804] conn(0x7fa234033990 0x7fa234035d80 unknown :-1 s=NONE pgs=0 cs=0 l=1 rev1=0 rx=0 tx=0).connect
2024-01-27T23:24:13.353 INFO:teuthology.orchestra.run.smithi093.stderr:/usr/bin/ceph:
2024-01-27T23:24:13.362+0000 7fa239ffb700 1 -- 172.21.15.93:0/4164476872 --> [v2:172.21.15.93:6800/2314242804,v1:172.21.15.93:6801/2314242804] -- command(tid 0: {"prefix": "get_command_descriptions"}) v1 -- 0x7fa22c000d10 con 0x7fa234033990
2024-01-27T23:24:13.353 INFO:teuthology.orchestra.run.smithi093.stderr:/usr/bin/ceph:
2024-01-27T23:24:13.363+0000 7fa250cae700 1 --2- 172.21.15.93:0/4164476872 >> [v2:172.21.15.93:6800/2314242804,v1:172.21.15.93:6801/2314242804] conn(0x7fa234033990 0x7fa234035d80 unknown :-1 s=BANNER_CONNECTING pgs=0 cs=0 l=1 rev1=0 rx=0 tx=0)._handle_peer_banner_payload supported=1 required=0
2024-01-27T23:24:13.353 INFO:teuthology.orchestra.run.smithi093.stderr:/usr/bin/ceph:
2024-01-27T23:24:13.363+0000 7fa250cae700 1 --2- 172.21.15.93:0/4164476872 >> [v2:172.21.15.93:6800/2314242804,v1:172.21.15.93:6801/2314242804] conn(0x7fa234033990 0x7fa234035d80 secure :-1 s=READY pgs=1 cs=0 l=1 rev1=1 rx=0x7fa23c006fd0 tx=0x7fa23c006cf0).ready entity=mgr.14162 client_cookie=0 server_cookie=0 in_seq=0 out_seq=0
2024-01-27T23:24:13.353 INFO:teuthology.orchestra.run.smithi093.stderr:/usr/bin/ceph:
2024-01-27T23:24:13.364+0000 7fa239ffb700 1 -- 172.21.15.93:0/4164476872 <== mgr.14162 v2:172.21.15.93:6800/2314242804 1 ==== command_reply(tid 0: 0 ) v1 ==== 8+0+6438 (secure 0 0 0) 0x7fa22c000d10 con 0x7fa234033990
2024-01-27T23:24:13.359 INFO:teuthology.orchestra.run.smithi093.stderr:/usr/bin/ceph:
2024-01-27T23:24:13.369+0000 7fa253713700 1 -- 172.21.15.93:0/4164476872 --> [v2:172.21.15.93:6800/2314242804,v1:172.21.15.93:6801/2314242804] -- command(tid 1: {"prefix": "mgr_status"}) v1 -- 0x7fa22c002430 con 0x7fa234033990
2024-01-27T23:24:13.359 INFO:teuthology.orchestra.run.smithi093.stderr:/usr/bin/ceph:
2024-01-27T23:24:13.370+0000 7fa239ffb700 1 -- 172.21.15.93:0/4164476872 <== mgr.14162 v2:172.21.15.93:6800/2314242804 2 ==== command_reply(tid 1: 0 ) v1 ==== 8+0+52 (secure 0 0 0) 0x7fa22c002430 con 0x7fa234033990
2024-01-27T23:24:13.359 INFO:teuthology.orchestra.run.smithi093.stderr:/usr/bin/ceph: {
2024-01-27T23:24:13.361 INFO:teuthology.orchestra.run.smithi093.stderr:/usr/bin/ceph: "mgrmap_epoch": 14,
2024-01-27T23:24:13.361 INFO:teuthology.orchestra.run.smithi093.stderr:/usr/bin/ceph: "initialized": true
2024-01-27T23:24:13.361 INFO:teuthology.orchestra.run.smithi093.stderr:/usr/bin/ceph: }
2024-01-27T23:24:13.361 INFO:teuthology.orchestra.run.smithi093.stderr:/usr/bin/ceph:
2024-01-27T23:24:13.370+0000 7fa253713700 1 -- 172.21.15.93:0/4164476872 >> [v2:172.21.15.93:6800/2314242804,v1:172.21.15.93:6801/2314242804] conn(0x7fa234033990 msgr2=0x7fa234035d80 secure :-1 s=STATE_CONNECTION_ESTABLISHED l=1).mark_down
2024-01-27T23:24:13.361 INFO:teuthology.orchestra.run.smithi093.stderr:/usr/bin/ceph:
2024-01-27T23:24:13.370+0000 7fa253713700 1 --2- 172.21.15.93:0/4164476872 >> [v2:172.21.15.93:6800/2314242804,v1:172.21.15.93:6801/2314242804] conn(0x7fa234033990 0x7fa234035d80 secure :-1 s=READY pgs=1 cs=0 l=1 rev1=1 rx=0x7fa23c006fd0 tx=0x7fa23c006cf0).stop
2024-01-27T23:24:13.361 INFO:teuthology.orchestra.run.smithi093.stderr:/usr/bin/ceph:
2024-01-27T23:24:13.370+0000 7fa253713700 1 -- 172.21.15.93:0/4164476872 >> [v2:172.21.15.93:3300/0,v1:172.21.15.93:6789/0] conn(0x7fa24c0703b0 msgr2=0x7fa24c10ccd0 secure :-1 s=STATE_CONNECTION_ESTABLISHED l=1).mark_down
2024-01-27T23:24:13.361 INFO:teuthology.orchestra.run.smithi093.stderr:/usr/bin/ceph:
2024-01-27T23:24:13.370+0000 7fa253713700 1 --2- 172.21.15.93:0/4164476872 >> [v2:172.21.15.93:3300/0,v1:172.21.15.93:6789/0] conn(0x7fa24c0703b0 0x7fa24c10ccd0 secure :-1 s=READY pgs=73 cs=0 l=1 rev1=1 rx=0x7fa24800b1d0 tx=0x7fa248006ee0).stop
2024-01-27T23:24:13.361 INFO:teuthology.orchestra.run.smithi093.stderr:/usr/bin/ceph:
2024-01-27T23:24:13.370+0000 7fa253713700 1 -- 172.21.15.93:0/4164476872 shutdown_connections
2024-01-27T23:24:13.361 INFO:teuthology.orchestra.run.smithi093.stderr:/usr/bin/ceph:
2024-01-27T23:24:13.370+0000 7fa253713700 1 --2- 172.21.15.93:0/4164476872 >> [v2:172.21.15.93:6800/2314242804,v1:172.21.15.93:6801/2314242804] conn(0x7fa234033990 0x7fa234035d80 unknown :-1 s=CLOSED pgs=1 cs=0 l=1 rev1=1 rx=0 tx=0).stop
2024-01-27T23:24:13.361 INFO:teuthology.orchestra.run.smithi093.stderr:/usr/bin/ceph:
2024-01-27T23:24:13.370+0000 7fa253713700 1 --2- 172.21.15.93:0/4164476872 >> [v2:172.21.15.93:3300/0,v1:172.21.15.93:6789/0] conn(0x7fa24c0703b0 0x7fa24c10ccd0 unknown :-1 s=CLOSED pgs=73 cs=0 l=1 rev1=1 rx=0 tx=0).stop
2024-01-27T23:24:13.362 INFO:teuthology.orchestra.run.smithi093.stderr:/usr/bin/ceph:
2024-01-27T23:24:13.370+0000 7fa253713700 1 --2- 172.21.15.93:0/4164476872 >> [v2:172.21.15.93:6800/2141350326,v1:172.21.15.93:6801/2141350326] conn(0x7fa23402feb0 0x7fa234032370 unknown :-1 s=CLOSED pgs=0 cs=0 l=1 rev1=0 rx=0 tx=0).stop
2024-01-27T23:24:13.362 INFO:teuthology.orchestra.run.smithi093.stderr:/usr/bin/ceph:
2024-01-27T23:24:13.370+0000 7fa253713700 1 -- 172.21.15.93:0/4164476872 >> 172.21.15.93:0/4164476872 conn(0x7fa24c0f63c0 msgr2=0x7fa24c0f7e90 unknown :-1 s=STATE_NONE l=0).mark_down
2024-01-27T23:24:13.362 INFO:teuthology.orchestra.run.smithi093.stderr:/usr/bin/ceph:
2024-01-27T23:24:13.370+0000 7fa253713700 1 -- 172.21.15.93:0/4164476872 shutdown_connections
2024-01-27T23:24:13.362 INFO:teuthology.orchestra.run.smithi093.stderr:/usr/bin/ceph:
2024-01-27T23:24:13.370+0000 7fa253713700 1 -- 172.21.15.93:0/4164476872 wait complete.
2024-01-27T23:24:13.509 INFO:journalctl@ceph.mon.smithi093.smithi093.stdout:Jan 27 23:24:13 smithi093 ceph-fe97b4b0-bd6a-11ee-95b2-87774f69a715-mon.smithi093[38783]: cluster
2024-01-27T23:24:12.307995+0000 mon.smithi093 (mon.0) 90 : cluster [INF] Active manager daemon smithi093.qygqpy restarted
2024-01-27T23:24:13.509 INFO:journalctl@ceph.mon.smithi093.smithi093.stdout:Jan 27 23:24:13 smithi093 ceph-fe97b4b0-bd6a-11ee-95b2-87774f69a715-mon.smithi093[38783]: cluster
2024-01-27T23:24:12.308507+0000 mon.smithi093 (mon.0) 91 : cluster [INF] Activating manager daemon smithi093.qygqpy
2024-01-27T23:24:13.509 INFO:journalctl@ceph.mon.smithi093.smithi093.stdout:Jan 27 23:24:13 smithi093 ceph-fe97b4b0-bd6a-11ee-95b2-87774f69a715-mon.smithi093[38783]: cluster
2024-01-27T23:24:12.310182+0000 mon.smithi093 (mon.0) 92 : cluster [DBG] osdmap e4: 0 total, 0 up, 0 in
2024-01-27T23:24:13.510 INFO:journalctl@ceph.mon.smithi093.smithi093.stdout:Jan 27 23:24:13 smithi093 ceph-fe97b4b0-bd6a-11ee-95b2-87774f69a715-mon.smithi093[38783]: cluster
2024-01-27T23:24:12.361162+0000 mon.smithi093 (mon.0) 93 : cluster [DBG] mgrmap e13: smithi093.qygqpy(active, starting, since 0.0527747s)
2024-01-27T23:24:13.510 INFO:journalctl@ceph.mon.smithi093.smithi093.stdout:Jan 27 23:24:13 smithi093 ceph-fe97b4b0-bd6a-11ee-95b2-87774f69a715-mon.smithi093[38783]: audit
2024-01-27T23:24:12.361897+0000 mon.smithi093 (mon.0) 94 : audit [DBG] from='mgr.14162 172.21.15.93:0/3639197043' entity='mgr.smithi093.qygqpy' cmd=[{"prefix": "mon metadata", "id": "smithi093"}]: dispatch
2024-01-27T23:24:13.510 INFO:journalctl@ceph.mon.smithi093.smithi093.stdout:Jan 27 23:24:13 smithi093 ceph-fe97b4b0-bd6a-11ee-95b2-87774f69a715-mon.smithi093[38783]: audit
2024-01-27T23:24:12.362492+0000 mon.smithi093 (mon.0) 95 : audit [DBG] from='mgr.14162 172.21.15.93:0/3639197043' entity='mgr.smithi093.qygqpy' cmd=[{"prefix": "mgr metadata", "who": "smithi093.qygqpy", "id": "smithi093.qygqpy"}]: dispatch
2024-01-27T23:24:13.510 INFO:journalctl@ceph.mon.smithi093.smithi093.stdout:Jan 27 23:24:13 smithi093 ceph-fe97b4b0-bd6a-11ee-95b2-87774f69a715-mon.smithi093[38783]: audit
2024-01-27T23:24:12.363183+0000 mon.smithi093 (mon.0) 96 : audit [DBG] from='mgr.14162 172.21.15.93:0/3639197043' entity='mgr.smithi093.qygqpy' cmd=[{"prefix": "mds metadata"}]: dispatch
2024-01-27T23:24:13.510 INFO:journalctl@ceph.mon.smithi093.smithi093.stdout:Jan 27 23:24:13 smithi093 ceph-fe97b4b0-bd6a-11ee-95b2-87774f69a715-mon.smithi093[38783]: audit
2024-01-27T23:24:12.363412+0000 mon.smithi093 (mon.0) 97 : audit [DBG] from='mgr.14162 172.21.15.93:0/3639197043' entity='mgr.smithi093.qygqpy' cmd=[{"prefix": "osd metadata"}]: dispatch
2024-01-27T23:24:13.510 INFO:journalctl@ceph.mon.smithi093.smithi093.stdout:Jan 27 23:24:13 smithi093 ceph-fe97b4b0-bd6a-11ee-95b2-87774f69a715-mon.smithi093[38783]: audit
2024-01-27T23:24:12.363626+0000 mon.smithi093 (mon.0) 98 : audit [DBG] from='mgr.14162 172.21.15.93:0/3639197043' entity='mgr.smithi093.qygqpy' cmd=[{"prefix": "mon metadata"}]: dispatch
2024-01-27T23:24:13.510 INFO:journalctl@ceph.mon.smithi093.smithi093.stdout:Jan 27 23:24:13 smithi093 ceph-fe97b4b0-bd6a-11ee-95b2-87774f69a715-mon.smithi093[38783]: cluster
2024-01-27T23:24:12.376643+0000 mon.smithi093 (mon.0) 99 : cluster [INF] Manager daemon smithi093.qygqpy is now available
2024-01-27T23:24:13.510 INFO:journalctl@ceph.mon.smithi093.smithi093.stdout:Jan 27 23:24:13 smithi093 ceph-fe97b4b0-bd6a-11ee-95b2-87774f69a715-mon.smithi093[38783]: audit
2024-01-27T23:24:12.479009+0000 mon.smithi093 (mon.0) 100 : audit [DBG] from='mgr.14162 172.21.15.93:0/3639197043' entity='mgr.smithi093.qygqpy' cmd=[{"prefix": "config dump", "format": "json"}]: dispatch
2024-01-27T23:24:13.510 INFO:journalctl@ceph.mon.smithi093.smithi093.stdout:Jan 27 23:24:13 smithi093 ceph-fe97b4b0-bd6a-11ee-95b2-87774f69a715-mon.smithi093[38783]: audit
2024-01-27T23:24:12.480447+0000 mon.smithi093 (mon.0) 101 : audit [DBG] from='mgr.14162 172.21.15.93:0/3639197043' entity='mgr.smithi093.qygqpy' cmd=[{"prefix": "config dump", "format": "json"}]: dispatch
2024-01-27T23:24:13.510 INFO:journalctl@ceph.mon.smithi093.smithi093.stdout:Jan 27 23:24:13 smithi093 ceph-fe97b4b0-bd6a-11ee-95b2-87774f69a715-mon.smithi093[38783]: audit
2024-01-27T23:24:12.502682+0000 mon.smithi093 (mon.0) 102 : audit [INF] from='mgr.14162 172.21.15.93:0/3639197043' entity='mgr.smithi093.qygqpy' cmd=[{"prefix":"config rm","who":"mgr","name":"mgr/rbd_support/smithi093.qygqpy/mirror_snapshot_schedule"}]: dispatch
2024-01-27T23:24:13.510 INFO:journalctl@ceph.mon.smithi093.smithi093.stdout:Jan 27 23:24:13 smithi093 ceph-fe97b4b0-bd6a-11ee-95b2-87774f69a715-mon.smithi093[38783]: audit
2024-01-27T23:24:12.506260+0000 mon.smithi093 (mon.0) 103 : audit [INF] from='mgr.14162 172.21.15.93:0/3639197043' entity='mgr.smithi093.qygqpy' cmd=[{"prefix":"config rm","who":"mgr","name":"mgr/rbd_support/smithi093.qygqpy/trash_purge_schedule"}]: dispatch
2024-01-27T23:24:13.702 INFO:teuthology.orchestra.run.smithi093.stderr:mgr epoch 12 is available
2024-01-27T23:24:13.703 INFO:teuthology.orchestra.run.smithi093.stderr:Generating a dashboard self-signed certificate...
2024-01-27T23:24:13.703 INFO:teuthology.orchestra.run.smithi093.stderr:Running command: /bin/podman run --rm --ipc=host --no-hosts --net=host --entrypoint /usr/bin/ceph --init -e CONTAINER_IMAGE=docker.io/ceph/ceph:v16.2.4 -e NODE_NAME=smithi093 -e CEPH_USE_RANDOM_NONCE=1 -v /var/log/ceph/fe97b4b0-bd6a-11ee-95b2-87774f69a715:/var/log/ceph:z -v /tmp/ceph-tmpu7nnpd0g:/etc/ceph/ceph.client.admin.keyring:z -v /tmp/ceph-tmp1t1v7r8i:/etc/ceph/ceph.conf:z docker.io/ceph/ceph:v16.2.4 dashboard create-self-signed-cert
2024-01-27T23:24:14.049 INFO:teuthology.orchestra.run.smithi093.stderr:/usr/bin/ceph:
2024-01-27T23:24:14.057+0000 7fd30d6e3700 1 Processor -- start
2024-01-27T23:24:14.049 INFO:teuthology.orchestra.run.smithi093.stderr:/usr/bin/ceph:
2024-01-27T23:24:14.057+0000 7fd30d6e3700 1 -- start start
2024-01-27T23:24:14.049 INFO:teuthology.orchestra.run.smithi093.stderr:/usr/bin/ceph:
2024-01-27T23:24:14.057+0000 7fd30d6e3700 1 --2- >> [v2:172.21.15.93:3300/0,v1:172.21.15.93:6789/0] conn(0x7fd308070460 0x7fd308100d30 unknown :-1 s=NONE pgs=0 cs=0 l=0 rev1=0 rx=0 tx=0).connect
2024-01-27T23:24:14.049 INFO:teuthology.orchestra.run.smithi093.stderr:/usr/bin/ceph:
2024-01-27T23:24:14.058+0000 7fd30d6e3700 1 -- --> [v2:172.21.15.93:3300/0,v1:172.21.15.93:6789/0] -- mon_getmap magic: 0 v1 -- 0x7fd3080fc720 con 0x7fd308070460
2024-01-27T23:24:14.049 INFO:teuthology.orchestra.run.smithi093.stderr:/usr/bin/ceph:
2024-01-27T23:24:14.058+0000 7fd306ffd700 1 --2- >> [v2:172.21.15.93:3300/0,v1:172.21.15.93:6789/0] conn(0x7fd308070460 0x7fd308100d30 unknown :-1 s=BANNER_CONNECTING pgs=0 cs=0 l=0 rev1=0 rx=0 tx=0)._handle_peer_banner_payload supported=1 required=0
2024-01-27T23:24:14.049 INFO:teuthology.orchestra.run.smithi093.stderr:/usr/bin/ceph:
2024-01-27T23:24:14.058+0000 7fd306ffd700 1 --2- >> [v2:172.21.15.93:3300/0,v1:172.21.15.93:6789/0] conn(0x7fd308070460 0x7fd308100d30 unknown :-1 s=HELLO_CONNECTING pgs=0 cs=0 l=0 rev1=1 rx=0 tx=0).handle_hello peer v2:172.21.15.93:3300/0 says I am v2:172.21.15.93:46988/0 (socket says 172.21.15.93:46988)
2024-01-27T23:24:14.050 INFO:teuthology.orchestra.run.smithi093.stderr:/usr/bin/ceph:
2024-01-27T23:24:14.058+0000 7fd306ffd700 1 -- 172.21.15.93:0/1963276110 learned_addr learned my addr 172.21.15.93:0/1963276110 (peer_addr_for_me v2:172.21.15.93:0/0)
2024-01-27T23:24:14.050 INFO:teuthology.orchestra.run.smithi093.stderr:/usr/bin/ceph:
2024-01-27T23:24:14.058+0000 7fd306ffd700 1 -- 172.21.15.93:0/1963276110 --> [v2:172.21.15.93:3300/0,v1:172.21.15.93:6789/0] -- mon_subscribe({config=0+,monmap=0+}) v3 -- 0x7fd308101220 con 0x7fd308070460
2024-01-27T23:24:14.050 INFO:teuthology.orchestra.run.smithi093.stderr:/usr/bin/ceph:
2024-01-27T23:24:14.059+0000 7fd306ffd700 1 --2- 172.21.15.93:0/1963276110 >> [v2:172.21.15.93:3300/0,v1:172.21.15.93:6789/0] conn(0x7fd308070460 0x7fd308100d30 secure :-1 s=READY pgs=79 cs=0 l=1 rev1=1 rx=0x7fd2f800b5f0 tx=0x7fd2f8006ee0).ready entity=mon.0 client_cookie=64905e82f21b529 server_cookie=0 in_seq=0 out_seq=0
2024-01-27T23:24:14.050 INFO:teuthology.orchestra.run.smithi093.stderr:/usr/bin/ceph:
2024-01-27T23:24:14.059+0000 7fd305ffb700 1 -- 172.21.15.93:0/1963276110 <== mon.0 v2:172.21.15.93:3300/0 1 ==== mon_map magic: 0 v1 ==== 229+0+0 (secure 0 0 0) 0x7fd2f800d600 con 0x7fd308070460
2024-01-27T23:24:14.050 INFO:teuthology.orchestra.run.smithi093.stderr:/usr/bin/ceph:
2024-01-27T23:24:14.059+0000 7fd305ffb700 1 -- 172.21.15.93:0/1963276110 <== mon.0 v2:172.21.15.93:3300/0 2 ==== config(25 keys) v1 ==== 1074+0+0 (secure 0 0 0) 0x7fd2f800dc10 con 0x7fd308070460
2024-01-27T23:24:14.050 INFO:teuthology.orchestra.run.smithi093.stderr:/usr/bin/ceph:
2024-01-27T23:24:14.059+0000 7fd305ffb700 1 -- 172.21.15.93:0/1963276110 <== mon.0 v2:172.21.15.93:3300/0 3 ==== mon_map magic: 0 v1 ==== 229+0+0 (secure 0 0 0) 0x7fd2f8011cd0 con 0x7fd308070460
2024-01-27T23:24:14.050 INFO:teuthology.orchestra.run.smithi093.stderr:/usr/bin/ceph:
2024-01-27T23:24:14.059+0000 7fd30d6e3700 1 -- 172.21.15.93:0/1963276110 >> [v2:172.21.15.93:3300/0,v1:172.21.15.93:6789/0] conn(0x7fd308070460 msgr2=0x7fd308100d30 secure :-1 s=STATE_CONNECTION_ESTABLISHED l=1).mark_down
2024-01-27T23:24:14.050 INFO:teuthology.orchestra.run.smithi093.stderr:/usr/bin/ceph:
2024-01-27T23:24:14.059+0000 7fd30d6e3700 1 --2- 172.21.15.93:0/1963276110 >> [v2:172.21.15.93:3300/0,v1:172.21.15.93:6789/0] conn(0x7fd308070460 0x7fd308100d30 secure :-1 s=READY pgs=79 cs=0 l=1 rev1=1 rx=0x7fd2f800b5f0 tx=0x7fd2f8006ee0).stop
2024-01-27T23:24:14.050 INFO:teuthology.orchestra.run.smithi093.stderr:/usr/bin/ceph:
2024-01-27T23:24:14.059+0000 7fd30d6e3700 1 -- 172.21.15.93:0/1963276110 shutdown_connections
2024-01-27T23:24:14.050 INFO:teuthology.orchestra.run.smithi093.stderr:/usr/bin/ceph:
2024-01-27T23:24:14.059+0000 7fd30d6e3700 1 --2- 172.21.15.93:0/1963276110 >> [v2:172.21.15.93:3300/0,v1:172.21.15.93:6789/0] conn(0x7fd308070460 0x7fd308100d30 unknown :-1 s=CLOSED pgs=79 cs=0 l=1 rev1=1 rx=0 tx=0).stop
2024-01-27T23:24:14.050 INFO:teuthology.orchestra.run.smithi093.stderr:/usr/bin/ceph:
2024-01-27T23:24:14.059+0000 7fd30d6e3700 1 -- 172.21.15.93:0/1963276110 >> 172.21.15.93:0/1963276110 conn(0x7fd3080f63b0 msgr2=0x7fd3080f87d0 unknown :-1 s=STATE_NONE l=0).mark_down
2024-01-27T23:24:14.050 INFO:teuthology.orchestra.run.smithi093.stderr:/usr/bin/ceph:
2024-01-27T23:24:14.059+0000 7fd30d6e3700 1 -- 172.21.15.93:0/1963276110 shutdown_connections
2024-01-27T23:24:14.050 INFO:teuthology.orchestra.run.smithi093.stderr:/usr/bin/ceph:
2024-01-27T23:24:14.059+0000 7fd30d6e3700 1 -- 172.21.15.93:0/1963276110 wait complete.
2024-01-27T23:24:14.052 INFO:teuthology.orchestra.run.smithi093.stderr:/usr/bin/ceph:
2024-01-27T23:24:14.060+0000 7fd30d6e3700 1 Processor -- start
2024-01-27T23:24:14.052 INFO:teuthology.orchestra.run.smithi093.stderr:/usr/bin/ceph:
2024-01-27T23:24:14.060+0000 7fd30d6e3700 1 -- start start
2024-01-27T23:24:14.052 INFO:teuthology.orchestra.run.smithi093.stderr:/usr/bin/ceph:
2024-01-27T23:24:14.060+0000 7fd30d6e3700 1 --2- >> [v2:172.21.15.93:3300/0,v1:172.21.15.93:6789/0] conn(0x7fd308070460 0x7fd30810cce0 unknown :-1 s=NONE pgs=0 cs=0 l=1 rev1=0 rx=0 tx=0).connect
2024-01-27T23:24:14.052 INFO:teuthology.orchestra.run.smithi093.stderr:/usr/bin/ceph:
2024-01-27T23:24:14.060+0000 7fd30d6e3700 1 -- --> [v2:172.21.15.93:3300/0,v1:172.21.15.93:6789/0] -- mon_getmap magic: 0 v1 -- 0x7fd30810d1d0 con 0x7fd308070460
2024-01-27T23:24:14.052 INFO:teuthology.orchestra.run.smithi093.stderr:/usr/bin/ceph:
2024-01-27T23:24:14.061+0000 7fd306ffd700 1 --2- >> [v2:172.21.15.93:3300/0,v1:172.21.15.93:6789/0] conn(0x7fd308070460 0x7fd30810cce0 unknown :-1 s=BANNER_CONNECTING pgs=0 cs=0 l=1 rev1=0 rx=0 tx=0)._handle_peer_banner_payload supported=1 required=0
2024-01-27T23:24:14.052 INFO:teuthology.orchestra.run.smithi093.stderr:/usr/bin/ceph:
2024-01-27T23:24:14.061+0000 7fd306ffd700 1 --2- >> [v2:172.21.15.93:3300/0,v1:172.21.15.93:6789/0] conn(0x7fd308070460 0x7fd30810cce0 unknown :-1 s=HELLO_CONNECTING pgs=0 cs=0 l=1 rev1=1 rx=0 tx=0).handle_hello peer v2:172.21.15.93:3300/0 says I am v2:172.21.15.93:46996/0 (socket says 172.21.15.93:46996)
2024-01-27T23:24:14.052 INFO:teuthology.orchestra.run.smithi093.stderr:/usr/bin/ceph:
2024-01-27T23:24:14.061+0000 7fd306ffd700 1 -- 172.21.15.93:0/832247689 learned_addr learned my addr 172.21.15.93:0/832247689 (peer_addr_for_me v2:172.21.15.93:0/0)
2024-01-27T23:24:14.052 INFO:teuthology.orchestra.run.smithi093.stderr:/usr/bin/ceph:
2024-01-27T23:24:14.061+0000 7fd306ffd700 1 -- 172.21.15.93:0/832247689 --> [v2:172.21.15.93:3300/0,v1:172.21.15.93:6789/0] -- mon_subscribe({config=0+,monmap=0+}) v3 -- 0x7fd2f800b200 con 0x7fd308070460
2024-01-27T23:24:14.052 INFO:teuthology.orchestra.run.smithi093.stderr:/usr/bin/ceph:
2024-01-27T23:24:14.061+0000 7fd306ffd700 1 --2- 172.21.15.93:0/832247689 >> [v2:172.21.15.93:3300/0,v1:172.21.15.93:6789/0] conn(0x7fd308070460 0x7fd30810cce0 secure :-1 s=READY pgs=80 cs=0 l=1 rev1=1 rx=0x7fd2f8006a40 tx=0x7fd2f8006ee0).ready entity=mon.0 client_cookie=0 server_cookie=0 in_seq=0 out_seq=0
2024-01-27T23:24:14.052 INFO:teuthology.orchestra.run.smithi093.stderr:/usr/bin/ceph:
2024-01-27T23:24:14.061+0000 7fd2ff7fe700 1 -- 172.21.15.93:0/832247689 <== mon.0 v2:172.21.15.93:3300/0 1 ==== mon_map magic: 0 v1 ==== 229+0+0 (secure 0 0 0) 0x7fd2f8011c90 con 0x7fd308070460
2024-01-27T23:24:14.053 INFO:teuthology.orchestra.run.smithi093.stderr:/usr/bin/ceph:
2024-01-27T23:24:14.061+0000 7fd30d6e3700 1 -- 172.21.15.93:0/832247689 --> [v2:172.21.15.93:3300/0,v1:172.21.15.93:6789/0] -- mon_subscribe({mgrmap=0+}) v3 -- 0x7fd30810d3d0 con 0x7fd308070460
2024-01-27T23:24:14.053 INFO:teuthology.orchestra.run.smithi093.stderr:/usr/bin/ceph:
2024-01-27T23:24:14.061+0000 7fd2ff7fe700 1 -- 172.21.15.93:0/832247689 <== mon.0 v2:172.21.15.93:3300/0 2 ==== config(25 keys) v1 ==== 1074+0+0 (secure 0 0 0) 0x7fd2f801b8c0 con 0x7fd308070460
2024-01-27T23:24:14.053 INFO:teuthology.orchestra.run.smithi093.stderr:/usr/bin/ceph:
2024-01-27T23:24:14.061+0000 7fd2ff7fe700 1 -- 172.21.15.93:0/832247689 <== mon.0 v2:172.21.15.93:3300/0 3 ==== mon_map magic: 0 v1 ==== 229+0+0 (secure 0 0 0) 0x7fd2f801a8c0 con 0x7fd308070460
2024-01-27T23:24:14.053 INFO:teuthology.orchestra.run.smithi093.stderr:/usr/bin/ceph:
2024-01-27T23:24:14.061+0000 7fd30d6e3700 1 -- 172.21.15.93:0/832247689 --> [v2:172.21.15.93:3300/0,v1:172.21.15.93:6789/0] -- mon_subscribe({osdmap=0}) v3 -- 0x7fd30810d7e0 con 0x7fd308070460
2024-01-27T23:24:14.053 INFO:teuthology.orchestra.run.smithi093.stderr:/usr/bin/ceph:
2024-01-27T23:24:14.062+0000 7fd2ff7fe700 1 -- 172.21.15.93:0/832247689 <== mon.0 v2:172.21.15.93:3300/0 4 ==== mgrmap(e 14) v1 ==== 36067+0+0 (secure 0 0 0) 0x7fd2f800f070 con 0x7fd308070460
2024-01-27T23:24:14.053 INFO:teuthology.orchestra.run.smithi093.stderr:/usr/bin/ceph:
2024-01-27T23:24:14.062+0000 7fd2ff7fe700 1 --2- 172.21.15.93:0/832247689 >> [v2:172.21.15.93:6800/2314242804,v1:172.21.15.93:6801/2314242804] conn(0x7fd2e802fd70 0x7fd2e8032230 unknown :-1 s=NONE pgs=0 cs=0 l=1 rev1=0 rx=0 tx=0).connect
2024-01-27T23:24:14.053 INFO:teuthology.orchestra.run.smithi093.stderr:/usr/bin/ceph:
2024-01-27T23:24:14.062+0000 7fd30d6e3700 1 -- 172.21.15.93:0/832247689 --> [v2:172.21.15.93:3300/0,v1:172.21.15.93:6789/0] -- mon_command({"prefix": "get_command_descriptions"} v 0) v1 -- 0x7fd308045ad0 con 0x7fd308070460
2024-01-27T23:24:14.053 INFO:teuthology.orchestra.run.smithi093.stderr:/usr/bin/ceph:
2024-01-27T23:24:14.062+0000 7fd2ff7fe700 1 -- 172.21.15.93:0/832247689 <== mon.0 v2:172.21.15.93:3300/0 5 ==== osd_map(4..4 src has 1..4) v4 ==== 1270+0+0 (secure 0 0 0) 0x7fd2f8040a10 con 0x7fd308070460
2024-01-27T23:24:14.053 INFO:teuthology.orchestra.run.smithi093.stderr:/usr/bin/ceph:
2024-01-27T23:24:14.062+0000 7fd3067fc700 1 --2- 172.21.15.93:0/832247689 >> [v2:172.21.15.93:6800/2314242804,v1:172.21.15.93:6801/2314242804] conn(0x7fd2e802fd70 0x7fd2e8032230 unknown :-1 s=BANNER_CONNECTING pgs=0 cs=0 l=1 rev1=0 rx=0 tx=0)._handle_peer_banner_payload supported=1 required=0
2024-01-27T23:24:14.053 INFO:teuthology.orchestra.run.smithi093.stderr:/usr/bin/ceph:
2024-01-27T23:24:14.063+0000 7fd3067fc700 1 --2- 172.21.15.93:0/832247689 >> [v2:172.21.15.93:6800/2314242804,v1:172.21.15.93:6801/2314242804] conn(0x7fd2e802fd70 0x7fd2e8032230 secure :-1 s=READY pgs=6 cs=0 l=1 rev1=1 rx=0x7fd2f00096a0 tx=0x7fd2f0006b40).ready entity=mgr.14162 client_cookie=0 server_cookie=0 in_seq=0 out_seq=0
2024-01-27T23:24:14.058 INFO:teuthology.orchestra.run.smithi093.stderr:/usr/bin/ceph:
2024-01-27T23:24:14.069+0000 7fd2ff7fe700 1 -- 172.21.15.93:0/832247689 <== mon.0 v2:172.21.15.93:3300/0 6 ==== mon_command_ack([{"prefix": "get_command_descriptions"}]=0 v0) v1 ==== 72+0+152212 (secure 0 0 0) 0x7fd2f801b410 con 0x7fd308070460
2024-01-27T23:24:14.219 INFO:teuthology.orchestra.run.smithi093.stderr:/usr/bin/ceph:
2024-01-27T23:24:14.230+0000 7fd30d6e3700 1 -- 172.21.15.93:0/832247689 --> [v2:172.21.15.93:6800/2314242804,v1:172.21.15.93:6801/2314242804] -- mgr_command(tid 0: {"prefix": "dashboard create-self-signed-cert", "target": ["mon-mgr", ""]}) v1 -- 0x7fd30810df10 con 0x7fd2e802fd70
2024-01-27T23:24:14.308 INFO:teuthology.orchestra.run.smithi093.stderr:/usr/bin/ceph:
2024-01-27T23:24:14.318+0000 7fd2ff7fe700 1 -- 172.21.15.93:0/832247689 <== mgr.14162 v2:172.21.15.93:6800/2314242804 1 ==== mgr_command_reply(tid 0: 0 ) v1 ==== 8+0+32 (secure 0 0 0) 0x7fd30810df10 con 0x7fd2e802fd70
2024-01-27T23:24:14.308 INFO:teuthology.orchestra.run.smithi093.stderr:/usr/bin/ceph: Self-signed certificate created
2024-01-27T23:24:14.310 INFO:teuthology.orchestra.run.smithi093.stderr:/usr/bin/ceph:
2024-01-27T23:24:14.320+0000 7fd30d6e3700 1 -- 172.21.15.93:0/832247689 >> [v2:172.21.15.93:6800/2314242804,v1:172.21.15.93:6801/2314242804] conn(0x7fd2e802fd70 msgr2=0x7fd2e8032230 secure :-1 s=STATE_CONNECTION_ESTABLISHED l=1).mark_down
2024-01-27T23:24:14.310 INFO:teuthology.orchestra.run.smithi093.stderr:/usr/bin/ceph:
2024-01-27T23:24:14.320+0000 7fd30d6e3700 1 --2- 172.21.15.93:0/832247689 >> [v2:172.21.15.93:6800/2314242804,v1:172.21.15.93:6801/2314242804] conn(0x7fd2e802fd70 0x7fd2e8032230 secure :-1 s=READY pgs=6 cs=0 l=1 rev1=1 rx=0x7fd2f00096a0 tx=0x7fd2f0006b40).stop
2024-01-27T23:24:14.310 INFO:teuthology.orchestra.run.smithi093.stderr:/usr/bin/ceph:
2024-01-27T23:24:14.320+0000 7fd30d6e3700 1 -- 172.21.15.93:0/832247689 >> [v2:172.21.15.93:3300/0,v1:172.21.15.93:6789/0] conn(0x7fd308070460 msgr2=0x7fd30810cce0 secure :-1 s=STATE_CONNECTION_ESTABLISHED l=1).mark_down
2024-01-27T23:24:14.310 INFO:teuthology.orchestra.run.smithi093.stderr:/usr/bin/ceph:
2024-01-27T23:24:14.320+0000 7fd30d6e3700 1 --2- 172.21.15.93:0/832247689 >> [v2:172.21.15.93:3300/0,v1:172.21.15.93:6789/0] conn(0x7fd308070460 0x7fd30810cce0 secure :-1 s=READY pgs=80 cs=0 l=1 rev1=1 rx=0x7fd2f8006a40 tx=0x7fd2f8006ee0).stop
2024-01-27T23:24:14.310 INFO:teuthology.orchestra.run.smithi093.stderr:/usr/bin/ceph:
2024-01-27T23:24:14.320+0000 7fd30d6e3700 1 -- 172.21.15.93:0/832247689 shutdown_connections
2024-01-27T23:24:14.310 INFO:teuthology.orchestra.run.smithi093.stderr:/usr/bin/ceph:
2024-01-27T23:24:14.320+0000 7fd30d6e3700 1 --2- 172.21.15.93:0/832247689 >> [v2:172.21.15.93:6800/2314242804,v1:172.21.15.93:6801/2314242804] conn(0x7fd2e802fd70 0x7fd2e8032230 unknown :-1 s=CLOSED pgs=6 cs=0 l=1 rev1=1 rx=0 tx=0).stop
2024-01-27T23:24:14.310 INFO:teuthology.orchestra.run.smithi093.stderr:/usr/bin/ceph:
2024-01-27T23:24:14.320+0000 7fd30d6e3700 1 --2- 172.21.15.93:0/832247689 >> [v2:172.21.15.93:3300/0,v1:172.21.15.93:6789/0] conn(0x7fd308070460 0x7fd30810cce0 unknown :-1 s=CLOSED pgs=80 cs=0 l=1 rev1=1 rx=0 tx=0).stop
2024-01-27T23:24:14.310 INFO:teuthology.orchestra.run.smithi093.stderr:/usr/bin/ceph:
2024-01-27T23:24:14.320+0000 7fd30d6e3700 1 -- 172.21.15.93:0/832247689 >> 172.21.15.93:0/832247689 conn(0x7fd3080f63b0 msgr2=0x7fd3080f7e10 unknown :-1 s=STATE_NONE l=0).mark_down
2024-01-27T23:24:14.310 INFO:teuthology.orchestra.run.smithi093.stderr:/usr/bin/ceph:
2024-01-27T23:24:14.320+0000 7fd30d6e3700 1 -- 172.21.15.93:0/832247689 shutdown_connections
2024-01-27T23:24:14.311 INFO:teuthology.orchestra.run.smithi093.stderr:/usr/bin/ceph:
2024-01-27T23:24:14.320+0000 7fd30d6e3700 1 -- 172.21.15.93:0/832247689 wait complete.
2024-01-27T23:24:14.467 INFO:journalctl@ceph.mon.smithi093.smithi093.stdout:Jan 27 23:24:14 smithi093 ceph-fe97b4b0-bd6a-11ee-95b2-87774f69a715-mon.smithi093[38783]: audit
2024-01-27T23:24:13.328941+0000 mon.smithi093 (mon.0) 104 : audit [INF] from='mgr.14162 172.21.15.93:0/3639197043' entity='mgr.smithi093.qygqpy'
2024-01-27T23:24:14.467 INFO:journalctl@ceph.mon.smithi093.smithi093.stdout:Jan 27 23:24:14 smithi093 ceph-fe97b4b0-bd6a-11ee-95b2-87774f69a715-mon.smithi093[38783]: audit
2024-01-27T23:24:13.364881+0000 mgr.smithi093.qygqpy (mgr.14162) 1 : audit [DBG] from='client.14166 -' entity='client.admin' cmd=[{"prefix": "get_command_descriptions"}]: dispatch
2024-01-27T23:24:14.467 INFO:journalctl@ceph.mon.smithi093.smithi093.stdout:Jan 27 23:24:14 smithi093 ceph-fe97b4b0-bd6a-11ee-95b2-87774f69a715-mon.smithi093[38783]: cluster
2024-01-27T23:24:13.365610+0000 mon.smithi093 (mon.0) 105 : cluster [DBG] mgrmap e14: smithi093.qygqpy(active, since 1.05722s)
2024-01-27T23:24:14.467 INFO:journalctl@ceph.mon.smithi093.smithi093.stdout:Jan 27 23:24:14 smithi093 ceph-fe97b4b0-bd6a-11ee-95b2-87774f69a715-mon.smithi093[38783]: audit
2024-01-27T23:24:13.371355+0000 mgr.smithi093.qygqpy (mgr.14162) 2 : audit [DBG] from='client.14166 -' entity='client.admin' cmd=[{"prefix": "mgr_status"}]: dispatch
2024-01-27T23:24:14.468 INFO:journalctl@ceph.mon.smithi093.smithi093.stdout:Jan 27 23:24:14 smithi093 ceph-fe97b4b0-bd6a-11ee-95b2-87774f69a715-mon.smithi093[38783]: audit
2024-01-27T23:24:14.317634+0000 mon.smithi093 (mon.0) 106 : audit [INF] from='mgr.14162 172.21.15.93:0/3639197043' entity='mgr.smithi093.qygqpy'
2024-01-27T23:24:14.468 INFO:journalctl@ceph.mon.smithi093.smithi093.stdout:Jan 27 23:24:14 smithi093 ceph-fe97b4b0-bd6a-11ee-95b2-87774f69a715-mon.smithi093[38783]: audit
2024-01-27T23:24:14.319432+0000 mon.smithi093 (mon.0) 107 : audit [INF] from='mgr.14162 172.21.15.93:0/3639197043' entity='mgr.smithi093.qygqpy'
2024-01-27T23:24:14.668 INFO:teuthology.orchestra.run.smithi093.stderr:Creating initial admin user...
2024-01-27T23:24:14.669 INFO:teuthology.orchestra.run.smithi093.stderr:Running command: /bin/podman run --rm --ipc=host --no-hosts --net=host --entrypoint /usr/bin/ceph --init -e CONTAINER_IMAGE=docker.io/ceph/ceph:v16.2.4 -e NODE_NAME=smithi093 -e CEPH_USE_RANDOM_NONCE=1 -v /var/log/ceph/fe97b4b0-bd6a-11ee-95b2-87774f69a715:/var/log/ceph:z -v /tmp/ceph-tmpu7nnpd0g:/etc/ceph/ceph.client.admin.keyring:z -v /tmp/ceph-tmp1t1v7r8i:/etc/ceph/ceph.conf:z -v /tmp/ceph-tmpxmqvz3ym:/tmp/dashboard.pw:z docker.io/ceph/ceph:v16.2.4 dashboard ac-user-create admin -i /tmp/dashboard.pw administrator --force-password --pwd-update-required
2024-01-27T23:24:14.983 INFO:teuthology.orchestra.run.smithi093.stderr:/usr/bin/ceph:
2024-01-27T23:24:14.990+0000 7f16bed56700 1 Processor -- start
2024-01-27T23:24:14.983 INFO:teuthology.orchestra.run.smithi093.stderr:/usr/bin/ceph:
2024-01-27T23:24:14.991+0000 7f16bed56700 1 -- start start
2024-01-27T23:24:14.983 INFO:teuthology.orchestra.run.smithi093.stderr:/usr/bin/ceph:
2024-01-27T23:24:14.991+0000 7f16bed56700 1 --2- >> [v2:172.21.15.93:3300/0,v1:172.21.15.93:6789/0] conn(0x7f16b80703d0 0x7f16b8100b90 unknown :-1 s=NONE pgs=0 cs=0 l=0 rev1=0 rx=0 tx=0).connect
2024-01-27T23:24:14.983 INFO:teuthology.orchestra.run.smithi093.stderr:/usr/bin/ceph:
2024-01-27T23:24:14.991+0000 7f16bed56700 1 -- --> [v2:172.21.15.93:3300/0,v1:172.21.15.93:6789/0] -- mon_getmap magic: 0 v1 -- 0x7f16b80fc580 con 0x7f16b80703d0
2024-01-27T23:24:14.983 INFO:teuthology.orchestra.run.smithi093.stderr:/usr/bin/ceph:
2024-01-27T23:24:14.991+0000 7f16bdd54700 1 --2- >> [v2:172.21.15.93:3300/0,v1:172.21.15.93:6789/0] conn(0x7f16b80703d0 0x7f16b8100b90 unknown :-1 s=BANNER_CONNECTING pgs=0 cs=0 l=0 rev1=0 rx=0 tx=0)._handle_peer_banner_payload supported=1 required=0
2024-01-27T23:24:14.983 INFO:teuthology.orchestra.run.smithi093.stderr:/usr/bin/ceph:
2024-01-27T23:24:14.991+0000 7f16bdd54700 1 --2- >> [v2:172.21.15.93:3300/0,v1:172.21.15.93:6789/0] conn(0x7f16b80703d0 0x7f16b8100b90 unknown :-1 s=HELLO_CONNECTING pgs=0 cs=0 l=0 rev1=1 rx=0 tx=0).handle_hello peer v2:172.21.15.93:3300/0 says I am v2:172.21.15.93:47000/0 (socket says 172.21.15.93:47000)
2024-01-27T23:24:14.983 INFO:teuthology.orchestra.run.smithi093.stderr:/usr/bin/ceph:
2024-01-27T23:24:14.991+0000 7f16bdd54700 1 -- 172.21.15.93:0/1196823260 learned_addr learned my addr 172.21.15.93:0/1196823260 (peer_addr_for_me v2:172.21.15.93:0/0)
2024-01-27T23:24:14.983 INFO:teuthology.orchestra.run.smithi093.stderr:/usr/bin/ceph:
2024-01-27T23:24:14.991+0000 7f16bdd54700 1 -- 172.21.15.93:0/1196823260 --> [v2:172.21.15.93:3300/0,v1:172.21.15.93:6789/0] -- mon_subscribe({config=0+,monmap=0+}) v3 -- 0x7f16b8101080 con 0x7f16b80703d0
2024-01-27T23:24:14.984 INFO:teuthology.orchestra.run.smithi093.stderr:/usr/bin/ceph:
2024-01-27T23:24:14.991+0000 7f16bdd54700 1 --2- 172.21.15.93:0/1196823260 >> [v2:172.21.15.93:3300/0,v1:172.21.15.93:6789/0] conn(0x7f16b80703d0 0x7f16b8100b90 secure :-1 s=READY pgs=81 cs=0 l=1 rev1=1 rx=0x7f16ac00b5f0 tx=0x7f16ac006ee0).ready entity=mon.0 client_cookie=2c40a4b75efa343c server_cookie=0 in_seq=0 out_seq=0
2024-01-27T23:24:14.984 INFO:teuthology.orchestra.run.smithi093.stderr:/usr/bin/ceph:
2024-01-27T23:24:14.991+0000 7f16bcd52700 1 -- 172.21.15.93:0/1196823260 <== mon.0 v2:172.21.15.93:3300/0 1 ==== mon_map magic: 0 v1 ==== 229+0+0 (secure 0 0 0) 0x7f16ac00d600 con 0x7f16b80703d0
2024-01-27T23:24:14.984 INFO:teuthology.orchestra.run.smithi093.stderr:/usr/bin/ceph:
2024-01-27T23:24:14.991+0000 7f16bcd52700 1 -- 172.21.15.93:0/1196823260 <== mon.0 v2:172.21.15.93:3300/0 2 ==== config(25 keys) v1 ==== 1074+0+0 (secure 0 0 0) 0x7f16ac00dc10 con 0x7f16b80703d0
2024-01-27T23:24:14.984 INFO:teuthology.orchestra.run.smithi093.stderr:/usr/bin/ceph:
2024-01-27T23:24:14.991+0000 7f16bcd52700 1 -- 172.21.15.93:0/1196823260 <== mon.0 v2:172.21.15.93:3300/0 3 ==== mon_map magic: 0 v1 ==== 229+0+0 (secure 0 0 0) 0x7f16ac011cd0 con 0x7f16b80703d0
2024-01-27T23:24:14.984 INFO:teuthology.orchestra.run.smithi093.stderr:/usr/bin/ceph:
2024-01-27T23:24:14.992+0000 7f16bed56700 1 -- 172.21.15.93:0/1196823260 >> [v2:172.21.15.93:3300/0,v1:172.21.15.93:6789/0] conn(0x7f16b80703d0 msgr2=0x7f16b8100b90 secure :-1 s=STATE_CONNECTION_ESTABLISHED l=1).mark_down
2024-01-27T23:24:14.984 INFO:teuthology.orchestra.run.smithi093.stderr:/usr/bin/ceph:
2024-01-27T23:24:14.992+0000 7f16bed56700 1 --2- 172.21.15.93:0/1196823260 >> [v2:172.21.15.93:3300/0,v1:172.21.15.93:6789/0] conn(0x7f16b80703d0 0x7f16b8100b90 secure :-1 s=READY pgs=81 cs=0 l=1 rev1=1 rx=0x7f16ac00b5f0 tx=0x7f16ac006ee0).stop
2024-01-27T23:24:14.984 INFO:teuthology.orchestra.run.smithi093.stderr:/usr/bin/ceph:
2024-01-27T23:24:14.992+0000 7f16bed56700 1 -- 172.21.15.93:0/1196823260 shutdown_connections
2024-01-27T23:24:14.984 INFO:teuthology.orchestra.run.smithi093.stderr:/usr/bin/ceph:
2024-01-27T23:24:14.992+0000 7f16bed56700 1 --2- 172.21.15.93:0/1196823260 >> [v2:172.21.15.93:3300/0,v1:172.21.15.93:6789/0] conn(0x7f16b80703d0 0x7f16b8100b90 unknown :-1 s=CLOSED pgs=81 cs=0 l=1 rev1=1 rx=0 tx=0).stop
2024-01-27T23:24:14.984 INFO:teuthology.orchestra.run.smithi093.stderr:/usr/bin/ceph:
2024-01-27T23:24:14.992+0000 7f16bed56700 1 -- 172.21.15.93:0/1196823260 >> 172.21.15.93:0/1196823260 conn(0x7f16b80f6210 msgr2=0x7f16b80f8630 unknown :-1 s=STATE_NONE l=0).mark_down
2024-01-27T23:24:14.984 INFO:teuthology.orchestra.run.smithi093.stderr:/usr/bin/ceph:
2024-01-27T23:24:14.992+0000 7f16bed56700 1 -- 172.21.15.93:0/1196823260 shutdown_connections
2024-01-27T23:24:14.985 INFO:teuthology.orchestra.run.smithi093.stderr:/usr/bin/ceph:
2024-01-27T23:24:14.992+0000 7f16bed56700 1 -- 172.21.15.93:0/1196823260 wait complete.
2024-01-27T23:24:14.985 INFO:teuthology.orchestra.run.smithi093.stderr:/usr/bin/ceph:
2024-01-27T23:24:14.993+0000 7f16bed56700 1 Processor -- start
2024-01-27T23:24:14.985 INFO:teuthology.orchestra.run.smithi093.stderr:/usr/bin/ceph:
2024-01-27T23:24:14.993+0000 7f16bed56700 1 -- start start
2024-01-27T23:24:14.985 INFO:teuthology.orchestra.run.smithi093.stderr:/usr/bin/ceph:
2024-01-27T23:24:14.993+0000 7f16bed56700 1 --2- >> [v2:172.21.15.93:3300/0,v1:172.21.15.93:6789/0] conn(0x7f16b80703d0 0x7f16b810ca80 unknown :-1 s=NONE pgs=0 cs=0 l=1 rev1=0 rx=0 tx=0).connect
2024-01-27T23:24:14.985 INFO:teuthology.orchestra.run.smithi093.stderr:/usr/bin/ceph:
2024-01-27T23:24:14.993+0000 7f16bed56700 1 -- --> [v2:172.21.15.93:3300/0,v1:172.21.15.93:6789/0] -- mon_getmap magic: 0 v1 -- 0x7f16b810cf70 con 0x7f16b80703d0
2024-01-27T23:24:14.985 INFO:teuthology.orchestra.run.smithi093.stderr:/usr/bin/ceph:
2024-01-27T23:24:14.993+0000 7f16bdd54700 1 --2- >> [v2:172.21.15.93:3300/0,v1:172.21.15.93:6789/0] conn(0x7f16b80703d0 0x7f16b810ca80 unknown :-1 s=BANNER_CONNECTING pgs=0 cs=0 l=1 rev1=0 rx=0 tx=0)._handle_peer_banner_payload supported=1 required=0
2024-01-27T23:24:14.985 INFO:teuthology.orchestra.run.smithi093.stderr:/usr/bin/ceph:
2024-01-27T23:24:14.993+0000 7f16bdd54700 1 --2- >> [v2:172.21.15.93:3300/0,v1:172.21.15.93:6789/0] conn(0x7f16b80703d0 0x7f16b810ca80 unknown :-1 s=HELLO_CONNECTING pgs=0 cs=0 l=1 rev1=1 rx=0 tx=0).handle_hello peer v2:172.21.15.93:3300/0 says I am v2:172.21.15.93:47010/0 (socket says 172.21.15.93:47010)
2024-01-27T23:24:14.985 INFO:teuthology.orchestra.run.smithi093.stderr:/usr/bin/ceph:
2024-01-27T23:24:14.993+0000 7f16bdd54700 1 -- 172.21.15.93:0/3636919830 learned_addr learned my addr 172.21.15.93:0/3636919830 (peer_addr_for_me v2:172.21.15.93:0/0)
2024-01-27T23:24:14.986 INFO:teuthology.orchestra.run.smithi093.stderr:/usr/bin/ceph:
2024-01-27T23:24:14.993+0000 7f16bdd54700 1 -- 172.21.15.93:0/3636919830 --> [v2:172.21.15.93:3300/0,v1:172.21.15.93:6789/0] -- mon_subscribe({config=0+,monmap=0+}) v3 -- 0x7f16ac00b200 con 0x7f16b80703d0
2024-01-27T23:24:14.986 INFO:teuthology.orchestra.run.smithi093.stderr:/usr/bin/ceph:
2024-01-27T23:24:14.993+0000 7f16bdd54700 1 --2- 172.21.15.93:0/3636919830 >> [v2:172.21.15.93:3300/0,v1:172.21.15.93:6789/0] conn(0x7f16b80703d0 0x7f16b810ca80 secure :-1 s=READY pgs=82 cs=0 l=1 rev1=1 rx=0x7f16ac006a40 tx=0x7f16ac006ee0).ready entity=mon.0 client_cookie=0 server_cookie=0 in_seq=0 out_seq=0
2024-01-27T23:24:14.986 INFO:teuthology.orchestra.run.smithi093.stderr:/usr/bin/ceph:
2024-01-27T23:24:14.993+0000 7f16aa7fc700 1 -- 172.21.15.93:0/3636919830 <== mon.0 v2:172.21.15.93:3300/0 1 ==== mon_map magic: 0 v1 ==== 229+0+0 (secure 0 0 0) 0x7f16ac011c90 con 0x7f16b80703d0
2024-01-27T23:24:14.987 INFO:teuthology.orchestra.run.smithi093.stderr:/usr/bin/ceph:
2024-01-27T23:24:14.993+0000 7f16bed56700 1 -- 172.21.15.93:0/3636919830 --> [v2:172.21.15.93:3300/0,v1:172.21.15.93:6789/0] -- mon_subscribe({mgrmap=0+}) v3 -- 0x7f16b810d170 con 0x7f16b80703d0
2024-01-27T23:24:14.987 INFO:teuthology.orchestra.run.smithi093.stderr:/usr/bin/ceph:
2024-01-27T23:24:14.993+0000 7f16aa7fc700 1 -- 172.21.15.93:0/3636919830 <== mon.0 v2:172.21.15.93:3300/0 2 ==== config(25 keys) v1 ==== 1074+0+0 (secure 0 0 0) 0x7f16ac01b8c0 con 0x7f16b80703d0
2024-01-27T23:24:14.987 INFO:teuthology.orchestra.run.smithi093.stderr:/usr/bin/ceph:
2024-01-27T23:24:14.993+0000 7f16aa7fc700 1 -- 172.21.15.93:0/3636919830 <== mon.0 v2:172.21.15.93:3300/0 3 ==== mon_map magic: 0 v1 ==== 229+0+0 (secure 0 0 0) 0x7f16ac01a8c0 con 0x7f16b80703d0
2024-01-27T23:24:14.987 INFO:teuthology.orchestra.run.smithi093.stderr:/usr/bin/ceph:
2024-01-27T23:24:14.993+0000 7f16bed56700 1 -- 172.21.15.93:0/3636919830 --> [v2:172.21.15.93:3300/0,v1:172.21.15.93:6789/0] -- mon_subscribe({osdmap=0}) v3 -- 0x7f16b810d580 con 0x7f16b80703d0
2024-01-27T23:24:14.987 INFO:teuthology.orchestra.run.smithi093.stderr:/usr/bin/ceph:
2024-01-27T23:24:14.994+0000 7f16aa7fc700 1 -- 172.21.15.93:0/3636919830 <== mon.0 v2:172.21.15.93:3300/0 4 ==== mgrmap(e 15) v1 ==== 36208+0+0 (secure 0 0 0) 0x7f16ac00f070 con 0x7f16b80703d0
2024-01-27T23:24:14.987 INFO:teuthology.orchestra.run.smithi093.stderr:/usr/bin/ceph:
2024-01-27T23:24:14.994+0000 7f16aa7fc700 1 --2- 172.21.15.93:0/3636919830 >> [v2:172.21.15.93:6800/2314242804,v1:172.21.15.93:6801/2314242804] conn(0x7f16a002feb0 0x7f16a0032370 unknown :-1 s=NONE pgs=0 cs=0 l=1 rev1=0 rx=0 tx=0).connect
2024-01-27T23:24:14.987 INFO:teuthology.orchestra.run.smithi093.stderr:/usr/bin/ceph:
2024-01-27T23:24:14.994+0000 7f16aa7fc700 1 -- 172.21.15.93:0/3636919830 <== mon.0 v2:172.21.15.93:3300/0 5 ==== osd_map(4..4 src has 1..4) v4 ==== 1270+0+0 (secure 0 0 0) 0x7f16ac040af0 con 0x7f16b80703d0
2024-01-27T23:24:14.987 INFO:teuthology.orchestra.run.smithi093.stderr:/usr/bin/ceph:
2024-01-27T23:24:14.994+0000 7f16bd553700 1 --2- 172.21.15.93:0/3636919830 >> [v2:172.21.15.93:6800/2314242804,v1:172.21.15.93:6801/2314242804] conn(0x7f16a002feb0 0x7f16a0032370 unknown :-1 s=BANNER_CONNECTING pgs=0 cs=0 l=1 rev1=0 rx=0 tx=0)._handle_peer_banner_payload supported=1 required=0
2024-01-27T23:24:14.987 INFO:teuthology.orchestra.run.smithi093.stderr:/usr/bin/ceph:
2024-01-27T23:24:14.995+0000 7f16bd553700 1 --2- 172.21.15.93:0/3636919830 >> [v2:172.21.15.93:6800/2314242804,v1:172.21.15.93:6801/2314242804] conn(0x7f16a002feb0 0x7f16a0032370 secure :-1 s=READY pgs=7 cs=0 l=1 rev1=1 rx=0x7f16b40096a0 tx=0x7f16b4006b40).ready entity=mgr.14162 client_cookie=0 server_cookie=0 in_seq=0 out_seq=0
2024-01-27T23:24:14.987 INFO:teuthology.orchestra.run.smithi093.stderr:/usr/bin/ceph:
2024-01-27T23:24:14.995+0000 7f16bed56700 1 -- 172.21.15.93:0/3636919830 --> [v2:172.21.15.93:3300/0,v1:172.21.15.93:6789/0] -- mon_command({"prefix": "get_command_descriptions"} v 0) v1 -- 0x7f16b8059100 con 0x7f16b80703d0
2024-01-27T23:24:14.988 INFO:teuthology.orchestra.run.smithi093.stderr:/usr/bin/ceph:
2024-01-27T23:24:14.999+0000 7f16aa7fc700 1 -- 172.21.15.93:0/3636919830 <== mon.0 v2:172.21.15.93:3300/0 6 ==== mon_command_ack([{"prefix": "get_command_descriptions"}]=0 v0) v1 ==== 72+0+152212 (secure 0 0 0) 0x7f16ac016070 con 0x7f16b80703d0
2024-01-27T23:24:15.155 INFO:teuthology.orchestra.run.smithi093.stderr:/usr/bin/ceph:
