2024-01-27T23:23:43.153 INFO:teuthology.orchestra.run.smithi093.stderr:/usr/bin/ceph:
2024-01-27T23:23:43.162+0000 7f11ee7ca700 1 -- 172.21.15.93:0/3932306198 shutdown_connections
2024-01-27T23:23:43.153 INFO:teuthology.orchestra.run.smithi093.stderr:/usr/bin/ceph:
2024-01-27T23:23:43.162+0000 7f11ee7ca700 1 --2- 172.21.15.93:0/3932306198 >> [v2:172.21.15.93:6800/4262061933,v1:172.21.15.93:6801/4262061933] conn(0x7f11d402fdb0 0x7f11d4032270 unknown :-1 s=CLOSED pgs=8 cs=0 l=1 rev1=1 rx=0 tx=0).stop
2024-01-27T23:23:43.153 INFO:teuthology.orchestra.run.smithi093.stderr:/usr/bin/ceph:
2024-01-27T23:23:43.162+0000 7f11ee7ca700 1 --2- 172.21.15.93:0/3932306198 >> [v2:172.21.15.93:3300/0,v1:172.21.15.93:6789/0] conn(0x7f11e80fc2d0 0x7f11e810cbb0 unknown :-1 s=CLOSED pgs=34 cs=0 l=1 rev1=1 rx=0 tx=0).stop
2024-01-27T23:23:43.153 INFO:teuthology.orchestra.run.smithi093.stderr:/usr/bin/ceph:
2024-01-27T23:23:43.162+0000 7f11ee7ca700 1 -- 172.21.15.93:0/3932306198 >> 172.21.15.93:0/3932306198 conn(0x7f11e80f5b40 msgr2=0x7f11e80f75c0 unknown :-1 s=STATE_NONE l=0).mark_down
2024-01-27T23:23:43.153 INFO:teuthology.orchestra.run.smithi093.stderr:/usr/bin/ceph:
2024-01-27T23:23:43.163+0000 7f11ee7ca700 1 -- 172.21.15.93:0/3932306198 shutdown_connections
2024-01-27T23:23:43.153 INFO:teuthology.orchestra.run.smithi093.stderr:/usr/bin/ceph:
2024-01-27T23:23:43.163+0000 7f11ee7ca700 1 -- 172.21.15.93:0/3932306198 wait complete.
2024-01-27T23:23:44.497 INFO:journalctl@ceph.mon.smithi093.smithi093.stdout:Jan 27 23:23:44 smithi093 ceph-fe97b4b0-bd6a-11ee-95b2-87774f69a715-mon.smithi093[38783]: cephadm
2024-01-27T23:23:42.895740+0000 mgr.smithi093.qygqpy (mgr.14114) 6 : cephadm [INF] Generating ssh key...
2024-01-27T23:23:44.497 INFO:journalctl@ceph.mon.smithi093.smithi093.stdout:Jan 27 23:23:44 smithi093 ceph-fe97b4b0-bd6a-11ee-95b2-87774f69a715-mon.smithi093[38783]: audit
2024-01-27T23:23:43.159332+0000 mon.smithi093 (mon.0) 51 : audit [INF] from='mgr.14114 172.21.15.93:0/3561596798' entity='mgr.smithi093.qygqpy'
2024-01-27T23:23:44.497 INFO:journalctl@ceph.mon.smithi093.smithi093.stdout:Jan 27 23:23:44 smithi093 ceph-fe97b4b0-bd6a-11ee-95b2-87774f69a715-mon.smithi093[38783]: audit
2024-01-27T23:23:43.161036+0000 mon.smithi093 (mon.0) 52 : audit [INF] from='mgr.14114 172.21.15.93:0/3561596798' entity='mgr.smithi093.qygqpy'
2024-01-27T23:23:45.014 INFO:teuthology.orchestra.run.smithi093.stderr:Running command: /bin/podman run --rm --ipc=host --no-hosts --net=host --entrypoint /usr/bin/ceph --init -e CONTAINER_IMAGE=docker.io/ceph/ceph:v16.2.4 -e NODE_NAME=smithi093 -e CEPH_USE_RANDOM_NONCE=1 -v /var/log/ceph/fe97b4b0-bd6a-11ee-95b2-87774f69a715:/var/log/ceph:z -v /tmp/ceph-tmpu7nnpd0g:/etc/ceph/ceph.client.admin.keyring:z -v /tmp/ceph-tmp1t1v7r8i:/etc/ceph/ceph.conf:z docker.io/ceph/ceph:v16.2.4 cephadm get-pub-key
2024-01-27T23:23:46.491 INFO:teuthology.orchestra.run.smithi093.stderr:/usr/bin/ceph:
2024-01-27T23:23:46.335+0000 7f089ed92700 1 Processor -- start
2024-01-27T23:23:46.491 INFO:teuthology.orchestra.run.smithi093.stderr:/usr/bin/ceph:
2024-01-27T23:23:46.335+0000 7f089ed92700 1 -- start start
2024-01-27T23:23:46.491 INFO:teuthology.orchestra.run.smithi093.stderr:/usr/bin/ceph:
2024-01-27T23:23:46.335+0000 7f089ed92700 1 --2- >> [v2:172.21.15.93:3300/0,v1:172.21.15.93:6789/0] conn(0x7f0898070410 0x7f08980fe900 unknown :-1 s=NONE pgs=0 cs=0 l=0 rev1=0 rx=0 tx=0).connect
2024-01-27T23:23:46.491 INFO:teuthology.orchestra.run.smithi093.stderr:/usr/bin/ceph:
2024-01-27T23:23:46.335+0000 7f089ed92700 1 -- --> [v2:172.21.15.93:3300/0,v1:172.21.15.93:6789/0] -- mon_getmap magic: 0 v1 -- 0x7f08980fedf0 con 0x7f0898070410
2024-01-27T23:23:46.491 INFO:teuthology.orchestra.run.smithi093.stderr:/usr/bin/ceph:
2024-01-27T23:23:46.335+0000 7f089cb2e700 1 --2- >> [v2:172.21.15.93:3300/0,v1:172.21.15.93:6789/0] conn(0x7f0898070410 0x7f08980fe900 unknown :-1 s=BANNER_CONNECTING pgs=0 cs=0 l=0 rev1=0 rx=0 tx=0)._handle_peer_banner_payload supported=1 required=0
2024-01-27T23:23:46.491 INFO:teuthology.orchestra.run.smithi093.stderr:/usr/bin/ceph:
2024-01-27T23:23:46.335+0000 7f089cb2e700 1 --2- >> [v2:172.21.15.93:3300/0,v1:172.21.15.93:6789/0] conn(0x7f0898070410 0x7f08980fe900 unknown :-1 s=HELLO_CONNECTING pgs=0 cs=0 l=0 rev1=1 rx=0 tx=0).handle_hello peer v2:172.21.15.93:3300/0 says I am v2:172.21.15.93:50724/0 (socket says 172.21.15.93:50724)
2024-01-27T23:23:46.491 INFO:teuthology.orchestra.run.smithi093.stderr:/usr/bin/ceph:
2024-01-27T23:23:46.335+0000 7f089cb2e700 1 -- 172.21.15.93:0/2067994443 learned_addr learned my addr 172.21.15.93:0/2067994443 (peer_addr_for_me v2:172.21.15.93:0/0)
2024-01-27T23:23:46.491 INFO:teuthology.orchestra.run.smithi093.stderr:/usr/bin/ceph:
2024-01-27T23:23:46.335+0000 7f089cb2e700 1 -- 172.21.15.93:0/2067994443 --> [v2:172.21.15.93:3300/0,v1:172.21.15.93:6789/0] -- mon_subscribe({config=0+,monmap=0+}) v3 -- 0x7f08980fef30 con 0x7f0898070410
2024-01-27T23:23:46.491 INFO:teuthology.orchestra.run.smithi093.stderr:/usr/bin/ceph:
2024-01-27T23:23:46.336+0000 7f089cb2e700 1 --2- 172.21.15.93:0/2067994443 >> [v2:172.21.15.93:3300/0,v1:172.21.15.93:6789/0] conn(0x7f0898070410 0x7f08980fe900 secure :-1 s=READY pgs=35 cs=0 l=1 rev1=1 rx=0x7f088c00b5f0 tx=0x7f088c006ee0).ready entity=mon.0 client_cookie=e8d52238de22d071 server_cookie=0 in_seq=0 out_seq=0
2024-01-27T23:23:46.491 INFO:teuthology.orchestra.run.smithi093.stderr:/usr/bin/ceph:
2024-01-27T23:23:46.336+0000 7f08977fe700 1 -- 172.21.15.93:0/2067994443 <== mon.0 v2:172.21.15.93:3300/0 1 ==== mon_map magic: 0 v1 ==== 229+0+0 (secure 0 0 0) 0x7f088c00d600 con 0x7f0898070410
2024-01-27T23:23:46.491 INFO:teuthology.orchestra.run.smithi093.stderr:/usr/bin/ceph:
2024-01-27T23:23:46.336+0000 7f08977fe700 1 -- 172.21.15.93:0/2067994443 <== mon.0 v2:172.21.15.93:3300/0 2 ==== config(25 keys) v1 ==== 1010+0+0 (secure 0 0 0) 0x7f088c00dbd0 con 0x7f0898070410
2024-01-27T23:23:46.492 INFO:teuthology.orchestra.run.smithi093.stderr:/usr/bin/ceph:
2024-01-27T23:23:46.336+0000 7f08977fe700 1 -- 172.21.15.93:0/2067994443 <== mon.0 v2:172.21.15.93:3300/0 3 ==== mon_map magic: 0 v1 ==== 229+0+0 (secure 0 0 0) 0x7f088c011c00 con 0x7f0898070410
2024-01-27T23:23:46.492 INFO:teuthology.orchestra.run.smithi093.stderr:/usr/bin/ceph:
2024-01-27T23:23:46.336+0000 7f089ed92700 1 -- 172.21.15.93:0/2067994443 >> [v2:172.21.15.93:3300/0,v1:172.21.15.93:6789/0] conn(0x7f0898070410 msgr2=0x7f08980fe900 secure :-1 s=STATE_CONNECTION_ESTABLISHED l=1).mark_down
2024-01-27T23:23:46.492 INFO:teuthology.orchestra.run.smithi093.stderr:/usr/bin/ceph:
2024-01-27T23:23:46.336+0000 7f089ed92700 1 --2- 172.21.15.93:0/2067994443 >> [v2:172.21.15.93:3300/0,v1:172.21.15.93:6789/0] conn(0x7f0898070410 0x7f08980fe900 secure :-1 s=READY pgs=35 cs=0 l=1 rev1=1 rx=0x7f088c00b5f0 tx=0x7f088c006ee0).stop
2024-01-27T23:23:46.492 INFO:teuthology.orchestra.run.smithi093.stderr:/usr/bin/ceph:
2024-01-27T23:23:46.336+0000 7f089ed92700 1 -- 172.21.15.93:0/2067994443 shutdown_connections
2024-01-27T23:23:46.492 INFO:teuthology.orchestra.run.smithi093.stderr:/usr/bin/ceph:
2024-01-27T23:23:46.336+0000 7f089ed92700 1 --2- 172.21.15.93:0/2067994443 >> [v2:172.21.15.93:3300/0,v1:172.21.15.93:6789/0] conn(0x7f0898070410 0x7f08980fe900 unknown :-1 s=CLOSED pgs=35 cs=0 l=1 rev1=1 rx=0 tx=0).stop
2024-01-27T23:23:46.492 INFO:teuthology.orchestra.run.smithi093.stderr:/usr/bin/ceph:
2024-01-27T23:23:46.336+0000 7f089ed92700 1 -- 172.21.15.93:0/2067994443 >> 172.21.15.93:0/2067994443 conn(0x7f08980f63c0 msgr2=0x7f08980f87e0 unknown :-1 s=STATE_NONE l=0).mark_down
2024-01-27T23:23:46.492 INFO:teuthology.orchestra.run.smithi093.stderr:/usr/bin/ceph:
2024-01-27T23:23:46.336+0000 7f089ed92700 1 -- 172.21.15.93:0/2067994443 shutdown_connections
2024-01-27T23:23:46.492 INFO:teuthology.orchestra.run.smithi093.stderr:/usr/bin/ceph:
2024-01-27T23:23:46.336+0000 7f089ed92700 1 -- 172.21.15.93:0/2067994443 wait complete.
2024-01-27T23:23:46.492 INFO:teuthology.orchestra.run.smithi093.stderr:/usr/bin/ceph:
2024-01-27T23:23:46.337+0000 7f089ed92700 1 Processor -- start
2024-01-27T23:23:46.492 INFO:teuthology.orchestra.run.smithi093.stderr:/usr/bin/ceph:
2024-01-27T23:23:46.337+0000 7f089ed92700 1 -- start start
2024-01-27T23:23:46.492 INFO:teuthology.orchestra.run.smithi093.stderr:/usr/bin/ceph:
2024-01-27T23:23:46.337+0000 7f089ed92700 1 --2- >> [v2:172.21.15.93:3300/0,v1:172.21.15.93:6789/0] conn(0x7f0898070410 0x7f089810aa50 unknown :-1 s=NONE pgs=0 cs=0 l=1 rev1=0 rx=0 tx=0).connect
2024-01-27T23:23:46.492 INFO:teuthology.orchestra.run.smithi093.stderr:/usr/bin/ceph:
2024-01-27T23:23:46.337+0000 7f089ed92700 1 -- --> [v2:172.21.15.93:3300/0,v1:172.21.15.93:6789/0] -- mon_getmap magic: 0 v1 -- 0x7f089810af40 con 0x7f0898070410
2024-01-27T23:23:46.492 INFO:teuthology.orchestra.run.smithi093.stderr:/usr/bin/ceph:
2024-01-27T23:23:46.338+0000 7f089cb2e700 1 --2- >> [v2:172.21.15.93:3300/0,v1:172.21.15.93:6789/0] conn(0x7f0898070410 0x7f089810aa50 unknown :-1 s=BANNER_CONNECTING pgs=0 cs=0 l=1 rev1=0 rx=0 tx=0)._handle_peer_banner_payload supported=1 required=0
2024-01-27T23:23:46.493 INFO:teuthology.orchestra.run.smithi093.stderr:/usr/bin/ceph:
2024-01-27T23:23:46.338+0000 7f089cb2e700 1 --2- >> [v2:172.21.15.93:3300/0,v1:172.21.15.93:6789/0] conn(0x7f0898070410 0x7f089810aa50 unknown :-1 s=HELLO_CONNECTING pgs=0 cs=0 l=1 rev1=1 rx=0 tx=0).handle_hello peer v2:172.21.15.93:3300/0 says I am v2:172.21.15.93:50736/0 (socket says 172.21.15.93:50736)
2024-01-27T23:23:46.493 INFO:teuthology.orchestra.run.smithi093.stderr:/usr/bin/ceph:
2024-01-27T23:23:46.338+0000 7f089cb2e700 1 -- 172.21.15.93:0/142750637 learned_addr learned my addr 172.21.15.93:0/142750637 (peer_addr_for_me v2:172.21.15.93:0/0)
2024-01-27T23:23:46.493 INFO:teuthology.orchestra.run.smithi093.stderr:/usr/bin/ceph:
2024-01-27T23:23:46.338+0000 7f089cb2e700 1 -- 172.21.15.93:0/142750637 --> [v2:172.21.15.93:3300/0,v1:172.21.15.93:6789/0] -- mon_subscribe({config=0+,monmap=0+}) v3 -- 0x7f088c00b200 con 0x7f0898070410
2024-01-27T23:23:46.493 INFO:teuthology.orchestra.run.smithi093.stderr:/usr/bin/ceph:
2024-01-27T23:23:46.338+0000 7f089cb2e700 1 --2- 172.21.15.93:0/142750637 >> [v2:172.21.15.93:3300/0,v1:172.21.15.93:6789/0] conn(0x7f0898070410 0x7f089810aa50 secure :-1 s=READY pgs=36 cs=0 l=1 rev1=1 rx=0x7f088c00e040 tx=0x7f088c006ee0).ready entity=mon.0 client_cookie=0 server_cookie=0 in_seq=0 out_seq=0
2024-01-27T23:23:46.493 INFO:teuthology.orchestra.run.smithi093.stderr:/usr/bin/ceph:
2024-01-27T23:23:46.338+0000 7f08957fa700 1 -- 172.21.15.93:0/142750637 <== mon.0 v2:172.21.15.93:3300/0 1 ==== mon_map magic: 0 v1 ==== 229+0+0 (secure 0 0 0) 0x7f088c00d9f0 con 0x7f0898070410
2024-01-27T23:23:46.493 INFO:teuthology.orchestra.run.smithi093.stderr:/usr/bin/ceph:
2024-01-27T23:23:46.338+0000 7f08957fa700 1 -- 172.21.15.93:0/142750637 <== mon.0 v2:172.21.15.93:3300/0 2 ==== config(25 keys) v1 ==== 1010+0+0 (secure 0 0 0) 0x7f088c01a9f0 con 0x7f0898070410
2024-01-27T23:23:46.493 INFO:teuthology.orchestra.run.smithi093.stderr:/usr/bin/ceph:
2024-01-27T23:23:46.338+0000 7f08957fa700 1 -- 172.21.15.93:0/142750637 <== mon.0 v2:172.21.15.93:3300/0 3 ==== mon_map magic: 0 v1 ==== 229+0+0 (secure 0 0 0) 0x7f088c01b8c0 con 0x7f0898070410
2024-01-27T23:23:46.493 INFO:teuthology.orchestra.run.smithi093.stderr:/usr/bin/ceph:
2024-01-27T23:23:46.338+0000 7f089ed92700 1 -- 172.21.15.93:0/142750637 --> [v2:172.21.15.93:3300/0,v1:172.21.15.93:6789/0] -- mon_subscribe({mgrmap=0+}) v3 -- 0x7f089810b140 con 0x7f0898070410
2024-01-27T23:23:46.493 INFO:teuthology.orchestra.run.smithi093.stderr:/usr/bin/ceph:
2024-01-27T23:23:46.338+0000 7f089ed92700 1 -- 172.21.15.93:0/142750637 --> [v2:172.21.15.93:3300/0,v1:172.21.15.93:6789/0] -- mon_subscribe({osdmap=0}) v3 -- 0x7f089810b550 con 0x7f0898070410
2024-01-27T23:23:46.493 INFO:teuthology.orchestra.run.smithi093.stderr:/usr/bin/ceph:
2024-01-27T23:23:46.339+0000 7f08957fa700 1 -- 172.21.15.93:0/142750637 <== mon.0 v2:172.21.15.93:3300/0 4 ==== mgrmap(e 7) v1 ==== 36120+0+0 (secure 0 0 0) 0x7f088c00f070 con 0x7f0898070410
2024-01-27T23:23:46.493 INFO:teuthology.orchestra.run.smithi093.stderr:/usr/bin/ceph:
2024-01-27T23:23:46.339+0000 7f08957fa700 1 --2- 172.21.15.93:0/142750637 >> [v2:172.21.15.93:6800/4262061933,v1:172.21.15.93:6801/4262061933] conn(0x7f087c02fd50 0x7f087c032210 unknown :-1 s=NONE pgs=0 cs=0 l=1 rev1=0 rx=0 tx=0).connect
2024-01-27T23:23:46.493 INFO:teuthology.orchestra.run.smithi093.stderr:/usr/bin/ceph:
2024-01-27T23:23:46.339+0000 7f08957fa700 1 -- 172.21.15.93:0/142750637 <== mon.0 v2:172.21.15.93:3300/0 5 ==== osd_map(2..2 src has 1..2) v4 ==== 926+0+0 (secure 0 0 0) 0x7f088c0413f0 con 0x7f0898070410
2024-01-27T23:23:46.493 INFO:teuthology.orchestra.run.smithi093.stderr:/usr/bin/ceph:
2024-01-27T23:23:46.339+0000 7f089ed92700 1 -- 172.21.15.93:0/142750637 --> [v2:172.21.15.93:3300/0,v1:172.21.15.93:6789/0] -- mon_command({"prefix": "get_command_descriptions"} v 0) v1 -- 0x7f0898045ad0 con 0x7f0898070410
2024-01-27T23:23:46.493 INFO:teuthology.orchestra.run.smithi093.stderr:/usr/bin/ceph:
2024-01-27T23:23:46.339+0000 7f0897fff700 1 --2- 172.21.15.93:0/142750637 >> [v2:172.21.15.93:6800/4262061933,v1:172.21.15.93:6801/4262061933] conn(0x7f087c02fd50 0x7f087c032210 unknown :-1 s=BANNER_CONNECTING pgs=0 cs=0 l=1 rev1=0 rx=0 tx=0)._handle_peer_banner_payload supported=1 required=0
2024-01-27T23:23:46.493 INFO:teuthology.orchestra.run.smithi093.stderr:/usr/bin/ceph:
2024-01-27T23:23:46.339+0000 7f0897fff700 1 --2- 172.21.15.93:0/142750637 >> [v2:172.21.15.93:6800/4262061933,v1:172.21.15.93:6801/4262061933] conn(0x7f087c02fd50 0x7f087c032210 secure :-1 s=READY pgs=9 cs=0 l=1 rev1=1 rx=0x7f08840096a0 tx=0x7f0884006b40).ready entity=mgr.14114 client_cookie=0 server_cookie=0 in_seq=0 out_seq=0
2024-01-27T23:23:46.494 INFO:teuthology.orchestra.run.smithi093.stderr:/usr/bin/ceph:
2024-01-27T23:23:46.343+0000 7f08957fa700 1 -- 172.21.15.93:0/142750637 <== mon.0 v2:172.21.15.93:3300/0 6 ==== mon_command_ack([{"prefix": "get_command_descriptions"}]=0 v0) v1 ==== 72+0+152212 (secure 0 0 0) 0x7f088c016070 con 0x7f0898070410
2024-01-27T23:23:46.494 INFO:teuthology.orchestra.run.smithi093.stderr:/usr/bin/ceph:
2024-01-27T23:23:46.493+0000 7f089ed92700 1 -- 172.21.15.93:0/142750637 --> [v2:172.21.15.93:6800/4262061933,v1:172.21.15.93:6801/4262061933] -- mgr_command(tid 0: {"prefix": "cephadm get-pub-key", "target": ["mon-mgr", ""]}) v1 -- 0x7f0898104930 con 0x7f087c02fd50
2024-01-27T23:23:46.494 INFO:teuthology.orchestra.run.smithi093.stderr:/usr/bin/ceph:
2024-01-27T23:23:46.493+0000 7f08957fa700 1 -- 172.21.15.93:0/142750637 <== mgr.14114 v2:172.21.15.93:6800/4262061933 1 ==== mgr_command_reply(tid 0: 0 ) v1 ==== 8+0+595 (secure 0 0 0) 0x7f0898104930 con 0x7f087c02fd50
2024-01-27T23:23:46.494 INFO:teuthology.orchestra.run.smithi093.stderr:/usr/bin/ceph:
2024-01-27T23:23:46.495+0000 7f089ed92700 1 -- 172.21.15.93:0/142750637 >> [v2:172.21.15.93:6800/4262061933,v1:172.21.15.93:6801/4262061933] conn(0x7f087c02fd50 msgr2=0x7f087c032210 secure :-1 s=STATE_CONNECTION_ESTABLISHED l=1).mark_down
2024-01-27T23:23:46.494 INFO:teuthology.orchestra.run.smithi093.stderr:/usr/bin/ceph:
2024-01-27T23:23:46.495+0000 7f089ed92700 1 --2- 172.21.15.93:0/142750637 >> [v2:172.21.15.93:6800/4262061933,v1:172.21.15.93:6801/4262061933] conn(0x7f087c02fd50 0x7f087c032210 secure :-1 s=READY pgs=9 cs=0 l=1 rev1=1 rx=0x7f08840096a0 tx=0x7f0884006b40).stop
2024-01-27T23:23:46.494 INFO:teuthology.orchestra.run.smithi093.stderr:/usr/bin/ceph:
2024-01-27T23:23:46.495+0000 7f089ed92700 1 -- 172.21.15.93:0/142750637 >> [v2:172.21.15.93:3300/0,v1:172.21.15.93:6789/0] conn(0x7f0898070410 msgr2=0x7f089810aa50 secure :-1 s=STATE_CONNECTION_ESTABLISHED l=1).mark_down
2024-01-27T23:23:46.494 INFO:teuthology.orchestra.run.smithi093.stderr:/usr/bin/ceph:
2024-01-27T23:23:46.495+0000 7f089ed92700 1 --2- 172.21.15.93:0/142750637 >> [v2:172.21.15.93:3300/0,v1:172.21.15.93:6789/0] conn(0x7f0898070410 0x7f089810aa50 secure :-1 s=READY pgs=36 cs=0 l=1 rev1=1 rx=0x7f088c00e040 tx=0x7f088c006ee0).stop
2024-01-27T23:23:46.494 INFO:teuthology.orchestra.run.smithi093.stderr:/usr/bin/ceph:
2024-01-27T23:23:46.495+0000 7f089ed92700 1 -- 172.21.15.93:0/142750637 shutdown_connections
2024-01-27T23:23:46.494 INFO:teuthology.orchestra.run.smithi093.stderr:/usr/bin/ceph:
2024-01-27T23:23:46.495+0000 7f089ed92700 1 --2- 172.21.15.93:0/142750637 >> [v2:172.21.15.93:6800/4262061933,v1:172.21.15.93:6801/4262061933] conn(0x7f087c02fd50 0x7f087c032210 unknown :-1 s=CLOSED pgs=9 cs=0 l=1 rev1=1 rx=0 tx=0).stop
2024-01-27T23:23:46.494 INFO:teuthology.orchestra.run.smithi093.stderr:/usr/bin/ceph:
2024-01-27T23:23:46.495+0000 7f089ed92700 1 --2- 172.21.15.93:0/142750637 >> [v2:172.21.15.93:3300/0,v1:172.21.15.93:6789/0] conn(0x7f0898070410 0x7f089810aa50 unknown :-1 s=CLOSED pgs=36 cs=0 l=1 rev1=1 rx=0 tx=0).stop
2024-01-27T23:23:46.494 INFO:teuthology.orchestra.run.smithi093.stderr:/usr/bin/ceph:
2024-01-27T23:23:46.495+0000 7f089ed92700 1 -- 172.21.15.93:0/142750637 >> 172.21.15.93:0/142750637 conn(0x7f08980f63c0 msgr2=0x7f08980f7ed0 unknown :-1 s=STATE_NONE l=0).mark_down
2024-01-27T23:23:46.494 INFO:teuthology.orchestra.run.smithi093.stderr:/usr/bin/ceph:
2024-01-27T23:23:46.495+0000 7f089ed92700 1 -- 172.21.15.93:0/142750637 shutdown_connections
2024-01-27T23:23:46.494 INFO:teuthology.orchestra.run.smithi093.stderr:/usr/bin/ceph:
2024-01-27T23:23:46.495+0000 7f089ed92700 1 -- 172.21.15.93:0/142750637 wait complete.
2024-01-27T23:23:46.494 INFO:teuthology.orchestra.run.smithi093.stderr:/usr/bin/ceph: ssh-rsa AAAAB3NzaC1yc2EAAAADAQABAAABgQDRDyr11iCYZng3WjIrIDC4dZcuCBulwrh4BxIBOa+RE+jh7YGB6QUfYL08Tl/H4j4V3FD+47lLgaKIT19/BYjwfXa+3Davzn/05Fk0JG3MQaLNmTiePRfL8imQt+Typ09MFA9egrx+r62SBIQHWG7WOgeWe2PTGTJAY5BTHbt27xW8+aA1EWtUaz3RNzf9FXUIOTIFSxQvkITLYD6ELYKZ0JF063NYNXhcP1XqQLI5eBGV2hUtsNQx2aLtVNERbKLN7BvbDoXnRAxDv5Ro1xYdscx61XAgPVQnqKAsvHTm2r/fQrXij4NdvwnaNLc7l2RIopo1jXreB4EjVNCF2Z/Xw4u4WcOnkaog2DQz5sNu2udxwAOF81f19mrlJueTRTRm0Xp6Slx8Lz9xT52MeDXjG/BSk4BGAvJtB/ynd/sbN5BDZu28s9zDextoxT3mKueonDQZWi7a83YNmS+i3O/yc5AgpU9mFX8gOoqOyL8A1WQE1E7NNJ59c7/kkBzHz2s= ceph-fe97b4b0-bd6a-11ee-95b2-87774f69a715
2024-01-27T23:23:47.610 INFO:journalctl@ceph.mon.smithi093.smithi093.stdout:Jan 27 23:23:47 smithi093 ceph-fe97b4b0-bd6a-11ee-95b2-87774f69a715-mon.smithi093[38783]: audit
2024-01-27T23:23:46.494915+0000 mgr.smithi093.qygqpy (mgr.14114) 7 : audit [DBG] from='client.14130 -' entity='client.admin' cmd=[{"prefix": "cephadm get-pub-key", "target": ["mon-mgr", ""]}]: dispatch
2024-01-27T23:23:48.739 INFO:teuthology.orchestra.run.smithi093.stderr:Wrote public SSH key to /home/ubuntu/cephtest/ceph.pub
2024-01-27T23:23:48.739 INFO:teuthology.orchestra.run.smithi093.stderr:Adding key to root@localhost authorized_keys...
2024-01-27T23:23:48.740 INFO:teuthology.orchestra.run.smithi093.stderr:Adding host smithi093...
2024-01-27T23:23:48.740 INFO:teuthology.orchestra.run.smithi093.stderr:Running command: /bin/podman run --rm --ipc=host --no-hosts --net=host --entrypoint /usr/bin/ceph --init -e CONTAINER_IMAGE=docker.io/ceph/ceph:v16.2.4 -e NODE_NAME=smithi093 -e CEPH_USE_RANDOM_NONCE=1 -v /var/log/ceph/fe97b4b0-bd6a-11ee-95b2-87774f69a715:/var/log/ceph:z -v /tmp/ceph-tmpu7nnpd0g:/etc/ceph/ceph.client.admin.keyring:z -v /tmp/ceph-tmp1t1v7r8i:/etc/ceph/ceph.conf:z docker.io/ceph/ceph:v16.2.4 orch host add smithi093 172.21.15.93
2024-01-27T23:23:50.235 INFO:teuthology.orchestra.run.smithi093.stderr:/usr/bin/ceph:
2024-01-27T23:23:50.128+0000 7fb0d28e2700 1 Processor -- start
2024-01-27T23:23:50.236 INFO:teuthology.orchestra.run.smithi093.stderr:/usr/bin/ceph:
2024-01-27T23:23:50.128+0000 7fb0d28e2700 1 -- start start
2024-01-27T23:23:50.236 INFO:teuthology.orchestra.run.smithi093.stderr:/usr/bin/ceph:
2024-01-27T23:23:50.128+0000 7fb0d28e2700 1 --2- >> [v2:172.21.15.93:3300/0,v1:172.21.15.93:6789/0] conn(0x7fb0cc0fab80 0x7fb0cc0fafa0 unknown :-1 s=NONE pgs=0 cs=0 l=0 rev1=0 rx=0 tx=0).connect
2024-01-27T23:23:50.236 INFO:teuthology.orchestra.run.smithi093.stderr:/usr/bin/ceph:
2024-01-27T23:23:50.128+0000 7fb0d28e2700 1 -- --> [v2:172.21.15.93:3300/0,v1:172.21.15.93:6789/0] -- mon_getmap magic: 0 v1 -- 0x7fb0cc0fb490 con 0x7fb0cc0fab80
2024-01-27T23:23:50.236 INFO:teuthology.orchestra.run.smithi093.stderr:/usr/bin/ceph:
2024-01-27T23:23:50.129+0000 7fb0cbfff700 1 --2- >> [v2:172.21.15.93:3300/0,v1:172.21.15.93:6789/0] conn(0x7fb0cc0fab80 0x7fb0cc0fafa0 unknown :-1 s=BANNER_CONNECTING pgs=0 cs=0 l=0 rev1=0 rx=0 tx=0)._handle_peer_banner_payload supported=1 required=0
2024-01-27T23:23:50.236 INFO:teuthology.orchestra.run.smithi093.stderr:/usr/bin/ceph:
2024-01-27T23:23:50.129+0000 7fb0cbfff700 1 --2- >> [v2:172.21.15.93:3300/0,v1:172.21.15.93:6789/0] conn(0x7fb0cc0fab80 0x7fb0cc0fafa0 unknown :-1 s=HELLO_CONNECTING pgs=0 cs=0 l=0 rev1=1 rx=0 tx=0).handle_hello peer v2:172.21.15.93:3300/0 says I am v2:172.21.15.93:46628/0 (socket says 172.21.15.93:46628)
2024-01-27T23:23:50.236 INFO:teuthology.orchestra.run.smithi093.stderr:/usr/bin/ceph:
2024-01-27T23:23:50.129+0000 7fb0cbfff700 1 -- 172.21.15.93:0/149572793 learned_addr learned my addr 172.21.15.93:0/149572793 (peer_addr_for_me v2:172.21.15.93:0/0)
2024-01-27T23:23:50.236 INFO:teuthology.orchestra.run.smithi093.stderr:/usr/bin/ceph:
2024-01-27T23:23:50.129+0000 7fb0cbfff700 1 -- 172.21.15.93:0/149572793 --> [v2:172.21.15.93:3300/0,v1:172.21.15.93:6789/0] -- mon_subscribe({config=0+,monmap=0+}) v3 -- 0x7fb0cc0fb5d0 con 0x7fb0cc0fab80
2024-01-27T23:23:50.236 INFO:teuthology.orchestra.run.smithi093.stderr:/usr/bin/ceph:
2024-01-27T23:23:50.129+0000 7fb0cbfff700 1 --2- 172.21.15.93:0/149572793 >> [v2:172.21.15.93:3300/0,v1:172.21.15.93:6789/0] conn(0x7fb0cc0fab80 0x7fb0cc0fafa0 secure :-1 s=READY pgs=37 cs=0 l=1 rev1=1 rx=0x7fb0c000b5f0 tx=0x7fb0c0006ee0).ready entity=mon.0 client_cookie=1aff51bff4a33ed8 server_cookie=0 in_seq=0 out_seq=0
2024-01-27T23:23:50.240 INFO:teuthology.orchestra.run.smithi093.stderr:/usr/bin/ceph:
2024-01-27T23:23:50.129+0000 7fb0caffd700 1 -- 172.21.15.93:0/149572793 <== mon.0 v2:172.21.15.93:3300/0 1 ==== mon_map magic: 0 v1 ==== 229+0+0 (secure 0 0 0) 0x7fb0c000d600 con 0x7fb0cc0fab80
2024-01-27T23:23:50.240 INFO:teuthology.orchestra.run.smithi093.stderr:/usr/bin/ceph:
2024-01-27T23:23:50.129+0000 7fb0caffd700 1 -- 172.21.15.93:0/149572793 <== mon.0 v2:172.21.15.93:3300/0 2 ==== config(25 keys) v1 ==== 1010+0+0 (secure 0 0 0) 0x7fb0c000dbd0 con 0x7fb0cc0fab80
2024-01-27T23:23:50.240 INFO:teuthology.orchestra.run.smithi093.stderr:/usr/bin/ceph:
2024-01-27T23:23:50.129+0000 7fb0caffd700 1 -- 172.21.15.93:0/149572793 <== mon.0 v2:172.21.15.93:3300/0 3 ==== mon_map magic: 0 v1 ==== 229+0+0 (secure 0 0 0) 0x7fb0c0011c00 con 0x7fb0cc0fab80
2024-01-27T23:23:50.240 INFO:teuthology.orchestra.run.smithi093.stderr:/usr/bin/ceph:
2024-01-27T23:23:50.130+0000 7fb0d28e2700 1 -- 172.21.15.93:0/149572793 >> [v2:172.21.15.93:3300/0,v1:172.21.15.93:6789/0] conn(0x7fb0cc0fab80 msgr2=0x7fb0cc0fafa0 secure :-1 s=STATE_CONNECTION_ESTABLISHED l=1).mark_down
2024-01-27T23:23:50.240 INFO:teuthology.orchestra.run.smithi093.stderr:/usr/bin/ceph:
2024-01-27T23:23:50.130+0000 7fb0d28e2700 1 --2- 172.21.15.93:0/149572793 >> [v2:172.21.15.93:3300/0,v1:172.21.15.93:6789/0] conn(0x7fb0cc0fab80 0x7fb0cc0fafa0 secure :-1 s=READY pgs=37 cs=0 l=1 rev1=1 rx=0x7fb0c000b5f0 tx=0x7fb0c0006ee0).stop
2024-01-27T23:23:50.240 INFO:teuthology.orchestra.run.smithi093.stderr:/usr/bin/ceph:
2024-01-27T23:23:50.130+0000 7fb0d28e2700 1 -- 172.21.15.93:0/149572793 shutdown_connections
2024-01-27T23:23:50.241 INFO:teuthology.orchestra.run.smithi093.stderr:/usr/bin/ceph:
2024-01-27T23:23:50.130+0000 7fb0d28e2700 1 --2- 172.21.15.93:0/149572793 >> [v2:172.21.15.93:3300/0,v1:172.21.15.93:6789/0] conn(0x7fb0cc0fab80 0x7fb0cc0fafa0 unknown :-1 s=CLOSED pgs=37 cs=0 l=1 rev1=1 rx=0 tx=0).stop
2024-01-27T23:23:50.241 INFO:teuthology.orchestra.run.smithi093.stderr:/usr/bin/ceph:
2024-01-27T23:23:50.130+0000 7fb0d28e2700 1 -- 172.21.15.93:0/149572793 >> 172.21.15.93:0/149572793 conn(0x7fb0cc0f63c0 msgr2=0x7fb0cc0f87e0 unknown :-1 s=STATE_NONE l=0).mark_down
2024-01-27T23:23:50.241 INFO:teuthology.orchestra.run.smithi093.stderr:/usr/bin/ceph:
2024-01-27T23:23:50.130+0000 7fb0d28e2700 1 -- 172.21.15.93:0/149572793 shutdown_connections
2024-01-27T23:23:50.241 INFO:teuthology.orchestra.run.smithi093.stderr:/usr/bin/ceph:
2024-01-27T23:23:50.130+0000 7fb0d28e2700 1 -- 172.21.15.93:0/149572793 wait complete.
2024-01-27T23:23:50.241 INFO:teuthology.orchestra.run.smithi093.stderr:/usr/bin/ceph:
2024-01-27T23:23:50.130+0000 7fb0d28e2700 1 Processor -- start
2024-01-27T23:23:50.241 INFO:teuthology.orchestra.run.smithi093.stderr:/usr/bin/ceph:
2024-01-27T23:23:50.131+0000 7fb0d28e2700 1 -- start start
2024-01-27T23:23:50.241 INFO:teuthology.orchestra.run.smithi093.stderr:/usr/bin/ceph:
2024-01-27T23:23:50.131+0000 7fb0d28e2700 1 --2- >> [v2:172.21.15.93:3300/0,v1:172.21.15.93:6789/0] conn(0x7fb0cc0fab80 0x7fb0cc10aa20 unknown :-1 s=NONE pgs=0 cs=0 l=1 rev1=0 rx=0 tx=0).connect
2024-01-27T23:23:50.241 INFO:teuthology.orchestra.run.smithi093.stderr:/usr/bin/ceph:
2024-01-27T23:23:50.131+0000 7fb0d28e2700 1 -- --> [v2:172.21.15.93:3300/0,v1:172.21.15.93:6789/0] -- mon_getmap magic: 0 v1 -- 0x7fb0cc10af10 con 0x7fb0cc0fab80
2024-01-27T23:23:50.241 INFO:teuthology.orchestra.run.smithi093.stderr:/usr/bin/ceph:
2024-01-27T23:23:50.131+0000 7fb0cbfff700 1 --2- >> [v2:172.21.15.93:3300/0,v1:172.21.15.93:6789/0] conn(0x7fb0cc0fab80 0x7fb0cc10aa20 unknown :-1 s=BANNER_CONNECTING pgs=0 cs=0 l=1 rev1=0 rx=0 tx=0)._handle_peer_banner_payload supported=1 required=0
2024-01-27T23:23:50.241 INFO:teuthology.orchestra.run.smithi093.stderr:/usr/bin/ceph:
2024-01-27T23:23:50.131+0000 7fb0cbfff700 1 --2- >> [v2:172.21.15.93:3300/0,v1:172.21.15.93:6789/0] conn(0x7fb0cc0fab80 0x7fb0cc10aa20 unknown :-1 s=HELLO_CONNECTING pgs=0 cs=0 l=1 rev1=1 rx=0 tx=0).handle_hello peer v2:172.21.15.93:3300/0 says I am v2:172.21.15.93:46642/0 (socket says 172.21.15.93:46642)
2024-01-27T23:23:50.241 INFO:teuthology.orchestra.run.smithi093.stderr:/usr/bin/ceph:
2024-01-27T23:23:50.131+0000 7fb0cbfff700 1 -- 172.21.15.93:0/1960102991 learned_addr learned my addr 172.21.15.93:0/1960102991 (peer_addr_for_me v2:172.21.15.93:0/0)
2024-01-27T23:23:50.241 INFO:teuthology.orchestra.run.smithi093.stderr:/usr/bin/ceph:
2024-01-27T23:23:50.131+0000 7fb0cbfff700 1 -- 172.21.15.93:0/1960102991 --> [v2:172.21.15.93:3300/0,v1:172.21.15.93:6789/0] -- mon_subscribe({config=0+,monmap=0+}) v3 -- 0x7fb0c000b200 con 0x7fb0cc0fab80
2024-01-27T23:23:50.241 INFO:teuthology.orchestra.run.smithi093.stderr:/usr/bin/ceph:
2024-01-27T23:23:50.131+0000 7fb0cbfff700 1 --2- 172.21.15.93:0/1960102991 >> [v2:172.21.15.93:3300/0,v1:172.21.15.93:6789/0] conn(0x7fb0cc0fab80 0x7fb0cc10aa20 secure :-1 s=READY pgs=38 cs=0 l=1 rev1=1 rx=0x7fb0c000e040 tx=0x7fb0c0006ee0).ready entity=mon.0 client_cookie=0 server_cookie=0 in_seq=0 out_seq=0
2024-01-27T23:23:50.241 INFO:teuthology.orchestra.run.smithi093.stderr:/usr/bin/ceph:
2024-01-27T23:23:50.131+0000 7fb0c8ff9700 1 -- 172.21.15.93:0/1960102991 <== mon.0 v2:172.21.15.93:3300/0 1 ==== mon_map magic: 0 v1 ==== 229+0+0 (secure 0 0 0) 0x7fb0c001b410 con 0x7fb0cc0fab80
2024-01-27T23:23:50.241 INFO:teuthology.orchestra.run.smithi093.stderr:/usr/bin/ceph:
2024-01-27T23:23:50.131+0000 7fb0d28e2700 1 -- 172.21.15.93:0/1960102991 --> [v2:172.21.15.93:3300/0,v1:172.21.15.93:6789/0] -- mon_subscribe({mgrmap=0+}) v3 -- 0x7fb0cc10b110 con 0x7fb0cc0fab80
2024-01-27T23:23:50.242 INFO:teuthology.orchestra.run.smithi093.stderr:/usr/bin/ceph:
2024-01-27T23:23:50.131+0000 7fb0c8ff9700 1 -- 172.21.15.93:0/1960102991 <== mon.0 v2:172.21.15.93:3300/0 2 ==== config(25 keys) v1 ==== 1010+0+0 (secure 0 0 0) 0x7fb0c001b9e0 con 0x7fb0cc0fab80
2024-01-27T23:23:50.242 INFO:teuthology.orchestra.run.smithi093.stderr:/usr/bin/ceph:
2024-01-27T23:23:50.131+0000 7fb0c8ff9700 1 -- 172.21.15.93:0/1960102991 <== mon.0 v2:172.21.15.93:3300/0 3 ==== mon_map magic: 0 v1 ==== 229+0+0 (secure 0 0 0) 0x7fb0c001a820 con 0x7fb0cc0fab80
2024-01-27T23:23:50.242 INFO:teuthology.orchestra.run.smithi093.stderr:/usr/bin/ceph:
2024-01-27T23:23:50.131+0000 7fb0d28e2700 1 -- 172.21.15.93:0/1960102991 --> [v2:172.21.15.93:3300/0,v1:172.21.15.93:6789/0] -- mon_subscribe({osdmap=0}) v3 -- 0x7fb0cc10b520 con 0x7fb0cc0fab80
2024-01-27T23:23:50.242 INFO:teuthology.orchestra.run.smithi093.stderr:/usr/bin/ceph:
2024-01-27T23:23:50.132+0000 7fb0c8ff9700 1 -- 172.21.15.93:0/1960102991 <== mon.0 v2:172.21.15.93:3300/0 4 ==== mgrmap(e 7) v1 ==== 36120+0+0 (secure 0 0 0) 0x7fb0c000f070 con 0x7fb0cc0fab80
2024-01-27T23:23:50.242 INFO:teuthology.orchestra.run.smithi093.stderr:/usr/bin/ceph:
2024-01-27T23:23:50.132+0000 7fb0c8ff9700 1 --2- 172.21.15.93:0/1960102991 >> [v2:172.21.15.93:6800/4262061933,v1:172.21.15.93:6801/4262061933] conn(0x7fb0b802fd50 0x7fb0b8032210 unknown :-1 s=NONE pgs=0 cs=0 l=1 rev1=0 rx=0 tx=0).connect
2024-01-27T23:23:50.242 INFO:teuthology.orchestra.run.smithi093.stderr:/usr/bin/ceph:
2024-01-27T23:23:50.132+0000 7fb0c8ff9700 1 -- 172.21.15.93:0/1960102991 <== mon.0 v2:172.21.15.93:3300/0 5 ==== osd_map(2..2 src has 1..2) v4 ==== 926+0+0 (secure 0 0 0) 0x7fb0c0041410 con 0x7fb0cc0fab80
2024-01-27T23:23:50.242 INFO:teuthology.orchestra.run.smithi093.stderr:/usr/bin/ceph:
2024-01-27T23:23:50.132+0000 7fb0d28e2700 1 -- 172.21.15.93:0/1960102991 --> [v2:172.21.15.93:3300/0,v1:172.21.15.93:6789/0] -- mon_command({"prefix": "get_command_descriptions"} v 0) v1 -- 0x7fb0cc045ad0 con 0x7fb0cc0fab80
2024-01-27T23:23:50.242 INFO:teuthology.orchestra.run.smithi093.stderr:/usr/bin/ceph:
2024-01-27T23:23:50.132+0000 7fb0cb7fe700 1 --2- 172.21.15.93:0/1960102991 >> [v2:172.21.15.93:6800/4262061933,v1:172.21.15.93:6801/4262061933] conn(0x7fb0b802fd50 0x7fb0b8032210 unknown :-1 s=BANNER_CONNECTING pgs=0 cs=0 l=1 rev1=0 rx=0 tx=0)._handle_peer_banner_payload supported=1 required=0
2024-01-27T23:23:50.242 INFO:teuthology.orchestra.run.smithi093.stderr:/usr/bin/ceph:
2024-01-27T23:23:50.133+0000 7fb0cb7fe700 1 --2- 172.21.15.93:0/1960102991 >> [v2:172.21.15.93:6800/4262061933,v1:172.21.15.93:6801/4262061933] conn(0x7fb0b802fd50 0x7fb0b8032210 secure :-1 s=READY pgs=10 cs=0 l=1 rev1=1 rx=0x7fb0bc0096a0 tx=0x7fb0bc006b40).ready entity=mgr.14114 client_cookie=0 server_cookie=0 in_seq=0 out_seq=0
2024-01-27T23:23:50.242 INFO:teuthology.orchestra.run.smithi093.stderr:/usr/bin/ceph:
2024-01-27T23:23:50.137+0000 7fb0c8ff9700 1 -- 172.21.15.93:0/1960102991 <== mon.0 v2:172.21.15.93:3300/0 6 ==== mon_command_ack([{"prefix": "get_command_descriptions"}]=0 v0) v1 ==== 72+0+152212 (secure 0 0 0) 0x7fb0c0016070 con 0x7fb0cc0fab80
2024-01-27T23:23:50.299 INFO:teuthology.orchestra.run.smithi093.stderr:/usr/bin/ceph:
2024-01-27T23:23:50.310+0000 7fb0d28e2700 1 -- 172.21.15.93:0/1960102991 --> [v2:172.21.15.93:6800/4262061933,v1:172.21.15.93:6801/4262061933] -- mgr_command(tid 0: {"prefix": "orch host add", "hostname": "smithi093", "addr": "172.21.15.93", "target": ["mon-mgr", ""]}) v1 -- 0x7fb0cc1049a0 con 0x7fb0b802fd50
2024-01-27T23:23:50.891 INFO:teuthology.orchestra.run.smithi093.stderr:/usr/bin/ceph: Added host 'smithi093'
2024-01-27T23:23:50.891 INFO:teuthology.orchestra.run.smithi093.stderr:/usr/bin/ceph:
2024-01-27T23:23:50.901+0000 7fb0c8ff9700 1 -- 172.21.15.93:0/1960102991 <== mgr.14114 v2:172.21.15.93:6800/4262061933 1 ==== mgr_command_reply(tid 0: 0 ) v1 ==== 8+0+23 (secure 0 0 0) 0x7fb0cc1049a0 con 0x7fb0b802fd50
2024-01-27T23:23:50.893 INFO:teuthology.orchestra.run.smithi093.stderr:/usr/bin/ceph:
2024-01-27T23:23:50.903+0000 7fb0d28e2700 1 -- 172.21.15.93:0/1960102991 >> [v2:172.21.15.93:6800/4262061933,v1:172.21.15.93:6801/4262061933] conn(0x7fb0b802fd50 msgr2=0x7fb0b8032210 secure :-1 s=STATE_CONNECTION_ESTABLISHED l=1).mark_down
2024-01-27T23:23:50.893 INFO:teuthology.orchestra.run.smithi093.stderr:/usr/bin/ceph:
2024-01-27T23:23:50.903+0000 7fb0d28e2700 1 --2- 172.21.15.93:0/1960102991 >> [v2:172.21.15.93:6800/4262061933,v1:172.21.15.93:6801/4262061933] conn(0x7fb0b802fd50 0x7fb0b8032210 secure :-1 s=READY pgs=10 cs=0 l=1 rev1=1 rx=0x7fb0bc0096a0 tx=0x7fb0bc006b40).stop
2024-01-27T23:23:50.893 INFO:teuthology.orchestra.run.smithi093.stderr:/usr/bin/ceph:
2024-01-27T23:23:50.903+0000 7fb0d28e2700 1 -- 172.21.15.93:0/1960102991 >> [v2:172.21.15.93:3300/0,v1:172.21.15.93:6789/0] conn(0x7fb0cc0fab80 msgr2=0x7fb0cc10aa20 secure :-1 s=STATE_CONNECTION_ESTABLISHED l=1).mark_down
2024-01-27T23:23:50.893 INFO:teuthology.orchestra.run.smithi093.stderr:/usr/bin/ceph:
2024-01-27T23:23:50.903+0000 7fb0d28e2700 1 --2- 172.21.15.93:0/1960102991 >> [v2:172.21.15.93:3300/0,v1:172.21.15.93:6789/0] conn(0x7fb0cc0fab80 0x7fb0cc10aa20 secure :-1 s=READY pgs=38 cs=0 l=1 rev1=1 rx=0x7fb0c000e040 tx=0x7fb0c0006ee0).stop
2024-01-27T23:23:50.893 INFO:teuthology.orchestra.run.smithi093.stderr:/usr/bin/ceph:
2024-01-27T23:23:50.903+0000 7fb0d28e2700 1 -- 172.21.15.93:0/1960102991 shutdown_connections
2024-01-27T23:23:50.893 INFO:teuthology.orchestra.run.smithi093.stderr:/usr/bin/ceph:
2024-01-27T23:23:50.903+0000 7fb0d28e2700 1 --2- 172.21.15.93:0/1960102991 >> [v2:172.21.15.93:6800/4262061933,v1:172.21.15.93:6801/4262061933] conn(0x7fb0b802fd50 0x7fb0b8032210 unknown :-1 s=CLOSED pgs=10 cs=0 l=1 rev1=1 rx=0 tx=0).stop
2024-01-27T23:23:50.893 INFO:teuthology.orchestra.run.smithi093.stderr:/usr/bin/ceph:
2024-01-27T23:23:50.903+0000 7fb0d28e2700 1 --2- 172.21.15.93:0/1960102991 >> [v2:172.21.15.93:3300/0,v1:172.21.15.93:6789/0] conn(0x7fb0cc0fab80 0x7fb0cc10aa20 unknown :-1 s=CLOSED pgs=38 cs=0 l=1 rev1=1 rx=0 tx=0).stop
2024-01-27T23:23:50.893 INFO:teuthology.orchestra.run.smithi093.stderr:/usr/bin/ceph:
2024-01-27T23:23:50.903+0000 7fb0d28e2700 1 -- 172.21.15.93:0/1960102991 >> 172.21.15.93:0/1960102991 conn(0x7fb0cc0f63c0 msgr2=0x7fb0cc070050 unknown :-1 s=STATE_NONE l=0).mark_down
2024-01-27T23:23:50.893 INFO:teuthology.orchestra.run.smithi093.stderr:/usr/bin/ceph:
2024-01-27T23:23:50.904+0000 7fb0d28e2700 1 -- 172.21.15.93:0/1960102991 shutdown_connections
2024-01-27T23:23:50.893 INFO:teuthology.orchestra.run.smithi093.stderr:/usr/bin/ceph:
2024-01-27T23:23:50.904+0000 7fb0d28e2700 1 -- 172.21.15.93:0/1960102991 wait complete.
2024-01-27T23:23:51.221 INFO:teuthology.orchestra.run.smithi093.stderr:Deploying mon service with default placement...
2024-01-27T23:23:51.221 INFO:teuthology.orchestra.run.smithi093.stderr:Running command: /bin/podman run --rm --ipc=host --no-hosts --net=host --entrypoint /usr/bin/ceph --init -e CONTAINER_IMAGE=docker.io/ceph/ceph:v16.2.4 -e NODE_NAME=smithi093 -e CEPH_USE_RANDOM_NONCE=1 -v /var/log/ceph/fe97b4b0-bd6a-11ee-95b2-87774f69a715:/var/log/ceph:z -v /tmp/ceph-tmpu7nnpd0g:/etc/ceph/ceph.client.admin.keyring:z -v /tmp/ceph-tmp1t1v7r8i:/etc/ceph/ceph.conf:z docker.io/ceph/ceph:v16.2.4 orch apply mon
2024-01-27T23:23:51.572 INFO:teuthology.orchestra.run.smithi093.stderr:/usr/bin/ceph:
2024-01-27T23:23:51.582+0000 7f1bdf4b1700 1 Processor -- start
2024-01-27T23:23:51.573 INFO:teuthology.orchestra.run.smithi093.stderr:/usr/bin/ceph:
2024-01-27T23:23:51.582+0000 7f1bdf4b1700 1 -- start start
2024-01-27T23:23:51.573 INFO:teuthology.orchestra.run.smithi093.stderr:/usr/bin/ceph:
2024-01-27T23:23:51.582+0000 7f1bdf4b1700 1 --2- >> [v2:172.21.15.93:3300/0,v1:172.21.15.93:6789/0] conn(0x7f1bd80fab80 0x7f1bd80fafa0 unknown :-1 s=NONE pgs=0 cs=0 l=0 rev1=0 rx=0 tx=0).connect
2024-01-27T23:23:51.573 INFO:teuthology.orchestra.run.smithi093.stderr:/usr/bin/ceph:
2024-01-27T23:23:51.582+0000 7f1bdf4b1700 1 -- --> [v2:172.21.15.93:3300/0,v1:172.21.15.93:6789/0] -- mon_getmap magic: 0 v1 -- 0x7f1bd80fb490 con 0x7f1bd80fab80
2024-01-27T23:23:51.573 INFO:teuthology.orchestra.run.smithi093.stderr:/usr/bin/ceph:
2024-01-27T23:23:51.583+0000 7f1bdd24d700 1 --2- >> [v2:172.21.15.93:3300/0,v1:172.21.15.93:6789/0] conn(0x7f1bd80fab80 0x7f1bd80fafa0 unknown :-1 s=BANNER_CONNECTING pgs=0 cs=0 l=0 rev1=0 rx=0 tx=0)._handle_peer_banner_payload supported=1 required=0
2024-01-27T23:23:51.573 INFO:teuthology.orchestra.run.smithi093.stderr:/usr/bin/ceph:
2024-01-27T23:23:51.583+0000 7f1bdd24d700 1 --2- >> [v2:172.21.15.93:3300/0,v1:172.21.15.93:6789/0] conn(0x7f1bd80fab80 0x7f1bd80fafa0 unknown :-1 s=HELLO_CONNECTING pgs=0 cs=0 l=0 rev1=1 rx=0 tx=0).handle_hello peer v2:172.21.15.93:3300/0 says I am v2:172.21.15.93:46650/0 (socket says 172.21.15.93:46650)
2024-01-27T23:23:51.573 INFO:teuthology.orchestra.run.smithi093.stderr:/usr/bin/ceph:
2024-01-27T23:23:51.583+0000 7f1bdd24d700 1 -- 172.21.15.93:0/3500640756 learned_addr learned my addr 172.21.15.93:0/3500640756 (peer_addr_for_me v2:172.21.15.93:0/0)
2024-01-27T23:23:51.573 INFO:teuthology.orchestra.run.smithi093.stderr:/usr/bin/ceph:
2024-01-27T23:23:51.583+0000 7f1bdd24d700 1 -- 172.21.15.93:0/3500640756 --> [v2:172.21.15.93:3300/0,v1:172.21.15.93:6789/0] -- mon_subscribe({config=0+,monmap=0+}) v3 -- 0x7f1bd80fb5d0 con 0x7f1bd80fab80
2024-01-27T23:23:51.573 INFO:teuthology.orchestra.run.smithi093.stderr:/usr/bin/ceph:
2024-01-27T23:23:51.583+0000 7f1bdd24d700 1 --2- 172.21.15.93:0/3500640756 >> [v2:172.21.15.93:3300/0,v1:172.21.15.93:6789/0] conn(0x7f1bd80fab80 0x7f1bd80fafa0 secure :-1 s=READY pgs=39 cs=0 l=1 rev1=1 rx=0x7f1bc800b5f0 tx=0x7f1bc8006ee0).ready entity=mon.0 client_cookie=e1c3101a13a3af3a server_cookie=0 in_seq=0 out_seq=0
2024-01-27T23:23:51.573 INFO:teuthology.orchestra.run.smithi093.stderr:/usr/bin/ceph:
2024-01-27T23:23:51.583+0000 7f1bc7fff700 1 -- 172.21.15.93:0/3500640756 <== mon.0 v2:172.21.15.93:3300/0 1 ==== mon_map magic: 0 v1 ==== 229+0+0 (secure 0 0 0) 0x7f1bc800d600 con 0x7f1bd80fab80
2024-01-27T23:23:51.573 INFO:teuthology.orchestra.run.smithi093.stderr:/usr/bin/ceph:
2024-01-27T23:23:51.583+0000 7f1bc7fff700 1 -- 172.21.15.93:0/3500640756 <== mon.0 v2:172.21.15.93:3300/0 2 ==== config(25 keys) v1 ==== 1010+0+0 (secure 0 0 0) 0x7f1bc800dbd0 con 0x7f1bd80fab80
2024-01-27T23:23:51.573 INFO:teuthology.orchestra.run.smithi093.stderr:/usr/bin/ceph:
2024-01-27T23:23:51.583+0000 7f1bc7fff700 1 -- 172.21.15.93:0/3500640756 <== mon.0 v2:172.21.15.93:3300/0 3 ==== mon_map magic: 0 v1 ==== 229+0+0 (secure 0 0 0) 0x7f1bc8011c00 con 0x7f1bd80fab80
2024-01-27T23:23:51.575 INFO:teuthology.orchestra.run.smithi093.stderr:/usr/bin/ceph:
2024-01-27T23:23:51.584+0000 7f1bdf4b1700 1 -- 172.21.15.93:0/3500640756 >> [v2:172.21.15.93:3300/0,v1:172.21.15.93:6789/0] conn(0x7f1bd80fab80 msgr2=0x7f1bd80fafa0 secure :-1 s=STATE_CONNECTION_ESTABLISHED l=1).mark_down
2024-01-27T23:23:51.575 INFO:teuthology.orchestra.run.smithi093.stderr:/usr/bin/ceph:
2024-01-27T23:23:51.584+0000 7f1bdf4b1700 1 --2- 172.21.15.93:0/3500640756 >> [v2:172.21.15.93:3300/0,v1:172.21.15.93:6789/0] conn(0x7f1bd80fab80 0x7f1bd80fafa0 secure :-1 s=READY pgs=39 cs=0 l=1 rev1=1 rx=0x7f1bc800b5f0 tx=0x7f1bc8006ee0).stop
2024-01-27T23:23:51.575 INFO:teuthology.orchestra.run.smithi093.stderr:/usr/bin/ceph:
2024-01-27T23:23:51.584+0000 7f1bdf4b1700 1 -- 172.21.15.93:0/3500640756 shutdown_connections
2024-01-27T23:23:51.575 INFO:teuthology.orchestra.run.smithi093.stderr:/usr/bin/ceph:
2024-01-27T23:23:51.584+0000 7f1bdf4b1700 1 --2- 172.21.15.93:0/3500640756 >> [v2:172.21.15.93:3300/0,v1:172.21.15.93:6789/0] conn(0x7f1bd80fab80 0x7f1bd80fafa0 unknown :-1 s=CLOSED pgs=39 cs=0 l=1 rev1=1 rx=0 tx=0).stop
2024-01-27T23:23:51.575 INFO:teuthology.orchestra.run.smithi093.stderr:/usr/bin/ceph:
2024-01-27T23:23:51.584+0000 7f1bdf4b1700 1 -- 172.21.15.93:0/3500640756 >> 172.21.15.93:0/3500640756 conn(0x7f1bd80f63c0 msgr2=0x7f1bd80f87e0 unknown :-1 s=STATE_NONE l=0).mark_down
2024-01-27T23:23:51.575 INFO:teuthology.orchestra.run.smithi093.stderr:/usr/bin/ceph:
2024-01-27T23:23:51.584+0000 7f1bdf4b1700 1 -- 172.21.15.93:0/3500640756 shutdown_connections
2024-01-27T23:23:51.575 INFO:teuthology.orchestra.run.smithi093.stderr:/usr/bin/ceph:
2024-01-27T23:23:51.584+0000 7f1bdf4b1700 1 -- 172.21.15.93:0/3500640756 wait complete.
2024-01-27T23:23:51.575 INFO:teuthology.orchestra.run.smithi093.stderr:/usr/bin/ceph:
2024-01-27T23:23:51.585+0000 7f1bdf4b1700 1 Processor -- start
2024-01-27T23:23:51.575 INFO:teuthology.orchestra.run.smithi093.stderr:/usr/bin/ceph:
2024-01-27T23:23:51.585+0000 7f1bdf4b1700 1 -- start start
2024-01-27T23:23:51.575 INFO:teuthology.orchestra.run.smithi093.stderr:/usr/bin/ceph:
2024-01-27T23:23:51.585+0000 7f1bdf4b1700 1 --2- >> [v2:172.21.15.93:3300/0,v1:172.21.15.93:6789/0] conn(0x7f1bd80fab80 0x7f1bd8100d90 unknown :-1 s=NONE pgs=0 cs=0 l=1 rev1=0 rx=0 tx=0).connect
2024-01-27T23:23:51.575 INFO:teuthology.orchestra.run.smithi093.stderr:/usr/bin/ceph:
2024-01-27T23:23:51.585+0000 7f1bdf4b1700 1 -- --> [v2:172.21.15.93:3300/0,v1:172.21.15.93:6789/0] -- mon_getmap magic: 0 v1 -- 0x7f1bd80ff210 con 0x7f1bd80fab80
2024-01-27T23:23:51.576 INFO:teuthology.orchestra.run.smithi093.stderr:/usr/bin/ceph:
2024-01-27T23:23:51.585+0000 7f1bdd24d700 1 --2- >> [v2:172.21.15.93:3300/0,v1:172.21.15.93:6789/0] conn(0x7f1bd80fab80 0x7f1bd8100d90 unknown :-1 s=BANNER_CONNECTING pgs=0 cs=0 l=1 rev1=0 rx=0 tx=0)._handle_peer_banner_payload supported=1 required=0
2024-01-27T23:23:51.576 INFO:teuthology.orchestra.run.smithi093.stderr:/usr/bin/ceph:
2024-01-27T23:23:51.585+0000 7f1bdd24d700 1 --2- >> [v2:172.21.15.93:3300/0,v1:172.21.15.93:6789/0] conn(0x7f1bd80fab80 0x7f1bd8100d90 unknown :-1 s=HELLO_CONNECTING pgs=0 cs=0 l=1 rev1=1 rx=0 tx=0).handle_hello peer v2:172.21.15.93:3300/0 says I am v2:172.21.15.93:46652/0 (socket says 172.21.15.93:46652)
2024-01-27T23:23:51.576 INFO:teuthology.orchestra.run.smithi093.stderr:/usr/bin/ceph:
2024-01-27T23:23:51.585+0000 7f1bdd24d700 1 -- 172.21.15.93:0/128051726 learned_addr learned my addr 172.21.15.93:0/128051726 (peer_addr_for_me v2:172.21.15.93:0/0)
2024-01-27T23:23:51.576 INFO:teuthology.orchestra.run.smithi093.stderr:/usr/bin/ceph:
2024-01-27T23:23:51.585+0000 7f1bdd24d700 1 -- 172.21.15.93:0/128051726 --> [v2:172.21.15.93:3300/0,v1:172.21.15.93:6789/0] -- mon_subscribe({config=0+,monmap=0+}) v3 -- 0x7f1bc800b200 con 0x7f1bd80fab80
2024-01-27T23:23:51.576 INFO:teuthology.orchestra.run.smithi093.stderr:/usr/bin/ceph:
2024-01-27T23:23:51.585+0000 7f1bdd24d700 1 --2- 172.21.15.93:0/128051726 >> [v2:172.21.15.93:3300/0,v1:172.21.15.93:6789/0] conn(0x7f1bd80fab80 0x7f1bd8100d90 secure :-1 s=READY pgs=40 cs=0 l=1 rev1=1 rx=0x7f1bc800b1d0 tx=0x7f1bc8006ee0).ready entity=mon.0 client_cookie=0 server_cookie=0 in_seq=0 out_seq=0
2024-01-27T23:23:51.576 INFO:teuthology.orchestra.run.smithi093.stderr:/usr/bin/ceph:
2024-01-27T23:23:51.585+0000 7f1bc5ffb700 1 -- 172.21.15.93:0/128051726 <== mon.0 v2:172.21.15.93:3300/0 1 ==== mon_map magic: 0 v1 ==== 229+0+0 (secure 0 0 0) 0x7f1bc801b410 con 0x7f1bd80fab80
2024-01-27T23:23:51.576 INFO:teuthology.orchestra.run.smithi093.stderr:/usr/bin/ceph:
2024-01-27T23:23:51.585+0000 7f1bdf4b1700 1 -- 172.21.15.93:0/128051726 --> [v2:172.21.15.93:3300/0,v1:172.21.15.93:6789/0] -- mon_subscribe({mgrmap=0+}) v3 -- 0x7f1bd80ff3b0 con 0x7f1bd80fab80
2024-01-27T23:23:51.576 INFO:teuthology.orchestra.run.smithi093.stderr:/usr/bin/ceph:
2024-01-27T23:23:51.585+0000 7f1bc5ffb700 1 -- 172.21.15.93:0/128051726 <== mon.0 v2:172.21.15.93:3300/0 2 ==== config(25 keys) v1 ==== 1010+0+0 (secure 0 0 0) 0x7f1bc801b9e0 con 0x7f1bd80fab80
2024-01-27T23:23:51.576 INFO:teuthology.orchestra.run.smithi093.stderr:/usr/bin/ceph:
2024-01-27T23:23:51.585+0000 7f1bc5ffb700 1 -- 172.21.15.93:0/128051726 <== mon.0 v2:172.21.15.93:3300/0 3 ==== mon_map magic: 0 v1 ==== 229+0+0 (secure 0 0 0) 0x7f1bc801a840 con 0x7f1bd80fab80
2024-01-27T23:23:51.576 INFO:teuthology.orchestra.run.smithi093.stderr:/usr/bin/ceph:
2024-01-27T23:23:51.586+0000 7f1bdf4b1700 1 -- 172.21.15.93:0/128051726 --> [v2:172.21.15.93:3300/0,v1:172.21.15.93:6789/0] -- mon_subscribe({osdmap=0}) v3 -- 0x7f1bd80ff7c0 con 0x7f1bd80fab80
2024-01-27T23:23:51.576 INFO:teuthology.orchestra.run.smithi093.stderr:/usr/bin/ceph:
2024-01-27T23:23:51.586+0000 7f1bc5ffb700 1 -- 172.21.15.93:0/128051726 <== mon.0 v2:172.21.15.93:3300/0 4 ==== mgrmap(e 7) v1 ==== 36120+0+0 (secure 0 0 0) 0x7f1bc800f070 con 0x7f1bd80fab80
2024-01-27T23:23:51.577 INFO:teuthology.orchestra.run.smithi093.stderr:/usr/bin/ceph:
2024-01-27T23:23:51.587+0000 7f1bc5ffb700 1 --2- 172.21.15.93:0/128051726 >> [v2:172.21.15.93:6800/4262061933,v1:172.21.15.93:6801/4262061933] conn(0x7f1bc002fd50 0x7f1bc0032210 unknown :-1 s=NONE pgs=0 cs=0 l=1 rev1=0 rx=0 tx=0).connect
2024-01-27T23:23:51.577 INFO:teuthology.orchestra.run.smithi093.stderr:/usr/bin/ceph:
2024-01-27T23:23:51.587+0000 7f1bc5ffb700 1 -- 172.21.15.93:0/128051726 <== mon.0 v2:172.21.15.93:3300/0 5 ==== osd_map(2..2 src has 1..2) v4 ==== 926+0+0 (secure 0 0 0) 0x7f1bc80412b0 con 0x7f1bd80fab80
2024-01-27T23:23:51.577 INFO:teuthology.orchestra.run.smithi093.stderr:/usr/bin/ceph:
2024-01-27T23:23:51.587+0000 7f1bdf4b1700 1 -- 172.21.15.93:0/128051726 --> [v2:172.21.15.93:3300/0,v1:172.21.15.93:6789/0] -- mon_command({"prefix": "get_command_descriptions"} v 0) v1 -- 0x7f1bd8045ad0 con 0x7f1bd80fab80
2024-01-27T23:23:51.577 INFO:teuthology.orchestra.run.smithi093.stderr:/usr/bin/ceph:
2024-01-27T23:23:51.587+0000 7f1bdca4c700 1 --2- 172.21.15.93:0/128051726 >> [v2:172.21.15.93:6800/4262061933,v1:172.21.15.93:6801/4262061933] conn(0x7f1bc002fd50 0x7f1bc0032210 unknown :-1 s=BANNER_CONNECTING pgs=0 cs=0 l=1 rev1=0 rx=0 tx=0)._handle_peer_banner_payload supported=1 required=0
2024-01-27T23:23:51.577 INFO:teuthology.orchestra.run.smithi093.stderr:/usr/bin/ceph:
2024-01-27T23:23:51.587+0000 7f1bdca4c700 1 --2- 172.21.15.93:0/128051726 >> [v2:172.21.15.93:6800/4262061933,v1:172.21.15.93:6801/4262061933] conn(0x7f1bc002fd50 0x7f1bc0032210 secure :-1 s=READY pgs=11 cs=0 l=1 rev1=1 rx=0x7f1bd40096a0 tx=0x7f1bd4006b40).ready entity=mgr.14114 client_cookie=0 server_cookie=0 in_seq=0 out_seq=0
2024-01-27T23:23:51.579 INFO:teuthology.orchestra.run.smithi093.stderr:/usr/bin/ceph:
2024-01-27T23:23:51.591+0000 7f1bc5ffb700 1 -- 172.21.15.93:0/128051726 <== mon.0 v2:172.21.15.93:3300/0 6 ==== mon_command_ack([{"prefix": "get_command_descriptions"}]=0 v0) v1 ==== 72+0+152212 (secure 0 0 0) 0x7f1bc8016070 con 0x7f1bd80fab80
2024-01-27T23:23:51.755 INFO:teuthology.orchestra.run.smithi093.stderr:/usr/bin/ceph:
2024-01-27T23:23:51.766+0000 7f1bdf4b1700 1 -- 172.21.15.93:0/128051726 --> [v2:172.21.15.93:6800/4262061933,v1:172.21.15.93:6801/4262061933] -- mgr_command(tid 0: {"prefix": "orch apply", "service_type": "mon", "target": ["mon-mgr", ""]}) v1 -- 0x7f1bd80008d0 con 0x7f1bc002fd50
2024-01-27T23:23:51.758 INFO:teuthology.orchestra.run.smithi093.stderr:/usr/bin/ceph:
2024-01-27T23:23:51.770+0000 7f1bc5ffb700 1 -- 172.21.15.93:0/128051726 <== mgr.14114 v2:172.21.15.93:6800/4262061933 1 ==== mgr_command_reply(tid 0: 0 ) v1 ==== 8+0+24 (secure 0 0 0) 0x7f1bd80008d0 con 0x7f1bc002fd50
2024-01-27T23:23:51.759 INFO:teuthology.orchestra.run.smithi093.stderr:/usr/bin/ceph: Scheduled mon update...
2024-01-27T23:23:51.761 INFO:teuthology.orchestra.run.smithi093.stderr:/usr/bin/ceph:
2024-01-27T23:23:51.772+0000 7f1bdf4b1700 1 -- 172.21.15.93:0/128051726 >> [v2:172.21.15.93:6800/4262061933,v1:172.21.15.93:6801/4262061933] conn(0x7f1bc002fd50 msgr2=0x7f1bc0032210 secure :-1 s=STATE_CONNECTION_ESTABLISHED l=1).mark_down
2024-01-27T23:23:51.761 INFO:teuthology.orchestra.run.smithi093.stderr:/usr/bin/ceph:
2024-01-27T23:23:51.772+0000 7f1bdf4b1700 1 --2- 172.21.15.93:0/128051726 >> [v2:172.21.15.93:6800/4262061933,v1:172.21.15.93:6801/4262061933] conn(0x7f1bc002fd50 0x7f1bc0032210 secure :-1 s=READY pgs=11 cs=0 l=1 rev1=1 rx=0x7f1bd40096a0 tx=0x7f1bd4006b40).stop
2024-01-27T23:23:51.761 INFO:teuthology.orchestra.run.smithi093.stderr:/usr/bin/ceph:
2024-01-27T23:23:51.772+0000 7f1bdf4b1700 1 -- 172.21.15.93:0/128051726 >> [v2:172.21.15.93:3300/0,v1:172.21.15.93:6789/0] conn(0x7f1bd80fab80 msgr2=0x7f1bd8100d90 secure :-1 s=STATE_CONNECTION_ESTABLISHED l=1).mark_down
2024-01-27T23:23:51.761 INFO:teuthology.orchestra.run.smithi093.stderr:/usr/bin/ceph:
2024-01-27T23:23:51.772+0000 7f1bdf4b1700 1 --2- 172.21.15.93:0/128051726 >> [v2:172.21.15.93:3300/0,v1:172.21.15.93:6789/0] conn(0x7f1bd80fab80 0x7f1bd8100d90 secure :-1 s=READY pgs=40 cs=0 l=1 rev1=1 rx=0x7f1bc800b1d0 tx=0x7f1bc8006ee0).stop
2024-01-27T23:23:51.761 INFO:teuthology.orchestra.run.smithi093.stderr:/usr/bin/ceph:
2024-01-27T23:23:51.772+0000 7f1bdf4b1700 1 -- 172.21.15.93:0/128051726 shutdown_connections
2024-01-27T23:23:51.761 INFO:teuthology.orchestra.run.smithi093.stderr:/usr/bin/ceph:
2024-01-27T23:23:51.772+0000 7f1bdf4b1700 1 --2- 172.21.15.93:0/128051726 >> [v2:172.21.15.93:6800/4262061933,v1:172.21.15.93:6801/4262061933] conn(0x7f1bc002fd50 0x7f1bc0032210 unknown :-1 s=CLOSED pgs=11 cs=0 l=1 rev1=1 rx=0 tx=0).stop
2024-01-27T23:23:51.761 INFO:teuthology.orchestra.run.smithi093.stderr:/usr/bin/ceph:
2024-01-27T23:23:51.772+0000 7f1bdf4b1700 1 --2- 172.21.15.93:0/128051726 >> [v2:172.21.15.93:3300/0,v1:172.21.15.93:6789/0] conn(0x7f1bd80fab80 0x7f1bd8100d90 unknown :-1 s=CLOSED pgs=40 cs=0 l=1 rev1=1 rx=0 tx=0).stop
2024-01-27T23:23:51.762 INFO:teuthology.orchestra.run.smithi093.stderr:/usr/bin/ceph:
2024-01-27T23:23:51.772+0000 7f1bdf4b1700 1 -- 172.21.15.93:0/128051726 >> 172.21.15.93:0/128051726 conn(0x7f1bd80f63c0 msgr2=0x7f1bd80f6fc0 unknown :-1 s=STATE_NONE l=0).mark_down
2024-01-27T23:23:51.762 INFO:teuthology.orchestra.run.smithi093.stderr:/usr/bin/ceph:
2024-01-27T23:23:51.772+0000 7f1bdf4b1700 1 -- 172.21.15.93:0/128051726 shutdown_connections
2024-01-27T23:23:51.762 INFO:teuthology.orchestra.run.smithi093.stderr:/usr/bin/ceph:
2024-01-27T23:23:51.772+0000 7f1bdf4b1700 1 -- 172.21.15.93:0/128051726 wait complete.
2024-01-27T23:23:52.049 INFO:journalctl@ceph.mon.smithi093.smithi093.stdout:Jan 27 23:23:51 smithi093 ceph-fe97b4b0-bd6a-11ee-95b2-87774f69a715-mon.smithi093[38783]: audit
