2024-01-27T23:25:13.622+0000 7fc320d73700 1 -- 172.21.15.121:0/2375623421 --> [v2:172.21.15.121:3300/0,v1:172.21.15.121:6789/0] -- mon_subscribe({config=0+,monmap=0+}) v3 -- 0x7fc31c0fef50 con 0x7fc31c0703f0
2024-01-27T23:25:13.613 INFO:teuthology.orchestra.run.smithi121.stderr:/usr/bin/ceph:
2024-01-27T23:25:13.623+0000 7fc320d73700 1 --2- 172.21.15.121:0/2375623421 >> [v2:172.21.15.121:3300/0,v1:172.21.15.121:6789/0] conn(0x7fc31c0703f0 0x7fc31c0fe920 secure :-1 s=READY pgs=72 cs=0 l=1 rev1=1 rx=0x7fc31000b5f0 tx=0x7fc310006ee0).ready entity=mon.0 client_cookie=13257669b46fa02 server_cookie=0 in_seq=0 out_seq=0
2024-01-27T23:25:13.613 INFO:teuthology.orchestra.run.smithi121.stderr:/usr/bin/ceph:
2024-01-27T23:25:13.623+0000 7fc31b7fe700 1 -- 172.21.15.121:0/2375623421 <== mon.0 v2:172.21.15.121:3300/0 1 ==== mon_map magic: 0 v1 ==== 229+0+0 (secure 0 0 0) 0x7fc31000d600 con 0x7fc31c0703f0
2024-01-27T23:25:13.613 INFO:teuthology.orchestra.run.smithi121.stderr:/usr/bin/ceph:
2024-01-27T23:25:13.623+0000 7fc31b7fe700 1 -- 172.21.15.121:0/2375623421 <== mon.0 v2:172.21.15.121:3300/0 2 ==== config(25 keys) v1 ==== 1074+0+0 (secure 0 0 0) 0x7fc31000dc10 con 0x7fc31c0703f0
2024-01-27T23:25:13.614 INFO:teuthology.orchestra.run.smithi121.stderr:/usr/bin/ceph:
2024-01-27T23:25:13.623+0000 7fc31b7fe700 1 -- 172.21.15.121:0/2375623421 <== mon.0 v2:172.21.15.121:3300/0 3 ==== mon_map magic: 0 v1 ==== 229+0+0 (secure 0 0 0) 0x7fc310011cd0 con 0x7fc31c0703f0
2024-01-27T23:25:13.614 INFO:teuthology.orchestra.run.smithi121.stderr:/usr/bin/ceph:
2024-01-27T23:25:13.623+0000 7fc322fd7700 1 -- 172.21.15.121:0/2375623421 >> [v2:172.21.15.121:3300/0,v1:172.21.15.121:6789/0] conn(0x7fc31c0703f0 msgr2=0x7fc31c0fe920 secure :-1 s=STATE_CONNECTION_ESTABLISHED l=1).mark_down
2024-01-27T23:25:13.614 INFO:teuthology.orchestra.run.smithi121.stderr:/usr/bin/ceph:
2024-01-27T23:25:13.623+0000 7fc322fd7700 1 --2- 172.21.15.121:0/2375623421 >> [v2:172.21.15.121:3300/0,v1:172.21.15.121:6789/0] conn(0x7fc31c0703f0 0x7fc31c0fe920 secure :-1 s=READY pgs=72 cs=0 l=1 rev1=1 rx=0x7fc31000b5f0 tx=0x7fc310006ee0).stop
2024-01-27T23:25:13.614 INFO:teuthology.orchestra.run.smithi121.stderr:/usr/bin/ceph:
2024-01-27T23:25:13.623+0000 7fc322fd7700 1 -- 172.21.15.121:0/2375623421 shutdown_connections
2024-01-27T23:25:13.614 INFO:teuthology.orchestra.run.smithi121.stderr:/usr/bin/ceph:
2024-01-27T23:25:13.623+0000 7fc322fd7700 1 --2- 172.21.15.121:0/2375623421 >> [v2:172.21.15.121:3300/0,v1:172.21.15.121:6789/0] conn(0x7fc31c0703f0 0x7fc31c0fe920 unknown :-1 s=CLOSED pgs=72 cs=0 l=1 rev1=1 rx=0 tx=0).stop
2024-01-27T23:25:13.614 INFO:teuthology.orchestra.run.smithi121.stderr:/usr/bin/ceph:
2024-01-27T23:25:13.623+0000 7fc322fd7700 1 -- 172.21.15.121:0/2375623421 >> 172.21.15.121:0/2375623421 conn(0x7fc31c0f63c0 msgr2=0x7fc31c0f87e0 unknown :-1 s=STATE_NONE l=0).mark_down
2024-01-27T23:25:13.615 INFO:teuthology.orchestra.run.smithi121.stderr:/usr/bin/ceph:
2024-01-27T23:25:13.623+0000 7fc322fd7700 1 -- 172.21.15.121:0/2375623421 shutdown_connections
2024-01-27T23:25:13.615 INFO:teuthology.orchestra.run.smithi121.stderr:/usr/bin/ceph:
2024-01-27T23:25:13.623+0000 7fc322fd7700 1 -- 172.21.15.121:0/2375623421 wait complete.
2024-01-27T23:25:13.616 INFO:teuthology.orchestra.run.smithi121.stderr:/usr/bin/ceph:
2024-01-27T23:25:13.624+0000 7fc322fd7700 1 Processor -- start
2024-01-27T23:25:13.616 INFO:teuthology.orchestra.run.smithi121.stderr:/usr/bin/ceph:
2024-01-27T23:25:13.624+0000 7fc322fd7700 1 -- start start
2024-01-27T23:25:13.616 INFO:teuthology.orchestra.run.smithi121.stderr:/usr/bin/ceph:
2024-01-27T23:25:13.624+0000 7fc322fd7700 1 --2- >> [v2:172.21.15.121:3300/0,v1:172.21.15.121:6789/0] conn(0x7fc31c0703f0 0x7fc31c10aad0 unknown :-1 s=NONE pgs=0 cs=0 l=1 rev1=0 rx=0 tx=0).connect
2024-01-27T23:25:13.616 INFO:teuthology.orchestra.run.smithi121.stderr:/usr/bin/ceph:
2024-01-27T23:25:13.624+0000 7fc322fd7700 1 -- --> [v2:172.21.15.121:3300/0,v1:172.21.15.121:6789/0] -- mon_getmap magic: 0 v1 -- 0x7fc31c10afc0 con 0x7fc31c0703f0
2024-01-27T23:25:13.616 INFO:teuthology.orchestra.run.smithi121.stderr:/usr/bin/ceph:
2024-01-27T23:25:13.624+0000 7fc320d73700 1 --2- >> [v2:172.21.15.121:3300/0,v1:172.21.15.121:6789/0] conn(0x7fc31c0703f0 0x7fc31c10aad0 unknown :-1 s=BANNER_CONNECTING pgs=0 cs=0 l=1 rev1=0 rx=0 tx=0)._handle_peer_banner_payload supported=1 required=0
2024-01-27T23:25:13.616 INFO:teuthology.orchestra.run.smithi121.stderr:/usr/bin/ceph:
2024-01-27T23:25:13.624+0000 7fc320d73700 1 --2- >> [v2:172.21.15.121:3300/0,v1:172.21.15.121:6789/0] conn(0x7fc31c0703f0 0x7fc31c10aad0 unknown :-1 s=HELLO_CONNECTING pgs=0 cs=0 l=1 rev1=1 rx=0 tx=0).handle_hello peer v2:172.21.15.121:3300/0 says I am v2:172.21.15.121:46396/0 (socket says 172.21.15.121:46396)
2024-01-27T23:25:13.616 INFO:teuthology.orchestra.run.smithi121.stderr:/usr/bin/ceph:
2024-01-27T23:25:13.624+0000 7fc320d73700 1 -- 172.21.15.121:0/2372308517 learned_addr learned my addr 172.21.15.121:0/2372308517 (peer_addr_for_me v2:172.21.15.121:0/0)
2024-01-27T23:25:13.616 INFO:teuthology.orchestra.run.smithi121.stderr:/usr/bin/ceph:
2024-01-27T23:25:13.625+0000 7fc320d73700 1 -- 172.21.15.121:0/2372308517 --> [v2:172.21.15.121:3300/0,v1:172.21.15.121:6789/0] -- mon_subscribe({config=0+,monmap=0+}) v3 -- 0x7fc31000b200 con 0x7fc31c0703f0
2024-01-27T23:25:13.616 INFO:teuthology.orchestra.run.smithi121.stderr:/usr/bin/ceph:
2024-01-27T23:25:13.625+0000 7fc320d73700 1 --2- 172.21.15.121:0/2372308517 >> [v2:172.21.15.121:3300/0,v1:172.21.15.121:6789/0] conn(0x7fc31c0703f0 0x7fc31c10aad0 secure :-1 s=READY pgs=73 cs=0 l=1 rev1=1 rx=0x7fc31000df90 tx=0x7fc310006ee0).ready entity=mon.0 client_cookie=0 server_cookie=0 in_seq=0 out_seq=0
2024-01-27T23:25:13.616 INFO:teuthology.orchestra.run.smithi121.stderr:/usr/bin/ceph:
2024-01-27T23:25:13.625+0000 7fc3197fa700 1 -- 172.21.15.121:0/2372308517 <== mon.0 v2:172.21.15.121:3300/0 1 ==== mon_map magic: 0 v1 ==== 229+0+0 (secure 0 0 0) 0x7fc310011da0 con 0x7fc31c0703f0
2024-01-27T23:25:13.616 INFO:teuthology.orchestra.run.smithi121.stderr:/usr/bin/ceph:
2024-01-27T23:25:13.625+0000 7fc3197fa700 1 -- 172.21.15.121:0/2372308517 <== mon.0 v2:172.21.15.121:3300/0 2 ==== config(25 keys) v1 ==== 1074+0+0 (secure 0 0 0) 0x7fc31001b8c0 con 0x7fc31c0703f0
2024-01-27T23:25:13.616 INFO:teuthology.orchestra.run.smithi121.stderr:/usr/bin/ceph:
2024-01-27T23:25:13.625+0000 7fc3197fa700 1 -- 172.21.15.121:0/2372308517 <== mon.0 v2:172.21.15.121:3300/0 3 ==== mon_map magic: 0 v1 ==== 229+0+0 (secure 0 0 0) 0x7fc31001a930 con 0x7fc31c0703f0
2024-01-27T23:25:13.617 INFO:teuthology.orchestra.run.smithi121.stderr:/usr/bin/ceph:
2024-01-27T23:25:13.625+0000 7fc322fd7700 1 -- 172.21.15.121:0/2372308517 --> [v2:172.21.15.121:3300/0,v1:172.21.15.121:6789/0] -- mon_subscribe({mgrmap=0+}) v3 -- 0x7fc31c10b1c0 con 0x7fc31c0703f0
2024-01-27T23:25:13.617 INFO:teuthology.orchestra.run.smithi121.stderr:/usr/bin/ceph:
2024-01-27T23:25:13.625+0000 7fc322fd7700 1 -- 172.21.15.121:0/2372308517 --> [v2:172.21.15.121:3300/0,v1:172.21.15.121:6789/0] -- mon_subscribe({osdmap=0}) v3 -- 0x7fc31c10b5d0 con 0x7fc31c0703f0
2024-01-27T23:25:13.617 INFO:teuthology.orchestra.run.smithi121.stderr:/usr/bin/ceph:
2024-01-27T23:25:13.626+0000 7fc3197fa700 1 -- 172.21.15.121:0/2372308517 <== mon.0 v2:172.21.15.121:3300/0 4 ==== mgrmap(e 13) v1 ==== 36208+0+0 (secure 0 0 0) 0x7fc31000f070 con 0x7fc31c0703f0
2024-01-27T23:25:13.617 INFO:teuthology.orchestra.run.smithi121.stderr:/usr/bin/ceph:
2024-01-27T23:25:13.626+0000 7fc3197fa700 1 --2- 172.21.15.121:0/2372308517 >> [v2:172.21.15.121:6800/1334444756,v1:172.21.15.121:6801/1334444756] conn(0x7fc30002ff00 0x7fc3000323c0 unknown :-1 s=NONE pgs=0 cs=0 l=1 rev1=0 rx=0 tx=0).connect
2024-01-27T23:25:13.617 INFO:teuthology.orchestra.run.smithi121.stderr:/usr/bin/ceph:
2024-01-27T23:25:13.626+0000 7fc3197fa700 1 -- 172.21.15.121:0/2372308517 --> [v2:172.21.15.121:6800/1334444756,v1:172.21.15.121:6801/1334444756] -- command(tid 0: {"prefix": "get_command_descriptions"}) v1 -- 0x7fc300032a80 con 0x7fc30002ff00
2024-01-27T23:25:13.617 INFO:teuthology.orchestra.run.smithi121.stderr:/usr/bin/ceph:
2024-01-27T23:25:13.626+0000 7fc3197fa700 1 -- 172.21.15.121:0/2372308517 <== mon.0 v2:172.21.15.121:3300/0 5 ==== osd_map(3..3 src has 1..3) v4 ==== 1098+0+0 (secure 0 0 0) 0x7fc310041080 con 0x7fc31c0703f0
2024-01-27T23:25:13.617 INFO:teuthology.orchestra.run.smithi121.stderr:/usr/bin/ceph:
2024-01-27T23:25:13.626+0000 7fc31bfff700 1 -- 172.21.15.121:0/2372308517 >> [v2:172.21.15.121:6800/1334444756,v1:172.21.15.121:6801/1334444756] conn(0x7fc30002ff00 msgr2=0x7fc3000323c0 unknown :-1 s=STATE_CONNECTING_RE l=1).process reconnect failed to v2:172.21.15.121:6800/1334444756
2024-01-27T23:25:13.617 INFO:teuthology.orchestra.run.smithi121.stderr:/usr/bin/ceph:
2024-01-27T23:25:13.626+0000 7fc31bfff700 1 --2- 172.21.15.121:0/2372308517 >> [v2:172.21.15.121:6800/1334444756,v1:172.21.15.121:6801/1334444756] conn(0x7fc30002ff00 0x7fc3000323c0 unknown :-1 s=START_CONNECT pgs=0 cs=0 l=1 rev1=0 rx=0 tx=0)._fault waiting 0.200000
2024-01-27T23:25:13.816 INFO:teuthology.orchestra.run.smithi121.stderr:/usr/bin/ceph:
2024-01-27T23:25:13.827+0000 7fc31bfff700 1 -- 172.21.15.121:0/2372308517 >> [v2:172.21.15.121:6800/1334444756,v1:172.21.15.121:6801/1334444756] conn(0x7fc30002ff00 msgr2=0x7fc3000323c0 unknown :-1 s=STATE_CONNECTING_RE l=1).process reconnect failed to v2:172.21.15.121:6800/1334444756
2024-01-27T23:25:13.816 INFO:teuthology.orchestra.run.smithi121.stderr:/usr/bin/ceph:
2024-01-27T23:25:13.827+0000 7fc31bfff700 1 --2- 172.21.15.121:0/2372308517 >> [v2:172.21.15.121:6800/1334444756,v1:172.21.15.121:6801/1334444756] conn(0x7fc30002ff00 0x7fc3000323c0 unknown :-1 s=START_CONNECT pgs=0 cs=0 l=1 rev1=0 rx=0 tx=0)._fault waiting 0.400000
2024-01-27T23:25:14.217 INFO:teuthology.orchestra.run.smithi121.stderr:/usr/bin/ceph:
2024-01-27T23:25:14.228+0000 7fc31bfff700 1 -- 172.21.15.121:0/2372308517 >> [v2:172.21.15.121:6800/1334444756,v1:172.21.15.121:6801/1334444756] conn(0x7fc30002ff00 msgr2=0x7fc3000323c0 unknown :-1 s=STATE_CONNECTING_RE l=1).process reconnect failed to v2:172.21.15.121:6800/1334444756
2024-01-27T23:25:14.217 INFO:teuthology.orchestra.run.smithi121.stderr:/usr/bin/ceph:
2024-01-27T23:25:14.228+0000 7fc31bfff700 1 --2- 172.21.15.121:0/2372308517 >> [v2:172.21.15.121:6800/1334444756,v1:172.21.15.121:6801/1334444756] conn(0x7fc30002ff00 0x7fc3000323c0 unknown :-1 s=START_CONNECT pgs=0 cs=0 l=1 rev1=0 rx=0 tx=0)._fault waiting 0.800000
2024-01-27T23:25:15.018 INFO:teuthology.orchestra.run.smithi121.stderr:/usr/bin/ceph:
2024-01-27T23:25:15.029+0000 7fc31bfff700 1 -- 172.21.15.121:0/2372308517 >> [v2:172.21.15.121:6800/1334444756,v1:172.21.15.121:6801/1334444756] conn(0x7fc30002ff00 msgr2=0x7fc3000323c0 unknown :-1 s=STATE_CONNECTING_RE l=1).process reconnect failed to v2:172.21.15.121:6800/1334444756
2024-01-27T23:25:15.019 INFO:teuthology.orchestra.run.smithi121.stderr:/usr/bin/ceph:
2024-01-27T23:25:15.029+0000 7fc31bfff700 1 --2- 172.21.15.121:0/2372308517 >> [v2:172.21.15.121:6800/1334444756,v1:172.21.15.121:6801/1334444756] conn(0x7fc30002ff00 0x7fc3000323c0 unknown :-1 s=START_CONNECT pgs=0 cs=0 l=1 rev1=0 rx=0 tx=0)._fault waiting 1.600000
2024-01-27T23:25:16.620 INFO:teuthology.orchestra.run.smithi121.stderr:/usr/bin/ceph:
2024-01-27T23:25:16.630+0000 7fc31bfff700 1 -- 172.21.15.121:0/2372308517 >> [v2:172.21.15.121:6800/1334444756,v1:172.21.15.121:6801/1334444756] conn(0x7fc30002ff00 msgr2=0x7fc3000323c0 unknown :-1 s=STATE_CONNECTING_RE l=1).process reconnect failed to v2:172.21.15.121:6800/1334444756
2024-01-27T23:25:16.621 INFO:teuthology.orchestra.run.smithi121.stderr:/usr/bin/ceph:
2024-01-27T23:25:16.630+0000 7fc31bfff700 1 --2- 172.21.15.121:0/2372308517 >> [v2:172.21.15.121:6800/1334444756,v1:172.21.15.121:6801/1334444756] conn(0x7fc30002ff00 0x7fc3000323c0 unknown :-1 s=START_CONNECT pgs=0 cs=0 l=1 rev1=0 rx=0 tx=0)._fault waiting 3.200000
2024-01-27T23:25:17.243 INFO:teuthology.orchestra.run.smithi121.stderr:/usr/bin/ceph:
2024-01-27T23:25:17.253+0000 7fc3197fa700 1 -- 172.21.15.121:0/2372308517 <== mon.0 v2:172.21.15.121:3300/0 6 ==== mgrmap(e 14) v1 ==== 35997+0+0 (secure 0 0 0) 0x7fc310010dd0 con 0x7fc31c0703f0
2024-01-27T23:25:17.244 INFO:teuthology.orchestra.run.smithi121.stderr:/usr/bin/ceph:
2024-01-27T23:25:17.253+0000 7fc3197fa700 1 -- 172.21.15.121:0/2372308517 >> [v2:172.21.15.121:6800/1334444756,v1:172.21.15.121:6801/1334444756] conn(0x7fc30002ff00 msgr2=0x7fc3000323c0 unknown :-1 s=STATE_CONNECTING l=1).mark_down
2024-01-27T23:25:17.244 INFO:teuthology.orchestra.run.smithi121.stderr:/usr/bin/ceph:
2024-01-27T23:25:17.253+0000 7fc3197fa700 1 --2- 172.21.15.121:0/2372308517 >> [v2:172.21.15.121:6800/1334444756,v1:172.21.15.121:6801/1334444756] conn(0x7fc30002ff00 0x7fc3000323c0 unknown :-1 s=START_CONNECT pgs=0 cs=0 l=1 rev1=0 rx=0 tx=0).stop
2024-01-27T23:25:18.244 INFO:teuthology.orchestra.run.smithi121.stderr:/usr/bin/ceph:
2024-01-27T23:25:18.254+0000 7fc3197fa700 1 -- 172.21.15.121:0/2372308517 <== mon.0 v2:172.21.15.121:3300/0 7 ==== mgrmap(e 15) v1 ==== 36067+0+0 (secure 0 0 0) 0x7fc310019ce0 con 0x7fc31c0703f0
2024-01-27T23:25:18.244 INFO:teuthology.orchestra.run.smithi121.stderr:/usr/bin/ceph:
2024-01-27T23:25:18.254+0000 7fc3197fa700 1 --2- 172.21.15.121:0/2372308517 >> [v2:172.21.15.121:6800/802027800,v1:172.21.15.121:6801/802027800] conn(0x7fc300033b90 0x7fc300035f80 unknown :-1 s=NONE pgs=0 cs=0 l=1 rev1=0 rx=0 tx=0).connect
2024-01-27T23:25:18.244 INFO:teuthology.orchestra.run.smithi121.stderr:/usr/bin/ceph:
2024-01-27T23:25:18.254+0000 7fc3197fa700 1 -- 172.21.15.121:0/2372308517 --> [v2:172.21.15.121:6800/802027800,v1:172.21.15.121:6801/802027800] -- command(tid 0: {"prefix": "get_command_descriptions"}) v1 -- 0x7fc300032a80 con 0x7fc300033b90
2024-01-27T23:25:18.244 INFO:teuthology.orchestra.run.smithi121.stderr:/usr/bin/ceph:
2024-01-27T23:25:18.255+0000 7fc31bfff700 1 --2- 172.21.15.121:0/2372308517 >> [v2:172.21.15.121:6800/802027800,v1:172.21.15.121:6801/802027800] conn(0x7fc300033b90 0x7fc300035f80 unknown :-1 s=BANNER_CONNECTING pgs=0 cs=0 l=1 rev1=0 rx=0 tx=0)._handle_peer_banner_payload supported=1 required=0
2024-01-27T23:25:18.245 INFO:teuthology.orchestra.run.smithi121.stderr:/usr/bin/ceph:
2024-01-27T23:25:18.255+0000 7fc31bfff700 1 --2- 172.21.15.121:0/2372308517 >> [v2:172.21.15.121:6800/802027800,v1:172.21.15.121:6801/802027800] conn(0x7fc300033b90 0x7fc300035f80 secure :-1 s=READY pgs=2 cs=0 l=1 rev1=1 rx=0x7fc308006fd0 tx=0x7fc308006d70).ready entity=mgr.14162 client_cookie=0 server_cookie=0 in_seq=0 out_seq=0
2024-01-27T23:25:18.245 INFO:teuthology.orchestra.run.smithi121.stderr:/usr/bin/ceph:
2024-01-27T23:25:18.256+0000 7fc3197fa700 1 -- 172.21.15.121:0/2372308517 <== mgr.14162 v2:172.21.15.121:6800/802027800 1 ==== command_reply(tid 0: 0 ) v1 ==== 8+0+6438 (secure 0 0 0) 0x7fc300032a80 con 0x7fc300033b90
2024-01-27T23:25:18.251 INFO:teuthology.orchestra.run.smithi121.stderr:/usr/bin/ceph:
2024-01-27T23:25:18.262+0000 7fc322fd7700 1 -- 172.21.15.121:0/2372308517 --> [v2:172.21.15.121:6800/802027800,v1:172.21.15.121:6801/802027800] -- command(tid 1: {"prefix": "mgr_status"}) v1 -- 0x7fc31c059100 con 0x7fc300033b90
2024-01-27T23:25:18.251 INFO:teuthology.orchestra.run.smithi121.stderr:/usr/bin/ceph:
2024-01-27T23:25:18.262+0000 7fc3197fa700 1 -- 172.21.15.121:0/2372308517 <== mgr.14162 v2:172.21.15.121:6800/802027800 2 ==== command_reply(tid 1: 0 ) v1 ==== 8+0+52 (secure 0 0 0) 0x7fc31c059100 con 0x7fc300033b90
2024-01-27T23:25:18.251 INFO:teuthology.orchestra.run.smithi121.stderr:/usr/bin/ceph: {
2024-01-27T23:25:18.253 INFO:teuthology.orchestra.run.smithi121.stderr:/usr/bin/ceph: "mgrmap_epoch": 15,
2024-01-27T23:25:18.253 INFO:teuthology.orchestra.run.smithi121.stderr:/usr/bin/ceph: "initialized": true
2024-01-27T23:25:18.253 INFO:teuthology.orchestra.run.smithi121.stderr:/usr/bin/ceph: }
2024-01-27T23:25:18.253 INFO:teuthology.orchestra.run.smithi121.stderr:/usr/bin/ceph:
2024-01-27T23:25:18.262+0000 7fc322fd7700 1 -- 172.21.15.121:0/2372308517 >> [v2:172.21.15.121:6800/802027800,v1:172.21.15.121:6801/802027800] conn(0x7fc300033b90 msgr2=0x7fc300035f80 secure :-1 s=STATE_CONNECTION_ESTABLISHED l=1).mark_down
2024-01-27T23:25:18.253 INFO:teuthology.orchestra.run.smithi121.stderr:/usr/bin/ceph:
2024-01-27T23:25:18.262+0000 7fc322fd7700 1 --2- 172.21.15.121:0/2372308517 >> [v2:172.21.15.121:6800/802027800,v1:172.21.15.121:6801/802027800] conn(0x7fc300033b90 0x7fc300035f80 secure :-1 s=READY pgs=2 cs=0 l=1 rev1=1 rx=0x7fc308006fd0 tx=0x7fc308006d70).stop
2024-01-27T23:25:18.253 INFO:teuthology.orchestra.run.smithi121.stderr:/usr/bin/ceph:
2024-01-27T23:25:18.262+0000 7fc322fd7700 1 -- 172.21.15.121:0/2372308517 >> [v2:172.21.15.121:3300/0,v1:172.21.15.121:6789/0] conn(0x7fc31c0703f0 msgr2=0x7fc31c10aad0 secure :-1 s=STATE_CONNECTION_ESTABLISHED l=1).mark_down
2024-01-27T23:25:18.253 INFO:teuthology.orchestra.run.smithi121.stderr:/usr/bin/ceph:
2024-01-27T23:25:18.262+0000 7fc322fd7700 1 --2- 172.21.15.121:0/2372308517 >> [v2:172.21.15.121:3300/0,v1:172.21.15.121:6789/0] conn(0x7fc31c0703f0 0x7fc31c10aad0 secure :-1 s=READY pgs=73 cs=0 l=1 rev1=1 rx=0x7fc31000df90 tx=0x7fc310006ee0).stop
2024-01-27T23:25:18.253 INFO:teuthology.orchestra.run.smithi121.stderr:/usr/bin/ceph:
2024-01-27T23:25:18.262+0000 7fc322fd7700 1 -- 172.21.15.121:0/2372308517 shutdown_connections
2024-01-27T23:25:18.254 INFO:teuthology.orchestra.run.smithi121.stderr:/usr/bin/ceph:
2024-01-27T23:25:18.262+0000 7fc322fd7700 1 --2- 172.21.15.121:0/2372308517 >> [v2:172.21.15.121:6800/802027800,v1:172.21.15.121:6801/802027800] conn(0x7fc300033b90 0x7fc300035f80 unknown :-1 s=CLOSED pgs=2 cs=0 l=1 rev1=1 rx=0 tx=0).stop
2024-01-27T23:25:18.254 INFO:teuthology.orchestra.run.smithi121.stderr:/usr/bin/ceph:
2024-01-27T23:25:18.262+0000 7fc322fd7700 1 --2- 172.21.15.121:0/2372308517 >> [v2:172.21.15.121:3300/0,v1:172.21.15.121:6789/0] conn(0x7fc31c0703f0 0x7fc31c10aad0 unknown :-1 s=CLOSED pgs=73 cs=0 l=1 rev1=1 rx=0 tx=0).stop
2024-01-27T23:25:18.254 INFO:teuthology.orchestra.run.smithi121.stderr:/usr/bin/ceph:
2024-01-27T23:25:18.262+0000 7fc322fd7700 1 --2- 172.21.15.121:0/2372308517 >> [v2:172.21.15.121:6800/1334444756,v1:172.21.15.121:6801/1334444756] conn(0x7fc30002ff00 0x7fc3000323c0 unknown :-1 s=CLOSED pgs=0 cs=0 l=1 rev1=0 rx=0 tx=0).stop
2024-01-27T23:25:18.254 INFO:teuthology.orchestra.run.smithi121.stderr:/usr/bin/ceph:
2024-01-27T23:25:18.262+0000 7fc322fd7700 1 -- 172.21.15.121:0/2372308517 >> 172.21.15.121:0/2372308517 conn(0x7fc31c0f63c0 msgr2=0x7fc31c0f7f40 unknown :-1 s=STATE_NONE l=0).mark_down
2024-01-27T23:25:18.254 INFO:teuthology.orchestra.run.smithi121.stderr:/usr/bin/ceph:
2024-01-27T23:25:18.262+0000 7fc322fd7700 1 -- 172.21.15.121:0/2372308517 shutdown_connections
2024-01-27T23:25:18.254 INFO:teuthology.orchestra.run.smithi121.stderr:/usr/bin/ceph:
2024-01-27T23:25:18.262+0000 7fc322fd7700 1 -- 172.21.15.121:0/2372308517 wait complete.
2024-01-27T23:25:18.276 INFO:journalctl@ceph.mon.smithi121.smithi121.stdout:Jan 27 23:25:17 smithi121 ceph-2005e414-bd6b-11ee-95b2-87774f69a715-mon.smithi121[38787]: cluster
2024-01-27T23:25:16.886172+0000 mon.smithi121 (mon.0) 91 : cluster [INF] Active manager daemon smithi121.hcppvz restarted
2024-01-27T23:25:18.276 INFO:journalctl@ceph.mon.smithi121.smithi121.stdout:Jan 27 23:25:17 smithi121 ceph-2005e414-bd6b-11ee-95b2-87774f69a715-mon.smithi121[38787]: cluster
2024-01-27T23:25:16.886578+0000 mon.smithi121 (mon.0) 92 : cluster [INF] Activating manager daemon smithi121.hcppvz
2024-01-27T23:25:18.276 INFO:journalctl@ceph.mon.smithi121.smithi121.stdout:Jan 27 23:25:17 smithi121 ceph-2005e414-bd6b-11ee-95b2-87774f69a715-mon.smithi121[38787]: cluster
2024-01-27T23:25:16.888795+0000 mon.smithi121 (mon.0) 93 : cluster [DBG] osdmap e4: 0 total, 0 up, 0 in
2024-01-27T23:25:18.276 INFO:journalctl@ceph.mon.smithi121.smithi121.stdout:Jan 27 23:25:17 smithi121 ceph-2005e414-bd6b-11ee-95b2-87774f69a715-mon.smithi121[38787]: cluster
2024-01-27T23:25:17.256095+0000 mon.smithi121 (mon.0) 94 : cluster [DBG] mgrmap e14: smithi121.hcppvz(active, starting, since 0.369624s)
2024-01-27T23:25:18.277 INFO:journalctl@ceph.mon.smithi121.smithi121.stdout:Jan 27 23:25:17 smithi121 ceph-2005e414-bd6b-11ee-95b2-87774f69a715-mon.smithi121[38787]: audit
2024-01-27T23:25:17.257213+0000 mon.smithi121 (mon.0) 95 : audit [DBG] from='mgr.14162 172.21.15.121:0/2734976596' entity='mgr.smithi121.hcppvz' cmd=[{"prefix": "mon metadata", "id": "smithi121"}]: dispatch
2024-01-27T23:25:18.277 INFO:journalctl@ceph.mon.smithi121.smithi121.stdout:Jan 27 23:25:17 smithi121 ceph-2005e414-bd6b-11ee-95b2-87774f69a715-mon.smithi121[38787]: audit
2024-01-27T23:25:17.257783+0000 mon.smithi121 (mon.0) 96 : audit [DBG] from='mgr.14162 172.21.15.121:0/2734976596' entity='mgr.smithi121.hcppvz' cmd=[{"prefix": "mgr metadata", "who": "smithi121.hcppvz", "id": "smithi121.hcppvz"}]: dispatch
2024-01-27T23:25:18.277 INFO:journalctl@ceph.mon.smithi121.smithi121.stdout:Jan 27 23:25:17 smithi121 ceph-2005e414-bd6b-11ee-95b2-87774f69a715-mon.smithi121[38787]: audit
2024-01-27T23:25:17.258548+0000 mon.smithi121 (mon.0) 97 : audit [DBG] from='mgr.14162 172.21.15.121:0/2734976596' entity='mgr.smithi121.hcppvz' cmd=[{"prefix": "mds metadata"}]: dispatch
2024-01-27T23:25:18.277 INFO:journalctl@ceph.mon.smithi121.smithi121.stdout:Jan 27 23:25:17 smithi121 ceph-2005e414-bd6b-11ee-95b2-87774f69a715-mon.smithi121[38787]: audit
2024-01-27T23:25:17.258777+0000 mon.smithi121 (mon.0) 98 : audit [DBG] from='mgr.14162 172.21.15.121:0/2734976596' entity='mgr.smithi121.hcppvz' cmd=[{"prefix": "osd metadata"}]: dispatch
2024-01-27T23:25:18.277 INFO:journalctl@ceph.mon.smithi121.smithi121.stdout:Jan 27 23:25:17 smithi121 ceph-2005e414-bd6b-11ee-95b2-87774f69a715-mon.smithi121[38787]: audit
2024-01-27T23:25:17.258996+0000 mon.smithi121 (mon.0) 99 : audit [DBG] from='mgr.14162 172.21.15.121:0/2734976596' entity='mgr.smithi121.hcppvz' cmd=[{"prefix": "mon metadata"}]: dispatch
2024-01-27T23:25:18.277 INFO:journalctl@ceph.mon.smithi121.smithi121.stdout:Jan 27 23:25:17 smithi121 ceph-2005e414-bd6b-11ee-95b2-87774f69a715-mon.smithi121[38787]: cluster
2024-01-27T23:25:17.272924+0000 mon.smithi121 (mon.0) 100 : cluster [INF] Manager daemon smithi121.hcppvz is now available
2024-01-27T23:25:18.277 INFO:journalctl@ceph.mon.smithi121.smithi121.stdout:Jan 27 23:25:17 smithi121 ceph-2005e414-bd6b-11ee-95b2-87774f69a715-mon.smithi121[38787]: audit
2024-01-27T23:25:17.371476+0000 mon.smithi121 (mon.0) 101 : audit [DBG] from='mgr.14162 172.21.15.121:0/2734976596' entity='mgr.smithi121.hcppvz' cmd=[{"prefix": "config dump", "format": "json"}]: dispatch
2024-01-27T23:25:18.277 INFO:journalctl@ceph.mon.smithi121.smithi121.stdout:Jan 27 23:25:17 smithi121 ceph-2005e414-bd6b-11ee-95b2-87774f69a715-mon.smithi121[38787]: audit
2024-01-27T23:25:17.373641+0000 mon.smithi121 (mon.0) 102 : audit [DBG] from='mgr.14162 172.21.15.121:0/2734976596' entity='mgr.smithi121.hcppvz' cmd=[{"prefix": "config dump", "format": "json"}]: dispatch
2024-01-27T23:25:18.277 INFO:journalctl@ceph.mon.smithi121.smithi121.stdout:Jan 27 23:25:17 smithi121 ceph-2005e414-bd6b-11ee-95b2-87774f69a715-mon.smithi121[38787]: audit
2024-01-27T23:25:17.390609+0000 mon.smithi121 (mon.0) 103 : audit [INF] from='mgr.14162 172.21.15.121:0/2734976596' entity='mgr.smithi121.hcppvz' cmd=[{"prefix":"config rm","who":"mgr","name":"mgr/rbd_support/smithi121.hcppvz/mirror_snapshot_schedule"}]: dispatch
2024-01-27T23:25:18.277 INFO:journalctl@ceph.mon.smithi121.smithi121.stdout:Jan 27 23:25:17 smithi121 ceph-2005e414-bd6b-11ee-95b2-87774f69a715-mon.smithi121[38787]: audit
2024-01-27T23:25:17.398334+0000 mon.smithi121 (mon.0) 104 : audit [INF] from='mgr.14162 172.21.15.121:0/2734976596' entity='mgr.smithi121.hcppvz' cmd=[{"prefix":"config rm","who":"mgr","name":"mgr/rbd_support/smithi121.hcppvz/trash_purge_schedule"}]: dispatch
2024-01-27T23:25:18.594 INFO:teuthology.orchestra.run.smithi121.stderr:mgr epoch 13 is available
2024-01-27T23:25:18.594 INFO:teuthology.orchestra.run.smithi121.stderr:Generating a dashboard self-signed certificate...
2024-01-27T23:25:18.594 INFO:teuthology.orchestra.run.smithi121.stderr:Running command: /bin/podman run --rm --ipc=host --no-hosts --net=host --entrypoint /usr/bin/ceph --init -e CONTAINER_IMAGE=docker.io/ceph/ceph:v16.2.4 -e NODE_NAME=smithi121 -e CEPH_USE_RANDOM_NONCE=1 -v /var/log/ceph/2005e414-bd6b-11ee-95b2-87774f69a715:/var/log/ceph:z -v /tmp/ceph-tmpgblq117f:/etc/ceph/ceph.client.admin.keyring:z -v /tmp/ceph-tmpfyzxr0ou:/etc/ceph/ceph.conf:z docker.io/ceph/ceph:v16.2.4 dashboard create-self-signed-cert
2024-01-27T23:25:19.022 INFO:teuthology.orchestra.run.smithi121.stderr:/usr/bin/ceph:
2024-01-27T23:25:19.030+0000 7fae55247700 1 Processor -- start
2024-01-27T23:25:19.022 INFO:teuthology.orchestra.run.smithi121.stderr:/usr/bin/ceph:
2024-01-27T23:25:19.030+0000 7fae55247700 1 -- start start
2024-01-27T23:25:19.023 INFO:teuthology.orchestra.run.smithi121.stderr:/usr/bin/ceph:
2024-01-27T23:25:19.030+0000 7fae55247700 1 --2- >> [v2:172.21.15.121:3300/0,v1:172.21.15.121:6789/0] conn(0x7fae500fab80 0x7fae500fafa0 unknown :-1 s=NONE pgs=0 cs=0 l=0 rev1=0 rx=0 tx=0).connect
2024-01-27T23:25:19.023 INFO:teuthology.orchestra.run.smithi121.stderr:/usr/bin/ceph:
2024-01-27T23:25:19.030+0000 7fae55247700 1 -- --> [v2:172.21.15.121:3300/0,v1:172.21.15.121:6789/0] -- mon_getmap magic: 0 v1 -- 0x7fae500fb490 con 0x7fae500fab80
2024-01-27T23:25:19.023 INFO:teuthology.orchestra.run.smithi121.stderr:/usr/bin/ceph:
2024-01-27T23:25:19.030+0000 7fae4ed9d700 1 --2- >> [v2:172.21.15.121:3300/0,v1:172.21.15.121:6789/0] conn(0x7fae500fab80 0x7fae500fafa0 unknown :-1 s=BANNER_CONNECTING pgs=0 cs=0 l=0 rev1=0 rx=0 tx=0)._handle_peer_banner_payload supported=1 required=0
2024-01-27T23:25:19.023 INFO:teuthology.orchestra.run.smithi121.stderr:/usr/bin/ceph:
2024-01-27T23:25:19.030+0000 7fae4ed9d700 1 --2- >> [v2:172.21.15.121:3300/0,v1:172.21.15.121:6789/0] conn(0x7fae500fab80 0x7fae500fafa0 unknown :-1 s=HELLO_CONNECTING pgs=0 cs=0 l=0 rev1=1 rx=0 tx=0).handle_hello peer v2:172.21.15.121:3300/0 says I am v2:172.21.15.121:46442/0 (socket says 172.21.15.121:46442)
2024-01-27T23:25:19.023 INFO:teuthology.orchestra.run.smithi121.stderr:/usr/bin/ceph:
2024-01-27T23:25:19.030+0000 7fae4ed9d700 1 -- 172.21.15.121:0/576943435 learned_addr learned my addr 172.21.15.121:0/576943435 (peer_addr_for_me v2:172.21.15.121:0/0)
2024-01-27T23:25:19.023 INFO:teuthology.orchestra.run.smithi121.stderr:/usr/bin/ceph:
2024-01-27T23:25:19.030+0000 7fae4ed9d700 1 -- 172.21.15.121:0/576943435 --> [v2:172.21.15.121:3300/0,v1:172.21.15.121:6789/0] -- mon_subscribe({config=0+,monmap=0+}) v3 -- 0x7fae500fb5d0 con 0x7fae500fab80
2024-01-27T23:25:19.023 INFO:teuthology.orchestra.run.smithi121.stderr:/usr/bin/ceph:
2024-01-27T23:25:19.031+0000 7fae4ed9d700 1 --2- 172.21.15.121:0/576943435 >> [v2:172.21.15.121:3300/0,v1:172.21.15.121:6789/0] conn(0x7fae500fab80 0x7fae500fafa0 secure :-1 s=READY pgs=79 cs=0 l=1 rev1=1 rx=0x7fae4000b5f0 tx=0x7fae40006ee0).ready entity=mon.0 client_cookie=e26d3a17585215a server_cookie=0 in_seq=0 out_seq=0
2024-01-27T23:25:19.023 INFO:teuthology.orchestra.run.smithi121.stderr:/usr/bin/ceph:
2024-01-27T23:25:19.031+0000 7fae4dd9b700 1 -- 172.21.15.121:0/576943435 <== mon.0 v2:172.21.15.121:3300/0 1 ==== mon_map magic: 0 v1 ==== 229+0+0 (secure 0 0 0) 0x7fae4000d600 con 0x7fae500fab80
2024-01-27T23:25:19.023 INFO:teuthology.orchestra.run.smithi121.stderr:/usr/bin/ceph:
2024-01-27T23:25:19.031+0000 7fae4dd9b700 1 -- 172.21.15.121:0/576943435 <== mon.0 v2:172.21.15.121:3300/0 2 ==== config(25 keys) v1 ==== 1074+0+0 (secure 0 0 0) 0x7fae4000dc10 con 0x7fae500fab80
2024-01-27T23:25:19.023 INFO:teuthology.orchestra.run.smithi121.stderr:/usr/bin/ceph:
2024-01-27T23:25:19.031+0000 7fae4dd9b700 1 -- 172.21.15.121:0/576943435 <== mon.0 v2:172.21.15.121:3300/0 3 ==== mon_map magic: 0 v1 ==== 229+0+0 (secure 0 0 0) 0x7fae40011cd0 con 0x7fae500fab80
2024-01-27T23:25:19.023 INFO:teuthology.orchestra.run.smithi121.stderr:/usr/bin/ceph:
2024-01-27T23:25:19.031+0000 7fae55247700 1 -- 172.21.15.121:0/576943435 >> [v2:172.21.15.121:3300/0,v1:172.21.15.121:6789/0] conn(0x7fae500fab80 msgr2=0x7fae500fafa0 secure :-1 s=STATE_CONNECTION_ESTABLISHED l=1).mark_down
2024-01-27T23:25:19.023 INFO:teuthology.orchestra.run.smithi121.stderr:/usr/bin/ceph:
2024-01-27T23:25:19.031+0000 7fae55247700 1 --2- 172.21.15.121:0/576943435 >> [v2:172.21.15.121:3300/0,v1:172.21.15.121:6789/0] conn(0x7fae500fab80 0x7fae500fafa0 secure :-1 s=READY pgs=79 cs=0 l=1 rev1=1 rx=0x7fae4000b5f0 tx=0x7fae40006ee0).stop
2024-01-27T23:25:19.023 INFO:teuthology.orchestra.run.smithi121.stderr:/usr/bin/ceph:
2024-01-27T23:25:19.031+0000 7fae55247700 1 -- 172.21.15.121:0/576943435 shutdown_connections
2024-01-27T23:25:19.024 INFO:teuthology.orchestra.run.smithi121.stderr:/usr/bin/ceph:
2024-01-27T23:25:19.031+0000 7fae55247700 1 --2- 172.21.15.121:0/576943435 >> [v2:172.21.15.121:3300/0,v1:172.21.15.121:6789/0] conn(0x7fae500fab80 0x7fae500fafa0 unknown :-1 s=CLOSED pgs=79 cs=0 l=1 rev1=1 rx=0 tx=0).stop
2024-01-27T23:25:19.024 INFO:teuthology.orchestra.run.smithi121.stderr:/usr/bin/ceph:
2024-01-27T23:25:19.031+0000 7fae55247700 1 -- 172.21.15.121:0/576943435 >> 172.21.15.121:0/576943435 conn(0x7fae500f63c0 msgr2=0x7fae500f87e0 unknown :-1 s=STATE_NONE l=0).mark_down
2024-01-27T23:25:19.024 INFO:teuthology.orchestra.run.smithi121.stderr:/usr/bin/ceph:
2024-01-27T23:25:19.031+0000 7fae55247700 1 -- 172.21.15.121:0/576943435 shutdown_connections
2024-01-27T23:25:19.024 INFO:teuthology.orchestra.run.smithi121.stderr:/usr/bin/ceph:
2024-01-27T23:25:19.031+0000 7fae55247700 1 -- 172.21.15.121:0/576943435 wait complete.
2024-01-27T23:25:19.024 INFO:teuthology.orchestra.run.smithi121.stderr:/usr/bin/ceph:
2024-01-27T23:25:19.032+0000 7fae55247700 1 Processor -- start
2024-01-27T23:25:19.024 INFO:teuthology.orchestra.run.smithi121.stderr:/usr/bin/ceph:
2024-01-27T23:25:19.032+0000 7fae55247700 1 -- start start
2024-01-27T23:25:19.024 INFO:teuthology.orchestra.run.smithi121.stderr:/usr/bin/ceph:
2024-01-27T23:25:19.033+0000 7fae55247700 1 --2- >> [v2:172.21.15.121:3300/0,v1:172.21.15.121:6789/0] conn(0x7fae500fab80 0x7fae5010d730 unknown :-1 s=NONE pgs=0 cs=0 l=1 rev1=0 rx=0 tx=0).connect
2024-01-27T23:25:19.024 INFO:teuthology.orchestra.run.smithi121.stderr:/usr/bin/ceph:
2024-01-27T23:25:19.033+0000 7fae55247700 1 -- --> [v2:172.21.15.121:3300/0,v1:172.21.15.121:6789/0] -- mon_getmap magic: 0 v1 -- 0x7fae50070470 con 0x7fae500fab80
2024-01-27T23:25:19.024 INFO:teuthology.orchestra.run.smithi121.stderr:/usr/bin/ceph:
2024-01-27T23:25:19.033+0000 7fae4ed9d700 1 --2- >> [v2:172.21.15.121:3300/0,v1:172.21.15.121:6789/0] conn(0x7fae500fab80 0x7fae5010d730 unknown :-1 s=BANNER_CONNECTING pgs=0 cs=0 l=1 rev1=0 rx=0 tx=0)._handle_peer_banner_payload supported=1 required=0
2024-01-27T23:25:19.024 INFO:teuthology.orchestra.run.smithi121.stderr:/usr/bin/ceph:
2024-01-27T23:25:19.033+0000 7fae4ed9d700 1 --2- >> [v2:172.21.15.121:3300/0,v1:172.21.15.121:6789/0] conn(0x7fae500fab80 0x7fae5010d730 unknown :-1 s=HELLO_CONNECTING pgs=0 cs=0 l=1 rev1=1 rx=0 tx=0).handle_hello peer v2:172.21.15.121:3300/0 says I am v2:172.21.15.121:46452/0 (socket says 172.21.15.121:46452)
2024-01-27T23:25:19.024 INFO:teuthology.orchestra.run.smithi121.stderr:/usr/bin/ceph:
2024-01-27T23:25:19.033+0000 7fae4ed9d700 1 -- 172.21.15.121:0/2724330019 learned_addr learned my addr 172.21.15.121:0/2724330019 (peer_addr_for_me v2:172.21.15.121:0/0)
2024-01-27T23:25:19.025 INFO:teuthology.orchestra.run.smithi121.stderr:/usr/bin/ceph:
2024-01-27T23:25:19.033+0000 7fae4ed9d700 1 -- 172.21.15.121:0/2724330019 --> [v2:172.21.15.121:3300/0,v1:172.21.15.121:6789/0] -- mon_subscribe({config=0+,monmap=0+}) v3 -- 0x7fae4000b200 con 0x7fae500fab80
2024-01-27T23:25:19.025 INFO:teuthology.orchestra.run.smithi121.stderr:/usr/bin/ceph:
2024-01-27T23:25:19.033+0000 7fae4ed9d700 1 --2- 172.21.15.121:0/2724330019 >> [v2:172.21.15.121:3300/0,v1:172.21.15.121:6789/0] conn(0x7fae500fab80 0x7fae5010d730 secure :-1 s=READY pgs=80 cs=0 l=1 rev1=1 rx=0x7fae4000e040 tx=0x7fae40006ee0).ready entity=mon.0 client_cookie=0 server_cookie=0 in_seq=0 out_seq=0
2024-01-27T23:25:19.026 INFO:teuthology.orchestra.run.smithi121.stderr:/usr/bin/ceph:
2024-01-27T23:25:19.033+0000 7fae377fe700 1 -- 172.21.15.121:0/2724330019 <== mon.0 v2:172.21.15.121:3300/0 1 ==== mon_map magic: 0 v1 ==== 229+0+0 (secure 0 0 0) 0x7fae4001b410 con 0x7fae500fab80
2024-01-27T23:25:19.026 INFO:teuthology.orchestra.run.smithi121.stderr:/usr/bin/ceph:
2024-01-27T23:25:19.033+0000 7fae55247700 1 -- 172.21.15.121:0/2724330019 --> [v2:172.21.15.121:3300/0,v1:172.21.15.121:6789/0] -- mon_subscribe({mgrmap=0+}) v3 -- 0x7fae50070670 con 0x7fae500fab80
2024-01-27T23:25:19.026 INFO:teuthology.orchestra.run.smithi121.stderr:/usr/bin/ceph:
2024-01-27T23:25:19.033+0000 7fae377fe700 1 -- 172.21.15.121:0/2724330019 <== mon.0 v2:172.21.15.121:3300/0 2 ==== config(25 keys) v1 ==== 1074+0+0 (secure 0 0 0) 0x7fae4001ba20 con 0x7fae500fab80
2024-01-27T23:25:19.026 INFO:teuthology.orchestra.run.smithi121.stderr:/usr/bin/ceph:
2024-01-27T23:25:19.033+0000 7fae377fe700 1 -- 172.21.15.121:0/2724330019 <== mon.0 v2:172.21.15.121:3300/0 3 ==== mon_map magic: 0 v1 ==== 229+0+0 (secure 0 0 0) 0x7fae4001a910 con 0x7fae500fab80
2024-01-27T23:25:19.026 INFO:teuthology.orchestra.run.smithi121.stderr:/usr/bin/ceph:
2024-01-27T23:25:19.033+0000 7fae55247700 1 -- 172.21.15.121:0/2724330019 --> [v2:172.21.15.121:3300/0,v1:172.21.15.121:6789/0] -- mon_subscribe({osdmap=0}) v3 -- 0x7fae5010dde0 con 0x7fae500fab80
2024-01-27T23:25:19.026 INFO:teuthology.orchestra.run.smithi121.stderr:/usr/bin/ceph:
2024-01-27T23:25:19.034+0000 7fae377fe700 1 -- 172.21.15.121:0/2724330019 <== mon.0 v2:172.21.15.121:3300/0 4 ==== mgrmap(e 15) v1 ==== 36067+0+0 (secure 0 0 0) 0x7fae4000f070 con 0x7fae500fab80
2024-01-27T23:25:19.026 INFO:teuthology.orchestra.run.smithi121.stderr:/usr/bin/ceph:
2024-01-27T23:25:19.034+0000 7fae377fe700 1 --2- 172.21.15.121:0/2724330019 >> [v2:172.21.15.121:6800/802027800,v1:172.21.15.121:6801/802027800] conn(0x7fae3c02fd50 0x7fae3c032210 unknown :-1 s=NONE pgs=0 cs=0 l=1 rev1=0 rx=0 tx=0).connect
2024-01-27T23:25:19.026 INFO:teuthology.orchestra.run.smithi121.stderr:/usr/bin/ceph:
2024-01-27T23:25:19.034+0000 7fae55247700 1 -- 172.21.15.121:0/2724330019 --> [v2:172.21.15.121:3300/0,v1:172.21.15.121:6789/0] -- mon_command({"prefix": "get_command_descriptions"} v 0) v1 -- 0x7fae50045ad0 con 0x7fae500fab80
2024-01-27T23:25:19.026 INFO:teuthology.orchestra.run.smithi121.stderr:/usr/bin/ceph:
2024-01-27T23:25:19.034+0000 7fae377fe700 1 -- 172.21.15.121:0/2724330019 <== mon.0 v2:172.21.15.121:3300/0 5 ==== osd_map(4..4 src has 1..4) v4 ==== 1270+0+0 (secure 0 0 0) 0x7fae400411b0 con 0x7fae500fab80
2024-01-27T23:25:19.026 INFO:teuthology.orchestra.run.smithi121.stderr:/usr/bin/ceph:
2024-01-27T23:25:19.034+0000 7fae4e59c700 1 --2- 172.21.15.121:0/2724330019 >> [v2:172.21.15.121:6800/802027800,v1:172.21.15.121:6801/802027800] conn(0x7fae3c02fd50 0x7fae3c032210 unknown :-1 s=BANNER_CONNECTING pgs=0 cs=0 l=1 rev1=0 rx=0 tx=0)._handle_peer_banner_payload supported=1 required=0
2024-01-27T23:25:19.026 INFO:teuthology.orchestra.run.smithi121.stderr:/usr/bin/ceph:
2024-01-27T23:25:19.035+0000 7fae4e59c700 1 --2- 172.21.15.121:0/2724330019 >> [v2:172.21.15.121:6800/802027800,v1:172.21.15.121:6801/802027800] conn(0x7fae3c02fd50 0x7fae3c032210 secure :-1 s=READY pgs=6 cs=0 l=1 rev1=1 rx=0x7fae440096a0 tx=0x7fae44006b40).ready entity=mgr.14162 client_cookie=0 server_cookie=0 in_seq=0 out_seq=0
2024-01-27T23:25:19.028 INFO:teuthology.orchestra.run.smithi121.stderr:/usr/bin/ceph:
2024-01-27T23:25:19.038+0000 7fae377fe700 1 -- 172.21.15.121:0/2724330019 <== mon.0 v2:172.21.15.121:3300/0 6 ==== mon_command_ack([{"prefix": "get_command_descriptions"}]=0 v0) v1 ==== 72+0+152212 (secure 0 0 0) 0x7fae400107d0 con 0x7fae500fab80
2024-01-27T23:25:19.187 INFO:teuthology.orchestra.run.smithi121.stderr:/usr/bin/ceph:
2024-01-27T23:25:19.197+0000 7fae55247700 1 -- 172.21.15.121:0/2724330019 --> [v2:172.21.15.121:6800/802027800,v1:172.21.15.121:6801/802027800] -- mgr_command(tid 0: {"prefix": "dashboard create-self-signed-cert", "target": ["mon-mgr", ""]}) v1 -- 0x7fae50057f10 con 0x7fae3c02fd50
2024-01-27T23:25:19.245 INFO:teuthology.orchestra.run.smithi121.stderr:/usr/bin/ceph:
2024-01-27T23:25:19.255+0000 7fae377fe700 1 -- 172.21.15.121:0/2724330019 <== mon.0 v2:172.21.15.121:3300/0 7 ==== mgrmap(e 16) v1 ==== 36208+0+0 (secure 0 0 0) 0x7fae40024930 con 0x7fae500fab80
2024-01-27T23:25:19.280 INFO:teuthology.orchestra.run.smithi121.stderr:/usr/bin/ceph:
2024-01-27T23:25:19.291+0000 7fae377fe700 1 -- 172.21.15.121:0/2724330019 <== mgr.14162 v2:172.21.15.121:6800/802027800 1 ==== mgr_command_reply(tid 0: 0 ) v1 ==== 8+0+32 (secure 0 0 0) 0x7fae50057f10 con 0x7fae3c02fd50
2024-01-27T23:25:19.281 INFO:teuthology.orchestra.run.smithi121.stderr:/usr/bin/ceph: Self-signed certificate created
2024-01-27T23:25:19.283 INFO:teuthology.orchestra.run.smithi121.stderr:/usr/bin/ceph:
2024-01-27T23:25:19.292+0000 7fae55247700 1 -- 172.21.15.121:0/2724330019 >> [v2:172.21.15.121:6800/802027800,v1:172.21.15.121:6801/802027800] conn(0x7fae3c02fd50 msgr2=0x7fae3c032210 secure :-1 s=STATE_CONNECTION_ESTABLISHED l=1).mark_down
2024-01-27T23:25:19.283 INFO:teuthology.orchestra.run.smithi121.stderr:/usr/bin/ceph:
2024-01-27T23:25:19.292+0000 7fae55247700 1 --2- 172.21.15.121:0/2724330019 >> [v2:172.21.15.121:6800/802027800,v1:172.21.15.121:6801/802027800] conn(0x7fae3c02fd50 0x7fae3c032210 secure :-1 s=READY pgs=6 cs=0 l=1 rev1=1 rx=0x7fae440096a0 tx=0x7fae44006b40).stop
2024-01-27T23:25:19.283 INFO:teuthology.orchestra.run.smithi121.stderr:/usr/bin/ceph:
2024-01-27T23:25:19.293+0000 7fae55247700 1 -- 172.21.15.121:0/2724330019 >> [v2:172.21.15.121:3300/0,v1:172.21.15.121:6789/0] conn(0x7fae500fab80 msgr2=0x7fae5010d730 secure :-1 s=STATE_CONNECTION_ESTABLISHED l=1).mark_down
2024-01-27T23:25:19.283 INFO:teuthology.orchestra.run.smithi121.stderr:/usr/bin/ceph:
2024-01-27T23:25:19.293+0000 7fae55247700 1 --2- 172.21.15.121:0/2724330019 >> [v2:172.21.15.121:3300/0,v1:172.21.15.121:6789/0] conn(0x7fae500fab80 0x7fae5010d730 secure :-1 s=READY pgs=80 cs=0 l=1 rev1=1 rx=0x7fae4000e040 tx=0x7fae40006ee0).stop
2024-01-27T23:25:19.283 INFO:teuthology.orchestra.run.smithi121.stderr:/usr/bin/ceph:
2024-01-27T23:25:19.293+0000 7fae55247700 1 -- 172.21.15.121:0/2724330019 shutdown_connections
2024-01-27T23:25:19.283 INFO:teuthology.orchestra.run.smithi121.stderr:/usr/bin/ceph:
2024-01-27T23:25:19.293+0000 7fae55247700 1 --2- 172.21.15.121:0/2724330019 >> [v2:172.21.15.121:6800/802027800,v1:172.21.15.121:6801/802027800] conn(0x7fae3c02fd50 0x7fae3c032210 unknown :-1 s=CLOSED pgs=6 cs=0 l=1 rev1=1 rx=0 tx=0).stop
2024-01-27T23:25:19.283 INFO:teuthology.orchestra.run.smithi121.stderr:/usr/bin/ceph:
2024-01-27T23:25:19.293+0000 7fae55247700 1 --2- 172.21.15.121:0/2724330019 >> [v2:172.21.15.121:3300/0,v1:172.21.15.121:6789/0] conn(0x7fae500fab80 0x7fae5010d730 unknown :-1 s=CLOSED pgs=80 cs=0 l=1 rev1=1 rx=0 tx=0).stop
2024-01-27T23:25:19.283 INFO:teuthology.orchestra.run.smithi121.stderr:/usr/bin/ceph:
2024-01-27T23:25:19.293+0000 7fae55247700 1 -- 172.21.15.121:0/2724330019 >> 172.21.15.121:0/2724330019 conn(0x7fae500f63c0 msgr2=0x7fae500f7e80 unknown :-1 s=STATE_NONE l=0).mark_down
2024-01-27T23:25:19.283 INFO:teuthology.orchestra.run.smithi121.stderr:/usr/bin/ceph:
2024-01-27T23:25:19.293+0000 7fae55247700 1 -- 172.21.15.121:0/2724330019 shutdown_connections
2024-01-27T23:25:19.283 INFO:teuthology.orchestra.run.smithi121.stderr:/usr/bin/ceph:
2024-01-27T23:25:19.293+0000 7fae55247700 1 -- 172.21.15.121:0/2724330019 wait complete.
2024-01-27T23:25:19.433 INFO:journalctl@ceph.mon.smithi121.smithi121.stdout:Jan 27 23:25:19 smithi121 ceph-2005e414-bd6b-11ee-95b2-87774f69a715-mon.smithi121[38787]: audit
2024-01-27T23:25:18.151289+0000 mon.smithi121 (mon.0) 105 : audit [INF] from='mgr.14162 172.21.15.121:0/2734976596' entity='mgr.smithi121.hcppvz'
2024-01-27T23:25:19.434 INFO:journalctl@ceph.mon.smithi121.smithi121.stdout:Jan 27 23:25:19 smithi121 ceph-2005e414-bd6b-11ee-95b2-87774f69a715-mon.smithi121[38787]: audit
2024-01-27T23:25:18.256987+0000 mgr.smithi121.hcppvz (mgr.14162) 1 : audit [DBG] from='client.14166 -' entity='client.admin' cmd=[{"prefix": "get_command_descriptions"}]: dispatch
2024-01-27T23:25:19.434 INFO:journalctl@ceph.mon.smithi121.smithi121.stdout:Jan 27 23:25:19 smithi121 ceph-2005e414-bd6b-11ee-95b2-87774f69a715-mon.smithi121[38787]: cluster
2024-01-27T23:25:18.257782+0000 mon.smithi121 (mon.0) 106 : cluster [DBG] mgrmap e15: smithi121.hcppvz(active, since 1.37131s)
2024-01-27T23:25:19.434 INFO:journalctl@ceph.mon.smithi121.smithi121.stdout:Jan 27 23:25:19 smithi121 ceph-2005e414-bd6b-11ee-95b2-87774f69a715-mon.smithi121[38787]: audit
2024-01-27T23:25:18.263330+0000 mgr.smithi121.hcppvz (mgr.14162) 2 : audit [DBG] from='client.14166 -' entity='client.admin' cmd=[{"prefix": "mgr_status"}]: dispatch
2024-01-27T23:25:19.635 INFO:teuthology.orchestra.run.smithi121.stderr:Creating initial admin user...
2024-01-27T23:25:19.635 INFO:teuthology.orchestra.run.smithi121.stderr:Running command: /bin/podman run --rm --ipc=host --no-hosts --net=host --entrypoint /usr/bin/ceph --init -e CONTAINER_IMAGE=docker.io/ceph/ceph:v16.2.4 -e NODE_NAME=smithi121 -e CEPH_USE_RANDOM_NONCE=1 -v /var/log/ceph/2005e414-bd6b-11ee-95b2-87774f69a715:/var/log/ceph:z -v /tmp/ceph-tmpgblq117f:/etc/ceph/ceph.client.admin.keyring:z -v /tmp/ceph-tmpfyzxr0ou:/etc/ceph/ceph.conf:z -v /tmp/ceph-tmph95otsoh:/tmp/dashboard.pw:z docker.io/ceph/ceph:v16.2.4 dashboard ac-user-create admin -i /tmp/dashboard.pw administrator --force-password --pwd-update-required
2024-01-27T23:25:19.992 INFO:teuthology.orchestra.run.smithi121.stderr:/usr/bin/ceph:
2024-01-27T23:25:20.001+0000 7f39db531700 1 Processor -- start
2024-01-27T23:25:19.992 INFO:teuthology.orchestra.run.smithi121.stderr:/usr/bin/ceph:
2024-01-27T23:25:20.001+0000 7f39db531700 1 -- start start
2024-01-27T23:25:19.992 INFO:teuthology.orchestra.run.smithi121.stderr:/usr/bin/ceph:
2024-01-27T23:25:20.001+0000 7f39db531700 1 --2- >> [v2:172.21.15.121:3300/0,v1:172.21.15.121:6789/0] conn(0x7f39d40703f0 0x7f39d4100d20 unknown :-1 s=NONE pgs=0 cs=0 l=0 rev1=0 rx=0 tx=0).connect
2024-01-27T23:25:19.992 INFO:teuthology.orchestra.run.smithi121.stderr:/usr/bin/ceph:
2024-01-27T23:25:20.001+0000 7f39db531700 1 -- --> [v2:172.21.15.121:3300/0,v1:172.21.15.121:6789/0] -- mon_getmap magic: 0 v1 -- 0x7f39d40fc710 con 0x7f39d40703f0
2024-01-27T23:25:19.992 INFO:teuthology.orchestra.run.smithi121.stderr:/usr/bin/ceph:
2024-01-27T23:25:20.001+0000 7f39d92cd700 1 --2- >> [v2:172.21.15.121:3300/0,v1:172.21.15.121:6789/0] conn(0x7f39d40703f0 0x7f39d4100d20 unknown :-1 s=BANNER_CONNECTING pgs=0 cs=0 l=0 rev1=0 rx=0 tx=0)._handle_peer_banner_payload supported=1 required=0
2024-01-27T23:25:19.992 INFO:teuthology.orchestra.run.smithi121.stderr:/usr/bin/ceph:
2024-01-27T23:25:20.001+0000 7f39d92cd700 1 --2- >> [v2:172.21.15.121:3300/0,v1:172.21.15.121:6789/0] conn(0x7f39d40703f0 0x7f39d4100d20 unknown :-1 s=HELLO_CONNECTING pgs=0 cs=0 l=0 rev1=1 rx=0 tx=0).handle_hello peer v2:172.21.15.121:3300/0 says I am v2:172.21.15.121:46458/0 (socket says 172.21.15.121:46458)
2024-01-27T23:25:19.992 INFO:teuthology.orchestra.run.smithi121.stderr:/usr/bin/ceph:
2024-01-27T23:25:20.001+0000 7f39d92cd700 1 -- 172.21.15.121:0/3296084974 learned_addr learned my addr 172.21.15.121:0/3296084974 (peer_addr_for_me v2:172.21.15.121:0/0)
2024-01-27T23:25:19.992 INFO:teuthology.orchestra.run.smithi121.stderr:/usr/bin/ceph:
2024-01-27T23:25:20.002+0000 7f39d92cd700 1 -- 172.21.15.121:0/3296084974 --> [v2:172.21.15.121:3300/0,v1:172.21.15.121:6789/0] -- mon_subscribe({config=0+,monmap=0+}) v3 -- 0x7f39d4101210 con 0x7f39d40703f0
2024-01-27T23:25:19.992 INFO:teuthology.orchestra.run.smithi121.stderr:/usr/bin/ceph:
2024-01-27T23:25:20.002+0000 7f39d92cd700 1 --2- 172.21.15.121:0/3296084974 >> [v2:172.21.15.121:3300/0,v1:172.21.15.121:6789/0] conn(0x7f39d40703f0 0x7f39d4100d20 secure :-1 s=READY pgs=81 cs=0 l=1 rev1=1 rx=0x7f39c400b5f0 tx=0x7f39c4006ee0).ready entity=mon.0 client_cookie=38a6271a660a9a91 server_cookie=0 in_seq=0 out_seq=0
2024-01-27T23:25:19.992 INFO:teuthology.orchestra.run.smithi121.stderr:/usr/bin/ceph:
2024-01-27T23:25:20.002+0000 7f39c3fff700 1 -- 172.21.15.121:0/3296084974 <== mon.0 v2:172.21.15.121:3300/0 1 ==== mon_map magic: 0 v1 ==== 229+0+0 (secure 0 0 0) 0x7f39c400d600 con 0x7f39d40703f0
2024-01-27T23:25:19.992 INFO:teuthology.orchestra.run.smithi121.stderr:/usr/bin/ceph:
2024-01-27T23:25:20.002+0000 7f39c3fff700 1 -- 172.21.15.121:0/3296084974 <== mon.0 v2:172.21.15.121:3300/0 2 ==== config(25 keys) v1 ==== 1074+0+0 (secure 0 0 0) 0x7f39c400dc10 con 0x7f39d40703f0
2024-01-27T23:25:19.993 INFO:teuthology.orchestra.run.smithi121.stderr:/usr/bin/ceph:
2024-01-27T23:25:20.002+0000 7f39c3fff700 1 -- 172.21.15.121:0/3296084974 <== mon.0 v2:172.21.15.121:3300/0 3 ==== mon_map magic: 0 v1 ==== 229+0+0 (secure 0 0 0) 0x7f39c4011cd0 con 0x7f39d40703f0
2024-01-27T23:25:19.995 INFO:teuthology.orchestra.run.smithi121.stderr:/usr/bin/ceph:
2024-01-27T23:25:20.003+0000 7f39db531700 1 -- 172.21.15.121:0/3296084974 >> [v2:172.21.15.121:3300/0,v1:172.21.15.121:6789/0] conn(0x7f39d40703f0 msgr2=0x7f39d4100d20 secure :-1 s=STATE_CONNECTION_ESTABLISHED l=1).mark_down
2024-01-27T23:25:19.995 INFO:teuthology.orchestra.run.smithi121.stderr:/usr/bin/ceph:
2024-01-27T23:25:20.003+0000 7f39db531700 1 --2- 172.21.15.121:0/3296084974 >> [v2:172.21.15.121:3300/0,v1:172.21.15.121:6789/0] conn(0x7f39d40703f0 0x7f39d4100d20 secure :-1 s=READY pgs=81 cs=0 l=1 rev1=1 rx=0x7f39c400b5f0 tx=0x7f39c4006ee0).stop
2024-01-27T23:25:19.996 INFO:teuthology.orchestra.run.smithi121.stderr:/usr/bin/ceph:
2024-01-27T23:25:20.003+0000 7f39db531700 1 -- 172.21.15.121:0/3296084974 shutdown_connections
2024-01-27T23:25:19.996 INFO:teuthology.orchestra.run.smithi121.stderr:/usr/bin/ceph:
2024-01-27T23:25:20.003+0000 7f39db531700 1 --2- 172.21.15.121:0/3296084974 >> [v2:172.21.15.121:3300/0,v1:172.21.15.121:6789/0] conn(0x7f39d40703f0 0x7f39d4100d20 unknown :-1 s=CLOSED pgs=81 cs=0 l=1 rev1=1 rx=0 tx=0).stop
2024-01-27T23:25:19.996 INFO:teuthology.orchestra.run.smithi121.stderr:/usr/bin/ceph:
2024-01-27T23:25:20.003+0000 7f39db531700 1 -- 172.21.15.121:0/3296084974 >> 172.21.15.121:0/3296084974 conn(0x7f39d40f63c0 msgr2=0x7f39d40f87e0 unknown :-1 s=STATE_NONE l=0).mark_down
2024-01-27T23:25:19.996 INFO:teuthology.orchestra.run.smithi121.stderr:/usr/bin/ceph:
2024-01-27T23:25:20.003+0000 7f39db531700 1 -- 172.21.15.121:0/3296084974 shutdown_connections
2024-01-27T23:25:19.996 INFO:teuthology.orchestra.run.smithi121.stderr:/usr/bin/ceph:
2024-01-27T23:25:20.003+0000 7f39db531700 1 -- 172.21.15.121:0/3296084974 wait complete.
2024-01-27T23:25:19.996 INFO:teuthology.orchestra.run.smithi121.stderr:/usr/bin/ceph:
2024-01-27T23:25:20.004+0000 7f39db531700 1 Processor -- start
2024-01-27T23:25:19.996 INFO:teuthology.orchestra.run.smithi121.stderr:/usr/bin/ceph:
2024-01-27T23:25:20.004+0000 7f39db531700 1 -- start start
2024-01-27T23:25:19.996 INFO:teuthology.orchestra.run.smithi121.stderr:/usr/bin/ceph:
2024-01-27T23:25:20.004+0000 7f39db531700 1 --2- >> [v2:172.21.15.121:3300/0,v1:172.21.15.121:6789/0] conn(0x7f39d40703f0 0x7f39d410ccf0 unknown :-1 s=NONE pgs=0 cs=0 l=1 rev1=0 rx=0 tx=0).connect
2024-01-27T23:25:19.996 INFO:teuthology.orchestra.run.smithi121.stderr:/usr/bin/ceph:
2024-01-27T23:25:20.004+0000 7f39db531700 1 -- --> [v2:172.21.15.121:3300/0,v1:172.21.15.121:6789/0] -- mon_getmap magic: 0 v1 -- 0x7f39d410d1e0 con 0x7f39d40703f0
2024-01-27T23:25:19.996 INFO:teuthology.orchestra.run.smithi121.stderr:/usr/bin/ceph:
2024-01-27T23:25:20.004+0000 7f39d92cd700 1 --2- >> [v2:172.21.15.121:3300/0,v1:172.21.15.121:6789/0] conn(0x7f39d40703f0 0x7f39d410ccf0 unknown :-1 s=BANNER_CONNECTING pgs=0 cs=0 l=1 rev1=0 rx=0 tx=0)._handle_peer_banner_payload supported=1 required=0
2024-01-27T23:25:19.996 INFO:teuthology.orchestra.run.smithi121.stderr:/usr/bin/ceph:
2024-01-27T23:25:20.004+0000 7f39d92cd700 1 --2- >> [v2:172.21.15.121:3300/0,v1:172.21.15.121:6789/0] conn(0x7f39d40703f0 0x7f39d410ccf0 unknown :-1 s=HELLO_CONNECTING pgs=0 cs=0 l=1 rev1=1 rx=0 tx=0).handle_hello peer v2:172.21.15.121:3300/0 says I am v2:172.21.15.121:46470/0 (socket says 172.21.15.121:46470)
2024-01-27T23:25:19.996 INFO:teuthology.orchestra.run.smithi121.stderr:/usr/bin/ceph:
2024-01-27T23:25:20.004+0000 7f39d92cd700 1 -- 172.21.15.121:0/1538962250 learned_addr learned my addr 172.21.15.121:0/1538962250 (peer_addr_for_me v2:172.21.15.121:0/0)
2024-01-27T23:25:19.996 INFO:teuthology.orchestra.run.smithi121.stderr:/usr/bin/ceph:
2024-01-27T23:25:20.004+0000 7f39d92cd700 1 -- 172.21.15.121:0/1538962250 --> [v2:172.21.15.121:3300/0,v1:172.21.15.121:6789/0] -- mon_subscribe({config=0+,monmap=0+}) v3 -- 0x7f39c400b200 con 0x7f39d40703f0
2024-01-27T23:25:19.997 INFO:teuthology.orchestra.run.smithi121.stderr:/usr/bin/ceph:
2024-01-27T23:25:20.004+0000 7f39d92cd700 1 --2- 172.21.15.121:0/1538962250 >> [v2:172.21.15.121:3300/0,v1:172.21.15.121:6789/0] conn(0x7f39d40703f0 0x7f39d410ccf0 secure :-1 s=READY pgs=82 cs=0 l=1 rev1=1 rx=0x7f39c4006a40 tx=0x7f39c4006ee0).ready entity=mon.0 client_cookie=0 server_cookie=0 in_seq=0 out_seq=0
2024-01-27T23:25:19.997 INFO:teuthology.orchestra.run.smithi121.stderr:/usr/bin/ceph:
