2024-01-27T23:30:22.779+0000 7f864a1c4700 1 -- 172.21.15.1:0/1711776346 --> [v2:172.21.15.1:3300/0,v1:172.21.15.1:6789/0] -- mon_subscribe({config=0+,monmap=0+}) v3 -- 0x7f86440fc6d0 con 0x7f86440fbc80
2024-01-27T23:30:22.774 INFO:teuthology.orchestra.run.smithi001.stderr:/usr/bin/ceph:
2024-01-27T23:30:22.779+0000 7f864a1c4700 1 --2- 172.21.15.1:0/1711776346 >> [v2:172.21.15.1:3300/0,v1:172.21.15.1:6789/0] conn(0x7f86440fbc80 0x7f86440fc0a0 secure :-1 s=READY pgs=49 cs=0 l=1 rev1=1 rx=0x7f864000b5f0 tx=0x7f8640006ee0).ready entity=mon.0 client_cookie=7bcaa647fbacb009 server_cookie=0 in_seq=0 out_seq=0
2024-01-27T23:30:22.774 INFO:teuthology.orchestra.run.smithi001.stderr:/usr/bin/ceph:
2024-01-27T23:30:22.779+0000 7f86491c2700 1 -- 172.21.15.1:0/1711776346 <== mon.0 v2:172.21.15.1:3300/0 1 ==== mon_map magic: 0 v1 ==== 229+0+0 (secure 0 0 0) 0x7f864000d600 con 0x7f86440fbc80
2024-01-27T23:30:22.774 INFO:teuthology.orchestra.run.smithi001.stderr:/usr/bin/ceph:
2024-01-27T23:30:22.779+0000 7f86491c2700 1 -- 172.21.15.1:0/1711776346 <== mon.0 v2:172.21.15.1:3300/0 2 ==== config(25 keys) v1 ==== 1010+0+0 (secure 0 0 0) 0x7f864000dbd0 con 0x7f86440fbc80
2024-01-27T23:30:22.774 INFO:teuthology.orchestra.run.smithi001.stderr:/usr/bin/ceph:
2024-01-27T23:30:22.779+0000 7f86491c2700 1 -- 172.21.15.1:0/1711776346 <== mon.0 v2:172.21.15.1:3300/0 3 ==== mon_map magic: 0 v1 ==== 229+0+0 (secure 0 0 0) 0x7f8640011c00 con 0x7f86440fbc80
2024-01-27T23:30:22.774 INFO:teuthology.orchestra.run.smithi001.stderr:/usr/bin/ceph:
2024-01-27T23:30:22.780+0000 7f864c428700 1 -- 172.21.15.1:0/1711776346 >> [v2:172.21.15.1:3300/0,v1:172.21.15.1:6789/0] conn(0x7f86440fbc80 msgr2=0x7f86440fc0a0 secure :-1 s=STATE_CONNECTION_ESTABLISHED l=1).mark_down
2024-01-27T23:30:22.774 INFO:teuthology.orchestra.run.smithi001.stderr:/usr/bin/ceph:
2024-01-27T23:30:22.780+0000 7f864c428700 1 --2- 172.21.15.1:0/1711776346 >> [v2:172.21.15.1:3300/0,v1:172.21.15.1:6789/0] conn(0x7f86440fbc80 0x7f86440fc0a0 secure :-1 s=READY pgs=49 cs=0 l=1 rev1=1 rx=0x7f864000b5f0 tx=0x7f8640006ee0).stop
2024-01-27T23:30:22.774 INFO:teuthology.orchestra.run.smithi001.stderr:/usr/bin/ceph:
2024-01-27T23:30:22.780+0000 7f864c428700 1 -- 172.21.15.1:0/1711776346 shutdown_connections
2024-01-27T23:30:22.774 INFO:teuthology.orchestra.run.smithi001.stderr:/usr/bin/ceph:
2024-01-27T23:30:22.780+0000 7f864c428700 1 --2- 172.21.15.1:0/1711776346 >> [v2:172.21.15.1:3300/0,v1:172.21.15.1:6789/0] conn(0x7f86440fbc80 0x7f86440fc0a0 unknown :-1 s=CLOSED pgs=49 cs=0 l=1 rev1=1 rx=0 tx=0).stop
2024-01-27T23:30:22.775 INFO:teuthology.orchestra.run.smithi001.stderr:/usr/bin/ceph:
2024-01-27T23:30:22.780+0000 7f864c428700 1 -- 172.21.15.1:0/1711776346 >> 172.21.15.1:0/1711776346 conn(0x7f86440f74c0 msgr2=0x7f86440f98e0 unknown :-1 s=STATE_NONE l=0).mark_down
2024-01-27T23:30:22.775 INFO:teuthology.orchestra.run.smithi001.stderr:/usr/bin/ceph:
2024-01-27T23:30:22.780+0000 7f864c428700 1 -- 172.21.15.1:0/1711776346 shutdown_connections
2024-01-27T23:30:22.775 INFO:teuthology.orchestra.run.smithi001.stderr:/usr/bin/ceph:
2024-01-27T23:30:22.780+0000 7f864c428700 1 -- 172.21.15.1:0/1711776346 wait complete.
2024-01-27T23:30:22.777 INFO:teuthology.orchestra.run.smithi001.stderr:/usr/bin/ceph:
2024-01-27T23:30:22.781+0000 7f864c428700 1 Processor -- start
2024-01-27T23:30:22.777 INFO:teuthology.orchestra.run.smithi001.stderr:/usr/bin/ceph:
2024-01-27T23:30:22.781+0000 7f864c428700 1 -- start start
2024-01-27T23:30:22.777 INFO:teuthology.orchestra.run.smithi001.stderr:/usr/bin/ceph:
2024-01-27T23:30:22.781+0000 7f864c428700 1 --2- >> [v2:172.21.15.1:3300/0,v1:172.21.15.1:6789/0] conn(0x7f86440fbc80 0x7f8644072570 unknown :-1 s=NONE pgs=0 cs=0 l=1 rev1=0 rx=0 tx=0).connect
2024-01-27T23:30:22.777 INFO:teuthology.orchestra.run.smithi001.stderr:/usr/bin/ceph:
2024-01-27T23:30:22.781+0000 7f864c428700 1 -- --> [v2:172.21.15.1:3300/0,v1:172.21.15.1:6789/0] -- mon_getmap magic: 0 v1 -- 0x7f86440709f0 con 0x7f86440fbc80
2024-01-27T23:30:22.777 INFO:teuthology.orchestra.run.smithi001.stderr:/usr/bin/ceph:
2024-01-27T23:30:22.781+0000 7f864a1c4700 1 --2- >> [v2:172.21.15.1:3300/0,v1:172.21.15.1:6789/0] conn(0x7f86440fbc80 0x7f8644072570 unknown :-1 s=BANNER_CONNECTING pgs=0 cs=0 l=1 rev1=0 rx=0 tx=0)._handle_peer_banner_payload supported=1 required=0
2024-01-27T23:30:22.777 INFO:teuthology.orchestra.run.smithi001.stderr:/usr/bin/ceph:
2024-01-27T23:30:22.781+0000 7f864a1c4700 1 --2- >> [v2:172.21.15.1:3300/0,v1:172.21.15.1:6789/0] conn(0x7f86440fbc80 0x7f8644072570 unknown :-1 s=HELLO_CONNECTING pgs=0 cs=0 l=1 rev1=1 rx=0 tx=0).handle_hello peer v2:172.21.15.1:3300/0 says I am v2:172.21.15.1:48076/0 (socket says 172.21.15.1:48076)
2024-01-27T23:30:22.777 INFO:teuthology.orchestra.run.smithi001.stderr:/usr/bin/ceph:
2024-01-27T23:30:22.781+0000 7f864a1c4700 1 -- 172.21.15.1:0/2428830618 learned_addr learned my addr 172.21.15.1:0/2428830618 (peer_addr_for_me v2:172.21.15.1:0/0)
2024-01-27T23:30:22.777 INFO:teuthology.orchestra.run.smithi001.stderr:/usr/bin/ceph:
2024-01-27T23:30:22.782+0000 7f864a1c4700 1 -- 172.21.15.1:0/2428830618 --> [v2:172.21.15.1:3300/0,v1:172.21.15.1:6789/0] -- mon_subscribe({config=0+,monmap=0+}) v3 -- 0x7f864000b200 con 0x7f86440fbc80
2024-01-27T23:30:22.777 INFO:teuthology.orchestra.run.smithi001.stderr:/usr/bin/ceph:
2024-01-27T23:30:22.782+0000 7f864a1c4700 1 --2- 172.21.15.1:0/2428830618 >> [v2:172.21.15.1:3300/0,v1:172.21.15.1:6789/0] conn(0x7f86440fbc80 0x7f8644072570 secure :-1 s=READY pgs=50 cs=0 l=1 rev1=1 rx=0x7f864000b1d0 tx=0x7f8640006ee0).ready entity=mon.0 client_cookie=0 server_cookie=0 in_seq=0 out_seq=0
2024-01-27T23:30:22.777 INFO:teuthology.orchestra.run.smithi001.stderr:/usr/bin/ceph:
2024-01-27T23:30:22.782+0000 7f8632ffd700 1 -- 172.21.15.1:0/2428830618 <== mon.0 v2:172.21.15.1:3300/0 1 ==== mon_map magic: 0 v1 ==== 229+0+0 (secure 0 0 0) 0x7f864001b410 con 0x7f86440fbc80
2024-01-27T23:30:22.777 INFO:teuthology.orchestra.run.smithi001.stderr:/usr/bin/ceph:
2024-01-27T23:30:22.782+0000 7f8632ffd700 1 -- 172.21.15.1:0/2428830618 <== mon.0 v2:172.21.15.1:3300/0 2 ==== config(25 keys) v1 ==== 1010+0+0 (secure 0 0 0) 0x7f864001b9e0 con 0x7f86440fbc80
2024-01-27T23:30:22.777 INFO:teuthology.orchestra.run.smithi001.stderr:/usr/bin/ceph:
2024-01-27T23:30:22.782+0000 7f864c428700 1 -- 172.21.15.1:0/2428830618 --> [v2:172.21.15.1:3300/0,v1:172.21.15.1:6789/0] -- mon_subscribe({mgrmap=0+}) v3 -- 0x7f8644070b90 con 0x7f86440fbc80
2024-01-27T23:30:22.778 INFO:teuthology.orchestra.run.smithi001.stderr:/usr/bin/ceph:
2024-01-27T23:30:22.782+0000 7f8632ffd700 1 -- 172.21.15.1:0/2428830618 <== mon.0 v2:172.21.15.1:3300/0 3 ==== mon_map magic: 0 v1 ==== 229+0+0 (secure 0 0 0) 0x7f864001a840 con 0x7f86440fbc80
2024-01-27T23:30:22.778 INFO:teuthology.orchestra.run.smithi001.stderr:/usr/bin/ceph:
2024-01-27T23:30:22.782+0000 7f864c428700 1 -- 172.21.15.1:0/2428830618 --> [v2:172.21.15.1:3300/0,v1:172.21.15.1:6789/0] -- mon_subscribe({osdmap=0}) v3 -- 0x7f8644070fa0 con 0x7f86440fbc80
2024-01-27T23:30:22.778 INFO:teuthology.orchestra.run.smithi001.stderr:/usr/bin/ceph:
2024-01-27T23:30:22.783+0000 7f8632ffd700 1 -- 172.21.15.1:0/2428830618 <== mon.0 v2:172.21.15.1:3300/0 4 ==== mgrmap(e 8) v1 ==== 36134+0+0 (secure 0 0 0) 0x7f864000f070 con 0x7f86440fbc80
2024-01-27T23:30:22.778 INFO:teuthology.orchestra.run.smithi001.stderr:/usr/bin/ceph:
2024-01-27T23:30:22.783+0000 7f8632ffd700 1 --2- 172.21.15.1:0/2428830618 >> [v2:172.21.15.1:6800/1149033134,v1:172.21.15.1:6801/1149033134] conn(0x7f862c02fdb0 0x7f862c032270 unknown :-1 s=NONE pgs=0 cs=0 l=1 rev1=0 rx=0 tx=0).connect
2024-01-27T23:30:22.778 INFO:teuthology.orchestra.run.smithi001.stderr:/usr/bin/ceph:
2024-01-27T23:30:22.783+0000 7f8632ffd700 1 -- 172.21.15.1:0/2428830618 <== mon.0 v2:172.21.15.1:3300/0 5 ==== osd_map(2..2 src has 1..2) v4 ==== 926+0+0 (secure 0 0 0) 0x7f8640041310 con 0x7f86440fbc80
2024-01-27T23:30:22.778 INFO:teuthology.orchestra.run.smithi001.stderr:/usr/bin/ceph:
2024-01-27T23:30:22.783+0000 7f86499c3700 1 -- 172.21.15.1:0/2428830618 >> [v2:172.21.15.1:6800/1149033134,v1:172.21.15.1:6801/1149033134] conn(0x7f862c02fdb0 msgr2=0x7f862c032270 unknown :-1 s=STATE_CONNECTING_RE l=1).process reconnect failed to v2:172.21.15.1:6800/1149033134
2024-01-27T23:30:22.778 INFO:teuthology.orchestra.run.smithi001.stderr:/usr/bin/ceph:
2024-01-27T23:30:22.783+0000 7f86499c3700 1 --2- 172.21.15.1:0/2428830618 >> [v2:172.21.15.1:6800/1149033134,v1:172.21.15.1:6801/1149033134] conn(0x7f862c02fdb0 0x7f862c032270 unknown :-1 s=START_CONNECT pgs=0 cs=0 l=1 rev1=0 rx=0 tx=0)._fault waiting 0.200000
2024-01-27T23:30:22.778 INFO:teuthology.orchestra.run.smithi001.stderr:/usr/bin/ceph:
2024-01-27T23:30:22.784+0000 7f864c428700 1 -- 172.21.15.1:0/2428830618 --> [v2:172.21.15.1:3300/0,v1:172.21.15.1:6789/0] -- mon_command({"prefix": "get_command_descriptions"} v 0) v1 -- 0x7f8644059100 con 0x7f86440fbc80
2024-01-27T23:30:22.780 INFO:teuthology.orchestra.run.smithi001.stderr:/usr/bin/ceph:
2024-01-27T23:30:22.788+0000 7f8632ffd700 1 -- 172.21.15.1:0/2428830618 <== mon.0 v2:172.21.15.1:3300/0 6 ==== mon_command_ack([{"prefix": "get_command_descriptions"}]=0 v0) v1 ==== 72+0+152212 (secure 0 0 0) 0x7f8640016070 con 0x7f86440fbc80
2024-01-27T23:30:22.971 INFO:teuthology.orchestra.run.smithi001.stderr:/usr/bin/ceph:
2024-01-27T23:30:22.978+0000 7f864c428700 1 -- 172.21.15.1:0/2428830618 --> [v2:172.21.15.1:6800/1149033134,v1:172.21.15.1:6801/1149033134] -- mgr_command(tid 0: {"prefix": "orch apply", "service_type": "prometheus", "target": ["mon-mgr", ""]}) v1 -- 0x7f8644104900 con 0x7f862c02fdb0
2024-01-27T23:30:22.976 INFO:teuthology.orchestra.run.smithi001.stderr:/usr/bin/ceph:
2024-01-27T23:30:22.984+0000 7f86499c3700 1 -- 172.21.15.1:0/2428830618 >> [v2:172.21.15.1:6800/1149033134,v1:172.21.15.1:6801/1149033134] conn(0x7f862c02fdb0 msgr2=0x7f862c032270 unknown :-1 s=STATE_CONNECTING_RE l=1).process reconnect failed to v2:172.21.15.1:6800/1149033134
2024-01-27T23:30:22.976 INFO:teuthology.orchestra.run.smithi001.stderr:/usr/bin/ceph:
2024-01-27T23:30:22.984+0000 7f86499c3700 1 --2- 172.21.15.1:0/2428830618 >> [v2:172.21.15.1:6800/1149033134,v1:172.21.15.1:6801/1149033134] conn(0x7f862c02fdb0 0x7f862c032270 unknown :-1 s=START_CONNECT pgs=0 cs=0 l=1 rev1=0 rx=0 tx=0)._fault waiting 0.400000
2024-01-27T23:30:23.378 INFO:teuthology.orchestra.run.smithi001.stderr:/usr/bin/ceph:
2024-01-27T23:30:23.385+0000 7f86499c3700 1 -- 172.21.15.1:0/2428830618 >> [v2:172.21.15.1:6800/1149033134,v1:172.21.15.1:6801/1149033134] conn(0x7f862c02fdb0 msgr2=0x7f862c032270 unknown :-1 s=STATE_CONNECTING_RE l=1).process reconnect failed to v2:172.21.15.1:6800/1149033134
2024-01-27T23:30:23.378 INFO:teuthology.orchestra.run.smithi001.stderr:/usr/bin/ceph:
2024-01-27T23:30:23.385+0000 7f86499c3700 1 --2- 172.21.15.1:0/2428830618 >> [v2:172.21.15.1:6800/1149033134,v1:172.21.15.1:6801/1149033134] conn(0x7f862c02fdb0 0x7f862c032270 unknown :-1 s=START_CONNECT pgs=0 cs=0 l=1 rev1=0 rx=0 tx=0)._fault waiting 0.800000
2024-01-27T23:30:23.462 INFO:journalctl@ceph.mon.smithi001.smithi001.stdout:Jan 27 23:30:23 smithi001 ceph-e38b0b76-bd6b-11ee-95b2-87774f69a715-mon.smithi001[38873]: audit
2024-01-27T23:30:22.066045+0000 mon.smithi001 (mon.0) 59 : audit [INF] from='client.? 172.21.15.1:0/4068594010' entity='client.admin' cmd='[{"prefix": "mgr module enable", "module": "prometheus"}]': finished
2024-01-27T23:30:23.462 INFO:journalctl@ceph.mon.smithi001.smithi001.stdout:Jan 27 23:30:23 smithi001 ceph-e38b0b76-bd6b-11ee-95b2-87774f69a715-mon.smithi001[38873]: cluster
2024-01-27T23:30:22.066094+0000 mon.smithi001 (mon.0) 60 : cluster [DBG] mgrmap e8: smithi001.afhxnt(active, since 16s)
2024-01-27T23:30:24.179 INFO:teuthology.orchestra.run.smithi001.stderr:/usr/bin/ceph:
2024-01-27T23:30:24.186+0000 7f86499c3700 1 -- 172.21.15.1:0/2428830618 >> [v2:172.21.15.1:6800/1149033134,v1:172.21.15.1:6801/1149033134] conn(0x7f862c02fdb0 msgr2=0x7f862c032270 unknown :-1 s=STATE_CONNECTING_RE l=1).process reconnect failed to v2:172.21.15.1:6800/1149033134
2024-01-27T23:30:24.179 INFO:teuthology.orchestra.run.smithi001.stderr:/usr/bin/ceph:
2024-01-27T23:30:24.186+0000 7f86499c3700 1 --2- 172.21.15.1:0/2428830618 >> [v2:172.21.15.1:6800/1149033134,v1:172.21.15.1:6801/1149033134] conn(0x7f862c02fdb0 0x7f862c032270 unknown :-1 s=START_CONNECT pgs=0 cs=0 l=1 rev1=0 rx=0 tx=0)._fault waiting 1.600000
2024-01-27T23:30:25.780 INFO:teuthology.orchestra.run.smithi001.stderr:/usr/bin/ceph:
2024-01-27T23:30:25.787+0000 7f86499c3700 1 -- 172.21.15.1:0/2428830618 >> [v2:172.21.15.1:6800/1149033134,v1:172.21.15.1:6801/1149033134] conn(0x7f862c02fdb0 msgr2=0x7f862c032270 unknown :-1 s=STATE_CONNECTING_RE l=1).process reconnect failed to v2:172.21.15.1:6800/1149033134
2024-01-27T23:30:25.780 INFO:teuthology.orchestra.run.smithi001.stderr:/usr/bin/ceph:
2024-01-27T23:30:25.787+0000 7f86499c3700 1 --2- 172.21.15.1:0/2428830618 >> [v2:172.21.15.1:6800/1149033134,v1:172.21.15.1:6801/1149033134] conn(0x7f862c02fdb0 0x7f862c032270 unknown :-1 s=START_CONNECT pgs=0 cs=0 l=1 rev1=0 rx=0 tx=0)._fault waiting 3.200000
2024-01-27T23:30:27.295 INFO:teuthology.orchestra.run.smithi001.stderr:/usr/bin/ceph:
2024-01-27T23:30:27.302+0000 7f8632ffd700 1 -- 172.21.15.1:0/2428830618 <== mon.0 v2:172.21.15.1:3300/0 7 ==== mgrmap(e 9) v1 ==== 35984+0+0 (secure 0 0 0) 0x7f8640022d80 con 0x7f86440fbc80
2024-01-27T23:30:27.295 INFO:teuthology.orchestra.run.smithi001.stderr:/usr/bin/ceph:
2024-01-27T23:30:27.302+0000 7f8632ffd700 1 -- 172.21.15.1:0/2428830618 >> [v2:172.21.15.1:6800/1149033134,v1:172.21.15.1:6801/1149033134] conn(0x7f862c02fdb0 msgr2=0x7f862c032270 unknown :-1 s=STATE_CONNECTING l=1).mark_down
2024-01-27T23:30:27.295 INFO:teuthology.orchestra.run.smithi001.stderr:/usr/bin/ceph:
2024-01-27T23:30:27.302+0000 7f8632ffd700 1 --2- 172.21.15.1:0/2428830618 >> [v2:172.21.15.1:6800/1149033134,v1:172.21.15.1:6801/1149033134] conn(0x7f862c02fdb0 0x7f862c032270 unknown :-1 s=START_CONNECT pgs=0 cs=0 l=1 rev1=0 rx=0 tx=0).stop
2024-01-27T23:30:28.297 INFO:teuthology.orchestra.run.smithi001.stderr:/usr/bin/ceph:
2024-01-27T23:30:28.303+0000 7f8632ffd700 1 -- 172.21.15.1:0/2428830618 <== mon.0 v2:172.21.15.1:3300/0 8 ==== mgrmap(e 10) v1 ==== 36054+0+0 (secure 0 0 0) 0x7f864001bb50 con 0x7f86440fbc80
2024-01-27T23:30:28.297 INFO:teuthology.orchestra.run.smithi001.stderr:/usr/bin/ceph:
2024-01-27T23:30:28.303+0000 7f8632ffd700 1 --2- 172.21.15.1:0/2428830618 >> [v2:172.21.15.1:6800/3552135773,v1:172.21.15.1:6801/3552135773] conn(0x7f862c033c20 0x7f862c036010 unknown :-1 s=NONE pgs=0 cs=0 l=1 rev1=0 rx=0 tx=0).connect
2024-01-27T23:30:28.297 INFO:teuthology.orchestra.run.smithi001.stderr:/usr/bin/ceph:
2024-01-27T23:30:28.304+0000 7f8632ffd700 1 -- 172.21.15.1:0/2428830618 --> [v2:172.21.15.1:6800/3552135773,v1:172.21.15.1:6801/3552135773] -- mgr_command(tid 0: {"prefix": "orch apply", "service_type": "prometheus", "target": ["mon-mgr", ""]}) v1 -- 0x7f8644104900 con 0x7f862c033c20
2024-01-27T23:30:28.298 INFO:teuthology.orchestra.run.smithi001.stderr:/usr/bin/ceph:
2024-01-27T23:30:28.304+0000 7f86499c3700 1 --2- 172.21.15.1:0/2428830618 >> [v2:172.21.15.1:6800/3552135773,v1:172.21.15.1:6801/3552135773] conn(0x7f862c033c20 0x7f862c036010 unknown :-1 s=BANNER_CONNECTING pgs=0 cs=0 l=1 rev1=0 rx=0 tx=0)._handle_peer_banner_payload supported=1 required=0
2024-01-27T23:30:28.298 INFO:teuthology.orchestra.run.smithi001.stderr:/usr/bin/ceph:
2024-01-27T23:30:28.305+0000 7f86499c3700 1 --2- 172.21.15.1:0/2428830618 >> [v2:172.21.15.1:6800/3552135773,v1:172.21.15.1:6801/3552135773] conn(0x7f862c033c20 0x7f862c036010 secure :-1 s=READY pgs=3 cs=0 l=1 rev1=1 rx=0x7f86340036d0 tx=0x7f8634006cb0).ready entity=mgr.14142 client_cookie=0 server_cookie=0 in_seq=0 out_seq=0
2024-01-27T23:30:28.302 INFO:teuthology.orchestra.run.smithi001.stderr:/usr/bin/ceph:
2024-01-27T23:30:28.309+0000 7f8632ffd700 1 -- 172.21.15.1:0/2428830618 <== mgr.14142 v2:172.21.15.1:6800/3552135773 1 ==== mgr_command_reply(tid 0: 0 ) v1 ==== 8+0+31 (secure 0 0 0) 0x7f8644104900 con 0x7f862c033c20
2024-01-27T23:30:28.302 INFO:teuthology.orchestra.run.smithi001.stderr:/usr/bin/ceph: Scheduled prometheus update...
2024-01-27T23:30:28.305 INFO:teuthology.orchestra.run.smithi001.stderr:/usr/bin/ceph:
2024-01-27T23:30:28.311+0000 7f864c428700 1 -- 172.21.15.1:0/2428830618 >> [v2:172.21.15.1:6800/3552135773,v1:172.21.15.1:6801/3552135773] conn(0x7f862c033c20 msgr2=0x7f862c036010 secure :-1 s=STATE_CONNECTION_ESTABLISHED l=1).mark_down
2024-01-27T23:30:28.305 INFO:teuthology.orchestra.run.smithi001.stderr:/usr/bin/ceph:
2024-01-27T23:30:28.311+0000 7f864c428700 1 --2- 172.21.15.1:0/2428830618 >> [v2:172.21.15.1:6800/3552135773,v1:172.21.15.1:6801/3552135773] conn(0x7f862c033c20 0x7f862c036010 secure :-1 s=READY pgs=3 cs=0 l=1 rev1=1 rx=0x7f86340036d0 tx=0x7f8634006cb0).stop
2024-01-27T23:30:28.305 INFO:teuthology.orchestra.run.smithi001.stderr:/usr/bin/ceph:
2024-01-27T23:30:28.311+0000 7f864c428700 1 -- 172.21.15.1:0/2428830618 >> [v2:172.21.15.1:3300/0,v1:172.21.15.1:6789/0] conn(0x7f86440fbc80 msgr2=0x7f8644072570 secure :-1 s=STATE_CONNECTION_ESTABLISHED l=1).mark_down
2024-01-27T23:30:28.305 INFO:teuthology.orchestra.run.smithi001.stderr:/usr/bin/ceph:
2024-01-27T23:30:28.311+0000 7f864c428700 1 --2- 172.21.15.1:0/2428830618 >> [v2:172.21.15.1:3300/0,v1:172.21.15.1:6789/0] conn(0x7f86440fbc80 0x7f8644072570 secure :-1 s=READY pgs=50 cs=0 l=1 rev1=1 rx=0x7f864000b1d0 tx=0x7f8640006ee0).stop
2024-01-27T23:30:28.305 INFO:teuthology.orchestra.run.smithi001.stderr:/usr/bin/ceph:
2024-01-27T23:30:28.311+0000 7f864c428700 1 -- 172.21.15.1:0/2428830618 shutdown_connections
2024-01-27T23:30:28.305 INFO:teuthology.orchestra.run.smithi001.stderr:/usr/bin/ceph:
2024-01-27T23:30:28.311+0000 7f864c428700 1 --2- 172.21.15.1:0/2428830618 >> [v2:172.21.15.1:3300/0,v1:172.21.15.1:6789/0] conn(0x7f86440fbc80 0x7f8644072570 unknown :-1 s=CLOSED pgs=50 cs=0 l=1 rev1=1 rx=0 tx=0).stop
2024-01-27T23:30:28.305 INFO:teuthology.orchestra.run.smithi001.stderr:/usr/bin/ceph:
2024-01-27T23:30:28.311+0000 7f864c428700 1 --2- 172.21.15.1:0/2428830618 >> [v2:172.21.15.1:6800/3552135773,v1:172.21.15.1:6801/3552135773] conn(0x7f862c033c20 0x7f862c036010 unknown :-1 s=CLOSED pgs=3 cs=0 l=1 rev1=1 rx=0 tx=0).stop
2024-01-27T23:30:28.305 INFO:teuthology.orchestra.run.smithi001.stderr:/usr/bin/ceph:
2024-01-27T23:30:28.311+0000 7f864c428700 1 --2- 172.21.15.1:0/2428830618 >> [v2:172.21.15.1:6800/1149033134,v1:172.21.15.1:6801/1149033134] conn(0x7f862c02fdb0 0x7f862c032270 unknown :-1 s=CLOSED pgs=0 cs=0 l=1 rev1=0 rx=0 tx=0).stop
2024-01-27T23:30:28.305 INFO:teuthology.orchestra.run.smithi001.stderr:/usr/bin/ceph:
2024-01-27T23:30:28.311+0000 7f864c428700 1 -- 172.21.15.1:0/2428830618 >> 172.21.15.1:0/2428830618 conn(0x7f86440f74c0 msgr2=0x7f86440f8fa0 unknown :-1 s=STATE_NONE l=0).mark_down
2024-01-27T23:30:28.305 INFO:teuthology.orchestra.run.smithi001.stderr:/usr/bin/ceph:
2024-01-27T23:30:28.311+0000 7f864c428700 1 -- 172.21.15.1:0/2428830618 shutdown_connections
2024-01-27T23:30:28.305 INFO:teuthology.orchestra.run.smithi001.stderr:/usr/bin/ceph:
2024-01-27T23:30:28.311+0000 7f864c428700 1 -- 172.21.15.1:0/2428830618 wait complete.
2024-01-27T23:30:28.593 INFO:journalctl@ceph.mon.smithi001.smithi001.stdout:Jan 27 23:30:28 smithi001 ceph-e38b0b76-bd6b-11ee-95b2-87774f69a715-mon.smithi001[38873]: cluster
2024-01-27T23:30:27.251265+0000 mon.smithi001 (mon.0) 61 : cluster [INF] Active manager daemon smithi001.afhxnt restarted
2024-01-27T23:30:28.593 INFO:journalctl@ceph.mon.smithi001.smithi001.stdout:Jan 27 23:30:28 smithi001 ceph-e38b0b76-bd6b-11ee-95b2-87774f69a715-mon.smithi001[38873]: cluster
2024-01-27T23:30:27.251649+0000 mon.smithi001 (mon.0) 62 : cluster [INF] Activating manager daemon smithi001.afhxnt
2024-01-27T23:30:28.593 INFO:journalctl@ceph.mon.smithi001.smithi001.stdout:Jan 27 23:30:28 smithi001 ceph-e38b0b76-bd6b-11ee-95b2-87774f69a715-mon.smithi001[38873]: cluster
2024-01-27T23:30:27.253475+0000 mon.smithi001 (mon.0) 63 : cluster [DBG] osdmap e3: 0 total, 0 up, 0 in
2024-01-27T23:30:28.593 INFO:journalctl@ceph.mon.smithi001.smithi001.stdout:Jan 27 23:30:28 smithi001 ceph-e38b0b76-bd6b-11ee-95b2-87774f69a715-mon.smithi001[38873]: cluster
2024-01-27T23:30:27.304192+0000 mon.smithi001 (mon.0) 64 : cluster [DBG] mgrmap e9: smithi001.afhxnt(active, starting, since 0.0526245s)
2024-01-27T23:30:28.593 INFO:journalctl@ceph.mon.smithi001.smithi001.stdout:Jan 27 23:30:28 smithi001 ceph-e38b0b76-bd6b-11ee-95b2-87774f69a715-mon.smithi001[38873]: audit
2024-01-27T23:30:27.305127+0000 mon.smithi001 (mon.0) 65 : audit [DBG] from='mgr.14142 172.21.15.1:0/537211875' entity='mgr.smithi001.afhxnt' cmd=[{"prefix": "mon metadata", "id": "smithi001"}]: dispatch
2024-01-27T23:30:28.593 INFO:journalctl@ceph.mon.smithi001.smithi001.stdout:Jan 27 23:30:28 smithi001 ceph-e38b0b76-bd6b-11ee-95b2-87774f69a715-mon.smithi001[38873]: audit
2024-01-27T23:30:27.305734+0000 mon.smithi001 (mon.0) 66 : audit [DBG] from='mgr.14142 172.21.15.1:0/537211875' entity='mgr.smithi001.afhxnt' cmd=[{"prefix": "mgr metadata", "who": "smithi001.afhxnt", "id": "smithi001.afhxnt"}]: dispatch
2024-01-27T23:30:28.593 INFO:journalctl@ceph.mon.smithi001.smithi001.stdout:Jan 27 23:30:28 smithi001 ceph-e38b0b76-bd6b-11ee-95b2-87774f69a715-mon.smithi001[38873]: audit
2024-01-27T23:30:27.306484+0000 mon.smithi001 (mon.0) 67 : audit [DBG] from='mgr.14142 172.21.15.1:0/537211875' entity='mgr.smithi001.afhxnt' cmd=[{"prefix": "mds metadata"}]: dispatch
2024-01-27T23:30:28.593 INFO:journalctl@ceph.mon.smithi001.smithi001.stdout:Jan 27 23:30:28 smithi001 ceph-e38b0b76-bd6b-11ee-95b2-87774f69a715-mon.smithi001[38873]: audit
2024-01-27T23:30:27.306638+0000 mon.smithi001 (mon.0) 68 : audit [DBG] from='mgr.14142 172.21.15.1:0/537211875' entity='mgr.smithi001.afhxnt' cmd=[{"prefix": "osd metadata"}]: dispatch
2024-01-27T23:30:28.593 INFO:journalctl@ceph.mon.smithi001.smithi001.stdout:Jan 27 23:30:28 smithi001 ceph-e38b0b76-bd6b-11ee-95b2-87774f69a715-mon.smithi001[38873]: audit
2024-01-27T23:30:27.306785+0000 mon.smithi001 (mon.0) 69 : audit [DBG] from='mgr.14142 172.21.15.1:0/537211875' entity='mgr.smithi001.afhxnt' cmd=[{"prefix": "mon metadata"}]: dispatch
2024-01-27T23:30:28.594 INFO:journalctl@ceph.mon.smithi001.smithi001.stdout:Jan 27 23:30:28 smithi001 ceph-e38b0b76-bd6b-11ee-95b2-87774f69a715-mon.smithi001[38873]: cluster
2024-01-27T23:30:27.320685+0000 mon.smithi001 (mon.0) 70 : cluster [INF] Manager daemon smithi001.afhxnt is now available
2024-01-27T23:30:28.594 INFO:journalctl@ceph.mon.smithi001.smithi001.stdout:Jan 27 23:30:28 smithi001 ceph-e38b0b76-bd6b-11ee-95b2-87774f69a715-mon.smithi001[38873]: audit
2024-01-27T23:30:27.423725+0000 mon.smithi001 (mon.0) 71 : audit [DBG] from='mgr.14142 172.21.15.1:0/537211875' entity='mgr.smithi001.afhxnt' cmd=[{"prefix": "config dump", "format": "json"}]: dispatch
2024-01-27T23:30:28.594 INFO:journalctl@ceph.mon.smithi001.smithi001.stdout:Jan 27 23:30:28 smithi001 ceph-e38b0b76-bd6b-11ee-95b2-87774f69a715-mon.smithi001[38873]: audit
2024-01-27T23:30:27.425345+0000 mon.smithi001 (mon.0) 72 : audit [DBG] from='mgr.14142 172.21.15.1:0/537211875' entity='mgr.smithi001.afhxnt' cmd=[{"prefix": "config dump", "format": "json"}]: dispatch
2024-01-27T23:30:28.594 INFO:journalctl@ceph.mon.smithi001.smithi001.stdout:Jan 27 23:30:28 smithi001 ceph-e38b0b76-bd6b-11ee-95b2-87774f69a715-mon.smithi001[38873]: audit
2024-01-27T23:30:27.440189+0000 mon.smithi001 (mon.0) 73 : audit [INF] from='mgr.14142 172.21.15.1:0/537211875' entity='mgr.smithi001.afhxnt' cmd=[{"prefix":"config rm","who":"mgr","name":"mgr/rbd_support/smithi001.afhxnt/mirror_snapshot_schedule"}]: dispatch
2024-01-27T23:30:28.594 INFO:journalctl@ceph.mon.smithi001.smithi001.stdout:Jan 27 23:30:28 smithi001 ceph-e38b0b76-bd6b-11ee-95b2-87774f69a715-mon.smithi001[38873]: audit
2024-01-27T23:30:27.443770+0000 mon.smithi001 (mon.0) 74 : audit [INF] from='mgr.14142 172.21.15.1:0/537211875' entity='mgr.smithi001.afhxnt' cmd=[{"prefix":"config rm","who":"mgr","name":"mgr/rbd_support/smithi001.afhxnt/trash_purge_schedule"}]: dispatch
2024-01-27T23:30:28.649 INFO:teuthology.orchestra.run.smithi001.stderr:Deploying grafana service with default placement...
2024-01-27T23:30:28.649 INFO:teuthology.orchestra.run.smithi001.stderr:Running command: /bin/podman run --rm --ipc=host --no-hosts --net=host --entrypoint /usr/bin/ceph --init -e CONTAINER_IMAGE=docker.io/ceph/ceph:v16.2.4 -e NODE_NAME=smithi001 -e CEPH_USE_RANDOM_NONCE=1 -v /var/log/ceph/e38b0b76-bd6b-11ee-95b2-87774f69a715:/var/log/ceph:z -v /tmp/ceph-tmpoxhz62jr:/etc/ceph/ceph.client.admin.keyring:z -v /tmp/ceph-tmphhezx874:/etc/ceph/ceph.conf:z docker.io/ceph/ceph:v16.2.4 orch apply grafana
2024-01-27T23:30:29.035 INFO:teuthology.orchestra.run.smithi001.stderr:/usr/bin/ceph:
2024-01-27T23:30:29.042+0000 7fa082c6a700 1 Processor -- start
2024-01-27T23:30:29.039 INFO:teuthology.orchestra.run.smithi001.stderr:/usr/bin/ceph:
2024-01-27T23:30:29.042+0000 7fa082c6a700 1 -- start start
2024-01-27T23:30:29.039 INFO:teuthology.orchestra.run.smithi001.stderr:/usr/bin/ceph:
2024-01-27T23:30:29.042+0000 7fa082c6a700 1 --2- >> [v2:172.21.15.1:3300/0,v1:172.21.15.1:6789/0] conn(0x7fa07c070430 0x7fa07c0fe730 unknown :-1 s=NONE pgs=0 cs=0 l=0 rev1=0 rx=0 tx=0).connect
2024-01-27T23:30:29.039 INFO:teuthology.orchestra.run.smithi001.stderr:/usr/bin/ceph:
2024-01-27T23:30:29.042+0000 7fa082c6a700 1 -- --> [v2:172.21.15.1:3300/0,v1:172.21.15.1:6789/0] -- mon_getmap magic: 0 v1 -- 0x7fa07c0fec20 con 0x7fa07c070430
2024-01-27T23:30:29.039 INFO:teuthology.orchestra.run.smithi001.stderr:/usr/bin/ceph:
2024-01-27T23:30:29.043+0000 7fa081c68700 1 --2- >> [v2:172.21.15.1:3300/0,v1:172.21.15.1:6789/0] conn(0x7fa07c070430 0x7fa07c0fe730 unknown :-1 s=BANNER_CONNECTING pgs=0 cs=0 l=0 rev1=0 rx=0 tx=0)._handle_peer_banner_payload supported=1 required=0
2024-01-27T23:30:29.039 INFO:teuthology.orchestra.run.smithi001.stderr:/usr/bin/ceph:
2024-01-27T23:30:29.043+0000 7fa081c68700 1 --2- >> [v2:172.21.15.1:3300/0,v1:172.21.15.1:6789/0] conn(0x7fa07c070430 0x7fa07c0fe730 unknown :-1 s=HELLO_CONNECTING pgs=0 cs=0 l=0 rev1=1 rx=0 tx=0).handle_hello peer v2:172.21.15.1:3300/0 says I am v2:172.21.15.1:48140/0 (socket says 172.21.15.1:48140)
2024-01-27T23:30:29.039 INFO:teuthology.orchestra.run.smithi001.stderr:/usr/bin/ceph:
2024-01-27T23:30:29.043+0000 7fa081c68700 1 -- 172.21.15.1:0/2363045658 learned_addr learned my addr 172.21.15.1:0/2363045658 (peer_addr_for_me v2:172.21.15.1:0/0)
2024-01-27T23:30:29.039 INFO:teuthology.orchestra.run.smithi001.stderr:/usr/bin/ceph:
2024-01-27T23:30:29.043+0000 7fa081c68700 1 -- 172.21.15.1:0/2363045658 --> [v2:172.21.15.1:3300/0,v1:172.21.15.1:6789/0] -- mon_subscribe({config=0+,monmap=0+}) v3 -- 0x7fa07c0fed60 con 0x7fa07c070430
2024-01-27T23:30:29.039 INFO:teuthology.orchestra.run.smithi001.stderr:/usr/bin/ceph:
2024-01-27T23:30:29.043+0000 7fa081c68700 1 --2- 172.21.15.1:0/2363045658 >> [v2:172.21.15.1:3300/0,v1:172.21.15.1:6789/0] conn(0x7fa07c070430 0x7fa07c0fe730 secure :-1 s=READY pgs=56 cs=0 l=1 rev1=1 rx=0x7fa07800b5f0 tx=0x7fa078006ee0).ready entity=mon.0 client_cookie=d68afa2aa2337c57 server_cookie=0 in_seq=0 out_seq=0
2024-01-27T23:30:29.040 INFO:teuthology.orchestra.run.smithi001.stderr:/usr/bin/ceph:
2024-01-27T23:30:29.043+0000 7fa080c66700 1 -- 172.21.15.1:0/2363045658 <== mon.0 v2:172.21.15.1:3300/0 1 ==== mon_map magic: 0 v1 ==== 229+0+0 (secure 0 0 0) 0x7fa07800d600 con 0x7fa07c070430
2024-01-27T23:30:29.040 INFO:teuthology.orchestra.run.smithi001.stderr:/usr/bin/ceph:
2024-01-27T23:30:29.043+0000 7fa080c66700 1 -- 172.21.15.1:0/2363045658 <== mon.0 v2:172.21.15.1:3300/0 2 ==== config(25 keys) v1 ==== 1010+0+0 (secure 0 0 0) 0x7fa07800dbd0 con 0x7fa07c070430
2024-01-27T23:30:29.040 INFO:teuthology.orchestra.run.smithi001.stderr:/usr/bin/ceph:
2024-01-27T23:30:29.043+0000 7fa080c66700 1 -- 172.21.15.1:0/2363045658 <== mon.0 v2:172.21.15.1:3300/0 3 ==== mon_map magic: 0 v1 ==== 229+0+0 (secure 0 0 0) 0x7fa078011c00 con 0x7fa07c070430
2024-01-27T23:30:29.040 INFO:teuthology.orchestra.run.smithi001.stderr:/usr/bin/ceph:
2024-01-27T23:30:29.044+0000 7fa082c6a700 1 -- 172.21.15.1:0/2363045658 >> [v2:172.21.15.1:3300/0,v1:172.21.15.1:6789/0] conn(0x7fa07c070430 msgr2=0x7fa07c0fe730 secure :-1 s=STATE_CONNECTION_ESTABLISHED l=1).mark_down
2024-01-27T23:30:29.040 INFO:teuthology.orchestra.run.smithi001.stderr:/usr/bin/ceph:
2024-01-27T23:30:29.044+0000 7fa082c6a700 1 --2- 172.21.15.1:0/2363045658 >> [v2:172.21.15.1:3300/0,v1:172.21.15.1:6789/0] conn(0x7fa07c070430 0x7fa07c0fe730 secure :-1 s=READY pgs=56 cs=0 l=1 rev1=1 rx=0x7fa07800b5f0 tx=0x7fa078006ee0).stop
2024-01-27T23:30:29.040 INFO:teuthology.orchestra.run.smithi001.stderr:/usr/bin/ceph:
2024-01-27T23:30:29.044+0000 7fa082c6a700 1 -- 172.21.15.1:0/2363045658 shutdown_connections
2024-01-27T23:30:29.040 INFO:teuthology.orchestra.run.smithi001.stderr:/usr/bin/ceph:
2024-01-27T23:30:29.044+0000 7fa082c6a700 1 --2- 172.21.15.1:0/2363045658 >> [v2:172.21.15.1:3300/0,v1:172.21.15.1:6789/0] conn(0x7fa07c070430 0x7fa07c0fe730 unknown :-1 s=CLOSED pgs=56 cs=0 l=1 rev1=1 rx=0 tx=0).stop
2024-01-27T23:30:29.040 INFO:teuthology.orchestra.run.smithi001.stderr:/usr/bin/ceph:
2024-01-27T23:30:29.044+0000 7fa082c6a700 1 -- 172.21.15.1:0/2363045658 >> 172.21.15.1:0/2363045658 conn(0x7fa07c0f6210 msgr2=0x7fa07c0f8630 unknown :-1 s=STATE_NONE l=0).mark_down
2024-01-27T23:30:29.040 INFO:teuthology.orchestra.run.smithi001.stderr:/usr/bin/ceph:
2024-01-27T23:30:29.044+0000 7fa082c6a700 1 -- 172.21.15.1:0/2363045658 shutdown_connections
2024-01-27T23:30:29.040 INFO:teuthology.orchestra.run.smithi001.stderr:/usr/bin/ceph:
2024-01-27T23:30:29.044+0000 7fa082c6a700 1 -- 172.21.15.1:0/2363045658 wait complete.
2024-01-27T23:30:29.040 INFO:teuthology.orchestra.run.smithi001.stderr:/usr/bin/ceph:
2024-01-27T23:30:29.045+0000 7fa082c6a700 1 Processor -- start
2024-01-27T23:30:29.040 INFO:teuthology.orchestra.run.smithi001.stderr:/usr/bin/ceph:
2024-01-27T23:30:29.045+0000 7fa082c6a700 1 -- start start
2024-01-27T23:30:29.040 INFO:teuthology.orchestra.run.smithi001.stderr:/usr/bin/ceph:
2024-01-27T23:30:29.045+0000 7fa082c6a700 1 --2- >> [v2:172.21.15.1:3300/0,v1:172.21.15.1:6789/0] conn(0x7fa07c070430 0x7fa07c10a8a0 unknown :-1 s=NONE pgs=0 cs=0 l=1 rev1=0 rx=0 tx=0).connect
2024-01-27T23:30:29.040 INFO:teuthology.orchestra.run.smithi001.stderr:/usr/bin/ceph:
2024-01-27T23:30:29.045+0000 7fa082c6a700 1 -- --> [v2:172.21.15.1:3300/0,v1:172.21.15.1:6789/0] -- mon_getmap magic: 0 v1 -- 0x7fa07c10ad90 con 0x7fa07c070430
2024-01-27T23:30:29.040 INFO:teuthology.orchestra.run.smithi001.stderr:/usr/bin/ceph:
2024-01-27T23:30:29.045+0000 7fa081c68700 1 --2- >> [v2:172.21.15.1:3300/0,v1:172.21.15.1:6789/0] conn(0x7fa07c070430 0x7fa07c10a8a0 unknown :-1 s=BANNER_CONNECTING pgs=0 cs=0 l=1 rev1=0 rx=0 tx=0)._handle_peer_banner_payload supported=1 required=0
2024-01-27T23:30:29.041 INFO:teuthology.orchestra.run.smithi001.stderr:/usr/bin/ceph:
2024-01-27T23:30:29.045+0000 7fa081c68700 1 --2- >> [v2:172.21.15.1:3300/0,v1:172.21.15.1:6789/0] conn(0x7fa07c070430 0x7fa07c10a8a0 unknown :-1 s=HELLO_CONNECTING pgs=0 cs=0 l=1 rev1=1 rx=0 tx=0).handle_hello peer v2:172.21.15.1:3300/0 says I am v2:172.21.15.1:48142/0 (socket says 172.21.15.1:48142)
2024-01-27T23:30:29.041 INFO:teuthology.orchestra.run.smithi001.stderr:/usr/bin/ceph:
2024-01-27T23:30:29.045+0000 7fa081c68700 1 -- 172.21.15.1:0/3141780936 learned_addr learned my addr 172.21.15.1:0/3141780936 (peer_addr_for_me v2:172.21.15.1:0/0)
2024-01-27T23:30:29.041 INFO:teuthology.orchestra.run.smithi001.stderr:/usr/bin/ceph:
2024-01-27T23:30:29.045+0000 7fa081c68700 1 -- 172.21.15.1:0/3141780936 --> [v2:172.21.15.1:3300/0,v1:172.21.15.1:6789/0] -- mon_subscribe({config=0+,monmap=0+}) v3 -- 0x7fa07800b200 con 0x7fa07c070430
2024-01-27T23:30:29.041 INFO:teuthology.orchestra.run.smithi001.stderr:/usr/bin/ceph:
2024-01-27T23:30:29.045+0000 7fa081c68700 1 --2- 172.21.15.1:0/3141780936 >> [v2:172.21.15.1:3300/0,v1:172.21.15.1:6789/0] conn(0x7fa07c070430 0x7fa07c10a8a0 secure :-1 s=READY pgs=57 cs=0 l=1 rev1=1 rx=0x7fa07800e040 tx=0x7fa078006ee0).ready entity=mon.0 client_cookie=0 server_cookie=0 in_seq=0 out_seq=0
2024-01-27T23:30:29.041 INFO:teuthology.orchestra.run.smithi001.stderr:/usr/bin/ceph:
2024-01-27T23:30:29.046+0000 7fa06e7fc700 1 -- 172.21.15.1:0/3141780936 <== mon.0 v2:172.21.15.1:3300/0 1 ==== mon_map magic: 0 v1 ==== 229+0+0 (secure 0 0 0) 0x7fa07800d9f0 con 0x7fa07c070430
2024-01-27T23:30:29.041 INFO:teuthology.orchestra.run.smithi001.stderr:/usr/bin/ceph:
2024-01-27T23:30:29.046+0000 7fa06e7fc700 1 -- 172.21.15.1:0/3141780936 <== mon.0 v2:172.21.15.1:3300/0 2 ==== config(25 keys) v1 ==== 1010+0+0 (secure 0 0 0) 0x7fa07801a9f0 con 0x7fa07c070430
2024-01-27T23:30:29.041 INFO:teuthology.orchestra.run.smithi001.stderr:/usr/bin/ceph:
2024-01-27T23:30:29.046+0000 7fa06e7fc700 1 -- 172.21.15.1:0/3141780936 <== mon.0 v2:172.21.15.1:3300/0 3 ==== mon_map magic: 0 v1 ==== 229+0+0 (secure 0 0 0) 0x7fa07801b8c0 con 0x7fa07c070430
2024-01-27T23:30:29.041 INFO:teuthology.orchestra.run.smithi001.stderr:/usr/bin/ceph:
2024-01-27T23:30:29.046+0000 7fa082c6a700 1 -- 172.21.15.1:0/3141780936 --> [v2:172.21.15.1:3300/0,v1:172.21.15.1:6789/0] -- mon_subscribe({mgrmap=0+}) v3 -- 0x7fa07c10af90 con 0x7fa07c070430
2024-01-27T23:30:29.041 INFO:teuthology.orchestra.run.smithi001.stderr:/usr/bin/ceph:
2024-01-27T23:30:29.046+0000 7fa082c6a700 1 -- 172.21.15.1:0/3141780936 --> [v2:172.21.15.1:3300/0,v1:172.21.15.1:6789/0] -- mon_subscribe({osdmap=0}) v3 -- 0x7fa07c10b3a0 con 0x7fa07c070430
2024-01-27T23:30:29.041 INFO:teuthology.orchestra.run.smithi001.stderr:/usr/bin/ceph:
2024-01-27T23:30:29.046+0000 7fa06e7fc700 1 -- 172.21.15.1:0/3141780936 <== mon.0 v2:172.21.15.1:3300/0 4 ==== mgrmap(e 10) v1 ==== 36054+0+0 (secure 0 0 0) 0x7fa07800f070 con 0x7fa07c070430
2024-01-27T23:30:29.042 INFO:teuthology.orchestra.run.smithi001.stderr:/usr/bin/ceph:
2024-01-27T23:30:29.047+0000 7fa06e7fc700 1 --2- 172.21.15.1:0/3141780936 >> [v2:172.21.15.1:6800/3552135773,v1:172.21.15.1:6801/3552135773] conn(0x7fa06402fd70 0x7fa064032230 unknown :-1 s=NONE pgs=0 cs=0 l=1 rev1=0 rx=0 tx=0).connect
2024-01-27T23:30:29.042 INFO:teuthology.orchestra.run.smithi001.stderr:/usr/bin/ceph:
2024-01-27T23:30:29.047+0000 7fa06e7fc700 1 -- 172.21.15.1:0/3141780936 <== mon.0 v2:172.21.15.1:3300/0 5 ==== osd_map(3..3 src has 1..3) v4 ==== 1098+0+0 (secure 0 0 0) 0x7fa078041270 con 0x7fa07c070430
2024-01-27T23:30:29.042 INFO:teuthology.orchestra.run.smithi001.stderr:/usr/bin/ceph:
2024-01-27T23:30:29.047+0000 7fa082c6a700 1 -- 172.21.15.1:0/3141780936 --> [v2:172.21.15.1:3300/0,v1:172.21.15.1:6789/0] -- mon_command({"prefix": "get_command_descriptions"} v 0) v1 -- 0x7fa07c045ad0 con 0x7fa07c070430
2024-01-27T23:30:29.042 INFO:teuthology.orchestra.run.smithi001.stderr:/usr/bin/ceph:
2024-01-27T23:30:29.047+0000 7fa081467700 1 --2- 172.21.15.1:0/3141780936 >> [v2:172.21.15.1:6800/3552135773,v1:172.21.15.1:6801/3552135773] conn(0x7fa06402fd70 0x7fa064032230 unknown :-1 s=BANNER_CONNECTING pgs=0 cs=0 l=1 rev1=0 rx=0 tx=0)._handle_peer_banner_payload supported=1 required=0
2024-01-27T23:30:29.042 INFO:teuthology.orchestra.run.smithi001.stderr:/usr/bin/ceph:
2024-01-27T23:30:29.047+0000 7fa081467700 1 --2- 172.21.15.1:0/3141780936 >> [v2:172.21.15.1:6800/3552135773,v1:172.21.15.1:6801/3552135773] conn(0x7fa06402fd70 0x7fa064032230 secure :-1 s=READY pgs=6 cs=0 l=1 rev1=1 rx=0x7fa0700096a0 tx=0x7fa070006b40).ready entity=mgr.14142 client_cookie=0 server_cookie=0 in_seq=0 out_seq=0
2024-01-27T23:30:29.044 INFO:teuthology.orchestra.run.smithi001.stderr:/usr/bin/ceph:
2024-01-27T23:30:29.051+0000 7fa06e7fc700 1 -- 172.21.15.1:0/3141780936 <== mon.0 v2:172.21.15.1:3300/0 6 ==== mon_command_ack([{"prefix": "get_command_descriptions"}]=0 v0) v1 ==== 72+0+152212 (secure 0 0 0) 0x7fa078016070 con 0x7fa07c070430
2024-01-27T23:30:29.231 INFO:teuthology.orchestra.run.smithi001.stderr:/usr/bin/ceph:
2024-01-27T23:30:29.238+0000 7fa082c6a700 1 -- 172.21.15.1:0/3141780936 --> [v2:172.21.15.1:6800/3552135773,v1:172.21.15.1:6801/3552135773] -- mgr_command(tid 0: {"prefix": "orch apply", "service_type": "grafana", "target": ["mon-mgr", ""]}) v1 -- 0x7fa07c104750 con 0x7fa06402fd70
2024-01-27T23:30:29.234 INFO:teuthology.orchestra.run.smithi001.stderr:/usr/bin/ceph:
2024-01-27T23:30:29.242+0000 7fa06e7fc700 1 -- 172.21.15.1:0/3141780936 <== mgr.14142 v2:172.21.15.1:6800/3552135773 1 ==== mgr_command_reply(tid 0: 0 ) v1 ==== 8+0+28 (secure 0 0 0) 0x7fa07c104750 con 0x7fa06402fd70
2024-01-27T23:30:29.234 INFO:teuthology.orchestra.run.smithi001.stderr:/usr/bin/ceph: Scheduled grafana update...
2024-01-27T23:30:29.237 INFO:teuthology.orchestra.run.smithi001.stderr:/usr/bin/ceph:
2024-01-27T23:30:29.243+0000 7fa082c6a700 1 -- 172.21.15.1:0/3141780936 >> [v2:172.21.15.1:6800/3552135773,v1:172.21.15.1:6801/3552135773] conn(0x7fa06402fd70 msgr2=0x7fa064032230 secure :-1 s=STATE_CONNECTION_ESTABLISHED l=1).mark_down
2024-01-27T23:30:29.237 INFO:teuthology.orchestra.run.smithi001.stderr:/usr/bin/ceph:
2024-01-27T23:30:29.243+0000 7fa082c6a700 1 --2- 172.21.15.1:0/3141780936 >> [v2:172.21.15.1:6800/3552135773,v1:172.21.15.1:6801/3552135773] conn(0x7fa06402fd70 0x7fa064032230 secure :-1 s=READY pgs=6 cs=0 l=1 rev1=1 rx=0x7fa0700096a0 tx=0x7fa070006b40).stop
2024-01-27T23:30:29.237 INFO:teuthology.orchestra.run.smithi001.stderr:/usr/bin/ceph:
2024-01-27T23:30:29.243+0000 7fa082c6a700 1 -- 172.21.15.1:0/3141780936 >> [v2:172.21.15.1:3300/0,v1:172.21.15.1:6789/0] conn(0x7fa07c070430 msgr2=0x7fa07c10a8a0 secure :-1 s=STATE_CONNECTION_ESTABLISHED l=1).mark_down
2024-01-27T23:30:29.237 INFO:teuthology.orchestra.run.smithi001.stderr:/usr/bin/ceph:
2024-01-27T23:30:29.243+0000 7fa082c6a700 1 --2- 172.21.15.1:0/3141780936 >> [v2:172.21.15.1:3300/0,v1:172.21.15.1:6789/0] conn(0x7fa07c070430 0x7fa07c10a8a0 secure :-1 s=READY pgs=57 cs=0 l=1 rev1=1 rx=0x7fa07800e040 tx=0x7fa078006ee0).stop
2024-01-27T23:30:29.237 INFO:teuthology.orchestra.run.smithi001.stderr:/usr/bin/ceph:
2024-01-27T23:30:29.243+0000 7fa082c6a700 1 -- 172.21.15.1:0/3141780936 shutdown_connections
2024-01-27T23:30:29.237 INFO:teuthology.orchestra.run.smithi001.stderr:/usr/bin/ceph:
2024-01-27T23:30:29.243+0000 7fa082c6a700 1 --2- 172.21.15.1:0/3141780936 >> [v2:172.21.15.1:6800/3552135773,v1:172.21.15.1:6801/3552135773] conn(0x7fa06402fd70 0x7fa064032230 unknown :-1 s=CLOSED pgs=6 cs=0 l=1 rev1=1 rx=0 tx=0).stop
2024-01-27T23:30:29.237 INFO:teuthology.orchestra.run.smithi001.stderr:/usr/bin/ceph:
2024-01-27T23:30:29.243+0000 7fa082c6a700 1 --2- 172.21.15.1:0/3141780936 >> [v2:172.21.15.1:3300/0,v1:172.21.15.1:6789/0] conn(0x7fa07c070430 0x7fa07c10a8a0 unknown :-1 s=CLOSED pgs=57 cs=0 l=1 rev1=1 rx=0 tx=0).stop
2024-01-27T23:30:29.237 INFO:teuthology.orchestra.run.smithi001.stderr:/usr/bin/ceph:
2024-01-27T23:30:29.243+0000 7fa082c6a700 1 -- 172.21.15.1:0/3141780936 >> 172.21.15.1:0/3141780936 conn(0x7fa07c0f6210 msgr2=0x7fa07c0f7d20 unknown :-1 s=STATE_NONE l=0).mark_down
2024-01-27T23:30:29.237 INFO:teuthology.orchestra.run.smithi001.stderr:/usr/bin/ceph:
2024-01-27T23:30:29.244+0000 7fa082c6a700 1 -- 172.21.15.1:0/3141780936 shutdown_connections
2024-01-27T23:30:29.237 INFO:teuthology.orchestra.run.smithi001.stderr:/usr/bin/ceph:
2024-01-27T23:30:29.244+0000 7fa082c6a700 1 -- 172.21.15.1:0/3141780936 wait complete.
2024-01-27T23:30:29.517 INFO:journalctl@ceph.mon.smithi001.smithi001.stdout:Jan 27 23:30:29 smithi001 ceph-e38b0b76-bd6b-11ee-95b2-87774f69a715-mon.smithi001[38873]: cluster
2024-01-27T23:30:28.306951+0000 mon.smithi001 (mon.0) 75 : cluster [DBG] mgrmap e10: smithi001.afhxnt(active, since 1.05538s)
2024-01-27T23:30:29.517 INFO:journalctl@ceph.mon.smithi001.smithi001.stdout:Jan 27 23:30:29 smithi001 ceph-e38b0b76-bd6b-11ee-95b2-87774f69a715-mon.smithi001[38873]: cephadm
2024-01-27T23:30:28.307952+0000 mgr.smithi001.afhxnt (mgr.14142) 2 : cephadm [INF] Saving service prometheus spec with placement count:1
2024-01-27T23:30:29.517 INFO:journalctl@ceph.mon.smithi001.smithi001.stdout:Jan 27 23:30:29 smithi001 ceph-e38b0b76-bd6b-11ee-95b2-87774f69a715-mon.smithi001[38873]: audit
2024-01-27T23:30:28.310075+0000 mon.smithi001 (mon.0) 76 : audit [INF] from='mgr.14142 172.21.15.1:0/537211875' entity='mgr.smithi001.afhxnt'
2024-01-27T23:30:29.517 INFO:journalctl@ceph.mon.smithi001.smithi001.stdout:Jan 27 23:30:29 smithi001 ceph-e38b0b76-bd6b-11ee-95b2-87774f69a715-mon.smithi001[38873]: audit
2024-01-27T23:30:29.243145+0000 mon.smithi001 (mon.0) 77 : audit [INF] from='mgr.14142 172.21.15.1:0/537211875' entity='mgr.smithi001.afhxnt'
2024-01-27T23:30:29.581 INFO:teuthology.orchestra.run.smithi001.stderr:Deploying node-exporter service with default placement...
2024-01-27T23:30:29.582 INFO:teuthology.orchestra.run.smithi001.stderr:Running command: /bin/podman run --rm --ipc=host --no-hosts --net=host --entrypoint /usr/bin/ceph --init -e CONTAINER_IMAGE=docker.io/ceph/ceph:v16.2.4 -e NODE_NAME=smithi001 -e CEPH_USE_RANDOM_NONCE=1 -v /var/log/ceph/e38b0b76-bd6b-11ee-95b2-87774f69a715:/var/log/ceph:z -v /tmp/ceph-tmpoxhz62jr:/etc/ceph/ceph.client.admin.keyring:z -v /tmp/ceph-tmphhezx874:/etc/ceph/ceph.conf:z docker.io/ceph/ceph:v16.2.4 orch apply node-exporter
2024-01-27T23:30:29.947 INFO:teuthology.orchestra.run.smithi001.stderr:/usr/bin/ceph:
2024-01-27T23:30:29.951+0000 7fe903a41700 1 Processor -- start
2024-01-27T23:30:29.947 INFO:teuthology.orchestra.run.smithi001.stderr:/usr/bin/ceph:
2024-01-27T23:30:29.951+0000 7fe903a41700 1 -- start start
2024-01-27T23:30:29.947 INFO:teuthology.orchestra.run.smithi001.stderr:/usr/bin/ceph:
2024-01-27T23:30:29.952+0000 7fe903a41700 1 --2- >> [v2:172.21.15.1:3300/0,v1:172.21.15.1:6789/0] conn(0x7fe8fc070350 0x7fe8fc0fe9c0 unknown :-1 s=NONE pgs=0 cs=0 l=0 rev1=0 rx=0 tx=0).connect
2024-01-27T23:30:29.947 INFO:teuthology.orchestra.run.smithi001.stderr:/usr/bin/ceph:
2024-01-27T23:30:29.952+0000 7fe903a41700 1 -- --> [v2:172.21.15.1:3300/0,v1:172.21.15.1:6789/0] -- mon_getmap magic: 0 v1 -- 0x7fe8fc070770 con 0x7fe8fc070350
2024-01-27T23:30:29.947 INFO:teuthology.orchestra.run.smithi001.stderr:/usr/bin/ceph:
2024-01-27T23:30:29.952+0000 7fe9017dd700 1 --2- >> [v2:172.21.15.1:3300/0,v1:172.21.15.1:6789/0] conn(0x7fe8fc070350 0x7fe8fc0fe9c0 unknown :-1 s=BANNER_CONNECTING pgs=0 cs=0 l=0 rev1=0 rx=0 tx=0)._handle_peer_banner_payload supported=1 required=0
2024-01-27T23:30:29.947 INFO:teuthology.orchestra.run.smithi001.stderr:/usr/bin/ceph:
2024-01-27T23:30:29.952+0000 7fe9017dd700 1 --2- >> [v2:172.21.15.1:3300/0,v1:172.21.15.1:6789/0] conn(0x7fe8fc070350 0x7fe8fc0fe9c0 unknown :-1 s=HELLO_CONNECTING pgs=0 cs=0 l=0 rev1=1 rx=0 tx=0).handle_hello peer v2:172.21.15.1:3300/0 says I am v2:172.21.15.1:48154/0 (socket says 172.21.15.1:48154)
2024-01-27T23:30:29.947 INFO:teuthology.orchestra.run.smithi001.stderr:/usr/bin/ceph:
2024-01-27T23:30:29.952+0000 7fe9017dd700 1 -- 172.21.15.1:0/3964539610 learned_addr learned my addr 172.21.15.1:0/3964539610 (peer_addr_for_me v2:172.21.15.1:0/0)
2024-01-27T23:30:29.948 INFO:teuthology.orchestra.run.smithi001.stderr:/usr/bin/ceph:
2024-01-27T23:30:29.952+0000 7fe9017dd700 1 -- 172.21.15.1:0/3964539610 --> [v2:172.21.15.1:3300/0,v1:172.21.15.1:6789/0] -- mon_subscribe({config=0+,monmap=0+}) v3 -- 0x7fe8fc0feeb0 con 0x7fe8fc070350
2024-01-27T23:30:29.948 INFO:teuthology.orchestra.run.smithi001.stderr:/usr/bin/ceph:
2024-01-27T23:30:29.952+0000 7fe9017dd700 1 --2- 172.21.15.1:0/3964539610 >> [v2:172.21.15.1:3300/0,v1:172.21.15.1:6789/0] conn(0x7fe8fc070350 0x7fe8fc0fe9c0 secure :-1 s=READY pgs=58 cs=0 l=1 rev1=1 rx=0x7fe8f800b5f0 tx=0x7fe8f8006ee0).ready entity=mon.0 client_cookie=b69c0d2a23db14a4 server_cookie=0 in_seq=0 out_seq=0
2024-01-27T23:30:29.948 INFO:teuthology.orchestra.run.smithi001.stderr:/usr/bin/ceph:
2024-01-27T23:30:29.952+0000 7fe8effff700 1 -- 172.21.15.1:0/3964539610 <== mon.0 v2:172.21.15.1:3300/0 1 ==== mon_map magic: 0 v1 ==== 229+0+0 (secure 0 0 0) 0x7fe8f800d600 con 0x7fe8fc070350
2024-01-27T23:30:29.948 INFO:teuthology.orchestra.run.smithi001.stderr:/usr/bin/ceph:
2024-01-27T23:30:29.952+0000 7fe8effff700 1 -- 172.21.15.1:0/3964539610 <== mon.0 v2:172.21.15.1:3300/0 2 ==== config(25 keys) v1 ==== 1010+0+0 (secure 0 0 0) 0x7fe8f800dbd0 con 0x7fe8fc070350
2024-01-27T23:30:29.948 INFO:teuthology.orchestra.run.smithi001.stderr:/usr/bin/ceph:
2024-01-27T23:30:29.952+0000 7fe8effff700 1 -- 172.21.15.1:0/3964539610 <== mon.0 v2:172.21.15.1:3300/0 3 ==== mon_map magic: 0 v1 ==== 229+0+0 (secure 0 0 0) 0x7fe8f8011c00 con 0x7fe8fc070350
2024-01-27T23:30:29.948 INFO:teuthology.orchestra.run.smithi001.stderr:/usr/bin/ceph:
2024-01-27T23:30:29.953+0000 7fe903a41700 1 -- 172.21.15.1:0/3964539610 >> [v2:172.21.15.1:3300/0,v1:172.21.15.1:6789/0] conn(0x7fe8fc070350 msgr2=0x7fe8fc0fe9c0 secure :-1 s=STATE_CONNECTION_ESTABLISHED l=1).mark_down
2024-01-27T23:30:29.948 INFO:teuthology.orchestra.run.smithi001.stderr:/usr/bin/ceph:
2024-01-27T23:30:29.953+0000 7fe903a41700 1 --2- 172.21.15.1:0/3964539610 >> [v2:172.21.15.1:3300/0,v1:172.21.15.1:6789/0] conn(0x7fe8fc070350 0x7fe8fc0fe9c0 secure :-1 s=READY pgs=58 cs=0 l=1 rev1=1 rx=0x7fe8f800b5f0 tx=0x7fe8f8006ee0).stop
2024-01-27T23:30:29.948 INFO:teuthology.orchestra.run.smithi001.stderr:/usr/bin/ceph:
2024-01-27T23:30:29.953+0000 7fe903a41700 1 -- 172.21.15.1:0/3964539610 shutdown_connections
2024-01-27T23:30:29.948 INFO:teuthology.orchestra.run.smithi001.stderr:/usr/bin/ceph:
2024-01-27T23:30:29.953+0000 7fe903a41700 1 --2- 172.21.15.1:0/3964539610 >> [v2:172.21.15.1:3300/0,v1:172.21.15.1:6789/0] conn(0x7fe8fc070350 0x7fe8fc0fe9c0 unknown :-1 s=CLOSED pgs=58 cs=0 l=1 rev1=1 rx=0 tx=0).stop
2024-01-27T23:30:29.948 INFO:teuthology.orchestra.run.smithi001.stderr:/usr/bin/ceph:
2024-01-27T23:30:29.953+0000 7fe903a41700 1 -- 172.21.15.1:0/3964539610 >> 172.21.15.1:0/3964539610 conn(0x7fe8fc0f63c0 msgr2=0x7fe8fc0f87e0 unknown :-1 s=STATE_NONE l=0).mark_down
2024-01-27T23:30:29.948 INFO:teuthology.orchestra.run.smithi001.stderr:/usr/bin/ceph:
2024-01-27T23:30:29.953+0000 7fe903a41700 1 -- 172.21.15.1:0/3964539610 shutdown_connections
2024-01-27T23:30:29.948 INFO:teuthology.orchestra.run.smithi001.stderr:/usr/bin/ceph:
2024-01-27T23:30:29.953+0000 7fe903a41700 1 -- 172.21.15.1:0/3964539610 wait complete.
2024-01-27T23:30:29.949 INFO:teuthology.orchestra.run.smithi001.stderr:/usr/bin/ceph:
2024-01-27T23:30:29.954+0000 7fe903a41700 1 Processor -- start
2024-01-27T23:30:29.949 INFO:teuthology.orchestra.run.smithi001.stderr:/usr/bin/ceph:
2024-01-27T23:30:29.954+0000 7fe903a41700 1 -- start start
2024-01-27T23:30:29.949 INFO:teuthology.orchestra.run.smithi001.stderr:/usr/bin/ceph:
2024-01-27T23:30:29.954+0000 7fe903a41700 1 --2- >> [v2:172.21.15.1:3300/0,v1:172.21.15.1:6789/0] conn(0x7fe8fc070350 0x7fe8fc10aa00 unknown :-1 s=NONE pgs=0 cs=0 l=1 rev1=0 rx=0 tx=0).connect
2024-01-27T23:30:29.949 INFO:teuthology.orchestra.run.smithi001.stderr:/usr/bin/ceph:
2024-01-27T23:30:29.954+0000 7fe903a41700 1 -- --> [v2:172.21.15.1:3300/0,v1:172.21.15.1:6789/0] -- mon_getmap magic: 0 v1 -- 0x7fe8fc10aef0 con 0x7fe8fc070350
2024-01-27T23:30:29.949 INFO:teuthology.orchestra.run.smithi001.stderr:/usr/bin/ceph:
2024-01-27T23:30:29.954+0000 7fe9017dd700 1 --2- >> [v2:172.21.15.1:3300/0,v1:172.21.15.1:6789/0] conn(0x7fe8fc070350 0x7fe8fc10aa00 unknown :-1 s=BANNER_CONNECTING pgs=0 cs=0 l=1 rev1=0 rx=0 tx=0)._handle_peer_banner_payload supported=1 required=0
2024-01-27T23:30:29.949 INFO:teuthology.orchestra.run.smithi001.stderr:/usr/bin/ceph:
2024-01-27T23:30:29.954+0000 7fe9017dd700 1 --2- >> [v2:172.21.15.1:3300/0,v1:172.21.15.1:6789/0] conn(0x7fe8fc070350 0x7fe8fc10aa00 unknown :-1 s=HELLO_CONNECTING pgs=0 cs=0 l=1 rev1=1 rx=0 tx=0).handle_hello peer v2:172.21.15.1:3300/0 says I am v2:172.21.15.1:48166/0 (socket says 172.21.15.1:48166)
2024-01-27T23:30:29.949 INFO:teuthology.orchestra.run.smithi001.stderr:/usr/bin/ceph:
2024-01-27T23:30:29.954+0000 7fe9017dd700 1 -- 172.21.15.1:0/2366968091 learned_addr learned my addr 172.21.15.1:0/2366968091 (peer_addr_for_me v2:172.21.15.1:0/0)
2024-01-27T23:30:29.949 INFO:teuthology.orchestra.run.smithi001.stderr:/usr/bin/ceph:
2024-01-27T23:30:29.954+0000 7fe9017dd700 1 -- 172.21.15.1:0/2366968091 --> [v2:172.21.15.1:3300/0,v1:172.21.15.1:6789/0] -- mon_subscribe({config=0+,monmap=0+}) v3 -- 0x7fe8f800b200 con 0x7fe8fc070350
2024-01-27T23:30:29.949 INFO:teuthology.orchestra.run.smithi001.stderr:/usr/bin/ceph:
2024-01-27T23:30:29.954+0000 7fe9017dd700 1 --2- 172.21.15.1:0/2366968091 >> [v2:172.21.15.1:3300/0,v1:172.21.15.1:6789/0] conn(0x7fe8fc070350 0x7fe8fc10aa00 secure :-1 s=READY pgs=59 cs=0 l=1 rev1=1 rx=0x7fe8f800b1d0 tx=0x7fe8f8006ee0).ready entity=mon.0 client_cookie=0 server_cookie=0 in_seq=0 out_seq=0
2024-01-27T23:30:29.950 INFO:teuthology.orchestra.run.smithi001.stderr:/usr/bin/ceph:
2024-01-27T23:30:29.955+0000 7fe8edffb700 1 -- 172.21.15.1:0/2366968091 <== mon.0 v2:172.21.15.1:3300/0 1 ==== mon_map magic: 0 v1 ==== 229+0+0 (secure 0 0 0) 0x7fe8f8011a20 con 0x7fe8fc070350
2024-01-27T23:30:29.951 INFO:teuthology.orchestra.run.smithi001.stderr:/usr/bin/ceph:
2024-01-27T23:30:29.955+0000 7fe8edffb700 1 -- 172.21.15.1:0/2366968091 <== mon.0 v2:172.21.15.1:3300/0 2 ==== config(25 keys) v1 ==== 1010+0+0 (secure 0 0 0) 0x7fe8f801b880 con 0x7fe8fc070350
2024-01-27T23:30:29.951 INFO:teuthology.orchestra.run.smithi001.stderr:/usr/bin/ceph:
2024-01-27T23:30:29.955+0000 7fe903a41700 1 -- 172.21.15.1:0/2366968091 --> [v2:172.21.15.1:3300/0,v1:172.21.15.1:6789/0] -- mon_subscribe({mgrmap=0+}) v3 -- 0x7fe8fc10b0f0 con 0x7fe8fc070350
2024-01-27T23:30:29.951 INFO:teuthology.orchestra.run.smithi001.stderr:/usr/bin/ceph:
