2024-01-27T23:30:32.756 INFO:teuthology.orchestra.run.smithi001.stderr:/usr/bin/ceph:
2024-01-27T23:30:32.761+0000 7f4154676700 1 -- 172.21.15.1:0/1671727173 --> [v2:172.21.15.1:3300/0,v1:172.21.15.1:6789/0] -- mon_command({"prefix": "get_command_descriptions"} v 0) v1 -- 0x7f414c045ad0 con 0x7f414c0704a0
2024-01-27T23:30:32.756 INFO:teuthology.orchestra.run.smithi001.stderr:/usr/bin/ceph:
2024-01-27T23:30:32.761+0000 7f413affd700 1 --2- 172.21.15.1:0/1671727173 >> [v2:172.21.15.1:6800/3552135773,v1:172.21.15.1:6801/3552135773] conn(0x7f413402feb0 0x7f4134032370 unknown :-1 s=NONE pgs=0 cs=0 l=1 rev1=0 rx=0 tx=0).connect
2024-01-27T23:30:32.756 INFO:teuthology.orchestra.run.smithi001.stderr:/usr/bin/ceph:
2024-01-27T23:30:32.761+0000 7f413affd700 1 -- 172.21.15.1:0/1671727173 <== mon.0 v2:172.21.15.1:3300/0 5 ==== osd_map(3..3 src has 1..3) v4 ==== 1098+0+0 (secure 0 0 0) 0x7f413c041410 con 0x7f414c0704a0
2024-01-27T23:30:32.756 INFO:teuthology.orchestra.run.smithi001.stderr:/usr/bin/ceph:
2024-01-27T23:30:32.761+0000 7f4151c11700 1 --2- 172.21.15.1:0/1671727173 >> [v2:172.21.15.1:6800/3552135773,v1:172.21.15.1:6801/3552135773] conn(0x7f413402feb0 0x7f4134032370 unknown :-1 s=BANNER_CONNECTING pgs=0 cs=0 l=1 rev1=0 rx=0 tx=0)._handle_peer_banner_payload supported=1 required=0
2024-01-27T23:30:32.756 INFO:teuthology.orchestra.run.smithi001.stderr:/usr/bin/ceph:
2024-01-27T23:30:32.761+0000 7f4151c11700 1 --2- 172.21.15.1:0/1671727173 >> [v2:172.21.15.1:6800/3552135773,v1:172.21.15.1:6801/3552135773] conn(0x7f413402feb0 0x7f4134032370 secure :-1 s=READY pgs=10 cs=0 l=1 rev1=1 rx=0x7f41480096a0 tx=0x7f4148006b40).ready entity=mgr.14142 client_cookie=0 server_cookie=0 in_seq=0 out_seq=0
2024-01-27T23:30:32.758 INFO:teuthology.orchestra.run.smithi001.stderr:/usr/bin/ceph:
2024-01-27T23:30:32.765+0000 7f413affd700 1 -- 172.21.15.1:0/1671727173 <== mon.0 v2:172.21.15.1:3300/0 6 ==== mon_command_ack([{"prefix": "get_command_descriptions"}]=0 v0) v1 ==== 72+0+152212 (secure 0 0 0) 0x7f413c006a70 con 0x7f414c0704a0
2024-01-27T23:30:32.914 INFO:teuthology.orchestra.run.smithi001.stderr:/usr/bin/ceph:
2024-01-27T23:30:32.921+0000 7f4154676700 1 -- 172.21.15.1:0/1671727173 --> [v2:172.21.15.1:3300/0,v1:172.21.15.1:6789/0] -- mon_command([{prefix=config set, name=mgr/dashboard/ssl_server_port}] v 0) v1 -- 0x7f414c0ffba0 con 0x7f414c0704a0
2024-01-27T23:30:32.916 INFO:teuthology.orchestra.run.smithi001.stderr:/usr/bin/ceph:
2024-01-27T23:30:32.924+0000 7f413affd700 1 -- 172.21.15.1:0/1671727173 <== mon.0 v2:172.21.15.1:3300/0 7 ==== mon_command_ack([{prefix=config set, name=mgr/dashboard/ssl_server_port}]=0 v9)=0 v9) v1 ==== 130+0+0 (secure 0 0 0) 0x7f413c016070 con 0x7f414c0704a0
2024-01-27T23:30:32.920 INFO:teuthology.orchestra.run.smithi001.stderr:/usr/bin/ceph:
2024-01-27T23:30:32.926+0000 7f4154676700 1 -- 172.21.15.1:0/1671727173 >> [v2:172.21.15.1:6800/3552135773,v1:172.21.15.1:6801/3552135773] conn(0x7f413402feb0 msgr2=0x7f4134032370 secure :-1 s=STATE_CONNECTION_ESTABLISHED l=1).mark_down
2024-01-27T23:30:32.920 INFO:teuthology.orchestra.run.smithi001.stderr:/usr/bin/ceph:
2024-01-27T23:30:32.926+0000 7f4154676700 1 --2- 172.21.15.1:0/1671727173 >> [v2:172.21.15.1:6800/3552135773,v1:172.21.15.1:6801/3552135773] conn(0x7f413402feb0 0x7f4134032370 secure :-1 s=READY pgs=10 cs=0 l=1 rev1=1 rx=0x7f41480096a0 tx=0x7f4148006b40).stop
2024-01-27T23:30:32.920 INFO:teuthology.orchestra.run.smithi001.stderr:/usr/bin/ceph:
2024-01-27T23:30:32.926+0000 7f4154676700 1 -- 172.21.15.1:0/1671727173 >> [v2:172.21.15.1:3300/0,v1:172.21.15.1:6789/0] conn(0x7f414c0704a0 msgr2=0x7f414c10aa60 secure :-1 s=STATE_CONNECTION_ESTABLISHED l=1).mark_down
2024-01-27T23:30:32.920 INFO:teuthology.orchestra.run.smithi001.stderr:/usr/bin/ceph:
2024-01-27T23:30:32.926+0000 7f4154676700 1 --2- 172.21.15.1:0/1671727173 >> [v2:172.21.15.1:3300/0,v1:172.21.15.1:6789/0] conn(0x7f414c0704a0 0x7f414c10aa60 secure :-1 s=READY pgs=65 cs=0 l=1 rev1=1 rx=0x7f413c00e040 tx=0x7f413c006ee0).stop
2024-01-27T23:30:32.920 INFO:teuthology.orchestra.run.smithi001.stderr:/usr/bin/ceph:
2024-01-27T23:30:32.926+0000 7f4154676700 1 -- 172.21.15.1:0/1671727173 shutdown_connections
2024-01-27T23:30:32.920 INFO:teuthology.orchestra.run.smithi001.stderr:/usr/bin/ceph:
2024-01-27T23:30:32.926+0000 7f4154676700 1 --2- 172.21.15.1:0/1671727173 >> [v2:172.21.15.1:6800/3552135773,v1:172.21.15.1:6801/3552135773] conn(0x7f413402feb0 0x7f4134032370 unknown :-1 s=CLOSED pgs=10 cs=0 l=1 rev1=1 rx=0 tx=0).stop
2024-01-27T23:30:32.920 INFO:teuthology.orchestra.run.smithi001.stderr:/usr/bin/ceph:
2024-01-27T23:30:32.926+0000 7f4154676700 1 --2- 172.21.15.1:0/1671727173 >> [v2:172.21.15.1:3300/0,v1:172.21.15.1:6789/0] conn(0x7f414c0704a0 0x7f414c10aa60 unknown :-1 s=CLOSED pgs=65 cs=0 l=1 rev1=1 rx=0 tx=0).stop
2024-01-27T23:30:32.920 INFO:teuthology.orchestra.run.smithi001.stderr:/usr/bin/ceph:
2024-01-27T23:30:32.926+0000 7f4154676700 1 -- 172.21.15.1:0/1671727173 >> 172.21.15.1:0/1671727173 conn(0x7f414c0f63b0 msgr2=0x7f414c0f7ec0 unknown :-1 s=STATE_NONE l=0).mark_down
2024-01-27T23:30:32.920 INFO:teuthology.orchestra.run.smithi001.stderr:/usr/bin/ceph:
2024-01-27T23:30:32.926+0000 7f4154676700 1 -- 172.21.15.1:0/1671727173 shutdown_connections
2024-01-27T23:30:32.920 INFO:teuthology.orchestra.run.smithi001.stderr:/usr/bin/ceph:
2024-01-27T23:30:32.926+0000 7f4154676700 1 -- 172.21.15.1:0/1671727173 wait complete.
2024-01-27T23:30:33.264 INFO:teuthology.orchestra.run.smithi001.stderr:Enabling the dashboard module...
2024-01-27T23:30:33.265 INFO:teuthology.orchestra.run.smithi001.stderr:Running command: /bin/podman run --rm --ipc=host --no-hosts --net=host --entrypoint /usr/bin/ceph --init -e CONTAINER_IMAGE=docker.io/ceph/ceph:v16.2.4 -e NODE_NAME=smithi001 -e CEPH_USE_RANDOM_NONCE=1 -v /var/log/ceph/e38b0b76-bd6b-11ee-95b2-87774f69a715:/var/log/ceph:z -v /tmp/ceph-tmpoxhz62jr:/etc/ceph/ceph.client.admin.keyring:z -v /tmp/ceph-tmphhezx874:/etc/ceph/ceph.conf:z docker.io/ceph/ceph:v16.2.4 mgr module enable dashboard
2024-01-27T23:30:33.605 INFO:teuthology.orchestra.run.smithi001.stderr:/usr/bin/ceph:
2024-01-27T23:30:33.609+0000 7f2964aa0700 1 Processor -- start
2024-01-27T23:30:33.606 INFO:teuthology.orchestra.run.smithi001.stderr:/usr/bin/ceph:
2024-01-27T23:30:33.609+0000 7f2964aa0700 1 -- start start
2024-01-27T23:30:33.606 INFO:teuthology.orchestra.run.smithi001.stderr:/usr/bin/ceph:
2024-01-27T23:30:33.610+0000 7f2964aa0700 1 --2- >> [v2:172.21.15.1:3300/0,v1:172.21.15.1:6789/0] conn(0x7f29600fbca0 0x7f29600fc0c0 unknown :-1 s=NONE pgs=0 cs=0 l=0 rev1=0 rx=0 tx=0).connect
2024-01-27T23:30:33.606 INFO:teuthology.orchestra.run.smithi001.stderr:/usr/bin/ceph:
2024-01-27T23:30:33.610+0000 7f2964aa0700 1 -- --> [v2:172.21.15.1:3300/0,v1:172.21.15.1:6789/0] -- mon_getmap magic: 0 v1 -- 0x7f29600fc5b0 con 0x7f29600fbca0
2024-01-27T23:30:33.606 INFO:teuthology.orchestra.run.smithi001.stderr:/usr/bin/ceph:
2024-01-27T23:30:33.610+0000 7f295e59c700 1 --2- >> [v2:172.21.15.1:3300/0,v1:172.21.15.1:6789/0] conn(0x7f29600fbca0 0x7f29600fc0c0 unknown :-1 s=BANNER_CONNECTING pgs=0 cs=0 l=0 rev1=0 rx=0 tx=0)._handle_peer_banner_payload supported=1 required=0
2024-01-27T23:30:33.606 INFO:teuthology.orchestra.run.smithi001.stderr:/usr/bin/ceph:
2024-01-27T23:30:33.610+0000 7f295e59c700 1 --2- >> [v2:172.21.15.1:3300/0,v1:172.21.15.1:6789/0] conn(0x7f29600fbca0 0x7f29600fc0c0 unknown :-1 s=HELLO_CONNECTING pgs=0 cs=0 l=0 rev1=1 rx=0 tx=0).handle_hello peer v2:172.21.15.1:3300/0 says I am v2:172.21.15.1:53822/0 (socket says 172.21.15.1:53822)
2024-01-27T23:30:33.606 INFO:teuthology.orchestra.run.smithi001.stderr:/usr/bin/ceph:
2024-01-27T23:30:33.610+0000 7f295e59c700 1 -- 172.21.15.1:0/1943243017 learned_addr learned my addr 172.21.15.1:0/1943243017 (peer_addr_for_me v2:172.21.15.1:0/0)
2024-01-27T23:30:33.606 INFO:teuthology.orchestra.run.smithi001.stderr:/usr/bin/ceph:
2024-01-27T23:30:33.610+0000 7f295e59c700 1 -- 172.21.15.1:0/1943243017 --> [v2:172.21.15.1:3300/0,v1:172.21.15.1:6789/0] -- mon_subscribe({config=0+,monmap=0+}) v3 -- 0x7f29600fc6f0 con 0x7f29600fbca0
2024-01-27T23:30:33.606 INFO:teuthology.orchestra.run.smithi001.stderr:/usr/bin/ceph:
2024-01-27T23:30:33.610+0000 7f295e59c700 1 --2- 172.21.15.1:0/1943243017 >> [v2:172.21.15.1:3300/0,v1:172.21.15.1:6789/0] conn(0x7f29600fbca0 0x7f29600fc0c0 secure :-1 s=READY pgs=66 cs=0 l=1 rev1=1 rx=0x7f295000b5f0 tx=0x7f2950006ee0).ready entity=mon.0 client_cookie=725825b028c5b268 server_cookie=0 in_seq=0 out_seq=0
2024-01-27T23:30:33.606 INFO:teuthology.orchestra.run.smithi001.stderr:/usr/bin/ceph:
2024-01-27T23:30:33.611+0000 7f295d59a700 1 -- 172.21.15.1:0/1943243017 <== mon.0 v2:172.21.15.1:3300/0 1 ==== mon_map magic: 0 v1 ==== 229+0+0 (secure 0 0 0) 0x7f295000d600 con 0x7f29600fbca0
2024-01-27T23:30:33.606 INFO:teuthology.orchestra.run.smithi001.stderr:/usr/bin/ceph:
2024-01-27T23:30:33.611+0000 7f295d59a700 1 -- 172.21.15.1:0/1943243017 <== mon.0 v2:172.21.15.1:3300/0 2 ==== config(25 keys) v1 ==== 1010+0+0 (secure 0 0 0) 0x7f295000dbd0 con 0x7f29600fbca0
2024-01-27T23:30:33.606 INFO:teuthology.orchestra.run.smithi001.stderr:/usr/bin/ceph:
2024-01-27T23:30:33.611+0000 7f295d59a700 1 -- 172.21.15.1:0/1943243017 <== mon.0 v2:172.21.15.1:3300/0 3 ==== mon_map magic: 0 v1 ==== 229+0+0 (secure 0 0 0) 0x7f2950011c00 con 0x7f29600fbca0
2024-01-27T23:30:33.606 INFO:teuthology.orchestra.run.smithi001.stderr:/usr/bin/ceph:
2024-01-27T23:30:33.611+0000 7f2964aa0700 1 -- 172.21.15.1:0/1943243017 >> [v2:172.21.15.1:3300/0,v1:172.21.15.1:6789/0] conn(0x7f29600fbca0 msgr2=0x7f29600fc0c0 secure :-1 s=STATE_CONNECTION_ESTABLISHED l=1).mark_down
2024-01-27T23:30:33.607 INFO:teuthology.orchestra.run.smithi001.stderr:/usr/bin/ceph:
2024-01-27T23:30:33.611+0000 7f2964aa0700 1 --2- 172.21.15.1:0/1943243017 >> [v2:172.21.15.1:3300/0,v1:172.21.15.1:6789/0] conn(0x7f29600fbca0 0x7f29600fc0c0 secure :-1 s=READY pgs=66 cs=0 l=1 rev1=1 rx=0x7f295000b5f0 tx=0x7f2950006ee0).stop
2024-01-27T23:30:33.607 INFO:teuthology.orchestra.run.smithi001.stderr:/usr/bin/ceph:
2024-01-27T23:30:33.612+0000 7f2964aa0700 1 -- 172.21.15.1:0/1943243017 shutdown_connections
2024-01-27T23:30:33.607 INFO:teuthology.orchestra.run.smithi001.stderr:/usr/bin/ceph:
2024-01-27T23:30:33.612+0000 7f2964aa0700 1 --2- 172.21.15.1:0/1943243017 >> [v2:172.21.15.1:3300/0,v1:172.21.15.1:6789/0] conn(0x7f29600fbca0 0x7f29600fc0c0 unknown :-1 s=CLOSED pgs=66 cs=0 l=1 rev1=1 rx=0 tx=0).stop
2024-01-27T23:30:33.607 INFO:teuthology.orchestra.run.smithi001.stderr:/usr/bin/ceph:
2024-01-27T23:30:33.612+0000 7f2964aa0700 1 -- 172.21.15.1:0/1943243017 >> 172.21.15.1:0/1943243017 conn(0x7f29600f74c0 msgr2=0x7f29600f98e0 unknown :-1 s=STATE_NONE l=0).mark_down
2024-01-27T23:30:33.607 INFO:teuthology.orchestra.run.smithi001.stderr:/usr/bin/ceph:
2024-01-27T23:30:33.612+0000 7f2964aa0700 1 -- 172.21.15.1:0/1943243017 shutdown_connections
2024-01-27T23:30:33.607 INFO:teuthology.orchestra.run.smithi001.stderr:/usr/bin/ceph:
2024-01-27T23:30:33.612+0000 7f2964aa0700 1 -- 172.21.15.1:0/1943243017 wait complete.
2024-01-27T23:30:33.607 INFO:teuthology.orchestra.run.smithi001.stderr:/usr/bin/ceph:
2024-01-27T23:30:33.612+0000 7f2964aa0700 1 Processor -- start
2024-01-27T23:30:33.607 INFO:teuthology.orchestra.run.smithi001.stderr:/usr/bin/ceph:
2024-01-27T23:30:33.612+0000 7f2964aa0700 1 -- start start
2024-01-27T23:30:33.607 INFO:teuthology.orchestra.run.smithi001.stderr:/usr/bin/ceph:
2024-01-27T23:30:33.612+0000 7f2964aa0700 1 --2- >> [v2:172.21.15.1:3300/0,v1:172.21.15.1:6789/0] conn(0x7f29600fbca0 0x7f2960072570 unknown :-1 s=NONE pgs=0 cs=0 l=1 rev1=0 rx=0 tx=0).connect
2024-01-27T23:30:33.607 INFO:teuthology.orchestra.run.smithi001.stderr:/usr/bin/ceph:
2024-01-27T23:30:33.612+0000 7f2964aa0700 1 -- --> [v2:172.21.15.1:3300/0,v1:172.21.15.1:6789/0] -- mon_getmap magic: 0 v1 -- 0x7f29600709f0 con 0x7f29600fbca0
2024-01-27T23:30:33.607 INFO:teuthology.orchestra.run.smithi001.stderr:/usr/bin/ceph:
2024-01-27T23:30:33.612+0000 7f295e59c700 1 --2- >> [v2:172.21.15.1:3300/0,v1:172.21.15.1:6789/0] conn(0x7f29600fbca0 0x7f2960072570 unknown :-1 s=BANNER_CONNECTING pgs=0 cs=0 l=1 rev1=0 rx=0 tx=0)._handle_peer_banner_payload supported=1 required=0
2024-01-27T23:30:33.607 INFO:teuthology.orchestra.run.smithi001.stderr:/usr/bin/ceph:
2024-01-27T23:30:33.613+0000 7f295e59c700 1 --2- >> [v2:172.21.15.1:3300/0,v1:172.21.15.1:6789/0] conn(0x7f29600fbca0 0x7f2960072570 unknown :-1 s=HELLO_CONNECTING pgs=0 cs=0 l=1 rev1=1 rx=0 tx=0).handle_hello peer v2:172.21.15.1:3300/0 says I am v2:172.21.15.1:53836/0 (socket says 172.21.15.1:53836)
2024-01-27T23:30:33.607 INFO:teuthology.orchestra.run.smithi001.stderr:/usr/bin/ceph:
2024-01-27T23:30:33.613+0000 7f295e59c700 1 -- 172.21.15.1:0/3070690097 learned_addr learned my addr 172.21.15.1:0/3070690097 (peer_addr_for_me v2:172.21.15.1:0/0)
2024-01-27T23:30:33.607 INFO:teuthology.orchestra.run.smithi001.stderr:/usr/bin/ceph:
2024-01-27T23:30:33.613+0000 7f295e59c700 1 -- 172.21.15.1:0/3070690097 --> [v2:172.21.15.1:3300/0,v1:172.21.15.1:6789/0] -- mon_subscribe({config=0+,monmap=0+}) v3 -- 0x7f295000b200 con 0x7f29600fbca0
2024-01-27T23:30:33.609 INFO:teuthology.orchestra.run.smithi001.stderr:/usr/bin/ceph:
2024-01-27T23:30:33.613+0000 7f295e59c700 1 --2- 172.21.15.1:0/3070690097 >> [v2:172.21.15.1:3300/0,v1:172.21.15.1:6789/0] conn(0x7f29600fbca0 0x7f2960072570 secure :-1 s=READY pgs=67 cs=0 l=1 rev1=1 rx=0x7f295000e040 tx=0x7f2950006ee0).ready entity=mon.0 client_cookie=0 server_cookie=0 in_seq=0 out_seq=0
2024-01-27T23:30:33.609 INFO:teuthology.orchestra.run.smithi001.stderr:/usr/bin/ceph:
2024-01-27T23:30:33.613+0000 7f2956ffd700 1 -- 172.21.15.1:0/3070690097 <== mon.0 v2:172.21.15.1:3300/0 1 ==== mon_map magic: 0 v1 ==== 229+0+0 (secure 0 0 0) 0x7f295001b410 con 0x7f29600fbca0
2024-01-27T23:30:33.609 INFO:teuthology.orchestra.run.smithi001.stderr:/usr/bin/ceph:
2024-01-27T23:30:33.613+0000 7f2956ffd700 1 -- 172.21.15.1:0/3070690097 <== mon.0 v2:172.21.15.1:3300/0 2 ==== config(25 keys) v1 ==== 1010+0+0 (secure 0 0 0) 0x7f295001b9e0 con 0x7f29600fbca0
2024-01-27T23:30:33.609 INFO:teuthology.orchestra.run.smithi001.stderr:/usr/bin/ceph:
2024-01-27T23:30:33.613+0000 7f2964aa0700 1 -- 172.21.15.1:0/3070690097 --> [v2:172.21.15.1:3300/0,v1:172.21.15.1:6789/0] -- mon_subscribe({mgrmap=0+}) v3 -- 0x7f2960070b90 con 0x7f29600fbca0
2024-01-27T23:30:33.609 INFO:teuthology.orchestra.run.smithi001.stderr:/usr/bin/ceph:
2024-01-27T23:30:33.613+0000 7f2956ffd700 1 -- 172.21.15.1:0/3070690097 <== mon.0 v2:172.21.15.1:3300/0 3 ==== mon_map magic: 0 v1 ==== 229+0+0 (secure 0 0 0) 0x7f295001a820 con 0x7f29600fbca0
2024-01-27T23:30:33.609 INFO:teuthology.orchestra.run.smithi001.stderr:/usr/bin/ceph:
2024-01-27T23:30:33.613+0000 7f2964aa0700 1 -- 172.21.15.1:0/3070690097 --> [v2:172.21.15.1:3300/0,v1:172.21.15.1:6789/0] -- mon_subscribe({osdmap=0}) v3 -- 0x7f2960070fa0 con 0x7f29600fbca0
2024-01-27T23:30:33.609 INFO:teuthology.orchestra.run.smithi001.stderr:/usr/bin/ceph:
2024-01-27T23:30:33.614+0000 7f2956ffd700 1 -- 172.21.15.1:0/3070690097 <== mon.0 v2:172.21.15.1:3300/0 4 ==== mgrmap(e 11) v1 ==== 36195+0+0 (secure 0 0 0) 0x7f295000f070 con 0x7f29600fbca0
2024-01-27T23:30:33.609 INFO:teuthology.orchestra.run.smithi001.stderr:/usr/bin/ceph:
2024-01-27T23:30:33.614+0000 7f2956ffd700 1 --2- 172.21.15.1:0/3070690097 >> [v2:172.21.15.1:6800/3552135773,v1:172.21.15.1:6801/3552135773] conn(0x7f294002feb0 0x7f2940032370 unknown :-1 s=NONE pgs=0 cs=0 l=1 rev1=0 rx=0 tx=0).connect
2024-01-27T23:30:33.609 INFO:teuthology.orchestra.run.smithi001.stderr:/usr/bin/ceph:
2024-01-27T23:30:33.614+0000 7f2956ffd700 1 -- 172.21.15.1:0/3070690097 <== mon.0 v2:172.21.15.1:3300/0 5 ==== osd_map(3..3 src has 1..3) v4 ==== 1098+0+0 (secure 0 0 0) 0x7f2950041520 con 0x7f29600fbca0
2024-01-27T23:30:33.610 INFO:teuthology.orchestra.run.smithi001.stderr:/usr/bin/ceph:
2024-01-27T23:30:33.614+0000 7f295dd9b700 1 --2- 172.21.15.1:0/3070690097 >> [v2:172.21.15.1:6800/3552135773,v1:172.21.15.1:6801/3552135773] conn(0x7f294002feb0 0x7f2940032370 unknown :-1 s=BANNER_CONNECTING pgs=0 cs=0 l=1 rev1=0 rx=0 tx=0)._handle_peer_banner_payload supported=1 required=0
2024-01-27T23:30:33.610 INFO:teuthology.orchestra.run.smithi001.stderr:/usr/bin/ceph:
2024-01-27T23:30:33.614+0000 7f2964aa0700 1 -- 172.21.15.1:0/3070690097 --> [v2:172.21.15.1:3300/0,v1:172.21.15.1:6789/0] -- mon_command({"prefix": "get_command_descriptions"} v 0) v1 -- 0x7f2960045ad0 con 0x7f29600fbca0
2024-01-27T23:30:33.610 INFO:teuthology.orchestra.run.smithi001.stderr:/usr/bin/ceph:
2024-01-27T23:30:33.614+0000 7f295dd9b700 1 --2- 172.21.15.1:0/3070690097 >> [v2:172.21.15.1:6800/3552135773,v1:172.21.15.1:6801/3552135773] conn(0x7f294002feb0 0x7f2940032370 secure :-1 s=READY pgs=11 cs=0 l=1 rev1=1 rx=0x7f29480096a0 tx=0x7f2948006b40).ready entity=mgr.14142 client_cookie=0 server_cookie=0 in_seq=0 out_seq=0
2024-01-27T23:30:33.611 INFO:teuthology.orchestra.run.smithi001.stderr:/usr/bin/ceph:
2024-01-27T23:30:33.618+0000 7f2956ffd700 1 -- 172.21.15.1:0/3070690097 <== mon.0 v2:172.21.15.1:3300/0 6 ==== mon_command_ack([{"prefix": "get_command_descriptions"}]=0 v0) v1 ==== 72+0+152212 (secure 0 0 0) 0x7f2950016070 con 0x7f29600fbca0
2024-01-27T23:30:33.809 INFO:teuthology.orchestra.run.smithi001.stderr:/usr/bin/ceph:
2024-01-27T23:30:33.816+0000 7f2964aa0700 1 -- 172.21.15.1:0/3070690097 --> [v2:172.21.15.1:3300/0,v1:172.21.15.1:6789/0] -- mon_command({"prefix": "mgr module enable", "module": "dashboard"} v 0) v1 -- 0x7f2960104880 con 0x7f29600fbca0
2024-01-27T23:30:33.917 INFO:teuthology.orchestra.run.smithi001.stderr:/usr/bin/ceph:
2024-01-27T23:30:33.924+0000 7f2956ffd700 1 -- 172.21.15.1:0/3070690097 <== mon.0 v2:172.21.15.1:3300/0 7 ==== mgrmap(e 12) v1 ==== 36208+0+0 (secure 0 0 0) 0x7f29500257e0 con 0x7f29600fbca0
2024-01-27T23:30:33.918 INFO:teuthology.orchestra.run.smithi001.stderr:/usr/bin/ceph:
2024-01-27T23:30:33.925+0000 7f2956ffd700 1 -- 172.21.15.1:0/3070690097 <== mon.0 v2:172.21.15.1:3300/0 8 ==== mon_command_ack([{"prefix": "mgr module enable", "module": "dashboard"}]=0 v12) v1 ==== 88+0+0 (secure 0 0 0) 0x7f2950019590 con 0x7f29600fbca0
2024-01-27T23:30:33.921 INFO:teuthology.orchestra.run.smithi001.stderr:/usr/bin/ceph:
2024-01-27T23:30:33.927+0000 7f2964aa0700 1 -- 172.21.15.1:0/3070690097 >> [v2:172.21.15.1:6800/3552135773,v1:172.21.15.1:6801/3552135773] conn(0x7f294002feb0 msgr2=0x7f2940032370 secure :-1 s=STATE_CONNECTION_ESTABLISHED l=1).mark_down
2024-01-27T23:30:33.921 INFO:teuthology.orchestra.run.smithi001.stderr:/usr/bin/ceph:
2024-01-27T23:30:33.927+0000 7f2964aa0700 1 --2- 172.21.15.1:0/3070690097 >> [v2:172.21.15.1:6800/3552135773,v1:172.21.15.1:6801/3552135773] conn(0x7f294002feb0 0x7f2940032370 secure :-1 s=READY pgs=11 cs=0 l=1 rev1=1 rx=0x7f29480096a0 tx=0x7f2948006b40).stop
2024-01-27T23:30:33.921 INFO:teuthology.orchestra.run.smithi001.stderr:/usr/bin/ceph:
2024-01-27T23:30:33.927+0000 7f2964aa0700 1 -- 172.21.15.1:0/3070690097 >> [v2:172.21.15.1:3300/0,v1:172.21.15.1:6789/0] conn(0x7f29600fbca0 msgr2=0x7f2960072570 secure :-1 s=STATE_CONNECTION_ESTABLISHED l=1).mark_down
2024-01-27T23:30:33.921 INFO:teuthology.orchestra.run.smithi001.stderr:/usr/bin/ceph:
2024-01-27T23:30:33.927+0000 7f2964aa0700 1 --2- 172.21.15.1:0/3070690097 >> [v2:172.21.15.1:3300/0,v1:172.21.15.1:6789/0] conn(0x7f29600fbca0 0x7f2960072570 secure :-1 s=READY pgs=67 cs=0 l=1 rev1=1 rx=0x7f295000e040 tx=0x7f2950006ee0).stop
2024-01-27T23:30:33.921 INFO:teuthology.orchestra.run.smithi001.stderr:/usr/bin/ceph:
2024-01-27T23:30:33.928+0000 7f2964aa0700 1 -- 172.21.15.1:0/3070690097 shutdown_connections
2024-01-27T23:30:33.921 INFO:teuthology.orchestra.run.smithi001.stderr:/usr/bin/ceph:
2024-01-27T23:30:33.928+0000 7f2964aa0700 1 --2- 172.21.15.1:0/3070690097 >> [v2:172.21.15.1:6800/3552135773,v1:172.21.15.1:6801/3552135773] conn(0x7f294002feb0 0x7f2940032370 unknown :-1 s=CLOSED pgs=11 cs=0 l=1 rev1=1 rx=0 tx=0).stop
2024-01-27T23:30:33.921 INFO:teuthology.orchestra.run.smithi001.stderr:/usr/bin/ceph:
2024-01-27T23:30:33.928+0000 7f2964aa0700 1 --2- 172.21.15.1:0/3070690097 >> [v2:172.21.15.1:3300/0,v1:172.21.15.1:6789/0] conn(0x7f29600fbca0 0x7f2960072570 unknown :-1 s=CLOSED pgs=67 cs=0 l=1 rev1=1 rx=0 tx=0).stop
2024-01-27T23:30:33.922 INFO:teuthology.orchestra.run.smithi001.stderr:/usr/bin/ceph:
2024-01-27T23:30:33.928+0000 7f2964aa0700 1 -- 172.21.15.1:0/3070690097 >> 172.21.15.1:0/3070690097 conn(0x7f29600f74c0 msgr2=0x7f29600f8fd0 unknown :-1 s=STATE_NONE l=0).mark_down
2024-01-27T23:30:33.922 INFO:teuthology.orchestra.run.smithi001.stderr:/usr/bin/ceph:
2024-01-27T23:30:33.928+0000 7f2964aa0700 1 -- 172.21.15.1:0/3070690097 shutdown_connections
2024-01-27T23:30:33.922 INFO:teuthology.orchestra.run.smithi001.stderr:/usr/bin/ceph:
2024-01-27T23:30:33.928+0000 7f2964aa0700 1 -- 172.21.15.1:0/3070690097 wait complete.
2024-01-27T23:30:34.212 INFO:journalctl@ceph.mon.smithi001.smithi001.stdout:Jan 27 23:30:33 smithi001 ceph-e38b0b76-bd6b-11ee-95b2-87774f69a715-mon.smithi001[38873]: audit
2024-01-27T23:30:32.925538+0000 mon.smithi001 (mon.0) 82 : audit [INF] from='client.? 172.21.15.1:0/1671727173' entity='client.admin'
2024-01-27T23:30:34.212 INFO:journalctl@ceph.mon.smithi001.smithi001.stdout:Jan 27 23:30:33 smithi001 ceph-e38b0b76-bd6b-11ee-95b2-87774f69a715-mon.smithi001[38873]: audit
2024-01-27T23:30:33.818309+0000 mon.smithi001 (mon.0) 83 : audit [INF] from='client.? 172.21.15.1:0/3070690097' entity='client.admin' cmd=[{"prefix": "mgr module enable", "module": "dashboard"}]: dispatch
2024-01-27T23:30:34.297 INFO:teuthology.orchestra.run.smithi001.stderr:Running command: /bin/podman run --rm --ipc=host --no-hosts --net=host --entrypoint /usr/bin/ceph --init -e CONTAINER_IMAGE=docker.io/ceph/ceph:v16.2.4 -e NODE_NAME=smithi001 -e CEPH_USE_RANDOM_NONCE=1 -v /var/log/ceph/e38b0b76-bd6b-11ee-95b2-87774f69a715:/var/log/ceph:z -v /tmp/ceph-tmpoxhz62jr:/etc/ceph/ceph.client.admin.keyring:z -v /tmp/ceph-tmphhezx874:/etc/ceph/ceph.conf:z docker.io/ceph/ceph:v16.2.4 mgr stat
2024-01-27T23:30:34.666 INFO:teuthology.orchestra.run.smithi001.stderr:/usr/bin/ceph:
2024-01-27T23:30:34.672+0000 7f57efb79700 1 Processor -- start
2024-01-27T23:30:34.666 INFO:teuthology.orchestra.run.smithi001.stderr:/usr/bin/ceph:
2024-01-27T23:30:34.672+0000 7f57efb79700 1 -- start start
2024-01-27T23:30:34.666 INFO:teuthology.orchestra.run.smithi001.stderr:/usr/bin/ceph:
2024-01-27T23:30:34.672+0000 7f57efb79700 1 --2- >> [v2:172.21.15.1:3300/0,v1:172.21.15.1:6789/0] conn(0x7f57e80703d0 0x7f57e80fe940 unknown :-1 s=NONE pgs=0 cs=0 l=0 rev1=0 rx=0 tx=0).connect
2024-01-27T23:30:34.666 INFO:teuthology.orchestra.run.smithi001.stderr:/usr/bin/ceph:
2024-01-27T23:30:34.673+0000 7f57efb79700 1 -- --> [v2:172.21.15.1:3300/0,v1:172.21.15.1:6789/0] -- mon_getmap magic: 0 v1 -- 0x7f57e80fee30 con 0x7f57e80703d0
2024-01-27T23:30:34.666 INFO:teuthology.orchestra.run.smithi001.stderr:/usr/bin/ceph:
2024-01-27T23:30:34.673+0000 7f57ed915700 1 --2- >> [v2:172.21.15.1:3300/0,v1:172.21.15.1:6789/0] conn(0x7f57e80703d0 0x7f57e80fe940 unknown :-1 s=BANNER_CONNECTING pgs=0 cs=0 l=0 rev1=0 rx=0 tx=0)._handle_peer_banner_payload supported=1 required=0
2024-01-27T23:30:34.666 INFO:teuthology.orchestra.run.smithi001.stderr:/usr/bin/ceph:
2024-01-27T23:30:34.673+0000 7f57ed915700 1 --2- >> [v2:172.21.15.1:3300/0,v1:172.21.15.1:6789/0] conn(0x7f57e80703d0 0x7f57e80fe940 unknown :-1 s=HELLO_CONNECTING pgs=0 cs=0 l=0 rev1=1 rx=0 tx=0).handle_hello peer v2:172.21.15.1:3300/0 says I am v2:172.21.15.1:53864/0 (socket says 172.21.15.1:53864)
2024-01-27T23:30:34.666 INFO:teuthology.orchestra.run.smithi001.stderr:/usr/bin/ceph:
2024-01-27T23:30:34.673+0000 7f57ed915700 1 -- 172.21.15.1:0/76382642 learned_addr learned my addr 172.21.15.1:0/76382642 (peer_addr_for_me v2:172.21.15.1:0/0)
2024-01-27T23:30:34.668 INFO:teuthology.orchestra.run.smithi001.stderr:/usr/bin/ceph:
2024-01-27T23:30:34.673+0000 7f57ed915700 1 -- 172.21.15.1:0/76382642 --> [v2:172.21.15.1:3300/0,v1:172.21.15.1:6789/0] -- mon_subscribe({config=0+,monmap=0+}) v3 -- 0x7f57e80fef70 con 0x7f57e80703d0
2024-01-27T23:30:34.668 INFO:teuthology.orchestra.run.smithi001.stderr:/usr/bin/ceph:
2024-01-27T23:30:34.673+0000 7f57ed915700 1 --2- 172.21.15.1:0/76382642 >> [v2:172.21.15.1:3300/0,v1:172.21.15.1:6789/0] conn(0x7f57e80703d0 0x7f57e80fe940 secure :-1 s=READY pgs=70 cs=0 l=1 rev1=1 rx=0x7f57e400b5f0 tx=0x7f57e4006ee0).ready entity=mon.0 client_cookie=c7896932fe90dee8 server_cookie=0 in_seq=0 out_seq=0
2024-01-27T23:30:34.668 INFO:teuthology.orchestra.run.smithi001.stderr:/usr/bin/ceph:
2024-01-27T23:30:34.673+0000 7f57ec913700 1 -- 172.21.15.1:0/76382642 <== mon.0 v2:172.21.15.1:3300/0 1 ==== mon_map magic: 0 v1 ==== 229+0+0 (secure 0 0 0) 0x7f57e400d600 con 0x7f57e80703d0
2024-01-27T23:30:34.668 INFO:teuthology.orchestra.run.smithi001.stderr:/usr/bin/ceph:
2024-01-27T23:30:34.673+0000 7f57ec913700 1 -- 172.21.15.1:0/76382642 <== mon.0 v2:172.21.15.1:3300/0 2 ==== config(25 keys) v1 ==== 1010+0+0 (secure 0 0 0) 0x7f57e400dbd0 con 0x7f57e80703d0
2024-01-27T23:30:34.668 INFO:teuthology.orchestra.run.smithi001.stderr:/usr/bin/ceph:
2024-01-27T23:30:34.673+0000 7f57ec913700 1 -- 172.21.15.1:0/76382642 <== mon.0 v2:172.21.15.1:3300/0 3 ==== mon_map magic: 0 v1 ==== 229+0+0 (secure 0 0 0) 0x7f57e4011c00 con 0x7f57e80703d0
2024-01-27T23:30:34.668 INFO:teuthology.orchestra.run.smithi001.stderr:/usr/bin/ceph:
2024-01-27T23:30:34.674+0000 7f57efb79700 1 -- 172.21.15.1:0/76382642 >> [v2:172.21.15.1:3300/0,v1:172.21.15.1:6789/0] conn(0x7f57e80703d0 msgr2=0x7f57e80fe940 secure :-1 s=STATE_CONNECTION_ESTABLISHED l=1).mark_down
2024-01-27T23:30:34.668 INFO:teuthology.orchestra.run.smithi001.stderr:/usr/bin/ceph:
2024-01-27T23:30:34.674+0000 7f57efb79700 1 --2- 172.21.15.1:0/76382642 >> [v2:172.21.15.1:3300/0,v1:172.21.15.1:6789/0] conn(0x7f57e80703d0 0x7f57e80fe940 secure :-1 s=READY pgs=70 cs=0 l=1 rev1=1 rx=0x7f57e400b5f0 tx=0x7f57e4006ee0).stop
2024-01-27T23:30:34.668 INFO:teuthology.orchestra.run.smithi001.stderr:/usr/bin/ceph:
2024-01-27T23:30:34.674+0000 7f57efb79700 1 -- 172.21.15.1:0/76382642 shutdown_connections
2024-01-27T23:30:34.668 INFO:teuthology.orchestra.run.smithi001.stderr:/usr/bin/ceph:
2024-01-27T23:30:34.674+0000 7f57efb79700 1 --2- 172.21.15.1:0/76382642 >> [v2:172.21.15.1:3300/0,v1:172.21.15.1:6789/0] conn(0x7f57e80703d0 0x7f57e80fe940 unknown :-1 s=CLOSED pgs=70 cs=0 l=1 rev1=1 rx=0 tx=0).stop
2024-01-27T23:30:34.668 INFO:teuthology.orchestra.run.smithi001.stderr:/usr/bin/ceph:
2024-01-27T23:30:34.674+0000 7f57efb79700 1 -- 172.21.15.1:0/76382642 >> 172.21.15.1:0/76382642 conn(0x7f57e80f63c0 msgr2=0x7f57e80f87e0 unknown :-1 s=STATE_NONE l=0).mark_down
2024-01-27T23:30:34.668 INFO:teuthology.orchestra.run.smithi001.stderr:/usr/bin/ceph:
2024-01-27T23:30:34.674+0000 7f57efb79700 1 -- 172.21.15.1:0/76382642 shutdown_connections
2024-01-27T23:30:34.670 INFO:teuthology.orchestra.run.smithi001.stderr:/usr/bin/ceph:
2024-01-27T23:30:34.674+0000 7f57efb79700 1 -- 172.21.15.1:0/76382642 wait complete.
2024-01-27T23:30:34.670 INFO:teuthology.orchestra.run.smithi001.stderr:/usr/bin/ceph:
2024-01-27T23:30:34.675+0000 7f57efb79700 1 Processor -- start
2024-01-27T23:30:34.670 INFO:teuthology.orchestra.run.smithi001.stderr:/usr/bin/ceph:
2024-01-27T23:30:34.675+0000 7f57efb79700 1 -- start start
2024-01-27T23:30:34.670 INFO:teuthology.orchestra.run.smithi001.stderr:/usr/bin/ceph:
2024-01-27T23:30:34.675+0000 7f57efb79700 1 --2- >> [v2:172.21.15.1:3300/0,v1:172.21.15.1:6789/0] conn(0x7f57e80703d0 0x7f57e810a9d0 unknown :-1 s=NONE pgs=0 cs=0 l=1 rev1=0 rx=0 tx=0).connect
2024-01-27T23:30:34.670 INFO:teuthology.orchestra.run.smithi001.stderr:/usr/bin/ceph:
2024-01-27T23:30:34.675+0000 7f57efb79700 1 -- --> [v2:172.21.15.1:3300/0,v1:172.21.15.1:6789/0] -- mon_getmap magic: 0 v1 -- 0x7f57e810aec0 con 0x7f57e80703d0
2024-01-27T23:30:34.670 INFO:teuthology.orchestra.run.smithi001.stderr:/usr/bin/ceph:
2024-01-27T23:30:34.675+0000 7f57ed915700 1 --2- >> [v2:172.21.15.1:3300/0,v1:172.21.15.1:6789/0] conn(0x7f57e80703d0 0x7f57e810a9d0 unknown :-1 s=BANNER_CONNECTING pgs=0 cs=0 l=1 rev1=0 rx=0 tx=0)._handle_peer_banner_payload supported=1 required=0
2024-01-27T23:30:34.670 INFO:teuthology.orchestra.run.smithi001.stderr:/usr/bin/ceph:
2024-01-27T23:30:34.675+0000 7f57ed915700 1 --2- >> [v2:172.21.15.1:3300/0,v1:172.21.15.1:6789/0] conn(0x7f57e80703d0 0x7f57e810a9d0 unknown :-1 s=HELLO_CONNECTING pgs=0 cs=0 l=1 rev1=1 rx=0 tx=0).handle_hello peer v2:172.21.15.1:3300/0 says I am v2:172.21.15.1:53870/0 (socket says 172.21.15.1:53870)
2024-01-27T23:30:34.670 INFO:teuthology.orchestra.run.smithi001.stderr:/usr/bin/ceph:
2024-01-27T23:30:34.675+0000 7f57ed915700 1 -- 172.21.15.1:0/2759271563 learned_addr learned my addr 172.21.15.1:0/2759271563 (peer_addr_for_me v2:172.21.15.1:0/0)
2024-01-27T23:30:34.671 INFO:teuthology.orchestra.run.smithi001.stderr:/usr/bin/ceph:
2024-01-27T23:30:34.676+0000 7f57ed915700 1 -- 172.21.15.1:0/2759271563 --> [v2:172.21.15.1:3300/0,v1:172.21.15.1:6789/0] -- mon_subscribe({config=0+,monmap=0+}) v3 -- 0x7f57e400b200 con 0x7f57e80703d0
2024-01-27T23:30:34.671 INFO:teuthology.orchestra.run.smithi001.stderr:/usr/bin/ceph:
2024-01-27T23:30:34.676+0000 7f57ed915700 1 --2- 172.21.15.1:0/2759271563 >> [v2:172.21.15.1:3300/0,v1:172.21.15.1:6789/0] conn(0x7f57e80703d0 0x7f57e810a9d0 secure :-1 s=READY pgs=71 cs=0 l=1 rev1=1 rx=0x7f57e400b190 tx=0x7f57e4006ee0).ready entity=mon.0 client_cookie=0 server_cookie=0 in_seq=0 out_seq=0
2024-01-27T23:30:34.671 INFO:teuthology.orchestra.run.smithi001.stderr:/usr/bin/ceph:
2024-01-27T23:30:34.676+0000 7f57d67fc700 1 -- 172.21.15.1:0/2759271563 <== mon.0 v2:172.21.15.1:3300/0 1 ==== mon_map magic: 0 v1 ==== 229+0+0 (secure 0 0 0) 0x7f57e401b410 con 0x7f57e80703d0
2024-01-27T23:30:34.671 INFO:teuthology.orchestra.run.smithi001.stderr:/usr/bin/ceph:
2024-01-27T23:30:34.676+0000 7f57efb79700 1 -- 172.21.15.1:0/2759271563 --> [v2:172.21.15.1:3300/0,v1:172.21.15.1:6789/0] -- mon_subscribe({mgrmap=0+}) v3 -- 0x7f57e810b0c0 con 0x7f57e80703d0
2024-01-27T23:30:34.671 INFO:teuthology.orchestra.run.smithi001.stderr:/usr/bin/ceph:
2024-01-27T23:30:34.676+0000 7f57d67fc700 1 -- 172.21.15.1:0/2759271563 <== mon.0 v2:172.21.15.1:3300/0 2 ==== config(25 keys) v1 ==== 1010+0+0 (secure 0 0 0) 0x7f57e401b9e0 con 0x7f57e80703d0
2024-01-27T23:30:34.671 INFO:teuthology.orchestra.run.smithi001.stderr:/usr/bin/ceph:
2024-01-27T23:30:34.676+0000 7f57d67fc700 1 -- 172.21.15.1:0/2759271563 <== mon.0 v2:172.21.15.1:3300/0 3 ==== mon_map magic: 0 v1 ==== 229+0+0 (secure 0 0 0) 0x7f57e401a880 con 0x7f57e80703d0
2024-01-27T23:30:34.671 INFO:teuthology.orchestra.run.smithi001.stderr:/usr/bin/ceph:
2024-01-27T23:30:34.676+0000 7f57efb79700 1 -- 172.21.15.1:0/2759271563 --> [v2:172.21.15.1:3300/0,v1:172.21.15.1:6789/0] -- mon_subscribe({osdmap=0}) v3 -- 0x7f57e810b4d0 con 0x7f57e80703d0
2024-01-27T23:30:34.671 INFO:teuthology.orchestra.run.smithi001.stderr:/usr/bin/ceph:
2024-01-27T23:30:34.677+0000 7f57d67fc700 1 -- 172.21.15.1:0/2759271563 <== mon.0 v2:172.21.15.1:3300/0 4 ==== mgrmap(e 12) v1 ==== 36208+0+0 (secure 0 0 0) 0x7f57e400f070 con 0x7f57e80703d0
2024-01-27T23:30:34.671 INFO:teuthology.orchestra.run.smithi001.stderr:/usr/bin/ceph:
2024-01-27T23:30:34.677+0000 7f57efb79700 1 -- 172.21.15.1:0/2759271563 --> [v2:172.21.15.1:3300/0,v1:172.21.15.1:6789/0] -- mon_command({"prefix": "get_command_descriptions"} v 0) v1 -- 0x7f57e8045ad0 con 0x7f57e80703d0
2024-01-27T23:30:34.671 INFO:teuthology.orchestra.run.smithi001.stderr:/usr/bin/ceph:
2024-01-27T23:30:34.677+0000 7f57d67fc700 1 --2- 172.21.15.1:0/2759271563 >> [v2:172.21.15.1:6800/3552135773,v1:172.21.15.1:6801/3552135773] conn(0x7f57d002feb0 0x7f57d0032370 unknown :-1 s=NONE pgs=0 cs=0 l=1 rev1=0 rx=0 tx=0).connect
2024-01-27T23:30:34.671 INFO:teuthology.orchestra.run.smithi001.stderr:/usr/bin/ceph:
2024-01-27T23:30:34.677+0000 7f57d67fc700 1 -- 172.21.15.1:0/2759271563 <== mon.0 v2:172.21.15.1:3300/0 5 ==== osd_map(3..3 src has 1..3) v4 ==== 1098+0+0 (secure 0 0 0) 0x7f57e40414d0 con 0x7f57e80703d0
2024-01-27T23:30:34.671 INFO:teuthology.orchestra.run.smithi001.stderr:/usr/bin/ceph:
2024-01-27T23:30:34.677+0000 7f57ed114700 1 -- 172.21.15.1:0/2759271563 >> [v2:172.21.15.1:6800/3552135773,v1:172.21.15.1:6801/3552135773] conn(0x7f57d002feb0 msgr2=0x7f57d0032370 unknown :-1 s=STATE_CONNECTING_RE l=1).process reconnect failed to v2:172.21.15.1:6800/3552135773
2024-01-27T23:30:34.672 INFO:teuthology.orchestra.run.smithi001.stderr:/usr/bin/ceph:
2024-01-27T23:30:34.677+0000 7f57ed114700 1 --2- 172.21.15.1:0/2759271563 >> [v2:172.21.15.1:6800/3552135773,v1:172.21.15.1:6801/3552135773] conn(0x7f57d002feb0 0x7f57d0032370 unknown :-1 s=START_CONNECT pgs=0 cs=0 l=1 rev1=0 rx=0 tx=0)._fault waiting 0.200000
2024-01-27T23:30:34.674 INFO:teuthology.orchestra.run.smithi001.stderr:/usr/bin/ceph:
2024-01-27T23:30:34.681+0000 7f57d67fc700 1 -- 172.21.15.1:0/2759271563 <== mon.0 v2:172.21.15.1:3300/0 6 ==== mon_command_ack([{"prefix": "get_command_descriptions"}]=0 v0) v1 ==== 72+0+152212 (secure 0 0 0) 0x7f57e4022b90 con 0x7f57e80703d0
2024-01-27T23:30:34.871 INFO:teuthology.orchestra.run.smithi001.stderr:/usr/bin/ceph:
2024-01-27T23:30:34.878+0000 7f57ed114700 1 -- 172.21.15.1:0/2759271563 >> [v2:172.21.15.1:6800/3552135773,v1:172.21.15.1:6801/3552135773] conn(0x7f57d002feb0 msgr2=0x7f57d0032370 unknown :-1 s=STATE_CONNECTING_RE l=1).process reconnect failed to v2:172.21.15.1:6800/3552135773
2024-01-27T23:30:34.871 INFO:teuthology.orchestra.run.smithi001.stderr:/usr/bin/ceph:
2024-01-27T23:30:34.878+0000 7f57ed114700 1 --2- 172.21.15.1:0/2759271563 >> [v2:172.21.15.1:6800/3552135773,v1:172.21.15.1:6801/3552135773] conn(0x7f57d002feb0 0x7f57d0032370 unknown :-1 s=START_CONNECT pgs=0 cs=0 l=1 rev1=0 rx=0 tx=0)._fault waiting 0.400000
2024-01-27T23:30:34.877 INFO:teuthology.orchestra.run.smithi001.stderr:/usr/bin/ceph:
2024-01-27T23:30:34.883+0000 7f57efb79700 1 -- 172.21.15.1:0/2759271563 --> [v2:172.21.15.1:3300/0,v1:172.21.15.1:6789/0] -- mon_command({"prefix": "mgr stat"} v 0) v1 -- 0x7f57e810c5e0 con 0x7f57e80703d0
2024-01-27T23:30:34.877 INFO:teuthology.orchestra.run.smithi001.stderr:/usr/bin/ceph:
2024-01-27T23:30:34.884+0000 7f57d67fc700 1 -- 172.21.15.1:0/2759271563 <== mon.0 v2:172.21.15.1:3300/0 7 ==== mon_command_ack([{"prefix": "mgr stat"}]=0 v12) v1 ==== 56+0+104 (secure 0 0 0) 0x7f57e4016070 con 0x7f57e80703d0
2024-01-27T23:30:34.877 INFO:teuthology.orchestra.run.smithi001.stderr:/usr/bin/ceph: {
2024-01-27T23:30:34.877 INFO:teuthology.orchestra.run.smithi001.stderr:/usr/bin/ceph: "epoch": 12,
2024-01-27T23:30:34.877 INFO:teuthology.orchestra.run.smithi001.stderr:/usr/bin/ceph: "available": true,
2024-01-27T23:30:34.877 INFO:teuthology.orchestra.run.smithi001.stderr:/usr/bin/ceph: "active_name": "smithi001.afhxnt",
2024-01-27T23:30:34.877 INFO:teuthology.orchestra.run.smithi001.stderr:/usr/bin/ceph: "num_standby": 0
2024-01-27T23:30:34.877 INFO:teuthology.orchestra.run.smithi001.stderr:/usr/bin/ceph: }
2024-01-27T23:30:34.879 INFO:teuthology.orchestra.run.smithi001.stderr:/usr/bin/ceph:
2024-01-27T23:30:34.886+0000 7f57efb79700 1 -- 172.21.15.1:0/2759271563 >> [v2:172.21.15.1:6800/3552135773,v1:172.21.15.1:6801/3552135773] conn(0x7f57d002feb0 msgr2=0x7f57d0032370 unknown :-1 s=STATE_CONNECTING l=1).mark_down
2024-01-27T23:30:34.879 INFO:teuthology.orchestra.run.smithi001.stderr:/usr/bin/ceph:
2024-01-27T23:30:34.886+0000 7f57efb79700 1 --2- 172.21.15.1:0/2759271563 >> [v2:172.21.15.1:6800/3552135773,v1:172.21.15.1:6801/3552135773] conn(0x7f57d002feb0 0x7f57d0032370 unknown :-1 s=START_CONNECT pgs=0 cs=0 l=1 rev1=0 rx=0 tx=0).stop
2024-01-27T23:30:34.879 INFO:teuthology.orchestra.run.smithi001.stderr:/usr/bin/ceph:
2024-01-27T23:30:34.886+0000 7f57efb79700 1 -- 172.21.15.1:0/2759271563 >> [v2:172.21.15.1:3300/0,v1:172.21.15.1:6789/0] conn(0x7f57e80703d0 msgr2=0x7f57e810a9d0 secure :-1 s=STATE_CONNECTION_ESTABLISHED l=1).mark_down
2024-01-27T23:30:34.879 INFO:teuthology.orchestra.run.smithi001.stderr:/usr/bin/ceph:
2024-01-27T23:30:34.886+0000 7f57efb79700 1 --2- 172.21.15.1:0/2759271563 >> [v2:172.21.15.1:3300/0,v1:172.21.15.1:6789/0] conn(0x7f57e80703d0 0x7f57e810a9d0 secure :-1 s=READY pgs=71 cs=0 l=1 rev1=1 rx=0x7f57e400b190 tx=0x7f57e4006ee0).stop
2024-01-27T23:30:34.879 INFO:teuthology.orchestra.run.smithi001.stderr:/usr/bin/ceph:
2024-01-27T23:30:34.886+0000 7f57efb79700 1 -- 172.21.15.1:0/2759271563 shutdown_connections
2024-01-27T23:30:34.879 INFO:teuthology.orchestra.run.smithi001.stderr:/usr/bin/ceph:
2024-01-27T23:30:34.886+0000 7f57efb79700 1 --2- 172.21.15.1:0/2759271563 >> [v2:172.21.15.1:6800/3552135773,v1:172.21.15.1:6801/3552135773] conn(0x7f57d002feb0 0x7f57d0032370 unknown :-1 s=CLOSED pgs=0 cs=0 l=1 rev1=0 rx=0 tx=0).stop
2024-01-27T23:30:34.879 INFO:teuthology.orchestra.run.smithi001.stderr:/usr/bin/ceph:
2024-01-27T23:30:34.886+0000 7f57efb79700 1 --2- 172.21.15.1:0/2759271563 >> [v2:172.21.15.1:3300/0,v1:172.21.15.1:6789/0] conn(0x7f57e80703d0 0x7f57e810a9d0 unknown :-1 s=CLOSED pgs=71 cs=0 l=1 rev1=1 rx=0 tx=0).stop
2024-01-27T23:30:34.880 INFO:teuthology.orchestra.run.smithi001.stderr:/usr/bin/ceph:
2024-01-27T23:30:34.886+0000 7f57efb79700 1 -- 172.21.15.1:0/2759271563 >> 172.21.15.1:0/2759271563 conn(0x7f57e80f63c0 msgr2=0x7f57e80f7ec0 unknown :-1 s=STATE_NONE l=0).mark_down
2024-01-27T23:30:34.880 INFO:teuthology.orchestra.run.smithi001.stderr:/usr/bin/ceph:
2024-01-27T23:30:34.886+0000 7f57efb79700 1 -- 172.21.15.1:0/2759271563 shutdown_connections
2024-01-27T23:30:34.880 INFO:teuthology.orchestra.run.smithi001.stderr:/usr/bin/ceph:
2024-01-27T23:30:34.886+0000 7f57efb79700 1 -- 172.21.15.1:0/2759271563 wait complete.
2024-01-27T23:30:35.212 INFO:journalctl@ceph.mon.smithi001.smithi001.stdout:Jan 27 23:30:34 smithi001 ceph-e38b0b76-bd6b-11ee-95b2-87774f69a715-mon.smithi001[38873]: audit
2024-01-27T23:30:33.926985+0000 mon.smithi001 (mon.0) 84 : audit [INF] from='client.? 172.21.15.1:0/3070690097' entity='client.admin' cmd='[{"prefix": "mgr module enable", "module": "dashboard"}]': finished
2024-01-27T23:30:35.212 INFO:journalctl@ceph.mon.smithi001.smithi001.stdout:Jan 27 23:30:34 smithi001 ceph-e38b0b76-bd6b-11ee-95b2-87774f69a715-mon.smithi001[38873]: cluster
2024-01-27T23:30:33.927032+0000 mon.smithi001 (mon.0) 85 : cluster [DBG] mgrmap e12: smithi001.afhxnt(active, since 6s)
2024-01-27T23:30:35.212 INFO:journalctl@ceph.mon.smithi001.smithi001.stdout:Jan 27 23:30:34 smithi001 ceph-e38b0b76-bd6b-11ee-95b2-87774f69a715-mon.smithi001[38873]: audit
2024-01-27T23:30:34.885233+0000 mon.smithi001 (mon.0) 86 : audit [DBG] from='client.? 172.21.15.1:0/2759271563' entity='client.admin' cmd=[{"prefix": "mgr stat"}]: dispatch
2024-01-27T23:30:35.289 INFO:teuthology.orchestra.run.smithi001.stderr:Waiting for the mgr to restart...
2024-01-27T23:30:35.289 INFO:teuthology.orchestra.run.smithi001.stderr:Waiting for mgr epoch 12...
2024-01-27T23:30:35.290 INFO:teuthology.orchestra.run.smithi001.stderr:Running command: /bin/podman run --rm --ipc=host --no-hosts --net=host --entrypoint /usr/bin/ceph --init -e CONTAINER_IMAGE=docker.io/ceph/ceph:v16.2.4 -e NODE_NAME=smithi001 -e CEPH_USE_RANDOM_NONCE=1 -v /var/log/ceph/e38b0b76-bd6b-11ee-95b2-87774f69a715:/var/log/ceph:z -v /tmp/ceph-tmpoxhz62jr:/etc/ceph/ceph.client.admin.keyring:z -v /tmp/ceph-tmphhezx874:/etc/ceph/ceph.conf:z docker.io/ceph/ceph:v16.2.4 tell mgr mgr_status
2024-01-27T23:30:35.764 INFO:teuthology.orchestra.run.smithi001.stderr:/usr/bin/ceph:
2024-01-27T23:30:35.769+0000 7fcc732f2700 1 Processor -- start
2024-01-27T23:30:35.765 INFO:teuthology.orchestra.run.smithi001.stderr:/usr/bin/ceph:
2024-01-27T23:30:35.770+0000 7fcc732f2700 1 -- start start
2024-01-27T23:30:35.765 INFO:teuthology.orchestra.run.smithi001.stderr:/usr/bin/ceph:
2024-01-27T23:30:35.770+0000 7fcc732f2700 1 --2- >> [v2:172.21.15.1:3300/0,v1:172.21.15.1:6789/0] conn(0x7fcc6c0fa300 0x7fcc6c0fa720 unknown :-1 s=NONE pgs=0 cs=0 l=0 rev1=0 rx=0 tx=0).connect
2024-01-27T23:30:35.765 INFO:teuthology.orchestra.run.smithi001.stderr:/usr/bin/ceph:
2024-01-27T23:30:35.770+0000 7fcc732f2700 1 -- --> [v2:172.21.15.1:3300/0,v1:172.21.15.1:6789/0] -- mon_getmap magic: 0 v1 -- 0x7fcc6c0fac10 con 0x7fcc6c0fa300
2024-01-27T23:30:35.765 INFO:teuthology.orchestra.run.smithi001.stderr:/usr/bin/ceph:
2024-01-27T23:30:35.770+0000 7fcc7108e700 1 --2- >> [v2:172.21.15.1:3300/0,v1:172.21.15.1:6789/0] conn(0x7fcc6c0fa300 0x7fcc6c0fa720 unknown :-1 s=BANNER_CONNECTING pgs=0 cs=0 l=0 rev1=0 rx=0 tx=0)._handle_peer_banner_payload supported=1 required=0
2024-01-27T23:30:35.765 INFO:teuthology.orchestra.run.smithi001.stderr:/usr/bin/ceph:
2024-01-27T23:30:35.770+0000 7fcc7108e700 1 --2- >> [v2:172.21.15.1:3300/0,v1:172.21.15.1:6789/0] conn(0x7fcc6c0fa300 0x7fcc6c0fa720 unknown :-1 s=HELLO_CONNECTING pgs=0 cs=0 l=0 rev1=1 rx=0 tx=0).handle_hello peer v2:172.21.15.1:3300/0 says I am v2:172.21.15.1:53874/0 (socket says 172.21.15.1:53874)
2024-01-27T23:30:35.765 INFO:teuthology.orchestra.run.smithi001.stderr:/usr/bin/ceph:
2024-01-27T23:30:35.770+0000 7fcc7108e700 1 -- 172.21.15.1:0/1601367186 learned_addr learned my addr 172.21.15.1:0/1601367186 (peer_addr_for_me v2:172.21.15.1:0/0)
2024-01-27T23:30:35.765 INFO:teuthology.orchestra.run.smithi001.stderr:/usr/bin/ceph:
2024-01-27T23:30:35.770+0000 7fcc7108e700 1 -- 172.21.15.1:0/1601367186 --> [v2:172.21.15.1:3300/0,v1:172.21.15.1:6789/0] -- mon_subscribe({config=0+,monmap=0+}) v3 -- 0x7fcc6c0fad50 con 0x7fcc6c0fa300
2024-01-27T23:30:35.765 INFO:teuthology.orchestra.run.smithi001.stderr:/usr/bin/ceph:
2024-01-27T23:30:35.770+0000 7fcc7108e700 1 --2- 172.21.15.1:0/1601367186 >> [v2:172.21.15.1:3300/0,v1:172.21.15.1:6789/0] conn(0x7fcc6c0fa300 0x7fcc6c0fa720 secure :-1 s=READY pgs=72 cs=0 l=1 rev1=1 rx=0x7fcc6800b5f0 tx=0x7fcc68006ee0).ready entity=mon.0 client_cookie=4cfa8742f3a3b7ed server_cookie=0 in_seq=0 out_seq=0
2024-01-27T23:30:35.765 INFO:teuthology.orchestra.run.smithi001.stderr:/usr/bin/ceph:
2024-01-27T23:30:35.771+0000 7fcc5bfff700 1 -- 172.21.15.1:0/1601367186 <== mon.0 v2:172.21.15.1:3300/0 1 ==== mon_map magic: 0 v1 ==== 229+0+0 (secure 0 0 0) 0x7fcc6800d600 con 0x7fcc6c0fa300
2024-01-27T23:30:35.765 INFO:teuthology.orchestra.run.smithi001.stderr:/usr/bin/ceph:
2024-01-27T23:30:35.771+0000 7fcc5bfff700 1 -- 172.21.15.1:0/1601367186 <== mon.0 v2:172.21.15.1:3300/0 2 ==== config(25 keys) v1 ==== 1010+0+0 (secure 0 0 0) 0x7fcc6800dbd0 con 0x7fcc6c0fa300
2024-01-27T23:30:35.765 INFO:teuthology.orchestra.run.smithi001.stderr:/usr/bin/ceph:
2024-01-27T23:30:35.771+0000 7fcc5bfff700 1 -- 172.21.15.1:0/1601367186 <== mon.0 v2:172.21.15.1:3300/0 3 ==== mon_map magic: 0 v1 ==== 229+0+0 (secure 0 0 0) 0x7fcc68011c00 con 0x7fcc6c0fa300
2024-01-27T23:30:35.766 INFO:teuthology.orchestra.run.smithi001.stderr:/usr/bin/ceph:
2024-01-27T23:30:35.771+0000 7fcc732f2700 1 -- 172.21.15.1:0/1601367186 >> [v2:172.21.15.1:3300/0,v1:172.21.15.1:6789/0] conn(0x7fcc6c0fa300 msgr2=0x7fcc6c0fa720 secure :-1 s=STATE_CONNECTION_ESTABLISHED l=1).mark_down
2024-01-27T23:30:35.766 INFO:teuthology.orchestra.run.smithi001.stderr:/usr/bin/ceph:
2024-01-27T23:30:35.771+0000 7fcc732f2700 1 --2- 172.21.15.1:0/1601367186 >> [v2:172.21.15.1:3300/0,v1:172.21.15.1:6789/0] conn(0x7fcc6c0fa300 0x7fcc6c0fa720 secure :-1 s=READY pgs=72 cs=0 l=1 rev1=1 rx=0x7fcc6800b5f0 tx=0x7fcc68006ee0).stop
2024-01-27T23:30:35.766 INFO:teuthology.orchestra.run.smithi001.stderr:/usr/bin/ceph:
2024-01-27T23:30:35.771+0000 7fcc732f2700 1 -- 172.21.15.1:0/1601367186 shutdown_connections
2024-01-27T23:30:35.766 INFO:teuthology.orchestra.run.smithi001.stderr:/usr/bin/ceph:
2024-01-27T23:30:35.771+0000 7fcc732f2700 1 --2- 172.21.15.1:0/1601367186 >> [v2:172.21.15.1:3300/0,v1:172.21.15.1:6789/0] conn(0x7fcc6c0fa300 0x7fcc6c0fa720 unknown :-1 s=CLOSED pgs=72 cs=0 l=1 rev1=1 rx=0 tx=0).stop
2024-01-27T23:30:35.766 INFO:teuthology.orchestra.run.smithi001.stderr:/usr/bin/ceph:
2024-01-27T23:30:35.771+0000 7fcc732f2700 1 -- 172.21.15.1:0/1601367186 >> 172.21.15.1:0/1601367186 conn(0x7fcc6c0f5b40 msgr2=0x7fcc6c0f7f60 unknown :-1 s=STATE_NONE l=0).mark_down
2024-01-27T23:30:35.766 INFO:teuthology.orchestra.run.smithi001.stderr:/usr/bin/ceph:
2024-01-27T23:30:35.772+0000 7fcc732f2700 1 -- 172.21.15.1:0/1601367186 shutdown_connections
2024-01-27T23:30:35.766 INFO:teuthology.orchestra.run.smithi001.stderr:/usr/bin/ceph:
2024-01-27T23:30:35.772+0000 7fcc732f2700 1 -- 172.21.15.1:0/1601367186 wait complete.
2024-01-27T23:30:35.768 INFO:teuthology.orchestra.run.smithi001.stderr:/usr/bin/ceph:
2024-01-27T23:30:35.772+0000 7fcc732f2700 1 Processor -- start
2024-01-27T23:30:35.768 INFO:teuthology.orchestra.run.smithi001.stderr:/usr/bin/ceph:
2024-01-27T23:30:35.772+0000 7fcc732f2700 1 -- start start
2024-01-27T23:30:35.768 INFO:teuthology.orchestra.run.smithi001.stderr:/usr/bin/ceph:
2024-01-27T23:30:35.773+0000 7fcc732f2700 1 --2- >> [v2:172.21.15.1:3300/0,v1:172.21.15.1:6789/0] conn(0x7fcc6c0fa300 0x7fcc6c10d700 unknown :-1 s=NONE pgs=0 cs=0 l=1 rev1=0 rx=0 tx=0).connect
2024-01-27T23:30:35.768 INFO:teuthology.orchestra.run.smithi001.stderr:/usr/bin/ceph:
2024-01-27T23:30:35.773+0000 7fcc732f2700 1 -- --> [v2:172.21.15.1:3300/0,v1:172.21.15.1:6789/0] -- mon_getmap magic: 0 v1 -- 0x7fcc6c0f7970 con 0x7fcc6c0fa300
2024-01-27T23:30:35.768 INFO:teuthology.orchestra.run.smithi001.stderr:/usr/bin/ceph:
2024-01-27T23:30:35.773+0000 7fcc7108e700 1 --2- >> [v2:172.21.15.1:3300/0,v1:172.21.15.1:6789/0] conn(0x7fcc6c0fa300 0x7fcc6c10d700 unknown :-1 s=BANNER_CONNECTING pgs=0 cs=0 l=1 rev1=0 rx=0 tx=0)._handle_peer_banner_payload supported=1 required=0
2024-01-27T23:30:35.768 INFO:teuthology.orchestra.run.smithi001.stderr:/usr/bin/ceph:
2024-01-27T23:30:35.773+0000 7fcc7108e700 1 --2- >> [v2:172.21.15.1:3300/0,v1:172.21.15.1:6789/0] conn(0x7fcc6c0fa300 0x7fcc6c10d700 unknown :-1 s=HELLO_CONNECTING pgs=0 cs=0 l=1 rev1=1 rx=0 tx=0).handle_hello peer v2:172.21.15.1:3300/0 says I am v2:172.21.15.1:53884/0 (socket says 172.21.15.1:53884)
2024-01-27T23:30:35.768 INFO:teuthology.orchestra.run.smithi001.stderr:/usr/bin/ceph:
2024-01-27T23:30:35.773+0000 7fcc7108e700 1 -- 172.21.15.1:0/2201636741 learned_addr learned my addr 172.21.15.1:0/2201636741 (peer_addr_for_me v2:172.21.15.1:0/0)
2024-01-27T23:30:35.768 INFO:teuthology.orchestra.run.smithi001.stderr:/usr/bin/ceph:
2024-01-27T23:30:35.773+0000 7fcc7108e700 1 -- 172.21.15.1:0/2201636741 --> [v2:172.21.15.1:3300/0,v1:172.21.15.1:6789/0] -- mon_subscribe({config=0+,monmap=0+}) v3 -- 0x7fcc6800b200 con 0x7fcc6c0fa300
2024-01-27T23:30:35.769 INFO:teuthology.orchestra.run.smithi001.stderr:/usr/bin/ceph:
2024-01-27T23:30:35.773+0000 7fcc7108e700 1 --2- 172.21.15.1:0/2201636741 >> [v2:172.21.15.1:3300/0,v1:172.21.15.1:6789/0] conn(0x7fcc6c0fa300 0x7fcc6c10d700 secure :-1 s=READY pgs=73 cs=0 l=1 rev1=1 rx=0x7fcc6800b1d0 tx=0x7fcc68006ee0).ready entity=mon.0 client_cookie=0 server_cookie=0 in_seq=0 out_seq=0
2024-01-27T23:30:35.769 INFO:teuthology.orchestra.run.smithi001.stderr:/usr/bin/ceph:
2024-01-27T23:30:35.773+0000 7fcc59ffb700 1 -- 172.21.15.1:0/2201636741 <== mon.0 v2:172.21.15.1:3300/0 1 ==== mon_map magic: 0 v1 ==== 229+0+0 (secure 0 0 0) 0x7fcc6801b410 con 0x7fcc6c0fa300
2024-01-27T23:30:35.769 INFO:teuthology.orchestra.run.smithi001.stderr:/usr/bin/ceph:
2024-01-27T23:30:35.773+0000 7fcc59ffb700 1 -- 172.21.15.1:0/2201636741 <== mon.0 v2:172.21.15.1:3300/0 2 ==== config(25 keys) v1 ==== 1010+0+0 (secure 0 0 0) 0x7fcc6801b9e0 con 0x7fcc6c0fa300
2024-01-27T23:30:35.769 INFO:teuthology.orchestra.run.smithi001.stderr:/usr/bin/ceph:
2024-01-27T23:30:35.773+0000 7fcc59ffb700 1 -- 172.21.15.1:0/2201636741 <== mon.0 v2:172.21.15.1:3300/0 3 ==== mon_map magic: 0 v1 ==== 229+0+0 (secure 0 0 0) 0x7fcc6801a840 con 0x7fcc6c0fa300
2024-01-27T23:30:35.769 INFO:teuthology.orchestra.run.smithi001.stderr:/usr/bin/ceph:
2024-01-27T23:30:35.774+0000 7fcc732f2700 1 -- 172.21.15.1:0/2201636741 --> [v2:172.21.15.1:3300/0,v1:172.21.15.1:6789/0] -- mon_subscribe({mgrmap=0+}) v3 -- 0x7fcc6c0f7b70 con 0x7fcc6c0fa300
2024-01-27T23:30:35.769 INFO:teuthology.orchestra.run.smithi001.stderr:/usr/bin/ceph:
2024-01-27T23:30:35.774+0000 7fcc732f2700 1 -- 172.21.15.1:0/2201636741 --> [v2:172.21.15.1:3300/0,v1:172.21.15.1:6789/0] -- mon_subscribe({osdmap=0}) v3 -- 0x7fcc6c10ddb0 con 0x7fcc6c0fa300
2024-01-27T23:30:35.769 INFO:teuthology.orchestra.run.smithi001.stderr:/usr/bin/ceph:
2024-01-27T23:30:35.775+0000 7fcc59ffb700 1 -- 172.21.15.1:0/2201636741 <== mon.0 v2:172.21.15.1:3300/0 4 ==== mgrmap(e 12) v1 ==== 36208+0+0 (secure 0 0 0) 0x7fcc6800f070 con 0x7fcc6c0fa300
2024-01-27T23:30:35.769 INFO:teuthology.orchestra.run.smithi001.stderr:/usr/bin/ceph:
2024-01-27T23:30:35.775+0000 7fcc59ffb700 1 --2- 172.21.15.1:0/2201636741 >> [v2:172.21.15.1:6800/3552135773,v1:172.21.15.1:6801/3552135773] conn(0x7fcc5402feb0 0x7fcc54032370 unknown :-1 s=NONE pgs=0 cs=0 l=1 rev1=0 rx=0 tx=0).connect
2024-01-27T23:30:35.769 INFO:teuthology.orchestra.run.smithi001.stderr:/usr/bin/ceph:
2024-01-27T23:30:35.775+0000 7fcc59ffb700 1 -- 172.21.15.1:0/2201636741 --> [v2:172.21.15.1:6800/3552135773,v1:172.21.15.1:6801/3552135773] -- command(tid 0: {"prefix": "get_command_descriptions"}) v1 -- 0x7fcc54032a30 con 0x7fcc5402feb0
2024-01-27T23:30:35.769 INFO:teuthology.orchestra.run.smithi001.stderr:/usr/bin/ceph:
2024-01-27T23:30:35.775+0000 7fcc59ffb700 1 -- 172.21.15.1:0/2201636741 <== mon.0 v2:172.21.15.1:3300/0 5 ==== osd_map(3..3 src has 1..3) v4 ==== 1098+0+0 (secure 0 0 0) 0x7fcc680414a0 con 0x7fcc6c0fa300
2024-01-27T23:30:35.769 INFO:teuthology.orchestra.run.smithi001.stderr:/usr/bin/ceph:
