2024-02-09T20:37:57.068+0000 7f65091c8700 1 -- 172.21.15.88:0/2428210011 <== mon.0 v2:172.21.15.88:3300/0 1 ==== mon_map magic: 0 v1 ==== 229+0+0 (secure 0 0 0) 0x7f650000d600 con 0x7f6504070430
2024-02-09T20:37:57.073 INFO:teuthology.orchestra.run.smithi088.stderr:/usr/bin/ceph:
2024-02-09T20:37:57.068+0000 7f65091c8700 1 -- 172.21.15.88:0/2428210011 <== mon.0 v2:172.21.15.88:3300/0 2 ==== config(25 keys) v1 ==== 1010+0+0 (secure 0 0 0) 0x7f650000dbd0 con 0x7f6504070430
2024-02-09T20:37:57.073 INFO:teuthology.orchestra.run.smithi088.stderr:/usr/bin/ceph:
2024-02-09T20:37:57.068+0000 7f65091c8700 1 -- 172.21.15.88:0/2428210011 <== mon.0 v2:172.21.15.88:3300/0 3 ==== mon_map magic: 0 v1 ==== 229+0+0 (secure 0 0 0) 0x7f6500011c00 con 0x7f6504070430
2024-02-09T20:37:57.073 INFO:teuthology.orchestra.run.smithi088.stderr:/usr/bin/ceph:
2024-02-09T20:37:57.068+0000 7f650b1cc700 1 -- 172.21.15.88:0/2428210011 >> [v2:172.21.15.88:3300/0,v1:172.21.15.88:6789/0] conn(0x7f6504070430 msgr2=0x7f65040fe730 secure :-1 s=STATE_CONNECTION_ESTABLISHED l=1).mark_down
2024-02-09T20:37:57.073 INFO:teuthology.orchestra.run.smithi088.stderr:/usr/bin/ceph:
2024-02-09T20:37:57.068+0000 7f650b1cc700 1 --2- 172.21.15.88:0/2428210011 >> [v2:172.21.15.88:3300/0,v1:172.21.15.88:6789/0] conn(0x7f6504070430 0x7f65040fe730 secure :-1 s=READY pgs=49 cs=0 l=1 rev1=1 rx=0x7f650000b5f0 tx=0x7f6500006ee0).stop
2024-02-09T20:37:57.073 INFO:teuthology.orchestra.run.smithi088.stderr:/usr/bin/ceph:
2024-02-09T20:37:57.069+0000 7f650b1cc700 1 -- 172.21.15.88:0/2428210011 shutdown_connections
2024-02-09T20:37:57.073 INFO:teuthology.orchestra.run.smithi088.stderr:/usr/bin/ceph:
2024-02-09T20:37:57.069+0000 7f650b1cc700 1 --2- 172.21.15.88:0/2428210011 >> [v2:172.21.15.88:3300/0,v1:172.21.15.88:6789/0] conn(0x7f6504070430 0x7f65040fe730 unknown :-1 s=CLOSED pgs=49 cs=0 l=1 rev1=1 rx=0 tx=0).stop
2024-02-09T20:37:57.073 INFO:teuthology.orchestra.run.smithi088.stderr:/usr/bin/ceph:
2024-02-09T20:37:57.069+0000 7f650b1cc700 1 -- 172.21.15.88:0/2428210011 >> 172.21.15.88:0/2428210011 conn(0x7f65040f6210 msgr2=0x7f65040f8630 unknown :-1 s=STATE_NONE l=0).mark_down
2024-02-09T20:37:57.073 INFO:teuthology.orchestra.run.smithi088.stderr:/usr/bin/ceph:
2024-02-09T20:37:57.069+0000 7f650b1cc700 1 -- 172.21.15.88:0/2428210011 shutdown_connections
2024-02-09T20:37:57.073 INFO:teuthology.orchestra.run.smithi088.stderr:/usr/bin/ceph:
2024-02-09T20:37:57.069+0000 7f650b1cc700 1 -- 172.21.15.88:0/2428210011 wait complete.
2024-02-09T20:37:57.073 INFO:teuthology.orchestra.run.smithi088.stderr:/usr/bin/ceph:
2024-02-09T20:37:57.069+0000 7f650b1cc700 1 Processor -- start
2024-02-09T20:37:57.073 INFO:teuthology.orchestra.run.smithi088.stderr:/usr/bin/ceph:
2024-02-09T20:37:57.069+0000 7f650b1cc700 1 -- start start
2024-02-09T20:37:57.073 INFO:teuthology.orchestra.run.smithi088.stderr:/usr/bin/ceph:
2024-02-09T20:37:57.069+0000 7f650b1cc700 1 --2- >> [v2:172.21.15.88:3300/0,v1:172.21.15.88:6789/0] conn(0x7f6504070430 0x7f650410a8a0 unknown :-1 s=NONE pgs=0 cs=0 l=1 rev1=0 rx=0 tx=0).connect
2024-02-09T20:37:57.073 INFO:teuthology.orchestra.run.smithi088.stderr:/usr/bin/ceph:
2024-02-09T20:37:57.069+0000 7f650b1cc700 1 -- --> [v2:172.21.15.88:3300/0,v1:172.21.15.88:6789/0] -- mon_getmap magic: 0 v1 -- 0x7f650410ad90 con 0x7f6504070430
2024-02-09T20:37:57.075 INFO:teuthology.orchestra.run.smithi088.stderr:/usr/bin/ceph:
2024-02-09T20:37:57.070+0000 7f650a1ca700 1 --2- >> [v2:172.21.15.88:3300/0,v1:172.21.15.88:6789/0] conn(0x7f6504070430 0x7f650410a8a0 unknown :-1 s=BANNER_CONNECTING pgs=0 cs=0 l=1 rev1=0 rx=0 tx=0)._handle_peer_banner_payload supported=1 required=0
2024-02-09T20:37:57.075 INFO:teuthology.orchestra.run.smithi088.stderr:/usr/bin/ceph:
2024-02-09T20:37:57.070+0000 7f650a1ca700 1 --2- >> [v2:172.21.15.88:3300/0,v1:172.21.15.88:6789/0] conn(0x7f6504070430 0x7f650410a8a0 unknown :-1 s=HELLO_CONNECTING pgs=0 cs=0 l=1 rev1=1 rx=0 tx=0).handle_hello peer v2:172.21.15.88:3300/0 says I am v2:172.21.15.88:59600/0 (socket says 172.21.15.88:59600)
2024-02-09T20:37:57.075 INFO:teuthology.orchestra.run.smithi088.stderr:/usr/bin/ceph:
2024-02-09T20:37:57.070+0000 7f650a1ca700 1 -- 172.21.15.88:0/349625286 learned_addr learned my addr 172.21.15.88:0/349625286 (peer_addr_for_me v2:172.21.15.88:0/0)
2024-02-09T20:37:57.076 INFO:teuthology.orchestra.run.smithi088.stderr:/usr/bin/ceph:
2024-02-09T20:37:57.070+0000 7f650a1ca700 1 -- 172.21.15.88:0/349625286 --> [v2:172.21.15.88:3300/0,v1:172.21.15.88:6789/0] -- mon_subscribe({config=0+,monmap=0+}) v3 -- 0x7f650000b200 con 0x7f6504070430
2024-02-09T20:37:57.076 INFO:teuthology.orchestra.run.smithi088.stderr:/usr/bin/ceph:
2024-02-09T20:37:57.070+0000 7f650a1ca700 1 --2- 172.21.15.88:0/349625286 >> [v2:172.21.15.88:3300/0,v1:172.21.15.88:6789/0] conn(0x7f6504070430 0x7f650410a8a0 secure :-1 s=READY pgs=50 cs=0 l=1 rev1=1 rx=0x7f650000e040 tx=0x7f6500006ee0).ready entity=mon.0 client_cookie=0 server_cookie=0 in_seq=0 out_seq=0
2024-02-09T20:37:57.076 INFO:teuthology.orchestra.run.smithi088.stderr:/usr/bin/ceph:
2024-02-09T20:37:57.071+0000 7f64f2ffd700 1 -- 172.21.15.88:0/349625286 <== mon.0 v2:172.21.15.88:3300/0 1 ==== mon_map magic: 0 v1 ==== 229+0+0 (secure 0 0 0) 0x7f650000d9f0 con 0x7f6504070430
2024-02-09T20:37:57.076 INFO:teuthology.orchestra.run.smithi088.stderr:/usr/bin/ceph:
2024-02-09T20:37:57.071+0000 7f64f2ffd700 1 -- 172.21.15.88:0/349625286 <== mon.0 v2:172.21.15.88:3300/0 2 ==== config(25 keys) v1 ==== 1010+0+0 (secure 0 0 0) 0x7f650001a9f0 con 0x7f6504070430
2024-02-09T20:37:57.076 INFO:teuthology.orchestra.run.smithi088.stderr:/usr/bin/ceph:
2024-02-09T20:37:57.071+0000 7f650b1cc700 1 -- 172.21.15.88:0/349625286 --> [v2:172.21.15.88:3300/0,v1:172.21.15.88:6789/0] -- mon_subscribe({mgrmap=0+}) v3 -- 0x7f650410af90 con 0x7f6504070430
2024-02-09T20:37:57.076 INFO:teuthology.orchestra.run.smithi088.stderr:/usr/bin/ceph:
2024-02-09T20:37:57.071+0000 7f64f2ffd700 1 -- 172.21.15.88:0/349625286 <== mon.0 v2:172.21.15.88:3300/0 3 ==== mon_map magic: 0 v1 ==== 229+0+0 (secure 0 0 0) 0x7f650001b8c0 con 0x7f6504070430
2024-02-09T20:37:57.076 INFO:teuthology.orchestra.run.smithi088.stderr:/usr/bin/ceph:
2024-02-09T20:37:57.071+0000 7f650b1cc700 1 -- 172.21.15.88:0/349625286 --> [v2:172.21.15.88:3300/0,v1:172.21.15.88:6789/0] -- mon_subscribe({osdmap=0}) v3 -- 0x7f650410b3a0 con 0x7f6504070430
2024-02-09T20:37:57.076 INFO:teuthology.orchestra.run.smithi088.stderr:/usr/bin/ceph:
2024-02-09T20:37:57.072+0000 7f64f2ffd700 1 -- 172.21.15.88:0/349625286 <== mon.0 v2:172.21.15.88:3300/0 4 ==== mgrmap(e 9) v1 ==== 36134+0+0 (secure 0 0 0) 0x7f650000f070 con 0x7f6504070430
2024-02-09T20:37:57.076 INFO:teuthology.orchestra.run.smithi088.stderr:/usr/bin/ceph:
2024-02-09T20:37:57.072+0000 7f64f2ffd700 1 --2- 172.21.15.88:0/349625286 >> [v2:172.21.15.88:6800/369233018,v1:172.21.15.88:6801/369233018] conn(0x7f64ec02fe00 0x7f64ec0322c0 unknown :-1 s=NONE pgs=0 cs=0 l=1 rev1=0 rx=0 tx=0).connect
2024-02-09T20:37:57.076 INFO:teuthology.orchestra.run.smithi088.stderr:/usr/bin/ceph:
2024-02-09T20:37:57.072+0000 7f64f2ffd700 1 -- 172.21.15.88:0/349625286 <== mon.0 v2:172.21.15.88:3300/0 5 ==== osd_map(2..2 src has 1..2) v4 ==== 926+0+0 (secure 0 0 0) 0x7f65000412e0 con 0x7f6504070430
2024-02-09T20:37:57.076 INFO:teuthology.orchestra.run.smithi088.stderr:/usr/bin/ceph:
2024-02-09T20:37:57.072+0000 7f65099c9700 1 -- 172.21.15.88:0/349625286 >> [v2:172.21.15.88:6800/369233018,v1:172.21.15.88:6801/369233018] conn(0x7f64ec02fe00 msgr2=0x7f64ec0322c0 unknown :-1 s=STATE_CONNECTING_RE l=1).process reconnect failed to v2:172.21.15.88:6800/369233018
2024-02-09T20:37:57.076 INFO:teuthology.orchestra.run.smithi088.stderr:/usr/bin/ceph:
2024-02-09T20:37:57.072+0000 7f65099c9700 1 --2- 172.21.15.88:0/349625286 >> [v2:172.21.15.88:6800/369233018,v1:172.21.15.88:6801/369233018] conn(0x7f64ec02fe00 0x7f64ec0322c0 unknown :-1 s=START_CONNECT pgs=0 cs=0 l=1 rev1=0 rx=0 tx=0)._fault waiting 0.200000
2024-02-09T20:37:57.076 INFO:teuthology.orchestra.run.smithi088.stderr:/usr/bin/ceph:
2024-02-09T20:37:57.072+0000 7f650b1cc700 1 -- 172.21.15.88:0/349625286 --> [v2:172.21.15.88:3300/0,v1:172.21.15.88:6789/0] -- mon_command({"prefix": "get_command_descriptions"} v 0) v1 -- 0x7f6504059100 con 0x7f6504070430
2024-02-09T20:37:57.079 INFO:teuthology.orchestra.run.smithi088.stderr:/usr/bin/ceph:
2024-02-09T20:37:57.076+0000 7f64f2ffd700 1 -- 172.21.15.88:0/349625286 <== mon.0 v2:172.21.15.88:3300/0 6 ==== mon_command_ack([{"prefix": "get_command_descriptions"}]=0 v0) v1 ==== 72+0+152212 (secure 0 0 0) 0x7f6500016070 con 0x7f6504070430
2024-02-09T20:37:57.138 INFO:journalctl@ceph.mon.smithi088.smithi088.stdout:Feb 09 20:37:56 smithi088 ceph-ee8f2b50-c78a-11ee-95b8-87774f69a715-mon.smithi088[39326]: audit
2024-02-09T20:37:55.789129+0000 mon.smithi088 (mon.0) 60 : audit [INF] from='client.? 172.21.15.88:0/3619088744' entity='client.admin' cmd='[{"prefix": "mgr module enable", "module": "prometheus"}]': finished
2024-02-09T20:37:57.138 INFO:journalctl@ceph.mon.smithi088.smithi088.stdout:Feb 09 20:37:56 smithi088 ceph-ee8f2b50-c78a-11ee-95b8-87774f69a715-mon.smithi088[39326]: cluster
2024-02-09T20:37:55.789178+0000 mon.smithi088 (mon.0) 61 : cluster [DBG] mgrmap e9: smithi088.xjbmva(active, since 14s)
2024-02-09T20:37:57.275 INFO:teuthology.orchestra.run.smithi088.stderr:/usr/bin/ceph:
2024-02-09T20:37:57.273+0000 7f65099c9700 1 -- 172.21.15.88:0/349625286 >> [v2:172.21.15.88:6800/369233018,v1:172.21.15.88:6801/369233018] conn(0x7f64ec02fe00 msgr2=0x7f64ec0322c0 unknown :-1 s=STATE_CONNECTING_RE l=1).process reconnect failed to v2:172.21.15.88:6800/369233018
2024-02-09T20:37:57.275 INFO:teuthology.orchestra.run.smithi088.stderr:/usr/bin/ceph:
2024-02-09T20:37:57.273+0000 7f65099c9700 1 --2- 172.21.15.88:0/349625286 >> [v2:172.21.15.88:6800/369233018,v1:172.21.15.88:6801/369233018] conn(0x7f64ec02fe00 0x7f64ec0322c0 unknown :-1 s=START_CONNECT pgs=0 cs=0 l=1 rev1=0 rx=0 tx=0)._fault waiting 0.400000
2024-02-09T20:37:57.323 INFO:teuthology.orchestra.run.smithi088.stderr:/usr/bin/ceph:
2024-02-09T20:37:57.321+0000 7f650b1cc700 1 -- 172.21.15.88:0/349625286 --> [v2:172.21.15.88:6800/369233018,v1:172.21.15.88:6801/369233018] -- mgr_command(tid 0: {"prefix": "orch apply", "service_type": "prometheus", "target": ["mon-mgr", ""]}) v1 -- 0x7f6504104740 con 0x7f64ec02fe00
2024-02-09T20:37:57.676 INFO:teuthology.orchestra.run.smithi088.stderr:/usr/bin/ceph:
2024-02-09T20:37:57.674+0000 7f65099c9700 1 -- 172.21.15.88:0/349625286 >> [v2:172.21.15.88:6800/369233018,v1:172.21.15.88:6801/369233018] conn(0x7f64ec02fe00 msgr2=0x7f64ec0322c0 unknown :-1 s=STATE_CONNECTING_RE l=1).process reconnect failed to v2:172.21.15.88:6800/369233018
2024-02-09T20:37:57.676 INFO:teuthology.orchestra.run.smithi088.stderr:/usr/bin/ceph:
2024-02-09T20:37:57.674+0000 7f65099c9700 1 --2- 172.21.15.88:0/349625286 >> [v2:172.21.15.88:6800/369233018,v1:172.21.15.88:6801/369233018] conn(0x7f64ec02fe00 0x7f64ec0322c0 unknown :-1 s=START_CONNECT pgs=0 cs=0 l=1 rev1=0 rx=0 tx=0)._fault waiting 0.800000
2024-02-09T20:37:58.477 INFO:teuthology.orchestra.run.smithi088.stderr:/usr/bin/ceph:
2024-02-09T20:37:58.475+0000 7f65099c9700 1 -- 172.21.15.88:0/349625286 >> [v2:172.21.15.88:6800/369233018,v1:172.21.15.88:6801/369233018] conn(0x7f64ec02fe00 msgr2=0x7f64ec0322c0 unknown :-1 s=STATE_CONNECTING_RE l=1).process reconnect failed to v2:172.21.15.88:6800/369233018
2024-02-09T20:37:58.478 INFO:teuthology.orchestra.run.smithi088.stderr:/usr/bin/ceph:
2024-02-09T20:37:58.475+0000 7f65099c9700 1 --2- 172.21.15.88:0/349625286 >> [v2:172.21.15.88:6800/369233018,v1:172.21.15.88:6801/369233018] conn(0x7f64ec02fe00 0x7f64ec0322c0 unknown :-1 s=START_CONNECT pgs=0 cs=0 l=1 rev1=0 rx=0 tx=0)._fault waiting 1.600000
2024-02-09T20:38:00.079 INFO:teuthology.orchestra.run.smithi088.stderr:/usr/bin/ceph:
2024-02-09T20:38:00.075+0000 7f65099c9700 1 -- 172.21.15.88:0/349625286 >> [v2:172.21.15.88:6800/369233018,v1:172.21.15.88:6801/369233018] conn(0x7f64ec02fe00 msgr2=0x7f64ec0322c0 unknown :-1 s=STATE_CONNECTING_RE l=1).process reconnect failed to v2:172.21.15.88:6800/369233018
2024-02-09T20:38:00.079 INFO:teuthology.orchestra.run.smithi088.stderr:/usr/bin/ceph:
2024-02-09T20:38:00.075+0000 7f65099c9700 1 --2- 172.21.15.88:0/349625286 >> [v2:172.21.15.88:6800/369233018,v1:172.21.15.88:6801/369233018] conn(0x7f64ec02fe00 0x7f64ec0322c0 unknown :-1 s=START_CONNECT pgs=0 cs=0 l=1 rev1=0 rx=0 tx=0)._fault waiting 3.200000
2024-02-09T20:38:00.850 INFO:teuthology.orchestra.run.smithi088.stderr:/usr/bin/ceph:
2024-02-09T20:38:00.847+0000 7f64f2ffd700 1 -- 172.21.15.88:0/349625286 <== mon.0 v2:172.21.15.88:3300/0 7 ==== mgrmap(e 10) v1 ==== 35984+0+0 (secure 0 0 0) 0x7f65000257e0 con 0x7f6504070430
2024-02-09T20:38:00.850 INFO:teuthology.orchestra.run.smithi088.stderr:/usr/bin/ceph:
2024-02-09T20:38:00.847+0000 7f64f2ffd700 1 -- 172.21.15.88:0/349625286 >> [v2:172.21.15.88:6800/369233018,v1:172.21.15.88:6801/369233018] conn(0x7f64ec02fe00 msgr2=0x7f64ec0322c0 unknown :-1 s=STATE_CONNECTING l=1).mark_down
2024-02-09T20:38:00.850 INFO:teuthology.orchestra.run.smithi088.stderr:/usr/bin/ceph:
2024-02-09T20:38:00.847+0000 7f64f2ffd700 1 --2- 172.21.15.88:0/349625286 >> [v2:172.21.15.88:6800/369233018,v1:172.21.15.88:6801/369233018] conn(0x7f64ec02fe00 0x7f64ec0322c0 unknown :-1 s=START_CONNECT pgs=0 cs=0 l=1 rev1=0 rx=0 tx=0).stop
2024-02-09T20:38:01.854 INFO:teuthology.orchestra.run.smithi088.stderr:/usr/bin/ceph:
2024-02-09T20:38:01.850+0000 7f64f2ffd700 1 -- 172.21.15.88:0/349625286 <== mon.0 v2:172.21.15.88:3300/0 8 ==== mgrmap(e 11) v1 ==== 36054+0+0 (secure 0 0 0) 0x7f6500024ca0 con 0x7f6504070430
2024-02-09T20:38:01.854 INFO:teuthology.orchestra.run.smithi088.stderr:/usr/bin/ceph:
2024-02-09T20:38:01.850+0000 7f64f2ffd700 1 --2- 172.21.15.88:0/349625286 >> [v2:172.21.15.88:6800/185033711,v1:172.21.15.88:6801/185033711] conn(0x7f64ec033c20 0x7f64ec036010 unknown :-1 s=NONE pgs=0 cs=0 l=1 rev1=0 rx=0 tx=0).connect
2024-02-09T20:38:01.854 INFO:teuthology.orchestra.run.smithi088.stderr:/usr/bin/ceph:
2024-02-09T20:38:01.851+0000 7f64f2ffd700 1 -- 172.21.15.88:0/349625286 --> [v2:172.21.15.88:6800/185033711,v1:172.21.15.88:6801/185033711] -- mgr_command(tid 0: {"prefix": "orch apply", "service_type": "prometheus", "target": ["mon-mgr", ""]}) v1 -- 0x7f6504104740 con 0x7f64ec033c20
2024-02-09T20:38:01.854 INFO:teuthology.orchestra.run.smithi088.stderr:/usr/bin/ceph:
2024-02-09T20:38:01.851+0000 7f65099c9700 1 --2- 172.21.15.88:0/349625286 >> [v2:172.21.15.88:6800/185033711,v1:172.21.15.88:6801/185033711] conn(0x7f64ec033c20 0x7f64ec036010 unknown :-1 s=BANNER_CONNECTING pgs=0 cs=0 l=1 rev1=0 rx=0 tx=0)._handle_peer_banner_payload supported=1 required=0
2024-02-09T20:38:01.854 INFO:teuthology.orchestra.run.smithi088.stderr:/usr/bin/ceph:
2024-02-09T20:38:01.851+0000 7f65099c9700 1 --2- 172.21.15.88:0/349625286 >> [v2:172.21.15.88:6800/185033711,v1:172.21.15.88:6801/185033711] conn(0x7f64ec033c20 0x7f64ec036010 secure :-1 s=READY pgs=3 cs=0 l=1 rev1=1 rx=0x7f64f4006fd0 tx=0x7f64f4006d30).ready entity=mgr.14142 client_cookie=0 server_cookie=0 in_seq=0 out_seq=0
2024-02-09T20:38:01.858 INFO:teuthology.orchestra.run.smithi088.stderr:/usr/bin/ceph:
2024-02-09T20:38:01.856+0000 7f64f2ffd700 1 -- 172.21.15.88:0/349625286 <== mgr.14142 v2:172.21.15.88:6800/185033711 1 ==== mgr_command_reply(tid 0: 0 ) v1 ==== 8+0+31 (secure 0 0 0) 0x7f6504104740 con 0x7f64ec033c20
2024-02-09T20:38:01.859 INFO:teuthology.orchestra.run.smithi088.stderr:/usr/bin/ceph: Scheduled prometheus update...
2024-02-09T20:38:01.861 INFO:teuthology.orchestra.run.smithi088.stderr:/usr/bin/ceph:
2024-02-09T20:38:01.858+0000 7f650b1cc700 1 -- 172.21.15.88:0/349625286 >> [v2:172.21.15.88:6800/185033711,v1:172.21.15.88:6801/185033711] conn(0x7f64ec033c20 msgr2=0x7f64ec036010 secure :-1 s=STATE_CONNECTION_ESTABLISHED l=1).mark_down
2024-02-09T20:38:01.861 INFO:teuthology.orchestra.run.smithi088.stderr:/usr/bin/ceph:
2024-02-09T20:38:01.858+0000 7f650b1cc700 1 --2- 172.21.15.88:0/349625286 >> [v2:172.21.15.88:6800/185033711,v1:172.21.15.88:6801/185033711] conn(0x7f64ec033c20 0x7f64ec036010 secure :-1 s=READY pgs=3 cs=0 l=1 rev1=1 rx=0x7f64f4006fd0 tx=0x7f64f4006d30).stop
2024-02-09T20:38:01.861 INFO:teuthology.orchestra.run.smithi088.stderr:/usr/bin/ceph:
2024-02-09T20:38:01.858+0000 7f650b1cc700 1 -- 172.21.15.88:0/349625286 >> [v2:172.21.15.88:3300/0,v1:172.21.15.88:6789/0] conn(0x7f6504070430 msgr2=0x7f650410a8a0 secure :-1 s=STATE_CONNECTION_ESTABLISHED l=1).mark_down
2024-02-09T20:38:01.861 INFO:teuthology.orchestra.run.smithi088.stderr:/usr/bin/ceph:
2024-02-09T20:38:01.858+0000 7f650b1cc700 1 --2- 172.21.15.88:0/349625286 >> [v2:172.21.15.88:3300/0,v1:172.21.15.88:6789/0] conn(0x7f6504070430 0x7f650410a8a0 secure :-1 s=READY pgs=50 cs=0 l=1 rev1=1 rx=0x7f650000e040 tx=0x7f6500006ee0).stop
2024-02-09T20:38:01.862 INFO:teuthology.orchestra.run.smithi088.stderr:/usr/bin/ceph:
2024-02-09T20:38:01.858+0000 7f650b1cc700 1 -- 172.21.15.88:0/349625286 shutdown_connections
2024-02-09T20:38:01.862 INFO:teuthology.orchestra.run.smithi088.stderr:/usr/bin/ceph:
2024-02-09T20:38:01.858+0000 7f650b1cc700 1 --2- 172.21.15.88:0/349625286 >> [v2:172.21.15.88:6800/185033711,v1:172.21.15.88:6801/185033711] conn(0x7f64ec033c20 0x7f64ec036010 unknown :-1 s=CLOSED pgs=3 cs=0 l=1 rev1=1 rx=0 tx=0).stop
2024-02-09T20:38:01.862 INFO:teuthology.orchestra.run.smithi088.stderr:/usr/bin/ceph:
2024-02-09T20:38:01.858+0000 7f650b1cc700 1 --2- 172.21.15.88:0/349625286 >> [v2:172.21.15.88:3300/0,v1:172.21.15.88:6789/0] conn(0x7f6504070430 0x7f650410a8a0 unknown :-1 s=CLOSED pgs=50 cs=0 l=1 rev1=1 rx=0 tx=0).stop
2024-02-09T20:38:01.862 INFO:teuthology.orchestra.run.smithi088.stderr:/usr/bin/ceph:
2024-02-09T20:38:01.858+0000 7f650b1cc700 1 --2- 172.21.15.88:0/349625286 >> [v2:172.21.15.88:6800/369233018,v1:172.21.15.88:6801/369233018] conn(0x7f64ec02fe00 0x7f64ec0322c0 unknown :-1 s=CLOSED pgs=0 cs=0 l=1 rev1=0 rx=0 tx=0).stop
2024-02-09T20:38:01.862 INFO:teuthology.orchestra.run.smithi088.stderr:/usr/bin/ceph:
2024-02-09T20:38:01.858+0000 7f650b1cc700 1 -- 172.21.15.88:0/349625286 >> 172.21.15.88:0/349625286 conn(0x7f65040f6210 msgr2=0x7f65040f7d20 unknown :-1 s=STATE_NONE l=0).mark_down
2024-02-09T20:38:01.862 INFO:teuthology.orchestra.run.smithi088.stderr:/usr/bin/ceph:
2024-02-09T20:38:01.858+0000 7f650b1cc700 1 -- 172.21.15.88:0/349625286 shutdown_connections
2024-02-09T20:38:01.862 INFO:teuthology.orchestra.run.smithi088.stderr:/usr/bin/ceph:
2024-02-09T20:38:01.858+0000 7f650b1cc700 1 -- 172.21.15.88:0/349625286 wait complete.
2024-02-09T20:38:02.139 INFO:journalctl@ceph.mon.smithi088.smithi088.stdout:Feb 09 20:38:01 smithi088 ceph-ee8f2b50-c78a-11ee-95b8-87774f69a715-mon.smithi088[39326]: cluster
2024-02-09T20:38:00.794908+0000 mon.smithi088 (mon.0) 62 : cluster [INF] Active manager daemon smithi088.xjbmva restarted
2024-02-09T20:38:02.139 INFO:journalctl@ceph.mon.smithi088.smithi088.stdout:Feb 09 20:38:01 smithi088 ceph-ee8f2b50-c78a-11ee-95b8-87774f69a715-mon.smithi088[39326]: cluster
2024-02-09T20:38:00.795423+0000 mon.smithi088 (mon.0) 63 : cluster [INF] Activating manager daemon smithi088.xjbmva
2024-02-09T20:38:02.139 INFO:journalctl@ceph.mon.smithi088.smithi088.stdout:Feb 09 20:38:01 smithi088 ceph-ee8f2b50-c78a-11ee-95b8-87774f69a715-mon.smithi088[39326]: cluster
2024-02-09T20:38:00.798643+0000 mon.smithi088 (mon.0) 64 : cluster [DBG] osdmap e3: 0 total, 0 up, 0 in
2024-02-09T20:38:02.139 INFO:journalctl@ceph.mon.smithi088.smithi088.stdout:Feb 09 20:38:01 smithi088 ceph-ee8f2b50-c78a-11ee-95b8-87774f69a715-mon.smithi088[39326]: cluster
2024-02-09T20:38:00.849385+0000 mon.smithi088 (mon.0) 65 : cluster [DBG] mgrmap e10: smithi088.xjbmva(active, starting, since 0.0540776s)
2024-02-09T20:38:02.139 INFO:journalctl@ceph.mon.smithi088.smithi088.stdout:Feb 09 20:38:01 smithi088 ceph-ee8f2b50-c78a-11ee-95b8-87774f69a715-mon.smithi088[39326]: audit
2024-02-09T20:38:00.850424+0000 mon.smithi088 (mon.0) 66 : audit [DBG] from='mgr.14142 172.21.15.88:0/704724747' entity='mgr.smithi088.xjbmva' cmd=[{"prefix": "mon metadata", "id": "smithi088"}]: dispatch
2024-02-09T20:38:02.139 INFO:journalctl@ceph.mon.smithi088.smithi088.stdout:Feb 09 20:38:01 smithi088 ceph-ee8f2b50-c78a-11ee-95b8-87774f69a715-mon.smithi088[39326]: audit
2024-02-09T20:38:00.850986+0000 mon.smithi088 (mon.0) 67 : audit [DBG] from='mgr.14142 172.21.15.88:0/704724747' entity='mgr.smithi088.xjbmva' cmd=[{"prefix": "mgr metadata", "who": "smithi088.xjbmva", "id": "smithi088.xjbmva"}]: dispatch
2024-02-09T20:38:02.139 INFO:journalctl@ceph.mon.smithi088.smithi088.stdout:Feb 09 20:38:01 smithi088 ceph-ee8f2b50-c78a-11ee-95b8-87774f69a715-mon.smithi088[39326]: audit
2024-02-09T20:38:00.851831+0000 mon.smithi088 (mon.0) 68 : audit [DBG] from='mgr.14142 172.21.15.88:0/704724747' entity='mgr.smithi088.xjbmva' cmd=[{"prefix": "mds metadata"}]: dispatch
2024-02-09T20:38:02.139 INFO:journalctl@ceph.mon.smithi088.smithi088.stdout:Feb 09 20:38:01 smithi088 ceph-ee8f2b50-c78a-11ee-95b8-87774f69a715-mon.smithi088[39326]: audit
2024-02-09T20:38:00.852039+0000 mon.smithi088 (mon.0) 69 : audit [DBG] from='mgr.14142 172.21.15.88:0/704724747' entity='mgr.smithi088.xjbmva' cmd=[{"prefix": "osd metadata"}]: dispatch
2024-02-09T20:38:02.139 INFO:journalctl@ceph.mon.smithi088.smithi088.stdout:Feb 09 20:38:01 smithi088 ceph-ee8f2b50-c78a-11ee-95b8-87774f69a715-mon.smithi088[39326]: audit
2024-02-09T20:38:00.852220+0000 mon.smithi088 (mon.0) 70 : audit [DBG] from='mgr.14142 172.21.15.88:0/704724747' entity='mgr.smithi088.xjbmva' cmd=[{"prefix": "mon metadata"}]: dispatch
2024-02-09T20:38:02.140 INFO:journalctl@ceph.mon.smithi088.smithi088.stdout:Feb 09 20:38:01 smithi088 ceph-ee8f2b50-c78a-11ee-95b8-87774f69a715-mon.smithi088[39326]: cluster
2024-02-09T20:38:00.865265+0000 mon.smithi088 (mon.0) 71 : cluster [INF] Manager daemon smithi088.xjbmva is now available
2024-02-09T20:38:02.140 INFO:journalctl@ceph.mon.smithi088.smithi088.stdout:Feb 09 20:38:01 smithi088 ceph-ee8f2b50-c78a-11ee-95b8-87774f69a715-mon.smithi088[39326]: audit
2024-02-09T20:38:00.961381+0000 mon.smithi088 (mon.0) 72 : audit [DBG] from='mgr.14142 172.21.15.88:0/704724747' entity='mgr.smithi088.xjbmva' cmd=[{"prefix": "config dump", "format": "json"}]: dispatch
2024-02-09T20:38:02.140 INFO:journalctl@ceph.mon.smithi088.smithi088.stdout:Feb 09 20:38:01 smithi088 ceph-ee8f2b50-c78a-11ee-95b8-87774f69a715-mon.smithi088[39326]: audit
2024-02-09T20:38:00.962445+0000 mon.smithi088 (mon.0) 73 : audit [DBG] from='mgr.14142 172.21.15.88:0/704724747' entity='mgr.smithi088.xjbmva' cmd=[{"prefix": "config dump", "format": "json"}]: dispatch
2024-02-09T20:38:02.140 INFO:journalctl@ceph.mon.smithi088.smithi088.stdout:Feb 09 20:38:01 smithi088 ceph-ee8f2b50-c78a-11ee-95b8-87774f69a715-mon.smithi088[39326]: audit
2024-02-09T20:38:00.978513+0000 mon.smithi088 (mon.0) 74 : audit [INF] from='mgr.14142 172.21.15.88:0/704724747' entity='mgr.smithi088.xjbmva' cmd=[{"prefix":"config rm","who":"mgr","name":"mgr/rbd_support/smithi088.xjbmva/mirror_snapshot_schedule"}]: dispatch
2024-02-09T20:38:02.140 INFO:journalctl@ceph.mon.smithi088.smithi088.stdout:Feb 09 20:38:01 smithi088 ceph-ee8f2b50-c78a-11ee-95b8-87774f69a715-mon.smithi088[39326]: audit
2024-02-09T20:38:00.986223+0000 mon.smithi088 (mon.0) 75 : audit [INF] from='mgr.14142 172.21.15.88:0/704724747' entity='mgr.smithi088.xjbmva' cmd=[{"prefix":"config rm","who":"mgr","name":"mgr/rbd_support/smithi088.xjbmva/trash_purge_schedule"}]: dispatch
2024-02-09T20:38:02.545 INFO:teuthology.orchestra.run.smithi088.stderr:Deploying grafana service with default placement...
2024-02-09T20:38:02.545 INFO:teuthology.orchestra.run.smithi088.stderr:Running command: /bin/podman run --rm --ipc=host --no-hosts --net=host --entrypoint /usr/bin/ceph --init -e CONTAINER_IMAGE=docker.io/ceph/ceph:v16.2.4 -e NODE_NAME=smithi088 -e CEPH_USE_RANDOM_NONCE=1 -v /var/log/ceph/ee8f2b50-c78a-11ee-95b8-87774f69a715:/var/log/ceph:z -v /tmp/ceph-tmpqnotqqgx:/etc/ceph/ceph.client.admin.keyring:z -v /tmp/ceph-tmpmn_c8j34:/etc/ceph/ceph.conf:z docker.io/ceph/ceph:v16.2.4 orch apply grafana
2024-02-09T20:38:03.122 INFO:teuthology.orchestra.run.smithi088.stderr:/usr/bin/ceph:
2024-02-09T20:38:03.116+0000 7f0c9e7df700 1 Processor -- start
2024-02-09T20:38:03.122 INFO:teuthology.orchestra.run.smithi088.stderr:/usr/bin/ceph:
2024-02-09T20:38:03.116+0000 7f0c9e7df700 1 -- start start
2024-02-09T20:38:03.122 INFO:teuthology.orchestra.run.smithi088.stderr:/usr/bin/ceph:
2024-02-09T20:38:03.116+0000 7f0c9e7df700 1 --2- >> [v2:172.21.15.88:3300/0,v1:172.21.15.88:6789/0] conn(0x7f0c980703f0 0x7f0c980fe920 unknown :-1 s=NONE pgs=0 cs=0 l=0 rev1=0 rx=0 tx=0).connect
2024-02-09T20:38:03.122 INFO:teuthology.orchestra.run.smithi088.stderr:/usr/bin/ceph:
2024-02-09T20:38:03.116+0000 7f0c9e7df700 1 -- --> [v2:172.21.15.88:3300/0,v1:172.21.15.88:6789/0] -- mon_getmap magic: 0 v1 -- 0x7f0c980fee10 con 0x7f0c980703f0
2024-02-09T20:38:03.122 INFO:teuthology.orchestra.run.smithi088.stderr:/usr/bin/ceph:
2024-02-09T20:38:03.116+0000 7f0c97fff700 1 --2- >> [v2:172.21.15.88:3300/0,v1:172.21.15.88:6789/0] conn(0x7f0c980703f0 0x7f0c980fe920 unknown :-1 s=BANNER_CONNECTING pgs=0 cs=0 l=0 rev1=0 rx=0 tx=0)._handle_peer_banner_payload supported=1 required=0
2024-02-09T20:38:03.122 INFO:teuthology.orchestra.run.smithi088.stderr:/usr/bin/ceph:
2024-02-09T20:38:03.116+0000 7f0c97fff700 1 --2- >> [v2:172.21.15.88:3300/0,v1:172.21.15.88:6789/0] conn(0x7f0c980703f0 0x7f0c980fe920 unknown :-1 s=HELLO_CONNECTING pgs=0 cs=0 l=0 rev1=1 rx=0 tx=0).handle_hello peer v2:172.21.15.88:3300/0 says I am v2:172.21.15.88:59636/0 (socket says 172.21.15.88:59636)
2024-02-09T20:38:03.122 INFO:teuthology.orchestra.run.smithi088.stderr:/usr/bin/ceph:
2024-02-09T20:38:03.116+0000 7f0c97fff700 1 -- 172.21.15.88:0/2434600463 learned_addr learned my addr 172.21.15.88:0/2434600463 (peer_addr_for_me v2:172.21.15.88:0/0)
2024-02-09T20:38:03.122 INFO:teuthology.orchestra.run.smithi088.stderr:/usr/bin/ceph:
2024-02-09T20:38:03.116+0000 7f0c97fff700 1 -- 172.21.15.88:0/2434600463 --> [v2:172.21.15.88:3300/0,v1:172.21.15.88:6789/0] -- mon_subscribe({config=0+,monmap=0+}) v3 -- 0x7f0c980fef50 con 0x7f0c980703f0
2024-02-09T20:38:03.122 INFO:teuthology.orchestra.run.smithi088.stderr:/usr/bin/ceph:
2024-02-09T20:38:03.116+0000 7f0c97fff700 1 --2- 172.21.15.88:0/2434600463 >> [v2:172.21.15.88:3300/0,v1:172.21.15.88:6789/0] conn(0x7f0c980703f0 0x7f0c980fe920 secure :-1 s=READY pgs=56 cs=0 l=1 rev1=1 rx=0x7f0c8800b5f0 tx=0x7f0c88006ee0).ready entity=mon.0 client_cookie=9e277ba3ebb1172d server_cookie=0 in_seq=0 out_seq=0
2024-02-09T20:38:03.122 INFO:teuthology.orchestra.run.smithi088.stderr:/usr/bin/ceph:
2024-02-09T20:38:03.117+0000 7f0c96ffd700 1 -- 172.21.15.88:0/2434600463 <== mon.0 v2:172.21.15.88:3300/0 1 ==== mon_map magic: 0 v1 ==== 229+0+0 (secure 0 0 0) 0x7f0c8800d600 con 0x7f0c980703f0
2024-02-09T20:38:03.122 INFO:teuthology.orchestra.run.smithi088.stderr:/usr/bin/ceph:
2024-02-09T20:38:03.117+0000 7f0c96ffd700 1 -- 172.21.15.88:0/2434600463 <== mon.0 v2:172.21.15.88:3300/0 2 ==== config(25 keys) v1 ==== 1010+0+0 (secure 0 0 0) 0x7f0c8800dbd0 con 0x7f0c980703f0
2024-02-09T20:38:03.122 INFO:teuthology.orchestra.run.smithi088.stderr:/usr/bin/ceph:
2024-02-09T20:38:03.117+0000 7f0c96ffd700 1 -- 172.21.15.88:0/2434600463 <== mon.0 v2:172.21.15.88:3300/0 3 ==== mon_map magic: 0 v1 ==== 229+0+0 (secure 0 0 0) 0x7f0c88011c00 con 0x7f0c980703f0
2024-02-09T20:38:03.123 INFO:teuthology.orchestra.run.smithi088.stderr:/usr/bin/ceph:
2024-02-09T20:38:03.117+0000 7f0c9e7df700 1 -- 172.21.15.88:0/2434600463 >> [v2:172.21.15.88:3300/0,v1:172.21.15.88:6789/0] conn(0x7f0c980703f0 msgr2=0x7f0c980fe920 secure :-1 s=STATE_CONNECTION_ESTABLISHED l=1).mark_down
2024-02-09T20:38:03.123 INFO:teuthology.orchestra.run.smithi088.stderr:/usr/bin/ceph:
2024-02-09T20:38:03.117+0000 7f0c9e7df700 1 --2- 172.21.15.88:0/2434600463 >> [v2:172.21.15.88:3300/0,v1:172.21.15.88:6789/0] conn(0x7f0c980703f0 0x7f0c980fe920 secure :-1 s=READY pgs=56 cs=0 l=1 rev1=1 rx=0x7f0c8800b5f0 tx=0x7f0c88006ee0).stop
2024-02-09T20:38:03.123 INFO:teuthology.orchestra.run.smithi088.stderr:/usr/bin/ceph:
2024-02-09T20:38:03.117+0000 7f0c9e7df700 1 -- 172.21.15.88:0/2434600463 shutdown_connections
2024-02-09T20:38:03.123 INFO:teuthology.orchestra.run.smithi088.stderr:/usr/bin/ceph:
2024-02-09T20:38:03.117+0000 7f0c9e7df700 1 --2- 172.21.15.88:0/2434600463 >> [v2:172.21.15.88:3300/0,v1:172.21.15.88:6789/0] conn(0x7f0c980703f0 0x7f0c980fe920 unknown :-1 s=CLOSED pgs=56 cs=0 l=1 rev1=1 rx=0 tx=0).stop
2024-02-09T20:38:03.123 INFO:teuthology.orchestra.run.smithi088.stderr:/usr/bin/ceph:
2024-02-09T20:38:03.117+0000 7f0c9e7df700 1 -- 172.21.15.88:0/2434600463 >> 172.21.15.88:0/2434600463 conn(0x7f0c980f63c0 msgr2=0x7f0c980f87e0 unknown :-1 s=STATE_NONE l=0).mark_down
2024-02-09T20:38:03.123 INFO:teuthology.orchestra.run.smithi088.stderr:/usr/bin/ceph:
2024-02-09T20:38:03.117+0000 7f0c9e7df700 1 -- 172.21.15.88:0/2434600463 shutdown_connections
2024-02-09T20:38:03.123 INFO:teuthology.orchestra.run.smithi088.stderr:/usr/bin/ceph:
2024-02-09T20:38:03.117+0000 7f0c9e7df700 1 -- 172.21.15.88:0/2434600463 wait complete.
2024-02-09T20:38:03.123 INFO:teuthology.orchestra.run.smithi088.stderr:/usr/bin/ceph:
2024-02-09T20:38:03.118+0000 7f0c9e7df700 1 Processor -- start
2024-02-09T20:38:03.123 INFO:teuthology.orchestra.run.smithi088.stderr:/usr/bin/ceph:
2024-02-09T20:38:03.118+0000 7f0c9e7df700 1 -- start start
2024-02-09T20:38:03.123 INFO:teuthology.orchestra.run.smithi088.stderr:/usr/bin/ceph:
2024-02-09T20:38:03.119+0000 7f0c9e7df700 1 --2- >> [v2:172.21.15.88:3300/0,v1:172.21.15.88:6789/0] conn(0x7f0c980703f0 0x7f0c9810aa50 unknown :-1 s=NONE pgs=0 cs=0 l=1 rev1=0 rx=0 tx=0).connect
2024-02-09T20:38:03.123 INFO:teuthology.orchestra.run.smithi088.stderr:/usr/bin/ceph:
2024-02-09T20:38:03.119+0000 7f0c9e7df700 1 -- --> [v2:172.21.15.88:3300/0,v1:172.21.15.88:6789/0] -- mon_getmap magic: 0 v1 -- 0x7f0c9810af40 con 0x7f0c980703f0
2024-02-09T20:38:03.123 INFO:teuthology.orchestra.run.smithi088.stderr:/usr/bin/ceph:
2024-02-09T20:38:03.119+0000 7f0c97fff700 1 --2- >> [v2:172.21.15.88:3300/0,v1:172.21.15.88:6789/0] conn(0x7f0c980703f0 0x7f0c9810aa50 unknown :-1 s=BANNER_CONNECTING pgs=0 cs=0 l=1 rev1=0 rx=0 tx=0)._handle_peer_banner_payload supported=1 required=0
2024-02-09T20:38:03.123 INFO:teuthology.orchestra.run.smithi088.stderr:/usr/bin/ceph:
2024-02-09T20:38:03.119+0000 7f0c97fff700 1 --2- >> [v2:172.21.15.88:3300/0,v1:172.21.15.88:6789/0] conn(0x7f0c980703f0 0x7f0c9810aa50 unknown :-1 s=HELLO_CONNECTING pgs=0 cs=0 l=1 rev1=1 rx=0 tx=0).handle_hello peer v2:172.21.15.88:3300/0 says I am v2:172.21.15.88:59642/0 (socket says 172.21.15.88:59642)
2024-02-09T20:38:03.123 INFO:teuthology.orchestra.run.smithi088.stderr:/usr/bin/ceph:
2024-02-09T20:38:03.119+0000 7f0c97fff700 1 -- 172.21.15.88:0/4283104831 learned_addr learned my addr 172.21.15.88:0/4283104831 (peer_addr_for_me v2:172.21.15.88:0/0)
2024-02-09T20:38:03.124 INFO:teuthology.orchestra.run.smithi088.stderr:/usr/bin/ceph:
2024-02-09T20:38:03.119+0000 7f0c97fff700 1 -- 172.21.15.88:0/4283104831 --> [v2:172.21.15.88:3300/0,v1:172.21.15.88:6789/0] -- mon_subscribe({config=0+,monmap=0+}) v3 -- 0x7f0c8800b200 con 0x7f0c980703f0
2024-02-09T20:38:03.125 INFO:teuthology.orchestra.run.smithi088.stderr:/usr/bin/ceph:
2024-02-09T20:38:03.119+0000 7f0c97fff700 1 --2- 172.21.15.88:0/4283104831 >> [v2:172.21.15.88:3300/0,v1:172.21.15.88:6789/0] conn(0x7f0c980703f0 0x7f0c9810aa50 secure :-1 s=READY pgs=57 cs=0 l=1 rev1=1 rx=0x7f0c8800e040 tx=0x7f0c88006ee0).ready entity=mon.0 client_cookie=0 server_cookie=0 in_seq=0 out_seq=0
2024-02-09T20:38:03.125 INFO:teuthology.orchestra.run.smithi088.stderr:/usr/bin/ceph:
2024-02-09T20:38:03.119+0000 7f0c94ff9700 1 -- 172.21.15.88:0/4283104831 <== mon.0 v2:172.21.15.88:3300/0 1 ==== mon_map magic: 0 v1 ==== 229+0+0 (secure 0 0 0) 0x7f0c8800d9f0 con 0x7f0c980703f0
2024-02-09T20:38:03.125 INFO:teuthology.orchestra.run.smithi088.stderr:/usr/bin/ceph:
2024-02-09T20:38:03.119+0000 7f0c94ff9700 1 -- 172.21.15.88:0/4283104831 <== mon.0 v2:172.21.15.88:3300/0 2 ==== config(25 keys) v1 ==== 1010+0+0 (secure 0 0 0) 0x7f0c8801a9f0 con 0x7f0c980703f0
2024-02-09T20:38:03.125 INFO:teuthology.orchestra.run.smithi088.stderr:/usr/bin/ceph:
2024-02-09T20:38:03.119+0000 7f0c94ff9700 1 -- 172.21.15.88:0/4283104831 <== mon.0 v2:172.21.15.88:3300/0 3 ==== mon_map magic: 0 v1 ==== 229+0+0 (secure 0 0 0) 0x7f0c8801b8c0 con 0x7f0c980703f0
2024-02-09T20:38:03.125 INFO:teuthology.orchestra.run.smithi088.stderr:/usr/bin/ceph:
2024-02-09T20:38:03.119+0000 7f0c9e7df700 1 -- 172.21.15.88:0/4283104831 --> [v2:172.21.15.88:3300/0,v1:172.21.15.88:6789/0] -- mon_subscribe({mgrmap=0+}) v3 -- 0x7f0c9810b140 con 0x7f0c980703f0
2024-02-09T20:38:03.125 INFO:teuthology.orchestra.run.smithi088.stderr:/usr/bin/ceph:
2024-02-09T20:38:03.119+0000 7f0c9e7df700 1 -- 172.21.15.88:0/4283104831 --> [v2:172.21.15.88:3300/0,v1:172.21.15.88:6789/0] -- mon_subscribe({osdmap=0}) v3 -- 0x7f0c9810b550 con 0x7f0c980703f0
2024-02-09T20:38:03.125 INFO:teuthology.orchestra.run.smithi088.stderr:/usr/bin/ceph:
2024-02-09T20:38:03.120+0000 7f0c94ff9700 1 -- 172.21.15.88:0/4283104831 <== mon.0 v2:172.21.15.88:3300/0 4 ==== mgrmap(e 12) v1 ==== 36195+0+0 (secure 0 0 0) 0x7f0c8800f070 con 0x7f0c980703f0
2024-02-09T20:38:03.125 INFO:teuthology.orchestra.run.smithi088.stderr:/usr/bin/ceph:
2024-02-09T20:38:03.120+0000 7f0c94ff9700 1 --2- 172.21.15.88:0/4283104831 >> [v2:172.21.15.88:6800/185033711,v1:172.21.15.88:6801/185033711] conn(0x7f0c8402fe60 0x7f0c84032320 unknown :-1 s=NONE pgs=0 cs=0 l=1 rev1=0 rx=0 tx=0).connect
2024-02-09T20:38:03.125 INFO:teuthology.orchestra.run.smithi088.stderr:/usr/bin/ceph:
2024-02-09T20:38:03.120+0000 7f0c94ff9700 1 -- 172.21.15.88:0/4283104831 <== mon.0 v2:172.21.15.88:3300/0 5 ==== osd_map(3..3 src has 1..3) v4 ==== 1098+0+0 (secure 0 0 0) 0x7f0c880414a0 con 0x7f0c980703f0
2024-02-09T20:38:03.125 INFO:teuthology.orchestra.run.smithi088.stderr:/usr/bin/ceph:
2024-02-09T20:38:03.120+0000 7f0c977fe700 1 --2- 172.21.15.88:0/4283104831 >> [v2:172.21.15.88:6800/185033711,v1:172.21.15.88:6801/185033711] conn(0x7f0c8402fe60 0x7f0c84032320 unknown :-1 s=BANNER_CONNECTING pgs=0 cs=0 l=1 rev1=0 rx=0 tx=0)._handle_peer_banner_payload supported=1 required=0
2024-02-09T20:38:03.125 INFO:teuthology.orchestra.run.smithi088.stderr:/usr/bin/ceph:
2024-02-09T20:38:03.120+0000 7f0c9e7df700 1 -- 172.21.15.88:0/4283104831 --> [v2:172.21.15.88:3300/0,v1:172.21.15.88:6789/0] -- mon_command({"prefix": "get_command_descriptions"} v 0) v1 -- 0x7f0c98059100 con 0x7f0c980703f0
2024-02-09T20:38:03.125 INFO:teuthology.orchestra.run.smithi088.stderr:/usr/bin/ceph:
2024-02-09T20:38:03.121+0000 7f0c977fe700 1 --2- 172.21.15.88:0/4283104831 >> [v2:172.21.15.88:6800/185033711,v1:172.21.15.88:6801/185033711] conn(0x7f0c8402fe60 0x7f0c84032320 secure :-1 s=READY pgs=6 cs=0 l=1 rev1=1 rx=0x7f0c8c0096a0 tx=0x7f0c8c006b40).ready entity=mgr.14142 client_cookie=0 server_cookie=0 in_seq=0 out_seq=0
2024-02-09T20:38:03.127 INFO:teuthology.orchestra.run.smithi088.stderr:/usr/bin/ceph:
2024-02-09T20:38:03.125+0000 7f0c94ff9700 1 -- 172.21.15.88:0/4283104831 <== mon.0 v2:172.21.15.88:3300/0 6 ==== mon_command_ack([{"prefix": "get_command_descriptions"}]=0 v0) v1 ==== 72+0+152212 (secure 0 0 0) 0x7f0c88016070 con 0x7f0c980703f0
2024-02-09T20:38:03.138 INFO:journalctl@ceph.mon.smithi088.smithi088.stdout:Feb 09 20:38:02 smithi088 ceph-ee8f2b50-c78a-11ee-95b8-87774f69a715-mon.smithi088[39326]: cluster
2024-02-09T20:38:01.853341+0000 mon.smithi088 (mon.0) 76 : cluster [DBG] mgrmap e11: smithi088.xjbmva(active, since 1.05803s)
2024-02-09T20:38:03.138 INFO:journalctl@ceph.mon.smithi088.smithi088.stdout:Feb 09 20:38:02 smithi088 ceph-ee8f2b50-c78a-11ee-95b8-87774f69a715-mon.smithi088[39326]: cephadm
2024-02-09T20:38:01.854666+0000 mgr.smithi088.xjbmva (mgr.14142) 2 : cephadm [INF] Saving service prometheus spec with placement count:1
2024-02-09T20:38:03.139 INFO:journalctl@ceph.mon.smithi088.smithi088.stdout:Feb 09 20:38:02 smithi088 ceph-ee8f2b50-c78a-11ee-95b8-87774f69a715-mon.smithi088[39326]: audit
2024-02-09T20:38:01.856937+0000 mon.smithi088 (mon.0) 77 : audit [INF] from='mgr.14142 172.21.15.88:0/704724747' entity='mgr.smithi088.xjbmva'
2024-02-09T20:38:03.303 INFO:teuthology.orchestra.run.smithi088.stderr:/usr/bin/ceph:
2024-02-09T20:38:03.301+0000 7f0c9e7df700 1 -- 172.21.15.88:0/4283104831 --> [v2:172.21.15.88:6800/185033711,v1:172.21.15.88:6801/185033711] -- mgr_command(tid 0: {"prefix": "orch apply", "service_type": "grafana", "target": ["mon-mgr", ""]}) v1 -- 0x7f0c981048f0 con 0x7f0c8402fe60
2024-02-09T20:38:03.309 INFO:teuthology.orchestra.run.smithi088.stderr:/usr/bin/ceph:
2024-02-09T20:38:03.306+0000 7f0c94ff9700 1 -- 172.21.15.88:0/4283104831 <== mgr.14142 v2:172.21.15.88:6800/185033711 1 ==== mgr_command_reply(tid 0: 0 ) v1 ==== 8+0+28 (secure 0 0 0) 0x7f0c981048f0 con 0x7f0c8402fe60
2024-02-09T20:38:03.309 INFO:teuthology.orchestra.run.smithi088.stderr:/usr/bin/ceph: Scheduled grafana update...
2024-02-09T20:38:03.311 INFO:teuthology.orchestra.run.smithi088.stderr:/usr/bin/ceph:
2024-02-09T20:38:03.308+0000 7f0c9e7df700 1 -- 172.21.15.88:0/4283104831 >> [v2:172.21.15.88:6800/185033711,v1:172.21.15.88:6801/185033711] conn(0x7f0c8402fe60 msgr2=0x7f0c84032320 secure :-1 s=STATE_CONNECTION_ESTABLISHED l=1).mark_down
2024-02-09T20:38:03.311 INFO:teuthology.orchestra.run.smithi088.stderr:/usr/bin/ceph:
2024-02-09T20:38:03.308+0000 7f0c9e7df700 1 --2- 172.21.15.88:0/4283104831 >> [v2:172.21.15.88:6800/185033711,v1:172.21.15.88:6801/185033711] conn(0x7f0c8402fe60 0x7f0c84032320 secure :-1 s=READY pgs=6 cs=0 l=1 rev1=1 rx=0x7f0c8c0096a0 tx=0x7f0c8c006b40).stop
2024-02-09T20:38:03.311 INFO:teuthology.orchestra.run.smithi088.stderr:/usr/bin/ceph:
2024-02-09T20:38:03.308+0000 7f0c9e7df700 1 -- 172.21.15.88:0/4283104831 >> [v2:172.21.15.88:3300/0,v1:172.21.15.88:6789/0] conn(0x7f0c980703f0 msgr2=0x7f0c9810aa50 secure :-1 s=STATE_CONNECTION_ESTABLISHED l=1).mark_down
2024-02-09T20:38:03.311 INFO:teuthology.orchestra.run.smithi088.stderr:/usr/bin/ceph:
2024-02-09T20:38:03.308+0000 7f0c9e7df700 1 --2- 172.21.15.88:0/4283104831 >> [v2:172.21.15.88:3300/0,v1:172.21.15.88:6789/0] conn(0x7f0c980703f0 0x7f0c9810aa50 secure :-1 s=READY pgs=57 cs=0 l=1 rev1=1 rx=0x7f0c8800e040 tx=0x7f0c88006ee0).stop
2024-02-09T20:38:03.312 INFO:teuthology.orchestra.run.smithi088.stderr:/usr/bin/ceph:
2024-02-09T20:38:03.308+0000 7f0c9e7df700 1 -- 172.21.15.88:0/4283104831 shutdown_connections
2024-02-09T20:38:03.312 INFO:teuthology.orchestra.run.smithi088.stderr:/usr/bin/ceph:
2024-02-09T20:38:03.308+0000 7f0c9e7df700 1 --2- 172.21.15.88:0/4283104831 >> [v2:172.21.15.88:6800/185033711,v1:172.21.15.88:6801/185033711] conn(0x7f0c8402fe60 0x7f0c84032320 unknown :-1 s=CLOSED pgs=6 cs=0 l=1 rev1=1 rx=0 tx=0).stop
2024-02-09T20:38:03.312 INFO:teuthology.orchestra.run.smithi088.stderr:/usr/bin/ceph:
2024-02-09T20:38:03.308+0000 7f0c9e7df700 1 --2- 172.21.15.88:0/4283104831 >> [v2:172.21.15.88:3300/0,v1:172.21.15.88:6789/0] conn(0x7f0c980703f0 0x7f0c9810aa50 unknown :-1 s=CLOSED pgs=57 cs=0 l=1 rev1=1 rx=0 tx=0).stop
2024-02-09T20:38:03.312 INFO:teuthology.orchestra.run.smithi088.stderr:/usr/bin/ceph:
2024-02-09T20:38:03.308+0000 7f0c9e7df700 1 -- 172.21.15.88:0/4283104831 >> 172.21.15.88:0/4283104831 conn(0x7f0c980f63c0 msgr2=0x7f0c980f7f20 unknown :-1 s=STATE_NONE l=0).mark_down
2024-02-09T20:38:03.312 INFO:teuthology.orchestra.run.smithi088.stderr:/usr/bin/ceph:
2024-02-09T20:38:03.308+0000 7f0c9e7df700 1 -- 172.21.15.88:0/4283104831 shutdown_connections
2024-02-09T20:38:03.312 INFO:teuthology.orchestra.run.smithi088.stderr:/usr/bin/ceph:
2024-02-09T20:38:03.308+0000 7f0c9e7df700 1 -- 172.21.15.88:0/4283104831 wait complete.
2024-02-09T20:38:03.918 INFO:teuthology.orchestra.run.smithi088.stderr:Deploying node-exporter service with default placement...
2024-02-09T20:38:03.918 INFO:teuthology.orchestra.run.smithi088.stderr:Running command: /bin/podman run --rm --ipc=host --no-hosts --net=host --entrypoint /usr/bin/ceph --init -e CONTAINER_IMAGE=docker.io/ceph/ceph:v16.2.4 -e NODE_NAME=smithi088 -e CEPH_USE_RANDOM_NONCE=1 -v /var/log/ceph/ee8f2b50-c78a-11ee-95b8-87774f69a715:/var/log/ceph:z -v /tmp/ceph-tmpqnotqqgx:/etc/ceph/ceph.client.admin.keyring:z -v /tmp/ceph-tmpmn_c8j34:/etc/ceph/ceph.conf:z docker.io/ceph/ceph:v16.2.4 orch apply node-exporter
2024-02-09T20:38:04.388 INFO:journalctl@ceph.mon.smithi088.smithi088.stdout:Feb 09 20:38:03 smithi088 ceph-ee8f2b50-c78a-11ee-95b8-87774f69a715-mon.smithi088[39326]: cluster
2024-02-09T20:38:02.938836+0000 mon.smithi088 (mon.0) 78 : cluster [DBG] mgrmap e12: smithi088.xjbmva(active, since 2s)
2024-02-09T20:38:04.389 INFO:journalctl@ceph.mon.smithi088.smithi088.stdout:Feb 09 20:38:03 smithi088 ceph-ee8f2b50-c78a-11ee-95b8-87774f69a715-mon.smithi088[39326]: audit
2024-02-09T20:38:03.302725+0000 mgr.smithi088.xjbmva (mgr.14142) 3 : audit [DBG] from='client.14150 -' entity='client.admin' cmd=[{"prefix": "orch apply", "service_type": "grafana", "target": ["mon-mgr", ""]}]: dispatch
2024-02-09T20:38:04.389 INFO:journalctl@ceph.mon.smithi088.smithi088.stdout:Feb 09 20:38:03 smithi088 ceph-ee8f2b50-c78a-11ee-95b8-87774f69a715-mon.smithi088[39326]: cephadm
2024-02-09T20:38:03.303244+0000 mgr.smithi088.xjbmva (mgr.14142) 4 : cephadm [INF] Saving service grafana spec with placement count:1
2024-02-09T20:38:04.389 INFO:journalctl@ceph.mon.smithi088.smithi088.stdout:Feb 09 20:38:03 smithi088 ceph-ee8f2b50-c78a-11ee-95b8-87774f69a715-mon.smithi088[39326]: audit
2024-02-09T20:38:03.307455+0000 mon.smithi088 (mon.0) 79 : audit [INF] from='mgr.14142 172.21.15.88:0/704724747' entity='mgr.smithi088.xjbmva'
2024-02-09T20:38:04.438 INFO:teuthology.orchestra.run.smithi088.stderr:/usr/bin/ceph:
2024-02-09T20:38:04.434+0000 7f42e3925700 1 Processor -- start
2024-02-09T20:38:04.438 INFO:teuthology.orchestra.run.smithi088.stderr:/usr/bin/ceph:
2024-02-09T20:38:04.434+0000 7f42e3925700 1 -- start start
2024-02-09T20:38:04.438 INFO:teuthology.orchestra.run.smithi088.stderr:/usr/bin/ceph:
2024-02-09T20:38:04.435+0000 7f42e3925700 1 --2- >> [v2:172.21.15.88:3300/0,v1:172.21.15.88:6789/0] conn(0x7f42dc0fab80 0x7f42dc0fafa0 unknown :-1 s=NONE pgs=0 cs=0 l=0 rev1=0 rx=0 tx=0).connect
2024-02-09T20:38:04.438 INFO:teuthology.orchestra.run.smithi088.stderr:/usr/bin/ceph:
2024-02-09T20:38:04.435+0000 7f42e3925700 1 -- --> [v2:172.21.15.88:3300/0,v1:172.21.15.88:6789/0] -- mon_getmap magic: 0 v1 -- 0x7f42dc0fb490 con 0x7f42dc0fab80
2024-02-09T20:38:04.438 INFO:teuthology.orchestra.run.smithi088.stderr:/usr/bin/ceph:
2024-02-09T20:38:04.435+0000 7f42e16c1700 1 --2- >> [v2:172.21.15.88:3300/0,v1:172.21.15.88:6789/0] conn(0x7f42dc0fab80 0x7f42dc0fafa0 unknown :-1 s=BANNER_CONNECTING pgs=0 cs=0 l=0 rev1=0 rx=0 tx=0)._handle_peer_banner_payload supported=1 required=0
2024-02-09T20:38:04.438 INFO:teuthology.orchestra.run.smithi088.stderr:/usr/bin/ceph:
2024-02-09T20:38:04.435+0000 7f42e16c1700 1 --2- >> [v2:172.21.15.88:3300/0,v1:172.21.15.88:6789/0] conn(0x7f42dc0fab80 0x7f42dc0fafa0 unknown :-1 s=HELLO_CONNECTING pgs=0 cs=0 l=0 rev1=1 rx=0 tx=0).handle_hello peer v2:172.21.15.88:3300/0 says I am v2:172.21.15.88:59650/0 (socket says 172.21.15.88:59650)
2024-02-09T20:38:04.438 INFO:teuthology.orchestra.run.smithi088.stderr:/usr/bin/ceph:
2024-02-09T20:38:04.435+0000 7f42e16c1700 1 -- 172.21.15.88:0/2110771569 learned_addr learned my addr 172.21.15.88:0/2110771569 (peer_addr_for_me v2:172.21.15.88:0/0)
2024-02-09T20:38:04.438 INFO:teuthology.orchestra.run.smithi088.stderr:/usr/bin/ceph:
2024-02-09T20:38:04.435+0000 7f42e16c1700 1 -- 172.21.15.88:0/2110771569 --> [v2:172.21.15.88:3300/0,v1:172.21.15.88:6789/0] -- mon_subscribe({config=0+,monmap=0+}) v3 -- 0x7f42dc0fb5d0 con 0x7f42dc0fab80
2024-02-09T20:38:04.438 INFO:teuthology.orchestra.run.smithi088.stderr:/usr/bin/ceph:
2024-02-09T20:38:04.435+0000 7f42e16c1700 1 --2- 172.21.15.88:0/2110771569 >> [v2:172.21.15.88:3300/0,v1:172.21.15.88:6789/0] conn(0x7f42dc0fab80 0x7f42dc0fafa0 secure :-1 s=READY pgs=58 cs=0 l=1 rev1=1 rx=0x7f42d000b5f0 tx=0x7f42d0006ee0).ready entity=mon.0 client_cookie=48f80c4c0600ca1 server_cookie=0 in_seq=0 out_seq=0
2024-02-09T20:38:04.438 INFO:teuthology.orchestra.run.smithi088.stderr:/usr/bin/ceph:
2024-02-09T20:38:04.435+0000 7f42cffff700 1 -- 172.21.15.88:0/2110771569 <== mon.0 v2:172.21.15.88:3300/0 1 ==== mon_map magic: 0 v1 ==== 229+0+0 (secure 0 0 0) 0x7f42d000d600 con 0x7f42dc0fab80
2024-02-09T20:38:04.439 INFO:teuthology.orchestra.run.smithi088.stderr:/usr/bin/ceph:
2024-02-09T20:38:04.435+0000 7f42cffff700 1 -- 172.21.15.88:0/2110771569 <== mon.0 v2:172.21.15.88:3300/0 2 ==== config(25 keys) v1 ==== 1010+0+0 (secure 0 0 0) 0x7f42d000dbd0 con 0x7f42dc0fab80
2024-02-09T20:38:04.439 INFO:teuthology.orchestra.run.smithi088.stderr:/usr/bin/ceph:
2024-02-09T20:38:04.435+0000 7f42cffff700 1 -- 172.21.15.88:0/2110771569 <== mon.0 v2:172.21.15.88:3300/0 3 ==== mon_map magic: 0 v1 ==== 229+0+0 (secure 0 0 0) 0x7f42d0011c00 con 0x7f42dc0fab80
2024-02-09T20:38:04.441 INFO:teuthology.orchestra.run.smithi088.stderr:/usr/bin/ceph:
2024-02-09T20:38:04.436+0000 7f42e3925700 1 -- 172.21.15.88:0/2110771569 >> [v2:172.21.15.88:3300/0,v1:172.21.15.88:6789/0] conn(0x7f42dc0fab80 msgr2=0x7f42dc0fafa0 secure :-1 s=STATE_CONNECTION_ESTABLISHED l=1).mark_down
2024-02-09T20:38:04.442 INFO:teuthology.orchestra.run.smithi088.stderr:/usr/bin/ceph:
2024-02-09T20:38:04.436+0000 7f42e3925700 1 --2- 172.21.15.88:0/2110771569 >> [v2:172.21.15.88:3300/0,v1:172.21.15.88:6789/0] conn(0x7f42dc0fab80 0x7f42dc0fafa0 secure :-1 s=READY pgs=58 cs=0 l=1 rev1=1 rx=0x7f42d000b5f0 tx=0x7f42d0006ee0).stop
2024-02-09T20:38:04.442 INFO:teuthology.orchestra.run.smithi088.stderr:/usr/bin/ceph:
2024-02-09T20:38:04.436+0000 7f42e3925700 1 -- 172.21.15.88:0/2110771569 shutdown_connections
2024-02-09T20:38:04.442 INFO:teuthology.orchestra.run.smithi088.stderr:/usr/bin/ceph:
2024-02-09T20:38:04.436+0000 7f42e3925700 1 --2- 172.21.15.88:0/2110771569 >> [v2:172.21.15.88:3300/0,v1:172.21.15.88:6789/0] conn(0x7f42dc0fab80 0x7f42dc0fafa0 unknown :-1 s=CLOSED pgs=58 cs=0 l=1 rev1=1 rx=0 tx=0).stop
2024-02-09T20:38:04.442 INFO:teuthology.orchestra.run.smithi088.stderr:/usr/bin/ceph:
2024-02-09T20:38:04.436+0000 7f42e3925700 1 -- 172.21.15.88:0/2110771569 >> 172.21.15.88:0/2110771569 conn(0x7f42dc0f63c0 msgr2=0x7f42dc0f87e0 unknown :-1 s=STATE_NONE l=0).mark_down
2024-02-09T20:38:04.442 INFO:teuthology.orchestra.run.smithi088.stderr:/usr/bin/ceph:
2024-02-09T20:38:04.436+0000 7f42e3925700 1 -- 172.21.15.88:0/2110771569 shutdown_connections
2024-02-09T20:38:04.442 INFO:teuthology.orchestra.run.smithi088.stderr:/usr/bin/ceph:
2024-02-09T20:38:04.436+0000 7f42e3925700 1 -- 172.21.15.88:0/2110771569 wait complete.
2024-02-09T20:38:04.442 INFO:teuthology.orchestra.run.smithi088.stderr:/usr/bin/ceph:
2024-02-09T20:38:04.436+0000 7f42e3925700 1 Processor -- start
2024-02-09T20:38:04.442 INFO:teuthology.orchestra.run.smithi088.stderr:/usr/bin/ceph:
2024-02-09T20:38:04.437+0000 7f42e3925700 1 -- start start
2024-02-09T20:38:04.443 INFO:teuthology.orchestra.run.smithi088.stderr:/usr/bin/ceph:
2024-02-09T20:38:04.437+0000 7f42e3925700 1 --2- >> [v2:172.21.15.88:3300/0,v1:172.21.15.88:6789/0] conn(0x7f42dc0fab80 0x7f42dc100e10 unknown :-1 s=NONE pgs=0 cs=0 l=1 rev1=0 rx=0 tx=0).connect
2024-02-09T20:38:04.443 INFO:teuthology.orchestra.run.smithi088.stderr:/usr/bin/ceph:
2024-02-09T20:38:04.437+0000 7f42e3925700 1 -- --> [v2:172.21.15.88:3300/0,v1:172.21.15.88:6789/0] -- mon_getmap magic: 0 v1 -- 0x7f42dc0ff290 con 0x7f42dc0fab80
2024-02-09T20:38:04.443 INFO:teuthology.orchestra.run.smithi088.stderr:/usr/bin/ceph:
2024-02-09T20:38:04.437+0000 7f42e16c1700 1 --2- >> [v2:172.21.15.88:3300/0,v1:172.21.15.88:6789/0] conn(0x7f42dc0fab80 0x7f42dc100e10 unknown :-1 s=BANNER_CONNECTING pgs=0 cs=0 l=1 rev1=0 rx=0 tx=0)._handle_peer_banner_payload supported=1 required=0
2024-02-09T20:38:04.443 INFO:teuthology.orchestra.run.smithi088.stderr:/usr/bin/ceph:
2024-02-09T20:38:04.437+0000 7f42e16c1700 1 --2- >> [v2:172.21.15.88:3300/0,v1:172.21.15.88:6789/0] conn(0x7f42dc0fab80 0x7f42dc100e10 unknown :-1 s=HELLO_CONNECTING pgs=0 cs=0 l=1 rev1=1 rx=0 tx=0).handle_hello peer v2:172.21.15.88:3300/0 says I am v2:172.21.15.88:59652/0 (socket says 172.21.15.88:59652)
2024-02-09T20:38:04.443 INFO:teuthology.orchestra.run.smithi088.stderr:/usr/bin/ceph:
2024-02-09T20:38:04.437+0000 7f42e16c1700 1 -- 172.21.15.88:0/2502975102 learned_addr learned my addr 172.21.15.88:0/2502975102 (peer_addr_for_me v2:172.21.15.88:0/0)
2024-02-09T20:38:04.443 INFO:teuthology.orchestra.run.smithi088.stderr:/usr/bin/ceph:
2024-02-09T20:38:04.437+0000 7f42e16c1700 1 -- 172.21.15.88:0/2502975102 --> [v2:172.21.15.88:3300/0,v1:172.21.15.88:6789/0] -- mon_subscribe({config=0+,monmap=0+}) v3 -- 0x7f42d000b200 con 0x7f42dc0fab80
2024-02-09T20:38:04.443 INFO:teuthology.orchestra.run.smithi088.stderr:/usr/bin/ceph:
2024-02-09T20:38:04.437+0000 7f42e16c1700 1 --2- 172.21.15.88:0/2502975102 >> [v2:172.21.15.88:3300/0,v1:172.21.15.88:6789/0] conn(0x7f42dc0fab80 0x7f42dc100e10 secure :-1 s=READY pgs=59 cs=0 l=1 rev1=1 rx=0x7f42d000b1d0 tx=0x7f42d0006ee0).ready entity=mon.0 client_cookie=0 server_cookie=0 in_seq=0 out_seq=0
2024-02-09T20:38:04.443 INFO:teuthology.orchestra.run.smithi088.stderr:/usr/bin/ceph:
2024-02-09T20:38:04.437+0000 7f42cdffb700 1 -- 172.21.15.88:0/2502975102 <== mon.0 v2:172.21.15.88:3300/0 1 ==== mon_map magic: 0 v1 ==== 229+0+0 (secure 0 0 0) 0x7f42d001b410 con 0x7f42dc0fab80
2024-02-09T20:38:04.443 INFO:teuthology.orchestra.run.smithi088.stderr:/usr/bin/ceph:
