2024-02-09T21:50:15.441 INFO:teuthology.orchestra.run.smithi006.stdout:/usr/bin/ceph: stdout ssh-rsa AAAAB3NzaC1yc2EAAAADAQABAAABgQCtYl/zJGGbFU4MjGUOF3yv3UUfjQxWFnzXGwhAabHxgwiZ4UbFBrCadqOsyTodexdSn+Ufxd8t60A6iqL+2so01tSSxAqr2xXw61tjkK1Q40+WnPI+kFHk/OvMtKHPy20Yl+jX9WUwd4CwcelzBrnmaZpR/pXvawnM2OWFkDRaoyJA3gK0m8YrHFdlvAFTwD8dsn79jGu9+xilARVrnNyBYGUwgeLQNFoGdlDanZHz8PX3q3XA/Tfl0fCRA/gTr8N5d4sYS7AMvEZY5cCBxXB/ZH8iYUltyPZg59/quEM3XPw8EcBzgl/ZmfPAncNDZWGftptFzPeb54i7qQOUc3Q9vITY7OnxGf36qeXJbpP5eGEOUlCfpbIREhiBJDKcjG9pBaxDrEPfVsEMbGC6FTrUVnI8TqyzyCCfmqQomJMpDr5TPtwq5GaYbtkz+NBLSVXTdqXDPRSqfvEX4U2EhDF6oTIf63fXyn+jUMdyk9O00LMzlUHE8Y6IVIx9wXzLO10= ceph-ee26d820-c794-11ee-95b8-87774f69a715
2024-02-09T21:50:15.441 INFO:teuthology.orchestra.run.smithi006.stdout:/usr/bin/ceph: stderr
2024-02-09T21:50:14.615+0000 7fccb68f1700 1 Processor -- start
2024-02-09T21:50:15.442 INFO:teuthology.orchestra.run.smithi006.stdout:/usr/bin/ceph: stderr
2024-02-09T21:50:14.615+0000 7fccb68f1700 1 -- start start
2024-02-09T21:50:15.442 INFO:teuthology.orchestra.run.smithi006.stdout:/usr/bin/ceph: stderr
2024-02-09T21:50:14.615+0000 7fccb68f1700 1 --2- >> [v2:172.21.15.6:3300/0,v1:172.21.15.6:6789/0] conn(0x7fccb0102780 0x7fccb0102b90 unknown :-1 s=NONE pgs=0 cs=0 l=0 rev1=0 crypto rx=0 tx=0 comp rx=0 tx=0).connect
2024-02-09T21:50:15.442 INFO:teuthology.orchestra.run.smithi006.stdout:/usr/bin/ceph: stderr
2024-02-09T21:50:14.615+0000 7fccb68f1700 1 -- --> [v2:172.21.15.6:3300/0,v1:172.21.15.6:6789/0] -- mon_getmap magic: 0 v1 -- 0x7fccb01030d0 con 0x7fccb0102780
2024-02-09T21:50:15.442 INFO:teuthology.orchestra.run.smithi006.stdout:/usr/bin/ceph: stderr
2024-02-09T21:50:14.615+0000 7fccaffff700 1 --2- >> [v2:172.21.15.6:3300/0,v1:172.21.15.6:6789/0] conn(0x7fccb0102780 0x7fccb0102b90 unknown :-1 s=BANNER_CONNECTING pgs=0 cs=0 l=0 rev1=0 crypto rx=0 tx=0 comp rx=0 tx=0)._handle_peer_banner_payload supported=3 required=0
2024-02-09T21:50:15.442 INFO:teuthology.orchestra.run.smithi006.stdout:/usr/bin/ceph: stderr
2024-02-09T21:50:14.615+0000 7fccaffff700 1 --2- >> [v2:172.21.15.6:3300/0,v1:172.21.15.6:6789/0] conn(0x7fccb0102780 0x7fccb0102b90 unknown :-1 s=HELLO_CONNECTING pgs=0 cs=0 l=0 rev1=1 crypto rx=0 tx=0 comp rx=0 tx=0).handle_hello peer v2:172.21.15.6:3300/0 says I am v2:172.21.15.6:52480/0 (socket says 172.21.15.6:52480)
2024-02-09T21:50:15.442 INFO:teuthology.orchestra.run.smithi006.stdout:/usr/bin/ceph: stderr
2024-02-09T21:50:14.615+0000 7fccaffff700 1 -- 172.21.15.6:0/828871794 learned_addr learned my addr 172.21.15.6:0/828871794 (peer_addr_for_me v2:172.21.15.6:0/0)
2024-02-09T21:50:15.442 INFO:teuthology.orchestra.run.smithi006.stdout:/usr/bin/ceph: stderr
2024-02-09T21:50:14.615+0000 7fccaffff700 1 -- 172.21.15.6:0/828871794 --> [v2:172.21.15.6:3300/0,v1:172.21.15.6:6789/0] -- mon_subscribe({config=0+,monmap=0+}) v3 -- 0x7fccb0103210 con 0x7fccb0102780
2024-02-09T21:50:15.442 INFO:teuthology.orchestra.run.smithi006.stdout:/usr/bin/ceph: stderr
2024-02-09T21:50:14.615+0000 7fccaffff700 1 --2- 172.21.15.6:0/828871794 >> [v2:172.21.15.6:3300/0,v1:172.21.15.6:6789/0] conn(0x7fccb0102780 0x7fccb0102b90 secure :-1 s=READY pgs=43 cs=0 l=1 rev1=1 crypto rx=0x7fcca00098e0 tx=0x7fcca0009250 comp rx=0 tx=0).ready entity=mon.0 client_cookie=5704a9f60a5362f7 server_cookie=0 in_seq=0 out_seq=0
2024-02-09T21:50:15.442 INFO:teuthology.orchestra.run.smithi006.stdout:/usr/bin/ceph: stderr
2024-02-09T21:50:14.616+0000 7fccaeffd700 1 -- 172.21.15.6:0/828871794 <== mon.0 v2:172.21.15.6:3300/0 1 ==== mon_map magic: 0 v1 ==== 229+0+0 (secure 0 0 0) 0x7fcca000b860 con 0x7fccb0102780
2024-02-09T21:50:15.442 INFO:teuthology.orchestra.run.smithi006.stdout:/usr/bin/ceph: stderr
2024-02-09T21:50:14.616+0000 7fccaeffd700 1 -- 172.21.15.6:0/828871794 <== mon.0 v2:172.21.15.6:3300/0 2 ==== config(27 keys) v1 ==== 1044+0+0 (secure 0 0 0) 0x7fcca000be50 con 0x7fccb0102780
2024-02-09T21:50:15.442 INFO:teuthology.orchestra.run.smithi006.stdout:/usr/bin/ceph: stderr
2024-02-09T21:50:14.616+0000 7fccaeffd700 1 -- 172.21.15.6:0/828871794 <== mon.0 v2:172.21.15.6:3300/0 3 ==== mon_map magic: 0 v1 ==== 229+0+0 (secure 0 0 0) 0x7fcca0010380 con 0x7fccb0102780
2024-02-09T21:50:15.442 INFO:teuthology.orchestra.run.smithi006.stdout:/usr/bin/ceph: stderr
2024-02-09T21:50:14.616+0000 7fccb68f1700 1 -- 172.21.15.6:0/828871794 >> [v2:172.21.15.6:3300/0,v1:172.21.15.6:6789/0] conn(0x7fccb0102780 msgr2=0x7fccb0102b90 secure :-1 s=STATE_CONNECTION_ESTABLISHED l=1).mark_down
2024-02-09T21:50:15.442 INFO:teuthology.orchestra.run.smithi006.stdout:/usr/bin/ceph: stderr
2024-02-09T21:50:14.616+0000 7fccb68f1700 1 --2- 172.21.15.6:0/828871794 >> [v2:172.21.15.6:3300/0,v1:172.21.15.6:6789/0] conn(0x7fccb0102780 0x7fccb0102b90 secure :-1 s=READY pgs=43 cs=0 l=1 rev1=1 crypto rx=0x7fcca00098e0 tx=0x7fcca0009250 comp rx=0 tx=0).stop
2024-02-09T21:50:15.442 INFO:teuthology.orchestra.run.smithi006.stdout:/usr/bin/ceph: stderr
2024-02-09T21:50:14.616+0000 7fccb68f1700 1 -- 172.21.15.6:0/828871794 shutdown_connections
2024-02-09T21:50:15.442 INFO:teuthology.orchestra.run.smithi006.stdout:/usr/bin/ceph: stderr
2024-02-09T21:50:14.616+0000 7fccb68f1700 1 --2- 172.21.15.6:0/828871794 >> [v2:172.21.15.6:3300/0,v1:172.21.15.6:6789/0] conn(0x7fccb0102780 0x7fccb0102b90 unknown :-1 s=CLOSED pgs=43 cs=0 l=1 rev1=1 crypto rx=0 tx=0 comp rx=0 tx=0).stop
2024-02-09T21:50:15.443 INFO:teuthology.orchestra.run.smithi006.stdout:/usr/bin/ceph: stderr
2024-02-09T21:50:14.616+0000 7fccb68f1700 1 -- 172.21.15.6:0/828871794 >> 172.21.15.6:0/828871794 conn(0x7fccb00fdf00 msgr2=0x7fccb0100310 unknown :-1 s=STATE_NONE l=0).mark_down
2024-02-09T21:50:15.443 INFO:teuthology.orchestra.run.smithi006.stdout:/usr/bin/ceph: stderr
2024-02-09T21:50:14.616+0000 7fccb68f1700 1 -- 172.21.15.6:0/828871794 shutdown_connections
2024-02-09T21:50:15.443 INFO:teuthology.orchestra.run.smithi006.stdout:/usr/bin/ceph: stderr
2024-02-09T21:50:14.616+0000 7fccb68f1700 1 -- 172.21.15.6:0/828871794 wait complete.
2024-02-09T21:50:15.443 INFO:teuthology.orchestra.run.smithi006.stdout:/usr/bin/ceph: stderr
2024-02-09T21:50:14.617+0000 7fccb68f1700 1 Processor -- start
2024-02-09T21:50:15.443 INFO:teuthology.orchestra.run.smithi006.stdout:/usr/bin/ceph: stderr
2024-02-09T21:50:14.617+0000 7fccb68f1700 1 -- start start
2024-02-09T21:50:15.443 INFO:teuthology.orchestra.run.smithi006.stdout:/usr/bin/ceph: stderr
2024-02-09T21:50:14.617+0000 7fccb68f1700 1 --2- >> [v2:172.21.15.6:3300/0,v1:172.21.15.6:6789/0] conn(0x7fccb0102780 0x7fccb0111560 unknown :-1 s=NONE pgs=0 cs=0 l=1 rev1=0 crypto rx=0 tx=0 comp rx=0 tx=0).connect
2024-02-09T21:50:15.443 INFO:teuthology.orchestra.run.smithi006.stdout:/usr/bin/ceph: stderr
2024-02-09T21:50:14.617+0000 7fccb68f1700 1 -- --> [v2:172.21.15.6:3300/0,v1:172.21.15.6:6789/0] -- mon_getmap magic: 0 v1 -- 0x7fccb0111aa0 con 0x7fccb0102780
2024-02-09T21:50:15.443 INFO:teuthology.orchestra.run.smithi006.stdout:/usr/bin/ceph: stderr
2024-02-09T21:50:14.617+0000 7fccaffff700 1 --2- >> [v2:172.21.15.6:3300/0,v1:172.21.15.6:6789/0] conn(0x7fccb0102780 0x7fccb0111560 unknown :-1 s=BANNER_CONNECTING pgs=0 cs=0 l=1 rev1=0 crypto rx=0 tx=0 comp rx=0 tx=0)._handle_peer_banner_payload supported=3 required=0
2024-02-09T21:50:15.443 INFO:teuthology.orchestra.run.smithi006.stdout:/usr/bin/ceph: stderr
2024-02-09T21:50:14.617+0000 7fccaffff700 1 --2- >> [v2:172.21.15.6:3300/0,v1:172.21.15.6:6789/0] conn(0x7fccb0102780 0x7fccb0111560 unknown :-1 s=HELLO_CONNECTING pgs=0 cs=0 l=1 rev1=1 crypto rx=0 tx=0 comp rx=0 tx=0).handle_hello peer v2:172.21.15.6:3300/0 says I am v2:172.21.15.6:52494/0 (socket says 172.21.15.6:52494)
2024-02-09T21:50:15.443 INFO:teuthology.orchestra.run.smithi006.stdout:/usr/bin/ceph: stderr
2024-02-09T21:50:14.617+0000 7fccaffff700 1 -- 172.21.15.6:0/2283512747 learned_addr learned my addr 172.21.15.6:0/2283512747 (peer_addr_for_me v2:172.21.15.6:0/0)
2024-02-09T21:50:15.443 INFO:teuthology.orchestra.run.smithi006.stdout:/usr/bin/ceph: stderr
2024-02-09T21:50:14.618+0000 7fccaffff700 1 -- 172.21.15.6:0/2283512747 --> [v2:172.21.15.6:3300/0,v1:172.21.15.6:6789/0] -- mon_subscribe({config=0+,monmap=0+}) v3 -- 0x7fcca00094f0 con 0x7fccb0102780
2024-02-09T21:50:15.443 INFO:teuthology.orchestra.run.smithi006.stdout:/usr/bin/ceph: stderr
2024-02-09T21:50:14.618+0000 7fccaffff700 1 --2- 172.21.15.6:0/2283512747 >> [v2:172.21.15.6:3300/0,v1:172.21.15.6:6789/0] conn(0x7fccb0102780 0x7fccb0111560 secure :-1 s=READY pgs=44 cs=0 l=1 rev1=1 crypto rx=0x7fcca0000c00 tx=0x7fcca0009250 comp rx=0 tx=0).ready entity=mon.0 client_cookie=0 server_cookie=0 in_seq=0 out_seq=0
2024-02-09T21:50:15.443 INFO:teuthology.orchestra.run.smithi006.stdout:/usr/bin/ceph: stderr
2024-02-09T21:50:14.618+0000 7fccacff9700 1 -- 172.21.15.6:0/2283512747 <== mon.0 v2:172.21.15.6:3300/0 1 ==== mon_map magic: 0 v1 ==== 229+0+0 (secure 0 0 0) 0x7fcca00107c0 con 0x7fccb0102780
2024-02-09T21:50:15.443 INFO:teuthology.orchestra.run.smithi006.stdout:/usr/bin/ceph: stderr
2024-02-09T21:50:14.618+0000 7fccb68f1700 1 -- 172.21.15.6:0/2283512747 --> [v2:172.21.15.6:3300/0,v1:172.21.15.6:6789/0] -- mon_subscribe({mgrmap=0+}) v3 -- 0x7fccb0111ca0 con 0x7fccb0102780
2024-02-09T21:50:15.444 INFO:teuthology.orchestra.run.smithi006.stdout:/usr/bin/ceph: stderr
2024-02-09T21:50:14.618+0000 7fccacff9700 1 -- 172.21.15.6:0/2283512747 <== mon.0 v2:172.21.15.6:3300/0 2 ==== config(27 keys) v1 ==== 1044+0+0 (secure 0 0 0) 0x7fcca0010db0 con 0x7fccb0102780
2024-02-09T21:50:15.444 INFO:teuthology.orchestra.run.smithi006.stdout:/usr/bin/ceph: stderr
2024-02-09T21:50:14.618+0000 7fccacff9700 1 -- 172.21.15.6:0/2283512747 <== mon.0 v2:172.21.15.6:3300/0 3 ==== mon_map magic: 0 v1 ==== 229+0+0 (secure 0 0 0) 0x7fcca001ad00 con 0x7fccb0102780
2024-02-09T21:50:15.444 INFO:teuthology.orchestra.run.smithi006.stdout:/usr/bin/ceph: stderr
2024-02-09T21:50:14.618+0000 7fccb68f1700 1 -- 172.21.15.6:0/2283512747 --> [v2:172.21.15.6:3300/0,v1:172.21.15.6:6789/0] -- mon_subscribe({osdmap=0}) v3 -- 0x7fccb0112940 con 0x7fccb0102780
2024-02-09T21:50:15.444 INFO:teuthology.orchestra.run.smithi006.stdout:/usr/bin/ceph: stderr
2024-02-09T21:50:14.619+0000 7fccacff9700 1 -- 172.21.15.6:0/2283512747 <== mon.0 v2:172.21.15.6:3300/0 4 ==== mgrmap(e 8) v1 ==== 43368+0+0 (secure 0 0 0) 0x7fcca00193c0 con 0x7fccb0102780
2024-02-09T21:50:15.444 INFO:teuthology.orchestra.run.smithi006.stdout:/usr/bin/ceph: stderr
2024-02-09T21:50:14.619+0000 7fccacff9700 1 --2- 172.21.15.6:0/2283512747 >> [v2:172.21.15.6:6800/1422219104,v1:172.21.15.6:6801/1422219104] conn(0x7fcc98036790 0x7fcc98038c40 unknown :-1 s=NONE pgs=0 cs=0 l=1 rev1=0 crypto rx=0 tx=0 comp rx=0 tx=0).connect
2024-02-09T21:50:15.444 INFO:teuthology.orchestra.run.smithi006.stdout:/usr/bin/ceph: stderr
2024-02-09T21:50:14.619+0000 7fccacff9700 1 -- 172.21.15.6:0/2283512747 <== mon.0 v2:172.21.15.6:3300/0 5 ==== osd_map(2..2 src has 1..2) v4 ==== 936+0+0 (secure 0 0 0) 0x7fcca004a680 con 0x7fccb0102780
2024-02-09T21:50:15.444 INFO:teuthology.orchestra.run.smithi006.stdout:/usr/bin/ceph: stderr
2024-02-09T21:50:14.619+0000 7fccb68f1700 1 -- 172.21.15.6:0/2283512747 --> [v2:172.21.15.6:3300/0,v1:172.21.15.6:6789/0] -- mon_command({"prefix": "get_command_descriptions"} v 0) v1 -- 0x7fccb005f5c0 con 0x7fccb0102780
2024-02-09T21:50:15.444 INFO:teuthology.orchestra.run.smithi006.stdout:/usr/bin/ceph: stderr
2024-02-09T21:50:14.619+0000 7fccaf7fe700 1 --2- 172.21.15.6:0/2283512747 >> [v2:172.21.15.6:6800/1422219104,v1:172.21.15.6:6801/1422219104] conn(0x7fcc98036790 0x7fcc98038c40 unknown :-1 s=BANNER_CONNECTING pgs=0 cs=0 l=1 rev1=0 crypto rx=0 tx=0 comp rx=0 tx=0)._handle_peer_banner_payload supported=3 required=0
2024-02-09T21:50:15.444 INFO:teuthology.orchestra.run.smithi006.stdout:/usr/bin/ceph: stderr
2024-02-09T21:50:14.619+0000 7fccaf7fe700 1 --2- 172.21.15.6:0/2283512747 >> [v2:172.21.15.6:6800/1422219104,v1:172.21.15.6:6801/1422219104] conn(0x7fcc98036790 0x7fcc98038c40 secure :-1 s=READY pgs=10 cs=0 l=1 rev1=1 crypto rx=0x7fcca4009990 tx=0x7fcca4006e40 comp rx=0 tx=0).ready entity=mgr.14120 client_cookie=0 server_cookie=0 in_seq=0 out_seq=0
2024-02-09T21:50:15.444 INFO:teuthology.orchestra.run.smithi006.stdout:/usr/bin/ceph: stderr
2024-02-09T21:50:14.624+0000 7fccacff9700 1 -- 172.21.15.6:0/2283512747 <== mon.0 v2:172.21.15.6:3300/0 6 ==== mon_command_ack([{"prefix": "get_command_descriptions"}]=0 v0) v1 ==== 72+0+175031 (secure 0 0 0) 0x7fcca00196c0 con 0x7fccb0102780
2024-02-09T21:50:15.444 INFO:teuthology.orchestra.run.smithi006.stdout:/usr/bin/ceph: stderr
2024-02-09T21:50:14.818+0000 7fccb68f1700 1 -- 172.21.15.6:0/2283512747 --> [v2:172.21.15.6:6800/1422219104,v1:172.21.15.6:6801/1422219104] -- mgr_command(tid 0: {"prefix": "cephadm get-pub-key", "target": ["mon-mgr", ""]}) v1 -- 0x7fccb00ff3f0 con 0x7fcc98036790
2024-02-09T21:50:15.444 INFO:teuthology.orchestra.run.smithi006.stdout:/usr/bin/ceph: stderr
2024-02-09T21:50:14.818+0000 7fccacff9700 1 -- 172.21.15.6:0/2283512747 <== mgr.14120 v2:172.21.15.6:6800/1422219104 1 ==== mgr_command_reply(tid 0: 0 ) v1 ==== 8+0+595 (secure 0 0 0) 0x7fccb00ff3f0 con 0x7fcc98036790
2024-02-09T21:50:15.444 INFO:teuthology.orchestra.run.smithi006.stdout:/usr/bin/ceph: stderr
2024-02-09T21:50:14.820+0000 7fccb68f1700 1 -- 172.21.15.6:0/2283512747 >> [v2:172.21.15.6:6800/1422219104,v1:172.21.15.6:6801/1422219104] conn(0x7fcc98036790 msgr2=0x7fcc98038c40 secure :-1 s=STATE_CONNECTION_ESTABLISHED l=1).mark_down
2024-02-09T21:50:15.444 INFO:teuthology.orchestra.run.smithi006.stdout:/usr/bin/ceph: stderr
2024-02-09T21:50:14.820+0000 7fccb68f1700 1 --2- 172.21.15.6:0/2283512747 >> [v2:172.21.15.6:6800/1422219104,v1:172.21.15.6:6801/1422219104] conn(0x7fcc98036790 0x7fcc98038c40 secure :-1 s=READY pgs=10 cs=0 l=1 rev1=1 crypto rx=0x7fcca4009990 tx=0x7fcca4006e40 comp rx=0 tx=0).stop
2024-02-09T21:50:15.445 INFO:teuthology.orchestra.run.smithi006.stdout:/usr/bin/ceph: stderr
2024-02-09T21:50:14.820+0000 7fccb68f1700 1 -- 172.21.15.6:0/2283512747 >> [v2:172.21.15.6:3300/0,v1:172.21.15.6:6789/0] conn(0x7fccb0102780 msgr2=0x7fccb0111560 secure :-1 s=STATE_CONNECTION_ESTABLISHED l=1).mark_down
2024-02-09T21:50:15.445 INFO:teuthology.orchestra.run.smithi006.stdout:/usr/bin/ceph: stderr
2024-02-09T21:50:14.820+0000 7fccb68f1700 1 --2- 172.21.15.6:0/2283512747 >> [v2:172.21.15.6:3300/0,v1:172.21.15.6:6789/0] conn(0x7fccb0102780 0x7fccb0111560 secure :-1 s=READY pgs=44 cs=0 l=1 rev1=1 crypto rx=0x7fcca0000c00 tx=0x7fcca0009250 comp rx=0 tx=0).stop
2024-02-09T21:50:15.445 INFO:teuthology.orchestra.run.smithi006.stdout:/usr/bin/ceph: stderr
2024-02-09T21:50:14.820+0000 7fccb68f1700 1 -- 172.21.15.6:0/2283512747 shutdown_connections
2024-02-09T21:50:15.445 INFO:teuthology.orchestra.run.smithi006.stdout:/usr/bin/ceph: stderr
2024-02-09T21:50:14.820+0000 7fccb68f1700 1 --2- 172.21.15.6:0/2283512747 >> [v2:172.21.15.6:6800/1422219104,v1:172.21.15.6:6801/1422219104] conn(0x7fcc98036790 0x7fcc98038c40 unknown :-1 s=CLOSED pgs=10 cs=0 l=1 rev1=1 crypto rx=0 tx=0 comp rx=0 tx=0).stop
2024-02-09T21:50:15.445 INFO:teuthology.orchestra.run.smithi006.stdout:/usr/bin/ceph: stderr
2024-02-09T21:50:14.820+0000 7fccb68f1700 1 --2- 172.21.15.6:0/2283512747 >> [v2:172.21.15.6:3300/0,v1:172.21.15.6:6789/0] conn(0x7fccb0102780 0x7fccb0111560 unknown :-1 s=CLOSED pgs=44 cs=0 l=1 rev1=1 crypto rx=0 tx=0 comp rx=0 tx=0).stop
2024-02-09T21:50:15.445 INFO:teuthology.orchestra.run.smithi006.stdout:/usr/bin/ceph: stderr
2024-02-09T21:50:14.820+0000 7fccb68f1700 1 -- 172.21.15.6:0/2283512747 >> 172.21.15.6:0/2283512747 conn(0x7fccb00fdf00 msgr2=0x7fccb00fece0 unknown :-1 s=STATE_NONE l=0).mark_down
2024-02-09T21:50:15.445 INFO:teuthology.orchestra.run.smithi006.stdout:/usr/bin/ceph: stderr
2024-02-09T21:50:14.820+0000 7fccb68f1700 1 -- 172.21.15.6:0/2283512747 shutdown_connections
2024-02-09T21:50:15.445 INFO:teuthology.orchestra.run.smithi006.stdout:/usr/bin/ceph: stderr
2024-02-09T21:50:14.820+0000 7fccb68f1700 1 -- 172.21.15.6:0/2283512747 wait complete.
2024-02-09T21:50:15.445 INFO:teuthology.orchestra.run.smithi006.stdout:Wrote public SSH key to /home/ubuntu/cephtest/ceph.pub
2024-02-09T21:50:15.445 INFO:teuthology.orchestra.run.smithi006.stdout:Adding key to root@localhost authorized_keys...
2024-02-09T21:50:15.445 INFO:teuthology.orchestra.run.smithi006.stdout:Adding host smithi006...
2024-02-09T21:50:16.027 INFO:journalctl@ceph.mon.smithi006.smithi006.stdout:Feb 09 21:50:15 smithi006 ceph-mon[29258]: from='client.14138 -' entity='client.admin' cmd=[{"prefix": "cephadm get-pub-key", "target": ["mon-mgr", ""]}]: dispatch
2024-02-09T21:50:17.331 INFO:journalctl@ceph.mon.smithi006.smithi006.stdout:Feb 09 21:50:17 smithi006 ceph-mon[29258]: from='client.14140 -' entity='client.admin' cmd=[{"prefix": "orch host add", "hostname": "smithi006", "addr": "172.21.15.6", "target": ["mon-mgr", ""]}]: dispatch
2024-02-09T21:50:18.407 INFO:journalctl@ceph.mon.smithi006.smithi006.stdout:Feb 09 21:50:18 smithi006 ceph-mon[29258]: Deploying cephadm binary to smithi006
2024-02-09T21:50:18.407 INFO:journalctl@ceph.mon.smithi006.smithi006.stdout:Feb 09 21:50:18 smithi006 ceph-mon[29258]: from='mgr.14120 172.21.15.6:0/3931215362' entity='mgr.smithi006.glirxt'
2024-02-09T21:50:18.407 INFO:journalctl@ceph.mon.smithi006.smithi006.stdout:Feb 09 21:50:18 smithi006 ceph-mon[29258]: from='mgr.14120 172.21.15.6:0/3931215362' entity='mgr.smithi006.glirxt' cmd=[{"prefix": "config dump", "format": "json"}]: dispatch
2024-02-09T21:50:18.682 INFO:teuthology.orchestra.run.smithi006.stdout:/usr/bin/ceph: stdout Added host 'smithi006' with addr '172.21.15.6'
2024-02-09T21:50:18.682 INFO:teuthology.orchestra.run.smithi006.stdout:/usr/bin/ceph: stderr
2024-02-09T21:50:15.819+0000 7f9aa5124700 1 Processor -- start
2024-02-09T21:50:18.682 INFO:teuthology.orchestra.run.smithi006.stdout:/usr/bin/ceph: stderr
2024-02-09T21:50:15.819+0000 7f9aa5124700 1 -- start start
2024-02-09T21:50:18.682 INFO:teuthology.orchestra.run.smithi006.stdout:/usr/bin/ceph: stderr
2024-02-09T21:50:15.819+0000 7f9aa5124700 1 --2- >> [v2:172.21.15.6:3300/0,v1:172.21.15.6:6789/0] conn(0x7f9aa0101670 0x7f9aa0101a80 unknown :-1 s=NONE pgs=0 cs=0 l=0 rev1=0 crypto rx=0 tx=0 comp rx=0 tx=0).connect
2024-02-09T21:50:18.682 INFO:teuthology.orchestra.run.smithi006.stdout:/usr/bin/ceph: stderr
2024-02-09T21:50:15.820+0000 7f9aa5124700 1 -- --> [v2:172.21.15.6:3300/0,v1:172.21.15.6:6789/0] -- mon_getmap magic: 0 v1 -- 0x7f9aa0101fc0 con 0x7f9aa0101670
2024-02-09T21:50:18.682 INFO:teuthology.orchestra.run.smithi006.stdout:/usr/bin/ceph: stderr
2024-02-09T21:50:15.820+0000 7f9a9ed9d700 1 --2- >> [v2:172.21.15.6:3300/0,v1:172.21.15.6:6789/0] conn(0x7f9aa0101670 0x7f9aa0101a80 unknown :-1 s=BANNER_CONNECTING pgs=0 cs=0 l=0 rev1=0 crypto rx=0 tx=0 comp rx=0 tx=0)._handle_peer_banner_payload supported=3 required=0
2024-02-09T21:50:18.682 INFO:teuthology.orchestra.run.smithi006.stdout:/usr/bin/ceph: stderr
2024-02-09T21:50:15.820+0000 7f9a9ed9d700 1 --2- >> [v2:172.21.15.6:3300/0,v1:172.21.15.6:6789/0] conn(0x7f9aa0101670 0x7f9aa0101a80 unknown :-1 s=HELLO_CONNECTING pgs=0 cs=0 l=0 rev1=1 crypto rx=0 tx=0 comp rx=0 tx=0).handle_hello peer v2:172.21.15.6:3300/0 says I am v2:172.21.15.6:52508/0 (socket says 172.21.15.6:52508)
2024-02-09T21:50:18.682 INFO:teuthology.orchestra.run.smithi006.stdout:/usr/bin/ceph: stderr
2024-02-09T21:50:15.820+0000 7f9a9ed9d700 1 -- 172.21.15.6:0/2126114461 learned_addr learned my addr 172.21.15.6:0/2126114461 (peer_addr_for_me v2:172.21.15.6:0/0)
2024-02-09T21:50:18.682 INFO:teuthology.orchestra.run.smithi006.stdout:/usr/bin/ceph: stderr
2024-02-09T21:50:15.820+0000 7f9a9ed9d700 1 -- 172.21.15.6:0/2126114461 --> [v2:172.21.15.6:3300/0,v1:172.21.15.6:6789/0] -- mon_subscribe({config=0+,monmap=0+}) v3 -- 0x7f9aa0102100 con 0x7f9aa0101670
2024-02-09T21:50:18.683 INFO:teuthology.orchestra.run.smithi006.stdout:/usr/bin/ceph: stderr
2024-02-09T21:50:15.820+0000 7f9a9ed9d700 1 --2- 172.21.15.6:0/2126114461 >> [v2:172.21.15.6:3300/0,v1:172.21.15.6:6789/0] conn(0x7f9aa0101670 0x7f9aa0101a80 secure :-1 s=READY pgs=45 cs=0 l=1 rev1=1 crypto rx=0x7f9a940098e0 tx=0x7f9a94009250 comp rx=0 tx=0).ready entity=mon.0 client_cookie=8b9e468b59dc2195 server_cookie=0 in_seq=0 out_seq=0
2024-02-09T21:50:18.683 INFO:teuthology.orchestra.run.smithi006.stdout:/usr/bin/ceph: stderr
2024-02-09T21:50:15.820+0000 7f9a9dd9b700 1 -- 172.21.15.6:0/2126114461 <== mon.0 v2:172.21.15.6:3300/0 1 ==== mon_map magic: 0 v1 ==== 229+0+0 (secure 0 0 0) 0x7f9a9400b860 con 0x7f9aa0101670
2024-02-09T21:50:18.683 INFO:teuthology.orchestra.run.smithi006.stdout:/usr/bin/ceph: stderr
2024-02-09T21:50:15.820+0000 7f9a9dd9b700 1 -- 172.21.15.6:0/2126114461 <== mon.0 v2:172.21.15.6:3300/0 2 ==== config(27 keys) v1 ==== 1044+0+0 (secure 0 0 0) 0x7f9a9400be50 con 0x7f9aa0101670
2024-02-09T21:50:18.683 INFO:teuthology.orchestra.run.smithi006.stdout:/usr/bin/ceph: stderr
2024-02-09T21:50:15.820+0000 7f9a9dd9b700 1 -- 172.21.15.6:0/2126114461 <== mon.0 v2:172.21.15.6:3300/0 3 ==== mon_map magic: 0 v1 ==== 229+0+0 (secure 0 0 0) 0x7f9a94010380 con 0x7f9aa0101670
2024-02-09T21:50:18.683 INFO:teuthology.orchestra.run.smithi006.stdout:/usr/bin/ceph: stderr
2024-02-09T21:50:15.821+0000 7f9aa5124700 1 -- 172.21.15.6:0/2126114461 >> [v2:172.21.15.6:3300/0,v1:172.21.15.6:6789/0] conn(0x7f9aa0101670 msgr2=0x7f9aa0101a80 secure :-1 s=STATE_CONNECTION_ESTABLISHED l=1).mark_down
2024-02-09T21:50:18.683 INFO:teuthology.orchestra.run.smithi006.stdout:/usr/bin/ceph: stderr
2024-02-09T21:50:15.821+0000 7f9aa5124700 1 --2- 172.21.15.6:0/2126114461 >> [v2:172.21.15.6:3300/0,v1:172.21.15.6:6789/0] conn(0x7f9aa0101670 0x7f9aa0101a80 secure :-1 s=READY pgs=45 cs=0 l=1 rev1=1 crypto rx=0x7f9a940098e0 tx=0x7f9a94009250 comp rx=0 tx=0).stop
2024-02-09T21:50:18.683 INFO:teuthology.orchestra.run.smithi006.stdout:/usr/bin/ceph: stderr
2024-02-09T21:50:15.821+0000 7f9aa5124700 1 -- 172.21.15.6:0/2126114461 shutdown_connections
2024-02-09T21:50:18.683 INFO:teuthology.orchestra.run.smithi006.stdout:/usr/bin/ceph: stderr
2024-02-09T21:50:15.821+0000 7f9aa5124700 1 --2- 172.21.15.6:0/2126114461 >> [v2:172.21.15.6:3300/0,v1:172.21.15.6:6789/0] conn(0x7f9aa0101670 0x7f9aa0101a80 unknown :-1 s=CLOSED pgs=45 cs=0 l=1 rev1=1 crypto rx=0 tx=0 comp rx=0 tx=0).stop
2024-02-09T21:50:18.683 INFO:teuthology.orchestra.run.smithi006.stdout:/usr/bin/ceph: stderr
2024-02-09T21:50:15.821+0000 7f9aa5124700 1 -- 172.21.15.6:0/2126114461 >> 172.21.15.6:0/2126114461 conn(0x7f9aa00fcdd0 msgr2=0x7f9aa00ff200 unknown :-1 s=STATE_NONE l=0).mark_down
2024-02-09T21:50:18.683 INFO:teuthology.orchestra.run.smithi006.stdout:/usr/bin/ceph: stderr
2024-02-09T21:50:15.821+0000 7f9aa5124700 1 -- 172.21.15.6:0/2126114461 shutdown_connections
2024-02-09T21:50:18.683 INFO:teuthology.orchestra.run.smithi006.stdout:/usr/bin/ceph: stderr
2024-02-09T21:50:15.821+0000 7f9aa5124700 1 -- 172.21.15.6:0/2126114461 wait complete.
2024-02-09T21:50:18.683 INFO:teuthology.orchestra.run.smithi006.stdout:/usr/bin/ceph: stderr
2024-02-09T21:50:15.822+0000 7f9aa5124700 1 Processor -- start
2024-02-09T21:50:18.683 INFO:teuthology.orchestra.run.smithi006.stdout:/usr/bin/ceph: stderr
2024-02-09T21:50:15.822+0000 7f9aa5124700 1 -- start start
2024-02-09T21:50:18.683 INFO:teuthology.orchestra.run.smithi006.stdout:/usr/bin/ceph: stderr
2024-02-09T21:50:15.822+0000 7f9aa5124700 1 --2- >> [v2:172.21.15.6:3300/0,v1:172.21.15.6:6789/0] conn(0x7f9aa0101670 0x7f9aa0107a90 unknown :-1 s=NONE pgs=0 cs=0 l=1 rev1=0 crypto rx=0 tx=0 comp rx=0 tx=0).connect
2024-02-09T21:50:18.683 INFO:teuthology.orchestra.run.smithi006.stdout:/usr/bin/ceph: stderr
2024-02-09T21:50:15.822+0000 7f9aa5124700 1 -- --> [v2:172.21.15.6:3300/0,v1:172.21.15.6:6789/0] -- mon_getmap magic: 0 v1 -- 0x7f9aa0105f10 con 0x7f9aa0101670
2024-02-09T21:50:18.684 INFO:teuthology.orchestra.run.smithi006.stdout:/usr/bin/ceph: stderr
2024-02-09T21:50:15.822+0000 7f9a9ed9d700 1 --2- >> [v2:172.21.15.6:3300/0,v1:172.21.15.6:6789/0] conn(0x7f9aa0101670 0x7f9aa0107a90 unknown :-1 s=BANNER_CONNECTING pgs=0 cs=0 l=1 rev1=0 crypto rx=0 tx=0 comp rx=0 tx=0)._handle_peer_banner_payload supported=3 required=0
2024-02-09T21:50:18.684 INFO:teuthology.orchestra.run.smithi006.stdout:/usr/bin/ceph: stderr
2024-02-09T21:50:15.822+0000 7f9a9ed9d700 1 --2- >> [v2:172.21.15.6:3300/0,v1:172.21.15.6:6789/0] conn(0x7f9aa0101670 0x7f9aa0107a90 unknown :-1 s=HELLO_CONNECTING pgs=0 cs=0 l=1 rev1=1 crypto rx=0 tx=0 comp rx=0 tx=0).handle_hello peer v2:172.21.15.6:3300/0 says I am v2:172.21.15.6:52516/0 (socket says 172.21.15.6:52516)
2024-02-09T21:50:18.684 INFO:teuthology.orchestra.run.smithi006.stdout:/usr/bin/ceph: stderr
2024-02-09T21:50:15.822+0000 7f9a9ed9d700 1 -- 172.21.15.6:0/3803990655 learned_addr learned my addr 172.21.15.6:0/3803990655 (peer_addr_for_me v2:172.21.15.6:0/0)
2024-02-09T21:50:18.684 INFO:teuthology.orchestra.run.smithi006.stdout:/usr/bin/ceph: stderr
2024-02-09T21:50:15.822+0000 7f9a9ed9d700 1 -- 172.21.15.6:0/3803990655 --> [v2:172.21.15.6:3300/0,v1:172.21.15.6:6789/0] -- mon_subscribe({config=0+,monmap=0+}) v3 -- 0x7f9a940094f0 con 0x7f9aa0101670
2024-02-09T21:50:18.684 INFO:teuthology.orchestra.run.smithi006.stdout:/usr/bin/ceph: stderr
2024-02-09T21:50:15.822+0000 7f9a9ed9d700 1 --2- 172.21.15.6:0/3803990655 >> [v2:172.21.15.6:3300/0,v1:172.21.15.6:6789/0] conn(0x7f9aa0101670 0x7f9aa0107a90 secure :-1 s=READY pgs=46 cs=0 l=1 rev1=1 crypto rx=0x7f9a9400b440 tx=0x7f9a94009250 comp rx=0 tx=0).ready entity=mon.0 client_cookie=0 server_cookie=0 in_seq=0 out_seq=0
2024-02-09T21:50:18.684 INFO:teuthology.orchestra.run.smithi006.stdout:/usr/bin/ceph: stderr
2024-02-09T21:50:15.822+0000 7f9a877fe700 1 -- 172.21.15.6:0/3803990655 <== mon.0 v2:172.21.15.6:3300/0 1 ==== mon_map magic: 0 v1 ==== 229+0+0 (secure 0 0 0) 0x7f9a940107c0 con 0x7f9aa0101670
2024-02-09T21:50:18.684 INFO:teuthology.orchestra.run.smithi006.stdout:/usr/bin/ceph: stderr
2024-02-09T21:50:15.823+0000 7f9a877fe700 1 -- 172.21.15.6:0/3803990655 <== mon.0 v2:172.21.15.6:3300/0 2 ==== config(27 keys) v1 ==== 1044+0+0 (secure 0 0 0) 0x7f9a94010db0 con 0x7f9aa0101670
2024-02-09T21:50:18.684 INFO:teuthology.orchestra.run.smithi006.stdout:/usr/bin/ceph: stderr
2024-02-09T21:50:15.823+0000 7f9aa5124700 1 -- 172.21.15.6:0/3803990655 --> [v2:172.21.15.6:3300/0,v1:172.21.15.6:6789/0] -- mon_subscribe({mgrmap=0+}) v3 -- 0x7f9aa0106110 con 0x7f9aa0101670
2024-02-09T21:50:18.684 INFO:teuthology.orchestra.run.smithi006.stdout:/usr/bin/ceph: stderr
2024-02-09T21:50:15.823+0000 7f9a877fe700 1 -- 172.21.15.6:0/3803990655 <== mon.0 v2:172.21.15.6:3300/0 3 ==== mon_map magic: 0 v1 ==== 229+0+0 (secure 0 0 0) 0x7f9a9401ada0 con 0x7f9aa0101670
2024-02-09T21:50:18.684 INFO:teuthology.orchestra.run.smithi006.stdout:/usr/bin/ceph: stderr
2024-02-09T21:50:15.823+0000 7f9aa5124700 1 -- 172.21.15.6:0/3803990655 --> [v2:172.21.15.6:3300/0,v1:172.21.15.6:6789/0] -- mon_subscribe({osdmap=0}) v3 -- 0x7f9aa01065a0 con 0x7f9aa0101670
2024-02-09T21:50:18.684 INFO:teuthology.orchestra.run.smithi006.stdout:/usr/bin/ceph: stderr
2024-02-09T21:50:15.823+0000 7f9a877fe700 1 -- 172.21.15.6:0/3803990655 <== mon.0 v2:172.21.15.6:3300/0 4 ==== mgrmap(e 8) v1 ==== 43368+0+0 (secure 0 0 0) 0x7f9a94010920 con 0x7f9aa0101670
2024-02-09T21:50:18.684 INFO:teuthology.orchestra.run.smithi006.stdout:/usr/bin/ceph: stderr
2024-02-09T21:50:15.823+0000 7f9aa5124700 1 -- 172.21.15.6:0/3803990655 --> [v2:172.21.15.6:3300/0,v1:172.21.15.6:6789/0] -- mon_command({"prefix": "get_command_descriptions"} v 0) v1 -- 0x7f9aa010b770 con 0x7f9aa0101670
2024-02-09T21:50:18.684 INFO:teuthology.orchestra.run.smithi006.stdout:/usr/bin/ceph: stderr
2024-02-09T21:50:15.824+0000 7f9a877fe700 1 --2- 172.21.15.6:0/3803990655 >> [v2:172.21.15.6:6800/1422219104,v1:172.21.15.6:6801/1422219104] conn(0x7f9a88036790 0x7f9a88038c40 unknown :-1 s=NONE pgs=0 cs=0 l=1 rev1=0 crypto rx=0 tx=0 comp rx=0 tx=0).connect
2024-02-09T21:50:18.684 INFO:teuthology.orchestra.run.smithi006.stdout:/usr/bin/ceph: stderr
2024-02-09T21:50:15.824+0000 7f9a877fe700 1 -- 172.21.15.6:0/3803990655 <== mon.0 v2:172.21.15.6:3300/0 5 ==== osd_map(2..2 src has 1..2) v4 ==== 936+0+0 (secure 0 0 0) 0x7f9a9404adb0 con 0x7f9aa0101670
2024-02-09T21:50:18.685 INFO:teuthology.orchestra.run.smithi006.stdout:/usr/bin/ceph: stderr
2024-02-09T21:50:15.824+0000 7f9a9e59c700 1 --2- 172.21.15.6:0/3803990655 >> [v2:172.21.15.6:6800/1422219104,v1:172.21.15.6:6801/1422219104] conn(0x7f9a88036790 0x7f9a88038c40 unknown :-1 s=BANNER_CONNECTING pgs=0 cs=0 l=1 rev1=0 crypto rx=0 tx=0 comp rx=0 tx=0)._handle_peer_banner_payload supported=3 required=0
2024-02-09T21:50:18.685 INFO:teuthology.orchestra.run.smithi006.stdout:/usr/bin/ceph: stderr
2024-02-09T21:50:15.824+0000 7f9a9e59c700 1 --2- 172.21.15.6:0/3803990655 >> [v2:172.21.15.6:6800/1422219104,v1:172.21.15.6:6801/1422219104] conn(0x7f9a88036790 0x7f9a88038c40 secure :-1 s=READY pgs=11 cs=0 l=1 rev1=1 crypto rx=0x7f9a90009990 tx=0x7f9a90006e40 comp rx=0 tx=0).ready entity=mgr.14120 client_cookie=0 server_cookie=0 in_seq=0 out_seq=0
2024-02-09T21:50:18.685 INFO:teuthology.orchestra.run.smithi006.stdout:/usr/bin/ceph: stderr
2024-02-09T21:50:15.828+0000 7f9a877fe700 1 -- 172.21.15.6:0/3803990655 <== mon.0 v2:172.21.15.6:3300/0 6 ==== mon_command_ack([{"prefix": "get_command_descriptions"}]=0 v0) v1 ==== 72+0+175031 (secure 0 0 0) 0x7f9a9404f070 con 0x7f9aa0101670
2024-02-09T21:50:18.685 INFO:teuthology.orchestra.run.smithi006.stdout:/usr/bin/ceph: stderr
2024-02-09T21:50:16.023+0000 7f9aa5124700 1 -- 172.21.15.6:0/3803990655 --> [v2:172.21.15.6:6800/1422219104,v1:172.21.15.6:6801/1422219104] -- mgr_command(tid 0: {"prefix": "orch host add", "hostname": "smithi006", "addr": "172.21.15.6", "target": ["mon-mgr", ""]}) v1 -- 0x7f9aa0103650 con 0x7f9a88036790
2024-02-09T21:50:18.685 INFO:teuthology.orchestra.run.smithi006.stdout:/usr/bin/ceph: stderr
2024-02-09T21:50:18.106+0000 7f9a877fe700 1 -- 172.21.15.6:0/3803990655 <== mgr.14120 v2:172.21.15.6:6800/1422219104 1 ==== mgr_command_reply(tid 0: 0 ) v1 ==== 8+0+47 (secure 0 0 0) 0x7f9aa0103650 con 0x7f9a88036790
2024-02-09T21:50:18.685 INFO:teuthology.orchestra.run.smithi006.stdout:/usr/bin/ceph: stderr
2024-02-09T21:50:18.108+0000 7f9aa5124700 1 -- 172.21.15.6:0/3803990655 >> [v2:172.21.15.6:6800/1422219104,v1:172.21.15.6:6801/1422219104] conn(0x7f9a88036790 msgr2=0x7f9a88038c40 secure :-1 s=STATE_CONNECTION_ESTABLISHED l=1).mark_down
2024-02-09T21:50:18.685 INFO:teuthology.orchestra.run.smithi006.stdout:/usr/bin/ceph: stderr
2024-02-09T21:50:18.108+0000 7f9aa5124700 1 --2- 172.21.15.6:0/3803990655 >> [v2:172.21.15.6:6800/1422219104,v1:172.21.15.6:6801/1422219104] conn(0x7f9a88036790 0x7f9a88038c40 secure :-1 s=READY pgs=11 cs=0 l=1 rev1=1 crypto rx=0x7f9a90009990 tx=0x7f9a90006e40 comp rx=0 tx=0).stop
2024-02-09T21:50:18.685 INFO:teuthology.orchestra.run.smithi006.stdout:/usr/bin/ceph: stderr
2024-02-09T21:50:18.109+0000 7f9aa5124700 1 -- 172.21.15.6:0/3803990655 >> [v2:172.21.15.6:3300/0,v1:172.21.15.6:6789/0] conn(0x7f9aa0101670 msgr2=0x7f9aa0107a90 secure :-1 s=STATE_CONNECTION_ESTABLISHED l=1).mark_down
2024-02-09T21:50:18.685 INFO:teuthology.orchestra.run.smithi006.stdout:/usr/bin/ceph: stderr
2024-02-09T21:50:18.109+0000 7f9aa5124700 1 --2- 172.21.15.6:0/3803990655 >> [v2:172.21.15.6:3300/0,v1:172.21.15.6:6789/0] conn(0x7f9aa0101670 0x7f9aa0107a90 secure :-1 s=READY pgs=46 cs=0 l=1 rev1=1 crypto rx=0x7f9a9400b440 tx=0x7f9a94009250 comp rx=0 tx=0).stop
2024-02-09T21:50:18.685 INFO:teuthology.orchestra.run.smithi006.stdout:/usr/bin/ceph: stderr
2024-02-09T21:50:18.109+0000 7f9aa5124700 1 -- 172.21.15.6:0/3803990655 shutdown_connections
2024-02-09T21:50:18.685 INFO:teuthology.orchestra.run.smithi006.stdout:/usr/bin/ceph: stderr
2024-02-09T21:50:18.109+0000 7f9aa5124700 1 --2- 172.21.15.6:0/3803990655 >> [v2:172.21.15.6:6800/1422219104,v1:172.21.15.6:6801/1422219104] conn(0x7f9a88036790 0x7f9a88038c40 unknown :-1 s=CLOSED pgs=11 cs=0 l=1 rev1=1 crypto rx=0 tx=0 comp rx=0 tx=0).stop
2024-02-09T21:50:18.685 INFO:teuthology.orchestra.run.smithi006.stdout:/usr/bin/ceph: stderr
2024-02-09T21:50:18.109+0000 7f9aa5124700 1 --2- 172.21.15.6:0/3803990655 >> [v2:172.21.15.6:3300/0,v1:172.21.15.6:6789/0] conn(0x7f9aa0101670 0x7f9aa0107a90 unknown :-1 s=CLOSED pgs=46 cs=0 l=1 rev1=1 crypto rx=0 tx=0 comp rx=0 tx=0).stop
2024-02-09T21:50:18.685 INFO:teuthology.orchestra.run.smithi006.stdout:/usr/bin/ceph: stderr
2024-02-09T21:50:18.109+0000 7f9aa5124700 1 -- 172.21.15.6:0/3803990655 >> 172.21.15.6:0/3803990655 conn(0x7f9aa00fcdd0 msgr2=0x7f9aa00fdf10 unknown :-1 s=STATE_NONE l=0).mark_down
2024-02-09T21:50:18.685 INFO:teuthology.orchestra.run.smithi006.stdout:/usr/bin/ceph: stderr
2024-02-09T21:50:18.109+0000 7f9aa5124700 1 -- 172.21.15.6:0/3803990655 shutdown_connections
2024-02-09T21:50:18.685 INFO:teuthology.orchestra.run.smithi006.stdout:/usr/bin/ceph: stderr
2024-02-09T21:50:18.109+0000 7f9aa5124700 1 -- 172.21.15.6:0/3803990655 wait complete.
2024-02-09T21:50:18.686 INFO:teuthology.orchestra.run.smithi006.stdout:Deploying mon service with default placement...
2024-02-09T21:50:19.407 INFO:journalctl@ceph.mon.smithi006.smithi006.stdout:Feb 09 21:50:19 smithi006 ceph-mon[29258]: Added host smithi006
2024-02-09T21:50:20.192 INFO:teuthology.orchestra.run.smithi006.stdout:/usr/bin/ceph: stdout Scheduled mon update...
2024-02-09T21:50:20.192 INFO:teuthology.orchestra.run.smithi006.stdout:/usr/bin/ceph: stderr
2024-02-09T21:50:19.237+0000 7f47a3abe700 1 Processor -- start
2024-02-09T21:50:20.193 INFO:teuthology.orchestra.run.smithi006.stdout:/usr/bin/ceph: stderr
2024-02-09T21:50:19.237+0000 7f47a3abe700 1 -- start start
2024-02-09T21:50:20.193 INFO:teuthology.orchestra.run.smithi006.stdout:/usr/bin/ceph: stderr
2024-02-09T21:50:19.237+0000 7f47a3abe700 1 --2- >> [v2:172.21.15.6:3300/0,v1:172.21.15.6:6789/0] conn(0x7f479c102c40 0x7f479c103050 unknown :-1 s=NONE pgs=0 cs=0 l=0 rev1=0 crypto rx=0 tx=0 comp rx=0 tx=0).connect
2024-02-09T21:50:20.193 INFO:teuthology.orchestra.run.smithi006.stdout:/usr/bin/ceph: stderr
2024-02-09T21:50:19.237+0000 7f47a3abe700 1 -- --> [v2:172.21.15.6:3300/0,v1:172.21.15.6:6789/0] -- mon_getmap magic: 0 v1 -- 0x7f479c103590 con 0x7f479c102c40
2024-02-09T21:50:20.193 INFO:teuthology.orchestra.run.smithi006.stdout:/usr/bin/ceph: stderr
2024-02-09T21:50:19.237+0000 7f47a185a700 1 --2- >> [v2:172.21.15.6:3300/0,v1:172.21.15.6:6789/0] conn(0x7f479c102c40 0x7f479c103050 unknown :-1 s=BANNER_CONNECTING pgs=0 cs=0 l=0 rev1=0 crypto rx=0 tx=0 comp rx=0 tx=0)._handle_peer_banner_payload supported=3 required=0
2024-02-09T21:50:20.193 INFO:teuthology.orchestra.run.smithi006.stdout:/usr/bin/ceph: stderr
2024-02-09T21:50:19.237+0000 7f47a185a700 1 --2- >> [v2:172.21.15.6:3300/0,v1:172.21.15.6:6789/0] conn(0x7f479c102c40 0x7f479c103050 unknown :-1 s=HELLO_CONNECTING pgs=0 cs=0 l=0 rev1=1 crypto rx=0 tx=0 comp rx=0 tx=0).handle_hello peer v2:172.21.15.6:3300/0 says I am v2:172.21.15.6:40992/0 (socket says 172.21.15.6:40992)
2024-02-09T21:50:20.193 INFO:teuthology.orchestra.run.smithi006.stdout:/usr/bin/ceph: stderr
2024-02-09T21:50:19.237+0000 7f47a185a700 1 -- 172.21.15.6:0/140016861 learned_addr learned my addr 172.21.15.6:0/140016861 (peer_addr_for_me v2:172.21.15.6:0/0)
2024-02-09T21:50:20.193 INFO:teuthology.orchestra.run.smithi006.stdout:/usr/bin/ceph: stderr
2024-02-09T21:50:19.238+0000 7f47a185a700 1 -- 172.21.15.6:0/140016861 --> [v2:172.21.15.6:3300/0,v1:172.21.15.6:6789/0] -- mon_subscribe({config=0+,monmap=0+}) v3 -- 0x7f479c1036d0 con 0x7f479c102c40
2024-02-09T21:50:20.193 INFO:teuthology.orchestra.run.smithi006.stdout:/usr/bin/ceph: stderr
2024-02-09T21:50:19.238+0000 7f47a185a700 1 --2- 172.21.15.6:0/140016861 >> [v2:172.21.15.6:3300/0,v1:172.21.15.6:6789/0] conn(0x7f479c102c40 0x7f479c103050 secure :-1 s=READY pgs=47 cs=0 l=1 rev1=1 crypto rx=0x7f47980098e0 tx=0x7f4798009250 comp rx=0 tx=0).ready entity=mon.0 client_cookie=cf8df495a334991a server_cookie=0 in_seq=0 out_seq=0
2024-02-09T21:50:20.193 INFO:teuthology.orchestra.run.smithi006.stdout:/usr/bin/ceph: stderr
2024-02-09T21:50:19.238+0000 7f47a0858700 1 -- 172.21.15.6:0/140016861 <== mon.0 v2:172.21.15.6:3300/0 1 ==== mon_map magic: 0 v1 ==== 229+0+0 (secure 0 0 0) 0x7f479800b860 con 0x7f479c102c40
2024-02-09T21:50:20.193 INFO:teuthology.orchestra.run.smithi006.stdout:/usr/bin/ceph: stderr
2024-02-09T21:50:19.238+0000 7f47a0858700 1 -- 172.21.15.6:0/140016861 <== mon.0 v2:172.21.15.6:3300/0 2 ==== config(27 keys) v1 ==== 1044+0+0 (secure 0 0 0) 0x7f479800be50 con 0x7f479c102c40
2024-02-09T21:50:20.193 INFO:teuthology.orchestra.run.smithi006.stdout:/usr/bin/ceph: stderr
2024-02-09T21:50:19.238+0000 7f47a0858700 1 -- 172.21.15.6:0/140016861 <== mon.0 v2:172.21.15.6:3300/0 3 ==== mon_map magic: 0 v1 ==== 229+0+0 (secure 0 0 0) 0x7f4798010380 con 0x7f479c102c40
2024-02-09T21:50:20.193 INFO:teuthology.orchestra.run.smithi006.stdout:/usr/bin/ceph: stderr
2024-02-09T21:50:19.239+0000 7f47a3abe700 1 -- 172.21.15.6:0/140016861 >> [v2:172.21.15.6:3300/0,v1:172.21.15.6:6789/0] conn(0x7f479c102c40 msgr2=0x7f479c103050 secure :-1 s=STATE_CONNECTION_ESTABLISHED l=1).mark_down
2024-02-09T21:50:20.193 INFO:teuthology.orchestra.run.smithi006.stdout:/usr/bin/ceph: stderr
2024-02-09T21:50:19.239+0000 7f47a3abe700 1 --2- 172.21.15.6:0/140016861 >> [v2:172.21.15.6:3300/0,v1:172.21.15.6:6789/0] conn(0x7f479c102c40 0x7f479c103050 secure :-1 s=READY pgs=47 cs=0 l=1 rev1=1 crypto rx=0x7f47980098e0 tx=0x7f4798009250 comp rx=0 tx=0).stop
2024-02-09T21:50:20.193 INFO:teuthology.orchestra.run.smithi006.stdout:/usr/bin/ceph: stderr
2024-02-09T21:50:19.239+0000 7f47a3abe700 1 -- 172.21.15.6:0/140016861 shutdown_connections
2024-02-09T21:50:20.194 INFO:teuthology.orchestra.run.smithi006.stdout:/usr/bin/ceph: stderr
2024-02-09T21:50:19.239+0000 7f47a3abe700 1 --2- 172.21.15.6:0/140016861 >> [v2:172.21.15.6:3300/0,v1:172.21.15.6:6789/0] conn(0x7f479c102c40 0x7f479c103050 unknown :-1 s=CLOSED pgs=47 cs=0 l=1 rev1=1 crypto rx=0 tx=0 comp rx=0 tx=0).stop
2024-02-09T21:50:20.194 INFO:teuthology.orchestra.run.smithi006.stdout:/usr/bin/ceph: stderr
2024-02-09T21:50:19.239+0000 7f47a3abe700 1 -- 172.21.15.6:0/140016861 >> 172.21.15.6:0/140016861 conn(0x7f479c0fc580 msgr2=0x7f479c0fe990 unknown :-1 s=STATE_NONE l=0).mark_down
2024-02-09T21:50:20.194 INFO:teuthology.orchestra.run.smithi006.stdout:/usr/bin/ceph: stderr
2024-02-09T21:50:19.239+0000 7f47a3abe700 1 -- 172.21.15.6:0/140016861 shutdown_connections
2024-02-09T21:50:20.194 INFO:teuthology.orchestra.run.smithi006.stdout:/usr/bin/ceph: stderr
2024-02-09T21:50:19.239+0000 7f47a3abe700 1 -- 172.21.15.6:0/140016861 wait complete.
2024-02-09T21:50:20.194 INFO:teuthology.orchestra.run.smithi006.stdout:/usr/bin/ceph: stderr
2024-02-09T21:50:19.239+0000 7f47a3abe700 1 Processor -- start
2024-02-09T21:50:20.194 INFO:teuthology.orchestra.run.smithi006.stdout:/usr/bin/ceph: stderr
2024-02-09T21:50:19.239+0000 7f47a3abe700 1 -- start start
2024-02-09T21:50:20.194 INFO:teuthology.orchestra.run.smithi006.stdout:/usr/bin/ceph: stderr
2024-02-09T21:50:19.239+0000 7f47a3abe700 1 --2- >> [v2:172.21.15.6:3300/0,v1:172.21.15.6:6789/0] conn(0x7f479c102c40 0x7f479c10f5e0 unknown :-1 s=NONE pgs=0 cs=0 l=1 rev1=0 crypto rx=0 tx=0 comp rx=0 tx=0).connect
2024-02-09T21:50:20.194 INFO:teuthology.orchestra.run.smithi006.stdout:/usr/bin/ceph: stderr
2024-02-09T21:50:19.239+0000 7f47a3abe700 1 -- --> [v2:172.21.15.6:3300/0,v1:172.21.15.6:6789/0] -- mon_getmap magic: 0 v1 -- 0x7f479c10fb20 con 0x7f479c102c40
2024-02-09T21:50:20.194 INFO:teuthology.orchestra.run.smithi006.stdout:/usr/bin/ceph: stderr
2024-02-09T21:50:19.240+0000 7f47a185a700 1 --2- >> [v2:172.21.15.6:3300/0,v1:172.21.15.6:6789/0] conn(0x7f479c102c40 0x7f479c10f5e0 unknown :-1 s=BANNER_CONNECTING pgs=0 cs=0 l=1 rev1=0 crypto rx=0 tx=0 comp rx=0 tx=0)._handle_peer_banner_payload supported=3 required=0
2024-02-09T21:50:20.194 INFO:teuthology.orchestra.run.smithi006.stdout:/usr/bin/ceph: stderr
2024-02-09T21:50:19.240+0000 7f47a185a700 1 --2- >> [v2:172.21.15.6:3300/0,v1:172.21.15.6:6789/0] conn(0x7f479c102c40 0x7f479c10f5e0 unknown :-1 s=HELLO_CONNECTING pgs=0 cs=0 l=1 rev1=1 crypto rx=0 tx=0 comp rx=0 tx=0).handle_hello peer v2:172.21.15.6:3300/0 says I am v2:172.21.15.6:40998/0 (socket says 172.21.15.6:40998)
2024-02-09T21:50:20.194 INFO:teuthology.orchestra.run.smithi006.stdout:/usr/bin/ceph: stderr
2024-02-09T21:50:19.240+0000 7f47a185a700 1 -- 172.21.15.6:0/3940654513 learned_addr learned my addr 172.21.15.6:0/3940654513 (peer_addr_for_me v2:172.21.15.6:0/0)
2024-02-09T21:50:20.194 INFO:teuthology.orchestra.run.smithi006.stdout:/usr/bin/ceph: stderr
2024-02-09T21:50:19.240+0000 7f47a185a700 1 -- 172.21.15.6:0/3940654513 --> [v2:172.21.15.6:3300/0,v1:172.21.15.6:6789/0] -- mon_subscribe({config=0+,monmap=0+}) v3 -- 0x7f47980094f0 con 0x7f479c102c40
2024-02-09T21:50:20.194 INFO:teuthology.orchestra.run.smithi006.stdout:/usr/bin/ceph: stderr
2024-02-09T21:50:19.240+0000 7f47a185a700 1 --2- 172.21.15.6:0/3940654513 >> [v2:172.21.15.6:3300/0,v1:172.21.15.6:6789/0] conn(0x7f479c102c40 0x7f479c10f5e0 secure :-1 s=READY pgs=48 cs=0 l=1 rev1=1 crypto rx=0x7f479800b440 tx=0x7f4798009250 comp rx=0 tx=0).ready entity=mon.0 client_cookie=0 server_cookie=0 in_seq=0 out_seq=0
2024-02-09T21:50:20.194 INFO:teuthology.orchestra.run.smithi006.stdout:/usr/bin/ceph: stderr
2024-02-09T21:50:19.240+0000 7f47927fc700 1 -- 172.21.15.6:0/3940654513 <== mon.0 v2:172.21.15.6:3300/0 1 ==== mon_map magic: 0 v1 ==== 229+0+0 (secure 0 0 0) 0x7f4798010760 con 0x7f479c102c40
2024-02-09T21:50:20.194 INFO:teuthology.orchestra.run.smithi006.stdout:/usr/bin/ceph: stderr
2024-02-09T21:50:19.240+0000 7f47927fc700 1 -- 172.21.15.6:0/3940654513 <== mon.0 v2:172.21.15.6:3300/0 2 ==== config(27 keys) v1 ==== 1044+0+0 (secure 0 0 0) 0x7f4798010d50 con 0x7f479c102c40
2024-02-09T21:50:20.194 INFO:teuthology.orchestra.run.smithi006.stdout:/usr/bin/ceph: stderr
2024-02-09T21:50:19.240+0000 7f47a3abe700 1 -- 172.21.15.6:0/3940654513 --> [v2:172.21.15.6:3300/0,v1:172.21.15.6:6789/0] -- mon_subscribe({mgrmap=0+}) v3 -- 0x7f479c10fd20 con 0x7f479c102c40
2024-02-09T21:50:20.195 INFO:teuthology.orchestra.run.smithi006.stdout:/usr/bin/ceph: stderr
2024-02-09T21:50:19.240+0000 7f47927fc700 1 -- 172.21.15.6:0/3940654513 <== mon.0 v2:172.21.15.6:3300/0 3 ==== mon_map magic: 0 v1 ==== 229+0+0 (secure 0 0 0) 0x7f4798024d80 con 0x7f479c102c40
2024-02-09T21:50:20.195 INFO:teuthology.orchestra.run.smithi006.stdout:/usr/bin/ceph: stderr
2024-02-09T21:50:19.240+0000 7f47a3abe700 1 -- 172.21.15.6:0/3940654513 --> [v2:172.21.15.6:3300/0,v1:172.21.15.6:6789/0] -- mon_subscribe({osdmap=0}) v3 -- 0x7f479c1109c0 con 0x7f479c102c40
2024-02-09T21:50:20.195 INFO:teuthology.orchestra.run.smithi006.stdout:/usr/bin/ceph: stderr
2024-02-09T21:50:19.241+0000 7f47927fc700 1 -- 172.21.15.6:0/3940654513 <== mon.0 v2:172.21.15.6:3300/0 4 ==== mgrmap(e 8) v1 ==== 43368+0+0 (secure 0 0 0) 0x7f47980108c0 con 0x7f479c102c40
2024-02-09T21:50:20.195 INFO:teuthology.orchestra.run.smithi006.stdout:/usr/bin/ceph: stderr
2024-02-09T21:50:19.241+0000 7f47a3abe700 1 -- 172.21.15.6:0/3940654513 --> [v2:172.21.15.6:3300/0,v1:172.21.15.6:6789/0] -- mon_command({"prefix": "get_command_descriptions"} v 0) v1 -- 0x7f479c05f5c0 con 0x7f479c102c40
2024-02-09T21:50:20.195 INFO:teuthology.orchestra.run.smithi006.stdout:/usr/bin/ceph: stderr
2024-02-09T21:50:19.241+0000 7f47927fc700 1 --2- 172.21.15.6:0/3940654513 >> [v2:172.21.15.6:6800/1422219104,v1:172.21.15.6:6801/1422219104] conn(0x7f4788038a30 0x7f478803aee0 unknown :-1 s=NONE pgs=0 cs=0 l=1 rev1=0 crypto rx=0 tx=0 comp rx=0 tx=0).connect
2024-02-09T21:50:20.195 INFO:teuthology.orchestra.run.smithi006.stdout:/usr/bin/ceph: stderr
2024-02-09T21:50:19.241+0000 7f47927fc700 1 -- 172.21.15.6:0/3940654513 <== mon.0 v2:172.21.15.6:3300/0 5 ==== osd_map(2..2 src has 1..2) v4 ==== 936+0+0 (secure 0 0 0) 0x7f479804a680 con 0x7f479c102c40
2024-02-09T21:50:20.195 INFO:teuthology.orchestra.run.smithi006.stdout:/usr/bin/ceph: stderr
2024-02-09T21:50:19.241+0000 7f47a1059700 1 --2- 172.21.15.6:0/3940654513 >> [v2:172.21.15.6:6800/1422219104,v1:172.21.15.6:6801/1422219104] conn(0x7f4788038a30 0x7f478803aee0 unknown :-1 s=BANNER_CONNECTING pgs=0 cs=0 l=1 rev1=0 crypto rx=0 tx=0 comp rx=0 tx=0)._handle_peer_banner_payload supported=3 required=0
2024-02-09T21:50:20.195 INFO:teuthology.orchestra.run.smithi006.stdout:/usr/bin/ceph: stderr
2024-02-09T21:50:19.242+0000 7f47a1059700 1 --2- 172.21.15.6:0/3940654513 >> [v2:172.21.15.6:6800/1422219104,v1:172.21.15.6:6801/1422219104] conn(0x7f4788038a30 0x7f478803aee0 secure :-1 s=READY pgs=12 cs=0 l=1 rev1=1 crypto rx=0x7f478c009990 tx=0x7f478c006e40 comp rx=0 tx=0).ready entity=mgr.14120 client_cookie=0 server_cookie=0 in_seq=0 out_seq=0
2024-02-09T21:50:20.195 INFO:teuthology.orchestra.run.smithi006.stdout:/usr/bin/ceph: stderr
2024-02-09T21:50:19.246+0000 7f47927fc700 1 -- 172.21.15.6:0/3940654513 <== mon.0 v2:172.21.15.6:3300/0 6 ==== mon_command_ack([{"prefix": "get_command_descriptions"}]=0 v0) v1 ==== 72+0+175031 (secure 0 0 0) 0x7f479802d3f0 con 0x7f479c102c40
2024-02-09T21:50:20.195 INFO:teuthology.orchestra.run.smithi006.stdout:/usr/bin/ceph: stderr
2024-02-09T21:50:19.510+0000 7f47a3abe700 1 -- 172.21.15.6:0/3940654513 --> [v2:172.21.15.6:6800/1422219104,v1:172.21.15.6:6801/1422219104] -- mgr_command(tid 0: {"prefix": "orch apply", "service_type": "mon", "target": ["mon-mgr", ""]}) v1 -- 0x7f479c102610 con 0x7f4788038a30
2024-02-09T21:50:20.195 INFO:teuthology.orchestra.run.smithi006.stdout:/usr/bin/ceph: stderr
2024-02-09T21:50:19.514+0000 7f47927fc700 1 -- 172.21.15.6:0/3940654513 <== mgr.14120 v2:172.21.15.6:6800/1422219104 1 ==== mgr_command_reply(tid 0: 0 ) v1 ==== 8+0+24 (secure 0 0 0) 0x7f479c102610 con 0x7f4788038a30
2024-02-09T21:50:20.195 INFO:teuthology.orchestra.run.smithi006.stdout:/usr/bin/ceph: stderr
2024-02-09T21:50:19.516+0000 7f47a3abe700 1 -- 172.21.15.6:0/3940654513 >> [v2:172.21.15.6:6800/1422219104,v1:172.21.15.6:6801/1422219104] conn(0x7f4788038a30 msgr2=0x7f478803aee0 secure :-1 s=STATE_CONNECTION_ESTABLISHED l=1).mark_down
2024-02-09T21:50:20.195 INFO:teuthology.orchestra.run.smithi006.stdout:/usr/bin/ceph: stderr
2024-02-09T21:50:19.516+0000 7f47a3abe700 1 --2- 172.21.15.6:0/3940654513 >> [v2:172.21.15.6:6800/1422219104,v1:172.21.15.6:6801/1422219104] conn(0x7f4788038a30 0x7f478803aee0 secure :-1 s=READY pgs=12 cs=0 l=1 rev1=1 crypto rx=0x7f478c009990 tx=0x7f478c006e40 comp rx=0 tx=0).stop
2024-02-09T21:50:20.195 INFO:teuthology.orchestra.run.smithi006.stdout:/usr/bin/ceph: stderr
2024-02-09T21:50:19.516+0000 7f47a3abe700 1 -- 172.21.15.6:0/3940654513 >> [v2:172.21.15.6:3300/0,v1:172.21.15.6:6789/0] conn(0x7f479c102c40 msgr2=0x7f479c10f5e0 secure :-1 s=STATE_CONNECTION_ESTABLISHED l=1).mark_down
2024-02-09T21:50:20.195 INFO:teuthology.orchestra.run.smithi006.stdout:/usr/bin/ceph: stderr
2024-02-09T21:50:19.516+0000 7f47a3abe700 1 --2- 172.21.15.6:0/3940654513 >> [v2:172.21.15.6:3300/0,v1:172.21.15.6:6789/0] conn(0x7f479c102c40 0x7f479c10f5e0 secure :-1 s=READY pgs=48 cs=0 l=1 rev1=1 crypto rx=0x7f479800b440 tx=0x7f4798009250 comp rx=0 tx=0).stop
2024-02-09T21:50:20.196 INFO:teuthology.orchestra.run.smithi006.stdout:/usr/bin/ceph: stderr
2024-02-09T21:50:19.516+0000 7f47a3abe700 1 -- 172.21.15.6:0/3940654513 shutdown_connections
2024-02-09T21:50:20.196 INFO:teuthology.orchestra.run.smithi006.stdout:/usr/bin/ceph: stderr
2024-02-09T21:50:19.516+0000 7f47a3abe700 1 --2- 172.21.15.6:0/3940654513 >> [v2:172.21.15.6:6800/1422219104,v1:172.21.15.6:6801/1422219104] conn(0x7f4788038a30 0x7f478803aee0 unknown :-1 s=CLOSED pgs=12 cs=0 l=1 rev1=1 crypto rx=0 tx=0 comp rx=0 tx=0).stop
2024-02-09T21:50:20.196 INFO:teuthology.orchestra.run.smithi006.stdout:/usr/bin/ceph: stderr
2024-02-09T21:50:19.516+0000 7f47a3abe700 1 --2- 172.21.15.6:0/3940654513 >> [v2:172.21.15.6:3300/0,v1:172.21.15.6:6789/0] conn(0x7f479c102c40 0x7f479c10f5e0 unknown :-1 s=CLOSED pgs=48 cs=0 l=1 rev1=1 crypto rx=0 tx=0 comp rx=0 tx=0).stop
2024-02-09T21:50:20.196 INFO:teuthology.orchestra.run.smithi006.stdout:/usr/bin/ceph: stderr
2024-02-09T21:50:19.516+0000 7f47a3abe700 1 -- 172.21.15.6:0/3940654513 >> 172.21.15.6:0/3940654513 conn(0x7f479c0fc580 msgr2=0x7f479c106470 unknown :-1 s=STATE_NONE l=0).mark_down
2024-02-09T21:50:20.196 INFO:teuthology.orchestra.run.smithi006.stdout:/usr/bin/ceph: stderr
2024-02-09T21:50:19.516+0000 7f47a3abe700 1 -- 172.21.15.6:0/3940654513 shutdown_connections
2024-02-09T21:50:20.196 INFO:teuthology.orchestra.run.smithi006.stdout:/usr/bin/ceph: stderr
2024-02-09T21:50:19.516+0000 7f47a3abe700 1 -- 172.21.15.6:0/3940654513 wait complete.
2024-02-09T21:50:20.196 INFO:teuthology.orchestra.run.smithi006.stdout:Deploying mgr service with default placement...
2024-02-09T21:50:20.773 INFO:journalctl@ceph.mon.smithi006.smithi006.stdout:Feb 09 21:50:20 smithi006 ceph-mon[29258]: from='client.14142 -' entity='client.admin' cmd=[{"prefix": "orch apply", "service_type": "mon", "target": ["mon-mgr", ""]}]: dispatch
2024-02-09T21:50:20.773 INFO:journalctl@ceph.mon.smithi006.smithi006.stdout:Feb 09 21:50:20 smithi006 ceph-mon[29258]: Saving service mon spec with placement count:5
2024-02-09T21:50:20.773 INFO:journalctl@ceph.mon.smithi006.smithi006.stdout:Feb 09 21:50:20 smithi006 ceph-mon[29258]: from='mgr.14120 172.21.15.6:0/3931215362' entity='mgr.smithi006.glirxt'
2024-02-09T21:50:21.660 INFO:teuthology.orchestra.run.smithi006.stdout:/usr/bin/ceph: stdout Scheduled mgr update...
2024-02-09T21:50:21.660 INFO:teuthology.orchestra.run.smithi006.stdout:/usr/bin/ceph: stderr
2024-02-09T21:50:20.568+0000 7ff2d6f6a700 1 Processor -- start
2024-02-09T21:50:21.660 INFO:teuthology.orchestra.run.smithi006.stdout:/usr/bin/ceph: stderr
2024-02-09T21:50:20.568+0000 7ff2d6f6a700 1 -- start start
