2024-02-09T21:50:00.496+0000 7f068d7fa700 1 -- 172.21.15.6:0/1359661210 <== mon.0 v2:172.21.15.6:3300/0 3 ==== mon_map magic: 0 v1 ==== 229+0+0 (secure 0 0 0) 0x7f068401ad30 con 0x7f0690076c20
2024-02-09T21:50:01.929 INFO:teuthology.orchestra.run.smithi006.stdout:/usr/bin/ceph: stderr
2024-02-09T21:50:00.496+0000 7f0696c0e700 1 -- 172.21.15.6:0/1359661210 --> [v2:172.21.15.6:3300/0,v1:172.21.15.6:6789/0] -- mon_subscribe({osdmap=0}) v3 -- 0x7f0690112c10 con 0x7f0690076c20
2024-02-09T21:50:01.929 INFO:teuthology.orchestra.run.smithi006.stdout:/usr/bin/ceph: stderr
2024-02-09T21:50:00.497+0000 7f068d7fa700 1 -- 172.21.15.6:0/1359661210 <== mon.0 v2:172.21.15.6:3300/0 4 ==== mgrmap(e 4) v1 ==== 43357+0+0 (secure 0 0 0) 0x7f068402e440 con 0x7f0690076c20
2024-02-09T21:50:01.929 INFO:teuthology.orchestra.run.smithi006.stdout:/usr/bin/ceph: stderr
2024-02-09T21:50:00.497+0000 7f0696c0e700 1 -- 172.21.15.6:0/1359661210 --> [v2:172.21.15.6:3300/0,v1:172.21.15.6:6789/0] -- mon_command({"prefix": "get_command_descriptions"} v 0) v1 -- 0x7f069005f5c0 con 0x7f0690076c20
2024-02-09T21:50:01.929 INFO:teuthology.orchestra.run.smithi006.stdout:/usr/bin/ceph: stderr
2024-02-09T21:50:00.497+0000 7f068d7fa700 1 --2- 172.21.15.6:0/1359661210 >> [v2:172.21.15.6:6800/2325806844,v1:172.21.15.6:6801/2325806844] conn(0x7f0680036740 0x7f0680038bf0 unknown :-1 s=NONE pgs=0 cs=0 l=1 rev1=0 crypto rx=0 tx=0 comp rx=0 tx=0).connect
2024-02-09T21:50:01.929 INFO:teuthology.orchestra.run.smithi006.stdout:/usr/bin/ceph: stderr
2024-02-09T21:50:00.497+0000 7f068d7fa700 1 -- 172.21.15.6:0/1359661210 <== mon.0 v2:172.21.15.6:3300/0 5 ==== osd_map(1..1 src has 1..1) v4 ==== 721+0+0 (secure 0 0 0) 0x7f068404ac80 con 0x7f0690076c20
2024-02-09T21:50:01.930 INFO:teuthology.orchestra.run.smithi006.stdout:/usr/bin/ceph: stderr
2024-02-09T21:50:00.498+0000 7f068ffff700 1 --2- 172.21.15.6:0/1359661210 >> [v2:172.21.15.6:6800/2325806844,v1:172.21.15.6:6801/2325806844] conn(0x7f0680036740 0x7f0680038bf0 unknown :-1 s=BANNER_CONNECTING pgs=0 cs=0 l=1 rev1=0 crypto rx=0 tx=0 comp rx=0 tx=0)._handle_peer_banner_payload supported=3 required=0
2024-02-09T21:50:01.930 INFO:teuthology.orchestra.run.smithi006.stdout:/usr/bin/ceph: stderr
2024-02-09T21:50:00.498+0000 7f068ffff700 1 --2- 172.21.15.6:0/1359661210 >> [v2:172.21.15.6:6800/2325806844,v1:172.21.15.6:6801/2325806844] conn(0x7f0680036740 0x7f0680038bf0 secure :-1 s=READY pgs=8 cs=0 l=1 rev1=1 crypto rx=0x7f067c009990 tx=0x7f067c006e40 comp rx=0 tx=0).ready entity=mgr.14100 client_cookie=0 server_cookie=0 in_seq=0 out_seq=0
2024-02-09T21:50:01.930 INFO:teuthology.orchestra.run.smithi006.stdout:/usr/bin/ceph: stderr
2024-02-09T21:50:00.502+0000 7f068d7fa700 1 -- 172.21.15.6:0/1359661210 <== mon.0 v2:172.21.15.6:3300/0 6 ==== mon_command_ack([{"prefix": "get_command_descriptions"}]=0 v0) v1 ==== 72+0+175031 (secure 0 0 0) 0x7f068402c980 con 0x7f0690076c20
2024-02-09T21:50:01.930 INFO:teuthology.orchestra.run.smithi006.stdout:/usr/bin/ceph: stderr
2024-02-09T21:50:00.747+0000 7f0696c0e700 1 -- 172.21.15.6:0/1359661210 --> [v2:172.21.15.6:3300/0,v1:172.21.15.6:6789/0] -- mon_command({"prefix": "mgr module enable", "module": "cephadm"} v 0) v1 -- 0x7f069004bed0 con 0x7f0690076c20
2024-02-09T21:50:01.930 INFO:teuthology.orchestra.run.smithi006.stdout:/usr/bin/ceph: stderr
2024-02-09T21:50:01.296+0000 7f068d7fa700 1 -- 172.21.15.6:0/1359661210 <== mon.0 v2:172.21.15.6:3300/0 7 ==== mgrmap(e 5) v1 ==== 43368+0+0 (secure 0 0 0) 0x7f068402e920 con 0x7f0690076c20
2024-02-09T21:50:01.930 INFO:teuthology.orchestra.run.smithi006.stdout:/usr/bin/ceph: stderr
2024-02-09T21:50:01.297+0000 7f068d7fa700 1 -- 172.21.15.6:0/1359661210 <== mon.0 v2:172.21.15.6:3300/0 8 ==== mon_command_ack([{"prefix": "mgr module enable", "module": "cephadm"}]=0 v5) v1 ==== 86+0+0 (secure 0 0 0) 0x7f068402c390 con 0x7f0690076c20
2024-02-09T21:50:01.930 INFO:teuthology.orchestra.run.smithi006.stdout:/usr/bin/ceph: stderr
2024-02-09T21:50:01.300+0000 7f0696c0e700 1 -- 172.21.15.6:0/1359661210 >> [v2:172.21.15.6:6800/2325806844,v1:172.21.15.6:6801/2325806844] conn(0x7f0680036740 msgr2=0x7f0680038bf0 secure :-1 s=STATE_CONNECTION_ESTABLISHED l=1).mark_down
2024-02-09T21:50:01.930 INFO:teuthology.orchestra.run.smithi006.stdout:/usr/bin/ceph: stderr
2024-02-09T21:50:01.300+0000 7f0696c0e700 1 --2- 172.21.15.6:0/1359661210 >> [v2:172.21.15.6:6800/2325806844,v1:172.21.15.6:6801/2325806844] conn(0x7f0680036740 0x7f0680038bf0 secure :-1 s=READY pgs=8 cs=0 l=1 rev1=1 crypto rx=0x7f067c009990 tx=0x7f067c006e40 comp rx=0 tx=0).stop
2024-02-09T21:50:01.930 INFO:teuthology.orchestra.run.smithi006.stdout:/usr/bin/ceph: stderr
2024-02-09T21:50:01.300+0000 7f0696c0e700 1 -- 172.21.15.6:0/1359661210 >> [v2:172.21.15.6:3300/0,v1:172.21.15.6:6789/0] conn(0x7f0690076c20 msgr2=0x7f0690111830 secure :-1 s=STATE_CONNECTION_ESTABLISHED l=1).mark_down
2024-02-09T21:50:01.930 INFO:teuthology.orchestra.run.smithi006.stdout:/usr/bin/ceph: stderr
2024-02-09T21:50:01.300+0000 7f0696c0e700 1 --2- 172.21.15.6:0/1359661210 >> [v2:172.21.15.6:3300/0,v1:172.21.15.6:6789/0] conn(0x7f0690076c20 0x7f0690111830 secure :-1 s=READY pgs=23 cs=0 l=1 rev1=1 crypto rx=0x7f068400b440 tx=0x7f0684009250 comp rx=0 tx=0).stop
2024-02-09T21:50:01.930 INFO:teuthology.orchestra.run.smithi006.stdout:/usr/bin/ceph: stderr
2024-02-09T21:50:01.300+0000 7f0696c0e700 1 -- 172.21.15.6:0/1359661210 shutdown_connections
2024-02-09T21:50:01.930 INFO:teuthology.orchestra.run.smithi006.stdout:/usr/bin/ceph: stderr
2024-02-09T21:50:01.300+0000 7f0696c0e700 1 --2- 172.21.15.6:0/1359661210 >> [v2:172.21.15.6:6800/2325806844,v1:172.21.15.6:6801/2325806844] conn(0x7f0680036740 0x7f0680038bf0 unknown :-1 s=CLOSED pgs=8 cs=0 l=1 rev1=1 crypto rx=0 tx=0 comp rx=0 tx=0).stop
2024-02-09T21:50:01.930 INFO:teuthology.orchestra.run.smithi006.stdout:/usr/bin/ceph: stderr
2024-02-09T21:50:01.300+0000 7f0696c0e700 1 --2- 172.21.15.6:0/1359661210 >> [v2:172.21.15.6:3300/0,v1:172.21.15.6:6789/0] conn(0x7f0690076c20 0x7f0690111830 unknown :-1 s=CLOSED pgs=23 cs=0 l=1 rev1=1 crypto rx=0 tx=0 comp rx=0 tx=0).stop
2024-02-09T21:50:01.931 INFO:teuthology.orchestra.run.smithi006.stdout:/usr/bin/ceph: stderr
2024-02-09T21:50:01.300+0000 7f0696c0e700 1 -- 172.21.15.6:0/1359661210 >> 172.21.15.6:0/1359661210 conn(0x7f06900fcdd0 msgr2=0x7f06900fdd50 unknown :-1 s=STATE_NONE l=0).mark_down
2024-02-09T21:50:01.931 INFO:teuthology.orchestra.run.smithi006.stdout:/usr/bin/ceph: stderr
2024-02-09T21:50:01.300+0000 7f0696c0e700 1 -- 172.21.15.6:0/1359661210 shutdown_connections
2024-02-09T21:50:01.931 INFO:teuthology.orchestra.run.smithi006.stdout:/usr/bin/ceph: stderr
2024-02-09T21:50:01.300+0000 7f0696c0e700 1 -- 172.21.15.6:0/1359661210 wait complete.
2024-02-09T21:50:02.508 INFO:journalctl@ceph.mon.smithi006.smithi006.stdout:Feb 09 21:50:02 smithi006 ceph-mon[29258]: from='client.? 172.21.15.6:0/1359661210' entity='client.admin' cmd='[{"prefix": "mgr module enable", "module": "cephadm"}]': finished
2024-02-09T21:50:02.508 INFO:journalctl@ceph.mon.smithi006.smithi006.stdout:Feb 09 21:50:02 smithi006 ceph-mon[29258]: mgrmap e5: smithi006.glirxt(active, since 6s)
2024-02-09T21:50:03.170 INFO:teuthology.orchestra.run.smithi006.stdout:/usr/bin/ceph: stdout {
2024-02-09T21:50:03.170 INFO:teuthology.orchestra.run.smithi006.stdout:/usr/bin/ceph: stdout "epoch": 5,
2024-02-09T21:50:03.170 INFO:teuthology.orchestra.run.smithi006.stdout:/usr/bin/ceph: stdout "available": true,
2024-02-09T21:50:03.170 INFO:teuthology.orchestra.run.smithi006.stdout:/usr/bin/ceph: stdout "active_name": "smithi006.glirxt",
2024-02-09T21:50:03.170 INFO:teuthology.orchestra.run.smithi006.stdout:/usr/bin/ceph: stdout "num_standby": 0
2024-02-09T21:50:03.170 INFO:teuthology.orchestra.run.smithi006.stdout:/usr/bin/ceph: stdout }
2024-02-09T21:50:03.170 INFO:teuthology.orchestra.run.smithi006.stdout:/usr/bin/ceph: stderr
2024-02-09T21:50:02.299+0000 7f13b8e7e700 1 Processor -- start
2024-02-09T21:50:03.171 INFO:teuthology.orchestra.run.smithi006.stdout:/usr/bin/ceph: stderr
2024-02-09T21:50:02.299+0000 7f13b8e7e700 1 -- start start
2024-02-09T21:50:03.171 INFO:teuthology.orchestra.run.smithi006.stdout:/usr/bin/ceph: stderr
2024-02-09T21:50:02.299+0000 7f13b8e7e700 1 --2- >> [v2:172.21.15.6:3300/0,v1:172.21.15.6:6789/0] conn(0x7f13b4101670 0x7f13b4101a80 unknown :-1 s=NONE pgs=0 cs=0 l=0 rev1=0 crypto rx=0 tx=0 comp rx=0 tx=0).connect
2024-02-09T21:50:03.171 INFO:teuthology.orchestra.run.smithi006.stdout:/usr/bin/ceph: stderr
2024-02-09T21:50:02.299+0000 7f13b8e7e700 1 -- --> [v2:172.21.15.6:3300/0,v1:172.21.15.6:6789/0] -- mon_getmap magic: 0 v1 -- 0x7f13b4101fc0 con 0x7f13b4101670
2024-02-09T21:50:03.171 INFO:teuthology.orchestra.run.smithi006.stdout:/usr/bin/ceph: stderr
2024-02-09T21:50:02.300+0000 7f13b259c700 1 --2- >> [v2:172.21.15.6:3300/0,v1:172.21.15.6:6789/0] conn(0x7f13b4101670 0x7f13b4101a80 unknown :-1 s=BANNER_CONNECTING pgs=0 cs=0 l=0 rev1=0 crypto rx=0 tx=0 comp rx=0 tx=0)._handle_peer_banner_payload supported=3 required=0
2024-02-09T21:50:03.171 INFO:teuthology.orchestra.run.smithi006.stdout:/usr/bin/ceph: stderr
2024-02-09T21:50:02.300+0000 7f13b259c700 1 --2- >> [v2:172.21.15.6:3300/0,v1:172.21.15.6:6789/0] conn(0x7f13b4101670 0x7f13b4101a80 unknown :-1 s=HELLO_CONNECTING pgs=0 cs=0 l=0 rev1=1 crypto rx=0 tx=0 comp rx=0 tx=0).handle_hello peer v2:172.21.15.6:3300/0 says I am v2:172.21.15.6:57256/0 (socket says 172.21.15.6:57256)
2024-02-09T21:50:03.171 INFO:teuthology.orchestra.run.smithi006.stdout:/usr/bin/ceph: stderr
2024-02-09T21:50:02.300+0000 7f13b259c700 1 -- 172.21.15.6:0/3406569276 learned_addr learned my addr 172.21.15.6:0/3406569276 (peer_addr_for_me v2:172.21.15.6:0/0)
2024-02-09T21:50:03.171 INFO:teuthology.orchestra.run.smithi006.stdout:/usr/bin/ceph: stderr
2024-02-09T21:50:02.300+0000 7f13b259c700 1 -- 172.21.15.6:0/3406569276 --> [v2:172.21.15.6:3300/0,v1:172.21.15.6:6789/0] -- mon_subscribe({config=0+,monmap=0+}) v3 -- 0x7f13b4102100 con 0x7f13b4101670
2024-02-09T21:50:03.172 INFO:teuthology.orchestra.run.smithi006.stdout:/usr/bin/ceph: stderr
2024-02-09T21:50:02.300+0000 7f13b259c700 1 --2- 172.21.15.6:0/3406569276 >> [v2:172.21.15.6:3300/0,v1:172.21.15.6:6789/0] conn(0x7f13b4101670 0x7f13b4101a80 secure :-1 s=READY pgs=26 cs=0 l=1 rev1=1 crypto rx=0x7f13a400bb80 tx=0x7f13a400b4f0 comp rx=0 tx=0).ready entity=mon.0 client_cookie=1799f11d98e224e3 server_cookie=0 in_seq=0 out_seq=0
2024-02-09T21:50:03.172 INFO:teuthology.orchestra.run.smithi006.stdout:/usr/bin/ceph: stderr
2024-02-09T21:50:02.300+0000 7f13b159a700 1 -- 172.21.15.6:0/3406569276 <== mon.0 v2:172.21.15.6:3300/0 1 ==== mon_map magic: 0 v1 ==== 229+0+0 (secure 0 0 0) 0x7f13a400dd00 con 0x7f13b4101670
2024-02-09T21:50:03.172 INFO:teuthology.orchestra.run.smithi006.stdout:/usr/bin/ceph: stderr
2024-02-09T21:50:02.300+0000 7f13b159a700 1 -- 172.21.15.6:0/3406569276 <== mon.0 v2:172.21.15.6:3300/0 2 ==== config(27 keys) v1 ==== 1044+0+0 (secure 0 0 0) 0x7f13a400de60 con 0x7f13b4101670
2024-02-09T21:50:03.172 INFO:teuthology.orchestra.run.smithi006.stdout:/usr/bin/ceph: stderr
2024-02-09T21:50:02.300+0000 7f13b159a700 1 -- 172.21.15.6:0/3406569276 <== mon.0 v2:172.21.15.6:3300/0 3 ==== mon_map magic: 0 v1 ==== 229+0+0 (secure 0 0 0) 0x7f13a40188a0 con 0x7f13b4101670
2024-02-09T21:50:03.172 INFO:teuthology.orchestra.run.smithi006.stdout:/usr/bin/ceph: stderr
2024-02-09T21:50:02.301+0000 7f13b8e7e700 1 -- 172.21.15.6:0/3406569276 >> [v2:172.21.15.6:3300/0,v1:172.21.15.6:6789/0] conn(0x7f13b4101670 msgr2=0x7f13b4101a80 secure :-1 s=STATE_CONNECTION_ESTABLISHED l=1).mark_down
2024-02-09T21:50:03.172 INFO:teuthology.orchestra.run.smithi006.stdout:/usr/bin/ceph: stderr
2024-02-09T21:50:02.301+0000 7f13b8e7e700 1 --2- 172.21.15.6:0/3406569276 >> [v2:172.21.15.6:3300/0,v1:172.21.15.6:6789/0] conn(0x7f13b4101670 0x7f13b4101a80 secure :-1 s=READY pgs=26 cs=0 l=1 rev1=1 crypto rx=0x7f13a400bb80 tx=0x7f13a400b4f0 comp rx=0 tx=0).stop
2024-02-09T21:50:03.173 INFO:teuthology.orchestra.run.smithi006.stdout:/usr/bin/ceph: stderr
2024-02-09T21:50:02.301+0000 7f13b8e7e700 1 -- 172.21.15.6:0/3406569276 shutdown_connections
2024-02-09T21:50:03.173 INFO:teuthology.orchestra.run.smithi006.stdout:/usr/bin/ceph: stderr
2024-02-09T21:50:02.301+0000 7f13b8e7e700 1 --2- 172.21.15.6:0/3406569276 >> [v2:172.21.15.6:3300/0,v1:172.21.15.6:6789/0] conn(0x7f13b4101670 0x7f13b4101a80 unknown :-1 s=CLOSED pgs=26 cs=0 l=1 rev1=1 crypto rx=0 tx=0 comp rx=0 tx=0).stop
2024-02-09T21:50:03.173 INFO:teuthology.orchestra.run.smithi006.stdout:/usr/bin/ceph: stderr
2024-02-09T21:50:02.301+0000 7f13b8e7e700 1 -- 172.21.15.6:0/3406569276 >> 172.21.15.6:0/3406569276 conn(0x7f13b40fcdd0 msgr2=0x7f13b40ff200 unknown :-1 s=STATE_NONE l=0).mark_down
2024-02-09T21:50:03.173 INFO:teuthology.orchestra.run.smithi006.stdout:/usr/bin/ceph: stderr
2024-02-09T21:50:02.301+0000 7f13b8e7e700 1 -- 172.21.15.6:0/3406569276 shutdown_connections
2024-02-09T21:50:03.173 INFO:teuthology.orchestra.run.smithi006.stdout:/usr/bin/ceph: stderr
2024-02-09T21:50:02.301+0000 7f13b8e7e700 1 -- 172.21.15.6:0/3406569276 wait complete.
2024-02-09T21:50:03.173 INFO:teuthology.orchestra.run.smithi006.stdout:/usr/bin/ceph: stderr
2024-02-09T21:50:02.301+0000 7f13b8e7e700 1 Processor -- start
2024-02-09T21:50:03.173 INFO:teuthology.orchestra.run.smithi006.stdout:/usr/bin/ceph: stderr
2024-02-09T21:50:02.302+0000 7f13b8e7e700 1 -- start start
2024-02-09T21:50:03.174 INFO:teuthology.orchestra.run.smithi006.stdout:/usr/bin/ceph: stderr
2024-02-09T21:50:02.302+0000 7f13b8e7e700 1 --2- >> [v2:172.21.15.6:3300/0,v1:172.21.15.6:6789/0] conn(0x7f13b4101670 0x7f13b4113710 unknown :-1 s=NONE pgs=0 cs=0 l=1 rev1=0 crypto rx=0 tx=0 comp rx=0 tx=0).connect
2024-02-09T21:50:03.174 INFO:teuthology.orchestra.run.smithi006.stdout:/usr/bin/ceph: stderr
2024-02-09T21:50:02.302+0000 7f13b8e7e700 1 -- --> [v2:172.21.15.6:3300/0,v1:172.21.15.6:6789/0] -- mon_getmap magic: 0 v1 -- 0x7f13b4113c50 con 0x7f13b4101670
2024-02-09T21:50:03.174 INFO:teuthology.orchestra.run.smithi006.stdout:/usr/bin/ceph: stderr
2024-02-09T21:50:02.302+0000 7f13b259c700 1 --2- >> [v2:172.21.15.6:3300/0,v1:172.21.15.6:6789/0] conn(0x7f13b4101670 0x7f13b4113710 unknown :-1 s=BANNER_CONNECTING pgs=0 cs=0 l=1 rev1=0 crypto rx=0 tx=0 comp rx=0 tx=0)._handle_peer_banner_payload supported=3 required=0
2024-02-09T21:50:03.174 INFO:teuthology.orchestra.run.smithi006.stdout:/usr/bin/ceph: stderr
2024-02-09T21:50:02.302+0000 7f13b259c700 1 --2- >> [v2:172.21.15.6:3300/0,v1:172.21.15.6:6789/0] conn(0x7f13b4101670 0x7f13b4113710 unknown :-1 s=HELLO_CONNECTING pgs=0 cs=0 l=1 rev1=1 crypto rx=0 tx=0 comp rx=0 tx=0).handle_hello peer v2:172.21.15.6:3300/0 says I am v2:172.21.15.6:57264/0 (socket says 172.21.15.6:57264)
2024-02-09T21:50:03.174 INFO:teuthology.orchestra.run.smithi006.stdout:/usr/bin/ceph: stderr
2024-02-09T21:50:02.302+0000 7f13b259c700 1 -- 172.21.15.6:0/2849363979 learned_addr learned my addr 172.21.15.6:0/2849363979 (peer_addr_for_me v2:172.21.15.6:0/0)
2024-02-09T21:50:03.174 INFO:teuthology.orchestra.run.smithi006.stdout:/usr/bin/ceph: stderr
2024-02-09T21:50:02.302+0000 7f13b259c700 1 -- 172.21.15.6:0/2849363979 --> [v2:172.21.15.6:3300/0,v1:172.21.15.6:6789/0] -- mon_subscribe({config=0+,monmap=0+}) v3 -- 0x7f13a400b790 con 0x7f13b4101670
2024-02-09T21:50:03.175 INFO:teuthology.orchestra.run.smithi006.stdout:/usr/bin/ceph: stderr
2024-02-09T21:50:02.302+0000 7f13b259c700 1 --2- 172.21.15.6:0/2849363979 >> [v2:172.21.15.6:3300/0,v1:172.21.15.6:6789/0] conn(0x7f13b4101670 0x7f13b4113710 secure :-1 s=READY pgs=27 cs=0 l=1 rev1=1 crypto rx=0x7f13a4010fa0 tx=0x7f13a400b4f0 comp rx=0 tx=0).ready entity=mon.0 client_cookie=0 server_cookie=0 in_seq=0 out_seq=0
2024-02-09T21:50:03.175 INFO:teuthology.orchestra.run.smithi006.stdout:/usr/bin/ceph: stderr
2024-02-09T21:50:02.302+0000 7f13a2ffd700 1 -- 172.21.15.6:0/2849363979 <== mon.0 v2:172.21.15.6:3300/0 1 ==== mon_map magic: 0 v1 ==== 229+0+0 (secure 0 0 0) 0x7f13a400dc70 con 0x7f13b4101670
2024-02-09T21:50:03.175 INFO:teuthology.orchestra.run.smithi006.stdout:/usr/bin/ceph: stderr
2024-02-09T21:50:02.303+0000 7f13b8e7e700 1 -- 172.21.15.6:0/2849363979 --> [v2:172.21.15.6:3300/0,v1:172.21.15.6:6789/0] -- mon_subscribe({mgrmap=0+}) v3 -- 0x7f13b4113e50 con 0x7f13b4101670
2024-02-09T21:50:03.175 INFO:teuthology.orchestra.run.smithi006.stdout:/usr/bin/ceph: stderr
2024-02-09T21:50:02.303+0000 7f13a2ffd700 1 -- 172.21.15.6:0/2849363979 <== mon.0 v2:172.21.15.6:3300/0 2 ==== config(27 keys) v1 ==== 1044+0+0 (secure 0 0 0) 0x7f13a4010bd0 con 0x7f13b4101670
2024-02-09T21:50:03.175 INFO:teuthology.orchestra.run.smithi006.stdout:/usr/bin/ceph: stderr
2024-02-09T21:50:02.303+0000 7f13a2ffd700 1 -- 172.21.15.6:0/2849363979 <== mon.0 v2:172.21.15.6:3300/0 3 ==== mon_map magic: 0 v1 ==== 229+0+0 (secure 0 0 0) 0x7f13a4021550 con 0x7f13b4101670
2024-02-09T21:50:03.175 INFO:teuthology.orchestra.run.smithi006.stdout:/usr/bin/ceph: stderr
2024-02-09T21:50:02.303+0000 7f13b8e7e700 1 -- 172.21.15.6:0/2849363979 --> [v2:172.21.15.6:3300/0,v1:172.21.15.6:6789/0] -- mon_subscribe({osdmap=0}) v3 -- 0x7f13b4114af0 con 0x7f13b4101670
2024-02-09T21:50:03.176 INFO:teuthology.orchestra.run.smithi006.stdout:/usr/bin/ceph: stderr
2024-02-09T21:50:02.304+0000 7f13a2ffd700 1 -- 172.21.15.6:0/2849363979 <== mon.0 v2:172.21.15.6:3300/0 4 ==== mgrmap(e 5) v1 ==== 43368+0+0 (secure 0 0 0) 0x7f13a40216b0 con 0x7f13b4101670
2024-02-09T21:50:03.176 INFO:teuthology.orchestra.run.smithi006.stdout:/usr/bin/ceph: stderr
2024-02-09T21:50:02.304+0000 7f13b8e7e700 1 -- 172.21.15.6:0/2849363979 --> [v2:172.21.15.6:3300/0,v1:172.21.15.6:6789/0] -- mon_command({"prefix": "get_command_descriptions"} v 0) v1 -- 0x7f13b405f5c0 con 0x7f13b4101670
2024-02-09T21:50:03.176 INFO:teuthology.orchestra.run.smithi006.stdout:/usr/bin/ceph: stderr
2024-02-09T21:50:02.304+0000 7f13a2ffd700 1 --2- 172.21.15.6:0/2849363979 >> [v2:172.21.15.6:6800/2325806844,v1:172.21.15.6:6801/2325806844] conn(0x7f139c0367e0 0x7f139c038c90 unknown :-1 s=NONE pgs=0 cs=0 l=1 rev1=0 crypto rx=0 tx=0 comp rx=0 tx=0).connect
2024-02-09T21:50:03.176 INFO:teuthology.orchestra.run.smithi006.stdout:/usr/bin/ceph: stderr
2024-02-09T21:50:02.304+0000 7f13a2ffd700 1 -- 172.21.15.6:0/2849363979 <== mon.0 v2:172.21.15.6:3300/0 5 ==== osd_map(1..1 src has 1..1) v4 ==== 721+0+0 (secure 0 0 0) 0x7f13a4014070 con 0x7f13b4101670
2024-02-09T21:50:03.176 INFO:teuthology.orchestra.run.smithi006.stdout:/usr/bin/ceph: stderr
2024-02-09T21:50:02.304+0000 7f13b1d9b700 1 -- 172.21.15.6:0/2849363979 >> [v2:172.21.15.6:6800/2325806844,v1:172.21.15.6:6801/2325806844] conn(0x7f139c0367e0 msgr2=0x7f139c038c90 unknown :-1 s=STATE_CONNECTING_RE l=1).process reconnect failed to v2:172.21.15.6:6800/2325806844
2024-02-09T21:50:03.176 INFO:teuthology.orchestra.run.smithi006.stdout:/usr/bin/ceph: stderr
2024-02-09T21:50:02.304+0000 7f13b1d9b700 1 --2- 172.21.15.6:0/2849363979 >> [v2:172.21.15.6:6800/2325806844,v1:172.21.15.6:6801/2325806844] conn(0x7f139c0367e0 0x7f139c038c90 unknown :-1 s=START_CONNECT pgs=0 cs=0 l=1 rev1=0 crypto rx=0 tx=0 comp rx=0 tx=0)._fault waiting 0.200000
2024-02-09T21:50:03.177 INFO:teuthology.orchestra.run.smithi006.stdout:/usr/bin/ceph: stderr
2024-02-09T21:50:02.313+0000 7f13a2ffd700 1 -- 172.21.15.6:0/2849363979 <== mon.0 v2:172.21.15.6:3300/0 6 ==== mon_command_ack([{"prefix": "get_command_descriptions"}]=0 v0) v1 ==== 72+0+175031 (secure 0 0 0) 0x7f13a400e920 con 0x7f13b4101670
2024-02-09T21:50:03.177 INFO:teuthology.orchestra.run.smithi006.stdout:/usr/bin/ceph: stderr
2024-02-09T21:50:02.505+0000 7f13b1d9b700 1 -- 172.21.15.6:0/2849363979 >> [v2:172.21.15.6:6800/2325806844,v1:172.21.15.6:6801/2325806844] conn(0x7f139c0367e0 msgr2=0x7f139c038c90 unknown :-1 s=STATE_CONNECTING_RE l=1).process reconnect failed to v2:172.21.15.6:6800/2325806844
2024-02-09T21:50:03.177 INFO:teuthology.orchestra.run.smithi006.stdout:/usr/bin/ceph: stderr
2024-02-09T21:50:02.505+0000 7f13b1d9b700 1 --2- 172.21.15.6:0/2849363979 >> [v2:172.21.15.6:6800/2325806844,v1:172.21.15.6:6801/2325806844] conn(0x7f139c0367e0 0x7f139c038c90 unknown :-1 s=START_CONNECT pgs=0 cs=0 l=1 rev1=0 crypto rx=0 tx=0 comp rx=0 tx=0)._fault waiting 0.400000
2024-02-09T21:50:03.177 INFO:teuthology.orchestra.run.smithi006.stdout:/usr/bin/ceph: stderr
2024-02-09T21:50:02.559+0000 7f13b8e7e700 1 -- 172.21.15.6:0/2849363979 --> [v2:172.21.15.6:3300/0,v1:172.21.15.6:6789/0] -- mon_command({"prefix": "mgr stat"} v 0) v1 -- 0x7f13b4115600 con 0x7f13b4101670
2024-02-09T21:50:03.177 INFO:teuthology.orchestra.run.smithi006.stdout:/usr/bin/ceph: stderr
2024-02-09T21:50:02.560+0000 7f13a2ffd700 1 -- 172.21.15.6:0/2849363979 <== mon.0 v2:172.21.15.6:3300/0 7 ==== mon_command_ack([{"prefix": "mgr stat"}]=0 v5) v1 ==== 56+0+103 (secure 0 0 0) 0x7f13a4026070 con 0x7f13b4101670
2024-02-09T21:50:03.177 INFO:teuthology.orchestra.run.smithi006.stdout:/usr/bin/ceph: stderr
2024-02-09T21:50:02.563+0000 7f13b8e7e700 1 -- 172.21.15.6:0/2849363979 >> [v2:172.21.15.6:6800/2325806844,v1:172.21.15.6:6801/2325806844] conn(0x7f139c0367e0 msgr2=0x7f139c038c90 unknown :-1 s=STATE_CONNECTING l=1).mark_down
2024-02-09T21:50:03.177 INFO:teuthology.orchestra.run.smithi006.stdout:/usr/bin/ceph: stderr
2024-02-09T21:50:02.563+0000 7f13b8e7e700 1 --2- 172.21.15.6:0/2849363979 >> [v2:172.21.15.6:6800/2325806844,v1:172.21.15.6:6801/2325806844] conn(0x7f139c0367e0 0x7f139c038c90 unknown :-1 s=START_CONNECT pgs=0 cs=0 l=1 rev1=0 crypto rx=0 tx=0 comp rx=0 tx=0).stop
2024-02-09T21:50:03.178 INFO:teuthology.orchestra.run.smithi006.stdout:/usr/bin/ceph: stderr
2024-02-09T21:50:02.563+0000 7f13b8e7e700 1 -- 172.21.15.6:0/2849363979 >> [v2:172.21.15.6:3300/0,v1:172.21.15.6:6789/0] conn(0x7f13b4101670 msgr2=0x7f13b4113710 secure :-1 s=STATE_CONNECTION_ESTABLISHED l=1).mark_down
2024-02-09T21:50:03.178 INFO:teuthology.orchestra.run.smithi006.stdout:/usr/bin/ceph: stderr
2024-02-09T21:50:02.563+0000 7f13b8e7e700 1 --2- 172.21.15.6:0/2849363979 >> [v2:172.21.15.6:3300/0,v1:172.21.15.6:6789/0] conn(0x7f13b4101670 0x7f13b4113710 secure :-1 s=READY pgs=27 cs=0 l=1 rev1=1 crypto rx=0x7f13a4010fa0 tx=0x7f13a400b4f0 comp rx=0 tx=0).stop
2024-02-09T21:50:03.178 INFO:teuthology.orchestra.run.smithi006.stdout:/usr/bin/ceph: stderr
2024-02-09T21:50:02.563+0000 7f13b8e7e700 1 -- 172.21.15.6:0/2849363979 shutdown_connections
2024-02-09T21:50:03.179 INFO:teuthology.orchestra.run.smithi006.stdout:/usr/bin/ceph: stderr
2024-02-09T21:50:02.563+0000 7f13b8e7e700 1 --2- 172.21.15.6:0/2849363979 >> [v2:172.21.15.6:6800/2325806844,v1:172.21.15.6:6801/2325806844] conn(0x7f139c0367e0 0x7f139c038c90 unknown :-1 s=CLOSED pgs=0 cs=0 l=1 rev1=0 crypto rx=0 tx=0 comp rx=0 tx=0).stop
2024-02-09T21:50:03.179 INFO:teuthology.orchestra.run.smithi006.stdout:/usr/bin/ceph: stderr
2024-02-09T21:50:02.563+0000 7f13b8e7e700 1 --2- 172.21.15.6:0/2849363979 >> [v2:172.21.15.6:3300/0,v1:172.21.15.6:6789/0] conn(0x7f13b4101670 0x7f13b4113710 unknown :-1 s=CLOSED pgs=27 cs=0 l=1 rev1=1 crypto rx=0 tx=0 comp rx=0 tx=0).stop
2024-02-09T21:50:03.179 INFO:teuthology.orchestra.run.smithi006.stdout:/usr/bin/ceph: stderr
2024-02-09T21:50:02.563+0000 7f13b8e7e700 1 -- 172.21.15.6:0/2849363979 >> 172.21.15.6:0/2849363979 conn(0x7f13b40fcdd0 msgr2=0x7f13b40ff180 unknown :-1 s=STATE_NONE l=0).mark_down
2024-02-09T21:50:03.179 INFO:teuthology.orchestra.run.smithi006.stdout:/usr/bin/ceph: stderr
2024-02-09T21:50:02.563+0000 7f13b8e7e700 1 -- 172.21.15.6:0/2849363979 shutdown_connections
2024-02-09T21:50:03.179 INFO:teuthology.orchestra.run.smithi006.stdout:/usr/bin/ceph: stderr
2024-02-09T21:50:02.563+0000 7f13b8e7e700 1 -- 172.21.15.6:0/2849363979 wait complete.
2024-02-09T21:50:03.179 INFO:teuthology.orchestra.run.smithi006.stdout:Waiting for the mgr to restart...
2024-02-09T21:50:03.180 INFO:teuthology.orchestra.run.smithi006.stdout:Waiting for mgr epoch 5...
2024-02-09T21:50:03.468 INFO:journalctl@ceph.mon.smithi006.smithi006.stdout:Feb 09 21:50:03 smithi006 ceph-mon[29258]: from='client.? 172.21.15.6:0/2849363979' entity='client.admin' cmd=[{"prefix": "mgr stat"}]: dispatch
2024-02-09T21:50:08.407 INFO:journalctl@ceph.mon.smithi006.smithi006.stdout:Feb 09 21:50:08 smithi006 ceph-mon[29258]: Active manager daemon smithi006.glirxt restarted
2024-02-09T21:50:08.407 INFO:journalctl@ceph.mon.smithi006.smithi006.stdout:Feb 09 21:50:08 smithi006 ceph-mon[29258]: Activating manager daemon smithi006.glirxt
2024-02-09T21:50:08.407 INFO:journalctl@ceph.mon.smithi006.smithi006.stdout:Feb 09 21:50:08 smithi006 ceph-mon[29258]: osdmap e2: 0 total, 0 up, 0 in
2024-02-09T21:50:08.407 INFO:journalctl@ceph.mon.smithi006.smithi006.stdout:Feb 09 21:50:08 smithi006 ceph-mon[29258]: mgrmap e6: smithi006.glirxt(active, starting, since 0.00319319s)
2024-02-09T21:50:08.407 INFO:journalctl@ceph.mon.smithi006.smithi006.stdout:Feb 09 21:50:08 smithi006 ceph-mon[29258]: from='mgr.14120 172.21.15.6:0/3931215362' entity='mgr.smithi006.glirxt' cmd=[{"prefix": "mon metadata", "id": "smithi006"}]: dispatch
2024-02-09T21:50:08.407 INFO:journalctl@ceph.mon.smithi006.smithi006.stdout:Feb 09 21:50:08 smithi006 ceph-mon[29258]: from='mgr.14120 172.21.15.6:0/3931215362' entity='mgr.smithi006.glirxt' cmd=[{"prefix": "mgr metadata", "who": "smithi006.glirxt", "id": "smithi006.glirxt"}]: dispatch
2024-02-09T21:50:08.408 INFO:journalctl@ceph.mon.smithi006.smithi006.stdout:Feb 09 21:50:08 smithi006 ceph-mon[29258]: from='mgr.14120 172.21.15.6:0/3931215362' entity='mgr.smithi006.glirxt' cmd=[{"prefix": "mds metadata"}]: dispatch
2024-02-09T21:50:08.408 INFO:journalctl@ceph.mon.smithi006.smithi006.stdout:Feb 09 21:50:08 smithi006 ceph-mon[29258]: from='mgr.14120 172.21.15.6:0/3931215362' entity='mgr.smithi006.glirxt' cmd=[{"prefix": "osd metadata"}]: dispatch
2024-02-09T21:50:08.408 INFO:journalctl@ceph.mon.smithi006.smithi006.stdout:Feb 09 21:50:08 smithi006 ceph-mon[29258]: from='mgr.14120 172.21.15.6:0/3931215362' entity='mgr.smithi006.glirxt' cmd=[{"prefix": "mon metadata"}]: dispatch
2024-02-09T21:50:08.408 INFO:journalctl@ceph.mon.smithi006.smithi006.stdout:Feb 09 21:50:08 smithi006 ceph-mon[29258]: Manager daemon smithi006.glirxt is now available
2024-02-09T21:50:08.408 INFO:journalctl@ceph.mon.smithi006.smithi006.stdout:Feb 09 21:50:08 smithi006 ceph-mon[29258]: from='mgr.14120 172.21.15.6:0/3931215362' entity='mgr.smithi006.glirxt'
2024-02-09T21:50:08.408 INFO:journalctl@ceph.mon.smithi006.smithi006.stdout:Feb 09 21:50:08 smithi006 ceph-mon[29258]: from='mgr.14120 172.21.15.6:0/3931215362' entity='mgr.smithi006.glirxt'
2024-02-09T21:50:08.408 INFO:journalctl@ceph.mon.smithi006.smithi006.stdout:Feb 09 21:50:08 smithi006 ceph-mon[29258]: from='mgr.14120 172.21.15.6:0/3931215362' entity='mgr.smithi006.glirxt' cmd=[{"prefix": "config dump", "format": "json"}]: dispatch
2024-02-09T21:50:08.408 INFO:journalctl@ceph.mon.smithi006.smithi006.stdout:Feb 09 21:50:08 smithi006 ceph-mon[29258]: from='mgr.14120 172.21.15.6:0/3931215362' entity='mgr.smithi006.glirxt' cmd=[{"prefix": "config dump", "format": "json"}]: dispatch
2024-02-09T21:50:08.408 INFO:journalctl@ceph.mon.smithi006.smithi006.stdout:Feb 09 21:50:08 smithi006 ceph-mon[29258]: from='mgr.14120 172.21.15.6:0/3931215362' entity='mgr.smithi006.glirxt' cmd=[{"prefix": "config dump", "format": "json"}]: dispatch
2024-02-09T21:50:09.305 INFO:journalctl@ceph.mon.smithi006.smithi006.stdout:Feb 09 21:50:09 smithi006 ceph-mon[29258]: Found migration_current of "None". Setting to last migration.
2024-02-09T21:50:09.305 INFO:journalctl@ceph.mon.smithi006.smithi006.stdout:Feb 09 21:50:09 smithi006 ceph-mon[29258]: from='mgr.14120 172.21.15.6:0/3931215362' entity='mgr.smithi006.glirxt' cmd=[{"prefix":"config rm","who":"mgr","name":"mgr/rbd_support/smithi006.glirxt/mirror_snapshot_schedule"}]: dispatch
2024-02-09T21:50:09.305 INFO:journalctl@ceph.mon.smithi006.smithi006.stdout:Feb 09 21:50:09 smithi006 ceph-mon[29258]: from='mgr.14120 172.21.15.6:0/3931215362' entity='mgr.smithi006.glirxt' cmd=[{"prefix":"config rm","who":"mgr","name":"mgr/rbd_support/smithi006.glirxt/trash_purge_schedule"}]: dispatch
2024-02-09T21:50:09.305 INFO:journalctl@ceph.mon.smithi006.smithi006.stdout:Feb 09 21:50:09 smithi006 ceph-mon[29258]: mgrmap e7: smithi006.glirxt(active, since 1.00578s)
2024-02-09T21:50:09.624 INFO:teuthology.orchestra.run.smithi006.stdout:/usr/bin/ceph: stdout {
2024-02-09T21:50:09.624 INFO:teuthology.orchestra.run.smithi006.stdout:/usr/bin/ceph: stdout "mgrmap_epoch": 7,
2024-02-09T21:50:09.624 INFO:teuthology.orchestra.run.smithi006.stdout:/usr/bin/ceph: stdout "initialized": true
2024-02-09T21:50:09.624 INFO:teuthology.orchestra.run.smithi006.stdout:/usr/bin/ceph: stdout }
2024-02-09T21:50:09.624 INFO:teuthology.orchestra.run.smithi006.stdout:/usr/bin/ceph: stderr
2024-02-09T21:50:03.590+0000 7f3391c1e700 1 Processor -- start
2024-02-09T21:50:09.624 INFO:teuthology.orchestra.run.smithi006.stdout:/usr/bin/ceph: stderr
2024-02-09T21:50:03.590+0000 7f3391c1e700 1 -- start start
2024-02-09T21:50:09.624 INFO:teuthology.orchestra.run.smithi006.stdout:/usr/bin/ceph: stderr
2024-02-09T21:50:03.590+0000 7f3391c1e700 1 --2- >> [v2:172.21.15.6:3300/0,v1:172.21.15.6:6789/0] conn(0x7f338c071480 0x7f338c105380 unknown :-1 s=NONE pgs=0 cs=0 l=0 rev1=0 crypto rx=0 tx=0 comp rx=0 tx=0).connect
2024-02-09T21:50:09.624 INFO:teuthology.orchestra.run.smithi006.stdout:/usr/bin/ceph: stderr
2024-02-09T21:50:03.590+0000 7f3391c1e700 1 -- --> [v2:172.21.15.6:3300/0,v1:172.21.15.6:6789/0] -- mon_getmap magic: 0 v1 -- 0x7f338c1058c0 con 0x7f338c071480
2024-02-09T21:50:09.624 INFO:teuthology.orchestra.run.smithi006.stdout:/usr/bin/ceph: stderr
2024-02-09T21:50:03.591+0000 7f338b7fe700 1 --2- >> [v2:172.21.15.6:3300/0,v1:172.21.15.6:6789/0] conn(0x7f338c071480 0x7f338c105380 unknown :-1 s=BANNER_CONNECTING pgs=0 cs=0 l=0 rev1=0 crypto rx=0 tx=0 comp rx=0 tx=0)._handle_peer_banner_payload supported=3 required=0
2024-02-09T21:50:09.624 INFO:teuthology.orchestra.run.smithi006.stdout:/usr/bin/ceph: stderr
2024-02-09T21:50:03.591+0000 7f338b7fe700 1 --2- >> [v2:172.21.15.6:3300/0,v1:172.21.15.6:6789/0] conn(0x7f338c071480 0x7f338c105380 unknown :-1 s=HELLO_CONNECTING pgs=0 cs=0 l=0 rev1=1 crypto rx=0 tx=0 comp rx=0 tx=0).handle_hello peer v2:172.21.15.6:3300/0 says I am v2:172.21.15.6:57274/0 (socket says 172.21.15.6:57274)
2024-02-09T21:50:09.625 INFO:teuthology.orchestra.run.smithi006.stdout:/usr/bin/ceph: stderr
2024-02-09T21:50:03.591+0000 7f338b7fe700 1 -- 172.21.15.6:0/3933257934 learned_addr learned my addr 172.21.15.6:0/3933257934 (peer_addr_for_me v2:172.21.15.6:0/0)
2024-02-09T21:50:09.625 INFO:teuthology.orchestra.run.smithi006.stdout:/usr/bin/ceph: stderr
2024-02-09T21:50:03.591+0000 7f338b7fe700 1 -- 172.21.15.6:0/3933257934 --> [v2:172.21.15.6:3300/0,v1:172.21.15.6:6789/0] -- mon_subscribe({config=0+,monmap=0+}) v3 -- 0x7f338c105a00 con 0x7f338c071480
2024-02-09T21:50:09.625 INFO:teuthology.orchestra.run.smithi006.stdout:/usr/bin/ceph: stderr
2024-02-09T21:50:03.591+0000 7f338b7fe700 1 --2- 172.21.15.6:0/3933257934 >> [v2:172.21.15.6:3300/0,v1:172.21.15.6:6789/0] conn(0x7f338c071480 0x7f338c105380 secure :-1 s=READY pgs=28 cs=0 l=1 rev1=1 crypto rx=0x7f33800098e0 tx=0x7f3380009250 comp rx=0 tx=0).ready entity=mon.0 client_cookie=b8021d49c59c1f54 server_cookie=0 in_seq=0 out_seq=0
2024-02-09T21:50:09.625 INFO:teuthology.orchestra.run.smithi006.stdout:/usr/bin/ceph: stderr
2024-02-09T21:50:03.591+0000 7f338a7fc700 1 -- 172.21.15.6:0/3933257934 <== mon.0 v2:172.21.15.6:3300/0 1 ==== mon_map magic: 0 v1 ==== 229+0+0 (secure 0 0 0) 0x7f338000b860 con 0x7f338c071480
2024-02-09T21:50:09.625 INFO:teuthology.orchestra.run.smithi006.stdout:/usr/bin/ceph: stderr
2024-02-09T21:50:03.591+0000 7f338a7fc700 1 -- 172.21.15.6:0/3933257934 <== mon.0 v2:172.21.15.6:3300/0 2 ==== config(27 keys) v1 ==== 1044+0+0 (secure 0 0 0) 0x7f338000be50 con 0x7f338c071480
2024-02-09T21:50:09.625 INFO:teuthology.orchestra.run.smithi006.stdout:/usr/bin/ceph: stderr
2024-02-09T21:50:03.591+0000 7f338a7fc700 1 -- 172.21.15.6:0/3933257934 <== mon.0 v2:172.21.15.6:3300/0 3 ==== mon_map magic: 0 v1 ==== 229+0+0 (secure 0 0 0) 0x7f3380010380 con 0x7f338c071480
2024-02-09T21:50:09.625 INFO:teuthology.orchestra.run.smithi006.stdout:/usr/bin/ceph: stderr
2024-02-09T21:50:03.592+0000 7f3391c1e700 1 -- 172.21.15.6:0/3933257934 >> [v2:172.21.15.6:3300/0,v1:172.21.15.6:6789/0] conn(0x7f338c071480 msgr2=0x7f338c105380 secure :-1 s=STATE_CONNECTION_ESTABLISHED l=1).mark_down
2024-02-09T21:50:09.625 INFO:teuthology.orchestra.run.smithi006.stdout:/usr/bin/ceph: stderr
2024-02-09T21:50:03.592+0000 7f3391c1e700 1 --2- 172.21.15.6:0/3933257934 >> [v2:172.21.15.6:3300/0,v1:172.21.15.6:6789/0] conn(0x7f338c071480 0x7f338c105380 secure :-1 s=READY pgs=28 cs=0 l=1 rev1=1 crypto rx=0x7f33800098e0 tx=0x7f3380009250 comp rx=0 tx=0).stop
2024-02-09T21:50:09.625 INFO:teuthology.orchestra.run.smithi006.stdout:/usr/bin/ceph: stderr
2024-02-09T21:50:03.592+0000 7f3391c1e700 1 -- 172.21.15.6:0/3933257934 shutdown_connections
2024-02-09T21:50:09.625 INFO:teuthology.orchestra.run.smithi006.stdout:/usr/bin/ceph: stderr
2024-02-09T21:50:03.592+0000 7f3391c1e700 1 --2- 172.21.15.6:0/3933257934 >> [v2:172.21.15.6:3300/0,v1:172.21.15.6:6789/0] conn(0x7f338c071480 0x7f338c105380 unknown :-1 s=CLOSED pgs=28 cs=0 l=1 rev1=1 crypto rx=0 tx=0 comp rx=0 tx=0).stop
2024-02-09T21:50:09.625 INFO:teuthology.orchestra.run.smithi006.stdout:/usr/bin/ceph: stderr
2024-02-09T21:50:03.592+0000 7f3391c1e700 1 -- 172.21.15.6:0/3933257934 >> 172.21.15.6:0/3933257934 conn(0x7f338c0fcdd0 msgr2=0x7f338c0ff200 unknown :-1 s=STATE_NONE l=0).mark_down
2024-02-09T21:50:09.625 INFO:teuthology.orchestra.run.smithi006.stdout:/usr/bin/ceph: stderr
2024-02-09T21:50:03.592+0000 7f3391c1e700 1 -- 172.21.15.6:0/3933257934 shutdown_connections
2024-02-09T21:50:09.625 INFO:teuthology.orchestra.run.smithi006.stdout:/usr/bin/ceph: stderr
2024-02-09T21:50:03.592+0000 7f3391c1e700 1 -- 172.21.15.6:0/3933257934 wait complete.
2024-02-09T21:50:09.625 INFO:teuthology.orchestra.run.smithi006.stdout:/usr/bin/ceph: stderr
2024-02-09T21:50:03.593+0000 7f3391c1e700 1 Processor -- start
2024-02-09T21:50:09.625 INFO:teuthology.orchestra.run.smithi006.stdout:/usr/bin/ceph: stderr
2024-02-09T21:50:03.593+0000 7f3391c1e700 1 -- start start
2024-02-09T21:50:09.626 INFO:teuthology.orchestra.run.smithi006.stdout:/usr/bin/ceph: stderr
2024-02-09T21:50:03.593+0000 7f3391c1e700 1 --2- >> [v2:172.21.15.6:3300/0,v1:172.21.15.6:6789/0] conn(0x7f338c071480 0x7f338c102e00 unknown :-1 s=NONE pgs=0 cs=0 l=1 rev1=0 crypto rx=0 tx=0 comp rx=0 tx=0).connect
2024-02-09T21:50:09.626 INFO:teuthology.orchestra.run.smithi006.stdout:/usr/bin/ceph: stderr
2024-02-09T21:50:03.593+0000 7f3391c1e700 1 -- --> [v2:172.21.15.6:3300/0,v1:172.21.15.6:6789/0] -- mon_getmap magic: 0 v1 -- 0x7f338c101280 con 0x7f338c071480
2024-02-09T21:50:09.626 INFO:teuthology.orchestra.run.smithi006.stdout:/usr/bin/ceph: stderr
2024-02-09T21:50:03.593+0000 7f338b7fe700 1 --2- >> [v2:172.21.15.6:3300/0,v1:172.21.15.6:6789/0] conn(0x7f338c071480 0x7f338c102e00 unknown :-1 s=BANNER_CONNECTING pgs=0 cs=0 l=1 rev1=0 crypto rx=0 tx=0 comp rx=0 tx=0)._handle_peer_banner_payload supported=3 required=0
2024-02-09T21:50:09.626 INFO:teuthology.orchestra.run.smithi006.stdout:/usr/bin/ceph: stderr
2024-02-09T21:50:03.593+0000 7f338b7fe700 1 --2- >> [v2:172.21.15.6:3300/0,v1:172.21.15.6:6789/0] conn(0x7f338c071480 0x7f338c102e00 unknown :-1 s=HELLO_CONNECTING pgs=0 cs=0 l=1 rev1=1 crypto rx=0 tx=0 comp rx=0 tx=0).handle_hello peer v2:172.21.15.6:3300/0 says I am v2:172.21.15.6:57286/0 (socket says 172.21.15.6:57286)
2024-02-09T21:50:09.626 INFO:teuthology.orchestra.run.smithi006.stdout:/usr/bin/ceph: stderr
2024-02-09T21:50:03.593+0000 7f338b7fe700 1 -- 172.21.15.6:0/2640169591 learned_addr learned my addr 172.21.15.6:0/2640169591 (peer_addr_for_me v2:172.21.15.6:0/0)
2024-02-09T21:50:09.626 INFO:teuthology.orchestra.run.smithi006.stdout:/usr/bin/ceph: stderr
2024-02-09T21:50:03.593+0000 7f338b7fe700 1 -- 172.21.15.6:0/2640169591 --> [v2:172.21.15.6:3300/0,v1:172.21.15.6:6789/0] -- mon_subscribe({config=0+,monmap=0+}) v3 -- 0x7f33800094f0 con 0x7f338c071480
2024-02-09T21:50:09.626 INFO:teuthology.orchestra.run.smithi006.stdout:/usr/bin/ceph: stderr
2024-02-09T21:50:03.593+0000 7f338b7fe700 1 --2- 172.21.15.6:0/2640169591 >> [v2:172.21.15.6:3300/0,v1:172.21.15.6:6789/0] conn(0x7f338c071480 0x7f338c102e00 secure :-1 s=READY pgs=29 cs=0 l=1 rev1=1 crypto rx=0x7f3380003050 tx=0x7f3380009250 comp rx=0 tx=0).ready entity=mon.0 client_cookie=0 server_cookie=0 in_seq=0 out_seq=0
2024-02-09T21:50:09.626 INFO:teuthology.orchestra.run.smithi006.stdout:/usr/bin/ceph: stderr
2024-02-09T21:50:03.594+0000 7f3373fff700 1 -- 172.21.15.6:0/2640169591 <== mon.0 v2:172.21.15.6:3300/0 1 ==== mon_map magic: 0 v1 ==== 229+0+0 (secure 0 0 0) 0x7f3380010760 con 0x7f338c071480
2024-02-09T21:50:09.626 INFO:teuthology.orchestra.run.smithi006.stdout:/usr/bin/ceph: stderr
2024-02-09T21:50:03.594+0000 7f3391c1e700 1 -- 172.21.15.6:0/2640169591 --> [v2:172.21.15.6:3300/0,v1:172.21.15.6:6789/0] -- mon_subscribe({mgrmap=0+}) v3 -- 0x7f338c101480 con 0x7f338c071480
2024-02-09T21:50:09.626 INFO:teuthology.orchestra.run.smithi006.stdout:/usr/bin/ceph: stderr
2024-02-09T21:50:03.594+0000 7f3373fff700 1 -- 172.21.15.6:0/2640169591 <== mon.0 v2:172.21.15.6:3300/0 2 ==== config(27 keys) v1 ==== 1044+0+0 (secure 0 0 0) 0x7f3380010d50 con 0x7f338c071480
2024-02-09T21:50:09.626 INFO:teuthology.orchestra.run.smithi006.stdout:/usr/bin/ceph: stderr
2024-02-09T21:50:03.594+0000 7f3373fff700 1 -- 172.21.15.6:0/2640169591 <== mon.0 v2:172.21.15.6:3300/0 3 ==== mon_map magic: 0 v1 ==== 229+0+0 (secure 0 0 0) 0x7f338001ae20 con 0x7f338c071480
2024-02-09T21:50:09.626 INFO:teuthology.orchestra.run.smithi006.stdout:/usr/bin/ceph: stderr
2024-02-09T21:50:03.594+0000 7f3391c1e700 1 -- 172.21.15.6:0/2640169591 --> [v2:172.21.15.6:3300/0,v1:172.21.15.6:6789/0] -- mon_subscribe({osdmap=0}) v3 -- 0x7f338c101910 con 0x7f338c071480
2024-02-09T21:50:09.626 INFO:teuthology.orchestra.run.smithi006.stdout:/usr/bin/ceph: stderr
2024-02-09T21:50:03.594+0000 7f3373fff700 1 -- 172.21.15.6:0/2640169591 <== mon.0 v2:172.21.15.6:3300/0 4 ==== mgrmap(e 5) v1 ==== 43368+0+0 (secure 0 0 0) 0x7f338002e440 con 0x7f338c071480
2024-02-09T21:50:09.626 INFO:teuthology.orchestra.run.smithi006.stdout:/usr/bin/ceph: stderr
2024-02-09T21:50:03.595+0000 7f3373fff700 1 --2- 172.21.15.6:0/2640169591 >> [v2:172.21.15.6:6800/2325806844,v1:172.21.15.6:6801/2325806844] conn(0x7f3374036770 0x7f3374038c20 unknown :-1 s=NONE pgs=0 cs=0 l=1 rev1=0 crypto rx=0 tx=0 comp rx=0 tx=0).connect
2024-02-09T21:50:09.626 INFO:teuthology.orchestra.run.smithi006.stdout:/usr/bin/ceph: stderr
2024-02-09T21:50:03.595+0000 7f3373fff700 1 -- 172.21.15.6:0/2640169591 --> [v2:172.21.15.6:6800/2325806844,v1:172.21.15.6:6801/2325806844] -- command(tid 0: {"prefix": "get_command_descriptions"}) v1 -- 0x7f3374039330 con 0x7f3374036770
2024-02-09T21:50:09.627 INFO:teuthology.orchestra.run.smithi006.stdout:/usr/bin/ceph: stderr
2024-02-09T21:50:03.595+0000 7f3373fff700 1 -- 172.21.15.6:0/2640169591 <== mon.0 v2:172.21.15.6:3300/0 5 ==== osd_map(1..1 src has 1..1) v4 ==== 721+0+0 (secure 0 0 0) 0x7f338004a4f0 con 0x7f338c071480
2024-02-09T21:50:09.627 INFO:teuthology.orchestra.run.smithi006.stdout:/usr/bin/ceph: stderr
2024-02-09T21:50:03.595+0000 7f338affd700 1 -- 172.21.15.6:0/2640169591 >> [v2:172.21.15.6:6800/2325806844,v1:172.21.15.6:6801/2325806844] conn(0x7f3374036770 msgr2=0x7f3374038c20 unknown :-1 s=STATE_CONNECTING_RE l=1).process reconnect failed to v2:172.21.15.6:6800/2325806844
2024-02-09T21:50:09.627 INFO:teuthology.orchestra.run.smithi006.stdout:/usr/bin/ceph: stderr
2024-02-09T21:50:03.595+0000 7f338affd700 1 --2- 172.21.15.6:0/2640169591 >> [v2:172.21.15.6:6800/2325806844,v1:172.21.15.6:6801/2325806844] conn(0x7f3374036770 0x7f3374038c20 unknown :-1 s=START_CONNECT pgs=0 cs=0 l=1 rev1=0 crypto rx=0 tx=0 comp rx=0 tx=0)._fault waiting 0.200000
2024-02-09T21:50:09.627 INFO:teuthology.orchestra.run.smithi006.stdout:/usr/bin/ceph: stderr
2024-02-09T21:50:03.796+0000 7f338affd700 1 -- 172.21.15.6:0/2640169591 >> [v2:172.21.15.6:6800/2325806844,v1:172.21.15.6:6801/2325806844] conn(0x7f3374036770 msgr2=0x7f3374038c20 unknown :-1 s=STATE_CONNECTING_RE l=1).process reconnect failed to v2:172.21.15.6:6800/2325806844
2024-02-09T21:50:09.627 INFO:teuthology.orchestra.run.smithi006.stdout:/usr/bin/ceph: stderr
2024-02-09T21:50:03.796+0000 7f338affd700 1 --2- 172.21.15.6:0/2640169591 >> [v2:172.21.15.6:6800/2325806844,v1:172.21.15.6:6801/2325806844] conn(0x7f3374036770 0x7f3374038c20 unknown :-1 s=START_CONNECT pgs=0 cs=0 l=1 rev1=0 crypto rx=0 tx=0 comp rx=0 tx=0)._fault waiting 0.400000
2024-02-09T21:50:09.627 INFO:teuthology.orchestra.run.smithi006.stdout:/usr/bin/ceph: stderr
2024-02-09T21:50:04.197+0000 7f338affd700 1 -- 172.21.15.6:0/2640169591 >> [v2:172.21.15.6:6800/2325806844,v1:172.21.15.6:6801/2325806844] conn(0x7f3374036770 msgr2=0x7f3374038c20 unknown :-1 s=STATE_CONNECTING_RE l=1).process reconnect failed to v2:172.21.15.6:6800/2325806844
2024-02-09T21:50:09.627 INFO:teuthology.orchestra.run.smithi006.stdout:/usr/bin/ceph: stderr
2024-02-09T21:50:04.197+0000 7f338affd700 1 --2- 172.21.15.6:0/2640169591 >> [v2:172.21.15.6:6800/2325806844,v1:172.21.15.6:6801/2325806844] conn(0x7f3374036770 0x7f3374038c20 unknown :-1 s=START_CONNECT pgs=0 cs=0 l=1 rev1=0 crypto rx=0 tx=0 comp rx=0 tx=0)._fault waiting 0.800000
2024-02-09T21:50:09.627 INFO:teuthology.orchestra.run.smithi006.stdout:/usr/bin/ceph: stderr
2024-02-09T21:50:04.998+0000 7f338affd700 1 -- 172.21.15.6:0/2640169591 >> [v2:172.21.15.6:6800/2325806844,v1:172.21.15.6:6801/2325806844] conn(0x7f3374036770 msgr2=0x7f3374038c20 unknown :-1 s=STATE_CONNECTING_RE l=1).process reconnect failed to v2:172.21.15.6:6800/2325806844
2024-02-09T21:50:09.627 INFO:teuthology.orchestra.run.smithi006.stdout:/usr/bin/ceph: stderr
2024-02-09T21:50:04.998+0000 7f338affd700 1 --2- 172.21.15.6:0/2640169591 >> [v2:172.21.15.6:6800/2325806844,v1:172.21.15.6:6801/2325806844] conn(0x7f3374036770 0x7f3374038c20 unknown :-1 s=START_CONNECT pgs=0 cs=0 l=1 rev1=0 crypto rx=0 tx=0 comp rx=0 tx=0)._fault waiting 1.600000
2024-02-09T21:50:09.627 INFO:teuthology.orchestra.run.smithi006.stdout:/usr/bin/ceph: stderr
2024-02-09T21:50:06.599+0000 7f338affd700 1 -- 172.21.15.6:0/2640169591 >> [v2:172.21.15.6:6800/2325806844,v1:172.21.15.6:6801/2325806844] conn(0x7f3374036770 msgr2=0x7f3374038c20 unknown :-1 s=STATE_CONNECTING_RE l=1).process reconnect failed to v2:172.21.15.6:6800/2325806844
2024-02-09T21:50:09.627 INFO:teuthology.orchestra.run.smithi006.stdout:/usr/bin/ceph: stderr
2024-02-09T21:50:06.599+0000 7f338affd700 1 --2- 172.21.15.6:0/2640169591 >> [v2:172.21.15.6:6800/2325806844,v1:172.21.15.6:6801/2325806844] conn(0x7f3374036770 0x7f3374038c20 unknown :-1 s=START_CONNECT pgs=0 cs=0 l=1 rev1=0 crypto rx=0 tx=0 comp rx=0 tx=0)._fault waiting 3.200000
2024-02-09T21:50:09.627 INFO:teuthology.orchestra.run.smithi006.stdout:/usr/bin/ceph: stderr
2024-02-09T21:50:07.988+0000 7f3373fff700 1 -- 172.21.15.6:0/2640169591 <== mon.0 v2:172.21.15.6:3300/0 6 ==== mgrmap(e 6) v1 ==== 43135+0+0 (secure 0 0 0) 0x7f338002e880 con 0x7f338c071480
2024-02-09T21:50:09.627 INFO:teuthology.orchestra.run.smithi006.stdout:/usr/bin/ceph: stderr
2024-02-09T21:50:07.988+0000 7f3373fff700 1 -- 172.21.15.6:0/2640169591 >> [v2:172.21.15.6:6800/2325806844,v1:172.21.15.6:6801/2325806844] conn(0x7f3374036770 msgr2=0x7f3374038c20 unknown :-1 s=STATE_CONNECTING l=1).mark_down
2024-02-09T21:50:09.627 INFO:teuthology.orchestra.run.smithi006.stdout:/usr/bin/ceph: stderr
2024-02-09T21:50:07.988+0000 7f3373fff700 1 --2- 172.21.15.6:0/2640169591 >> [v2:172.21.15.6:6800/2325806844,v1:172.21.15.6:6801/2325806844] conn(0x7f3374036770 0x7f3374038c20 unknown :-1 s=START_CONNECT pgs=0 cs=0 l=1 rev1=0 crypto rx=0 tx=0 comp rx=0 tx=0).stop
2024-02-09T21:50:09.627 INFO:teuthology.orchestra.run.smithi006.stdout:/usr/bin/ceph: stderr
2024-02-09T21:50:08.990+0000 7f3373fff700 1 -- 172.21.15.6:0/2640169591 <== mon.0 v2:172.21.15.6:3300/0 7 ==== mgrmap(e 7) v1 ==== 43262+0+0 (secure 0 0 0) 0x7f3380008d10 con 0x7f338c071480
2024-02-09T21:50:09.628 INFO:teuthology.orchestra.run.smithi006.stdout:/usr/bin/ceph: stderr
2024-02-09T21:50:08.990+0000 7f3373fff700 1 --2- 172.21.15.6:0/2640169591 >> [v2:172.21.15.6:6800/1422219104,v1:172.21.15.6:6801/1422219104] conn(0x7f3374039ff0 0x7f337403c3d0 unknown :-1 s=NONE pgs=0 cs=0 l=1 rev1=0 crypto rx=0 tx=0 comp rx=0 tx=0).connect
2024-02-09T21:50:09.628 INFO:teuthology.orchestra.run.smithi006.stdout:/usr/bin/ceph: stderr
2024-02-09T21:50:08.991+0000 7f3373fff700 1 -- 172.21.15.6:0/2640169591 --> [v2:172.21.15.6:6800/1422219104,v1:172.21.15.6:6801/1422219104] -- command(tid 0: {"prefix": "get_command_descriptions"}) v1 -- 0x7f3374039330 con 0x7f3374039ff0
2024-02-09T21:50:09.628 INFO:teuthology.orchestra.run.smithi006.stdout:/usr/bin/ceph: stderr
2024-02-09T21:50:08.991+0000 7f338affd700 1 --2- 172.21.15.6:0/2640169591 >> [v2:172.21.15.6:6800/1422219104,v1:172.21.15.6:6801/1422219104] conn(0x7f3374039ff0 0x7f337403c3d0 unknown :-1 s=BANNER_CONNECTING pgs=0 cs=0 l=1 rev1=0 crypto rx=0 tx=0 comp rx=0 tx=0)._handle_peer_banner_payload supported=3 required=0
2024-02-09T21:50:09.628 INFO:teuthology.orchestra.run.smithi006.stdout:/usr/bin/ceph: stderr
2024-02-09T21:50:08.991+0000 7f338affd700 1 --2- 172.21.15.6:0/2640169591 >> [v2:172.21.15.6:6800/1422219104,v1:172.21.15.6:6801/1422219104] conn(0x7f3374039ff0 0x7f337403c3d0 secure :-1 s=READY pgs=3 cs=0 l=1 rev1=1 crypto rx=0x7f337c0039d0 tx=0x7f337c009350 comp rx=0 tx=0).ready entity=mgr.14120 client_cookie=0 server_cookie=0 in_seq=0 out_seq=0
2024-02-09T21:50:09.628 INFO:teuthology.orchestra.run.smithi006.stdout:/usr/bin/ceph: stderr
2024-02-09T21:50:08.992+0000 7f3373fff700 1 -- 172.21.15.6:0/2640169591 <== mgr.14120 v2:172.21.15.6:6800/1422219104 1 ==== command_reply(tid 0: 0 ) v1 ==== 8+0+6549 (secure 0 0 0) 0x7f3374039330 con 0x7f3374039ff0
2024-02-09T21:50:09.628 INFO:teuthology.orchestra.run.smithi006.stdout:/usr/bin/ceph: stderr
2024-02-09T21:50:08.998+0000 7f3391c1e700 1 -- 172.21.15.6:0/2640169591 --> [v2:172.21.15.6:6800/1422219104,v1:172.21.15.6:6801/1422219104] -- command(tid 1: {"prefix": "mgr_status"}) v1 -- 0x7f338c05f5c0 con 0x7f3374039ff0
2024-02-09T21:50:09.628 INFO:teuthology.orchestra.run.smithi006.stdout:/usr/bin/ceph: stderr
2024-02-09T21:50:08.998+0000 7f3373fff700 1 -- 172.21.15.6:0/2640169591 <== mgr.14120 v2:172.21.15.6:6800/1422219104 2 ==== command_reply(tid 1: 0 ) v1 ==== 8+0+51 (secure 0 0 0) 0x7f338c05f5c0 con 0x7f3374039ff0
2024-02-09T21:50:09.628 INFO:teuthology.orchestra.run.smithi006.stdout:/usr/bin/ceph: stderr
2024-02-09T21:50:08.999+0000 7f3391c1e700 1 -- 172.21.15.6:0/2640169591 >> [v2:172.21.15.6:6800/1422219104,v1:172.21.15.6:6801/1422219104] conn(0x7f3374039ff0 msgr2=0x7f337403c3d0 secure :-1 s=STATE_CONNECTION_ESTABLISHED l=1).mark_down
2024-02-09T21:50:09.628 INFO:teuthology.orchestra.run.smithi006.stdout:/usr/bin/ceph: stderr
2024-02-09T21:50:08.999+0000 7f3391c1e700 1 --2- 172.21.15.6:0/2640169591 >> [v2:172.21.15.6:6800/1422219104,v1:172.21.15.6:6801/1422219104] conn(0x7f3374039ff0 0x7f337403c3d0 secure :-1 s=READY pgs=3 cs=0 l=1 rev1=1 crypto rx=0x7f337c0039d0 tx=0x7f337c009350 comp rx=0 tx=0).stop
2024-02-09T21:50:09.628 INFO:teuthology.orchestra.run.smithi006.stdout:/usr/bin/ceph: stderr
2024-02-09T21:50:08.999+0000 7f3391c1e700 1 -- 172.21.15.6:0/2640169591 >> [v2:172.21.15.6:3300/0,v1:172.21.15.6:6789/0] conn(0x7f338c071480 msgr2=0x7f338c102e00 secure :-1 s=STATE_CONNECTION_ESTABLISHED l=1).mark_down
2024-02-09T21:50:09.628 INFO:teuthology.orchestra.run.smithi006.stdout:/usr/bin/ceph: stderr
2024-02-09T21:50:08.999+0000 7f3391c1e700 1 --2- 172.21.15.6:0/2640169591 >> [v2:172.21.15.6:3300/0,v1:172.21.15.6:6789/0] conn(0x7f338c071480 0x7f338c102e00 secure :-1 s=READY pgs=29 cs=0 l=1 rev1=1 crypto rx=0x7f3380003050 tx=0x7f3380009250 comp rx=0 tx=0).stop
2024-02-09T21:50:09.628 INFO:teuthology.orchestra.run.smithi006.stdout:/usr/bin/ceph: stderr
2024-02-09T21:50:08.999+0000 7f3391c1e700 1 -- 172.21.15.6:0/2640169591 shutdown_connections
2024-02-09T21:50:09.628 INFO:teuthology.orchestra.run.smithi006.stdout:/usr/bin/ceph: stderr
2024-02-09T21:50:08.999+0000 7f3391c1e700 1 --2- 172.21.15.6:0/2640169591 >> [v2:172.21.15.6:6800/1422219104,v1:172.21.15.6:6801/1422219104] conn(0x7f3374039ff0 0x7f337403c3d0 unknown :-1 s=CLOSED pgs=3 cs=0 l=1 rev1=1 crypto rx=0 tx=0 comp rx=0 tx=0).stop
2024-02-09T21:50:09.628 INFO:teuthology.orchestra.run.smithi006.stdout:/usr/bin/ceph: stderr
2024-02-09T21:50:08.999+0000 7f3391c1e700 1 --2- 172.21.15.6:0/2640169591 >> [v2:172.21.15.6:3300/0,v1:172.21.15.6:6789/0] conn(0x7f338c071480 0x7f338c102e00 unknown :-1 s=CLOSED pgs=29 cs=0 l=1 rev1=1 crypto rx=0 tx=0 comp rx=0 tx=0).stop
2024-02-09T21:50:09.628 INFO:teuthology.orchestra.run.smithi006.stdout:/usr/bin/ceph: stderr
2024-02-09T21:50:08.999+0000 7f3391c1e700 1 --2- 172.21.15.6:0/2640169591 >> [v2:172.21.15.6:6800/2325806844,v1:172.21.15.6:6801/2325806844] conn(0x7f3374036770 0x7f3374038c20 unknown :-1 s=CLOSED pgs=0 cs=0 l=1 rev1=0 crypto rx=0 tx=0 comp rx=0 tx=0).stop
2024-02-09T21:50:09.629 INFO:teuthology.orchestra.run.smithi006.stdout:/usr/bin/ceph: stderr
2024-02-09T21:50:08.999+0000 7f3391c1e700 1 -- 172.21.15.6:0/2640169591 >> 172.21.15.6:0/2640169591 conn(0x7f338c0fcdd0 msgr2=0x7f338c0fe4b0 unknown :-1 s=STATE_NONE l=0).mark_down
2024-02-09T21:50:09.629 INFO:teuthology.orchestra.run.smithi006.stdout:/usr/bin/ceph: stderr
2024-02-09T21:50:08.999+0000 7f3391c1e700 1 -- 172.21.15.6:0/2640169591 shutdown_connections
2024-02-09T21:50:09.629 INFO:teuthology.orchestra.run.smithi006.stdout:/usr/bin/ceph: stderr
