2024-02-09T22:42:08.070 INFO:teuthology.orchestra.run.smithi003.stdout:/usr/bin/ceph: stderr
2024-02-09T22:42:07.459+0000 7f07cdd9b700 1 --2- 172.21.15.3:0/2977398060 >> [v2:172.21.15.3:6800/284621866,v1:172.21.15.3:6801/284621866] conn(0x7f07b803c7b0 0x7f07b803eba0 secure :-1 s=READY pgs=5 cs=0 l=1 rev1=1 crypto rx=0x7f07c0003a10 tx=0x7f07c00092b0 comp rx=0 tx=0).ready entity=mgr.14148 client_cookie=0 server_cookie=0 in_seq=0 out_seq=0
2024-02-09T22:42:08.070 INFO:teuthology.orchestra.run.smithi003.stdout:/usr/bin/ceph: stderr
2024-02-09T22:42:07.459+0000 7f07bf7fe700 1 -- 172.21.15.3:0/2977398060 <== mgr.14148 v2:172.21.15.3:6800/284621866 1 ==== command_reply(tid 0: 0 ) v1 ==== 8+0+7774 (secure 0 0 0) 0x7f07d010b9d0 con 0x7f07b803c7b0
2024-02-09T22:42:08.070 INFO:teuthology.orchestra.run.smithi003.stdout:/usr/bin/ceph: stderr
2024-02-09T22:42:07.466+0000 7f07d4c76700 1 -- 172.21.15.3:0/2977398060 --> [v2:172.21.15.3:6800/284621866,v1:172.21.15.3:6801/284621866] -- command(tid 1: {"prefix": "mgr_status"}) v1 -- 0x7f07d010bb40 con 0x7f07b803c7b0
2024-02-09T22:42:08.070 INFO:teuthology.orchestra.run.smithi003.stdout:/usr/bin/ceph: stderr
2024-02-09T22:42:07.467+0000 7f07bf7fe700 1 -- 172.21.15.3:0/2977398060 <== mgr.14148 v2:172.21.15.3:6800/284621866 2 ==== command_reply(tid 1: 0 ) v1 ==== 8+0+52 (secure 0 0 0) 0x7f07d010bb40 con 0x7f07b803c7b0
2024-02-09T22:42:08.070 INFO:teuthology.orchestra.run.smithi003.stdout:/usr/bin/ceph: stderr
2024-02-09T22:42:07.467+0000 7f07d4c76700 1 -- 172.21.15.3:0/2977398060 >> [v2:172.21.15.3:6800/284621866,v1:172.21.15.3:6801/284621866] conn(0x7f07b803c7b0 msgr2=0x7f07b803eba0 secure :-1 s=STATE_CONNECTION_ESTABLISHED l=1).mark_down
2024-02-09T22:42:08.070 INFO:teuthology.orchestra.run.smithi003.stdout:/usr/bin/ceph: stderr
2024-02-09T22:42:07.467+0000 7f07d4c76700 1 --2- 172.21.15.3:0/2977398060 >> [v2:172.21.15.3:6800/284621866,v1:172.21.15.3:6801/284621866] conn(0x7f07b803c7b0 0x7f07b803eba0 secure :-1 s=READY pgs=5 cs=0 l=1 rev1=1 crypto rx=0x7f07c0003a10 tx=0x7f07c00092b0 comp rx=0 tx=0).stop
2024-02-09T22:42:08.070 INFO:teuthology.orchestra.run.smithi003.stdout:/usr/bin/ceph: stderr
2024-02-09T22:42:07.467+0000 7f07d4c76700 1 -- 172.21.15.3:0/2977398060 >> [v2:172.21.15.3:3300/0,v1:172.21.15.3:6789/0] conn(0x7f07d01082d0 msgr2=0x7f07d019b500 secure :-1 s=STATE_CONNECTION_ESTABLISHED l=1).mark_down
2024-02-09T22:42:08.070 INFO:teuthology.orchestra.run.smithi003.stdout:/usr/bin/ceph: stderr
2024-02-09T22:42:07.467+0000 7f07d4c76700 1 --2- 172.21.15.3:0/2977398060 >> [v2:172.21.15.3:3300/0,v1:172.21.15.3:6789/0] conn(0x7f07d01082d0 0x7f07d019b500 secure :-1 s=READY pgs=58 cs=0 l=1 rev1=1 crypto rx=0x7f07c4003f20 tx=0x7f07c4011b00 comp rx=0 tx=0).stop
2024-02-09T22:42:08.070 INFO:teuthology.orchestra.run.smithi003.stdout:/usr/bin/ceph: stderr
2024-02-09T22:42:07.467+0000 7f07d4c76700 1 -- 172.21.15.3:0/2977398060 shutdown_connections
2024-02-09T22:42:08.070 INFO:teuthology.orchestra.run.smithi003.stdout:/usr/bin/ceph: stderr
2024-02-09T22:42:07.467+0000 7f07d4c76700 1 --2- 172.21.15.3:0/2977398060 >> [v2:172.21.15.3:6800/284621866,v1:172.21.15.3:6801/284621866] conn(0x7f07b803c7b0 0x7f07b803eba0 unknown :-1 s=CLOSED pgs=5 cs=0 l=1 rev1=1 crypto rx=0 tx=0 comp rx=0 tx=0).stop
2024-02-09T22:42:08.070 INFO:teuthology.orchestra.run.smithi003.stdout:/usr/bin/ceph: stderr
2024-02-09T22:42:07.467+0000 7f07d4c76700 1 --2- 172.21.15.3:0/2977398060 >> [v2:172.21.15.3:3300/0,v1:172.21.15.3:6789/0] conn(0x7f07d01082d0 0x7f07d019b500 unknown :-1 s=CLOSED pgs=58 cs=0 l=1 rev1=1 crypto rx=0 tx=0 comp rx=0 tx=0).stop
2024-02-09T22:42:08.070 INFO:teuthology.orchestra.run.smithi003.stdout:/usr/bin/ceph: stderr
2024-02-09T22:42:07.467+0000 7f07d4c76700 1 --2- 172.21.15.3:0/2977398060 >> [v2:172.21.15.3:6800/2045974484,v1:172.21.15.3:6801/2045974484] conn(0x7f07b8038ee0 0x7f07b803b3a0 unknown :-1 s=CLOSED pgs=0 cs=0 l=1 rev1=0 crypto rx=0 tx=0 comp rx=0 tx=0).stop
2024-02-09T22:42:08.071 INFO:teuthology.orchestra.run.smithi003.stdout:/usr/bin/ceph: stderr
2024-02-09T22:42:07.467+0000 7f07d4c76700 1 -- 172.21.15.3:0/2977398060 >> 172.21.15.3:0/2977398060 conn(0x7f07d0101c60 msgr2=0x7f07d0102750 unknown :-1 s=STATE_NONE l=0).mark_down
2024-02-09T22:42:08.071 INFO:teuthology.orchestra.run.smithi003.stdout:/usr/bin/ceph: stderr
2024-02-09T22:42:07.467+0000 7f07d4c76700 1 -- 172.21.15.3:0/2977398060 shutdown_connections
2024-02-09T22:42:08.071 INFO:teuthology.orchestra.run.smithi003.stdout:/usr/bin/ceph: stderr
2024-02-09T22:42:07.467+0000 7f07d4c76700 1 -- 172.21.15.3:0/2977398060 wait complete.
2024-02-09T22:42:08.071 INFO:teuthology.orchestra.run.smithi003.stdout:mgr epoch 9 is available
2024-02-09T22:42:08.071 INFO:teuthology.orchestra.run.smithi003.stdout:Generating a dashboard self-signed certificate...
2024-02-09T22:42:09.395 INFO:teuthology.orchestra.run.smithi003.stdout:/usr/bin/ceph: stdout Self-signed certificate created
2024-02-09T22:42:09.395 INFO:teuthology.orchestra.run.smithi003.stdout:/usr/bin/ceph: stderr
2024-02-09T22:42:08.473+0000 7f5facf25700 1 Processor -- start
2024-02-09T22:42:09.395 INFO:teuthology.orchestra.run.smithi003.stdout:/usr/bin/ceph: stderr
2024-02-09T22:42:08.473+0000 7f5facf25700 1 -- start start
2024-02-09T22:42:09.395 INFO:teuthology.orchestra.run.smithi003.stdout:/usr/bin/ceph: stderr
2024-02-09T22:42:08.473+0000 7f5facf25700 1 --2- >> [v2:172.21.15.3:3300/0,v1:172.21.15.3:6789/0] conn(0x7f5fa8105a60 0x7f5fa8105e80 unknown :-1 s=NONE pgs=0 cs=0 l=0 rev1=0 crypto rx=0 tx=0 comp rx=0 tx=0).connect
2024-02-09T22:42:09.395 INFO:teuthology.orchestra.run.smithi003.stdout:/usr/bin/ceph: stderr
2024-02-09T22:42:08.473+0000 7f5facf25700 1 -- --> [v2:172.21.15.3:3300/0,v1:172.21.15.3:6789/0] -- mon_getmap magic: 0 v1 -- 0x7f5fa8106450 con 0x7f5fa8105a60
2024-02-09T22:42:09.395 INFO:teuthology.orchestra.run.smithi003.stdout:/usr/bin/ceph: stderr
2024-02-09T22:42:08.474+0000 7f5fa659c700 1 --2- >> [v2:172.21.15.3:3300/0,v1:172.21.15.3:6789/0] conn(0x7f5fa8105a60 0x7f5fa8105e80 unknown :-1 s=BANNER_CONNECTING pgs=0 cs=0 l=0 rev1=0 crypto rx=0 tx=0 comp rx=0 tx=0)._handle_peer_banner_payload supported=3 required=0
2024-02-09T22:42:09.396 INFO:teuthology.orchestra.run.smithi003.stdout:/usr/bin/ceph: stderr
2024-02-09T22:42:08.474+0000 7f5fa659c700 1 --2- >> [v2:172.21.15.3:3300/0,v1:172.21.15.3:6789/0] conn(0x7f5fa8105a60 0x7f5fa8105e80 unknown :-1 s=HELLO_CONNECTING pgs=0 cs=0 l=0 rev1=1 crypto rx=0 tx=0 comp rx=0 tx=0).handle_hello peer v2:172.21.15.3:3300/0 says I am v2:172.21.15.3:46882/0 (socket says 172.21.15.3:46882)
2024-02-09T22:42:09.396 INFO:teuthology.orchestra.run.smithi003.stdout:/usr/bin/ceph: stderr
2024-02-09T22:42:08.474+0000 7f5fa659c700 1 -- 172.21.15.3:0/2229045358 learned_addr learned my addr 172.21.15.3:0/2229045358 (peer_addr_for_me v2:172.21.15.3:0/0)
2024-02-09T22:42:09.396 INFO:teuthology.orchestra.run.smithi003.stdout:/usr/bin/ceph: stderr
2024-02-09T22:42:08.474+0000 7f5fa659c700 1 -- 172.21.15.3:0/2229045358 --> [v2:172.21.15.3:3300/0,v1:172.21.15.3:6789/0] -- mon_subscribe({config=0+,monmap=0+}) v3 -- 0x7f5fa8106590 con 0x7f5fa8105a60
2024-02-09T22:42:09.396 INFO:teuthology.orchestra.run.smithi003.stdout:/usr/bin/ceph: stderr
2024-02-09T22:42:08.474+0000 7f5fa659c700 1 --2- 172.21.15.3:0/2229045358 >> [v2:172.21.15.3:3300/0,v1:172.21.15.3:6789/0] conn(0x7f5fa8105a60 0x7f5fa8105e80 secure :-1 s=READY pgs=66 cs=0 l=1 rev1=1 crypto rx=0x7f5f980098a0 tx=0x7f5f98009bb0 comp rx=0 tx=0).ready entity=mon.0 client_cookie=3c0ac5ca5e548cec server_cookie=0 in_seq=0 out_seq=0
2024-02-09T22:42:09.396 INFO:teuthology.orchestra.run.smithi003.stdout:/usr/bin/ceph: stderr
2024-02-09T22:42:08.474+0000 7f5fa559a700 1 -- 172.21.15.3:0/2229045358 <== mon.0 v2:172.21.15.3:3300/0 1 ==== mon_map magic: 0 v1 ==== 205+0+0 (secure 0 0 0) 0x7f5f98004160 con 0x7f5fa8105a60
2024-02-09T22:42:09.396 INFO:teuthology.orchestra.run.smithi003.stdout:/usr/bin/ceph: stderr
2024-02-09T22:42:08.474+0000 7f5fa559a700 1 -- 172.21.15.3:0/2229045358 <== mon.0 v2:172.21.15.3:3300/0 2 ==== config(27 keys) v1 ==== 1140+0+0 (secure 0 0 0) 0x7f5f980042c0 con 0x7f5fa8105a60
2024-02-09T22:42:09.396 INFO:teuthology.orchestra.run.smithi003.stdout:/usr/bin/ceph: stderr
2024-02-09T22:42:08.474+0000 7f5fa559a700 1 -- 172.21.15.3:0/2229045358 <== mon.0 v2:172.21.15.3:3300/0 3 ==== mon_map magic: 0 v1 ==== 205+0+0 (secure 0 0 0) 0x7f5f98011a80 con 0x7f5fa8105a60
2024-02-09T22:42:09.396 INFO:teuthology.orchestra.run.smithi003.stdout:/usr/bin/ceph: stderr
2024-02-09T22:42:08.475+0000 7f5facf25700 1 -- 172.21.15.3:0/2229045358 >> [v2:172.21.15.3:3300/0,v1:172.21.15.3:6789/0] conn(0x7f5fa8105a60 msgr2=0x7f5fa8105e80 secure :-1 s=STATE_CONNECTION_ESTABLISHED l=1).mark_down
2024-02-09T22:42:09.396 INFO:teuthology.orchestra.run.smithi003.stdout:/usr/bin/ceph: stderr
2024-02-09T22:42:08.475+0000 7f5facf25700 1 --2- 172.21.15.3:0/2229045358 >> [v2:172.21.15.3:3300/0,v1:172.21.15.3:6789/0] conn(0x7f5fa8105a60 0x7f5fa8105e80 secure :-1 s=READY pgs=66 cs=0 l=1 rev1=1 crypto rx=0x7f5f980098a0 tx=0x7f5f98009bb0 comp rx=0 tx=0).stop
2024-02-09T22:42:09.396 INFO:teuthology.orchestra.run.smithi003.stdout:/usr/bin/ceph: stderr
2024-02-09T22:42:08.475+0000 7f5facf25700 1 -- 172.21.15.3:0/2229045358 shutdown_connections
2024-02-09T22:42:09.396 INFO:teuthology.orchestra.run.smithi003.stdout:/usr/bin/ceph: stderr
2024-02-09T22:42:08.475+0000 7f5facf25700 1 --2- 172.21.15.3:0/2229045358 >> [v2:172.21.15.3:3300/0,v1:172.21.15.3:6789/0] conn(0x7f5fa8105a60 0x7f5fa8105e80 unknown :-1 s=CLOSED pgs=66 cs=0 l=1 rev1=1 crypto rx=0 tx=0 comp rx=0 tx=0).stop
2024-02-09T22:42:09.396 INFO:teuthology.orchestra.run.smithi003.stdout:/usr/bin/ceph: stderr
2024-02-09T22:42:08.475+0000 7f5facf25700 1 -- 172.21.15.3:0/2229045358 >> 172.21.15.3:0/2229045358 conn(0x7f5fa8101420 msgr2=0x7f5fa8103840 unknown :-1 s=STATE_NONE l=0).mark_down
2024-02-09T22:42:09.396 INFO:teuthology.orchestra.run.smithi003.stdout:/usr/bin/ceph: stderr
2024-02-09T22:42:08.475+0000 7f5facf25700 1 -- 172.21.15.3:0/2229045358 shutdown_connections
2024-02-09T22:42:09.397 INFO:teuthology.orchestra.run.smithi003.stdout:/usr/bin/ceph: stderr
2024-02-09T22:42:08.475+0000 7f5facf25700 1 -- 172.21.15.3:0/2229045358 wait complete.
2024-02-09T22:42:09.397 INFO:teuthology.orchestra.run.smithi003.stdout:/usr/bin/ceph: stderr
2024-02-09T22:42:08.475+0000 7f5facf25700 1 Processor -- start
2024-02-09T22:42:09.397 INFO:teuthology.orchestra.run.smithi003.stdout:/usr/bin/ceph: stderr
2024-02-09T22:42:08.476+0000 7f5facf25700 1 -- start start
2024-02-09T22:42:09.397 INFO:teuthology.orchestra.run.smithi003.stdout:/usr/bin/ceph: stderr
2024-02-09T22:42:08.476+0000 7f5facf25700 1 --2- >> [v2:172.21.15.3:3300/0,v1:172.21.15.3:6789/0] conn(0x7f5fa8105a60 0x7f5fa819b520 unknown :-1 s=NONE pgs=0 cs=0 l=1 rev1=0 crypto rx=0 tx=0 comp rx=0 tx=0).connect
2024-02-09T22:42:09.397 INFO:teuthology.orchestra.run.smithi003.stdout:/usr/bin/ceph: stderr
2024-02-09T22:42:08.476+0000 7f5facf25700 1 -- --> [v2:172.21.15.3:3300/0,v1:172.21.15.3:6789/0] -- mon_getmap magic: 0 v1 -- 0x7f5fa819ba60 con 0x7f5fa8105a60
2024-02-09T22:42:09.397 INFO:teuthology.orchestra.run.smithi003.stdout:/usr/bin/ceph: stderr
2024-02-09T22:42:08.476+0000 7f5fa659c700 1 --2- >> [v2:172.21.15.3:3300/0,v1:172.21.15.3:6789/0] conn(0x7f5fa8105a60 0x7f5fa819b520 unknown :-1 s=BANNER_CONNECTING pgs=0 cs=0 l=1 rev1=0 crypto rx=0 tx=0 comp rx=0 tx=0)._handle_peer_banner_payload supported=3 required=0
2024-02-09T22:42:09.397 INFO:teuthology.orchestra.run.smithi003.stdout:/usr/bin/ceph: stderr
2024-02-09T22:42:08.476+0000 7f5fa659c700 1 --2- >> [v2:172.21.15.3:3300/0,v1:172.21.15.3:6789/0] conn(0x7f5fa8105a60 0x7f5fa819b520 unknown :-1 s=HELLO_CONNECTING pgs=0 cs=0 l=1 rev1=1 crypto rx=0 tx=0 comp rx=0 tx=0).handle_hello peer v2:172.21.15.3:3300/0 says I am v2:172.21.15.3:46896/0 (socket says 172.21.15.3:46896)
2024-02-09T22:42:09.397 INFO:teuthology.orchestra.run.smithi003.stdout:/usr/bin/ceph: stderr
2024-02-09T22:42:08.476+0000 7f5fa659c700 1 -- 172.21.15.3:0/3023061139 learned_addr learned my addr 172.21.15.3:0/3023061139 (peer_addr_for_me v2:172.21.15.3:0/0)
2024-02-09T22:42:09.397 INFO:teuthology.orchestra.run.smithi003.stdout:/usr/bin/ceph: stderr
2024-02-09T22:42:08.476+0000 7f5fa659c700 1 -- 172.21.15.3:0/3023061139 --> [v2:172.21.15.3:3300/0,v1:172.21.15.3:6789/0] -- mon_subscribe({config=0+,monmap=0+}) v3 -- 0x7f5f98009550 con 0x7f5fa8105a60
2024-02-09T22:42:09.397 INFO:teuthology.orchestra.run.smithi003.stdout:/usr/bin/ceph: stderr
2024-02-09T22:42:08.476+0000 7f5fa659c700 1 --2- 172.21.15.3:0/3023061139 >> [v2:172.21.15.3:3300/0,v1:172.21.15.3:6789/0] conn(0x7f5fa8105a60 0x7f5fa819b520 secure :-1 s=READY pgs=67 cs=0 l=1 rev1=1 crypto rx=0x7f5f98000c00 tx=0x7f5f98011b00 comp rx=0 tx=0).ready entity=mon.0 client_cookie=0 server_cookie=0 in_seq=0 out_seq=0
2024-02-09T22:42:09.397 INFO:teuthology.orchestra.run.smithi003.stdout:/usr/bin/ceph: stderr
2024-02-09T22:42:08.476+0000 7f5f9f7fe700 1 -- 172.21.15.3:0/3023061139 <== mon.0 v2:172.21.15.3:3300/0 1 ==== mon_map magic: 0 v1 ==== 205+0+0 (secure 0 0 0) 0x7f5f98003aa0 con 0x7f5fa8105a60
2024-02-09T22:42:09.397 INFO:teuthology.orchestra.run.smithi003.stdout:/usr/bin/ceph: stderr
2024-02-09T22:42:08.476+0000 7f5f9f7fe700 1 -- 172.21.15.3:0/3023061139 <== mon.0 v2:172.21.15.3:3300/0 2 ==== config(27 keys) v1 ==== 1140+0+0 (secure 0 0 0) 0x7f5f98003c00 con 0x7f5fa8105a60
2024-02-09T22:42:09.397 INFO:teuthology.orchestra.run.smithi003.stdout:/usr/bin/ceph: stderr
2024-02-09T22:42:08.476+0000 7f5facf25700 1 -- 172.21.15.3:0/3023061139 --> [v2:172.21.15.3:3300/0,v1:172.21.15.3:6789/0] -- mon_subscribe({mgrmap=0+}) v3 -- 0x7f5fa819bc60 con 0x7f5fa8105a60
2024-02-09T22:42:09.397 INFO:teuthology.orchestra.run.smithi003.stdout:/usr/bin/ceph: stderr
2024-02-09T22:42:08.476+0000 7f5f9f7fe700 1 -- 172.21.15.3:0/3023061139 <== mon.0 v2:172.21.15.3:3300/0 3 ==== mon_map magic: 0 v1 ==== 205+0+0 (secure 0 0 0) 0x7f5f98024930 con 0x7f5fa8105a60
2024-02-09T22:42:09.398 INFO:teuthology.orchestra.run.smithi003.stdout:/usr/bin/ceph: stderr
2024-02-09T22:42:08.476+0000 7f5facf25700 1 -- 172.21.15.3:0/3023061139 --> [v2:172.21.15.3:3300/0,v1:172.21.15.3:6789/0] -- mon_subscribe({osdmap=0}) v3 -- 0x7f5fa819c100 con 0x7f5fa8105a60
2024-02-09T22:42:09.398 INFO:teuthology.orchestra.run.smithi003.stdout:/usr/bin/ceph: stderr
2024-02-09T22:42:08.477+0000 7f5f9f7fe700 1 -- 172.21.15.3:0/3023061139 <== mon.0 v2:172.21.15.3:3300/0 4 ==== mgrmap(e 11) v1 ==== 45839+0+0 (secure 0 0 0) 0x7f5f9802d3f0 con 0x7f5fa8105a60
2024-02-09T22:42:09.398 INFO:teuthology.orchestra.run.smithi003.stdout:/usr/bin/ceph: stderr
2024-02-09T22:42:08.477+0000 7f5f9f7fe700 1 --2- 172.21.15.3:0/3023061139 >> [v2:172.21.15.3:6800/284621866,v1:172.21.15.3:6801/284621866] conn(0x7f5f94038e80 0x7f5f9403b340 unknown :-1 s=NONE pgs=0 cs=0 l=1 rev1=0 crypto rx=0 tx=0 comp rx=0 tx=0).connect
2024-02-09T22:42:09.398 INFO:teuthology.orchestra.run.smithi003.stdout:/usr/bin/ceph: stderr
2024-02-09T22:42:08.477+0000 7f5f9f7fe700 1 -- 172.21.15.3:0/3023061139 <== mon.0 v2:172.21.15.3:3300/0 5 ==== osd_map(3..3 src has 1..3) v4 ==== 1155+0+0 (secure 0 0 0) 0x7f5f9804d030 con 0x7f5fa8105a60
2024-02-09T22:42:09.398 INFO:teuthology.orchestra.run.smithi003.stdout:/usr/bin/ceph: stderr
2024-02-09T22:42:08.478+0000 7f5fa5d9b700 1 --2- 172.21.15.3:0/3023061139 >> [v2:172.21.15.3:6800/284621866,v1:172.21.15.3:6801/284621866] conn(0x7f5f94038e80 0x7f5f9403b340 unknown :-1 s=BANNER_CONNECTING pgs=0 cs=0 l=1 rev1=0 crypto rx=0 tx=0 comp rx=0 tx=0)._handle_peer_banner_payload supported=3 required=0
2024-02-09T22:42:09.398 INFO:teuthology.orchestra.run.smithi003.stdout:/usr/bin/ceph: stderr
2024-02-09T22:42:08.478+0000 7f5facf25700 1 -- 172.21.15.3:0/3023061139 --> [v2:172.21.15.3:3300/0,v1:172.21.15.3:6789/0] -- mon_command({"prefix": "get_command_descriptions"} v 0) v1 -- 0x7f5fa8068e00 con 0x7f5fa8105a60
2024-02-09T22:42:09.398 INFO:teuthology.orchestra.run.smithi003.stdout:/usr/bin/ceph: stderr
2024-02-09T22:42:08.478+0000 7f5fa5d9b700 1 --2- 172.21.15.3:0/3023061139 >> [v2:172.21.15.3:6800/284621866,v1:172.21.15.3:6801/284621866] conn(0x7f5f94038e80 0x7f5f9403b340 secure :-1 s=READY pgs=7 cs=0 l=1 rev1=1 crypto rx=0x7f5f90006fd0 tx=0x7f5f90006e40 comp rx=0 tx=0).ready entity=mgr.14148 client_cookie=0 server_cookie=0 in_seq=0 out_seq=0
2024-02-09T22:42:09.398 INFO:teuthology.orchestra.run.smithi003.stdout:/usr/bin/ceph: stderr
2024-02-09T22:42:08.483+0000 7f5f9f7fe700 1 -- 172.21.15.3:0/3023061139 <== mon.0 v2:172.21.15.3:3300/0 6 ==== mon_command_ack([{"prefix": "get_command_descriptions"}]=0 v0) v1 ==== 72+0+183564 (secure 0 0 0) 0x7f5f98010740 con 0x7f5fa8105a60
2024-02-09T22:42:09.398 INFO:teuthology.orchestra.run.smithi003.stdout:/usr/bin/ceph: stderr
2024-02-09T22:42:08.508+0000 7f5f9f7fe700 1 -- 172.21.15.3:0/3023061139 <== mon.0 v2:172.21.15.3:3300/0 7 ==== mgrmap(e 12) v1 ==== 45945+0+0 (secure 0 0 0) 0x7f5f9801aca0 con 0x7f5fa8105a60
2024-02-09T22:42:09.398 INFO:teuthology.orchestra.run.smithi003.stdout:/usr/bin/ceph: stderr
2024-02-09T22:42:08.694+0000 7f5facf25700 1 -- 172.21.15.3:0/3023061139 --> [v2:172.21.15.3:6800/284621866,v1:172.21.15.3:6801/284621866] -- mgr_command(tid 0: {"prefix": "dashboard create-self-signed-cert", "target": ["mon-mgr", ""]}) v1 -- 0x7f5fa810bce0 con 0x7f5f94038e80
2024-02-09T22:42:09.398 INFO:teuthology.orchestra.run.smithi003.stdout:/usr/bin/ceph: stderr
2024-02-09T22:42:08.748+0000 7f5f9f7fe700 1 -- 172.21.15.3:0/3023061139 <== mgr.14148 v2:172.21.15.3:6800/284621866 1 ==== mgr_command_reply(tid 0: 0 ) v1 ==== 8+0+32 (secure 0 0 0) 0x7f5fa810bce0 con 0x7f5f94038e80
2024-02-09T22:42:09.398 INFO:teuthology.orchestra.run.smithi003.stdout:/usr/bin/ceph: stderr
2024-02-09T22:42:08.750+0000 7f5facf25700 1 -- 172.21.15.3:0/3023061139 >> [v2:172.21.15.3:6800/284621866,v1:172.21.15.3:6801/284621866] conn(0x7f5f94038e80 msgr2=0x7f5f9403b340 secure :-1 s=STATE_CONNECTION_ESTABLISHED l=1).mark_down
2024-02-09T22:42:09.398 INFO:teuthology.orchestra.run.smithi003.stdout:/usr/bin/ceph: stderr
2024-02-09T22:42:08.750+0000 7f5facf25700 1 --2- 172.21.15.3:0/3023061139 >> [v2:172.21.15.3:6800/284621866,v1:172.21.15.3:6801/284621866] conn(0x7f5f94038e80 0x7f5f9403b340 secure :-1 s=READY pgs=7 cs=0 l=1 rev1=1 crypto rx=0x7f5f90006fd0 tx=0x7f5f90006e40 comp rx=0 tx=0).stop
2024-02-09T22:42:09.398 INFO:teuthology.orchestra.run.smithi003.stdout:/usr/bin/ceph: stderr
2024-02-09T22:42:08.750+0000 7f5facf25700 1 -- 172.21.15.3:0/3023061139 >> [v2:172.21.15.3:3300/0,v1:172.21.15.3:6789/0] conn(0x7f5fa8105a60 msgr2=0x7f5fa819b520 secure :-1 s=STATE_CONNECTION_ESTABLISHED l=1).mark_down
2024-02-09T22:42:09.399 INFO:teuthology.orchestra.run.smithi003.stdout:/usr/bin/ceph: stderr
2024-02-09T22:42:08.750+0000 7f5facf25700 1 --2- 172.21.15.3:0/3023061139 >> [v2:172.21.15.3:3300/0,v1:172.21.15.3:6789/0] conn(0x7f5fa8105a60 0x7f5fa819b520 secure :-1 s=READY pgs=67 cs=0 l=1 rev1=1 crypto rx=0x7f5f98000c00 tx=0x7f5f98011b00 comp rx=0 tx=0).stop
2024-02-09T22:42:09.399 INFO:teuthology.orchestra.run.smithi003.stdout:/usr/bin/ceph: stderr
2024-02-09T22:42:08.750+0000 7f5facf25700 1 -- 172.21.15.3:0/3023061139 shutdown_connections
2024-02-09T22:42:09.399 INFO:teuthology.orchestra.run.smithi003.stdout:/usr/bin/ceph: stderr
2024-02-09T22:42:08.750+0000 7f5facf25700 1 --2- 172.21.15.3:0/3023061139 >> [v2:172.21.15.3:6800/284621866,v1:172.21.15.3:6801/284621866] conn(0x7f5f94038e80 0x7f5f9403b340 unknown :-1 s=CLOSED pgs=7 cs=0 l=1 rev1=1 crypto rx=0 tx=0 comp rx=0 tx=0).stop
2024-02-09T22:42:09.399 INFO:teuthology.orchestra.run.smithi003.stdout:/usr/bin/ceph: stderr
2024-02-09T22:42:08.750+0000 7f5facf25700 1 --2- 172.21.15.3:0/3023061139 >> [v2:172.21.15.3:3300/0,v1:172.21.15.3:6789/0] conn(0x7f5fa8105a60 0x7f5fa819b520 unknown :-1 s=CLOSED pgs=67 cs=0 l=1 rev1=1 crypto rx=0 tx=0 comp rx=0 tx=0).stop
2024-02-09T22:42:09.399 INFO:teuthology.orchestra.run.smithi003.stdout:/usr/bin/ceph: stderr
2024-02-09T22:42:08.750+0000 7f5facf25700 1 -- 172.21.15.3:0/3023061139 >> 172.21.15.3:0/3023061139 conn(0x7f5fa8101420 msgr2=0x7f5fa8101ea0 unknown :-1 s=STATE_NONE l=0).mark_down
2024-02-09T22:42:09.399 INFO:teuthology.orchestra.run.smithi003.stdout:/usr/bin/ceph: stderr
2024-02-09T22:42:08.750+0000 7f5facf25700 1 -- 172.21.15.3:0/3023061139 shutdown_connections
2024-02-09T22:42:09.399 INFO:teuthology.orchestra.run.smithi003.stdout:/usr/bin/ceph: stderr
2024-02-09T22:42:08.750+0000 7f5facf25700 1 -- 172.21.15.3:0/3023061139 wait complete.
2024-02-09T22:42:09.399 INFO:teuthology.orchestra.run.smithi003.stdout:Creating initial admin user...
2024-02-09T22:42:09.706 INFO:journalctl@ceph.mon.a.smithi003.stdout:Feb 09 22:42:09 smithi003 ceph-mon[32678]: mgrmap e12: x(active, since 2s)
2024-02-09T22:42:09.706 INFO:journalctl@ceph.mon.a.smithi003.stdout:Feb 09 22:42:09 smithi003 ceph-mon[32678]: from='client.14160 -' entity='client.admin' cmd=[{"prefix": "dashboard create-self-signed-cert", "target": ["mon-mgr", ""]}]: dispatch
2024-02-09T22:42:09.706 INFO:journalctl@ceph.mon.a.smithi003.stdout:Feb 09 22:42:09 smithi003 ceph-mon[32678]: from='mgr.14148 172.21.15.3:0/1645460186' entity='mgr.x'
2024-02-09T22:42:09.706 INFO:journalctl@ceph.mon.a.smithi003.stdout:Feb 09 22:42:09 smithi003 ceph-mon[32678]: from='mgr.14148 172.21.15.3:0/1645460186' entity='mgr.x'
2024-02-09T22:42:10.884 INFO:teuthology.orchestra.run.smithi003.stdout:/usr/bin/ceph: stdout {"username": "admin", "password": "$2b$12$d/EqdBBpyf4ggbNzJngO/Olm1ZONFmChtummmvHnAj8b715Yiyqcu", "roles": ["administrator"], "name": null, "email": null, "lastUpdate": 1707518530, "enabled": true, "pwdExpirationDate": null, "pwdUpdateRequired": true}
2024-02-09T22:42:10.885 INFO:teuthology.orchestra.run.smithi003.stdout:/usr/bin/ceph: stderr
2024-02-09T22:42:09.815+0000 7f7e90bc9700 1 Processor -- start
2024-02-09T22:42:10.885 INFO:teuthology.orchestra.run.smithi003.stdout:/usr/bin/ceph: stderr
2024-02-09T22:42:09.815+0000 7f7e90bc9700 1 -- start start
2024-02-09T22:42:10.885 INFO:teuthology.orchestra.run.smithi003.stdout:/usr/bin/ceph: stderr
2024-02-09T22:42:09.815+0000 7f7e90bc9700 1 --2- >> [v2:172.21.15.3:3300/0,v1:172.21.15.3:6789/0] conn(0x7f7e8c107780 0x7f7e8c107ba0 unknown :-1 s=NONE pgs=0 cs=0 l=0 rev1=0 crypto rx=0 tx=0 comp rx=0 tx=0).connect
2024-02-09T22:42:10.885 INFO:teuthology.orchestra.run.smithi003.stdout:/usr/bin/ceph: stderr
2024-02-09T22:42:09.815+0000 7f7e90bc9700 1 -- --> [v2:172.21.15.3:3300/0,v1:172.21.15.3:6789/0] -- mon_getmap magic: 0 v1 -- 0x7f7e8c108170 con 0x7f7e8c107780
2024-02-09T22:42:10.885 INFO:teuthology.orchestra.run.smithi003.stdout:/usr/bin/ceph: stderr
2024-02-09T22:42:09.815+0000 7f7e8a59c700 1 --2- >> [v2:172.21.15.3:3300/0,v1:172.21.15.3:6789/0] conn(0x7f7e8c107780 0x7f7e8c107ba0 unknown :-1 s=BANNER_CONNECTING pgs=0 cs=0 l=0 rev1=0 crypto rx=0 tx=0 comp rx=0 tx=0)._handle_peer_banner_payload supported=3 required=0
2024-02-09T22:42:10.885 INFO:teuthology.orchestra.run.smithi003.stdout:/usr/bin/ceph: stderr
2024-02-09T22:42:09.815+0000 7f7e8a59c700 1 --2- >> [v2:172.21.15.3:3300/0,v1:172.21.15.3:6789/0] conn(0x7f7e8c107780 0x7f7e8c107ba0 unknown :-1 s=HELLO_CONNECTING pgs=0 cs=0 l=0 rev1=1 crypto rx=0 tx=0 comp rx=0 tx=0).handle_hello peer v2:172.21.15.3:3300/0 says I am v2:172.21.15.3:46904/0 (socket says 172.21.15.3:46904)
2024-02-09T22:42:10.885 INFO:teuthology.orchestra.run.smithi003.stdout:/usr/bin/ceph: stderr
2024-02-09T22:42:09.815+0000 7f7e8a59c700 1 -- 172.21.15.3:0/513853072 learned_addr learned my addr 172.21.15.3:0/513853072 (peer_addr_for_me v2:172.21.15.3:0/0)
2024-02-09T22:42:10.885 INFO:teuthology.orchestra.run.smithi003.stdout:/usr/bin/ceph: stderr
2024-02-09T22:42:09.816+0000 7f7e8a59c700 1 -- 172.21.15.3:0/513853072 --> [v2:172.21.15.3:3300/0,v1:172.21.15.3:6789/0] -- mon_subscribe({config=0+,monmap=0+}) v3 -- 0x7f7e8c108980 con 0x7f7e8c107780
2024-02-09T22:42:10.885 INFO:teuthology.orchestra.run.smithi003.stdout:/usr/bin/ceph: stderr
2024-02-09T22:42:09.816+0000 7f7e8a59c700 1 --2- 172.21.15.3:0/513853072 >> [v2:172.21.15.3:3300/0,v1:172.21.15.3:6789/0] conn(0x7f7e8c107780 0x7f7e8c107ba0 secure :-1 s=READY pgs=68 cs=0 l=1 rev1=1 crypto rx=0x7f7e7c0098a0 tx=0x7f7e7c009bb0 comp rx=0 tx=0).ready entity=mon.0 client_cookie=cb733b9a46d269b1 server_cookie=0 in_seq=0 out_seq=0
2024-02-09T22:42:10.885 INFO:teuthology.orchestra.run.smithi003.stdout:/usr/bin/ceph: stderr
2024-02-09T22:42:09.816+0000 7f7e8959a700 1 -- 172.21.15.3:0/513853072 <== mon.0 v2:172.21.15.3:3300/0 1 ==== mon_map magic: 0 v1 ==== 205+0+0 (secure 0 0 0) 0x7f7e7c004160 con 0x7f7e8c107780
2024-02-09T22:42:10.885 INFO:teuthology.orchestra.run.smithi003.stdout:/usr/bin/ceph: stderr
2024-02-09T22:42:09.816+0000 7f7e8959a700 1 -- 172.21.15.3:0/513853072 <== mon.0 v2:172.21.15.3:3300/0 2 ==== config(27 keys) v1 ==== 1140+0+0 (secure 0 0 0) 0x7f7e7c0042c0 con 0x7f7e8c107780
2024-02-09T22:42:10.885 INFO:teuthology.orchestra.run.smithi003.stdout:/usr/bin/ceph: stderr
2024-02-09T22:42:09.816+0000 7f7e8959a700 1 -- 172.21.15.3:0/513853072 <== mon.0 v2:172.21.15.3:3300/0 3 ==== mon_map magic: 0 v1 ==== 205+0+0 (secure 0 0 0) 0x7f7e7c011a80 con 0x7f7e8c107780
2024-02-09T22:42:10.886 INFO:teuthology.orchestra.run.smithi003.stdout:/usr/bin/ceph: stderr
2024-02-09T22:42:09.817+0000 7f7e90bc9700 1 -- 172.21.15.3:0/513853072 >> [v2:172.21.15.3:3300/0,v1:172.21.15.3:6789/0] conn(0x7f7e8c107780 msgr2=0x7f7e8c107ba0 secure :-1 s=STATE_CONNECTION_ESTABLISHED l=1).mark_down
2024-02-09T22:42:10.886 INFO:teuthology.orchestra.run.smithi003.stdout:/usr/bin/ceph: stderr
2024-02-09T22:42:09.817+0000 7f7e90bc9700 1 --2- 172.21.15.3:0/513853072 >> [v2:172.21.15.3:3300/0,v1:172.21.15.3:6789/0] conn(0x7f7e8c107780 0x7f7e8c107ba0 secure :-1 s=READY pgs=68 cs=0 l=1 rev1=1 crypto rx=0x7f7e7c0098a0 tx=0x7f7e7c009bb0 comp rx=0 tx=0).stop
2024-02-09T22:42:10.886 INFO:teuthology.orchestra.run.smithi003.stdout:/usr/bin/ceph: stderr
2024-02-09T22:42:09.817+0000 7f7e90bc9700 1 -- 172.21.15.3:0/513853072 shutdown_connections
2024-02-09T22:42:10.886 INFO:teuthology.orchestra.run.smithi003.stdout:/usr/bin/ceph: stderr
2024-02-09T22:42:09.817+0000 7f7e90bc9700 1 --2- 172.21.15.3:0/513853072 >> [v2:172.21.15.3:3300/0,v1:172.21.15.3:6789/0] conn(0x7f7e8c107780 0x7f7e8c107ba0 unknown :-1 s=CLOSED pgs=68 cs=0 l=1 rev1=1 crypto rx=0 tx=0 comp rx=0 tx=0).stop
2024-02-09T22:42:10.886 INFO:teuthology.orchestra.run.smithi003.stdout:/usr/bin/ceph: stderr
2024-02-09T22:42:09.817+0000 7f7e90bc9700 1 -- 172.21.15.3:0/513853072 >> 172.21.15.3:0/513853072 conn(0x7f7e8c102dc0 msgr2=0x7f7e8c1051e0 unknown :-1 s=STATE_NONE l=0).mark_down
2024-02-09T22:42:10.886 INFO:teuthology.orchestra.run.smithi003.stdout:/usr/bin/ceph: stderr
2024-02-09T22:42:09.817+0000 7f7e90bc9700 1 -- 172.21.15.3:0/513853072 shutdown_connections
2024-02-09T22:42:10.886 INFO:teuthology.orchestra.run.smithi003.stdout:/usr/bin/ceph: stderr
2024-02-09T22:42:09.817+0000 7f7e90bc9700 1 -- 172.21.15.3:0/513853072 wait complete.
2024-02-09T22:42:10.886 INFO:teuthology.orchestra.run.smithi003.stdout:/usr/bin/ceph: stderr
2024-02-09T22:42:09.817+0000 7f7e90bc9700 1 Processor -- start
2024-02-09T22:42:10.886 INFO:teuthology.orchestra.run.smithi003.stdout:/usr/bin/ceph: stderr
2024-02-09T22:42:09.818+0000 7f7e90bc9700 1 -- start start
2024-02-09T22:42:10.886 INFO:teuthology.orchestra.run.smithi003.stdout:/usr/bin/ceph: stderr
2024-02-09T22:42:09.818+0000 7f7e90bc9700 1 --2- >> [v2:172.21.15.3:3300/0,v1:172.21.15.3:6789/0] conn(0x7f7e8c107780 0x7f7e8c19b540 unknown :-1 s=NONE pgs=0 cs=0 l=1 rev1=0 crypto rx=0 tx=0 comp rx=0 tx=0).connect
2024-02-09T22:42:10.887 INFO:teuthology.orchestra.run.smithi003.stdout:/usr/bin/ceph: stderr
2024-02-09T22:42:09.818+0000 7f7e90bc9700 1 -- --> [v2:172.21.15.3:3300/0,v1:172.21.15.3:6789/0] -- mon_getmap magic: 0 v1 -- 0x7f7e8c19ba80 con 0x7f7e8c107780
2024-02-09T22:42:10.887 INFO:teuthology.orchestra.run.smithi003.stdout:/usr/bin/ceph: stderr
2024-02-09T22:42:09.818+0000 7f7e8a59c700 1 --2- >> [v2:172.21.15.3:3300/0,v1:172.21.15.3:6789/0] conn(0x7f7e8c107780 0x7f7e8c19b540 unknown :-1 s=BANNER_CONNECTING pgs=0 cs=0 l=1 rev1=0 crypto rx=0 tx=0 comp rx=0 tx=0)._handle_peer_banner_payload supported=3 required=0
2024-02-09T22:42:10.887 INFO:teuthology.orchestra.run.smithi003.stdout:/usr/bin/ceph: stderr
2024-02-09T22:42:09.818+0000 7f7e8a59c700 1 --2- >> [v2:172.21.15.3:3300/0,v1:172.21.15.3:6789/0] conn(0x7f7e8c107780 0x7f7e8c19b540 unknown :-1 s=HELLO_CONNECTING pgs=0 cs=0 l=1 rev1=1 crypto rx=0 tx=0 comp rx=0 tx=0).handle_hello peer v2:172.21.15.3:3300/0 says I am v2:172.21.15.3:46918/0 (socket says 172.21.15.3:46918)
2024-02-09T22:42:10.887 INFO:teuthology.orchestra.run.smithi003.stdout:/usr/bin/ceph: stderr
2024-02-09T22:42:09.818+0000 7f7e8a59c700 1 -- 172.21.15.3:0/3688966886 learned_addr learned my addr 172.21.15.3:0/3688966886 (peer_addr_for_me v2:172.21.15.3:0/0)
2024-02-09T22:42:10.887 INFO:teuthology.orchestra.run.smithi003.stdout:/usr/bin/ceph: stderr
2024-02-09T22:42:09.818+0000 7f7e8a59c700 1 -- 172.21.15.3:0/3688966886 --> [v2:172.21.15.3:3300/0,v1:172.21.15.3:6789/0] -- mon_subscribe({config=0+,monmap=0+}) v3 -- 0x7f7e7c009550 con 0x7f7e8c107780
2024-02-09T22:42:10.887 INFO:teuthology.orchestra.run.smithi003.stdout:/usr/bin/ceph: stderr
2024-02-09T22:42:09.818+0000 7f7e8a59c700 1 --2- 172.21.15.3:0/3688966886 >> [v2:172.21.15.3:3300/0,v1:172.21.15.3:6789/0] conn(0x7f7e8c107780 0x7f7e8c19b540 secure :-1 s=READY pgs=69 cs=0 l=1 rev1=1 crypto rx=0x7f7e7c003f20 tx=0x7f7e7c011b00 comp rx=0 tx=0).ready entity=mon.0 client_cookie=0 server_cookie=0 in_seq=0 out_seq=0
2024-02-09T22:42:10.887 INFO:teuthology.orchestra.run.smithi003.stdout:/usr/bin/ceph: stderr
2024-02-09T22:42:09.818+0000 7f7e7b7fe700 1 -- 172.21.15.3:0/3688966886 <== mon.0 v2:172.21.15.3:3300/0 1 ==== mon_map magic: 0 v1 ==== 205+0+0 (secure 0 0 0) 0x7f7e7c0038b0 con 0x7f7e8c107780
2024-02-09T22:42:10.887 INFO:teuthology.orchestra.run.smithi003.stdout:/usr/bin/ceph: stderr
2024-02-09T22:42:09.818+0000 7f7e7b7fe700 1 -- 172.21.15.3:0/3688966886 <== mon.0 v2:172.21.15.3:3300/0 2 ==== config(27 keys) v1 ==== 1140+0+0 (secure 0 0 0) 0x7f7e7c003a10 con 0x7f7e8c107780
2024-02-09T22:42:10.887 INFO:teuthology.orchestra.run.smithi003.stdout:/usr/bin/ceph: stderr
2024-02-09T22:42:09.818+0000 7f7e7b7fe700 1 -- 172.21.15.3:0/3688966886 <== mon.0 v2:172.21.15.3:3300/0 3 ==== mon_map magic: 0 v1 ==== 205+0+0 (secure 0 0 0) 0x7f7e7c01a5c0 con 0x7f7e8c107780
2024-02-09T22:42:10.887 INFO:teuthology.orchestra.run.smithi003.stdout:/usr/bin/ceph: stderr
2024-02-09T22:42:09.818+0000 7f7e90bc9700 1 -- 172.21.15.3:0/3688966886 --> [v2:172.21.15.3:3300/0,v1:172.21.15.3:6789/0] -- mon_subscribe({mgrmap=0+}) v3 -- 0x7f7e8c19bc80 con 0x7f7e8c107780
2024-02-09T22:42:10.887 INFO:teuthology.orchestra.run.smithi003.stdout:/usr/bin/ceph: stderr
2024-02-09T22:42:09.818+0000 7f7e90bc9700 1 -- 172.21.15.3:0/3688966886 --> [v2:172.21.15.3:3300/0,v1:172.21.15.3:6789/0] -- mon_subscribe({osdmap=0}) v3 -- 0x7f7e8c19c120 con 0x7f7e8c107780
2024-02-09T22:42:10.887 INFO:teuthology.orchestra.run.smithi003.stdout:/usr/bin/ceph: stderr
2024-02-09T22:42:09.819+0000 7f7e7b7fe700 1 -- 172.21.15.3:0/3688966886 <== mon.0 v2:172.21.15.3:3300/0 4 ==== mgrmap(e 12) v1 ==== 45945+0+0 (secure 0 0 0) 0x7f7e7c01a830 con 0x7f7e8c107780
2024-02-09T22:42:10.887 INFO:teuthology.orchestra.run.smithi003.stdout:/usr/bin/ceph: stderr
2024-02-09T22:42:09.819+0000 7f7e7b7fe700 1 --2- 172.21.15.3:0/3688966886 >> [v2:172.21.15.3:6800/284621866,v1:172.21.15.3:6801/284621866] conn(0x7f7e74038ee0 0x7f7e7403b3a0 unknown :-1 s=NONE pgs=0 cs=0 l=1 rev1=0 crypto rx=0 tx=0 comp rx=0 tx=0).connect
2024-02-09T22:42:10.888 INFO:teuthology.orchestra.run.smithi003.stdout:/usr/bin/ceph: stderr
2024-02-09T22:42:09.819+0000 7f7e90bc9700 1 -- 172.21.15.3:0/3688966886 --> [v2:172.21.15.3:3300/0,v1:172.21.15.3:6789/0] -- mon_command({"prefix": "get_command_descriptions"} v 0) v1 -- 0x7f7e8c10bbb0 con 0x7f7e8c107780
2024-02-09T22:42:10.888 INFO:teuthology.orchestra.run.smithi003.stdout:/usr/bin/ceph: stderr
2024-02-09T22:42:09.819+0000 7f7e7b7fe700 1 -- 172.21.15.3:0/3688966886 <== mon.0 v2:172.21.15.3:3300/0 5 ==== osd_map(3..3 src has 1..3) v4 ==== 1155+0+0 (secure 0 0 0) 0x7f7e7c04d440 con 0x7f7e8c107780
2024-02-09T22:42:10.888 INFO:teuthology.orchestra.run.smithi003.stdout:/usr/bin/ceph: stderr
2024-02-09T22:42:09.820+0000 7f7e89d9b700 1 --2- 172.21.15.3:0/3688966886 >> [v2:172.21.15.3:6800/284621866,v1:172.21.15.3:6801/284621866] conn(0x7f7e74038ee0 0x7f7e7403b3a0 unknown :-1 s=BANNER_CONNECTING pgs=0 cs=0 l=1 rev1=0 crypto rx=0 tx=0 comp rx=0 tx=0)._handle_peer_banner_payload supported=3 required=0
2024-02-09T22:42:10.888 INFO:teuthology.orchestra.run.smithi003.stdout:/usr/bin/ceph: stderr
2024-02-09T22:42:09.820+0000 7f7e89d9b700 1 --2- 172.21.15.3:0/3688966886 >> [v2:172.21.15.3:6800/284621866,v1:172.21.15.3:6801/284621866] conn(0x7f7e74038ee0 0x7f7e7403b3a0 secure :-1 s=READY pgs=8 cs=0 l=1 rev1=1 crypto rx=0x7f7e80006fd0 tx=0x7f7e80006e40 comp rx=0 tx=0).ready entity=mgr.14148 client_cookie=0 server_cookie=0 in_seq=0 out_seq=0
2024-02-09T22:42:10.888 INFO:teuthology.orchestra.run.smithi003.stdout:/usr/bin/ceph: stderr
2024-02-09T22:42:09.825+0000 7f7e7b7fe700 1 -- 172.21.15.3:0/3688966886 <== mon.0 v2:172.21.15.3:3300/0 6 ==== mon_command_ack([{"prefix": "get_command_descriptions"}]=0 v0) v1 ==== 72+0+183564 (secure 0 0 0) 0x7f7e7c01ab30 con 0x7f7e8c107780
2024-02-09T22:42:10.888 INFO:teuthology.orchestra.run.smithi003.stdout:/usr/bin/ceph: stderr
2024-02-09T22:42:10.046+0000 7f7e90bc9700 1 -- 172.21.15.3:0/3688966886 --> [v2:172.21.15.3:6800/284621866,v1:172.21.15.3:6801/284621866] -- mgr_command(tid 0: {"prefix": "dashboard ac-user-create", "username": "admin", "rolename": "administrator", "force_password": true, "pwd_update_required": true, "target": ["mon-mgr", ""]}) v1 -- 0x7f7e8c063170 con 0x7f7e74038ee0
2024-02-09T22:42:10.888 INFO:teuthology.orchestra.run.smithi003.stdout:/usr/bin/ceph: stderr
2024-02-09T22:42:10.293+0000 7f7e7b7fe700 1 -- 172.21.15.3:0/3688966886 <== mgr.14148 v2:172.21.15.3:6800/284621866 1 ==== mgr_command_reply(tid 0: 0 ) v1 ==== 8+0+252 (secure 0 0 0) 0x7f7e8c063170 con 0x7f7e74038ee0
2024-02-09T22:42:10.888 INFO:teuthology.orchestra.run.smithi003.stdout:/usr/bin/ceph: stderr
2024-02-09T22:42:10.295+0000 7f7e90bc9700 1 -- 172.21.15.3:0/3688966886 >> [v2:172.21.15.3:6800/284621866,v1:172.21.15.3:6801/284621866] conn(0x7f7e74038ee0 msgr2=0x7f7e7403b3a0 secure :-1 s=STATE_CONNECTION_ESTABLISHED l=1).mark_down
2024-02-09T22:42:10.889 INFO:teuthology.orchestra.run.smithi003.stdout:/usr/bin/ceph: stderr
2024-02-09T22:42:10.295+0000 7f7e90bc9700 1 --2- 172.21.15.3:0/3688966886 >> [v2:172.21.15.3:6800/284621866,v1:172.21.15.3:6801/284621866] conn(0x7f7e74038ee0 0x7f7e7403b3a0 secure :-1 s=READY pgs=8 cs=0 l=1 rev1=1 crypto rx=0x7f7e80006fd0 tx=0x7f7e80006e40 comp rx=0 tx=0).stop
2024-02-09T22:42:10.889 INFO:teuthology.orchestra.run.smithi003.stdout:/usr/bin/ceph: stderr
2024-02-09T22:42:10.295+0000 7f7e90bc9700 1 -- 172.21.15.3:0/3688966886 >> [v2:172.21.15.3:3300/0,v1:172.21.15.3:6789/0] conn(0x7f7e8c107780 msgr2=0x7f7e8c19b540 secure :-1 s=STATE_CONNECTION_ESTABLISHED l=1).mark_down
2024-02-09T22:42:10.889 INFO:teuthology.orchestra.run.smithi003.stdout:/usr/bin/ceph: stderr
2024-02-09T22:42:10.295+0000 7f7e90bc9700 1 --2- 172.21.15.3:0/3688966886 >> [v2:172.21.15.3:3300/0,v1:172.21.15.3:6789/0] conn(0x7f7e8c107780 0x7f7e8c19b540 secure :-1 s=READY pgs=69 cs=0 l=1 rev1=1 crypto rx=0x7f7e7c003f20 tx=0x7f7e7c011b00 comp rx=0 tx=0).stop
2024-02-09T22:42:10.889 INFO:teuthology.orchestra.run.smithi003.stdout:/usr/bin/ceph: stderr
2024-02-09T22:42:10.295+0000 7f7e90bc9700 1 -- 172.21.15.3:0/3688966886 shutdown_connections
2024-02-09T22:42:10.889 INFO:teuthology.orchestra.run.smithi003.stdout:/usr/bin/ceph: stderr
2024-02-09T22:42:10.295+0000 7f7e90bc9700 1 --2- 172.21.15.3:0/3688966886 >> [v2:172.21.15.3:6800/284621866,v1:172.21.15.3:6801/284621866] conn(0x7f7e74038ee0 0x7f7e7403b3a0 unknown :-1 s=CLOSED pgs=8 cs=0 l=1 rev1=1 crypto rx=0 tx=0 comp rx=0 tx=0).stop
2024-02-09T22:42:10.889 INFO:teuthology.orchestra.run.smithi003.stdout:/usr/bin/ceph: stderr
2024-02-09T22:42:10.295+0000 7f7e90bc9700 1 --2- 172.21.15.3:0/3688966886 >> [v2:172.21.15.3:3300/0,v1:172.21.15.3:6789/0] conn(0x7f7e8c107780 0x7f7e8c19b540 unknown :-1 s=CLOSED pgs=69 cs=0 l=1 rev1=1 crypto rx=0 tx=0 comp rx=0 tx=0).stop
2024-02-09T22:42:10.889 INFO:teuthology.orchestra.run.smithi003.stdout:/usr/bin/ceph: stderr
2024-02-09T22:42:10.295+0000 7f7e90bc9700 1 -- 172.21.15.3:0/3688966886 >> 172.21.15.3:0/3688966886 conn(0x7f7e8c102dc0 msgr2=0x7f7e8c103880 unknown :-1 s=STATE_NONE l=0).mark_down
2024-02-09T22:42:10.889 INFO:teuthology.orchestra.run.smithi003.stdout:/usr/bin/ceph: stderr
2024-02-09T22:42:10.295+0000 7f7e90bc9700 1 -- 172.21.15.3:0/3688966886 shutdown_connections
2024-02-09T22:42:10.889 INFO:teuthology.orchestra.run.smithi003.stdout:/usr/bin/ceph: stderr
2024-02-09T22:42:10.295+0000 7f7e90bc9700 1 -- 172.21.15.3:0/3688966886 wait complete.
2024-02-09T22:42:10.889 INFO:teuthology.orchestra.run.smithi003.stdout:Fetching dashboard port number...
2024-02-09T22:42:11.130 INFO:journalctl@ceph.mon.a.smithi003.stdout:Feb 09 22:42:10 smithi003 ceph-mon[32678]: from='mgr.14148 172.21.15.3:0/1645460186' entity='mgr.x'
2024-02-09T22:42:11.130 INFO:journalctl@ceph.mon.a.smithi003.stdout:Feb 09 22:42:10 smithi003 ceph-mon[32678]: from='client.14162 -' entity='client.admin' cmd=[{"prefix": "dashboard ac-user-create", "username": "admin", "rolename": "administrator", "force_password": true, "pwd_update_required": true, "target": ["mon-mgr", ""]}]: dispatch
2024-02-09T22:42:11.130 INFO:journalctl@ceph.mon.a.smithi003.stdout:Feb 09 22:42:10 smithi003 ceph-mon[32678]: from='mgr.14148 172.21.15.3:0/1645460186' entity='mgr.x'
2024-02-09T22:42:12.250 INFO:journalctl@ceph.mon.a.smithi003.stdout:Feb 09 22:42:11 smithi003 ceph-mon[32678]: from='client.? 172.21.15.3:0/1178059369' entity='client.admin' cmd=[{"prefix": "config get", "who": "mgr", "key": "mgr/dashboard/ssl_server_port"}]: dispatch
2024-02-09T22:42:12.250 INFO:journalctl@ceph.mon.a.smithi003.stdout:Feb 09 22:42:11 smithi003 ceph-mon[32678]: from='mgr.14148 172.21.15.3:0/1645460186' entity='mgr.x'
2024-02-09T22:42:12.257 INFO:teuthology.orchestra.run.smithi003.stdout:/usr/bin/ceph: stdout 8443
2024-02-09T22:42:12.258 INFO:teuthology.orchestra.run.smithi003.stdout:/usr/bin/ceph: stderr
2024-02-09T22:42:11.353+0000 7f3b65c4a700 1 Processor -- start
2024-02-09T22:42:12.258 INFO:teuthology.orchestra.run.smithi003.stdout:/usr/bin/ceph: stderr
2024-02-09T22:42:11.353+0000 7f3b65c4a700 1 -- start start
2024-02-09T22:42:12.258 INFO:teuthology.orchestra.run.smithi003.stdout:/usr/bin/ceph: stderr
2024-02-09T22:42:11.354+0000 7f3b65c4a700 1 --2- >> [v2:172.21.15.3:3300/0,v1:172.21.15.3:6789/0] conn(0x7f3b601066a0 0x7f3b60106ac0 unknown :-1 s=NONE pgs=0 cs=0 l=0 rev1=0 crypto rx=0 tx=0 comp rx=0 tx=0).connect
2024-02-09T22:42:12.258 INFO:teuthology.orchestra.run.smithi003.stdout:/usr/bin/ceph: stderr
2024-02-09T22:42:11.354+0000 7f3b65c4a700 1 -- --> [v2:172.21.15.3:3300/0,v1:172.21.15.3:6789/0] -- mon_getmap magic: 0 v1 -- 0x7f3b60107090 con 0x7f3b601066a0
2024-02-09T22:42:12.258 INFO:teuthology.orchestra.run.smithi003.stdout:/usr/bin/ceph: stderr
2024-02-09T22:42:11.354+0000 7f3b5f7fe700 1 --2- >> [v2:172.21.15.3:3300/0,v1:172.21.15.3:6789/0] conn(0x7f3b601066a0 0x7f3b60106ac0 unknown :-1 s=BANNER_CONNECTING pgs=0 cs=0 l=0 rev1=0 crypto rx=0 tx=0 comp rx=0 tx=0)._handle_peer_banner_payload supported=3 required=0
2024-02-09T22:42:12.258 INFO:teuthology.orchestra.run.smithi003.stdout:/usr/bin/ceph: stderr
2024-02-09T22:42:11.354+0000 7f3b5f7fe700 1 --2- >> [v2:172.21.15.3:3300/0,v1:172.21.15.3:6789/0] conn(0x7f3b601066a0 0x7f3b60106ac0 unknown :-1 s=HELLO_CONNECTING pgs=0 cs=0 l=0 rev1=1 crypto rx=0 tx=0 comp rx=0 tx=0).handle_hello peer v2:172.21.15.3:3300/0 says I am v2:172.21.15.3:46926/0 (socket says 172.21.15.3:46926)
2024-02-09T22:42:12.258 INFO:teuthology.orchestra.run.smithi003.stdout:/usr/bin/ceph: stderr
2024-02-09T22:42:11.354+0000 7f3b5f7fe700 1 -- 172.21.15.3:0/893096129 learned_addr learned my addr 172.21.15.3:0/893096129 (peer_addr_for_me v2:172.21.15.3:0/0)
2024-02-09T22:42:12.258 INFO:teuthology.orchestra.run.smithi003.stdout:/usr/bin/ceph: stderr
2024-02-09T22:42:11.354+0000 7f3b5f7fe700 1 -- 172.21.15.3:0/893096129 --> [v2:172.21.15.3:3300/0,v1:172.21.15.3:6789/0] -- mon_subscribe({config=0+,monmap=0+}) v3 -- 0x7f3b601078a0 con 0x7f3b601066a0
2024-02-09T22:42:12.258 INFO:teuthology.orchestra.run.smithi003.stdout:/usr/bin/ceph: stderr
2024-02-09T22:42:11.354+0000 7f3b5f7fe700 1 --2- 172.21.15.3:0/893096129 >> [v2:172.21.15.3:3300/0,v1:172.21.15.3:6789/0] conn(0x7f3b601066a0 0x7f3b60106ac0 secure :-1 s=READY pgs=70 cs=0 l=1 rev1=1 crypto rx=0x7f3b500098a0 tx=0x7f3b50009bb0 comp rx=0 tx=0).ready entity=mon.0 client_cookie=c3fbef8b126ab8b3 server_cookie=0 in_seq=0 out_seq=0
2024-02-09T22:42:12.258 INFO:teuthology.orchestra.run.smithi003.stdout:/usr/bin/ceph: stderr
2024-02-09T22:42:11.355+0000 7f3b5e7fc700 1 -- 172.21.15.3:0/893096129 <== mon.0 v2:172.21.15.3:3300/0 1 ==== mon_map magic: 0 v1 ==== 205+0+0 (secure 0 0 0) 0x7f3b50004160 con 0x7f3b601066a0
2024-02-09T22:42:12.258 INFO:teuthology.orchestra.run.smithi003.stdout:/usr/bin/ceph: stderr
2024-02-09T22:42:11.355+0000 7f3b5e7fc700 1 -- 172.21.15.3:0/893096129 <== mon.0 v2:172.21.15.3:3300/0 2 ==== config(27 keys) v1 ==== 1140+0+0 (secure 0 0 0) 0x7f3b500042c0 con 0x7f3b601066a0
2024-02-09T22:42:12.258 INFO:teuthology.orchestra.run.smithi003.stdout:/usr/bin/ceph: stderr
2024-02-09T22:42:11.355+0000 7f3b5e7fc700 1 -- 172.21.15.3:0/893096129 <== mon.0 v2:172.21.15.3:3300/0 3 ==== mon_map magic: 0 v1 ==== 205+0+0 (secure 0 0 0) 0x7f3b50011a80 con 0x7f3b601066a0
2024-02-09T22:42:12.259 INFO:teuthology.orchestra.run.smithi003.stdout:/usr/bin/ceph: stderr
2024-02-09T22:42:11.355+0000 7f3b65c4a700 1 -- 172.21.15.3:0/893096129 >> [v2:172.21.15.3:3300/0,v1:172.21.15.3:6789/0] conn(0x7f3b601066a0 msgr2=0x7f3b60106ac0 secure :-1 s=STATE_CONNECTION_ESTABLISHED l=1).mark_down
2024-02-09T22:42:12.259 INFO:teuthology.orchestra.run.smithi003.stdout:/usr/bin/ceph: stderr
2024-02-09T22:42:11.355+0000 7f3b65c4a700 1 --2- 172.21.15.3:0/893096129 >> [v2:172.21.15.3:3300/0,v1:172.21.15.3:6789/0] conn(0x7f3b601066a0 0x7f3b60106ac0 secure :-1 s=READY pgs=70 cs=0 l=1 rev1=1 crypto rx=0x7f3b500098a0 tx=0x7f3b50009bb0 comp rx=0 tx=0).stop
2024-02-09T22:42:12.259 INFO:teuthology.orchestra.run.smithi003.stdout:/usr/bin/ceph: stderr
2024-02-09T22:42:11.355+0000 7f3b65c4a700 1 -- 172.21.15.3:0/893096129 shutdown_connections
2024-02-09T22:42:12.259 INFO:teuthology.orchestra.run.smithi003.stdout:/usr/bin/ceph: stderr
2024-02-09T22:42:11.355+0000 7f3b65c4a700 1 --2- 172.21.15.3:0/893096129 >> [v2:172.21.15.3:3300/0,v1:172.21.15.3:6789/0] conn(0x7f3b601066a0 0x7f3b60106ac0 unknown :-1 s=CLOSED pgs=70 cs=0 l=1 rev1=1 crypto rx=0 tx=0 comp rx=0 tx=0).stop
2024-02-09T22:42:12.259 INFO:teuthology.orchestra.run.smithi003.stdout:/usr/bin/ceph: stderr
2024-02-09T22:42:11.355+0000 7f3b65c4a700 1 -- 172.21.15.3:0/893096129 >> 172.21.15.3:0/893096129 conn(0x7f3b60101ca0 msgr2=0x7f3b601040c0 unknown :-1 s=STATE_NONE l=0).mark_down
2024-02-09T22:42:12.259 INFO:teuthology.orchestra.run.smithi003.stdout:/usr/bin/ceph: stderr
2024-02-09T22:42:11.355+0000 7f3b65c4a700 1 -- 172.21.15.3:0/893096129 shutdown_connections
2024-02-09T22:42:12.259 INFO:teuthology.orchestra.run.smithi003.stdout:/usr/bin/ceph: stderr
2024-02-09T22:42:11.355+0000 7f3b65c4a700 1 -- 172.21.15.3:0/893096129 wait complete.
2024-02-09T22:42:12.259 INFO:teuthology.orchestra.run.smithi003.stdout:/usr/bin/ceph: stderr
2024-02-09T22:42:11.356+0000 7f3b65c4a700 1 Processor -- start
2024-02-09T22:42:12.259 INFO:teuthology.orchestra.run.smithi003.stdout:/usr/bin/ceph: stderr
2024-02-09T22:42:11.356+0000 7f3b65c4a700 1 -- start start
2024-02-09T22:42:12.259 INFO:teuthology.orchestra.run.smithi003.stdout:/usr/bin/ceph: stderr
2024-02-09T22:42:11.356+0000 7f3b65c4a700 1 --2- >> [v2:172.21.15.3:3300/0,v1:172.21.15.3:6789/0] conn(0x7f3b601066a0 0x7f3b6019b5f0 unknown :-1 s=NONE pgs=0 cs=0 l=1 rev1=0 crypto rx=0 tx=0 comp rx=0 tx=0).connect
2024-02-09T22:42:12.259 INFO:teuthology.orchestra.run.smithi003.stdout:/usr/bin/ceph: stderr
2024-02-09T22:42:11.356+0000 7f3b65c4a700 1 -- --> [v2:172.21.15.3:3300/0,v1:172.21.15.3:6789/0] -- mon_getmap magic: 0 v1 -- 0x7f3b6019bb30 con 0x7f3b601066a0
2024-02-09T22:42:12.259 INFO:teuthology.orchestra.run.smithi003.stdout:/usr/bin/ceph: stderr
2024-02-09T22:42:11.356+0000 7f3b5f7fe700 1 --2- >> [v2:172.21.15.3:3300/0,v1:172.21.15.3:6789/0] conn(0x7f3b601066a0 0x7f3b6019b5f0 unknown :-1 s=BANNER_CONNECTING pgs=0 cs=0 l=1 rev1=0 crypto rx=0 tx=0 comp rx=0 tx=0)._handle_peer_banner_payload supported=3 required=0
2024-02-09T22:42:12.260 INFO:teuthology.orchestra.run.smithi003.stdout:/usr/bin/ceph: stderr
2024-02-09T22:42:11.357+0000 7f3b5f7fe700 1 --2- >> [v2:172.21.15.3:3300/0,v1:172.21.15.3:6789/0] conn(0x7f3b601066a0 0x7f3b6019b5f0 unknown :-1 s=HELLO_CONNECTING pgs=0 cs=0 l=1 rev1=1 crypto rx=0 tx=0 comp rx=0 tx=0).handle_hello peer v2:172.21.15.3:3300/0 says I am v2:172.21.15.3:46942/0 (socket says 172.21.15.3:46942)
2024-02-09T22:42:12.260 INFO:teuthology.orchestra.run.smithi003.stdout:/usr/bin/ceph: stderr
2024-02-09T22:42:11.357+0000 7f3b5f7fe700 1 -- 172.21.15.3:0/1178059369 learned_addr learned my addr 172.21.15.3:0/1178059369 (peer_addr_for_me v2:172.21.15.3:0/0)
2024-02-09T22:42:12.260 INFO:teuthology.orchestra.run.smithi003.stdout:/usr/bin/ceph: stderr
2024-02-09T22:42:11.357+0000 7f3b5f7fe700 1 -- 172.21.15.3:0/1178059369 --> [v2:172.21.15.3:3300/0,v1:172.21.15.3:6789/0] -- mon_subscribe({config=0+,monmap=0+}) v3 -- 0x7f3b50009550 con 0x7f3b601066a0
2024-02-09T22:42:12.260 INFO:teuthology.orchestra.run.smithi003.stdout:/usr/bin/ceph: stderr
2024-02-09T22:42:11.357+0000 7f3b5f7fe700 1 --2- 172.21.15.3:0/1178059369 >> [v2:172.21.15.3:3300/0,v1:172.21.15.3:6789/0] conn(0x7f3b601066a0 0x7f3b6019b5f0 secure :-1 s=READY pgs=71 cs=0 l=1 rev1=1 crypto rx=0x7f3b50000c00 tx=0x7f3b50011b00 comp rx=0 tx=0).ready entity=mon.0 client_cookie=0 server_cookie=0 in_seq=0 out_seq=0
2024-02-09T22:42:12.260 INFO:teuthology.orchestra.run.smithi003.stdout:/usr/bin/ceph: stderr
2024-02-09T22:42:11.357+0000 7f3b5cff9700 1 -- 172.21.15.3:0/1178059369 <== mon.0 v2:172.21.15.3:3300/0 1 ==== mon_map magic: 0 v1 ==== 205+0+0 (secure 0 0 0) 0x7f3b500039e0 con 0x7f3b601066a0
2024-02-09T22:42:12.260 INFO:teuthology.orchestra.run.smithi003.stdout:/usr/bin/ceph: stderr
2024-02-09T22:42:11.357+0000 7f3b65c4a700 1 -- 172.21.15.3:0/1178059369 --> [v2:172.21.15.3:3300/0,v1:172.21.15.3:6789/0] -- mon_subscribe({mgrmap=0+}) v3 -- 0x7f3b6019bd30 con 0x7f3b601066a0
2024-02-09T22:42:12.260 INFO:teuthology.orchestra.run.smithi003.stdout:/usr/bin/ceph: stderr
2024-02-09T22:42:11.357+0000 7f3b5cff9700 1 -- 172.21.15.3:0/1178059369 <== mon.0 v2:172.21.15.3:3300/0 2 ==== config(27 keys) v1 ==== 1140+0+0 (secure 0 0 0) 0x7f3b50003b40 con 0x7f3b601066a0
2024-02-09T22:42:12.260 INFO:teuthology.orchestra.run.smithi003.stdout:/usr/bin/ceph: stderr
2024-02-09T22:42:11.357+0000 7f3b5cff9700 1 -- 172.21.15.3:0/1178059369 <== mon.0 v2:172.21.15.3:3300/0 3 ==== mon_map magic: 0 v1 ==== 205+0+0 (secure 0 0 0) 0x7f3b50024820 con 0x7f3b601066a0
2024-02-09T22:42:12.260 INFO:teuthology.orchestra.run.smithi003.stdout:/usr/bin/ceph: stderr
2024-02-09T22:42:11.357+0000 7f3b65c4a700 1 -- 172.21.15.3:0/1178059369 --> [v2:172.21.15.3:3300/0,v1:172.21.15.3:6789/0] -- mon_subscribe({osdmap=0}) v3 -- 0x7f3b6019c1d0 con 0x7f3b601066a0
2024-02-09T22:42:12.260 INFO:teuthology.orchestra.run.smithi003.stdout:/usr/bin/ceph: stderr
2024-02-09T22:42:11.358+0000 7f3b5cff9700 1 -- 172.21.15.3:0/1178059369 <== mon.0 v2:172.21.15.3:3300/0 4 ==== mgrmap(e 12) v1 ==== 45945+0+0 (secure 0 0 0) 0x7f3b50024980 con 0x7f3b601066a0
2024-02-09T22:42:12.260 INFO:teuthology.orchestra.run.smithi003.stdout:/usr/bin/ceph: stderr
2024-02-09T22:42:11.358+0000 7f3b65c4a700 1 -- 172.21.15.3:0/1178059369 --> [v2:172.21.15.3:3300/0,v1:172.21.15.3:6789/0] -- mon_command({"prefix": "get_command_descriptions"} v 0) v1 -- 0x7f3b60195740 con 0x7f3b601066a0
2024-02-09T22:42:12.260 INFO:teuthology.orchestra.run.smithi003.stdout:/usr/bin/ceph: stderr
2024-02-09T22:42:11.358+0000 7f3b5cff9700 1 --2- 172.21.15.3:0/1178059369 >> [v2:172.21.15.3:6800/284621866,v1:172.21.15.3:6801/284621866] conn(0x7f3b48038f30 0x7f3b4803b3f0 unknown :-1 s=NONE pgs=0 cs=0 l=1 rev1=0 crypto rx=0 tx=0 comp rx=0 tx=0).connect
2024-02-09T22:42:12.260 INFO:teuthology.orchestra.run.smithi003.stdout:/usr/bin/ceph: stderr
2024-02-09T22:42:11.358+0000 7f3b5cff9700 1 -- 172.21.15.3:0/1178059369 <== mon.0 v2:172.21.15.3:3300/0 5 ==== osd_map(3..3 src has 1..3) v4 ==== 1155+0+0 (secure 0 0 0) 0x7f3b5004d140 con 0x7f3b601066a0
2024-02-09T22:42:12.261 INFO:teuthology.orchestra.run.smithi003.stdout:/usr/bin/ceph: stderr
2024-02-09T22:42:11.359+0000 7f3b5effd700 1 --2- 172.21.15.3:0/1178059369 >> [v2:172.21.15.3:6800/284621866,v1:172.21.15.3:6801/284621866] conn(0x7f3b48038f30 0x7f3b4803b3f0 unknown :-1 s=BANNER_CONNECTING pgs=0 cs=0 l=1 rev1=0 crypto rx=0 tx=0 comp rx=0 tx=0)._handle_peer_banner_payload supported=3 required=0
2024-02-09T22:42:12.261 INFO:teuthology.orchestra.run.smithi003.stdout:/usr/bin/ceph: stderr
2024-02-09T22:42:11.359+0000 7f3b5effd700 1 --2- 172.21.15.3:0/1178059369 >> [v2:172.21.15.3:6800/284621866,v1:172.21.15.3:6801/284621866] conn(0x7f3b48038f30 0x7f3b4803b3f0 secure :-1 s=READY pgs=9 cs=0 l=1 rev1=1 crypto rx=0x7f3b54006fd0 tx=0x7f3b54006e40 comp rx=0 tx=0).ready entity=mgr.14148 client_cookie=0 server_cookie=0 in_seq=0 out_seq=0
