2024-02-09T23:02:03.124 INFO:teuthology.orchestra.run.smithi029.stdout:/usr/bin/ceph: stderr
2024-02-09T23:02:02.283+0000 7ff6e2cb1700 1 -- 172.21.15.29:0/3854901198 --> [v2:172.21.15.29:3300/0,v1:172.21.15.29:6789/0] -- mon_subscribe({osdmap=0}) v3 -- 0x7ff6dc07b750 con 0x7ff6dc1077b0
2024-02-09T23:02:03.124 INFO:teuthology.orchestra.run.smithi029.stdout:/usr/bin/ceph: stderr
2024-02-09T23:02:02.284+0000 7ff6d9ffb700 1 -- 172.21.15.29:0/3854901198 <== mon.0 v2:172.21.15.29:3300/0 4 ==== mgrmap(e 8) v1 ==== 45932+0+0 (secure 0 0 0) 0x7ff6cc02d3f0 con 0x7ff6dc1077b0
2024-02-09T23:02:03.124 INFO:teuthology.orchestra.run.smithi029.stdout:/usr/bin/ceph: stderr
2024-02-09T23:02:02.284+0000 7ff6d9ffb700 1 --2- 172.21.15.29:0/3854901198 >> [v2:172.21.15.29:6800/1640642098,v1:172.21.15.29:6801/1640642098] conn(0x7ff6c4038f30 0x7ff6c403b3f0 unknown :-1 s=NONE pgs=0 cs=0 l=1 rev1=0 crypto rx=0 tx=0 comp rx=0 tx=0).connect
2024-02-09T23:02:03.124 INFO:teuthology.orchestra.run.smithi029.stdout:/usr/bin/ceph: stderr
2024-02-09T23:02:02.284+0000 7ff6e2cb1700 1 -- 172.21.15.29:0/3854901198 --> [v2:172.21.15.29:3300/0,v1:172.21.15.29:6789/0] -- mon_command({"prefix": "get_command_descriptions"} v 0) v1 -- 0x7ff6dc10bb90 con 0x7ff6dc1077b0
2024-02-09T23:02:03.124 INFO:teuthology.orchestra.run.smithi029.stdout:/usr/bin/ceph: stderr
2024-02-09T23:02:02.284+0000 7ff6d9ffb700 1 -- 172.21.15.29:0/3854901198 <== mon.0 v2:172.21.15.29:3300/0 5 ==== osd_map(2..2 src has 1..2) v4 ==== 940+0+0 (secure 0 0 0) 0x7ff6cc04d1c0 con 0x7ff6dc1077b0
2024-02-09T23:02:03.124 INFO:teuthology.orchestra.run.smithi029.stdout:/usr/bin/ceph: stderr
2024-02-09T23:02:02.284+0000 7ff6dbfff700 1 --2- 172.21.15.29:0/3854901198 >> [v2:172.21.15.29:6800/1640642098,v1:172.21.15.29:6801/1640642098] conn(0x7ff6c4038f30 0x7ff6c403b3f0 unknown :-1 s=BANNER_CONNECTING pgs=0 cs=0 l=1 rev1=0 crypto rx=0 tx=0 comp rx=0 tx=0)._handle_peer_banner_payload supported=3 required=0
2024-02-09T23:02:03.124 INFO:teuthology.orchestra.run.smithi029.stdout:/usr/bin/ceph: stderr
2024-02-09T23:02:02.284+0000 7ff6dbfff700 1 --2- 172.21.15.29:0/3854901198 >> [v2:172.21.15.29:6800/1640642098,v1:172.21.15.29:6801/1640642098] conn(0x7ff6c4038f30 0x7ff6c403b3f0 secure :-1 s=READY pgs=7 cs=0 l=1 rev1=1 crypto rx=0x7ff6d0006fd0 tx=0x7ff6d0006e40 comp rx=0 tx=0).ready entity=mgr.14116 client_cookie=0 server_cookie=0 in_seq=0 out_seq=0
2024-02-09T23:02:03.125 INFO:teuthology.orchestra.run.smithi029.stdout:/usr/bin/ceph: stderr
2024-02-09T23:02:02.289+0000 7ff6d9ffb700 1 -- 172.21.15.29:0/3854901198 <== mon.0 v2:172.21.15.29:3300/0 6 ==== mon_command_ack([{"prefix": "get_command_descriptions"}]=0 v0) v1 ==== 72+0+183564 (secure 0 0 0) 0x7ff6cc010740 con 0x7ff6dc1077b0
2024-02-09T23:02:03.125 INFO:teuthology.orchestra.run.smithi029.stdout:/usr/bin/ceph: stderr
2024-02-09T23:02:02.507+0000 7ff6e2cb1700 1 -- 172.21.15.29:0/3854901198 --> [v2:172.21.15.29:6800/1640642098,v1:172.21.15.29:6801/1640642098] -- mgr_command(tid 0: {"prefix": "orch set backend", "module_name": "cephadm", "target": ["mon-mgr", ""]}) v1 -- 0x7ff6dc07bdf0 con 0x7ff6c4038f30
2024-02-09T23:02:03.125 INFO:teuthology.orchestra.run.smithi029.stdout:/usr/bin/ceph: stderr
2024-02-09T23:02:02.512+0000 7ff6d9ffb700 1 -- 172.21.15.29:0/3854901198 <== mgr.14116 v2:172.21.15.29:6800/1640642098 1 ==== mgr_command_reply(tid 0: 0 ) v1 ==== 8+0+0 (secure 0 0 0) 0x7ff6dc07bdf0 con 0x7ff6c4038f30
2024-02-09T23:02:03.125 INFO:teuthology.orchestra.run.smithi029.stdout:/usr/bin/ceph: stderr
2024-02-09T23:02:02.514+0000 7ff6e2cb1700 1 -- 172.21.15.29:0/3854901198 >> [v2:172.21.15.29:6800/1640642098,v1:172.21.15.29:6801/1640642098] conn(0x7ff6c4038f30 msgr2=0x7ff6c403b3f0 secure :-1 s=STATE_CONNECTION_ESTABLISHED l=1).mark_down
2024-02-09T23:02:03.125 INFO:teuthology.orchestra.run.smithi029.stdout:/usr/bin/ceph: stderr
2024-02-09T23:02:02.514+0000 7ff6e2cb1700 1 --2- 172.21.15.29:0/3854901198 >> [v2:172.21.15.29:6800/1640642098,v1:172.21.15.29:6801/1640642098] conn(0x7ff6c4038f30 0x7ff6c403b3f0 secure :-1 s=READY pgs=7 cs=0 l=1 rev1=1 crypto rx=0x7ff6d0006fd0 tx=0x7ff6d0006e40 comp rx=0 tx=0).stop
2024-02-09T23:02:03.125 INFO:teuthology.orchestra.run.smithi029.stdout:/usr/bin/ceph: stderr
2024-02-09T23:02:02.514+0000 7ff6e2cb1700 1 -- 172.21.15.29:0/3854901198 >> [v2:172.21.15.29:3300/0,v1:172.21.15.29:6789/0] conn(0x7ff6dc1077b0 msgr2=0x7ff6dc07cb80 secure :-1 s=STATE_CONNECTION_ESTABLISHED l=1).mark_down
2024-02-09T23:02:03.125 INFO:teuthology.orchestra.run.smithi029.stdout:/usr/bin/ceph: stderr
2024-02-09T23:02:02.514+0000 7ff6e2cb1700 1 --2- 172.21.15.29:0/3854901198 >> [v2:172.21.15.29:3300/0,v1:172.21.15.29:6789/0] conn(0x7ff6dc1077b0 0x7ff6dc07cb80 secure :-1 s=READY pgs=34 cs=0 l=1 rev1=1 crypto rx=0x7ff6cc000c00 tx=0x7ff6cc011bf0 comp rx=0 tx=0).stop
2024-02-09T23:02:03.125 INFO:teuthology.orchestra.run.smithi029.stdout:/usr/bin/ceph: stderr
2024-02-09T23:02:02.514+0000 7ff6e2cb1700 1 -- 172.21.15.29:0/3854901198 shutdown_connections
2024-02-09T23:02:03.125 INFO:teuthology.orchestra.run.smithi029.stdout:/usr/bin/ceph: stderr
2024-02-09T23:02:02.514+0000 7ff6e2cb1700 1 --2- 172.21.15.29:0/3854901198 >> [v2:172.21.15.29:6800/1640642098,v1:172.21.15.29:6801/1640642098] conn(0x7ff6c4038f30 0x7ff6c403b3f0 unknown :-1 s=CLOSED pgs=7 cs=0 l=1 rev1=1 crypto rx=0 tx=0 comp rx=0 tx=0).stop
2024-02-09T23:02:03.125 INFO:teuthology.orchestra.run.smithi029.stdout:/usr/bin/ceph: stderr
2024-02-09T23:02:02.514+0000 7ff6e2cb1700 1 --2- 172.21.15.29:0/3854901198 >> [v2:172.21.15.29:3300/0,v1:172.21.15.29:6789/0] conn(0x7ff6dc1077b0 0x7ff6dc07cb80 unknown :-1 s=CLOSED pgs=34 cs=0 l=1 rev1=1 crypto rx=0 tx=0 comp rx=0 tx=0).stop
2024-02-09T23:02:03.125 INFO:teuthology.orchestra.run.smithi029.stdout:/usr/bin/ceph: stderr
2024-02-09T23:02:02.514+0000 7ff6e2cb1700 1 -- 172.21.15.29:0/3854901198 >> 172.21.15.29:0/3854901198 conn(0x7ff6dc102df0 msgr2=0x7ff6dc103920 unknown :-1 s=STATE_NONE l=0).mark_down
2024-02-09T23:02:03.125 INFO:teuthology.orchestra.run.smithi029.stdout:/usr/bin/ceph: stderr
2024-02-09T23:02:02.514+0000 7ff6e2cb1700 1 -- 172.21.15.29:0/3854901198 shutdown_connections
2024-02-09T23:02:03.125 INFO:teuthology.orchestra.run.smithi029.stdout:/usr/bin/ceph: stderr
2024-02-09T23:02:02.514+0000 7ff6e2cb1700 1 -- 172.21.15.29:0/3854901198 wait complete.
2024-02-09T23:02:03.426 INFO:journalctl@ceph.mon.a.smithi029.stdout:Feb 09 23:02:03 smithi029 ceph-mon[32864]: mgrmap e8: x(active, since 2s)
2024-02-09T23:02:03.426 INFO:journalctl@ceph.mon.a.smithi029.stdout:Feb 09 23:02:03 smithi029 ceph-mon[32864]: from='client.14128 -' entity='client.admin' cmd=[{"prefix": "orch set backend", "module_name": "cephadm", "target": ["mon-mgr", ""]}]: dispatch
2024-02-09T23:02:03.426 INFO:journalctl@ceph.mon.a.smithi029.stdout:Feb 09 23:02:03 smithi029 ceph-mon[32864]: from='mgr.14116 172.21.15.29:0/2105703084' entity='mgr.x'
2024-02-09T23:02:03.426 INFO:journalctl@ceph.mon.a.smithi029.stdout:Feb 09 23:02:03 smithi029 ceph-mon[32864]: from='mgr.14116 172.21.15.29:0/2105703084' entity='mgr.x' cmd=[{"prefix": "config dump", "format": "json"}]: dispatch
2024-02-09T23:02:04.352 INFO:teuthology.orchestra.run.smithi029.stdout:/usr/bin/ceph: stdout value unchanged
2024-02-09T23:02:04.352 INFO:teuthology.orchestra.run.smithi029.stdout:/usr/bin/ceph: stderr
2024-02-09T23:02:03.534+0000 7f1ae5931700 1 Processor -- start
2024-02-09T23:02:04.352 INFO:teuthology.orchestra.run.smithi029.stdout:/usr/bin/ceph: stderr
2024-02-09T23:02:03.534+0000 7f1ae5931700 1 -- start start
2024-02-09T23:02:04.352 INFO:teuthology.orchestra.run.smithi029.stdout:/usr/bin/ceph: stderr
2024-02-09T23:02:03.535+0000 7f1ae5931700 1 --2- >> [v2:172.21.15.29:3300/0,v1:172.21.15.29:6789/0] conn(0x7f1ae01066a0 0x7f1ae0106ac0 unknown :-1 s=NONE pgs=0 cs=0 l=0 rev1=0 crypto rx=0 tx=0 comp rx=0 tx=0).connect
2024-02-09T23:02:04.352 INFO:teuthology.orchestra.run.smithi029.stdout:/usr/bin/ceph: stderr
2024-02-09T23:02:03.535+0000 7f1ae5931700 1 -- --> [v2:172.21.15.29:3300/0,v1:172.21.15.29:6789/0] -- mon_getmap magic: 0 v1 -- 0x7f1ae0107090 con 0x7f1ae01066a0
2024-02-09T23:02:04.352 INFO:teuthology.orchestra.run.smithi029.stdout:/usr/bin/ceph: stderr
2024-02-09T23:02:03.535+0000 7f1adeffd700 1 --2- >> [v2:172.21.15.29:3300/0,v1:172.21.15.29:6789/0] conn(0x7f1ae01066a0 0x7f1ae0106ac0 unknown :-1 s=BANNER_CONNECTING pgs=0 cs=0 l=0 rev1=0 crypto rx=0 tx=0 comp rx=0 tx=0)._handle_peer_banner_payload supported=3 required=0
2024-02-09T23:02:04.352 INFO:teuthology.orchestra.run.smithi029.stdout:/usr/bin/ceph: stderr
2024-02-09T23:02:03.535+0000 7f1adeffd700 1 --2- >> [v2:172.21.15.29:3300/0,v1:172.21.15.29:6789/0] conn(0x7f1ae01066a0 0x7f1ae0106ac0 unknown :-1 s=HELLO_CONNECTING pgs=0 cs=0 l=0 rev1=1 crypto rx=0 tx=0 comp rx=0 tx=0).handle_hello peer v2:172.21.15.29:3300/0 says I am v2:172.21.15.29:38096/0 (socket says 172.21.15.29:38096)
2024-02-09T23:02:04.353 INFO:teuthology.orchestra.run.smithi029.stdout:/usr/bin/ceph: stderr
2024-02-09T23:02:03.535+0000 7f1adeffd700 1 -- 172.21.15.29:0/221013142 learned_addr learned my addr 172.21.15.29:0/221013142 (peer_addr_for_me v2:172.21.15.29:0/0)
2024-02-09T23:02:04.353 INFO:teuthology.orchestra.run.smithi029.stdout:/usr/bin/ceph: stderr
2024-02-09T23:02:03.535+0000 7f1adeffd700 1 -- 172.21.15.29:0/221013142 --> [v2:172.21.15.29:3300/0,v1:172.21.15.29:6789/0] -- mon_subscribe({config=0+,monmap=0+}) v3 -- 0x7f1ae01078a0 con 0x7f1ae01066a0
2024-02-09T23:02:04.353 INFO:teuthology.orchestra.run.smithi029.stdout:/usr/bin/ceph: stderr
2024-02-09T23:02:03.535+0000 7f1adeffd700 1 --2- 172.21.15.29:0/221013142 >> [v2:172.21.15.29:3300/0,v1:172.21.15.29:6789/0] conn(0x7f1ae01066a0 0x7f1ae0106ac0 secure :-1 s=READY pgs=35 cs=0 l=1 rev1=1 crypto rx=0x7f1ad00098a0 tx=0x7f1ad0009bb0 comp rx=0 tx=0).ready entity=mon.0 client_cookie=2fd3f1bf47f99437 server_cookie=0 in_seq=0 out_seq=0
2024-02-09T23:02:04.353 INFO:teuthology.orchestra.run.smithi029.stdout:/usr/bin/ceph: stderr
2024-02-09T23:02:03.535+0000 7f1addffb700 1 -- 172.21.15.29:0/221013142 <== mon.0 v2:172.21.15.29:3300/0 1 ==== mon_map magic: 0 v1 ==== 205+0+0 (secure 0 0 0) 0x7f1ad0004160 con 0x7f1ae01066a0
2024-02-09T23:02:04.353 INFO:teuthology.orchestra.run.smithi029.stdout:/usr/bin/ceph: stderr
2024-02-09T23:02:03.535+0000 7f1addffb700 1 -- 172.21.15.29:0/221013142 <== mon.0 v2:172.21.15.29:3300/0 2 ==== config(28 keys) v1 ==== 1143+0+0 (secure 0 0 0) 0x7f1ad00042c0 con 0x7f1ae01066a0
2024-02-09T23:02:04.353 INFO:teuthology.orchestra.run.smithi029.stdout:/usr/bin/ceph: stderr
2024-02-09T23:02:03.535+0000 7f1addffb700 1 -- 172.21.15.29:0/221013142 <== mon.0 v2:172.21.15.29:3300/0 3 ==== mon_map magic: 0 v1 ==== 205+0+0 (secure 0 0 0) 0x7f1ad0011b70 con 0x7f1ae01066a0
2024-02-09T23:02:04.353 INFO:teuthology.orchestra.run.smithi029.stdout:/usr/bin/ceph: stderr
2024-02-09T23:02:03.536+0000 7f1ae5931700 1 -- 172.21.15.29:0/221013142 >> [v2:172.21.15.29:3300/0,v1:172.21.15.29:6789/0] conn(0x7f1ae01066a0 msgr2=0x7f1ae0106ac0 secure :-1 s=STATE_CONNECTION_ESTABLISHED l=1).mark_down
2024-02-09T23:02:04.353 INFO:teuthology.orchestra.run.smithi029.stdout:/usr/bin/ceph: stderr
2024-02-09T23:02:03.536+0000 7f1ae5931700 1 --2- 172.21.15.29:0/221013142 >> [v2:172.21.15.29:3300/0,v1:172.21.15.29:6789/0] conn(0x7f1ae01066a0 0x7f1ae0106ac0 secure :-1 s=READY pgs=35 cs=0 l=1 rev1=1 crypto rx=0x7f1ad00098a0 tx=0x7f1ad0009bb0 comp rx=0 tx=0).stop
2024-02-09T23:02:04.353 INFO:teuthology.orchestra.run.smithi029.stdout:/usr/bin/ceph: stderr
2024-02-09T23:02:03.536+0000 7f1ae5931700 1 -- 172.21.15.29:0/221013142 shutdown_connections
2024-02-09T23:02:04.353 INFO:teuthology.orchestra.run.smithi029.stdout:/usr/bin/ceph: stderr
2024-02-09T23:02:03.536+0000 7f1ae5931700 1 --2- 172.21.15.29:0/221013142 >> [v2:172.21.15.29:3300/0,v1:172.21.15.29:6789/0] conn(0x7f1ae01066a0 0x7f1ae0106ac0 unknown :-1 s=CLOSED pgs=35 cs=0 l=1 rev1=1 crypto rx=0 tx=0 comp rx=0 tx=0).stop
2024-02-09T23:02:04.353 INFO:teuthology.orchestra.run.smithi029.stdout:/usr/bin/ceph: stderr
2024-02-09T23:02:03.536+0000 7f1ae5931700 1 -- 172.21.15.29:0/221013142 >> 172.21.15.29:0/221013142 conn(0x7f1ae0101cc0 msgr2=0x7f1ae01040e0 unknown :-1 s=STATE_NONE l=0).mark_down
2024-02-09T23:02:04.354 INFO:teuthology.orchestra.run.smithi029.stdout:/usr/bin/ceph: stderr
2024-02-09T23:02:03.536+0000 7f1ae5931700 1 -- 172.21.15.29:0/221013142 shutdown_connections
2024-02-09T23:02:04.354 INFO:teuthology.orchestra.run.smithi029.stdout:/usr/bin/ceph: stderr
2024-02-09T23:02:03.536+0000 7f1ae5931700 1 -- 172.21.15.29:0/221013142 wait complete.
2024-02-09T23:02:04.354 INFO:teuthology.orchestra.run.smithi029.stdout:/usr/bin/ceph: stderr
2024-02-09T23:02:03.537+0000 7f1ae5931700 1 Processor -- start
2024-02-09T23:02:04.354 INFO:teuthology.orchestra.run.smithi029.stdout:/usr/bin/ceph: stderr
2024-02-09T23:02:03.537+0000 7f1ae5931700 1 -- start start
2024-02-09T23:02:04.354 INFO:teuthology.orchestra.run.smithi029.stdout:/usr/bin/ceph: stderr
2024-02-09T23:02:03.537+0000 7f1ae5931700 1 --2- >> [v2:172.21.15.29:3300/0,v1:172.21.15.29:6789/0] conn(0x7f1ae01066a0 0x7f1ae019b5b0 unknown :-1 s=NONE pgs=0 cs=0 l=1 rev1=0 crypto rx=0 tx=0 comp rx=0 tx=0).connect
2024-02-09T23:02:04.354 INFO:teuthology.orchestra.run.smithi029.stdout:/usr/bin/ceph: stderr
2024-02-09T23:02:03.537+0000 7f1ae5931700 1 -- --> [v2:172.21.15.29:3300/0,v1:172.21.15.29:6789/0] -- mon_getmap magic: 0 v1 -- 0x7f1ae019baf0 con 0x7f1ae01066a0
2024-02-09T23:02:04.354 INFO:teuthology.orchestra.run.smithi029.stdout:/usr/bin/ceph: stderr
2024-02-09T23:02:03.537+0000 7f1adeffd700 1 --2- >> [v2:172.21.15.29:3300/0,v1:172.21.15.29:6789/0] conn(0x7f1ae01066a0 0x7f1ae019b5b0 unknown :-1 s=BANNER_CONNECTING pgs=0 cs=0 l=1 rev1=0 crypto rx=0 tx=0 comp rx=0 tx=0)._handle_peer_banner_payload supported=3 required=0
2024-02-09T23:02:04.354 INFO:teuthology.orchestra.run.smithi029.stdout:/usr/bin/ceph: stderr
2024-02-09T23:02:03.537+0000 7f1adeffd700 1 --2- >> [v2:172.21.15.29:3300/0,v1:172.21.15.29:6789/0] conn(0x7f1ae01066a0 0x7f1ae019b5b0 unknown :-1 s=HELLO_CONNECTING pgs=0 cs=0 l=1 rev1=1 crypto rx=0 tx=0 comp rx=0 tx=0).handle_hello peer v2:172.21.15.29:3300/0 says I am v2:172.21.15.29:38098/0 (socket says 172.21.15.29:38098)
2024-02-09T23:02:04.354 INFO:teuthology.orchestra.run.smithi029.stdout:/usr/bin/ceph: stderr
2024-02-09T23:02:03.537+0000 7f1adeffd700 1 -- 172.21.15.29:0/2932931834 learned_addr learned my addr 172.21.15.29:0/2932931834 (peer_addr_for_me v2:172.21.15.29:0/0)
2024-02-09T23:02:04.354 INFO:teuthology.orchestra.run.smithi029.stdout:/usr/bin/ceph: stderr
2024-02-09T23:02:03.538+0000 7f1adeffd700 1 -- 172.21.15.29:0/2932931834 --> [v2:172.21.15.29:3300/0,v1:172.21.15.29:6789/0] -- mon_subscribe({config=0+,monmap=0+}) v3 -- 0x7f1ad0009550 con 0x7f1ae01066a0
2024-02-09T23:02:04.354 INFO:teuthology.orchestra.run.smithi029.stdout:/usr/bin/ceph: stderr
2024-02-09T23:02:03.538+0000 7f1adeffd700 1 --2- 172.21.15.29:0/2932931834 >> [v2:172.21.15.29:3300/0,v1:172.21.15.29:6789/0] conn(0x7f1ae01066a0 0x7f1ae019b5b0 secure :-1 s=READY pgs=36 cs=0 l=1 rev1=1 crypto rx=0x7f1ad0011670 tx=0x7f1ad0011bf0 comp rx=0 tx=0).ready entity=mon.0 client_cookie=0 server_cookie=0 in_seq=0 out_seq=0
2024-02-09T23:02:04.354 INFO:teuthology.orchestra.run.smithi029.stdout:/usr/bin/ceph: stderr
2024-02-09T23:02:03.538+0000 7f1ae492f700 1 -- 172.21.15.29:0/2932931834 <== mon.0 v2:172.21.15.29:3300/0 1 ==== mon_map magic: 0 v1 ==== 205+0+0 (secure 0 0 0) 0x7f1ad00039f0 con 0x7f1ae01066a0
2024-02-09T23:02:04.354 INFO:teuthology.orchestra.run.smithi029.stdout:/usr/bin/ceph: stderr
2024-02-09T23:02:03.538+0000 7f1ae492f700 1 -- 172.21.15.29:0/2932931834 <== mon.0 v2:172.21.15.29:3300/0 2 ==== config(28 keys) v1 ==== 1143+0+0 (secure 0 0 0) 0x7f1ad0003b50 con 0x7f1ae01066a0
2024-02-09T23:02:04.354 INFO:teuthology.orchestra.run.smithi029.stdout:/usr/bin/ceph: stderr
2024-02-09T23:02:03.538+0000 7f1ae5931700 1 -- 172.21.15.29:0/2932931834 --> [v2:172.21.15.29:3300/0,v1:172.21.15.29:6789/0] -- mon_subscribe({mgrmap=0+}) v3 -- 0x7f1ae019bcf0 con 0x7f1ae01066a0
2024-02-09T23:02:04.354 INFO:teuthology.orchestra.run.smithi029.stdout:/usr/bin/ceph: stderr
2024-02-09T23:02:03.538+0000 7f1ae492f700 1 -- 172.21.15.29:0/2932931834 <== mon.0 v2:172.21.15.29:3300/0 3 ==== mon_map magic: 0 v1 ==== 205+0+0 (secure 0 0 0) 0x7f1ad001a690 con 0x7f1ae01066a0
2024-02-09T23:02:04.355 INFO:teuthology.orchestra.run.smithi029.stdout:/usr/bin/ceph: stderr
2024-02-09T23:02:03.538+0000 7f1ae5931700 1 -- 172.21.15.29:0/2932931834 --> [v2:172.21.15.29:3300/0,v1:172.21.15.29:6789/0] -- mon_subscribe({osdmap=0}) v3 -- 0x7f1ae019c190 con 0x7f1ae01066a0
2024-02-09T23:02:04.355 INFO:teuthology.orchestra.run.smithi029.stdout:/usr/bin/ceph: stderr
2024-02-09T23:02:03.539+0000 7f1ae492f700 1 -- 172.21.15.29:0/2932931834 <== mon.0 v2:172.21.15.29:3300/0 4 ==== mgrmap(e 8) v1 ==== 45932+0+0 (secure 0 0 0) 0x7f1ad001a900 con 0x7f1ae01066a0
2024-02-09T23:02:04.355 INFO:teuthology.orchestra.run.smithi029.stdout:/usr/bin/ceph: stderr
2024-02-09T23:02:03.539+0000 7f1ae492f700 1 --2- 172.21.15.29:0/2932931834 >> [v2:172.21.15.29:6800/1640642098,v1:172.21.15.29:6801/1640642098] conn(0x7f1ac8038ee0 0x7f1ac803b3a0 unknown :-1 s=NONE pgs=0 cs=0 l=1 rev1=0 crypto rx=0 tx=0 comp rx=0 tx=0).connect
2024-02-09T23:02:04.355 INFO:teuthology.orchestra.run.smithi029.stdout:/usr/bin/ceph: stderr
2024-02-09T23:02:03.539+0000 7f1ae492f700 1 -- 172.21.15.29:0/2932931834 <== mon.0 v2:172.21.15.29:3300/0 5 ==== osd_map(2..2 src has 1..2) v4 ==== 940+0+0 (secure 0 0 0) 0x7f1ad004d0d0 con 0x7f1ae01066a0
2024-02-09T23:02:04.355 INFO:teuthology.orchestra.run.smithi029.stdout:/usr/bin/ceph: stderr
2024-02-09T23:02:03.539+0000 7f1ae5931700 1 -- 172.21.15.29:0/2932931834 --> [v2:172.21.15.29:3300/0,v1:172.21.15.29:6789/0] -- mon_command({"prefix": "get_command_descriptions"} v 0) v1 -- 0x7f1ae0195740 con 0x7f1ae01066a0
2024-02-09T23:02:04.355 INFO:teuthology.orchestra.run.smithi029.stdout:/usr/bin/ceph: stderr
2024-02-09T23:02:03.539+0000 7f1ade7fc700 1 --2- 172.21.15.29:0/2932931834 >> [v2:172.21.15.29:6800/1640642098,v1:172.21.15.29:6801/1640642098] conn(0x7f1ac8038ee0 0x7f1ac803b3a0 unknown :-1 s=BANNER_CONNECTING pgs=0 cs=0 l=1 rev1=0 crypto rx=0 tx=0 comp rx=0 tx=0)._handle_peer_banner_payload supported=3 required=0
2024-02-09T23:02:04.355 INFO:teuthology.orchestra.run.smithi029.stdout:/usr/bin/ceph: stderr
2024-02-09T23:02:03.540+0000 7f1ade7fc700 1 --2- 172.21.15.29:0/2932931834 >> [v2:172.21.15.29:6800/1640642098,v1:172.21.15.29:6801/1640642098] conn(0x7f1ac8038ee0 0x7f1ac803b3a0 secure :-1 s=READY pgs=8 cs=0 l=1 rev1=1 crypto rx=0x7f1ad4006fd0 tx=0x7f1ad4006e40 comp rx=0 tx=0).ready entity=mgr.14116 client_cookie=0 server_cookie=0 in_seq=0 out_seq=0
2024-02-09T23:02:04.355 INFO:teuthology.orchestra.run.smithi029.stdout:/usr/bin/ceph: stderr
2024-02-09T23:02:03.544+0000 7f1ae492f700 1 -- 172.21.15.29:0/2932931834 <== mon.0 v2:172.21.15.29:3300/0 6 ==== mon_command_ack([{"prefix": "get_command_descriptions"}]=0 v0) v1 ==== 72+0+183564 (secure 0 0 0) 0x7f1ad0018c20 con 0x7f1ae01066a0
2024-02-09T23:02:04.355 INFO:teuthology.orchestra.run.smithi029.stdout:/usr/bin/ceph: stderr
2024-02-09T23:02:03.749+0000 7f1ae5931700 1 -- 172.21.15.29:0/2932931834 --> [v2:172.21.15.29:6800/1640642098,v1:172.21.15.29:6801/1640642098] -- mgr_command(tid 0: {"prefix": "cephadm set-user", "user": "root", "target": ["mon-mgr", ""]}) v1 -- 0x7f1ae002d880 con 0x7f1ac8038ee0
2024-02-09T23:02:04.355 INFO:teuthology.orchestra.run.smithi029.stdout:/usr/bin/ceph: stderr
2024-02-09T23:02:03.750+0000 7f1ae492f700 1 -- 172.21.15.29:0/2932931834 <== mgr.14116 v2:172.21.15.29:6800/1640642098 1 ==== mgr_command_reply(tid 0: 0 ) v1 ==== 8+0+16 (secure 0 0 0) 0x7f1ae002d880 con 0x7f1ac8038ee0
2024-02-09T23:02:04.355 INFO:teuthology.orchestra.run.smithi029.stdout:/usr/bin/ceph: stderr
2024-02-09T23:02:03.753+0000 7f1ae5931700 1 -- 172.21.15.29:0/2932931834 >> [v2:172.21.15.29:6800/1640642098,v1:172.21.15.29:6801/1640642098] conn(0x7f1ac8038ee0 msgr2=0x7f1ac803b3a0 secure :-1 s=STATE_CONNECTION_ESTABLISHED l=1).mark_down
2024-02-09T23:02:04.355 INFO:teuthology.orchestra.run.smithi029.stdout:/usr/bin/ceph: stderr
2024-02-09T23:02:03.753+0000 7f1ae5931700 1 --2- 172.21.15.29:0/2932931834 >> [v2:172.21.15.29:6800/1640642098,v1:172.21.15.29:6801/1640642098] conn(0x7f1ac8038ee0 0x7f1ac803b3a0 secure :-1 s=READY pgs=8 cs=0 l=1 rev1=1 crypto rx=0x7f1ad4006fd0 tx=0x7f1ad4006e40 comp rx=0 tx=0).stop
2024-02-09T23:02:04.356 INFO:teuthology.orchestra.run.smithi029.stdout:/usr/bin/ceph: stderr
2024-02-09T23:02:03.753+0000 7f1ae5931700 1 -- 172.21.15.29:0/2932931834 >> [v2:172.21.15.29:3300/0,v1:172.21.15.29:6789/0] conn(0x7f1ae01066a0 msgr2=0x7f1ae019b5b0 secure :-1 s=STATE_CONNECTION_ESTABLISHED l=1).mark_down
2024-02-09T23:02:04.356 INFO:teuthology.orchestra.run.smithi029.stdout:/usr/bin/ceph: stderr
2024-02-09T23:02:03.753+0000 7f1ae5931700 1 --2- 172.21.15.29:0/2932931834 >> [v2:172.21.15.29:3300/0,v1:172.21.15.29:6789/0] conn(0x7f1ae01066a0 0x7f1ae019b5b0 secure :-1 s=READY pgs=36 cs=0 l=1 rev1=1 crypto rx=0x7f1ad0011670 tx=0x7f1ad0011bf0 comp rx=0 tx=0).stop
2024-02-09T23:02:04.356 INFO:teuthology.orchestra.run.smithi029.stdout:/usr/bin/ceph: stderr
2024-02-09T23:02:03.753+0000 7f1ae5931700 1 -- 172.21.15.29:0/2932931834 shutdown_connections
2024-02-09T23:02:04.356 INFO:teuthology.orchestra.run.smithi029.stdout:/usr/bin/ceph: stderr
2024-02-09T23:02:03.753+0000 7f1ae5931700 1 --2- 172.21.15.29:0/2932931834 >> [v2:172.21.15.29:6800/1640642098,v1:172.21.15.29:6801/1640642098] conn(0x7f1ac8038ee0 0x7f1ac803b3a0 unknown :-1 s=CLOSED pgs=8 cs=0 l=1 rev1=1 crypto rx=0 tx=0 comp rx=0 tx=0).stop
2024-02-09T23:02:04.356 INFO:teuthology.orchestra.run.smithi029.stdout:/usr/bin/ceph: stderr
2024-02-09T23:02:03.753+0000 7f1ae5931700 1 --2- 172.21.15.29:0/2932931834 >> [v2:172.21.15.29:3300/0,v1:172.21.15.29:6789/0] conn(0x7f1ae01066a0 0x7f1ae019b5b0 unknown :-1 s=CLOSED pgs=36 cs=0 l=1 rev1=1 crypto rx=0 tx=0 comp rx=0 tx=0).stop
2024-02-09T23:02:04.356 INFO:teuthology.orchestra.run.smithi029.stdout:/usr/bin/ceph: stderr
2024-02-09T23:02:03.753+0000 7f1ae5931700 1 -- 172.21.15.29:0/2932931834 >> 172.21.15.29:0/2932931834 conn(0x7f1ae0101cc0 msgr2=0x7f1ae0102b60 unknown :-1 s=STATE_NONE l=0).mark_down
2024-02-09T23:02:04.356 INFO:teuthology.orchestra.run.smithi029.stdout:/usr/bin/ceph: stderr
2024-02-09T23:02:03.753+0000 7f1ae5931700 1 -- 172.21.15.29:0/2932931834 shutdown_connections
2024-02-09T23:02:04.356 INFO:teuthology.orchestra.run.smithi029.stdout:/usr/bin/ceph: stderr
2024-02-09T23:02:03.753+0000 7f1ae5931700 1 -- 172.21.15.29:0/2932931834 wait complete.
2024-02-09T23:02:04.356 INFO:teuthology.orchestra.run.smithi029.stdout:Generating ssh key...
2024-02-09T23:02:05.022 INFO:journalctl@ceph.mon.a.smithi029.stdout:Feb 09 23:02:04 smithi029 ceph-mon[32864]: from='client.14130 -' entity='client.admin' cmd=[{"prefix": "cephadm set-user", "user": "root", "target": ["mon-mgr", ""]}]: dispatch
2024-02-09T23:02:05.327 INFO:journalctl@ceph.mgr.x.smithi029.stdout:Feb 09 23:02:05 smithi029 ceph-0ace3dba-c79f-11ee-95b8-87774f69a715-mgr-x[33091]: Generating public/private rsa key pair.
2024-02-09T23:02:05.327 INFO:journalctl@ceph.mgr.x.smithi029.stdout:Feb 09 23:02:05 smithi029 ceph-0ace3dba-c79f-11ee-95b8-87774f69a715-mgr-x[33091]: Your identification has been saved in /tmp/tmp_z4rkk1z/key.
2024-02-09T23:02:05.327 INFO:journalctl@ceph.mgr.x.smithi029.stdout:Feb 09 23:02:05 smithi029 ceph-0ace3dba-c79f-11ee-95b8-87774f69a715-mgr-x[33091]: Your public key has been saved in /tmp/tmp_z4rkk1z/key.pub.
2024-02-09T23:02:05.327 INFO:journalctl@ceph.mgr.x.smithi029.stdout:Feb 09 23:02:05 smithi029 ceph-0ace3dba-c79f-11ee-95b8-87774f69a715-mgr-x[33091]: The key fingerprint is:
2024-02-09T23:02:05.327 INFO:journalctl@ceph.mgr.x.smithi029.stdout:Feb 09 23:02:05 smithi029 ceph-0ace3dba-c79f-11ee-95b8-87774f69a715-mgr-x[33091]: SHA256:XMGR9f6SKoNUXNc6LAF3Ggi7Sjh2o1bxxQImvQgQX+U ceph-0ace3dba-c79f-11ee-95b8-87774f69a715
2024-02-09T23:02:05.327 INFO:journalctl@ceph.mgr.x.smithi029.stdout:Feb 09 23:02:05 smithi029 ceph-0ace3dba-c79f-11ee-95b8-87774f69a715-mgr-x[33091]: The key's randomart image is:
2024-02-09T23:02:05.328 INFO:journalctl@ceph.mgr.x.smithi029.stdout:Feb 09 23:02:05 smithi029 ceph-0ace3dba-c79f-11ee-95b8-87774f69a715-mgr-x[33091]: +---[RSA 3072]----+
2024-02-09T23:02:05.328 INFO:journalctl@ceph.mgr.x.smithi029.stdout:Feb 09 23:02:05 smithi029 ceph-0ace3dba-c79f-11ee-95b8-87774f69a715-mgr-x[33091]: |oo oo+ .o+*+ .. |
2024-02-09T23:02:05.328 INFO:journalctl@ceph.mgr.x.smithi029.stdout:Feb 09 23:02:05 smithi029 ceph-0ace3dba-c79f-11ee-95b8-87774f69a715-mgr-x[33091]: | ... +.. o+oo=. .|
2024-02-09T23:02:05.328 INFO:journalctl@ceph.mgr.x.smithi029.stdout:Feb 09 23:02:05 smithi029 ceph-0ace3dba-c79f-11ee-95b8-87774f69a715-mgr-x[33091]: | .. .E.o.+..+.. |
2024-02-09T23:02:05.328 INFO:journalctl@ceph.mgr.x.smithi029.stdout:Feb 09 23:02:05 smithi029 ceph-0ace3dba-c79f-11ee-95b8-87774f69a715-mgr-x[33091]: | ...+ =o ..+ |
2024-02-09T23:02:05.328 INFO:journalctl@ceph.mgr.x.smithi029.stdout:Feb 09 23:02:05 smithi029 ceph-0ace3dba-c79f-11ee-95b8-87774f69a715-mgr-x[33091]: | + = S. ... |
2024-02-09T23:02:05.328 INFO:journalctl@ceph.mgr.x.smithi029.stdout:Feb 09 23:02:05 smithi029 ceph-0ace3dba-c79f-11ee-95b8-87774f69a715-mgr-x[33091]: | . * o. o |
2024-02-09T23:02:05.328 INFO:journalctl@ceph.mgr.x.smithi029.stdout:Feb 09 23:02:05 smithi029 ceph-0ace3dba-c79f-11ee-95b8-87774f69a715-mgr-x[33091]: | o .. . o .|
2024-02-09T23:02:05.328 INFO:journalctl@ceph.mgr.x.smithi029.stdout:Feb 09 23:02:05 smithi029 ceph-0ace3dba-c79f-11ee-95b8-87774f69a715-mgr-x[33091]: | . . o . . |
2024-02-09T23:02:05.328 INFO:journalctl@ceph.mgr.x.smithi029.stdout:Feb 09 23:02:05 smithi029 ceph-0ace3dba-c79f-11ee-95b8-87774f69a715-mgr-x[33091]: | o. |
2024-02-09T23:02:05.328 INFO:journalctl@ceph.mgr.x.smithi029.stdout:Feb 09 23:02:05 smithi029 ceph-0ace3dba-c79f-11ee-95b8-87774f69a715-mgr-x[33091]: +----[SHA256]-----+
2024-02-09T23:02:05.797 INFO:teuthology.orchestra.run.smithi029.stdout:/usr/bin/ceph: stderr
2024-02-09T23:02:04.807+0000 7f2e0c90e700 1 Processor -- start
2024-02-09T23:02:05.797 INFO:teuthology.orchestra.run.smithi029.stdout:/usr/bin/ceph: stderr
2024-02-09T23:02:04.807+0000 7f2e0c90e700 1 -- start start
2024-02-09T23:02:05.797 INFO:teuthology.orchestra.run.smithi029.stdout:/usr/bin/ceph: stderr
2024-02-09T23:02:04.808+0000 7f2e0c90e700 1 --2- >> [v2:172.21.15.29:3300/0,v1:172.21.15.29:6789/0] conn(0x7f2e08107790 0x7f2e08107bb0 unknown :-1 s=NONE pgs=0 cs=0 l=0 rev1=0 crypto rx=0 tx=0 comp rx=0 tx=0).connect
2024-02-09T23:02:05.797 INFO:teuthology.orchestra.run.smithi029.stdout:/usr/bin/ceph: stderr
2024-02-09T23:02:04.808+0000 7f2e0c90e700 1 -- --> [v2:172.21.15.29:3300/0,v1:172.21.15.29:6789/0] -- mon_getmap magic: 0 v1 -- 0x7f2e08108180 con 0x7f2e08107790
2024-02-09T23:02:05.798 INFO:teuthology.orchestra.run.smithi029.stdout:/usr/bin/ceph: stderr
2024-02-09T23:02:04.808+0000 7f2e0659c700 1 --2- >> [v2:172.21.15.29:3300/0,v1:172.21.15.29:6789/0] conn(0x7f2e08107790 0x7f2e08107bb0 unknown :-1 s=BANNER_CONNECTING pgs=0 cs=0 l=0 rev1=0 crypto rx=0 tx=0 comp rx=0 tx=0)._handle_peer_banner_payload supported=3 required=0
2024-02-09T23:02:05.798 INFO:teuthology.orchestra.run.smithi029.stdout:/usr/bin/ceph: stderr
2024-02-09T23:02:04.808+0000 7f2e0659c700 1 --2- >> [v2:172.21.15.29:3300/0,v1:172.21.15.29:6789/0] conn(0x7f2e08107790 0x7f2e08107bb0 unknown :-1 s=HELLO_CONNECTING pgs=0 cs=0 l=0 rev1=1 crypto rx=0 tx=0 comp rx=0 tx=0).handle_hello peer v2:172.21.15.29:3300/0 says I am v2:172.21.15.29:38104/0 (socket says 172.21.15.29:38104)
2024-02-09T23:02:05.798 INFO:teuthology.orchestra.run.smithi029.stdout:/usr/bin/ceph: stderr
2024-02-09T23:02:04.808+0000 7f2e0659c700 1 -- 172.21.15.29:0/3440723193 learned_addr learned my addr 172.21.15.29:0/3440723193 (peer_addr_for_me v2:172.21.15.29:0/0)
2024-02-09T23:02:05.798 INFO:teuthology.orchestra.run.smithi029.stdout:/usr/bin/ceph: stderr
2024-02-09T23:02:04.808+0000 7f2e0659c700 1 -- 172.21.15.29:0/3440723193 --> [v2:172.21.15.29:3300/0,v1:172.21.15.29:6789/0] -- mon_subscribe({config=0+,monmap=0+}) v3 -- 0x7f2e08108940 con 0x7f2e08107790
2024-02-09T23:02:05.798 INFO:teuthology.orchestra.run.smithi029.stdout:/usr/bin/ceph: stderr
2024-02-09T23:02:04.808+0000 7f2e0659c700 1 --2- 172.21.15.29:0/3440723193 >> [v2:172.21.15.29:3300/0,v1:172.21.15.29:6789/0] conn(0x7f2e08107790 0x7f2e08107bb0 secure :-1 s=READY pgs=37 cs=0 l=1 rev1=1 crypto rx=0x7f2df80098a0 tx=0x7f2df8009bb0 comp rx=0 tx=0).ready entity=mon.0 client_cookie=187048918597c947 server_cookie=0 in_seq=0 out_seq=0
2024-02-09T23:02:05.798 INFO:teuthology.orchestra.run.smithi029.stdout:/usr/bin/ceph: stderr
2024-02-09T23:02:04.808+0000 7f2e0559a700 1 -- 172.21.15.29:0/3440723193 <== mon.0 v2:172.21.15.29:3300/0 1 ==== mon_map magic: 0 v1 ==== 205+0+0 (secure 0 0 0) 0x7f2df8004160 con 0x7f2e08107790
2024-02-09T23:02:05.799 INFO:teuthology.orchestra.run.smithi029.stdout:/usr/bin/ceph: stderr
2024-02-09T23:02:04.808+0000 7f2e0559a700 1 -- 172.21.15.29:0/3440723193 <== mon.0 v2:172.21.15.29:3300/0 2 ==== config(28 keys) v1 ==== 1143+0+0 (secure 0 0 0) 0x7f2df80042c0 con 0x7f2e08107790
2024-02-09T23:02:05.799 INFO:teuthology.orchestra.run.smithi029.stdout:/usr/bin/ceph: stderr
2024-02-09T23:02:04.808+0000 7f2e0559a700 1 -- 172.21.15.29:0/3440723193 <== mon.0 v2:172.21.15.29:3300/0 3 ==== mon_map magic: 0 v1 ==== 205+0+0 (secure 0 0 0) 0x7f2df8011b70 con 0x7f2e08107790
2024-02-09T23:02:05.799 INFO:teuthology.orchestra.run.smithi029.stdout:/usr/bin/ceph: stderr
2024-02-09T23:02:04.809+0000 7f2e0c90e700 1 -- 172.21.15.29:0/3440723193 >> [v2:172.21.15.29:3300/0,v1:172.21.15.29:6789/0] conn(0x7f2e08107790 msgr2=0x7f2e08107bb0 secure :-1 s=STATE_CONNECTION_ESTABLISHED l=1).mark_down
2024-02-09T23:02:05.799 INFO:teuthology.orchestra.run.smithi029.stdout:/usr/bin/ceph: stderr
2024-02-09T23:02:04.809+0000 7f2e0c90e700 1 --2- 172.21.15.29:0/3440723193 >> [v2:172.21.15.29:3300/0,v1:172.21.15.29:6789/0] conn(0x7f2e08107790 0x7f2e08107bb0 secure :-1 s=READY pgs=37 cs=0 l=1 rev1=1 crypto rx=0x7f2df80098a0 tx=0x7f2df8009bb0 comp rx=0 tx=0).stop
2024-02-09T23:02:05.799 INFO:teuthology.orchestra.run.smithi029.stdout:/usr/bin/ceph: stderr
2024-02-09T23:02:04.809+0000 7f2e0c90e700 1 -- 172.21.15.29:0/3440723193 shutdown_connections
2024-02-09T23:02:05.799 INFO:teuthology.orchestra.run.smithi029.stdout:/usr/bin/ceph: stderr
2024-02-09T23:02:04.809+0000 7f2e0c90e700 1 --2- 172.21.15.29:0/3440723193 >> [v2:172.21.15.29:3300/0,v1:172.21.15.29:6789/0] conn(0x7f2e08107790 0x7f2e08107bb0 unknown :-1 s=CLOSED pgs=37 cs=0 l=1 rev1=1 crypto rx=0 tx=0 comp rx=0 tx=0).stop
2024-02-09T23:02:05.799 INFO:teuthology.orchestra.run.smithi029.stdout:/usr/bin/ceph: stderr
2024-02-09T23:02:04.809+0000 7f2e0c90e700 1 -- 172.21.15.29:0/3440723193 >> 172.21.15.29:0/3440723193 conn(0x7f2e08102df0 msgr2=0x7f2e08105210 unknown :-1 s=STATE_NONE l=0).mark_down
2024-02-09T23:02:05.800 INFO:teuthology.orchestra.run.smithi029.stdout:/usr/bin/ceph: stderr
2024-02-09T23:02:04.809+0000 7f2e0c90e700 1 -- 172.21.15.29:0/3440723193 shutdown_connections
2024-02-09T23:02:05.800 INFO:teuthology.orchestra.run.smithi029.stdout:/usr/bin/ceph: stderr
2024-02-09T23:02:04.809+0000 7f2e0c90e700 1 -- 172.21.15.29:0/3440723193 wait complete.
2024-02-09T23:02:05.800 INFO:teuthology.orchestra.run.smithi029.stdout:/usr/bin/ceph: stderr
2024-02-09T23:02:04.810+0000 7f2e0c90e700 1 Processor -- start
2024-02-09T23:02:05.800 INFO:teuthology.orchestra.run.smithi029.stdout:/usr/bin/ceph: stderr
2024-02-09T23:02:04.810+0000 7f2e0c90e700 1 -- start start
2024-02-09T23:02:05.800 INFO:teuthology.orchestra.run.smithi029.stdout:/usr/bin/ceph: stderr
2024-02-09T23:02:04.810+0000 7f2e0c90e700 1 --2- >> [v2:172.21.15.29:3300/0,v1:172.21.15.29:6789/0] conn(0x7f2e08107790 0x7f2e0819b580 unknown :-1 s=NONE pgs=0 cs=0 l=1 rev1=0 crypto rx=0 tx=0 comp rx=0 tx=0).connect
2024-02-09T23:02:05.801 INFO:teuthology.orchestra.run.smithi029.stdout:/usr/bin/ceph: stderr
2024-02-09T23:02:04.810+0000 7f2e0c90e700 1 -- --> [v2:172.21.15.29:3300/0,v1:172.21.15.29:6789/0] -- mon_getmap magic: 0 v1 -- 0x7f2e0819bac0 con 0x7f2e08107790
2024-02-09T23:02:05.801 INFO:teuthology.orchestra.run.smithi029.stdout:/usr/bin/ceph: stderr
2024-02-09T23:02:04.810+0000 7f2e0659c700 1 --2- >> [v2:172.21.15.29:3300/0,v1:172.21.15.29:6789/0] conn(0x7f2e08107790 0x7f2e0819b580 unknown :-1 s=BANNER_CONNECTING pgs=0 cs=0 l=1 rev1=0 crypto rx=0 tx=0 comp rx=0 tx=0)._handle_peer_banner_payload supported=3 required=0
2024-02-09T23:02:05.801 INFO:teuthology.orchestra.run.smithi029.stdout:/usr/bin/ceph: stderr
2024-02-09T23:02:04.810+0000 7f2e0659c700 1 --2- >> [v2:172.21.15.29:3300/0,v1:172.21.15.29:6789/0] conn(0x7f2e08107790 0x7f2e0819b580 unknown :-1 s=HELLO_CONNECTING pgs=0 cs=0 l=1 rev1=1 crypto rx=0 tx=0 comp rx=0 tx=0).handle_hello peer v2:172.21.15.29:3300/0 says I am v2:172.21.15.29:38106/0 (socket says 172.21.15.29:38106)
2024-02-09T23:02:05.801 INFO:teuthology.orchestra.run.smithi029.stdout:/usr/bin/ceph: stderr
2024-02-09T23:02:04.810+0000 7f2e0659c700 1 -- 172.21.15.29:0/1162757691 learned_addr learned my addr 172.21.15.29:0/1162757691 (peer_addr_for_me v2:172.21.15.29:0/0)
2024-02-09T23:02:05.801 INFO:teuthology.orchestra.run.smithi029.stdout:/usr/bin/ceph: stderr
2024-02-09T23:02:04.811+0000 7f2e0659c700 1 -- 172.21.15.29:0/1162757691 --> [v2:172.21.15.29:3300/0,v1:172.21.15.29:6789/0] -- mon_subscribe({config=0+,monmap=0+}) v3 -- 0x7f2df8009550 con 0x7f2e08107790
2024-02-09T23:02:05.801 INFO:teuthology.orchestra.run.smithi029.stdout:/usr/bin/ceph: stderr
2024-02-09T23:02:04.811+0000 7f2e0659c700 1 --2- 172.21.15.29:0/1162757691 >> [v2:172.21.15.29:3300/0,v1:172.21.15.29:6789/0] conn(0x7f2e08107790 0x7f2e0819b580 secure :-1 s=READY pgs=38 cs=0 l=1 rev1=1 crypto rx=0x7f2df8011670 tx=0x7f2df8011bf0 comp rx=0 tx=0).ready entity=mon.0 client_cookie=0 server_cookie=0 in_seq=0 out_seq=0
2024-02-09T23:02:05.802 INFO:teuthology.orchestra.run.smithi029.stdout:/usr/bin/ceph: stderr
2024-02-09T23:02:04.811+0000 7f2df77fe700 1 -- 172.21.15.29:0/1162757691 <== mon.0 v2:172.21.15.29:3300/0 1 ==== mon_map magic: 0 v1 ==== 205+0+0 (secure 0 0 0) 0x7f2df80039f0 con 0x7f2e08107790
2024-02-09T23:02:05.802 INFO:teuthology.orchestra.run.smithi029.stdout:/usr/bin/ceph: stderr
2024-02-09T23:02:04.811+0000 7f2e0c90e700 1 -- 172.21.15.29:0/1162757691 --> [v2:172.21.15.29:3300/0,v1:172.21.15.29:6789/0] -- mon_subscribe({mgrmap=0+}) v3 -- 0x7f2e0819bcc0 con 0x7f2e08107790
2024-02-09T23:02:05.802 INFO:teuthology.orchestra.run.smithi029.stdout:/usr/bin/ceph: stderr
2024-02-09T23:02:04.811+0000 7f2df77fe700 1 -- 172.21.15.29:0/1162757691 <== mon.0 v2:172.21.15.29:3300/0 2 ==== config(28 keys) v1 ==== 1143+0+0 (secure 0 0 0) 0x7f2df8003b50 con 0x7f2e08107790
2024-02-09T23:02:05.802 INFO:teuthology.orchestra.run.smithi029.stdout:/usr/bin/ceph: stderr
2024-02-09T23:02:04.811+0000 7f2df77fe700 1 -- 172.21.15.29:0/1162757691 <== mon.0 v2:172.21.15.29:3300/0 3 ==== mon_map magic: 0 v1 ==== 205+0+0 (secure 0 0 0) 0x7f2df801a690 con 0x7f2e08107790
2024-02-09T23:02:05.802 INFO:teuthology.orchestra.run.smithi029.stdout:/usr/bin/ceph: stderr
2024-02-09T23:02:04.811+0000 7f2e0c90e700 1 -- 172.21.15.29:0/1162757691 --> [v2:172.21.15.29:3300/0,v1:172.21.15.29:6789/0] -- mon_subscribe({osdmap=0}) v3 -- 0x7f2e0819c160 con 0x7f2e08107790
2024-02-09T23:02:05.802 INFO:teuthology.orchestra.run.smithi029.stdout:/usr/bin/ceph: stderr
2024-02-09T23:02:04.812+0000 7f2df77fe700 1 -- 172.21.15.29:0/1162757691 <== mon.0 v2:172.21.15.29:3300/0 4 ==== mgrmap(e 8) v1 ==== 45932+0+0 (secure 0 0 0) 0x7f2df801a950 con 0x7f2e08107790
2024-02-09T23:02:05.802 INFO:teuthology.orchestra.run.smithi029.stdout:/usr/bin/ceph: stderr
2024-02-09T23:02:04.812+0000 7f2e0c90e700 1 -- 172.21.15.29:0/1162757691 --> [v2:172.21.15.29:3300/0,v1:172.21.15.29:6789/0] -- mon_command({"prefix": "get_command_descriptions"} v 0) v1 -- 0x7f2e0810bb70 con 0x7f2e08107790
2024-02-09T23:02:05.803 INFO:teuthology.orchestra.run.smithi029.stdout:/usr/bin/ceph: stderr
2024-02-09T23:02:04.812+0000 7f2df77fe700 1 --2- 172.21.15.29:0/1162757691 >> [v2:172.21.15.29:6800/1640642098,v1:172.21.15.29:6801/1640642098] conn(0x7f2df0038e90 0x7f2df003b350 unknown :-1 s=NONE pgs=0 cs=0 l=1 rev1=0 crypto rx=0 tx=0 comp rx=0 tx=0).connect
2024-02-09T23:02:05.803 INFO:teuthology.orchestra.run.smithi029.stdout:/usr/bin/ceph: stderr
2024-02-09T23:02:04.812+0000 7f2df77fe700 1 -- 172.21.15.29:0/1162757691 <== mon.0 v2:172.21.15.29:3300/0 5 ==== osd_map(2..2 src has 1..2) v4 ==== 940+0+0 (secure 0 0 0) 0x7f2df804d0a0 con 0x7f2e08107790
2024-02-09T23:02:05.803 INFO:teuthology.orchestra.run.smithi029.stdout:/usr/bin/ceph: stderr
2024-02-09T23:02:04.812+0000 7f2e05d9b700 1 --2- 172.21.15.29:0/1162757691 >> [v2:172.21.15.29:6800/1640642098,v1:172.21.15.29:6801/1640642098] conn(0x7f2df0038e90 0x7f2df003b350 unknown :-1 s=BANNER_CONNECTING pgs=0 cs=0 l=1 rev1=0 crypto rx=0 tx=0 comp rx=0 tx=0)._handle_peer_banner_payload supported=3 required=0
2024-02-09T23:02:05.803 INFO:teuthology.orchestra.run.smithi029.stdout:/usr/bin/ceph: stderr
2024-02-09T23:02:04.813+0000 7f2e05d9b700 1 --2- 172.21.15.29:0/1162757691 >> [v2:172.21.15.29:6800/1640642098,v1:172.21.15.29:6801/1640642098] conn(0x7f2df0038e90 0x7f2df003b350 secure :-1 s=READY pgs=9 cs=0 l=1 rev1=1 crypto rx=0x7f2dfc006fd0 tx=0x7f2dfc006e40 comp rx=0 tx=0).ready entity=mgr.14116 client_cookie=0 server_cookie=0 in_seq=0 out_seq=0
2024-02-09T23:02:05.803 INFO:teuthology.orchestra.run.smithi029.stdout:/usr/bin/ceph: stderr
2024-02-09T23:02:04.817+0000 7f2df77fe700 1 -- 172.21.15.29:0/1162757691 <== mon.0 v2:172.21.15.29:3300/0 6 ==== mon_command_ack([{"prefix": "get_command_descriptions"}]=0 v0) v1 ==== 72+0+183564 (secure 0 0 0) 0x7f2df8018be0 con 0x7f2e08107790
2024-02-09T23:02:05.804 INFO:teuthology.orchestra.run.smithi029.stdout:/usr/bin/ceph: stderr
2024-02-09T23:02:05.019+0000 7f2e0c90e700 1 -- 172.21.15.29:0/1162757691 --> [v2:172.21.15.29:6800/1640642098,v1:172.21.15.29:6801/1640642098] -- mgr_command(tid 0: {"prefix": "cephadm generate-key", "target": ["mon-mgr", ""]}) v1 -- 0x7f2e081040b0 con 0x7f2df0038e90
2024-02-09T23:02:05.804 INFO:teuthology.orchestra.run.smithi029.stdout:/usr/bin/ceph: stderr
2024-02-09T23:02:05.242+0000 7f2df77fe700 1 -- 172.21.15.29:0/1162757691 <== mgr.14116 v2:172.21.15.29:6800/1640642098 1 ==== mgr_command_reply(tid 0: 0 ) v1 ==== 8+0+0 (secure 0 0 0) 0x7f2e081040b0 con 0x7f2df0038e90
2024-02-09T23:02:05.804 INFO:teuthology.orchestra.run.smithi029.stdout:/usr/bin/ceph: stderr
2024-02-09T23:02:05.244+0000 7f2e0c90e700 1 -- 172.21.15.29:0/1162757691 >> [v2:172.21.15.29:6800/1640642098,v1:172.21.15.29:6801/1640642098] conn(0x7f2df0038e90 msgr2=0x7f2df003b350 secure :-1 s=STATE_CONNECTION_ESTABLISHED l=1).mark_down
2024-02-09T23:02:05.804 INFO:teuthology.orchestra.run.smithi029.stdout:/usr/bin/ceph: stderr
2024-02-09T23:02:05.244+0000 7f2e0c90e700 1 --2- 172.21.15.29:0/1162757691 >> [v2:172.21.15.29:6800/1640642098,v1:172.21.15.29:6801/1640642098] conn(0x7f2df0038e90 0x7f2df003b350 secure :-1 s=READY pgs=9 cs=0 l=1 rev1=1 crypto rx=0x7f2dfc006fd0 tx=0x7f2dfc006e40 comp rx=0 tx=0).stop
2024-02-09T23:02:05.804 INFO:teuthology.orchestra.run.smithi029.stdout:/usr/bin/ceph: stderr
2024-02-09T23:02:05.244+0000 7f2e0c90e700 1 -- 172.21.15.29:0/1162757691 >> [v2:172.21.15.29:3300/0,v1:172.21.15.29:6789/0] conn(0x7f2e08107790 msgr2=0x7f2e0819b580 secure :-1 s=STATE_CONNECTION_ESTABLISHED l=1).mark_down
2024-02-09T23:02:05.804 INFO:teuthology.orchestra.run.smithi029.stdout:/usr/bin/ceph: stderr
2024-02-09T23:02:05.244+0000 7f2e0c90e700 1 --2- 172.21.15.29:0/1162757691 >> [v2:172.21.15.29:3300/0,v1:172.21.15.29:6789/0] conn(0x7f2e08107790 0x7f2e0819b580 secure :-1 s=READY pgs=38 cs=0 l=1 rev1=1 crypto rx=0x7f2df8011670 tx=0x7f2df8011bf0 comp rx=0 tx=0).stop
2024-02-09T23:02:05.805 INFO:teuthology.orchestra.run.smithi029.stdout:/usr/bin/ceph: stderr
2024-02-09T23:02:05.244+0000 7f2e0c90e700 1 -- 172.21.15.29:0/1162757691 shutdown_connections
2024-02-09T23:02:05.805 INFO:teuthology.orchestra.run.smithi029.stdout:/usr/bin/ceph: stderr
2024-02-09T23:02:05.244+0000 7f2e0c90e700 1 --2- 172.21.15.29:0/1162757691 >> [v2:172.21.15.29:6800/1640642098,v1:172.21.15.29:6801/1640642098] conn(0x7f2df0038e90 0x7f2df003b350 unknown :-1 s=CLOSED pgs=9 cs=0 l=1 rev1=1 crypto rx=0 tx=0 comp rx=0 tx=0).stop
2024-02-09T23:02:05.805 INFO:teuthology.orchestra.run.smithi029.stdout:/usr/bin/ceph: stderr
2024-02-09T23:02:05.244+0000 7f2e0c90e700 1 --2- 172.21.15.29:0/1162757691 >> [v2:172.21.15.29:3300/0,v1:172.21.15.29:6789/0] conn(0x7f2e08107790 0x7f2e0819b580 unknown :-1 s=CLOSED pgs=38 cs=0 l=1 rev1=1 crypto rx=0 tx=0 comp rx=0 tx=0).stop
2024-02-09T23:02:05.805 INFO:teuthology.orchestra.run.smithi029.stdout:/usr/bin/ceph: stderr
2024-02-09T23:02:05.244+0000 7f2e0c90e700 1 -- 172.21.15.29:0/1162757691 >> 172.21.15.29:0/1162757691 conn(0x7f2e08102df0 msgr2=0x7f2e081039a0 unknown :-1 s=STATE_NONE l=0).mark_down
2024-02-09T23:02:05.805 INFO:teuthology.orchestra.run.smithi029.stdout:/usr/bin/ceph: stderr
2024-02-09T23:02:05.244+0000 7f2e0c90e700 1 -- 172.21.15.29:0/1162757691 shutdown_connections
2024-02-09T23:02:05.805 INFO:teuthology.orchestra.run.smithi029.stdout:/usr/bin/ceph: stderr
2024-02-09T23:02:05.244+0000 7f2e0c90e700 1 -- 172.21.15.29:0/1162757691 wait complete.
2024-02-09T23:02:05.826 INFO:journalctl@ceph.mon.a.smithi029.stdout:Feb 09 23:02:05 smithi029 ceph-mon[32864]: from='client.14132 -' entity='client.admin' cmd=[{"prefix": "cephadm generate-key", "target": ["mon-mgr", ""]}]: dispatch
2024-02-09T23:02:05.827 INFO:journalctl@ceph.mon.a.smithi029.stdout:Feb 09 23:02:05 smithi029 ceph-mon[32864]: Generating ssh key...
2024-02-09T23:02:05.827 INFO:journalctl@ceph.mon.a.smithi029.stdout:Feb 09 23:02:05 smithi029 ceph-mon[32864]: from='mgr.14116 172.21.15.29:0/2105703084' entity='mgr.x'
2024-02-09T23:02:05.827 INFO:journalctl@ceph.mon.a.smithi029.stdout:Feb 09 23:02:05 smithi029 ceph-mon[32864]: from='mgr.14116 172.21.15.29:0/2105703084' entity='mgr.x'
2024-02-09T23:02:07.033 INFO:teuthology.orchestra.run.smithi029.stdout:/usr/bin/ceph: stdout ssh-rsa AAAAB3NzaC1yc2EAAAADAQABAAABgQDA2+60W+uL9L2TZf6j8rmCeJQxjOdyLbnxdCqCA62E05gi8jNHukU8MeQmPKIbnC9DgbPmyaWCi2PBtGVZZ9x1n6nhK9Az0ZrLMfoxWr6CBpTQwktHE0jic2v/NcYQGda6egqJEAUkB5zeiJQACRh9I02LSJeM+dt3alGkXrApDVaTuM5r51OVsXeNtkoLGAMjuwE+TiitTzSO2vxJUB3c2P81V3HLm9QtE8b5vUZhMJQGHDT46/vAr4+9nxU8zkRqNcOR5lX+Ghneq30qiouYmyw62wFYyXkZlPp9CduqSzaOaLZxKZz59e7OpJc/r/tW4CSZ8H50/lYfE58+BDrKMPSuLAMy2PlM5CcCOhHgkI4enk8gIi1fw20g6ULfPCwzDQ9LAxsJId/bvonpEg78U71QXwmAioYTFhDsaRrio58cq4+JziIySbXcGrxYvqdOQRAL4PAn+CVIDuzVuYIxMSa604sCs4uRZkxvD4J2qtkls5Kmj5UBxYV+ifY9Z40= ceph-0ace3dba-c79f-11ee-95b8-87774f69a715
2024-02-09T23:02:07.033 INFO:teuthology.orchestra.run.smithi029.stdout:/usr/bin/ceph: stderr
2024-02-09T23:02:06.236+0000 7f986cf9a700 1 Processor -- start
2024-02-09T23:02:07.033 INFO:teuthology.orchestra.run.smithi029.stdout:/usr/bin/ceph: stderr
2024-02-09T23:02:06.236+0000 7f986cf9a700 1 -- start start
2024-02-09T23:02:07.033 INFO:teuthology.orchestra.run.smithi029.stdout:/usr/bin/ceph: stderr
2024-02-09T23:02:06.236+0000 7f986cf9a700 1 --2- >> [v2:172.21.15.29:3300/0,v1:172.21.15.29:6789/0] conn(0x7f9868106060 0x7f9868106480 unknown :-1 s=NONE pgs=0 cs=0 l=0 rev1=0 crypto rx=0 tx=0 comp rx=0 tx=0).connect
2024-02-09T23:02:07.034 INFO:teuthology.orchestra.run.smithi029.stdout:/usr/bin/ceph: stderr
2024-02-09T23:02:06.236+0000 7f986cf9a700 1 -- --> [v2:172.21.15.29:3300/0,v1:172.21.15.29:6789/0] -- mon_getmap magic: 0 v1 -- 0x7f986807ae60 con 0x7f9868106060
2024-02-09T23:02:07.034 INFO:teuthology.orchestra.run.smithi029.stdout:/usr/bin/ceph: stderr
2024-02-09T23:02:06.237+0000 7f986659c700 1 --2- >> [v2:172.21.15.29:3300/0,v1:172.21.15.29:6789/0] conn(0x7f9868106060 0x7f9868106480 unknown :-1 s=BANNER_CONNECTING pgs=0 cs=0 l=0 rev1=0 crypto rx=0 tx=0 comp rx=0 tx=0)._handle_peer_banner_payload supported=3 required=0
2024-02-09T23:02:07.034 INFO:teuthology.orchestra.run.smithi029.stdout:/usr/bin/ceph: stderr
2024-02-09T23:02:06.237+0000 7f986659c700 1 --2- >> [v2:172.21.15.29:3300/0,v1:172.21.15.29:6789/0] conn(0x7f9868106060 0x7f9868106480 unknown :-1 s=HELLO_CONNECTING pgs=0 cs=0 l=0 rev1=1 crypto rx=0 tx=0 comp rx=0 tx=0).handle_hello peer v2:172.21.15.29:3300/0 says I am v2:172.21.15.29:38108/0 (socket says 172.21.15.29:38108)
2024-02-09T23:02:07.034 INFO:teuthology.orchestra.run.smithi029.stdout:/usr/bin/ceph: stderr
2024-02-09T23:02:06.237+0000 7f986659c700 1 -- 172.21.15.29:0/4062201699 learned_addr learned my addr 172.21.15.29:0/4062201699 (peer_addr_for_me v2:172.21.15.29:0/0)
2024-02-09T23:02:07.034 INFO:teuthology.orchestra.run.smithi029.stdout:/usr/bin/ceph: stderr
2024-02-09T23:02:06.237+0000 7f986659c700 1 -- 172.21.15.29:0/4062201699 --> [v2:172.21.15.29:3300/0,v1:172.21.15.29:6789/0] -- mon_subscribe({config=0+,monmap=0+}) v3 -- 0x7f98681069c0 con 0x7f9868106060
2024-02-09T23:02:07.034 INFO:teuthology.orchestra.run.smithi029.stdout:/usr/bin/ceph: stderr
2024-02-09T23:02:06.237+0000 7f986659c700 1 --2- 172.21.15.29:0/4062201699 >> [v2:172.21.15.29:3300/0,v1:172.21.15.29:6789/0] conn(0x7f9868106060 0x7f9868106480 secure :-1 s=READY pgs=39 cs=0 l=1 rev1=1 crypto rx=0x7f9860009e80 tx=0x7f986000b330 comp rx=0 tx=0).ready entity=mon.0 client_cookie=e40393a1bd980d34 server_cookie=0 in_seq=0 out_seq=0
2024-02-09T23:02:07.034 INFO:teuthology.orchestra.run.smithi029.stdout:/usr/bin/ceph: stderr
2024-02-09T23:02:06.237+0000 7f986559a700 1 -- 172.21.15.29:0/4062201699 <== mon.0 v2:172.21.15.29:3300/0 1 ==== mon_map magic: 0 v1 ==== 205+0+0 (secure 0 0 0) 0x7f986000e070 con 0x7f9868106060
2024-02-09T23:02:07.034 INFO:teuthology.orchestra.run.smithi029.stdout:/usr/bin/ceph: stderr
2024-02-09T23:02:06.237+0000 7f986559a700 1 -- 172.21.15.29:0/4062201699 <== mon.0 v2:172.21.15.29:3300/0 2 ==== config(28 keys) v1 ==== 1143+0+0 (secure 0 0 0) 0x7f986000b8c0 con 0x7f9868106060
2024-02-09T23:02:07.034 INFO:teuthology.orchestra.run.smithi029.stdout:/usr/bin/ceph: stderr
2024-02-09T23:02:06.237+0000 7f986559a700 1 -- 172.21.15.29:0/4062201699 <== mon.0 v2:172.21.15.29:3300/0 3 ==== mon_map magic: 0 v1 ==== 205+0+0 (secure 0 0 0) 0x7f9860004640 con 0x7f9868106060
2024-02-09T23:02:07.034 INFO:teuthology.orchestra.run.smithi029.stdout:/usr/bin/ceph: stderr
2024-02-09T23:02:06.238+0000 7f986cf9a700 1 -- 172.21.15.29:0/4062201699 >> [v2:172.21.15.29:3300/0,v1:172.21.15.29:6789/0] conn(0x7f9868106060 msgr2=0x7f9868106480 secure :-1 s=STATE_CONNECTION_ESTABLISHED l=1).mark_down
2024-02-09T23:02:07.034 INFO:teuthology.orchestra.run.smithi029.stdout:/usr/bin/ceph: stderr
2024-02-09T23:02:06.238+0000 7f986cf9a700 1 --2- 172.21.15.29:0/4062201699 >> [v2:172.21.15.29:3300/0,v1:172.21.15.29:6789/0] conn(0x7f9868106060 0x7f9868106480 secure :-1 s=READY pgs=39 cs=0 l=1 rev1=1 crypto rx=0x7f9860009e80 tx=0x7f986000b330 comp rx=0 tx=0).stop
2024-02-09T23:02:07.035 INFO:teuthology.orchestra.run.smithi029.stdout:/usr/bin/ceph: stderr
2024-02-09T23:02:06.238+0000 7f986cf9a700 1 -- 172.21.15.29:0/4062201699 shutdown_connections
2024-02-09T23:02:07.035 INFO:teuthology.orchestra.run.smithi029.stdout:/usr/bin/ceph: stderr
2024-02-09T23:02:06.238+0000 7f986cf9a700 1 --2- 172.21.15.29:0/4062201699 >> [v2:172.21.15.29:3300/0,v1:172.21.15.29:6789/0] conn(0x7f9868106060 0x7f9868106480 unknown :-1 s=CLOSED pgs=39 cs=0 l=1 rev1=1 crypto rx=0 tx=0 comp rx=0 tx=0).stop
2024-02-09T23:02:07.035 INFO:teuthology.orchestra.run.smithi029.stdout:/usr/bin/ceph: stderr
2024-02-09T23:02:06.238+0000 7f986cf9a700 1 -- 172.21.15.29:0/4062201699 >> 172.21.15.29:0/4062201699 conn(0x7f9868101cc0 msgr2=0x7f98681040e0 unknown :-1 s=STATE_NONE l=0).mark_down
2024-02-09T23:02:07.035 INFO:teuthology.orchestra.run.smithi029.stdout:/usr/bin/ceph: stderr
2024-02-09T23:02:06.238+0000 7f986cf9a700 1 -- 172.21.15.29:0/4062201699 shutdown_connections
2024-02-09T23:02:07.035 INFO:teuthology.orchestra.run.smithi029.stdout:/usr/bin/ceph: stderr
2024-02-09T23:02:06.238+0000 7f986cf9a700 1 -- 172.21.15.29:0/4062201699 wait complete.
2024-02-09T23:02:07.035 INFO:teuthology.orchestra.run.smithi029.stdout:/usr/bin/ceph: stderr
2024-02-09T23:02:06.239+0000 7f986cf9a700 1 Processor -- start
2024-02-09T23:02:07.035 INFO:teuthology.orchestra.run.smithi029.stdout:/usr/bin/ceph: stderr
2024-02-09T23:02:06.239+0000 7f986cf9a700 1 -- start start
2024-02-09T23:02:07.035 INFO:teuthology.orchestra.run.smithi029.stdout:/usr/bin/ceph: stderr
2024-02-09T23:02:06.239+0000 7f986cf9a700 1 --2- >> [v2:172.21.15.29:3300/0,v1:172.21.15.29:6789/0] conn(0x7f9868106060 0x7f986819d750 unknown :-1 s=NONE pgs=0 cs=0 l=1 rev1=0 crypto rx=0 tx=0 comp rx=0 tx=0).connect
2024-02-09T23:02:07.035 INFO:teuthology.orchestra.run.smithi029.stdout:/usr/bin/ceph: stderr
2024-02-09T23:02:06.239+0000 7f986cf9a700 1 -- --> [v2:172.21.15.29:3300/0,v1:172.21.15.29:6789/0] -- mon_getmap magic: 0 v1 -- 0x7f986819dc90 con 0x7f9868106060
2024-02-09T23:02:07.035 INFO:teuthology.orchestra.run.smithi029.stdout:/usr/bin/ceph: stderr
2024-02-09T23:02:06.239+0000 7f986659c700 1 --2- >> [v2:172.21.15.29:3300/0,v1:172.21.15.29:6789/0] conn(0x7f9868106060 0x7f986819d750 unknown :-1 s=BANNER_CONNECTING pgs=0 cs=0 l=1 rev1=0 crypto rx=0 tx=0 comp rx=0 tx=0)._handle_peer_banner_payload supported=3 required=0
2024-02-09T23:02:07.035 INFO:teuthology.orchestra.run.smithi029.stdout:/usr/bin/ceph: stderr
2024-02-09T23:02:06.239+0000 7f986659c700 1 --2- >> [v2:172.21.15.29:3300/0,v1:172.21.15.29:6789/0] conn(0x7f9868106060 0x7f986819d750 unknown :-1 s=HELLO_CONNECTING pgs=0 cs=0 l=1 rev1=1 crypto rx=0 tx=0 comp rx=0 tx=0).handle_hello peer v2:172.21.15.29:3300/0 says I am v2:172.21.15.29:38114/0 (socket says 172.21.15.29:38114)
