2024-02-09T23:02:07.035 INFO:teuthology.orchestra.run.smithi029.stdout:/usr/bin/ceph: stderr
2024-02-09T23:02:06.239+0000 7f986659c700 1 -- 172.21.15.29:0/1179535049 learned_addr learned my addr 172.21.15.29:0/1179535049 (peer_addr_for_me v2:172.21.15.29:0/0)
2024-02-09T23:02:07.035 INFO:teuthology.orchestra.run.smithi029.stdout:/usr/bin/ceph: stderr
2024-02-09T23:02:06.240+0000 7f986659c700 1 -- 172.21.15.29:0/1179535049 --> [v2:172.21.15.29:3300/0,v1:172.21.15.29:6789/0] -- mon_subscribe({config=0+,monmap=0+}) v3 -- 0x7f9860009b30 con 0x7f9868106060
2024-02-09T23:02:07.036 INFO:teuthology.orchestra.run.smithi029.stdout:/usr/bin/ceph: stderr
2024-02-09T23:02:06.240+0000 7f986659c700 1 --2- 172.21.15.29:0/1179535049 >> [v2:172.21.15.29:3300/0,v1:172.21.15.29:6789/0] conn(0x7f9868106060 0x7f986819d750 secure :-1 s=READY pgs=40 cs=0 l=1 rev1=1 crypto rx=0x7f9860009fd0 tx=0x7f9860009390 comp rx=0 tx=0).ready entity=mon.0 client_cookie=0 server_cookie=0 in_seq=0 out_seq=0
2024-02-09T23:02:07.036 INFO:teuthology.orchestra.run.smithi029.stdout:/usr/bin/ceph: stderr
2024-02-09T23:02:06.240+0000 7f985f7fe700 1 -- 172.21.15.29:0/1179535049 <== mon.0 v2:172.21.15.29:3300/0 1 ==== mon_map magic: 0 v1 ==== 205+0+0 (secure 0 0 0) 0x7f986000e040 con 0x7f9868106060
2024-02-09T23:02:07.036 INFO:teuthology.orchestra.run.smithi029.stdout:/usr/bin/ceph: stderr
2024-02-09T23:02:06.240+0000 7f985f7fe700 1 -- 172.21.15.29:0/1179535049 <== mon.0 v2:172.21.15.29:3300/0 2 ==== config(28 keys) v1 ==== 1143+0+0 (secure 0 0 0) 0x7f986000bd70 con 0x7f9868106060
2024-02-09T23:02:07.036 INFO:teuthology.orchestra.run.smithi029.stdout:/usr/bin/ceph: stderr
2024-02-09T23:02:06.240+0000 7f986cf9a700 1 -- 172.21.15.29:0/1179535049 --> [v2:172.21.15.29:3300/0,v1:172.21.15.29:6789/0] -- mon_subscribe({mgrmap=0+}) v3 -- 0x7f986819de90 con 0x7f9868106060
2024-02-09T23:02:07.036 INFO:teuthology.orchestra.run.smithi029.stdout:/usr/bin/ceph: stderr
2024-02-09T23:02:06.240+0000 7f985f7fe700 1 -- 172.21.15.29:0/1179535049 <== mon.0 v2:172.21.15.29:3300/0 3 ==== mon_map magic: 0 v1 ==== 205+0+0 (secure 0 0 0) 0x7f9860012950 con 0x7f9868106060
2024-02-09T23:02:07.036 INFO:teuthology.orchestra.run.smithi029.stdout:/usr/bin/ceph: stderr
2024-02-09T23:02:06.240+0000 7f986cf9a700 1 -- 172.21.15.29:0/1179535049 --> [v2:172.21.15.29:3300/0,v1:172.21.15.29:6789/0] -- mon_subscribe({osdmap=0}) v3 -- 0x7f986819e390 con 0x7f9868106060
2024-02-09T23:02:07.036 INFO:teuthology.orchestra.run.smithi029.stdout:/usr/bin/ceph: stderr
2024-02-09T23:02:06.241+0000 7f985f7fe700 1 -- 172.21.15.29:0/1179535049 <== mon.0 v2:172.21.15.29:3300/0 4 ==== mgrmap(e 8) v1 ==== 45932+0+0 (secure 0 0 0) 0x7f9860012b90 con 0x7f9868106060
2024-02-09T23:02:07.036 INFO:teuthology.orchestra.run.smithi029.stdout:/usr/bin/ceph: stderr
2024-02-09T23:02:06.241+0000 7f986cf9a700 1 -- 172.21.15.29:0/1179535049 --> [v2:172.21.15.29:3300/0,v1:172.21.15.29:6789/0] -- mon_command({"prefix": "get_command_descriptions"} v 0) v1 -- 0x7f98681973e0 con 0x7f9868106060
2024-02-09T23:02:07.036 INFO:teuthology.orchestra.run.smithi029.stdout:/usr/bin/ceph: stderr
2024-02-09T23:02:06.241+0000 7f985f7fe700 1 --2- 172.21.15.29:0/1179535049 >> [v2:172.21.15.29:6800/1640642098,v1:172.21.15.29:6801/1640642098] conn(0x7f9854038ee0 0x7f985403b3a0 unknown :-1 s=NONE pgs=0 cs=0 l=1 rev1=0 crypto rx=0 tx=0 comp rx=0 tx=0).connect
2024-02-09T23:02:07.036 INFO:teuthology.orchestra.run.smithi029.stdout:/usr/bin/ceph: stderr
2024-02-09T23:02:06.241+0000 7f985f7fe700 1 -- 172.21.15.29:0/1179535049 <== mon.0 v2:172.21.15.29:3300/0 5 ==== osd_map(2..2 src has 1..2) v4 ==== 940+0+0 (secure 0 0 0) 0x7f986004d0b0 con 0x7f9868106060
2024-02-09T23:02:07.036 INFO:teuthology.orchestra.run.smithi029.stdout:/usr/bin/ceph: stderr
2024-02-09T23:02:06.241+0000 7f9865d9b700 1 --2- 172.21.15.29:0/1179535049 >> [v2:172.21.15.29:6800/1640642098,v1:172.21.15.29:6801/1640642098] conn(0x7f9854038ee0 0x7f985403b3a0 unknown :-1 s=BANNER_CONNECTING pgs=0 cs=0 l=1 rev1=0 crypto rx=0 tx=0 comp rx=0 tx=0)._handle_peer_banner_payload supported=3 required=0
2024-02-09T23:02:07.036 INFO:teuthology.orchestra.run.smithi029.stdout:/usr/bin/ceph: stderr
2024-02-09T23:02:06.242+0000 7f9865d9b700 1 --2- 172.21.15.29:0/1179535049 >> [v2:172.21.15.29:6800/1640642098,v1:172.21.15.29:6801/1640642098] conn(0x7f9854038ee0 0x7f985403b3a0 secure :-1 s=READY pgs=10 cs=0 l=1 rev1=1 crypto rx=0x7f9850006fd0 tx=0x7f9850006e40 comp rx=0 tx=0).ready entity=mgr.14116 client_cookie=0 server_cookie=0 in_seq=0 out_seq=0
2024-02-09T23:02:07.036 INFO:teuthology.orchestra.run.smithi029.stdout:/usr/bin/ceph: stderr
2024-02-09T23:02:06.246+0000 7f985f7fe700 1 -- 172.21.15.29:0/1179535049 <== mon.0 v2:172.21.15.29:3300/0 6 ==== mon_command_ack([{"prefix": "get_command_descriptions"}]=0 v0) v1 ==== 72+0+183564 (secure 0 0 0) 0x7f9860011a80 con 0x7f9868106060
2024-02-09T23:02:07.036 INFO:teuthology.orchestra.run.smithi029.stdout:/usr/bin/ceph: stderr
2024-02-09T23:02:06.449+0000 7f986cf9a700 1 -- 172.21.15.29:0/1179535049 --> [v2:172.21.15.29:6800/1640642098,v1:172.21.15.29:6801/1640642098] -- mgr_command(tid 0: {"prefix": "cephadm get-pub-key", "target": ["mon-mgr", ""]}) v1 -- 0x7f986802da40 con 0x7f9854038ee0
2024-02-09T23:02:07.037 INFO:teuthology.orchestra.run.smithi029.stdout:/usr/bin/ceph: stderr
2024-02-09T23:02:06.449+0000 7f985f7fe700 1 -- 172.21.15.29:0/1179535049 <== mgr.14116 v2:172.21.15.29:6800/1640642098 1 ==== mgr_command_reply(tid 0: 0 ) v1 ==== 8+0+595 (secure 0 0 0) 0x7f986802da40 con 0x7f9854038ee0
2024-02-09T23:02:07.037 INFO:teuthology.orchestra.run.smithi029.stdout:/usr/bin/ceph: stderr
2024-02-09T23:02:06.451+0000 7f986cf9a700 1 -- 172.21.15.29:0/1179535049 >> [v2:172.21.15.29:6800/1640642098,v1:172.21.15.29:6801/1640642098] conn(0x7f9854038ee0 msgr2=0x7f985403b3a0 secure :-1 s=STATE_CONNECTION_ESTABLISHED l=1).mark_down
2024-02-09T23:02:07.037 INFO:teuthology.orchestra.run.smithi029.stdout:/usr/bin/ceph: stderr
2024-02-09T23:02:06.451+0000 7f986cf9a700 1 --2- 172.21.15.29:0/1179535049 >> [v2:172.21.15.29:6800/1640642098,v1:172.21.15.29:6801/1640642098] conn(0x7f9854038ee0 0x7f985403b3a0 secure :-1 s=READY pgs=10 cs=0 l=1 rev1=1 crypto rx=0x7f9850006fd0 tx=0x7f9850006e40 comp rx=0 tx=0).stop
2024-02-09T23:02:07.037 INFO:teuthology.orchestra.run.smithi029.stdout:/usr/bin/ceph: stderr
2024-02-09T23:02:06.451+0000 7f986cf9a700 1 -- 172.21.15.29:0/1179535049 >> [v2:172.21.15.29:3300/0,v1:172.21.15.29:6789/0] conn(0x7f9868106060 msgr2=0x7f986819d750 secure :-1 s=STATE_CONNECTION_ESTABLISHED l=1).mark_down
2024-02-09T23:02:07.037 INFO:teuthology.orchestra.run.smithi029.stdout:/usr/bin/ceph: stderr
2024-02-09T23:02:06.451+0000 7f986cf9a700 1 --2- 172.21.15.29:0/1179535049 >> [v2:172.21.15.29:3300/0,v1:172.21.15.29:6789/0] conn(0x7f9868106060 0x7f986819d750 secure :-1 s=READY pgs=40 cs=0 l=1 rev1=1 crypto rx=0x7f9860009fd0 tx=0x7f9860009390 comp rx=0 tx=0).stop
2024-02-09T23:02:07.037 INFO:teuthology.orchestra.run.smithi029.stdout:/usr/bin/ceph: stderr
2024-02-09T23:02:06.451+0000 7f986cf9a700 1 -- 172.21.15.29:0/1179535049 shutdown_connections
2024-02-09T23:02:07.037 INFO:teuthology.orchestra.run.smithi029.stdout:/usr/bin/ceph: stderr
2024-02-09T23:02:06.451+0000 7f986cf9a700 1 --2- 172.21.15.29:0/1179535049 >> [v2:172.21.15.29:6800/1640642098,v1:172.21.15.29:6801/1640642098] conn(0x7f9854038ee0 0x7f985403b3a0 unknown :-1 s=CLOSED pgs=10 cs=0 l=1 rev1=1 crypto rx=0 tx=0 comp rx=0 tx=0).stop
2024-02-09T23:02:07.037 INFO:teuthology.orchestra.run.smithi029.stdout:/usr/bin/ceph: stderr
2024-02-09T23:02:06.451+0000 7f986cf9a700 1 --2- 172.21.15.29:0/1179535049 >> [v2:172.21.15.29:3300/0,v1:172.21.15.29:6789/0] conn(0x7f9868106060 0x7f986819d750 unknown :-1 s=CLOSED pgs=40 cs=0 l=1 rev1=1 crypto rx=0 tx=0 comp rx=0 tx=0).stop
2024-02-09T23:02:07.037 INFO:teuthology.orchestra.run.smithi029.stdout:/usr/bin/ceph: stderr
2024-02-09T23:02:06.451+0000 7f986cf9a700 1 -- 172.21.15.29:0/1179535049 >> 172.21.15.29:0/1179535049 conn(0x7f9868101cc0 msgr2=0x7f9868194520 unknown :-1 s=STATE_NONE l=0).mark_down
2024-02-09T23:02:07.037 INFO:teuthology.orchestra.run.smithi029.stdout:/usr/bin/ceph: stderr
2024-02-09T23:02:06.451+0000 7f986cf9a700 1 -- 172.21.15.29:0/1179535049 shutdown_connections
2024-02-09T23:02:07.037 INFO:teuthology.orchestra.run.smithi029.stdout:/usr/bin/ceph: stderr
2024-02-09T23:02:06.452+0000 7f986cf9a700 1 -- 172.21.15.29:0/1179535049 wait complete.
2024-02-09T23:02:07.037 INFO:teuthology.orchestra.run.smithi029.stdout:Wrote public SSH key to /home/ubuntu/cephtest/ceph.pub
2024-02-09T23:02:07.037 INFO:teuthology.orchestra.run.smithi029.stdout:Adding key to root@localhost authorized_keys...
2024-02-09T23:02:07.037 INFO:teuthology.orchestra.run.smithi029.stdout:Adding host smithi029...
2024-02-09T23:02:07.456 INFO:journalctl@ceph.mon.a.smithi029.stdout:Feb 09 23:02:07 smithi029 ceph-mon[32864]: from='client.14134 -' entity='client.admin' cmd=[{"prefix": "cephadm get-pub-key", "target": ["mon-mgr", ""]}]: dispatch
2024-02-09T23:02:08.565 INFO:journalctl@ceph.mon.a.smithi029.stdout:Feb 09 23:02:08 smithi029 ceph-mon[32864]: from='client.14136 -' entity='client.admin' cmd=[{"prefix": "orch host add", "hostname": "smithi029", "addr": "172.21.15.29", "target": ["mon-mgr", ""]}]: dispatch
2024-02-09T23:02:10.076 INFO:journalctl@ceph.mon.a.smithi029.stdout:Feb 09 23:02:09 smithi029 ceph-mon[32864]: Deploying cephadm binary to smithi029
2024-02-09T23:02:12.685 INFO:teuthology.orchestra.run.smithi029.stdout:/usr/bin/ceph: stdout Added host 'smithi029' with addr '172.21.15.29'
2024-02-09T23:02:12.685 INFO:teuthology.orchestra.run.smithi029.stdout:/usr/bin/ceph: stderr
2024-02-09T23:02:07.492+0000 7f34c3e1d700 1 Processor -- start
2024-02-09T23:02:12.685 INFO:teuthology.orchestra.run.smithi029.stdout:/usr/bin/ceph: stderr
2024-02-09T23:02:07.492+0000 7f34c3e1d700 1 -- start start
2024-02-09T23:02:12.685 INFO:teuthology.orchestra.run.smithi029.stdout:/usr/bin/ceph: stderr
2024-02-09T23:02:07.493+0000 7f34c3e1d700 1 --2- >> [v2:172.21.15.29:3300/0,v1:172.21.15.29:6789/0] conn(0x7f34bc106680 0x7f34bc106aa0 unknown :-1 s=NONE pgs=0 cs=0 l=0 rev1=0 crypto rx=0 tx=0 comp rx=0 tx=0).connect
2024-02-09T23:02:12.685 INFO:teuthology.orchestra.run.smithi029.stdout:/usr/bin/ceph: stderr
2024-02-09T23:02:07.493+0000 7f34c3e1d700 1 -- --> [v2:172.21.15.29:3300/0,v1:172.21.15.29:6789/0] -- mon_getmap magic: 0 v1 -- 0x7f34bc107070 con 0x7f34bc106680
2024-02-09T23:02:12.685 INFO:teuthology.orchestra.run.smithi029.stdout:/usr/bin/ceph: stderr
2024-02-09T23:02:07.493+0000 7f34c1bb9700 1 --2- >> [v2:172.21.15.29:3300/0,v1:172.21.15.29:6789/0] conn(0x7f34bc106680 0x7f34bc106aa0 unknown :-1 s=BANNER_CONNECTING pgs=0 cs=0 l=0 rev1=0 crypto rx=0 tx=0 comp rx=0 tx=0)._handle_peer_banner_payload supported=3 required=0
2024-02-09T23:02:12.685 INFO:teuthology.orchestra.run.smithi029.stdout:/usr/bin/ceph: stderr
2024-02-09T23:02:07.493+0000 7f34c1bb9700 1 --2- >> [v2:172.21.15.29:3300/0,v1:172.21.15.29:6789/0] conn(0x7f34bc106680 0x7f34bc106aa0 unknown :-1 s=HELLO_CONNECTING pgs=0 cs=0 l=0 rev1=1 crypto rx=0 tx=0 comp rx=0 tx=0).handle_hello peer v2:172.21.15.29:3300/0 says I am v2:172.21.15.29:59602/0 (socket says 172.21.15.29:59602)
2024-02-09T23:02:12.685 INFO:teuthology.orchestra.run.smithi029.stdout:/usr/bin/ceph: stderr
2024-02-09T23:02:07.493+0000 7f34c1bb9700 1 -- 172.21.15.29:0/2928316525 learned_addr learned my addr 172.21.15.29:0/2928316525 (peer_addr_for_me v2:172.21.15.29:0/0)
2024-02-09T23:02:12.685 INFO:teuthology.orchestra.run.smithi029.stdout:/usr/bin/ceph: stderr
2024-02-09T23:02:07.493+0000 7f34c1bb9700 1 -- 172.21.15.29:0/2928316525 --> [v2:172.21.15.29:3300/0,v1:172.21.15.29:6789/0] -- mon_subscribe({config=0+,monmap=0+}) v3 -- 0x7f34bc107880 con 0x7f34bc106680
2024-02-09T23:02:12.685 INFO:teuthology.orchestra.run.smithi029.stdout:/usr/bin/ceph: stderr
2024-02-09T23:02:07.493+0000 7f34c1bb9700 1 --2- 172.21.15.29:0/2928316525 >> [v2:172.21.15.29:3300/0,v1:172.21.15.29:6789/0] conn(0x7f34bc106680 0x7f34bc106aa0 secure :-1 s=READY pgs=41 cs=0 l=1 rev1=1 crypto rx=0x7f34b800bb40 tx=0x7f34b800be50 comp rx=0 tx=0).ready entity=mon.0 client_cookie=f999581a9e6d1af8 server_cookie=0 in_seq=0 out_seq=0
2024-02-09T23:02:12.686 INFO:teuthology.orchestra.run.smithi029.stdout:/usr/bin/ceph: stderr
2024-02-09T23:02:07.493+0000 7f34c0bb7700 1 -- 172.21.15.29:0/2928316525 <== mon.0 v2:172.21.15.29:3300/0 1 ==== mon_map magic: 0 v1 ==== 205+0+0 (secure 0 0 0) 0x7f34b800dbe0 con 0x7f34bc106680
2024-02-09T23:02:12.686 INFO:teuthology.orchestra.run.smithi029.stdout:/usr/bin/ceph: stderr
2024-02-09T23:02:07.493+0000 7f34c0bb7700 1 -- 172.21.15.29:0/2928316525 <== mon.0 v2:172.21.15.29:3300/0 2 ==== config(28 keys) v1 ==== 1143+0+0 (secure 0 0 0) 0x7f34b8004510 con 0x7f34bc106680
2024-02-09T23:02:12.686 INFO:teuthology.orchestra.run.smithi029.stdout:/usr/bin/ceph: stderr
2024-02-09T23:02:07.493+0000 7f34c0bb7700 1 -- 172.21.15.29:0/2928316525 <== mon.0 v2:172.21.15.29:3300/0 3 ==== mon_map magic: 0 v1 ==== 205+0+0 (secure 0 0 0) 0x7f34b8010470 con 0x7f34bc106680
2024-02-09T23:02:12.686 INFO:teuthology.orchestra.run.smithi029.stdout:/usr/bin/ceph: stderr
2024-02-09T23:02:07.494+0000 7f34c3e1d700 1 -- 172.21.15.29:0/2928316525 >> [v2:172.21.15.29:3300/0,v1:172.21.15.29:6789/0] conn(0x7f34bc106680 msgr2=0x7f34bc106aa0 secure :-1 s=STATE_CONNECTION_ESTABLISHED l=1).mark_down
2024-02-09T23:02:12.686 INFO:teuthology.orchestra.run.smithi029.stdout:/usr/bin/ceph: stderr
2024-02-09T23:02:07.494+0000 7f34c3e1d700 1 --2- 172.21.15.29:0/2928316525 >> [v2:172.21.15.29:3300/0,v1:172.21.15.29:6789/0] conn(0x7f34bc106680 0x7f34bc106aa0 secure :-1 s=READY pgs=41 cs=0 l=1 rev1=1 crypto rx=0x7f34b800bb40 tx=0x7f34b800be50 comp rx=0 tx=0).stop
2024-02-09T23:02:12.686 INFO:teuthology.orchestra.run.smithi029.stdout:/usr/bin/ceph: stderr
2024-02-09T23:02:07.494+0000 7f34c3e1d700 1 -- 172.21.15.29:0/2928316525 shutdown_connections
2024-02-09T23:02:12.686 INFO:teuthology.orchestra.run.smithi029.stdout:/usr/bin/ceph: stderr
2024-02-09T23:02:07.494+0000 7f34c3e1d700 1 --2- 172.21.15.29:0/2928316525 >> [v2:172.21.15.29:3300/0,v1:172.21.15.29:6789/0] conn(0x7f34bc106680 0x7f34bc106aa0 unknown :-1 s=CLOSED pgs=41 cs=0 l=1 rev1=1 crypto rx=0 tx=0 comp rx=0 tx=0).stop
2024-02-09T23:02:12.686 INFO:teuthology.orchestra.run.smithi029.stdout:/usr/bin/ceph: stderr
2024-02-09T23:02:07.494+0000 7f34c3e1d700 1 -- 172.21.15.29:0/2928316525 >> 172.21.15.29:0/2928316525 conn(0x7f34bc101ca0 msgr2=0x7f34bc1040c0 unknown :-1 s=STATE_NONE l=0).mark_down
2024-02-09T23:02:12.686 INFO:teuthology.orchestra.run.smithi029.stdout:/usr/bin/ceph: stderr
2024-02-09T23:02:07.494+0000 7f34c3e1d700 1 -- 172.21.15.29:0/2928316525 shutdown_connections
2024-02-09T23:02:12.686 INFO:teuthology.orchestra.run.smithi029.stdout:/usr/bin/ceph: stderr
2024-02-09T23:02:07.494+0000 7f34c3e1d700 1 -- 172.21.15.29:0/2928316525 wait complete.
2024-02-09T23:02:12.686 INFO:teuthology.orchestra.run.smithi029.stdout:/usr/bin/ceph: stderr
2024-02-09T23:02:07.495+0000 7f34c3e1d700 1 Processor -- start
2024-02-09T23:02:12.686 INFO:teuthology.orchestra.run.smithi029.stdout:/usr/bin/ceph: stderr
2024-02-09T23:02:07.495+0000 7f34c3e1d700 1 -- start start
2024-02-09T23:02:12.686 INFO:teuthology.orchestra.run.smithi029.stdout:/usr/bin/ceph: stderr
2024-02-09T23:02:07.495+0000 7f34c3e1d700 1 --2- >> [v2:172.21.15.29:3300/0,v1:172.21.15.29:6789/0] conn(0x7f34bc106680 0x7f34bc19d820 unknown :-1 s=NONE pgs=0 cs=0 l=1 rev1=0 crypto rx=0 tx=0 comp rx=0 tx=0).connect
2024-02-09T23:02:12.686 INFO:teuthology.orchestra.run.smithi029.stdout:/usr/bin/ceph: stderr
2024-02-09T23:02:07.495+0000 7f34c3e1d700 1 -- --> [v2:172.21.15.29:3300/0,v1:172.21.15.29:6789/0] -- mon_getmap magic: 0 v1 -- 0x7f34bc19dd60 con 0x7f34bc106680
2024-02-09T23:02:12.687 INFO:teuthology.orchestra.run.smithi029.stdout:/usr/bin/ceph: stderr
2024-02-09T23:02:07.495+0000 7f34c1bb9700 1 --2- >> [v2:172.21.15.29:3300/0,v1:172.21.15.29:6789/0] conn(0x7f34bc106680 0x7f34bc19d820 unknown :-1 s=BANNER_CONNECTING pgs=0 cs=0 l=1 rev1=0 crypto rx=0 tx=0 comp rx=0 tx=0)._handle_peer_banner_payload supported=3 required=0
2024-02-09T23:02:12.687 INFO:teuthology.orchestra.run.smithi029.stdout:/usr/bin/ceph: stderr
2024-02-09T23:02:07.495+0000 7f34c1bb9700 1 --2- >> [v2:172.21.15.29:3300/0,v1:172.21.15.29:6789/0] conn(0x7f34bc106680 0x7f34bc19d820 unknown :-1 s=HELLO_CONNECTING pgs=0 cs=0 l=1 rev1=1 crypto rx=0 tx=0 comp rx=0 tx=0).handle_hello peer v2:172.21.15.29:3300/0 says I am v2:172.21.15.29:59616/0 (socket says 172.21.15.29:59616)
2024-02-09T23:02:12.687 INFO:teuthology.orchestra.run.smithi029.stdout:/usr/bin/ceph: stderr
2024-02-09T23:02:07.495+0000 7f34c1bb9700 1 -- 172.21.15.29:0/107388215 learned_addr learned my addr 172.21.15.29:0/107388215 (peer_addr_for_me v2:172.21.15.29:0/0)
2024-02-09T23:02:12.687 INFO:teuthology.orchestra.run.smithi029.stdout:/usr/bin/ceph: stderr
2024-02-09T23:02:07.495+0000 7f34c1bb9700 1 -- 172.21.15.29:0/107388215 --> [v2:172.21.15.29:3300/0,v1:172.21.15.29:6789/0] -- mon_subscribe({config=0+,monmap=0+}) v3 -- 0x7f34b800b7f0 con 0x7f34bc106680
2024-02-09T23:02:12.687 INFO:teuthology.orchestra.run.smithi029.stdout:/usr/bin/ceph: stderr
2024-02-09T23:02:07.495+0000 7f34c1bb9700 1 --2- 172.21.15.29:0/107388215 >> [v2:172.21.15.29:3300/0,v1:172.21.15.29:6789/0] conn(0x7f34bc106680 0x7f34bc19d820 secure :-1 s=READY pgs=42 cs=0 l=1 rev1=1 crypto rx=0x7f34b800d650 tx=0x7f34b80040e0 comp rx=0 tx=0).ready entity=mon.0 client_cookie=0 server_cookie=0 in_seq=0 out_seq=0
2024-02-09T23:02:12.687 INFO:teuthology.orchestra.run.smithi029.stdout:/usr/bin/ceph: stderr
2024-02-09T23:02:07.496+0000 7f34b2ffd700 1 -- 172.21.15.29:0/107388215 <== mon.0 v2:172.21.15.29:3300/0 1 ==== mon_map magic: 0 v1 ==== 205+0+0 (secure 0 0 0) 0x7f34b8010730 con 0x7f34bc106680
2024-02-09T23:02:12.687 INFO:teuthology.orchestra.run.smithi029.stdout:/usr/bin/ceph: stderr
2024-02-09T23:02:07.496+0000 7f34b2ffd700 1 -- 172.21.15.29:0/107388215 <== mon.0 v2:172.21.15.29:3300/0 2 ==== config(28 keys) v1 ==== 1143+0+0 (secure 0 0 0) 0x7f34b8010d70 con 0x7f34bc106680
2024-02-09T23:02:12.687 INFO:teuthology.orchestra.run.smithi029.stdout:/usr/bin/ceph: stderr
2024-02-09T23:02:07.496+0000 7f34c3e1d700 1 -- 172.21.15.29:0/107388215 --> [v2:172.21.15.29:3300/0,v1:172.21.15.29:6789/0] -- mon_subscribe({mgrmap=0+}) v3 -- 0x7f34bc19df60 con 0x7f34bc106680
2024-02-09T23:02:12.687 INFO:teuthology.orchestra.run.smithi029.stdout:/usr/bin/ceph: stderr
2024-02-09T23:02:07.496+0000 7f34b2ffd700 1 -- 172.21.15.29:0/107388215 <== mon.0 v2:172.21.15.29:3300/0 3 ==== mon_map magic: 0 v1 ==== 205+0+0 (secure 0 0 0) 0x7f34b80203c0 con 0x7f34bc106680
2024-02-09T23:02:12.687 INFO:teuthology.orchestra.run.smithi029.stdout:/usr/bin/ceph: stderr
2024-02-09T23:02:07.496+0000 7f34c3e1d700 1 -- 172.21.15.29:0/107388215 --> [v2:172.21.15.29:3300/0,v1:172.21.15.29:6789/0] -- mon_subscribe({osdmap=0}) v3 -- 0x7f34bc19e3a0 con 0x7f34bc106680
2024-02-09T23:02:12.687 INFO:teuthology.orchestra.run.smithi029.stdout:/usr/bin/ceph: stderr
2024-02-09T23:02:07.497+0000 7f34b2ffd700 1 -- 172.21.15.29:0/107388215 <== mon.0 v2:172.21.15.29:3300/0 4 ==== mgrmap(e 8) v1 ==== 45932+0+0 (secure 0 0 0) 0x7f34b80205c0 con 0x7f34bc106680
2024-02-09T23:02:12.687 INFO:teuthology.orchestra.run.smithi029.stdout:/usr/bin/ceph: stderr
2024-02-09T23:02:07.497+0000 7f34c3e1d700 1 -- 172.21.15.29:0/107388215 --> [v2:172.21.15.29:3300/0,v1:172.21.15.29:6789/0] -- mon_command({"prefix": "get_command_descriptions"} v 0) v1 -- 0x7f34bc079fe0 con 0x7f34bc106680
2024-02-09T23:02:12.687 INFO:teuthology.orchestra.run.smithi029.stdout:/usr/bin/ceph: stderr
2024-02-09T23:02:07.497+0000 7f34b2ffd700 1 --2- 172.21.15.29:0/107388215 >> [v2:172.21.15.29:6800/1640642098,v1:172.21.15.29:6801/1640642098] conn(0x7f34a8038e90 0x7f34a803b350 unknown :-1 s=NONE pgs=0 cs=0 l=1 rev1=0 crypto rx=0 tx=0 comp rx=0 tx=0).connect
2024-02-09T23:02:12.687 INFO:teuthology.orchestra.run.smithi029.stdout:/usr/bin/ceph: stderr
2024-02-09T23:02:07.497+0000 7f34b2ffd700 1 -- 172.21.15.29:0/107388215 <== mon.0 v2:172.21.15.29:3300/0 5 ==== osd_map(2..2 src has 1..2) v4 ==== 940+0+0 (secure 0 0 0) 0x7f34b804d560 con 0x7f34bc106680
2024-02-09T23:02:12.688 INFO:teuthology.orchestra.run.smithi029.stdout:/usr/bin/ceph: stderr
2024-02-09T23:02:07.497+0000 7f34c13b8700 1 --2- 172.21.15.29:0/107388215 >> [v2:172.21.15.29:6800/1640642098,v1:172.21.15.29:6801/1640642098] conn(0x7f34a8038e90 0x7f34a803b350 unknown :-1 s=BANNER_CONNECTING pgs=0 cs=0 l=1 rev1=0 crypto rx=0 tx=0 comp rx=0 tx=0)._handle_peer_banner_payload supported=3 required=0
2024-02-09T23:02:12.688 INFO:teuthology.orchestra.run.smithi029.stdout:/usr/bin/ceph: stderr
2024-02-09T23:02:07.497+0000 7f34c13b8700 1 --2- 172.21.15.29:0/107388215 >> [v2:172.21.15.29:6800/1640642098,v1:172.21.15.29:6801/1640642098] conn(0x7f34a8038e90 0x7f34a803b350 secure :-1 s=READY pgs=11 cs=0 l=1 rev1=1 crypto rx=0x7f34ac006fd0 tx=0x7f34ac006e40 comp rx=0 tx=0).ready entity=mgr.14116 client_cookie=0 server_cookie=0 in_seq=0 out_seq=0
2024-02-09T23:02:12.688 INFO:teuthology.orchestra.run.smithi029.stdout:/usr/bin/ceph: stderr
2024-02-09T23:02:07.502+0000 7f34b2ffd700 1 -- 172.21.15.29:0/107388215 <== mon.0 v2:172.21.15.29:3300/0 6 ==== mon_command_ack([{"prefix": "get_command_descriptions"}]=0 v0) v1 ==== 72+0+183564 (secure 0 0 0) 0x7f34b802a450 con 0x7f34bc106680
2024-02-09T23:02:12.688 INFO:teuthology.orchestra.run.smithi029.stdout:/usr/bin/ceph: stderr
2024-02-09T23:02:07.707+0000 7f34c3e1d700 1 -- 172.21.15.29:0/107388215 --> [v2:172.21.15.29:6800/1640642098,v1:172.21.15.29:6801/1640642098] -- mgr_command(tid 0: {"prefix": "orch host add", "hostname": "smithi029", "addr": "172.21.15.29", "target": ["mon-mgr", ""]}) v1 -- 0x7f34bc062160 con 0x7f34a8038e90
2024-02-09T23:02:12.688 INFO:teuthology.orchestra.run.smithi029.stdout:/usr/bin/ceph: stderr
2024-02-09T23:02:12.064+0000 7f34b2ffd700 1 -- 172.21.15.29:0/107388215 <== mgr.14116 v2:172.21.15.29:6800/1640642098 1 ==== mgr_command_reply(tid 0: 0 ) v1 ==== 8+0+48 (secure 0 0 0) 0x7f34bc062160 con 0x7f34a8038e90
2024-02-09T23:02:12.688 INFO:teuthology.orchestra.run.smithi029.stdout:/usr/bin/ceph: stderr
2024-02-09T23:02:12.066+0000 7f34c3e1d700 1 -- 172.21.15.29:0/107388215 >> [v2:172.21.15.29:6800/1640642098,v1:172.21.15.29:6801/1640642098] conn(0x7f34a8038e90 msgr2=0x7f34a803b350 secure :-1 s=STATE_CONNECTION_ESTABLISHED l=1).mark_down
2024-02-09T23:02:12.688 INFO:teuthology.orchestra.run.smithi029.stdout:/usr/bin/ceph: stderr
2024-02-09T23:02:12.066+0000 7f34c3e1d700 1 --2- 172.21.15.29:0/107388215 >> [v2:172.21.15.29:6800/1640642098,v1:172.21.15.29:6801/1640642098] conn(0x7f34a8038e90 0x7f34a803b350 secure :-1 s=READY pgs=11 cs=0 l=1 rev1=1 crypto rx=0x7f34ac006fd0 tx=0x7f34ac006e40 comp rx=0 tx=0).stop
2024-02-09T23:02:12.688 INFO:teuthology.orchestra.run.smithi029.stdout:/usr/bin/ceph: stderr
2024-02-09T23:02:12.067+0000 7f34c3e1d700 1 -- 172.21.15.29:0/107388215 >> [v2:172.21.15.29:3300/0,v1:172.21.15.29:6789/0] conn(0x7f34bc106680 msgr2=0x7f34bc19d820 secure :-1 s=STATE_CONNECTION_ESTABLISHED l=1).mark_down
2024-02-09T23:02:12.688 INFO:teuthology.orchestra.run.smithi029.stdout:/usr/bin/ceph: stderr
2024-02-09T23:02:12.067+0000 7f34c3e1d700 1 --2- 172.21.15.29:0/107388215 >> [v2:172.21.15.29:3300/0,v1:172.21.15.29:6789/0] conn(0x7f34bc106680 0x7f34bc19d820 secure :-1 s=READY pgs=42 cs=0 l=1 rev1=1 crypto rx=0x7f34b800d650 tx=0x7f34b80040e0 comp rx=0 tx=0).stop
2024-02-09T23:02:12.688 INFO:teuthology.orchestra.run.smithi029.stdout:/usr/bin/ceph: stderr
2024-02-09T23:02:12.067+0000 7f34c3e1d700 1 -- 172.21.15.29:0/107388215 shutdown_connections
2024-02-09T23:02:12.688 INFO:teuthology.orchestra.run.smithi029.stdout:/usr/bin/ceph: stderr
2024-02-09T23:02:12.067+0000 7f34c3e1d700 1 --2- 172.21.15.29:0/107388215 >> [v2:172.21.15.29:6800/1640642098,v1:172.21.15.29:6801/1640642098] conn(0x7f34a8038e90 0x7f34a803b350 unknown :-1 s=CLOSED pgs=11 cs=0 l=1 rev1=1 crypto rx=0 tx=0 comp rx=0 tx=0).stop
2024-02-09T23:02:12.688 INFO:teuthology.orchestra.run.smithi029.stdout:/usr/bin/ceph: stderr
2024-02-09T23:02:12.067+0000 7f34c3e1d700 1 --2- 172.21.15.29:0/107388215 >> [v2:172.21.15.29:3300/0,v1:172.21.15.29:6789/0] conn(0x7f34bc106680 0x7f34bc19d820 unknown :-1 s=CLOSED pgs=42 cs=0 l=1 rev1=1 crypto rx=0 tx=0 comp rx=0 tx=0).stop
2024-02-09T23:02:12.688 INFO:teuthology.orchestra.run.smithi029.stdout:/usr/bin/ceph: stderr
2024-02-09T23:02:12.067+0000 7f34c3e1d700 1 -- 172.21.15.29:0/107388215 >> 172.21.15.29:0/107388215 conn(0x7f34bc101ca0 msgr2=0x7f34bc18fba0 unknown :-1 s=STATE_NONE l=0).mark_down
2024-02-09T23:02:12.688 INFO:teuthology.orchestra.run.smithi029.stdout:/usr/bin/ceph: stderr
2024-02-09T23:02:12.067+0000 7f34c3e1d700 1 -- 172.21.15.29:0/107388215 shutdown_connections
2024-02-09T23:02:12.689 INFO:teuthology.orchestra.run.smithi029.stdout:/usr/bin/ceph: stderr
2024-02-09T23:02:12.067+0000 7f34c3e1d700 1 -- 172.21.15.29:0/107388215 wait complete.
2024-02-09T23:02:12.689 INFO:teuthology.orchestra.run.smithi029.stdout:Deploying unmanaged mon service...
2024-02-09T23:02:13.190 INFO:journalctl@ceph.mon.a.smithi029.stdout:Feb 09 23:02:13 smithi029 ceph-mon[32864]: from='mgr.14116 172.21.15.29:0/2105703084' entity='mgr.x'
2024-02-09T23:02:13.190 INFO:journalctl@ceph.mon.a.smithi029.stdout:Feb 09 23:02:13 smithi029 ceph-mon[32864]: Added host smithi029
2024-02-09T23:02:13.191 INFO:journalctl@ceph.mon.a.smithi029.stdout:Feb 09 23:02:13 smithi029 ceph-mon[32864]: from='mgr.14116 172.21.15.29:0/2105703084' entity='mgr.x' cmd=[{"prefix": "config dump", "format": "json"}]: dispatch
2024-02-09T23:02:14.069 INFO:teuthology.orchestra.run.smithi029.stdout:/usr/bin/ceph: stdout Scheduled mon update...
2024-02-09T23:02:14.070 INFO:teuthology.orchestra.run.smithi029.stdout:/usr/bin/ceph: stderr
2024-02-09T23:02:13.187+0000 7ff4e6983700 1 Processor -- start
2024-02-09T23:02:14.070 INFO:teuthology.orchestra.run.smithi029.stdout:/usr/bin/ceph: stderr
2024-02-09T23:02:13.187+0000 7ff4e6983700 1 -- start start
2024-02-09T23:02:14.071 INFO:teuthology.orchestra.run.smithi029.stdout:/usr/bin/ceph: stderr
2024-02-09T23:02:13.187+0000 7ff4e6983700 1 --2- >> [v2:172.21.15.29:3300/0,v1:172.21.15.29:6789/0] conn(0x7ff4e0107790 0x7ff4e0107bb0 unknown :-1 s=NONE pgs=0 cs=0 l=0 rev1=0 crypto rx=0 tx=0 comp rx=0 tx=0).connect
2024-02-09T23:02:14.071 INFO:teuthology.orchestra.run.smithi029.stdout:/usr/bin/ceph: stderr
2024-02-09T23:02:13.187+0000 7ff4e6983700 1 -- --> [v2:172.21.15.29:3300/0,v1:172.21.15.29:6789/0] -- mon_getmap magic: 0 v1 -- 0x7ff4e0108180 con 0x7ff4e0107790
2024-02-09T23:02:14.071 INFO:teuthology.orchestra.run.smithi029.stdout:/usr/bin/ceph: stderr
2024-02-09T23:02:13.188+0000 7ff4dffff700 1 --2- >> [v2:172.21.15.29:3300/0,v1:172.21.15.29:6789/0] conn(0x7ff4e0107790 0x7ff4e0107bb0 unknown :-1 s=BANNER_CONNECTING pgs=0 cs=0 l=0 rev1=0 crypto rx=0 tx=0 comp rx=0 tx=0)._handle_peer_banner_payload supported=3 required=0
2024-02-09T23:02:14.072 INFO:teuthology.orchestra.run.smithi029.stdout:/usr/bin/ceph: stderr
2024-02-09T23:02:13.188+0000 7ff4dffff700 1 --2- >> [v2:172.21.15.29:3300/0,v1:172.21.15.29:6789/0] conn(0x7ff4e0107790 0x7ff4e0107bb0 unknown :-1 s=HELLO_CONNECTING pgs=0 cs=0 l=0 rev1=1 crypto rx=0 tx=0 comp rx=0 tx=0).handle_hello peer v2:172.21.15.29:3300/0 says I am v2:172.21.15.29:59620/0 (socket says 172.21.15.29:59620)
2024-02-09T23:02:14.072 INFO:teuthology.orchestra.run.smithi029.stdout:/usr/bin/ceph: stderr
2024-02-09T23:02:13.188+0000 7ff4dffff700 1 -- 172.21.15.29:0/37555155 learned_addr learned my addr 172.21.15.29:0/37555155 (peer_addr_for_me v2:172.21.15.29:0/0)
2024-02-09T23:02:14.073 INFO:teuthology.orchestra.run.smithi029.stdout:/usr/bin/ceph: stderr
2024-02-09T23:02:13.188+0000 7ff4dffff700 1 -- 172.21.15.29:0/37555155 --> [v2:172.21.15.29:3300/0,v1:172.21.15.29:6789/0] -- mon_subscribe({config=0+,monmap=0+}) v3 -- 0x7ff4e0108940 con 0x7ff4e0107790
2024-02-09T23:02:14.073 INFO:teuthology.orchestra.run.smithi029.stdout:/usr/bin/ceph: stderr
2024-02-09T23:02:13.188+0000 7ff4dffff700 1 --2- 172.21.15.29:0/37555155 >> [v2:172.21.15.29:3300/0,v1:172.21.15.29:6789/0] conn(0x7ff4e0107790 0x7ff4e0107bb0 secure :-1 s=READY pgs=43 cs=0 l=1 rev1=1 crypto rx=0x7ff4d00098a0 tx=0x7ff4d0009bb0 comp rx=0 tx=0).ready entity=mon.0 client_cookie=fbf23584456a1a5f server_cookie=0 in_seq=0 out_seq=0
2024-02-09T23:02:14.073 INFO:teuthology.orchestra.run.smithi029.stdout:/usr/bin/ceph: stderr
2024-02-09T23:02:13.188+0000 7ff4deffd700 1 -- 172.21.15.29:0/37555155 <== mon.0 v2:172.21.15.29:3300/0 1 ==== mon_map magic: 0 v1 ==== 205+0+0 (secure 0 0 0) 0x7ff4d0004160 con 0x7ff4e0107790
2024-02-09T23:02:14.073 INFO:teuthology.orchestra.run.smithi029.stdout:/usr/bin/ceph: stderr
2024-02-09T23:02:13.188+0000 7ff4deffd700 1 -- 172.21.15.29:0/37555155 <== mon.0 v2:172.21.15.29:3300/0 2 ==== config(28 keys) v1 ==== 1143+0+0 (secure 0 0 0) 0x7ff4d00042c0 con 0x7ff4e0107790
2024-02-09T23:02:14.073 INFO:teuthology.orchestra.run.smithi029.stdout:/usr/bin/ceph: stderr
2024-02-09T23:02:13.188+0000 7ff4deffd700 1 -- 172.21.15.29:0/37555155 <== mon.0 v2:172.21.15.29:3300/0 3 ==== mon_map magic: 0 v1 ==== 205+0+0 (secure 0 0 0) 0x7ff4d0011b70 con 0x7ff4e0107790
2024-02-09T23:02:14.073 INFO:teuthology.orchestra.run.smithi029.stdout:/usr/bin/ceph: stderr
2024-02-09T23:02:13.189+0000 7ff4e6983700 1 -- 172.21.15.29:0/37555155 >> [v2:172.21.15.29:3300/0,v1:172.21.15.29:6789/0] conn(0x7ff4e0107790 msgr2=0x7ff4e0107bb0 secure :-1 s=STATE_CONNECTION_ESTABLISHED l=1).mark_down
2024-02-09T23:02:14.074 INFO:teuthology.orchestra.run.smithi029.stdout:/usr/bin/ceph: stderr
2024-02-09T23:02:13.189+0000 7ff4e6983700 1 --2- 172.21.15.29:0/37555155 >> [v2:172.21.15.29:3300/0,v1:172.21.15.29:6789/0] conn(0x7ff4e0107790 0x7ff4e0107bb0 secure :-1 s=READY pgs=43 cs=0 l=1 rev1=1 crypto rx=0x7ff4d00098a0 tx=0x7ff4d0009bb0 comp rx=0 tx=0).stop
2024-02-09T23:02:14.074 INFO:teuthology.orchestra.run.smithi029.stdout:/usr/bin/ceph: stderr
2024-02-09T23:02:13.189+0000 7ff4e6983700 1 -- 172.21.15.29:0/37555155 shutdown_connections
2024-02-09T23:02:14.074 INFO:teuthology.orchestra.run.smithi029.stdout:/usr/bin/ceph: stderr
2024-02-09T23:02:13.189+0000 7ff4e6983700 1 --2- 172.21.15.29:0/37555155 >> [v2:172.21.15.29:3300/0,v1:172.21.15.29:6789/0] conn(0x7ff4e0107790 0x7ff4e0107bb0 unknown :-1 s=CLOSED pgs=43 cs=0 l=1 rev1=1 crypto rx=0 tx=0 comp rx=0 tx=0).stop
2024-02-09T23:02:14.074 INFO:teuthology.orchestra.run.smithi029.stdout:/usr/bin/ceph: stderr
2024-02-09T23:02:13.189+0000 7ff4e6983700 1 -- 172.21.15.29:0/37555155 >> 172.21.15.29:0/37555155 conn(0x7ff4e0102df0 msgr2=0x7ff4e0105210 unknown :-1 s=STATE_NONE l=0).mark_down
2024-02-09T23:02:14.074 INFO:teuthology.orchestra.run.smithi029.stdout:/usr/bin/ceph: stderr
2024-02-09T23:02:13.189+0000 7ff4e6983700 1 -- 172.21.15.29:0/37555155 shutdown_connections
2024-02-09T23:02:14.074 INFO:teuthology.orchestra.run.smithi029.stdout:/usr/bin/ceph: stderr
2024-02-09T23:02:13.189+0000 7ff4e6983700 1 -- 172.21.15.29:0/37555155 wait complete.
2024-02-09T23:02:14.074 INFO:teuthology.orchestra.run.smithi029.stdout:/usr/bin/ceph: stderr
2024-02-09T23:02:13.189+0000 7ff4e6983700 1 Processor -- start
2024-02-09T23:02:14.074 INFO:teuthology.orchestra.run.smithi029.stdout:/usr/bin/ceph: stderr
2024-02-09T23:02:13.189+0000 7ff4e6983700 1 -- start start
2024-02-09T23:02:14.075 INFO:teuthology.orchestra.run.smithi029.stdout:/usr/bin/ceph: stderr
2024-02-09T23:02:13.190+0000 7ff4e6983700 1 --2- >> [v2:172.21.15.29:3300/0,v1:172.21.15.29:6789/0] conn(0x7ff4e0107790 0x7ff4e019b550 unknown :-1 s=NONE pgs=0 cs=0 l=1 rev1=0 crypto rx=0 tx=0 comp rx=0 tx=0).connect
2024-02-09T23:02:14.075 INFO:teuthology.orchestra.run.smithi029.stdout:/usr/bin/ceph: stderr
2024-02-09T23:02:13.190+0000 7ff4e6983700 1 -- --> [v2:172.21.15.29:3300/0,v1:172.21.15.29:6789/0] -- mon_getmap magic: 0 v1 -- 0x7ff4e019ba90 con 0x7ff4e0107790
2024-02-09T23:02:14.075 INFO:teuthology.orchestra.run.smithi029.stdout:/usr/bin/ceph: stderr
2024-02-09T23:02:13.190+0000 7ff4dffff700 1 --2- >> [v2:172.21.15.29:3300/0,v1:172.21.15.29:6789/0] conn(0x7ff4e0107790 0x7ff4e019b550 unknown :-1 s=BANNER_CONNECTING pgs=0 cs=0 l=1 rev1=0 crypto rx=0 tx=0 comp rx=0 tx=0)._handle_peer_banner_payload supported=3 required=0
2024-02-09T23:02:14.075 INFO:teuthology.orchestra.run.smithi029.stdout:/usr/bin/ceph: stderr
2024-02-09T23:02:13.190+0000 7ff4dffff700 1 --2- >> [v2:172.21.15.29:3300/0,v1:172.21.15.29:6789/0] conn(0x7ff4e0107790 0x7ff4e019b550 unknown :-1 s=HELLO_CONNECTING pgs=0 cs=0 l=1 rev1=1 crypto rx=0 tx=0 comp rx=0 tx=0).handle_hello peer v2:172.21.15.29:3300/0 says I am v2:172.21.15.29:59624/0 (socket says 172.21.15.29:59624)
2024-02-09T23:02:14.075 INFO:teuthology.orchestra.run.smithi029.stdout:/usr/bin/ceph: stderr
2024-02-09T23:02:13.190+0000 7ff4dffff700 1 -- 172.21.15.29:0/988330989 learned_addr learned my addr 172.21.15.29:0/988330989 (peer_addr_for_me v2:172.21.15.29:0/0)
2024-02-09T23:02:14.075 INFO:teuthology.orchestra.run.smithi029.stdout:/usr/bin/ceph: stderr
2024-02-09T23:02:13.190+0000 7ff4dffff700 1 -- 172.21.15.29:0/988330989 --> [v2:172.21.15.29:3300/0,v1:172.21.15.29:6789/0] -- mon_subscribe({config=0+,monmap=0+}) v3 -- 0x7ff4d0009550 con 0x7ff4e0107790
2024-02-09T23:02:14.075 INFO:teuthology.orchestra.run.smithi029.stdout:/usr/bin/ceph: stderr
2024-02-09T23:02:13.190+0000 7ff4dffff700 1 --2- 172.21.15.29:0/988330989 >> [v2:172.21.15.29:3300/0,v1:172.21.15.29:6789/0] conn(0x7ff4e0107790 0x7ff4e019b550 secure :-1 s=READY pgs=44 cs=0 l=1 rev1=1 crypto rx=0x7ff4d0011670 tx=0x7ff4d0011bf0 comp rx=0 tx=0).ready entity=mon.0 client_cookie=0 server_cookie=0 in_seq=0 out_seq=0
2024-02-09T23:02:14.075 INFO:teuthology.orchestra.run.smithi029.stdout:/usr/bin/ceph: stderr
2024-02-09T23:02:13.190+0000 7ff4dd7fa700 1 -- 172.21.15.29:0/988330989 <== mon.0 v2:172.21.15.29:3300/0 1 ==== mon_map magic: 0 v1 ==== 205+0+0 (secure 0 0 0) 0x7ff4d00039f0 con 0x7ff4e0107790
2024-02-09T23:02:14.076 INFO:teuthology.orchestra.run.smithi029.stdout:/usr/bin/ceph: stderr
2024-02-09T23:02:13.190+0000 7ff4e6983700 1 -- 172.21.15.29:0/988330989 --> [v2:172.21.15.29:3300/0,v1:172.21.15.29:6789/0] -- mon_subscribe({mgrmap=0+}) v3 -- 0x7ff4e019bc90 con 0x7ff4e0107790
2024-02-09T23:02:14.076 INFO:teuthology.orchestra.run.smithi029.stdout:/usr/bin/ceph: stderr
2024-02-09T23:02:13.190+0000 7ff4dd7fa700 1 -- 172.21.15.29:0/988330989 <== mon.0 v2:172.21.15.29:3300/0 2 ==== config(28 keys) v1 ==== 1143+0+0 (secure 0 0 0) 0x7ff4d0003b50 con 0x7ff4e0107790
2024-02-09T23:02:14.076 INFO:teuthology.orchestra.run.smithi029.stdout:/usr/bin/ceph: stderr
2024-02-09T23:02:13.190+0000 7ff4dd7fa700 1 -- 172.21.15.29:0/988330989 <== mon.0 v2:172.21.15.29:3300/0 3 ==== mon_map magic: 0 v1 ==== 205+0+0 (secure 0 0 0) 0x7ff4d001a690 con 0x7ff4e0107790
2024-02-09T23:02:14.076 INFO:teuthology.orchestra.run.smithi029.stdout:/usr/bin/ceph: stderr
2024-02-09T23:02:13.190+0000 7ff4e6983700 1 -- 172.21.15.29:0/988330989 --> [v2:172.21.15.29:3300/0,v1:172.21.15.29:6789/0] -- mon_subscribe({osdmap=0}) v3 -- 0x7ff4e019c130 con 0x7ff4e0107790
2024-02-09T23:02:14.076 INFO:teuthology.orchestra.run.smithi029.stdout:/usr/bin/ceph: stderr
2024-02-09T23:02:13.191+0000 7ff4dd7fa700 1 -- 172.21.15.29:0/988330989 <== mon.0 v2:172.21.15.29:3300/0 4 ==== mgrmap(e 8) v1 ==== 45932+0+0 (secure 0 0 0) 0x7ff4d001a970 con 0x7ff4e0107790
2024-02-09T23:02:14.076 INFO:teuthology.orchestra.run.smithi029.stdout:/usr/bin/ceph: stderr
2024-02-09T23:02:13.191+0000 7ff4dd7fa700 1 --2- 172.21.15.29:0/988330989 >> [v2:172.21.15.29:6800/1640642098,v1:172.21.15.29:6801/1640642098] conn(0x7ff4c8038e90 0x7ff4c803b350 unknown :-1 s=NONE pgs=0 cs=0 l=1 rev1=0 crypto rx=0 tx=0 comp rx=0 tx=0).connect
2024-02-09T23:02:14.076 INFO:teuthology.orchestra.run.smithi029.stdout:/usr/bin/ceph: stderr
2024-02-09T23:02:13.191+0000 7ff4dd7fa700 1 -- 172.21.15.29:0/988330989 <== mon.0 v2:172.21.15.29:3300/0 5 ==== osd_map(2..2 src has 1..2) v4 ==== 940+0+0 (secure 0 0 0) 0x7ff4d004d0d0 con 0x7ff4e0107790
2024-02-09T23:02:14.077 INFO:teuthology.orchestra.run.smithi029.stdout:/usr/bin/ceph: stderr
2024-02-09T23:02:13.192+0000 7ff4df7fe700 1 --2- 172.21.15.29:0/988330989 >> [v2:172.21.15.29:6800/1640642098,v1:172.21.15.29:6801/1640642098] conn(0x7ff4c8038e90 0x7ff4c803b350 unknown :-1 s=BANNER_CONNECTING pgs=0 cs=0 l=1 rev1=0 crypto rx=0 tx=0 comp rx=0 tx=0)._handle_peer_banner_payload supported=3 required=0
2024-02-09T23:02:14.077 INFO:teuthology.orchestra.run.smithi029.stdout:/usr/bin/ceph: stderr
2024-02-09T23:02:13.192+0000 7ff4e6983700 1 -- 172.21.15.29:0/988330989 --> [v2:172.21.15.29:3300/0,v1:172.21.15.29:6789/0] -- mon_command({"prefix": "get_command_descriptions"} v 0) v1 -- 0x7ff4e010bb70 con 0x7ff4e0107790
2024-02-09T23:02:14.077 INFO:teuthology.orchestra.run.smithi029.stdout:/usr/bin/ceph: stderr
2024-02-09T23:02:13.192+0000 7ff4df7fe700 1 --2- 172.21.15.29:0/988330989 >> [v2:172.21.15.29:6800/1640642098,v1:172.21.15.29:6801/1640642098] conn(0x7ff4c8038e90 0x7ff4c803b350 secure :-1 s=READY pgs=12 cs=0 l=1 rev1=1 crypto rx=0x7ff4d4006fd0 tx=0x7ff4d4006e40 comp rx=0 tx=0).ready entity=mgr.14116 client_cookie=0 server_cookie=0 in_seq=0 out_seq=0
2024-02-09T23:02:14.077 INFO:teuthology.orchestra.run.smithi029.stdout:/usr/bin/ceph: stderr
2024-02-09T23:02:13.197+0000 7ff4dd7fa700 1 -- 172.21.15.29:0/988330989 <== mon.0 v2:172.21.15.29:3300/0 6 ==== mon_command_ack([{"prefix": "get_command_descriptions"}]=0 v0) v1 ==== 72+0+183564 (secure 0 0 0) 0x7ff4d001ae00 con 0x7ff4e0107790
2024-02-09T23:02:14.078 INFO:teuthology.orchestra.run.smithi029.stdout:/usr/bin/ceph: stderr
2024-02-09T23:02:13.421+0000 7ff4e6983700 1 -- 172.21.15.29:0/988330989 --> [v2:172.21.15.29:6800/1640642098,v1:172.21.15.29:6801/1640642098] -- mgr_command(tid 0: {"prefix": "orch apply", "service_type": "mon", "unmanaged": true, "target": ["mon-mgr", ""]}) v1 -- 0x7ff4e0104080 con 0x7ff4c8038e90
2024-02-09T23:02:14.078 INFO:teuthology.orchestra.run.smithi029.stdout:/usr/bin/ceph: stderr
2024-02-09T23:02:13.426+0000 7ff4dd7fa700 1 -- 172.21.15.29:0/988330989 <== mgr.14116 v2:172.21.15.29:6800/1640642098 1 ==== mgr_command_reply(tid 0: 0 ) v1 ==== 8+0+24 (secure 0 0 0) 0x7ff4e0104080 con 0x7ff4c8038e90
2024-02-09T23:02:14.078 INFO:teuthology.orchestra.run.smithi029.stdout:/usr/bin/ceph: stderr
2024-02-09T23:02:13.428+0000 7ff4e6983700 1 -- 172.21.15.29:0/988330989 >> [v2:172.21.15.29:6800/1640642098,v1:172.21.15.29:6801/1640642098] conn(0x7ff4c8038e90 msgr2=0x7ff4c803b350 secure :-1 s=STATE_CONNECTION_ESTABLISHED l=1).mark_down
2024-02-09T23:02:14.078 INFO:teuthology.orchestra.run.smithi029.stdout:/usr/bin/ceph: stderr
2024-02-09T23:02:13.428+0000 7ff4e6983700 1 --2- 172.21.15.29:0/988330989 >> [v2:172.21.15.29:6800/1640642098,v1:172.21.15.29:6801/1640642098] conn(0x7ff4c8038e90 0x7ff4c803b350 secure :-1 s=READY pgs=12 cs=0 l=1 rev1=1 crypto rx=0x7ff4d4006fd0 tx=0x7ff4d4006e40 comp rx=0 tx=0).stop
2024-02-09T23:02:14.078 INFO:teuthology.orchestra.run.smithi029.stdout:/usr/bin/ceph: stderr
2024-02-09T23:02:13.428+0000 7ff4e6983700 1 -- 172.21.15.29:0/988330989 >> [v2:172.21.15.29:3300/0,v1:172.21.15.29:6789/0] conn(0x7ff4e0107790 msgr2=0x7ff4e019b550 secure :-1 s=STATE_CONNECTION_ESTABLISHED l=1).mark_down
2024-02-09T23:02:14.079 INFO:teuthology.orchestra.run.smithi029.stdout:/usr/bin/ceph: stderr
2024-02-09T23:02:13.428+0000 7ff4e6983700 1 --2- 172.21.15.29:0/988330989 >> [v2:172.21.15.29:3300/0,v1:172.21.15.29:6789/0] conn(0x7ff4e0107790 0x7ff4e019b550 secure :-1 s=READY pgs=44 cs=0 l=1 rev1=1 crypto rx=0x7ff4d0011670 tx=0x7ff4d0011bf0 comp rx=0 tx=0).stop
2024-02-09T23:02:14.079 INFO:teuthology.orchestra.run.smithi029.stdout:/usr/bin/ceph: stderr
2024-02-09T23:02:13.428+0000 7ff4e6983700 1 -- 172.21.15.29:0/988330989 shutdown_connections
2024-02-09T23:02:14.079 INFO:teuthology.orchestra.run.smithi029.stdout:/usr/bin/ceph: stderr
2024-02-09T23:02:13.428+0000 7ff4e6983700 1 --2- 172.21.15.29:0/988330989 >> [v2:172.21.15.29:6800/1640642098,v1:172.21.15.29:6801/1640642098] conn(0x7ff4c8038e90 0x7ff4c803b350 unknown :-1 s=CLOSED pgs=12 cs=0 l=1 rev1=1 crypto rx=0 tx=0 comp rx=0 tx=0).stop
2024-02-09T23:02:14.079 INFO:teuthology.orchestra.run.smithi029.stdout:/usr/bin/ceph: stderr
2024-02-09T23:02:13.428+0000 7ff4e6983700 1 --2- 172.21.15.29:0/988330989 >> [v2:172.21.15.29:3300/0,v1:172.21.15.29:6789/0] conn(0x7ff4e0107790 0x7ff4e019b550 unknown :-1 s=CLOSED pgs=44 cs=0 l=1 rev1=1 crypto rx=0 tx=0 comp rx=0 tx=0).stop
2024-02-09T23:02:14.079 INFO:teuthology.orchestra.run.smithi029.stdout:/usr/bin/ceph: stderr
2024-02-09T23:02:13.428+0000 7ff4e6983700 1 -- 172.21.15.29:0/988330989 >> 172.21.15.29:0/988330989 conn(0x7ff4e0102df0 msgr2=0x7ff4e0103970 unknown :-1 s=STATE_NONE l=0).mark_down
2024-02-09T23:02:14.079 INFO:teuthology.orchestra.run.smithi029.stdout:/usr/bin/ceph: stderr
2024-02-09T23:02:13.428+0000 7ff4e6983700 1 -- 172.21.15.29:0/988330989 shutdown_connections
2024-02-09T23:02:14.079 INFO:teuthology.orchestra.run.smithi029.stdout:/usr/bin/ceph: stderr
2024-02-09T23:02:13.428+0000 7ff4e6983700 1 -- 172.21.15.29:0/988330989 wait complete.
2024-02-09T23:02:14.079 INFO:teuthology.orchestra.run.smithi029.stdout:Deploying unmanaged mgr service...
2024-02-09T23:02:14.649 INFO:journalctl@ceph.mon.a.smithi029.stdout:Feb 09 23:02:14 smithi029 ceph-mon[32864]: from='client.14138 -' entity='client.admin' cmd=[{"prefix": "orch apply", "service_type": "mon", "unmanaged": true, "target": ["mon-mgr", ""]}]: dispatch
2024-02-09T23:02:14.649 INFO:journalctl@ceph.mon.a.smithi029.stdout:Feb 09 23:02:14 smithi029 ceph-mon[32864]: Saving service mon spec with placement count:5
2024-02-09T23:02:14.649 INFO:journalctl@ceph.mon.a.smithi029.stdout:Feb 09 23:02:14 smithi029 ceph-mon[32864]: from='mgr.14116 172.21.15.29:0/2105703084' entity='mgr.x'
2024-02-09T23:02:16.046 INFO:journalctl@ceph.mon.a.smithi029.stdout:Feb 09 23:02:15 smithi029 ceph-mon[32864]: from='client.14140 -' entity='client.admin' cmd=[{"prefix": "orch apply", "service_type": "mgr", "unmanaged": true, "target": ["mon-mgr", ""]}]: dispatch
2024-02-09T23:02:16.047 INFO:journalctl@ceph.mon.a.smithi029.stdout:Feb 09 23:02:15 smithi029 ceph-mon[32864]: Saving service mgr spec with placement count:2
2024-02-09T23:02:16.047 INFO:journalctl@ceph.mon.a.smithi029.stdout:Feb 09 23:02:15 smithi029 ceph-mon[32864]: from='mgr.14116 172.21.15.29:0/2105703084' entity='mgr.x'
2024-02-09T23:02:16.047 INFO:journalctl@ceph.mon.a.smithi029.stdout:Feb 09 23:02:15 smithi029 ceph-mon[32864]: from='mgr.14116 172.21.15.29:0/2105703084' entity='mgr.x'
2024-02-09T23:02:16.054 INFO:teuthology.orchestra.run.smithi029.stdout:/usr/bin/ceph: stdout Scheduled mgr update...
2024-02-09T23:02:16.054 INFO:teuthology.orchestra.run.smithi029.stdout:/usr/bin/ceph: stderr
2024-02-09T23:02:14.484+0000 7f25f78de700 1 Processor -- start
2024-02-09T23:02:16.054 INFO:teuthology.orchestra.run.smithi029.stdout:/usr/bin/ceph: stderr
2024-02-09T23:02:14.484+0000 7f25f78de700 1 -- start start
2024-02-09T23:02:16.054 INFO:teuthology.orchestra.run.smithi029.stdout:/usr/bin/ceph: stderr
2024-02-09T23:02:14.485+0000 7f25f78de700 1 --2- >> [v2:172.21.15.29:3300/0,v1:172.21.15.29:6789/0] conn(0x7f25f01066a0 0x7f25f0106ac0 unknown :-1 s=NONE pgs=0 cs=0 l=0 rev1=0 crypto rx=0 tx=0 comp rx=0 tx=0).connect
2024-02-09T23:02:16.055 INFO:teuthology.orchestra.run.smithi029.stdout:/usr/bin/ceph: stderr
2024-02-09T23:02:14.485+0000 7f25f78de700 1 -- --> [v2:172.21.15.29:3300/0,v1:172.21.15.29:6789/0] -- mon_getmap magic: 0 v1 -- 0x7f25f0107090 con 0x7f25f01066a0
2024-02-09T23:02:16.055 INFO:teuthology.orchestra.run.smithi029.stdout:/usr/bin/ceph: stderr
2024-02-09T23:02:14.485+0000 7f25f567a700 1 --2- >> [v2:172.21.15.29:3300/0,v1:172.21.15.29:6789/0] conn(0x7f25f01066a0 0x7f25f0106ac0 unknown :-1 s=BANNER_CONNECTING pgs=0 cs=0 l=0 rev1=0 crypto rx=0 tx=0 comp rx=0 tx=0)._handle_peer_banner_payload supported=3 required=0
2024-02-09T23:02:16.055 INFO:teuthology.orchestra.run.smithi029.stdout:/usr/bin/ceph: stderr
2024-02-09T23:02:14.485+0000 7f25f567a700 1 --2- >> [v2:172.21.15.29:3300/0,v1:172.21.15.29:6789/0] conn(0x7f25f01066a0 0x7f25f0106ac0 unknown :-1 s=HELLO_CONNECTING pgs=0 cs=0 l=0 rev1=1 crypto rx=0 tx=0 comp rx=0 tx=0).handle_hello peer v2:172.21.15.29:3300/0 says I am v2:172.21.15.29:59626/0 (socket says 172.21.15.29:59626)
2024-02-09T23:02:16.055 INFO:teuthology.orchestra.run.smithi029.stdout:/usr/bin/ceph: stderr
2024-02-09T23:02:14.485+0000 7f25f567a700 1 -- 172.21.15.29:0/3385172609 learned_addr learned my addr 172.21.15.29:0/3385172609 (peer_addr_for_me v2:172.21.15.29:0/0)
2024-02-09T23:02:16.055 INFO:teuthology.orchestra.run.smithi029.stdout:/usr/bin/ceph: stderr
2024-02-09T23:02:14.485+0000 7f25f567a700 1 -- 172.21.15.29:0/3385172609 --> [v2:172.21.15.29:3300/0,v1:172.21.15.29:6789/0] -- mon_subscribe({config=0+,monmap=0+}) v3 -- 0x7f25f01078a0 con 0x7f25f01066a0
2024-02-09T23:02:16.055 INFO:teuthology.orchestra.run.smithi029.stdout:/usr/bin/ceph: stderr
2024-02-09T23:02:14.485+0000 7f25f567a700 1 --2- 172.21.15.29:0/3385172609 >> [v2:172.21.15.29:3300/0,v1:172.21.15.29:6789/0] conn(0x7f25f01066a0 0x7f25f0106ac0 secure :-1 s=READY pgs=45 cs=0 l=1 rev1=1 crypto rx=0x7f25e0009e80 tx=0x7f25e000b330 comp rx=0 tx=0).ready entity=mon.0 client_cookie=17677044b25a1c9b server_cookie=0 in_seq=0 out_seq=0
2024-02-09T23:02:16.055 INFO:teuthology.orchestra.run.smithi029.stdout:/usr/bin/ceph: stderr
2024-02-09T23:02:14.485+0000 7f25effff700 1 -- 172.21.15.29:0/3385172609 <== mon.0 v2:172.21.15.29:3300/0 1 ==== mon_map magic: 0 v1 ==== 205+0+0 (secure 0 0 0) 0x7f25e000e070 con 0x7f25f01066a0
2024-02-09T23:02:16.055 INFO:teuthology.orchestra.run.smithi029.stdout:/usr/bin/ceph: stderr
2024-02-09T23:02:14.485+0000 7f25effff700 1 -- 172.21.15.29:0/3385172609 <== mon.0 v2:172.21.15.29:3300/0 2 ==== config(28 keys) v1 ==== 1143+0+0 (secure 0 0 0) 0x7f25e000b8c0 con 0x7f25f01066a0
2024-02-09T23:02:16.055 INFO:teuthology.orchestra.run.smithi029.stdout:/usr/bin/ceph: stderr
2024-02-09T23:02:14.485+0000 7f25effff700 1 -- 172.21.15.29:0/3385172609 <== mon.0 v2:172.21.15.29:3300/0 3 ==== mon_map magic: 0 v1 ==== 205+0+0 (secure 0 0 0) 0x7f25e0004640 con 0x7f25f01066a0
2024-02-09T23:02:16.055 INFO:teuthology.orchestra.run.smithi029.stdout:/usr/bin/ceph: stderr
2024-02-09T23:02:14.486+0000 7f25f78de700 1 -- 172.21.15.29:0/3385172609 >> [v2:172.21.15.29:3300/0,v1:172.21.15.29:6789/0] conn(0x7f25f01066a0 msgr2=0x7f25f0106ac0 secure :-1 s=STATE_CONNECTION_ESTABLISHED l=1).mark_down
2024-02-09T23:02:16.055 INFO:teuthology.orchestra.run.smithi029.stdout:/usr/bin/ceph: stderr
2024-02-09T23:02:14.486+0000 7f25f78de700 1 --2- 172.21.15.29:0/3385172609 >> [v2:172.21.15.29:3300/0,v1:172.21.15.29:6789/0] conn(0x7f25f01066a0 0x7f25f0106ac0 secure :-1 s=READY pgs=45 cs=0 l=1 rev1=1 crypto rx=0x7f25e0009e80 tx=0x7f25e000b330 comp rx=0 tx=0).stop
2024-02-09T23:02:16.055 INFO:teuthology.orchestra.run.smithi029.stdout:/usr/bin/ceph: stderr
2024-02-09T23:02:14.486+0000 7f25f78de700 1 -- 172.21.15.29:0/3385172609 shutdown_connections
2024-02-09T23:02:16.055 INFO:teuthology.orchestra.run.smithi029.stdout:/usr/bin/ceph: stderr
2024-02-09T23:02:14.486+0000 7f25f78de700 1 --2- 172.21.15.29:0/3385172609 >> [v2:172.21.15.29:3300/0,v1:172.21.15.29:6789/0] conn(0x7f25f01066a0 0x7f25f0106ac0 unknown :-1 s=CLOSED pgs=45 cs=0 l=1 rev1=1 crypto rx=0 tx=0 comp rx=0 tx=0).stop
2024-02-09T23:02:16.055 INFO:teuthology.orchestra.run.smithi029.stdout:/usr/bin/ceph: stderr
2024-02-09T23:02:14.486+0000 7f25f78de700 1 -- 172.21.15.29:0/3385172609 >> 172.21.15.29:0/3385172609 conn(0x7f25f0101cc0 msgr2=0x7f25f01040e0 unknown :-1 s=STATE_NONE l=0).mark_down
2024-02-09T23:02:16.056 INFO:teuthology.orchestra.run.smithi029.stdout:/usr/bin/ceph: stderr
2024-02-09T23:02:14.486+0000 7f25f78de700 1 -- 172.21.15.29:0/3385172609 shutdown_connections
2024-02-09T23:02:16.056 INFO:teuthology.orchestra.run.smithi029.stdout:/usr/bin/ceph: stderr
2024-02-09T23:02:14.486+0000 7f25f78de700 1 -- 172.21.15.29:0/3385172609 wait complete.
2024-02-09T23:02:16.056 INFO:teuthology.orchestra.run.smithi029.stdout:/usr/bin/ceph: stderr
2024-02-09T23:02:14.487+0000 7f25f78de700 1 Processor -- start
2024-02-09T23:02:16.056 INFO:teuthology.orchestra.run.smithi029.stdout:/usr/bin/ceph: stderr
2024-02-09T23:02:14.487+0000 7f25f78de700 1 -- start start
2024-02-09T23:02:16.056 INFO:teuthology.orchestra.run.smithi029.stdout:/usr/bin/ceph: stderr
2024-02-09T23:02:14.487+0000 7f25f78de700 1 --2- >> [v2:172.21.15.29:3300/0,v1:172.21.15.29:6789/0] conn(0x7f25f01066a0 0x7f25f007aac0 unknown :-1 s=NONE pgs=0 cs=0 l=1 rev1=0 crypto rx=0 tx=0 comp rx=0 tx=0).connect
2024-02-09T23:02:16.056 INFO:teuthology.orchestra.run.smithi029.stdout:/usr/bin/ceph: stderr
2024-02-09T23:02:14.487+0000 7f25f78de700 1 -- --> [v2:172.21.15.29:3300/0,v1:172.21.15.29:6789/0] -- mon_getmap magic: 0 v1 -- 0x7f25f019e250 con 0x7f25f01066a0
2024-02-09T23:02:16.056 INFO:teuthology.orchestra.run.smithi029.stdout:/usr/bin/ceph: stderr
2024-02-09T23:02:14.487+0000 7f25f567a700 1 --2- >> [v2:172.21.15.29:3300/0,v1:172.21.15.29:6789/0] conn(0x7f25f01066a0 0x7f25f007aac0 unknown :-1 s=BANNER_CONNECTING pgs=0 cs=0 l=1 rev1=0 crypto rx=0 tx=0 comp rx=0 tx=0)._handle_peer_banner_payload supported=3 required=0
2024-02-09T23:02:16.056 INFO:teuthology.orchestra.run.smithi029.stdout:/usr/bin/ceph: stderr
2024-02-09T23:02:14.487+0000 7f25f567a700 1 --2- >> [v2:172.21.15.29:3300/0,v1:172.21.15.29:6789/0] conn(0x7f25f01066a0 0x7f25f007aac0 unknown :-1 s=HELLO_CONNECTING pgs=0 cs=0 l=1 rev1=1 crypto rx=0 tx=0 comp rx=0 tx=0).handle_hello peer v2:172.21.15.29:3300/0 says I am v2:172.21.15.29:59636/0 (socket says 172.21.15.29:59636)
2024-02-09T23:02:16.056 INFO:teuthology.orchestra.run.smithi029.stdout:/usr/bin/ceph: stderr
