2024-02-09T23:01:38.993+0000 7fac00ddf700 1 -- 172.21.15.29:0/338008594 --> [v2:172.21.15.29:3300/0,v1:172.21.15.29:6789/0] -- mon_command({"prefix": "get_command_descriptions"} v 0) v1 -- 0x7fabfc10aad0 con 0x7fabfc1066a0
2024-02-09T23:01:50.479 INFO:teuthology.orchestra.run.smithi029.stdout:/usr/bin/ceph: stderr
2024-02-09T23:01:38.993+0000 7fabeb7fe700 1 -- 172.21.15.29:0/338008594 <== mon.0 v2:172.21.15.29:3300/0 5 ==== osd_map(1..1 src has 1..1) v4 ==== 725+0+0 (secure 0 0 0) 0x7fabec04d000 con 0x7fabfc1066a0
2024-02-09T23:01:50.479 INFO:teuthology.orchestra.run.smithi029.stdout:/usr/bin/ceph: stderr
2024-02-09T23:01:38.993+0000 7fabf9d9b700 1 --2- 172.21.15.29:0/338008594 >> [v2:172.21.15.29:6800/3138531381,v1:172.21.15.29:6801/3138531381] conn(0x7fabe4038d30 0x7fabe403b1f0 unknown :-1 s=BANNER_CONNECTING pgs=0 cs=0 l=1 rev1=0 crypto rx=0 tx=0 comp rx=0 tx=0)._handle_peer_banner_payload supported=3 required=0
2024-02-09T23:01:50.479 INFO:teuthology.orchestra.run.smithi029.stdout:/usr/bin/ceph: stderr
2024-02-09T23:01:38.994+0000 7fabf9d9b700 1 --2- 172.21.15.29:0/338008594 >> [v2:172.21.15.29:6800/3138531381,v1:172.21.15.29:6801/3138531381] conn(0x7fabe4038d30 0x7fabe403b1f0 secure :-1 s=READY pgs=6 cs=0 l=1 rev1=1 crypto rx=0x7fabf0006fd0 tx=0x7fabf0006e40 comp rx=0 tx=0).ready entity=mgr.14100 client_cookie=0 server_cookie=0 in_seq=0 out_seq=0
2024-02-09T23:01:50.480 INFO:teuthology.orchestra.run.smithi029.stdout:/usr/bin/ceph: stderr
2024-02-09T23:01:38.999+0000 7fabeb7fe700 1 -- 172.21.15.29:0/338008594 <== mon.0 v2:172.21.15.29:3300/0 6 ==== mon_command_ack([{"prefix": "get_command_descriptions"}]=0 v0) v1 ==== 72+0+183564 (secure 0 0 0) 0x7fabec018c20 con 0x7fabfc1066a0
2024-02-09T23:01:50.480 INFO:teuthology.orchestra.run.smithi029.stdout:/usr/bin/ceph: stderr
2024-02-09T23:01:39.283+0000 7fac00ddf700 1 -- 172.21.15.29:0/338008594 --> [v2:172.21.15.29:3300/0,v1:172.21.15.29:6789/0] -- mon_command({"prefix": "status", "format": "json-pretty"} v 0) v1 -- 0x7fabfc10ac60 con 0x7fabfc1066a0
2024-02-09T23:01:50.480 INFO:teuthology.orchestra.run.smithi029.stdout:/usr/bin/ceph: stderr
2024-02-09T23:01:39.284+0000 7fabeb7fe700 1 -- 172.21.15.29:0/338008594 <== mon.0 v2:172.21.15.29:3300/0 7 ==== mon_command_ack([{"prefix": "status", "format": "json-pretty"}]=0 v0) v1 ==== 79+0+1239 (secure 0 0 0) 0x7fabec018350 con 0x7fabfc1066a0
2024-02-09T23:01:50.480 INFO:teuthology.orchestra.run.smithi029.stdout:/usr/bin/ceph: stderr
2024-02-09T23:01:39.286+0000 7fac00ddf700 1 -- 172.21.15.29:0/338008594 >> [v2:172.21.15.29:6800/3138531381,v1:172.21.15.29:6801/3138531381] conn(0x7fabe4038d30 msgr2=0x7fabe403b1f0 secure :-1 s=STATE_CONNECTION_ESTABLISHED l=1).mark_down
2024-02-09T23:01:50.480 INFO:teuthology.orchestra.run.smithi029.stdout:/usr/bin/ceph: stderr
2024-02-09T23:01:39.286+0000 7fac00ddf700 1 --2- 172.21.15.29:0/338008594 >> [v2:172.21.15.29:6800/3138531381,v1:172.21.15.29:6801/3138531381] conn(0x7fabe4038d30 0x7fabe403b1f0 secure :-1 s=READY pgs=6 cs=0 l=1 rev1=1 crypto rx=0x7fabf0006fd0 tx=0x7fabf0006e40 comp rx=0 tx=0).stop
2024-02-09T23:01:50.480 INFO:teuthology.orchestra.run.smithi029.stdout:/usr/bin/ceph: stderr
2024-02-09T23:01:39.286+0000 7fac00ddf700 1 -- 172.21.15.29:0/338008594 >> [v2:172.21.15.29:3300/0,v1:172.21.15.29:6789/0] conn(0x7fabfc1066a0 msgr2=0x7fabfc07aa80 secure :-1 s=STATE_CONNECTION_ESTABLISHED l=1).mark_down
2024-02-09T23:01:50.481 INFO:teuthology.orchestra.run.smithi029.stdout:/usr/bin/ceph: stderr
2024-02-09T23:01:39.286+0000 7fac00ddf700 1 --2- 172.21.15.29:0/338008594 >> [v2:172.21.15.29:3300/0,v1:172.21.15.29:6789/0] conn(0x7fabfc1066a0 0x7fabfc07aa80 secure :-1 s=READY pgs=15 cs=0 l=1 rev1=1 crypto rx=0x7fabec011670 tx=0x7fabec011bf0 comp rx=0 tx=0).stop
2024-02-09T23:01:50.481 INFO:teuthology.orchestra.run.smithi029.stdout:/usr/bin/ceph: stderr
2024-02-09T23:01:39.286+0000 7fac00ddf700 1 -- 172.21.15.29:0/338008594 shutdown_connections
2024-02-09T23:01:50.481 INFO:teuthology.orchestra.run.smithi029.stdout:/usr/bin/ceph: stderr
2024-02-09T23:01:39.286+0000 7fac00ddf700 1 --2- 172.21.15.29:0/338008594 >> [v2:172.21.15.29:6800/3138531381,v1:172.21.15.29:6801/3138531381] conn(0x7fabe4038d30 0x7fabe403b1f0 unknown :-1 s=CLOSED pgs=6 cs=0 l=1 rev1=1 crypto rx=0 tx=0 comp rx=0 tx=0).stop
2024-02-09T23:01:50.481 INFO:teuthology.orchestra.run.smithi029.stdout:/usr/bin/ceph: stderr
2024-02-09T23:01:39.286+0000 7fac00ddf700 1 --2- 172.21.15.29:0/338008594 >> [v2:172.21.15.29:3300/0,v1:172.21.15.29:6789/0] conn(0x7fabfc1066a0 0x7fabfc07aa80 unknown :-1 s=CLOSED pgs=15 cs=0 l=1 rev1=1 crypto rx=0 tx=0 comp rx=0 tx=0).stop
2024-02-09T23:01:50.481 INFO:teuthology.orchestra.run.smithi029.stdout:/usr/bin/ceph: stderr
2024-02-09T23:01:39.286+0000 7fac00ddf700 1 -- 172.21.15.29:0/338008594 >> 172.21.15.29:0/338008594 conn(0x7fabfc101cc0 msgr2=0x7fabfc102800 unknown :-1 s=STATE_NONE l=0).mark_down
2024-02-09T23:01:50.481 INFO:teuthology.orchestra.run.smithi029.stdout:/usr/bin/ceph: stderr
2024-02-09T23:01:39.286+0000 7fac00ddf700 1 -- 172.21.15.29:0/338008594 shutdown_connections
2024-02-09T23:01:50.481 INFO:teuthology.orchestra.run.smithi029.stdout:/usr/bin/ceph: stderr
2024-02-09T23:01:39.286+0000 7fac00ddf700 1 -- 172.21.15.29:0/338008594 wait complete.
2024-02-09T23:01:50.481 INFO:teuthology.orchestra.run.smithi029.stdout:mgr is available
2024-02-09T23:01:52.222 INFO:journalctl@ceph.mon.a.smithi029.stdout:Feb 09 23:01:51 smithi029 ceph-mon[32864]: from='client.? 172.21.15.29:0/1500404411' entity='client.admin' cmd=[{"prefix": "config assimilate-conf"}]: dispatch
2024-02-09T23:01:52.477 INFO:teuthology.orchestra.run.smithi029.stdout:/usr/bin/ceph: stdout
2024-02-09T23:01:52.478 INFO:teuthology.orchestra.run.smithi029.stdout:/usr/bin/ceph: stdout [global]
2024-02-09T23:01:52.478 INFO:teuthology.orchestra.run.smithi029.stdout:/usr/bin/ceph: stdout fsid = 0ace3dba-c79f-11ee-95b8-87774f69a715
2024-02-09T23:01:52.478 INFO:teuthology.orchestra.run.smithi029.stdout:/usr/bin/ceph: stdout mon_osd_allow_pg_remap = true
2024-02-09T23:01:52.478 INFO:teuthology.orchestra.run.smithi029.stdout:/usr/bin/ceph: stdout mon_osd_allow_primary_affinity = true
2024-02-09T23:01:52.478 INFO:teuthology.orchestra.run.smithi029.stdout:/usr/bin/ceph: stdout mon_warn_on_no_sortbitwise = false
2024-02-09T23:01:52.478 INFO:teuthology.orchestra.run.smithi029.stdout:/usr/bin/ceph: stdout osd_crush_chooseleaf_type = 0
2024-02-09T23:01:52.478 INFO:teuthology.orchestra.run.smithi029.stdout:/usr/bin/ceph: stdout
2024-02-09T23:01:52.478 INFO:teuthology.orchestra.run.smithi029.stdout:/usr/bin/ceph: stdout [mgr]
2024-02-09T23:01:52.478 INFO:teuthology.orchestra.run.smithi029.stdout:/usr/bin/ceph: stdout mgr/telemetry/nag = false
2024-02-09T23:01:52.478 INFO:teuthology.orchestra.run.smithi029.stdout:/usr/bin/ceph: stdout
2024-02-09T23:01:52.478 INFO:teuthology.orchestra.run.smithi029.stdout:/usr/bin/ceph: stdout [osd]
2024-02-09T23:01:52.478 INFO:teuthology.orchestra.run.smithi029.stdout:/usr/bin/ceph: stdout mon_osd_backfillfull_ratio = 0.85
2024-02-09T23:01:52.478 INFO:teuthology.orchestra.run.smithi029.stdout:/usr/bin/ceph: stdout mon_osd_full_ratio = 0.9
2024-02-09T23:01:52.479 INFO:teuthology.orchestra.run.smithi029.stdout:/usr/bin/ceph: stdout mon_osd_nearfull_ratio = 0.8
2024-02-09T23:01:52.479 INFO:teuthology.orchestra.run.smithi029.stdout:/usr/bin/ceph: stdout osd_map_max_advance = 10
2024-02-09T23:01:52.479 INFO:teuthology.orchestra.run.smithi029.stdout:/usr/bin/ceph: stdout osd_sloppy_crc = true
2024-02-09T23:01:52.479 INFO:teuthology.orchestra.run.smithi029.stdout:/usr/bin/ceph: stderr
2024-02-09T23:01:51.653+0000 7fccdb4f8700 1 Processor -- start
2024-02-09T23:01:52.479 INFO:teuthology.orchestra.run.smithi029.stdout:/usr/bin/ceph: stderr
2024-02-09T23:01:51.653+0000 7fccdb4f8700 1 -- start start
2024-02-09T23:01:52.479 INFO:teuthology.orchestra.run.smithi029.stdout:/usr/bin/ceph: stderr
2024-02-09T23:01:51.654+0000 7fccdb4f8700 1 --2- >> [v2:172.21.15.29:3300/0,v1:172.21.15.29:6789/0] conn(0x7fccd41066a0 0x7fccd4106ac0 unknown :-1 s=NONE pgs=0 cs=0 l=0 rev1=0 crypto rx=0 tx=0 comp rx=0 tx=0).connect
2024-02-09T23:01:52.479 INFO:teuthology.orchestra.run.smithi029.stdout:/usr/bin/ceph: stderr
2024-02-09T23:01:51.654+0000 7fccdb4f8700 1 -- --> [v2:172.21.15.29:3300/0,v1:172.21.15.29:6789/0] -- mon_getmap magic: 0 v1 -- 0x7fccd4107090 con 0x7fccd41066a0
2024-02-09T23:01:52.479 INFO:teuthology.orchestra.run.smithi029.stdout:/usr/bin/ceph: stderr
2024-02-09T23:01:51.654+0000 7fccd9294700 1 --2- >> [v2:172.21.15.29:3300/0,v1:172.21.15.29:6789/0] conn(0x7fccd41066a0 0x7fccd4106ac0 unknown :-1 s=BANNER_CONNECTING pgs=0 cs=0 l=0 rev1=0 crypto rx=0 tx=0 comp rx=0 tx=0)._handle_peer_banner_payload supported=3 required=0
2024-02-09T23:01:52.479 INFO:teuthology.orchestra.run.smithi029.stdout:/usr/bin/ceph: stderr
2024-02-09T23:01:51.654+0000 7fccd9294700 1 --2- >> [v2:172.21.15.29:3300/0,v1:172.21.15.29:6789/0] conn(0x7fccd41066a0 0x7fccd4106ac0 unknown :-1 s=HELLO_CONNECTING pgs=0 cs=0 l=0 rev1=1 crypto rx=0 tx=0 comp rx=0 tx=0).handle_hello peer v2:172.21.15.29:3300/0 says I am v2:172.21.15.29:41998/0 (socket says 172.21.15.29:41998)
2024-02-09T23:01:52.479 INFO:teuthology.orchestra.run.smithi029.stdout:/usr/bin/ceph: stderr
2024-02-09T23:01:51.654+0000 7fccd9294700 1 -- 172.21.15.29:0/1146434416 learned_addr learned my addr 172.21.15.29:0/1146434416 (peer_addr_for_me v2:172.21.15.29:0/0)
2024-02-09T23:01:52.479 INFO:teuthology.orchestra.run.smithi029.stdout:/usr/bin/ceph: stderr
2024-02-09T23:01:51.654+0000 7fccd9294700 1 -- 172.21.15.29:0/1146434416 --> [v2:172.21.15.29:3300/0,v1:172.21.15.29:6789/0] -- mon_subscribe({config=0+,monmap=0+}) v3 -- 0x7fccd41078a0 con 0x7fccd41066a0
2024-02-09T23:01:52.479 INFO:teuthology.orchestra.run.smithi029.stdout:/usr/bin/ceph: stderr
2024-02-09T23:01:51.654+0000 7fccd9294700 1 --2- 172.21.15.29:0/1146434416 >> [v2:172.21.15.29:3300/0,v1:172.21.15.29:6789/0] conn(0x7fccd41066a0 0x7fccd4106ac0 secure :-1 s=READY pgs=16 cs=0 l=1 rev1=1 crypto rx=0x7fccc40098a0 tx=0x7fccc4009bb0 comp rx=0 tx=0).ready entity=mon.0 client_cookie=1e6b8b87537d0c86 server_cookie=0 in_seq=0 out_seq=0
2024-02-09T23:01:52.479 INFO:teuthology.orchestra.run.smithi029.stdout:/usr/bin/ceph: stderr
2024-02-09T23:01:51.654+0000 7fcccbfff700 1 -- 172.21.15.29:0/1146434416 <== mon.0 v2:172.21.15.29:3300/0 1 ==== mon_map magic: 0 v1 ==== 205+0+0 (secure 0 0 0) 0x7fccc4004160 con 0x7fccd41066a0
2024-02-09T23:01:52.479 INFO:teuthology.orchestra.run.smithi029.stdout:/usr/bin/ceph: stderr
2024-02-09T23:01:51.654+0000 7fcccbfff700 1 -- 172.21.15.29:0/1146434416 <== mon.0 v2:172.21.15.29:3300/0 2 ==== config(28 keys) v1 ==== 1143+0+0 (secure 0 0 0) 0x7fccc40042c0 con 0x7fccd41066a0
2024-02-09T23:01:52.480 INFO:teuthology.orchestra.run.smithi029.stdout:/usr/bin/ceph: stderr
2024-02-09T23:01:51.654+0000 7fcccbfff700 1 -- 172.21.15.29:0/1146434416 <== mon.0 v2:172.21.15.29:3300/0 3 ==== mon_map magic: 0 v1 ==== 205+0+0 (secure 0 0 0) 0x7fccc4011b70 con 0x7fccd41066a0
2024-02-09T23:01:52.480 INFO:teuthology.orchestra.run.smithi029.stdout:/usr/bin/ceph: stderr
2024-02-09T23:01:51.655+0000 7fccdb4f8700 1 -- 172.21.15.29:0/1146434416 >> [v2:172.21.15.29:3300/0,v1:172.21.15.29:6789/0] conn(0x7fccd41066a0 msgr2=0x7fccd4106ac0 secure :-1 s=STATE_CONNECTION_ESTABLISHED l=1).mark_down
2024-02-09T23:01:52.480 INFO:teuthology.orchestra.run.smithi029.stdout:/usr/bin/ceph: stderr
2024-02-09T23:01:51.655+0000 7fccdb4f8700 1 --2- 172.21.15.29:0/1146434416 >> [v2:172.21.15.29:3300/0,v1:172.21.15.29:6789/0] conn(0x7fccd41066a0 0x7fccd4106ac0 secure :-1 s=READY pgs=16 cs=0 l=1 rev1=1 crypto rx=0x7fccc40098a0 tx=0x7fccc4009bb0 comp rx=0 tx=0).stop
2024-02-09T23:01:52.480 INFO:teuthology.orchestra.run.smithi029.stdout:/usr/bin/ceph: stderr
2024-02-09T23:01:51.655+0000 7fccdb4f8700 1 -- 172.21.15.29:0/1146434416 shutdown_connections
2024-02-09T23:01:52.480 INFO:teuthology.orchestra.run.smithi029.stdout:/usr/bin/ceph: stderr
2024-02-09T23:01:51.655+0000 7fccdb4f8700 1 --2- 172.21.15.29:0/1146434416 >> [v2:172.21.15.29:3300/0,v1:172.21.15.29:6789/0] conn(0x7fccd41066a0 0x7fccd4106ac0 unknown :-1 s=CLOSED pgs=16 cs=0 l=1 rev1=1 crypto rx=0 tx=0 comp rx=0 tx=0).stop
2024-02-09T23:01:52.480 INFO:teuthology.orchestra.run.smithi029.stdout:/usr/bin/ceph: stderr
2024-02-09T23:01:51.655+0000 7fccdb4f8700 1 -- 172.21.15.29:0/1146434416 >> 172.21.15.29:0/1146434416 conn(0x7fccd4101ce0 msgr2=0x7fccd4104100 unknown :-1 s=STATE_NONE l=0).mark_down
2024-02-09T23:01:52.480 INFO:teuthology.orchestra.run.smithi029.stdout:/usr/bin/ceph: stderr
2024-02-09T23:01:51.655+0000 7fccdb4f8700 1 -- 172.21.15.29:0/1146434416 shutdown_connections
2024-02-09T23:01:52.480 INFO:teuthology.orchestra.run.smithi029.stdout:/usr/bin/ceph: stderr
2024-02-09T23:01:51.655+0000 7fccdb4f8700 1 -- 172.21.15.29:0/1146434416 wait complete.
2024-02-09T23:01:52.480 INFO:teuthology.orchestra.run.smithi029.stdout:/usr/bin/ceph: stderr
2024-02-09T23:01:51.656+0000 7fccdb4f8700 1 Processor -- start
2024-02-09T23:01:52.480 INFO:teuthology.orchestra.run.smithi029.stdout:/usr/bin/ceph: stderr
2024-02-09T23:01:51.656+0000 7fccdb4f8700 1 -- start start
2024-02-09T23:01:52.480 INFO:teuthology.orchestra.run.smithi029.stdout:/usr/bin/ceph: stderr
2024-02-09T23:01:51.656+0000 7fccdb4f8700 1 --2- >> [v2:172.21.15.29:3300/0,v1:172.21.15.29:6789/0] conn(0x7fccd41066a0 0x7fccd4191810 unknown :-1 s=NONE pgs=0 cs=0 l=1 rev1=0 crypto rx=0 tx=0 comp rx=0 tx=0).connect
2024-02-09T23:01:52.480 INFO:teuthology.orchestra.run.smithi029.stdout:/usr/bin/ceph: stderr
2024-02-09T23:01:51.656+0000 7fccdb4f8700 1 -- --> [v2:172.21.15.29:3300/0,v1:172.21.15.29:6789/0] -- mon_getmap magic: 0 v1 -- 0x7fccd4191d50 con 0x7fccd41066a0
2024-02-09T23:01:52.480 INFO:teuthology.orchestra.run.smithi029.stdout:/usr/bin/ceph: stderr
2024-02-09T23:01:51.656+0000 7fccd9294700 1 --2- >> [v2:172.21.15.29:3300/0,v1:172.21.15.29:6789/0] conn(0x7fccd41066a0 0x7fccd4191810 unknown :-1 s=BANNER_CONNECTING pgs=0 cs=0 l=1 rev1=0 crypto rx=0 tx=0 comp rx=0 tx=0)._handle_peer_banner_payload supported=3 required=0
2024-02-09T23:01:52.480 INFO:teuthology.orchestra.run.smithi029.stdout:/usr/bin/ceph: stderr
2024-02-09T23:01:51.656+0000 7fccd9294700 1 --2- >> [v2:172.21.15.29:3300/0,v1:172.21.15.29:6789/0] conn(0x7fccd41066a0 0x7fccd4191810 unknown :-1 s=HELLO_CONNECTING pgs=0 cs=0 l=1 rev1=1 crypto rx=0 tx=0 comp rx=0 tx=0).handle_hello peer v2:172.21.15.29:3300/0 says I am v2:172.21.15.29:42008/0 (socket says 172.21.15.29:42008)
2024-02-09T23:01:52.480 INFO:teuthology.orchestra.run.smithi029.stdout:/usr/bin/ceph: stderr
2024-02-09T23:01:51.656+0000 7fccd9294700 1 -- 172.21.15.29:0/1500404411 learned_addr learned my addr 172.21.15.29:0/1500404411 (peer_addr_for_me v2:172.21.15.29:0/0)
2024-02-09T23:01:52.481 INFO:teuthology.orchestra.run.smithi029.stdout:/usr/bin/ceph: stderr
2024-02-09T23:01:51.656+0000 7fccd9294700 1 -- 172.21.15.29:0/1500404411 --> [v2:172.21.15.29:3300/0,v1:172.21.15.29:6789/0] -- mon_subscribe({config=0+,monmap=0+}) v3 -- 0x7fccc4009550 con 0x7fccd41066a0
2024-02-09T23:01:52.481 INFO:teuthology.orchestra.run.smithi029.stdout:/usr/bin/ceph: stderr
2024-02-09T23:01:51.657+0000 7fccd9294700 1 --2- 172.21.15.29:0/1500404411 >> [v2:172.21.15.29:3300/0,v1:172.21.15.29:6789/0] conn(0x7fccd41066a0 0x7fccd4191810 secure :-1 s=READY pgs=17 cs=0 l=1 rev1=1 crypto rx=0x7fccc4000c00 tx=0x7fccc4011bf0 comp rx=0 tx=0).ready entity=mon.0 client_cookie=0 server_cookie=0 in_seq=0 out_seq=0
2024-02-09T23:01:52.481 INFO:teuthology.orchestra.run.smithi029.stdout:/usr/bin/ceph: stderr
2024-02-09T23:01:51.657+0000 7fccca7fc700 1 -- 172.21.15.29:0/1500404411 <== mon.0 v2:172.21.15.29:3300/0 1 ==== mon_map magic: 0 v1 ==== 205+0+0 (secure 0 0 0) 0x7fccc4003aa0 con 0x7fccd41066a0
2024-02-09T23:01:52.481 INFO:teuthology.orchestra.run.smithi029.stdout:/usr/bin/ceph: stderr
2024-02-09T23:01:51.657+0000 7fccca7fc700 1 -- 172.21.15.29:0/1500404411 <== mon.0 v2:172.21.15.29:3300/0 2 ==== config(28 keys) v1 ==== 1143+0+0 (secure 0 0 0) 0x7fccc4003c00 con 0x7fccd41066a0
2024-02-09T23:01:52.481 INFO:teuthology.orchestra.run.smithi029.stdout:/usr/bin/ceph: stderr
2024-02-09T23:01:51.657+0000 7fccdb4f8700 1 -- 172.21.15.29:0/1500404411 --> [v2:172.21.15.29:3300/0,v1:172.21.15.29:6789/0] -- mon_subscribe({mgrmap=0+}) v3 -- 0x7fccd418ff40 con 0x7fccd41066a0
2024-02-09T23:01:52.481 INFO:teuthology.orchestra.run.smithi029.stdout:/usr/bin/ceph: stderr
2024-02-09T23:01:51.657+0000 7fccca7fc700 1 -- 172.21.15.29:0/1500404411 <== mon.0 v2:172.21.15.29:3300/0 3 ==== mon_map magic: 0 v1 ==== 205+0+0 (secure 0 0 0) 0x7fccc4024930 con 0x7fccd41066a0
2024-02-09T23:01:52.481 INFO:teuthology.orchestra.run.smithi029.stdout:/usr/bin/ceph: stderr
2024-02-09T23:01:51.657+0000 7fccdb4f8700 1 -- 172.21.15.29:0/1500404411 --> [v2:172.21.15.29:3300/0,v1:172.21.15.29:6789/0] -- mon_subscribe({osdmap=0}) v3 -- 0x7fccd41903e0 con 0x7fccd41066a0
2024-02-09T23:01:52.481 INFO:teuthology.orchestra.run.smithi029.stdout:/usr/bin/ceph: stderr
2024-02-09T23:01:51.658+0000 7fccca7fc700 1 -- 172.21.15.29:0/1500404411 <== mon.0 v2:172.21.15.29:3300/0 4 ==== mgrmap(e 4) v1 ==== 45921+0+0 (secure 0 0 0) 0x7fccc402d3f0 con 0x7fccd41066a0
2024-02-09T23:01:52.481 INFO:teuthology.orchestra.run.smithi029.stdout:/usr/bin/ceph: stderr
2024-02-09T23:01:51.658+0000 7fccdb4f8700 1 -- 172.21.15.29:0/1500404411 --> [v2:172.21.15.29:3300/0,v1:172.21.15.29:6789/0] -- mon_command({"prefix": "get_command_descriptions"} v 0) v1 -- 0x7fccd410aad0 con 0x7fccd41066a0
2024-02-09T23:01:52.481 INFO:teuthology.orchestra.run.smithi029.stdout:/usr/bin/ceph: stderr
2024-02-09T23:01:51.658+0000 7fccca7fc700 1 --2- 172.21.15.29:0/1500404411 >> [v2:172.21.15.29:6800/3138531381,v1:172.21.15.29:6801/3138531381] conn(0x7fccc0038ee0 0x7fccc003b3a0 unknown :-1 s=NONE pgs=0 cs=0 l=1 rev1=0 crypto rx=0 tx=0 comp rx=0 tx=0).connect
2024-02-09T23:01:52.481 INFO:teuthology.orchestra.run.smithi029.stdout:/usr/bin/ceph: stderr
2024-02-09T23:01:51.658+0000 7fccca7fc700 1 -- 172.21.15.29:0/1500404411 <== mon.0 v2:172.21.15.29:3300/0 5 ==== osd_map(1..1 src has 1..1) v4 ==== 725+0+0 (secure 0 0 0) 0x7fccc404cd90 con 0x7fccd41066a0
2024-02-09T23:01:52.481 INFO:teuthology.orchestra.run.smithi029.stdout:/usr/bin/ceph: stderr
2024-02-09T23:01:51.658+0000 7fccd8a93700 1 --2- 172.21.15.29:0/1500404411 >> [v2:172.21.15.29:6800/3138531381,v1:172.21.15.29:6801/3138531381] conn(0x7fccc0038ee0 0x7fccc003b3a0 unknown :-1 s=BANNER_CONNECTING pgs=0 cs=0 l=1 rev1=0 crypto rx=0 tx=0 comp rx=0 tx=0)._handle_peer_banner_payload supported=3 required=0
2024-02-09T23:01:52.481 INFO:teuthology.orchestra.run.smithi029.stdout:/usr/bin/ceph: stderr
2024-02-09T23:01:51.658+0000 7fccd8a93700 1 --2- 172.21.15.29:0/1500404411 >> [v2:172.21.15.29:6800/3138531381,v1:172.21.15.29:6801/3138531381] conn(0x7fccc0038ee0 0x7fccc003b3a0 secure :-1 s=READY pgs=7 cs=0 l=1 rev1=1 crypto rx=0x7fccd0006fd0 tx=0x7fccd0006e40 comp rx=0 tx=0).ready entity=mgr.14100 client_cookie=0 server_cookie=0 in_seq=0 out_seq=0
2024-02-09T23:01:52.481 INFO:teuthology.orchestra.run.smithi029.stdout:/usr/bin/ceph: stderr
2024-02-09T23:01:51.663+0000 7fccca7fc700 1 -- 172.21.15.29:0/1500404411 <== mon.0 v2:172.21.15.29:3300/0 6 ==== mon_command_ack([{"prefix": "get_command_descriptions"}]=0 v0) v1 ==== 72+0+183564 (secure 0 0 0) 0x7fccc4052020 con 0x7fccd41066a0
2024-02-09T23:01:52.482 INFO:teuthology.orchestra.run.smithi029.stdout:/usr/bin/ceph: stderr
2024-02-09T23:01:51.865+0000 7fccdb4f8700 1 -- 172.21.15.29:0/1500404411 --> [v2:172.21.15.29:3300/0,v1:172.21.15.29:6789/0] -- mon_command({"prefix": "config assimilate-conf"} v 0) v1 -- 0x7fccd410ace0 con 0x7fccd41066a0
2024-02-09T23:01:52.482 INFO:teuthology.orchestra.run.smithi029.stdout:/usr/bin/ceph: stderr
2024-02-09T23:01:51.865+0000 7fccca7fc700 1 -- 172.21.15.29:0/1500404411 <== mon.0 v2:172.21.15.29:3300/0 7 ==== mon_command_ack([{"prefix": "config assimilate-conf"}]=0 v3) v1 ==== 70+0+373 (secure 0 0 0) 0x7fccc4010970 con 0x7fccd41066a0
2024-02-09T23:01:52.482 INFO:teuthology.orchestra.run.smithi029.stdout:/usr/bin/ceph: stderr
2024-02-09T23:01:51.867+0000 7fccdb4f8700 1 -- 172.21.15.29:0/1500404411 >> [v2:172.21.15.29:6800/3138531381,v1:172.21.15.29:6801/3138531381] conn(0x7fccc0038ee0 msgr2=0x7fccc003b3a0 secure :-1 s=STATE_CONNECTION_ESTABLISHED l=1).mark_down
2024-02-09T23:01:52.482 INFO:teuthology.orchestra.run.smithi029.stdout:/usr/bin/ceph: stderr
2024-02-09T23:01:51.867+0000 7fccdb4f8700 1 --2- 172.21.15.29:0/1500404411 >> [v2:172.21.15.29:6800/3138531381,v1:172.21.15.29:6801/3138531381] conn(0x7fccc0038ee0 0x7fccc003b3a0 secure :-1 s=READY pgs=7 cs=0 l=1 rev1=1 crypto rx=0x7fccd0006fd0 tx=0x7fccd0006e40 comp rx=0 tx=0).stop
2024-02-09T23:01:52.482 INFO:teuthology.orchestra.run.smithi029.stdout:/usr/bin/ceph: stderr
2024-02-09T23:01:51.867+0000 7fccdb4f8700 1 -- 172.21.15.29:0/1500404411 >> [v2:172.21.15.29:3300/0,v1:172.21.15.29:6789/0] conn(0x7fccd41066a0 msgr2=0x7fccd4191810 secure :-1 s=STATE_CONNECTION_ESTABLISHED l=1).mark_down
2024-02-09T23:01:52.482 INFO:teuthology.orchestra.run.smithi029.stdout:/usr/bin/ceph: stderr
2024-02-09T23:01:51.867+0000 7fccdb4f8700 1 --2- 172.21.15.29:0/1500404411 >> [v2:172.21.15.29:3300/0,v1:172.21.15.29:6789/0] conn(0x7fccd41066a0 0x7fccd4191810 secure :-1 s=READY pgs=17 cs=0 l=1 rev1=1 crypto rx=0x7fccc4000c00 tx=0x7fccc4011bf0 comp rx=0 tx=0).stop
2024-02-09T23:01:52.482 INFO:teuthology.orchestra.run.smithi029.stdout:/usr/bin/ceph: stderr
2024-02-09T23:01:51.867+0000 7fccdb4f8700 1 -- 172.21.15.29:0/1500404411 shutdown_connections
2024-02-09T23:01:52.482 INFO:teuthology.orchestra.run.smithi029.stdout:/usr/bin/ceph: stderr
2024-02-09T23:01:51.867+0000 7fccdb4f8700 1 --2- 172.21.15.29:0/1500404411 >> [v2:172.21.15.29:6800/3138531381,v1:172.21.15.29:6801/3138531381] conn(0x7fccc0038ee0 0x7fccc003b3a0 unknown :-1 s=CLOSED pgs=7 cs=0 l=1 rev1=1 crypto rx=0 tx=0 comp rx=0 tx=0).stop
2024-02-09T23:01:52.482 INFO:teuthology.orchestra.run.smithi029.stdout:/usr/bin/ceph: stderr
2024-02-09T23:01:51.867+0000 7fccdb4f8700 1 --2- 172.21.15.29:0/1500404411 >> [v2:172.21.15.29:3300/0,v1:172.21.15.29:6789/0] conn(0x7fccd41066a0 0x7fccd4191810 unknown :-1 s=CLOSED pgs=17 cs=0 l=1 rev1=1 crypto rx=0 tx=0 comp rx=0 tx=0).stop
2024-02-09T23:01:52.482 INFO:teuthology.orchestra.run.smithi029.stdout:/usr/bin/ceph: stderr
2024-02-09T23:01:51.867+0000 7fccdb4f8700 1 -- 172.21.15.29:0/1500404411 >> 172.21.15.29:0/1500404411 conn(0x7fccd4101ce0 msgr2=0x7fccd4102b60 unknown :-1 s=STATE_NONE l=0).mark_down
2024-02-09T23:01:52.482 INFO:teuthology.orchestra.run.smithi029.stdout:/usr/bin/ceph: stderr
2024-02-09T23:01:51.868+0000 7fccdb4f8700 1 -- 172.21.15.29:0/1500404411 shutdown_connections
2024-02-09T23:01:52.482 INFO:teuthology.orchestra.run.smithi029.stdout:/usr/bin/ceph: stderr
2024-02-09T23:01:51.868+0000 7fccdb4f8700 1 -- 172.21.15.29:0/1500404411 wait complete.
2024-02-09T23:01:52.482 INFO:teuthology.orchestra.run.smithi029.stdout:Enabling cephadm module...
2024-02-09T23:01:53.478 INFO:journalctl@ceph.mon.a.smithi029.stdout:Feb 09 23:01:53 smithi029 ceph-mon[32864]: from='client.? 172.21.15.29:0/593650367' entity='client.admin' cmd=[{"prefix": "mgr module enable", "module": "cephadm"}]: dispatch
2024-02-09T23:01:53.479 INFO:journalctl@ceph.mgr.x.smithi029.stdout:Feb 09 23:01:53 smithi029 ceph-0ace3dba-c79f-11ee-95b8-87774f69a715-mgr-x[33091]: ignoring --setuser ceph since I am not root
2024-02-09T23:01:53.479 INFO:journalctl@ceph.mgr.x.smithi029.stdout:Feb 09 23:01:53 smithi029 ceph-0ace3dba-c79f-11ee-95b8-87774f69a715-mgr-x[33091]: ignoring --setgroup ceph since I am not root
2024-02-09T23:01:53.750 INFO:teuthology.orchestra.run.smithi029.stdout:/usr/bin/ceph: stderr
2024-02-09T23:01:52.852+0000 7fe6fd815700 1 Processor -- start
2024-02-09T23:01:53.750 INFO:teuthology.orchestra.run.smithi029.stdout:/usr/bin/ceph: stderr
2024-02-09T23:01:52.852+0000 7fe6fd815700 1 -- start start
2024-02-09T23:01:53.750 INFO:teuthology.orchestra.run.smithi029.stdout:/usr/bin/ceph: stderr
2024-02-09T23:01:52.852+0000 7fe6fd815700 1 --2- >> [v2:172.21.15.29:3300/0,v1:172.21.15.29:6789/0] conn(0x7fe6f8108250 0x7fe6f810a640 unknown :-1 s=NONE pgs=0 cs=0 l=0 rev1=0 crypto rx=0 tx=0 comp rx=0 tx=0).connect
2024-02-09T23:01:53.750 INFO:teuthology.orchestra.run.smithi029.stdout:/usr/bin/ceph: stderr
2024-02-09T23:01:52.852+0000 7fe6fd815700 1 -- --> [v2:172.21.15.29:3300/0,v1:172.21.15.29:6789/0] -- mon_getmap magic: 0 v1 -- 0x7fe6f807ae80 con 0x7fe6f8108250
2024-02-09T23:01:53.750 INFO:teuthology.orchestra.run.smithi029.stdout:/usr/bin/ceph: stderr
2024-02-09T23:01:52.852+0000 7fe6f6ffd700 1 --2- >> [v2:172.21.15.29:3300/0,v1:172.21.15.29:6789/0] conn(0x7fe6f8108250 0x7fe6f810a640 unknown :-1 s=BANNER_CONNECTING pgs=0 cs=0 l=0 rev1=0 crypto rx=0 tx=0 comp rx=0 tx=0)._handle_peer_banner_payload supported=3 required=0
2024-02-09T23:01:53.750 INFO:teuthology.orchestra.run.smithi029.stdout:/usr/bin/ceph: stderr
2024-02-09T23:01:52.852+0000 7fe6f6ffd700 1 --2- >> [v2:172.21.15.29:3300/0,v1:172.21.15.29:6789/0] conn(0x7fe6f8108250 0x7fe6f810a640 unknown :-1 s=HELLO_CONNECTING pgs=0 cs=0 l=0 rev1=1 crypto rx=0 tx=0 comp rx=0 tx=0).handle_hello peer v2:172.21.15.29:3300/0 says I am v2:172.21.15.29:42018/0 (socket says 172.21.15.29:42018)
2024-02-09T23:01:53.750 INFO:teuthology.orchestra.run.smithi029.stdout:/usr/bin/ceph: stderr
2024-02-09T23:01:52.852+0000 7fe6f6ffd700 1 -- 172.21.15.29:0/1056944290 learned_addr learned my addr 172.21.15.29:0/1056944290 (peer_addr_for_me v2:172.21.15.29:0/0)
2024-02-09T23:01:53.750 INFO:teuthology.orchestra.run.smithi029.stdout:/usr/bin/ceph: stderr
2024-02-09T23:01:52.853+0000 7fe6f6ffd700 1 -- 172.21.15.29:0/1056944290 --> [v2:172.21.15.29:3300/0,v1:172.21.15.29:6789/0] -- mon_subscribe({config=0+,monmap=0+}) v3 -- 0x7fe6f810ab80 con 0x7fe6f8108250
2024-02-09T23:01:53.750 INFO:teuthology.orchestra.run.smithi029.stdout:/usr/bin/ceph: stderr
2024-02-09T23:01:52.853+0000 7fe6f6ffd700 1 --2- 172.21.15.29:0/1056944290 >> [v2:172.21.15.29:3300/0,v1:172.21.15.29:6789/0] conn(0x7fe6f8108250 0x7fe6f810a640 secure :-1 s=READY pgs=18 cs=0 l=1 rev1=1 crypto rx=0x7fe6e8009e80 tx=0x7fe6e800b330 comp rx=0 tx=0).ready entity=mon.0 client_cookie=ba3ba1a058f4a61d server_cookie=0 in_seq=0 out_seq=0
2024-02-09T23:01:53.750 INFO:teuthology.orchestra.run.smithi029.stdout:/usr/bin/ceph: stderr
2024-02-09T23:01:52.853+0000 7fe6f5ffb700 1 -- 172.21.15.29:0/1056944290 <== mon.0 v2:172.21.15.29:3300/0 1 ==== mon_map magic: 0 v1 ==== 205+0+0 (secure 0 0 0) 0x7fe6e800e070 con 0x7fe6f8108250
2024-02-09T23:01:53.751 INFO:teuthology.orchestra.run.smithi029.stdout:/usr/bin/ceph: stderr
2024-02-09T23:01:52.853+0000 7fe6f5ffb700 1 -- 172.21.15.29:0/1056944290 <== mon.0 v2:172.21.15.29:3300/0 2 ==== config(28 keys) v1 ==== 1143+0+0 (secure 0 0 0) 0x7fe6e800b8c0 con 0x7fe6f8108250
2024-02-09T23:01:53.751 INFO:teuthology.orchestra.run.smithi029.stdout:/usr/bin/ceph: stderr
2024-02-09T23:01:52.853+0000 7fe6f5ffb700 1 -- 172.21.15.29:0/1056944290 <== mon.0 v2:172.21.15.29:3300/0 3 ==== mon_map magic: 0 v1 ==== 205+0+0 (secure 0 0 0) 0x7fe6e8004640 con 0x7fe6f8108250
2024-02-09T23:01:53.751 INFO:teuthology.orchestra.run.smithi029.stdout:/usr/bin/ceph: stderr
2024-02-09T23:01:52.854+0000 7fe6fd815700 1 -- 172.21.15.29:0/1056944290 >> [v2:172.21.15.29:3300/0,v1:172.21.15.29:6789/0] conn(0x7fe6f8108250 msgr2=0x7fe6f810a640 secure :-1 s=STATE_CONNECTION_ESTABLISHED l=1).mark_down
2024-02-09T23:01:53.751 INFO:teuthology.orchestra.run.smithi029.stdout:/usr/bin/ceph: stderr
2024-02-09T23:01:52.854+0000 7fe6fd815700 1 --2- 172.21.15.29:0/1056944290 >> [v2:172.21.15.29:3300/0,v1:172.21.15.29:6789/0] conn(0x7fe6f8108250 0x7fe6f810a640 secure :-1 s=READY pgs=18 cs=0 l=1 rev1=1 crypto rx=0x7fe6e8009e80 tx=0x7fe6e800b330 comp rx=0 tx=0).stop
2024-02-09T23:01:53.751 INFO:teuthology.orchestra.run.smithi029.stdout:/usr/bin/ceph: stderr
2024-02-09T23:01:52.854+0000 7fe6fd815700 1 -- 172.21.15.29:0/1056944290 shutdown_connections
2024-02-09T23:01:53.751 INFO:teuthology.orchestra.run.smithi029.stdout:/usr/bin/ceph: stderr
2024-02-09T23:01:52.854+0000 7fe6fd815700 1 --2- 172.21.15.29:0/1056944290 >> [v2:172.21.15.29:3300/0,v1:172.21.15.29:6789/0] conn(0x7fe6f8108250 0x7fe6f810a640 unknown :-1 s=CLOSED pgs=18 cs=0 l=1 rev1=1 crypto rx=0 tx=0 comp rx=0 tx=0).stop
2024-02-09T23:01:53.751 INFO:teuthology.orchestra.run.smithi029.stdout:/usr/bin/ceph: stderr
2024-02-09T23:01:52.854+0000 7fe6fd815700 1 -- 172.21.15.29:0/1056944290 >> 172.21.15.29:0/1056944290 conn(0x7fe6f8101cc0 msgr2=0x7fe6f81040e0 unknown :-1 s=STATE_NONE l=0).mark_down
2024-02-09T23:01:53.751 INFO:teuthology.orchestra.run.smithi029.stdout:/usr/bin/ceph: stderr
2024-02-09T23:01:52.854+0000 7fe6fd815700 1 -- 172.21.15.29:0/1056944290 shutdown_connections
2024-02-09T23:01:53.751 INFO:teuthology.orchestra.run.smithi029.stdout:/usr/bin/ceph: stderr
2024-02-09T23:01:52.854+0000 7fe6fd815700 1 -- 172.21.15.29:0/1056944290 wait complete.
2024-02-09T23:01:53.751 INFO:teuthology.orchestra.run.smithi029.stdout:/usr/bin/ceph: stderr
2024-02-09T23:01:52.854+0000 7fe6fd815700 1 Processor -- start
2024-02-09T23:01:53.751 INFO:teuthology.orchestra.run.smithi029.stdout:/usr/bin/ceph: stderr
2024-02-09T23:01:52.855+0000 7fe6fd815700 1 -- start start
2024-02-09T23:01:53.751 INFO:teuthology.orchestra.run.smithi029.stdout:/usr/bin/ceph: stderr
2024-02-09T23:01:52.855+0000 7fe6fd815700 1 --2- >> [v2:172.21.15.29:3300/0,v1:172.21.15.29:6789/0] conn(0x7fe6f8108250 0x7fe6f8107ad0 unknown :-1 s=NONE pgs=0 cs=0 l=1 rev1=0 crypto rx=0 tx=0 comp rx=0 tx=0).connect
2024-02-09T23:01:53.751 INFO:teuthology.orchestra.run.smithi029.stdout:/usr/bin/ceph: stderr
2024-02-09T23:01:52.855+0000 7fe6fd815700 1 -- --> [v2:172.21.15.29:3300/0,v1:172.21.15.29:6789/0] -- mon_getmap magic: 0 v1 -- 0x7fe6f8108010 con 0x7fe6f8108250
2024-02-09T23:01:53.751 INFO:teuthology.orchestra.run.smithi029.stdout:/usr/bin/ceph: stderr
2024-02-09T23:01:52.855+0000 7fe6f6ffd700 1 --2- >> [v2:172.21.15.29:3300/0,v1:172.21.15.29:6789/0] conn(0x7fe6f8108250 0x7fe6f8107ad0 unknown :-1 s=BANNER_CONNECTING pgs=0 cs=0 l=1 rev1=0 crypto rx=0 tx=0 comp rx=0 tx=0)._handle_peer_banner_payload supported=3 required=0
2024-02-09T23:01:53.751 INFO:teuthology.orchestra.run.smithi029.stdout:/usr/bin/ceph: stderr
2024-02-09T23:01:52.855+0000 7fe6f6ffd700 1 --2- >> [v2:172.21.15.29:3300/0,v1:172.21.15.29:6789/0] conn(0x7fe6f8108250 0x7fe6f8107ad0 unknown :-1 s=HELLO_CONNECTING pgs=0 cs=0 l=1 rev1=1 crypto rx=0 tx=0 comp rx=0 tx=0).handle_hello peer v2:172.21.15.29:3300/0 says I am v2:172.21.15.29:42026/0 (socket says 172.21.15.29:42026)
2024-02-09T23:01:53.752 INFO:teuthology.orchestra.run.smithi029.stdout:/usr/bin/ceph: stderr
2024-02-09T23:01:52.855+0000 7fe6f6ffd700 1 -- 172.21.15.29:0/593650367 learned_addr learned my addr 172.21.15.29:0/593650367 (peer_addr_for_me v2:172.21.15.29:0/0)
2024-02-09T23:01:53.752 INFO:teuthology.orchestra.run.smithi029.stdout:/usr/bin/ceph: stderr
2024-02-09T23:01:52.855+0000 7fe6f6ffd700 1 -- 172.21.15.29:0/593650367 --> [v2:172.21.15.29:3300/0,v1:172.21.15.29:6789/0] -- mon_subscribe({config=0+,monmap=0+}) v3 -- 0x7fe6e8009b30 con 0x7fe6f8108250
2024-02-09T23:01:53.752 INFO:teuthology.orchestra.run.smithi029.stdout:/usr/bin/ceph: stderr
2024-02-09T23:01:52.855+0000 7fe6f6ffd700 1 --2- 172.21.15.29:0/593650367 >> [v2:172.21.15.29:3300/0,v1:172.21.15.29:6789/0] conn(0x7fe6f8108250 0x7fe6f8107ad0 secure :-1 s=READY pgs=19 cs=0 l=1 rev1=1 crypto rx=0x7fe6e8009e50 tx=0x7fe6e80092e0 comp rx=0 tx=0).ready entity=mon.0 client_cookie=0 server_cookie=0 in_seq=0 out_seq=0
2024-02-09T23:01:53.752 INFO:teuthology.orchestra.run.smithi029.stdout:/usr/bin/ceph: stderr
2024-02-09T23:01:52.855+0000 7fe6fc813700 1 -- 172.21.15.29:0/593650367 <== mon.0 v2:172.21.15.29:3300/0 1 ==== mon_map magic: 0 v1 ==== 205+0+0 (secure 0 0 0) 0x7fe6e800e040 con 0x7fe6f8108250
2024-02-09T23:01:53.752 INFO:teuthology.orchestra.run.smithi029.stdout:/usr/bin/ceph: stderr
2024-02-09T23:01:52.855+0000 7fe6fc813700 1 -- 172.21.15.29:0/593650367 <== mon.0 v2:172.21.15.29:3300/0 2 ==== config(28 keys) v1 ==== 1143+0+0 (secure 0 0 0) 0x7fe6e800bd70 con 0x7fe6f8108250
2024-02-09T23:01:53.752 INFO:teuthology.orchestra.run.smithi029.stdout:/usr/bin/ceph: stderr
2024-02-09T23:01:52.855+0000 7fe6fd815700 1 -- 172.21.15.29:0/593650367 --> [v2:172.21.15.29:3300/0,v1:172.21.15.29:6789/0] -- mon_subscribe({mgrmap=0+}) v3 -- 0x7fe6f8106200 con 0x7fe6f8108250
2024-02-09T23:01:53.752 INFO:teuthology.orchestra.run.smithi029.stdout:/usr/bin/ceph: stderr
2024-02-09T23:01:52.855+0000 7fe6fc813700 1 -- 172.21.15.29:0/593650367 <== mon.0 v2:172.21.15.29:3300/0 3 ==== mon_map magic: 0 v1 ==== 205+0+0 (secure 0 0 0) 0x7fe6e80127d0 con 0x7fe6f8108250
2024-02-09T23:01:53.752 INFO:teuthology.orchestra.run.smithi029.stdout:/usr/bin/ceph: stderr
2024-02-09T23:01:52.856+0000 7fe6fd815700 1 -- 172.21.15.29:0/593650367 --> [v2:172.21.15.29:3300/0,v1:172.21.15.29:6789/0] -- mon_subscribe({osdmap=0}) v3 -- 0x7fe6f8106700 con 0x7fe6f8108250
2024-02-09T23:01:53.752 INFO:teuthology.orchestra.run.smithi029.stdout:/usr/bin/ceph: stderr
2024-02-09T23:01:52.856+0000 7fe6fc813700 1 -- 172.21.15.29:0/593650367 <== mon.0 v2:172.21.15.29:3300/0 4 ==== mgrmap(e 4) v1 ==== 45921+0+0 (secure 0 0 0) 0x7fe6e801c440 con 0x7fe6f8108250
2024-02-09T23:01:53.752 INFO:teuthology.orchestra.run.smithi029.stdout:/usr/bin/ceph: stderr
2024-02-09T23:01:52.857+0000 7fe6fc813700 1 --2- 172.21.15.29:0/593650367 >> [v2:172.21.15.29:6800/3138531381,v1:172.21.15.29:6801/3138531381] conn(0x7fe6e4038e90 0x7fe6e403b350 unknown :-1 s=NONE pgs=0 cs=0 l=1 rev1=0 crypto rx=0 tx=0 comp rx=0 tx=0).connect
2024-02-09T23:01:53.752 INFO:teuthology.orchestra.run.smithi029.stdout:/usr/bin/ceph: stderr
2024-02-09T23:01:52.857+0000 7fe6fd815700 1 -- 172.21.15.29:0/593650367 --> [v2:172.21.15.29:3300/0,v1:172.21.15.29:6789/0] -- mon_command({"prefix": "get_command_descriptions"} v 0) v1 -- 0x7fe6f810b9e0 con 0x7fe6f8108250
2024-02-09T23:01:53.752 INFO:teuthology.orchestra.run.smithi029.stdout:/usr/bin/ceph: stderr
2024-02-09T23:01:52.857+0000 7fe6fc813700 1 -- 172.21.15.29:0/593650367 <== mon.0 v2:172.21.15.29:3300/0 5 ==== osd_map(1..1 src has 1..1) v4 ==== 725+0+0 (secure 0 0 0) 0x7fe6e804cd50 con 0x7fe6f8108250
2024-02-09T23:01:53.752 INFO:teuthology.orchestra.run.smithi029.stdout:/usr/bin/ceph: stderr
2024-02-09T23:01:52.857+0000 7fe6f67fc700 1 --2- 172.21.15.29:0/593650367 >> [v2:172.21.15.29:6800/3138531381,v1:172.21.15.29:6801/3138531381] conn(0x7fe6e4038e90 0x7fe6e403b350 unknown :-1 s=BANNER_CONNECTING pgs=0 cs=0 l=1 rev1=0 crypto rx=0 tx=0 comp rx=0 tx=0)._handle_peer_banner_payload supported=3 required=0
2024-02-09T23:01:53.752 INFO:teuthology.orchestra.run.smithi029.stdout:/usr/bin/ceph: stderr
2024-02-09T23:01:52.857+0000 7fe6f67fc700 1 --2- 172.21.15.29:0/593650367 >> [v2:172.21.15.29:6800/3138531381,v1:172.21.15.29:6801/3138531381] conn(0x7fe6e4038e90 0x7fe6e403b350 secure :-1 s=READY pgs=8 cs=0 l=1 rev1=1 crypto rx=0x7fe6e0006fd0 tx=0x7fe6e0006e40 comp rx=0 tx=0).ready entity=mgr.14100 client_cookie=0 server_cookie=0 in_seq=0 out_seq=0
2024-02-09T23:01:53.753 INFO:teuthology.orchestra.run.smithi029.stdout:/usr/bin/ceph: stderr
2024-02-09T23:01:52.862+0000 7fe6fc813700 1 -- 172.21.15.29:0/593650367 <== mon.0 v2:172.21.15.29:3300/0 6 ==== mon_command_ack([{"prefix": "get_command_descriptions"}]=0 v0) v1 ==== 72+0+183564 (secure 0 0 0) 0x7fe6e8017020 con 0x7fe6f8108250
2024-02-09T23:01:53.753 INFO:teuthology.orchestra.run.smithi029.stdout:/usr/bin/ceph: stderr
2024-02-09T23:01:53.123+0000 7fe6fd815700 1 -- 172.21.15.29:0/593650367 --> [v2:172.21.15.29:3300/0,v1:172.21.15.29:6789/0] -- mon_command({"prefix": "mgr module enable", "module": "cephadm"} v 0) v1 -- 0x7fe6f8106cf0 con 0x7fe6f8108250
2024-02-09T23:01:53.753 INFO:teuthology.orchestra.run.smithi029.stdout:/usr/bin/ceph: stderr
2024-02-09T23:01:53.174+0000 7fe6fc813700 1 -- 172.21.15.29:0/593650367 <== mon.0 v2:172.21.15.29:3300/0 7 ==== mon_command_ack([{"prefix": "mgr module enable", "module": "cephadm"}]=0 v5) v1 ==== 86+0+0 (secure 0 0 0) 0x7fe6e801ba90 con 0x7fe6f8108250
2024-02-09T23:01:53.753 INFO:teuthology.orchestra.run.smithi029.stdout:/usr/bin/ceph: stderr
2024-02-09T23:01:53.175+0000 7fe6fc813700 1 -- 172.21.15.29:0/593650367 <== mon.0 v2:172.21.15.29:3300/0 8 ==== mgrmap(e 5) v1 ==== 45932+0+0 (secure 0 0 0) 0x7fe6e8019d30 con 0x7fe6f8108250
2024-02-09T23:01:53.753 INFO:teuthology.orchestra.run.smithi029.stdout:/usr/bin/ceph: stderr
2024-02-09T23:01:53.177+0000 7fe6fd815700 1 -- 172.21.15.29:0/593650367 >> [v2:172.21.15.29:6800/3138531381,v1:172.21.15.29:6801/3138531381] conn(0x7fe6e4038e90 msgr2=0x7fe6e403b350 secure :-1 s=STATE_CONNECTION_ESTABLISHED l=1).mark_down
2024-02-09T23:01:53.753 INFO:teuthology.orchestra.run.smithi029.stdout:/usr/bin/ceph: stderr
2024-02-09T23:01:53.177+0000 7fe6fd815700 1 --2- 172.21.15.29:0/593650367 >> [v2:172.21.15.29:6800/3138531381,v1:172.21.15.29:6801/3138531381] conn(0x7fe6e4038e90 0x7fe6e403b350 secure :-1 s=READY pgs=8 cs=0 l=1 rev1=1 crypto rx=0x7fe6e0006fd0 tx=0x7fe6e0006e40 comp rx=0 tx=0).stop
2024-02-09T23:01:53.753 INFO:teuthology.orchestra.run.smithi029.stdout:/usr/bin/ceph: stderr
2024-02-09T23:01:53.177+0000 7fe6fd815700 1 -- 172.21.15.29:0/593650367 >> [v2:172.21.15.29:3300/0,v1:172.21.15.29:6789/0] conn(0x7fe6f8108250 msgr2=0x7fe6f8107ad0 secure :-1 s=STATE_CONNECTION_ESTABLISHED l=1).mark_down
2024-02-09T23:01:53.753 INFO:teuthology.orchestra.run.smithi029.stdout:/usr/bin/ceph: stderr
2024-02-09T23:01:53.177+0000 7fe6fd815700 1 --2- 172.21.15.29:0/593650367 >> [v2:172.21.15.29:3300/0,v1:172.21.15.29:6789/0] conn(0x7fe6f8108250 0x7fe6f8107ad0 secure :-1 s=READY pgs=19 cs=0 l=1 rev1=1 crypto rx=0x7fe6e8009e50 tx=0x7fe6e80092e0 comp rx=0 tx=0).stop
2024-02-09T23:01:53.753 INFO:teuthology.orchestra.run.smithi029.stdout:/usr/bin/ceph: stderr
2024-02-09T23:01:53.177+0000 7fe6fd815700 1 -- 172.21.15.29:0/593650367 shutdown_connections
2024-02-09T23:01:53.753 INFO:teuthology.orchestra.run.smithi029.stdout:/usr/bin/ceph: stderr
2024-02-09T23:01:53.177+0000 7fe6fd815700 1 --2- 172.21.15.29:0/593650367 >> [v2:172.21.15.29:6800/3138531381,v1:172.21.15.29:6801/3138531381] conn(0x7fe6e4038e90 0x7fe6e403b350 unknown :-1 s=CLOSED pgs=8 cs=0 l=1 rev1=1 crypto rx=0 tx=0 comp rx=0 tx=0).stop
2024-02-09T23:01:53.753 INFO:teuthology.orchestra.run.smithi029.stdout:/usr/bin/ceph: stderr
2024-02-09T23:01:53.177+0000 7fe6fd815700 1 --2- 172.21.15.29:0/593650367 >> [v2:172.21.15.29:3300/0,v1:172.21.15.29:6789/0] conn(0x7fe6f8108250 0x7fe6f8107ad0 unknown :-1 s=CLOSED pgs=19 cs=0 l=1 rev1=1 crypto rx=0 tx=0 comp rx=0 tx=0).stop
2024-02-09T23:01:53.753 INFO:teuthology.orchestra.run.smithi029.stdout:/usr/bin/ceph: stderr
2024-02-09T23:01:53.177+0000 7fe6fd815700 1 -- 172.21.15.29:0/593650367 >> 172.21.15.29:0/593650367 conn(0x7fe6f8101cc0 msgr2=0x7fe6f8102740 unknown :-1 s=STATE_NONE l=0).mark_down
2024-02-09T23:01:53.753 INFO:teuthology.orchestra.run.smithi029.stdout:/usr/bin/ceph: stderr
2024-02-09T23:01:53.178+0000 7fe6fd815700 1 -- 172.21.15.29:0/593650367 shutdown_connections
2024-02-09T23:01:53.753 INFO:teuthology.orchestra.run.smithi029.stdout:/usr/bin/ceph: stderr
2024-02-09T23:01:53.178+0000 7fe6fd815700 1 -- 172.21.15.29:0/593650367 wait complete.
2024-02-09T23:01:54.046 INFO:journalctl@ceph.mgr.x.smithi029.stdout:Feb 09 23:01:53 smithi029 ceph-0ace3dba-c79f-11ee-95b8-87774f69a715-mgr-x[33091]:
2024-02-09T23:01:53.747+0000 7f5a7970c200 -1 mgr[py] Module osd_perf_query has missing NOTIFY_TYPES member
2024-02-09T23:01:54.046 INFO:journalctl@ceph.mgr.x.smithi029.stdout:Feb 09 23:01:53 smithi029 ceph-0ace3dba-c79f-11ee-95b8-87774f69a715-mgr-x[33091]:
2024-02-09T23:01:53.848+0000 7f5a7970c200 -1 mgr[py] Module snap_schedule has missing NOTIFY_TYPES member
2024-02-09T23:01:54.327 INFO:journalctl@ceph.mon.a.smithi029.stdout:Feb 09 23:01:54 smithi029 ceph-mon[32864]: from='client.? 172.21.15.29:0/593650367' entity='client.admin' cmd='[{"prefix": "mgr module enable", "module": "cephadm"}]': finished
2024-02-09T23:01:54.327 INFO:journalctl@ceph.mon.a.smithi029.stdout:Feb 09 23:01:54 smithi029 ceph-mon[32864]: mgrmap e5: x(active, since 15s)
2024-02-09T23:01:54.619 INFO:journalctl@ceph.mgr.x.smithi029.stdout:Feb 09 23:01:54 smithi029 ceph-0ace3dba-c79f-11ee-95b8-87774f69a715-mgr-x[33091]:
2024-02-09T23:01:54.521+0000 7f5a7970c200 -1 mgr[py] Module zabbix has missing NOTIFY_TYPES member
2024-02-09T23:01:54.619 INFO:journalctl@ceph.mgr.x.smithi029.stdout:Feb 09 23:01:54 smithi029 ceph-0ace3dba-c79f-11ee-95b8-87774f69a715-mgr-x[33091]:
2024-02-09T23:01:54.616+0000 7f5a7970c200 -1 mgr[py] Module balancer has missing NOTIFY_TYPES member
2024-02-09T23:01:54.948 INFO:journalctl@ceph.mgr.x.smithi029.stdout:Feb 09 23:01:54 smithi029 ceph-0ace3dba-c79f-11ee-95b8-87774f69a715-mgr-x[33091]:
2024-02-09T23:01:54.761+0000 7f5a7970c200 -1 mgr[py] Module influx has missing NOTIFY_TYPES member
2024-02-09T23:01:54.949 INFO:journalctl@ceph.mgr.x.smithi029.stdout:Feb 09 23:01:54 smithi029 ceph-0ace3dba-c79f-11ee-95b8-87774f69a715-mgr-x[33091]:
2024-02-09T23:01:54.859+0000 7f5a7970c200 -1 mgr[py] Module alerts has missing NOTIFY_TYPES member
2024-02-09T23:01:54.949 INFO:journalctl@ceph.mgr.x.smithi029.stdout:Feb 09 23:01:54 smithi029 ceph-0ace3dba-c79f-11ee-95b8-87774f69a715-mgr-x[33091]:
2024-02-09T23:01:54.945+0000 7f5a7970c200 -1 mgr[py] Module iostat has missing NOTIFY_TYPES member
2024-02-09T23:01:54.979 INFO:teuthology.orchestra.run.smithi029.stdout:/usr/bin/ceph: stdout {
2024-02-09T23:01:54.979 INFO:teuthology.orchestra.run.smithi029.stdout:/usr/bin/ceph: stdout "epoch": 5,
2024-02-09T23:01:54.979 INFO:teuthology.orchestra.run.smithi029.stdout:/usr/bin/ceph: stdout "available": true,
2024-02-09T23:01:54.979 INFO:teuthology.orchestra.run.smithi029.stdout:/usr/bin/ceph: stdout "active_name": "x",
2024-02-09T23:01:54.980 INFO:teuthology.orchestra.run.smithi029.stdout:/usr/bin/ceph: stdout "num_standby": 0
2024-02-09T23:01:54.980 INFO:teuthology.orchestra.run.smithi029.stdout:/usr/bin/ceph: stdout }
2024-02-09T23:01:54.980 INFO:teuthology.orchestra.run.smithi029.stdout:/usr/bin/ceph: stderr
2024-02-09T23:01:54.142+0000 7f045f33d700 1 Processor -- start
2024-02-09T23:01:54.980 INFO:teuthology.orchestra.run.smithi029.stdout:/usr/bin/ceph: stderr
2024-02-09T23:01:54.142+0000 7f045f33d700 1 -- start start
2024-02-09T23:01:54.980 INFO:teuthology.orchestra.run.smithi029.stdout:/usr/bin/ceph: stderr
2024-02-09T23:01:54.142+0000 7f045f33d700 1 --2- >> [v2:172.21.15.29:3300/0,v1:172.21.15.29:6789/0] conn(0x7f0458108210 0x7f045810a600 unknown :-1 s=NONE pgs=0 cs=0 l=0 rev1=0 crypto rx=0 tx=0 comp rx=0 tx=0).connect
2024-02-09T23:01:54.980 INFO:teuthology.orchestra.run.smithi029.stdout:/usr/bin/ceph: stderr
2024-02-09T23:01:54.142+0000 7f045f33d700 1 -- --> [v2:172.21.15.29:3300/0,v1:172.21.15.29:6789/0] -- mon_getmap magic: 0 v1 -- 0x7f045807aec0 con 0x7f0458108210
2024-02-09T23:01:54.980 INFO:teuthology.orchestra.run.smithi029.stdout:/usr/bin/ceph: stderr
2024-02-09T23:01:54.143+0000 7f045d0d9700 1 --2- >> [v2:172.21.15.29:3300/0,v1:172.21.15.29:6789/0] conn(0x7f0458108210 0x7f045810a600 unknown :-1 s=BANNER_CONNECTING pgs=0 cs=0 l=0 rev1=0 crypto rx=0 tx=0 comp rx=0 tx=0)._handle_peer_banner_payload supported=3 required=0
2024-02-09T23:01:54.980 INFO:teuthology.orchestra.run.smithi029.stdout:/usr/bin/ceph: stderr
2024-02-09T23:01:54.143+0000 7f045d0d9700 1 --2- >> [v2:172.21.15.29:3300/0,v1:172.21.15.29:6789/0] conn(0x7f0458108210 0x7f045810a600 unknown :-1 s=HELLO_CONNECTING pgs=0 cs=0 l=0 rev1=1 crypto rx=0 tx=0 comp rx=0 tx=0).handle_hello peer v2:172.21.15.29:3300/0 says I am v2:172.21.15.29:42052/0 (socket says 172.21.15.29:42052)
2024-02-09T23:01:54.980 INFO:teuthology.orchestra.run.smithi029.stdout:/usr/bin/ceph: stderr
2024-02-09T23:01:54.143+0000 7f045d0d9700 1 -- 172.21.15.29:0/4134405539 learned_addr learned my addr 172.21.15.29:0/4134405539 (peer_addr_for_me v2:172.21.15.29:0/0)
2024-02-09T23:01:54.980 INFO:teuthology.orchestra.run.smithi029.stdout:/usr/bin/ceph: stderr
2024-02-09T23:01:54.143+0000 7f045d0d9700 1 -- 172.21.15.29:0/4134405539 --> [v2:172.21.15.29:3300/0,v1:172.21.15.29:6789/0] -- mon_subscribe({config=0+,monmap=0+}) v3 -- 0x7f045810ab40 con 0x7f0458108210
2024-02-09T23:01:54.980 INFO:teuthology.orchestra.run.smithi029.stdout:/usr/bin/ceph: stderr
2024-02-09T23:01:54.143+0000 7f045d0d9700 1 --2- 172.21.15.29:0/4134405539 >> [v2:172.21.15.29:3300/0,v1:172.21.15.29:6789/0] conn(0x7f0458108210 0x7f045810a600 secure :-1 s=READY pgs=22 cs=0 l=1 rev1=1 crypto rx=0x7f04480098a0 tx=0x7f0448009bb0 comp rx=0 tx=0).ready entity=mon.0 client_cookie=bc4ca922a8b89b75 server_cookie=0 in_seq=0 out_seq=0
2024-02-09T23:01:54.980 INFO:teuthology.orchestra.run.smithi029.stdout:/usr/bin/ceph: stderr
2024-02-09T23:01:54.143+0000 7f044ffff700 1 -- 172.21.15.29:0/4134405539 <== mon.0 v2:172.21.15.29:3300/0 1 ==== mon_map magic: 0 v1 ==== 205+0+0 (secure 0 0 0) 0x7f0448004160 con 0x7f0458108210
2024-02-09T23:01:54.980 INFO:teuthology.orchestra.run.smithi029.stdout:/usr/bin/ceph: stderr
2024-02-09T23:01:54.143+0000 7f044ffff700 1 -- 172.21.15.29:0/4134405539 <== mon.0 v2:172.21.15.29:3300/0 2 ==== config(28 keys) v1 ==== 1143+0+0 (secure 0 0 0) 0x7f04480042c0 con 0x7f0458108210
2024-02-09T23:01:54.981 INFO:teuthology.orchestra.run.smithi029.stdout:/usr/bin/ceph: stderr
2024-02-09T23:01:54.143+0000 7f044ffff700 1 -- 172.21.15.29:0/4134405539 <== mon.0 v2:172.21.15.29:3300/0 3 ==== mon_map magic: 0 v1 ==== 205+0+0 (secure 0 0 0) 0x7f0448011b70 con 0x7f0458108210
2024-02-09T23:01:54.981 INFO:teuthology.orchestra.run.smithi029.stdout:/usr/bin/ceph: stderr
2024-02-09T23:01:54.144+0000 7f045f33d700 1 -- 172.21.15.29:0/4134405539 >> [v2:172.21.15.29:3300/0,v1:172.21.15.29:6789/0] conn(0x7f0458108210 msgr2=0x7f045810a600 secure :-1 s=STATE_CONNECTION_ESTABLISHED l=1).mark_down
2024-02-09T23:01:54.981 INFO:teuthology.orchestra.run.smithi029.stdout:/usr/bin/ceph: stderr
2024-02-09T23:01:54.144+0000 7f045f33d700 1 --2- 172.21.15.29:0/4134405539 >> [v2:172.21.15.29:3300/0,v1:172.21.15.29:6789/0] conn(0x7f0458108210 0x7f045810a600 secure :-1 s=READY pgs=22 cs=0 l=1 rev1=1 crypto rx=0x7f04480098a0 tx=0x7f0448009bb0 comp rx=0 tx=0).stop
2024-02-09T23:01:54.981 INFO:teuthology.orchestra.run.smithi029.stdout:/usr/bin/ceph: stderr
2024-02-09T23:01:54.144+0000 7f045f33d700 1 -- 172.21.15.29:0/4134405539 shutdown_connections
2024-02-09T23:01:54.981 INFO:teuthology.orchestra.run.smithi029.stdout:/usr/bin/ceph: stderr
2024-02-09T23:01:54.144+0000 7f045f33d700 1 --2- 172.21.15.29:0/4134405539 >> [v2:172.21.15.29:3300/0,v1:172.21.15.29:6789/0] conn(0x7f0458108210 0x7f045810a600 unknown :-1 s=CLOSED pgs=22 cs=0 l=1 rev1=1 crypto rx=0 tx=0 comp rx=0 tx=0).stop
2024-02-09T23:01:54.981 INFO:teuthology.orchestra.run.smithi029.stdout:/usr/bin/ceph: stderr
2024-02-09T23:01:54.144+0000 7f045f33d700 1 -- 172.21.15.29:0/4134405539 >> 172.21.15.29:0/4134405539 conn(0x7f0458101cc0 msgr2=0x7f04581040e0 unknown :-1 s=STATE_NONE l=0).mark_down
2024-02-09T23:01:54.981 INFO:teuthology.orchestra.run.smithi029.stdout:/usr/bin/ceph: stderr
2024-02-09T23:01:54.144+0000 7f045f33d700 1 -- 172.21.15.29:0/4134405539 shutdown_connections
2024-02-09T23:01:54.981 INFO:teuthology.orchestra.run.smithi029.stdout:/usr/bin/ceph: stderr
2024-02-09T23:01:54.144+0000 7f045f33d700 1 -- 172.21.15.29:0/4134405539 wait complete.
2024-02-09T23:01:54.981 INFO:teuthology.orchestra.run.smithi029.stdout:/usr/bin/ceph: stderr
2024-02-09T23:01:54.145+0000 7f045f33d700 1 Processor -- start
2024-02-09T23:01:54.981 INFO:teuthology.orchestra.run.smithi029.stdout:/usr/bin/ceph: stderr
2024-02-09T23:01:54.145+0000 7f045f33d700 1 -- start start
2024-02-09T23:01:54.981 INFO:teuthology.orchestra.run.smithi029.stdout:/usr/bin/ceph: stderr
2024-02-09T23:01:54.145+0000 7f045f33d700 1 --2- >> [v2:172.21.15.29:3300/0,v1:172.21.15.29:6789/0] conn(0x7f0458108210 0x7f045819b560 unknown :-1 s=NONE pgs=0 cs=0 l=1 rev1=0 crypto rx=0 tx=0 comp rx=0 tx=0).connect
2024-02-09T23:01:54.981 INFO:teuthology.orchestra.run.smithi029.stdout:/usr/bin/ceph: stderr
2024-02-09T23:01:54.145+0000 7f045f33d700 1 -- --> [v2:172.21.15.29:3300/0,v1:172.21.15.29:6789/0] -- mon_getmap magic: 0 v1 -- 0x7f045819baa0 con 0x7f0458108210
2024-02-09T23:01:54.981 INFO:teuthology.orchestra.run.smithi029.stdout:/usr/bin/ceph: stderr
2024-02-09T23:01:54.145+0000 7f045d0d9700 1 --2- >> [v2:172.21.15.29:3300/0,v1:172.21.15.29:6789/0] conn(0x7f0458108210 0x7f045819b560 unknown :-1 s=BANNER_CONNECTING pgs=0 cs=0 l=1 rev1=0 crypto rx=0 tx=0 comp rx=0 tx=0)._handle_peer_banner_payload supported=3 required=0
2024-02-09T23:01:54.981 INFO:teuthology.orchestra.run.smithi029.stdout:/usr/bin/ceph: stderr
2024-02-09T23:01:54.145+0000 7f045d0d9700 1 --2- >> [v2:172.21.15.29:3300/0,v1:172.21.15.29:6789/0] conn(0x7f0458108210 0x7f045819b560 unknown :-1 s=HELLO_CONNECTING pgs=0 cs=0 l=1 rev1=1 crypto rx=0 tx=0 comp rx=0 tx=0).handle_hello peer v2:172.21.15.29:3300/0 says I am v2:172.21.15.29:42068/0 (socket says 172.21.15.29:42068)
2024-02-09T23:01:54.982 INFO:teuthology.orchestra.run.smithi029.stdout:/usr/bin/ceph: stderr
2024-02-09T23:01:54.145+0000 7f045d0d9700 1 -- 172.21.15.29:0/2248297656 learned_addr learned my addr 172.21.15.29:0/2248297656 (peer_addr_for_me v2:172.21.15.29:0/0)
2024-02-09T23:01:54.982 INFO:teuthology.orchestra.run.smithi029.stdout:/usr/bin/ceph: stderr
2024-02-09T23:01:54.145+0000 7f045d0d9700 1 -- 172.21.15.29:0/2248297656 --> [v2:172.21.15.29:3300/0,v1:172.21.15.29:6789/0] -- mon_subscribe({config=0+,monmap=0+}) v3 -- 0x7f0448009550 con 0x7f0458108210
2024-02-09T23:01:54.982 INFO:teuthology.orchestra.run.smithi029.stdout:/usr/bin/ceph: stderr
