2024-02-09T23:25:12.704+0000 7f0cdb7fe700 1 --2- 172.21.15.73:0/333304195 >> [v2:172.21.15.73:3300/0,v1:172.21.15.73:6789/0] conn(0x7f0cdc07c340 0x7f0cdc07c760 secure :-1 s=READY pgs=76 cs=0 l=1 rev1=1 crypto rx=0x7f0ccc0098a0 tx=0x7f0ccc009bb0 comp rx=0 tx=0).ready entity=mon.0 client_cookie=786d1344a065a4b8 server_cookie=0 in_seq=0 out_seq=0
2024-02-09T23:25:13.458 INFO:teuthology.orchestra.run.smithi073.stdout:/usr/bin/ceph: stderr
2024-02-09T23:25:12.704+0000 7f0cdaffd700 1 -- 172.21.15.73:0/333304195 <== mon.0 v2:172.21.15.73:3300/0 1 ==== mon_map magic: 0 v1 ==== 205+0+0 (secure 0 0 0) 0x7f0ccc004160 con 0x7f0cdc07c340
2024-02-09T23:25:13.459 INFO:teuthology.orchestra.run.smithi073.stdout:/usr/bin/ceph: stderr
2024-02-09T23:25:12.704+0000 7f0cdaffd700 1 -- 172.21.15.73:0/333304195 <== mon.0 v2:172.21.15.73:3300/0 2 ==== config(27 keys) v1 ==== 1140+0+0 (secure 0 0 0) 0x7f0ccc0042c0 con 0x7f0cdc07c340
2024-02-09T23:25:13.459 INFO:teuthology.orchestra.run.smithi073.stdout:/usr/bin/ceph: stderr
2024-02-09T23:25:12.704+0000 7f0cdaffd700 1 -- 172.21.15.73:0/333304195 <== mon.0 v2:172.21.15.73:3300/0 3 ==== mon_map magic: 0 v1 ==== 205+0+0 (secure 0 0 0) 0x7f0ccc011a80 con 0x7f0cdc07c340
2024-02-09T23:25:13.459 INFO:teuthology.orchestra.run.smithi073.stdout:/usr/bin/ceph: stderr
2024-02-09T23:25:12.705+0000 7f0ce21d7700 1 -- 172.21.15.73:0/333304195 >> [v2:172.21.15.73:3300/0,v1:172.21.15.73:6789/0] conn(0x7f0cdc07c340 msgr2=0x7f0cdc07c760 secure :-1 s=STATE_CONNECTION_ESTABLISHED l=1).mark_down
2024-02-09T23:25:13.459 INFO:teuthology.orchestra.run.smithi073.stdout:/usr/bin/ceph: stderr
2024-02-09T23:25:12.705+0000 7f0ce21d7700 1 --2- 172.21.15.73:0/333304195 >> [v2:172.21.15.73:3300/0,v1:172.21.15.73:6789/0] conn(0x7f0cdc07c340 0x7f0cdc07c760 secure :-1 s=READY pgs=76 cs=0 l=1 rev1=1 crypto rx=0x7f0ccc0098a0 tx=0x7f0ccc009bb0 comp rx=0 tx=0).stop
2024-02-09T23:25:13.459 INFO:teuthology.orchestra.run.smithi073.stdout:/usr/bin/ceph: stderr
2024-02-09T23:25:12.705+0000 7f0ce21d7700 1 -- 172.21.15.73:0/333304195 shutdown_connections
2024-02-09T23:25:13.459 INFO:teuthology.orchestra.run.smithi073.stdout:/usr/bin/ceph: stderr
2024-02-09T23:25:12.705+0000 7f0ce21d7700 1 --2- 172.21.15.73:0/333304195 >> [v2:172.21.15.73:3300/0,v1:172.21.15.73:6789/0] conn(0x7f0cdc07c340 0x7f0cdc07c760 unknown :-1 s=CLOSED pgs=76 cs=0 l=1 rev1=1 crypto rx=0 tx=0 comp rx=0 tx=0).stop
2024-02-09T23:25:13.459 INFO:teuthology.orchestra.run.smithi073.stdout:/usr/bin/ceph: stderr
2024-02-09T23:25:12.705+0000 7f0ce21d7700 1 -- 172.21.15.73:0/333304195 >> 172.21.15.73:0/333304195 conn(0x7f0cdc102dd0 msgr2=0x7f0cdc1051f0 unknown :-1 s=STATE_NONE l=0).mark_down
2024-02-09T23:25:13.459 INFO:teuthology.orchestra.run.smithi073.stdout:/usr/bin/ceph: stderr
2024-02-09T23:25:12.705+0000 7f0ce21d7700 1 -- 172.21.15.73:0/333304195 shutdown_connections
2024-02-09T23:25:13.459 INFO:teuthology.orchestra.run.smithi073.stdout:/usr/bin/ceph: stderr
2024-02-09T23:25:12.705+0000 7f0ce21d7700 1 -- 172.21.15.73:0/333304195 wait complete.
2024-02-09T23:25:13.459 INFO:teuthology.orchestra.run.smithi073.stdout:/usr/bin/ceph: stderr
2024-02-09T23:25:12.705+0000 7f0ce21d7700 1 Processor -- start
2024-02-09T23:25:13.459 INFO:teuthology.orchestra.run.smithi073.stdout:/usr/bin/ceph: stderr
2024-02-09T23:25:12.705+0000 7f0ce21d7700 1 -- start start
2024-02-09T23:25:13.459 INFO:teuthology.orchestra.run.smithi073.stdout:/usr/bin/ceph: stderr
2024-02-09T23:25:12.706+0000 7f0ce21d7700 1 --2- >> [v2:172.21.15.73:3300/0,v1:172.21.15.73:6789/0] conn(0x7f0cdc07c340 0x7f0cdc19d870 unknown :-1 s=NONE pgs=0 cs=0 l=1 rev1=0 crypto rx=0 tx=0 comp rx=0 tx=0).connect
2024-02-09T23:25:13.459 INFO:teuthology.orchestra.run.smithi073.stdout:/usr/bin/ceph: stderr
2024-02-09T23:25:12.706+0000 7f0ce21d7700 1 -- --> [v2:172.21.15.73:3300/0,v1:172.21.15.73:6789/0] -- mon_getmap magic: 0 v1 -- 0x7f0cdc19ddb0 con 0x7f0cdc07c340
2024-02-09T23:25:13.460 INFO:teuthology.orchestra.run.smithi073.stdout:/usr/bin/ceph: stderr
2024-02-09T23:25:12.706+0000 7f0cdb7fe700 1 --2- >> [v2:172.21.15.73:3300/0,v1:172.21.15.73:6789/0] conn(0x7f0cdc07c340 0x7f0cdc19d870 unknown :-1 s=BANNER_CONNECTING pgs=0 cs=0 l=1 rev1=0 crypto rx=0 tx=0 comp rx=0 tx=0)._handle_peer_banner_payload supported=3 required=0
2024-02-09T23:25:13.460 INFO:teuthology.orchestra.run.smithi073.stdout:/usr/bin/ceph: stderr
2024-02-09T23:25:12.706+0000 7f0cdb7fe700 1 --2- >> [v2:172.21.15.73:3300/0,v1:172.21.15.73:6789/0] conn(0x7f0cdc07c340 0x7f0cdc19d870 unknown :-1 s=HELLO_CONNECTING pgs=0 cs=0 l=1 rev1=1 crypto rx=0 tx=0 comp rx=0 tx=0).handle_hello peer v2:172.21.15.73:3300/0 says I am v2:172.21.15.73:48746/0 (socket says 172.21.15.73:48746)
2024-02-09T23:25:13.460 INFO:teuthology.orchestra.run.smithi073.stdout:/usr/bin/ceph: stderr
2024-02-09T23:25:12.706+0000 7f0cdb7fe700 1 -- 172.21.15.73:0/2353380015 learned_addr learned my addr 172.21.15.73:0/2353380015 (peer_addr_for_me v2:172.21.15.73:0/0)
2024-02-09T23:25:13.460 INFO:teuthology.orchestra.run.smithi073.stdout:/usr/bin/ceph: stderr
2024-02-09T23:25:12.706+0000 7f0cdb7fe700 1 -- 172.21.15.73:0/2353380015 --> [v2:172.21.15.73:3300/0,v1:172.21.15.73:6789/0] -- mon_subscribe({config=0+,monmap=0+}) v3 -- 0x7f0ccc009550 con 0x7f0cdc07c340
2024-02-09T23:25:13.460 INFO:teuthology.orchestra.run.smithi073.stdout:/usr/bin/ceph: stderr
2024-02-09T23:25:12.706+0000 7f0cdb7fe700 1 --2- 172.21.15.73:0/2353380015 >> [v2:172.21.15.73:3300/0,v1:172.21.15.73:6789/0] conn(0x7f0cdc07c340 0x7f0cdc19d870 secure :-1 s=READY pgs=77 cs=0 l=1 rev1=1 crypto rx=0x7f0ccc009130 tx=0x7f0ccc011b00 comp rx=0 tx=0).ready entity=mon.0 client_cookie=0 server_cookie=0 in_seq=0 out_seq=0
2024-02-09T23:25:13.460 INFO:teuthology.orchestra.run.smithi073.stdout:/usr/bin/ceph: stderr
2024-02-09T23:25:12.706+0000 7f0cd97fa700 1 -- 172.21.15.73:0/2353380015 <== mon.0 v2:172.21.15.73:3300/0 1 ==== mon_map magic: 0 v1 ==== 205+0+0 (secure 0 0 0) 0x7f0ccc003aa0 con 0x7f0cdc07c340
2024-02-09T23:25:13.460 INFO:teuthology.orchestra.run.smithi073.stdout:/usr/bin/ceph: stderr
2024-02-09T23:25:12.706+0000 7f0cd97fa700 1 -- 172.21.15.73:0/2353380015 <== mon.0 v2:172.21.15.73:3300/0 2 ==== config(27 keys) v1 ==== 1140+0+0 (secure 0 0 0) 0x7f0ccc003c00 con 0x7f0cdc07c340
2024-02-09T23:25:13.460 INFO:teuthology.orchestra.run.smithi073.stdout:/usr/bin/ceph: stderr
2024-02-09T23:25:12.706+0000 7f0ce21d7700 1 -- 172.21.15.73:0/2353380015 --> [v2:172.21.15.73:3300/0,v1:172.21.15.73:6789/0] -- mon_subscribe({mgrmap=0+}) v3 -- 0x7f0cdc19dfb0 con 0x7f0cdc07c340
2024-02-09T23:25:13.460 INFO:teuthology.orchestra.run.smithi073.stdout:/usr/bin/ceph: stderr
2024-02-09T23:25:12.706+0000 7f0cd97fa700 1 -- 172.21.15.73:0/2353380015 <== mon.0 v2:172.21.15.73:3300/0 3 ==== mon_map magic: 0 v1 ==== 205+0+0 (secure 0 0 0) 0x7f0ccc0248a0 con 0x7f0cdc07c340
2024-02-09T23:25:13.460 INFO:teuthology.orchestra.run.smithi073.stdout:/usr/bin/ceph: stderr
2024-02-09T23:25:12.706+0000 7f0ce21d7700 1 -- 172.21.15.73:0/2353380015 --> [v2:172.21.15.73:3300/0,v1:172.21.15.73:6789/0] -- mon_subscribe({osdmap=0}) v3 -- 0x7f0cdc19e450 con 0x7f0cdc07c340
2024-02-09T23:25:13.460 INFO:teuthology.orchestra.run.smithi073.stdout:/usr/bin/ceph: stderr
2024-02-09T23:25:12.707+0000 7f0cd97fa700 1 -- 172.21.15.73:0/2353380015 <== mon.0 v2:172.21.15.73:3300/0 4 ==== mgrmap(e 13) v1 ==== 45988+0+0 (secure 0 0 0) 0x7f0ccc024a40 con 0x7f0cdc07c340
2024-02-09T23:25:13.460 INFO:teuthology.orchestra.run.smithi073.stdout:/usr/bin/ceph: stderr
2024-02-09T23:25:12.707+0000 7f0ce21d7700 1 -- 172.21.15.73:0/2353380015 --> [v2:172.21.15.73:3300/0,v1:172.21.15.73:6789/0] -- mon_command({"prefix": "get_command_descriptions"} v 0) v1 -- 0x7f0cdc10dd30 con 0x7f0cdc07c340
2024-02-09T23:25:13.460 INFO:teuthology.orchestra.run.smithi073.stdout:/usr/bin/ceph: stderr
2024-02-09T23:25:12.707+0000 7f0cd97fa700 1 --2- 172.21.15.73:0/2353380015 >> [v2:172.21.15.73:6800/4073862801,v1:172.21.15.73:6801/4073862801] conn(0x7f0cc8038fd0 0x7f0cc803b490 unknown :-1 s=NONE pgs=0 cs=0 l=1 rev1=0 crypto rx=0 tx=0 comp rx=0 tx=0).connect
2024-02-09T23:25:13.460 INFO:teuthology.orchestra.run.smithi073.stdout:/usr/bin/ceph: stderr
2024-02-09T23:25:12.708+0000 7f0cd97fa700 1 -- 172.21.15.73:0/2353380015 <== mon.0 v2:172.21.15.73:3300/0 5 ==== osd_map(3..3 src has 1..3) v4 ==== 1155+0+0 (secure 0 0 0) 0x7f0ccc04d340 con 0x7f0cdc07c340
2024-02-09T23:25:13.461 INFO:teuthology.orchestra.run.smithi073.stdout:/usr/bin/ceph: stderr
2024-02-09T23:25:12.708+0000 7f0cd2ffd700 1 --2- 172.21.15.73:0/2353380015 >> [v2:172.21.15.73:6800/4073862801,v1:172.21.15.73:6801/4073862801] conn(0x7f0cc8038fd0 0x7f0cc803b490 unknown :-1 s=BANNER_CONNECTING pgs=0 cs=0 l=1 rev1=0 crypto rx=0 tx=0 comp rx=0 tx=0)._handle_peer_banner_payload supported=3 required=0
2024-02-09T23:25:13.461 INFO:teuthology.orchestra.run.smithi073.stdout:/usr/bin/ceph: stderr
2024-02-09T23:25:12.708+0000 7f0cd2ffd700 1 --2- 172.21.15.73:0/2353380015 >> [v2:172.21.15.73:6800/4073862801,v1:172.21.15.73:6801/4073862801] conn(0x7f0cc8038fd0 0x7f0cc803b490 secure :-1 s=READY pgs=10 cs=0 l=1 rev1=1 crypto rx=0x7f0cc4006fd0 tx=0x7f0cc4006e40 comp rx=0 tx=0).ready entity=mgr.14152 client_cookie=0 server_cookie=0 in_seq=0 out_seq=0
2024-02-09T23:25:13.461 INFO:teuthology.orchestra.run.smithi073.stdout:/usr/bin/ceph: stderr
2024-02-09T23:25:12.712+0000 7f0cd97fa700 1 -- 172.21.15.73:0/2353380015 <== mon.0 v2:172.21.15.73:3300/0 6 ==== mon_command_ack([{"prefix": "get_command_descriptions"}]=0 v0) v1 ==== 72+0+183564 (secure 0 0 0) 0x7f0ccc010790 con 0x7f0cdc07c340
2024-02-09T23:25:13.461 INFO:teuthology.orchestra.run.smithi073.stdout:/usr/bin/ceph: stderr
2024-02-09T23:25:12.911+0000 7f0ce21d7700 1 -- 172.21.15.73:0/2353380015 --> [v2:172.21.15.73:3300/0,v1:172.21.15.73:6789/0] -- mon_command([{prefix=config set, name=osd_memory_target_autotune}] v 0) v1 -- 0x7f0cdc10df40 con 0x7f0cdc07c340
2024-02-09T23:25:13.461 INFO:teuthology.orchestra.run.smithi073.stdout:/usr/bin/ceph: stderr
2024-02-09T23:25:12.911+0000 7f0cd97fa700 1 -- 172.21.15.73:0/2353380015 <== mon.0 v2:172.21.15.73:3300/0 7 ==== mon_command_ack([{prefix=config set, name=osd_memory_target_autotune}]=0 v8)=0 v8) v1 ==== 127+0+0 (secure 0 0 0) 0x7f0ccc02c350 con 0x7f0cdc07c340
2024-02-09T23:25:13.461 INFO:teuthology.orchestra.run.smithi073.stdout:/usr/bin/ceph: stderr
2024-02-09T23:25:12.913+0000 7f0ce21d7700 1 -- 172.21.15.73:0/2353380015 >> [v2:172.21.15.73:6800/4073862801,v1:172.21.15.73:6801/4073862801] conn(0x7f0cc8038fd0 msgr2=0x7f0cc803b490 secure :-1 s=STATE_CONNECTION_ESTABLISHED l=1).mark_down
2024-02-09T23:25:13.461 INFO:teuthology.orchestra.run.smithi073.stdout:/usr/bin/ceph: stderr
2024-02-09T23:25:12.913+0000 7f0ce21d7700 1 --2- 172.21.15.73:0/2353380015 >> [v2:172.21.15.73:6800/4073862801,v1:172.21.15.73:6801/4073862801] conn(0x7f0cc8038fd0 0x7f0cc803b490 secure :-1 s=READY pgs=10 cs=0 l=1 rev1=1 crypto rx=0x7f0cc4006fd0 tx=0x7f0cc4006e40 comp rx=0 tx=0).stop
2024-02-09T23:25:13.461 INFO:teuthology.orchestra.run.smithi073.stdout:/usr/bin/ceph: stderr
2024-02-09T23:25:12.913+0000 7f0ce21d7700 1 -- 172.21.15.73:0/2353380015 >> [v2:172.21.15.73:3300/0,v1:172.21.15.73:6789/0] conn(0x7f0cdc07c340 msgr2=0x7f0cdc19d870 secure :-1 s=STATE_CONNECTION_ESTABLISHED l=1).mark_down
2024-02-09T23:25:13.461 INFO:teuthology.orchestra.run.smithi073.stdout:/usr/bin/ceph: stderr
2024-02-09T23:25:12.913+0000 7f0ce21d7700 1 --2- 172.21.15.73:0/2353380015 >> [v2:172.21.15.73:3300/0,v1:172.21.15.73:6789/0] conn(0x7f0cdc07c340 0x7f0cdc19d870 secure :-1 s=READY pgs=77 cs=0 l=1 rev1=1 crypto rx=0x7f0ccc009130 tx=0x7f0ccc011b00 comp rx=0 tx=0).stop
2024-02-09T23:25:13.461 INFO:teuthology.orchestra.run.smithi073.stdout:/usr/bin/ceph: stderr
2024-02-09T23:25:12.913+0000 7f0ce21d7700 1 -- 172.21.15.73:0/2353380015 shutdown_connections
2024-02-09T23:25:13.461 INFO:teuthology.orchestra.run.smithi073.stdout:/usr/bin/ceph: stderr
2024-02-09T23:25:12.913+0000 7f0ce21d7700 1 --2- 172.21.15.73:0/2353380015 >> [v2:172.21.15.73:6800/4073862801,v1:172.21.15.73:6801/4073862801] conn(0x7f0cc8038fd0 0x7f0cc803b490 unknown :-1 s=CLOSED pgs=10 cs=0 l=1 rev1=1 crypto rx=0 tx=0 comp rx=0 tx=0).stop
2024-02-09T23:25:13.461 INFO:teuthology.orchestra.run.smithi073.stdout:/usr/bin/ceph: stderr
2024-02-09T23:25:12.913+0000 7f0ce21d7700 1 --2- 172.21.15.73:0/2353380015 >> [v2:172.21.15.73:3300/0,v1:172.21.15.73:6789/0] conn(0x7f0cdc07c340 0x7f0cdc19d870 unknown :-1 s=CLOSED pgs=77 cs=0 l=1 rev1=1 crypto rx=0 tx=0 comp rx=0 tx=0).stop
2024-02-09T23:25:13.461 INFO:teuthology.orchestra.run.smithi073.stdout:/usr/bin/ceph: stderr
2024-02-09T23:25:12.913+0000 7f0ce21d7700 1 -- 172.21.15.73:0/2353380015 >> 172.21.15.73:0/2353380015 conn(0x7f0cdc102dd0 msgr2=0x7f0cdc1038c0 unknown :-1 s=STATE_NONE l=0).mark_down
2024-02-09T23:25:13.462 INFO:teuthology.orchestra.run.smithi073.stdout:/usr/bin/ceph: stderr
2024-02-09T23:25:12.913+0000 7f0ce21d7700 1 -- 172.21.15.73:0/2353380015 shutdown_connections
2024-02-09T23:25:13.462 INFO:teuthology.orchestra.run.smithi073.stdout:/usr/bin/ceph: stderr
2024-02-09T23:25:12.913+0000 7f0ce21d7700 1 -- 172.21.15.73:0/2353380015 wait complete.
2024-02-09T23:25:13.770 INFO:journalctl@ceph.mon.a.smithi073.stdout:Feb 09 23:25:13 smithi073 ceph-mon[32516]: mgrmap e13: x(active, since 6s)
2024-02-09T23:25:14.747 INFO:teuthology.orchestra.run.smithi073.stdout:/usr/bin/ceph: stderr
2024-02-09T23:25:13.866+0000 7f44480ce700 1 Processor -- start
2024-02-09T23:25:14.748 INFO:teuthology.orchestra.run.smithi073.stdout:/usr/bin/ceph: stderr
2024-02-09T23:25:13.866+0000 7f44480ce700 1 -- start start
2024-02-09T23:25:14.748 INFO:teuthology.orchestra.run.smithi073.stdout:/usr/bin/ceph: stderr
2024-02-09T23:25:13.866+0000 7f44480ce700 1 --2- >> [v2:172.21.15.73:3300/0,v1:172.21.15.73:6789/0] conn(0x7f444007c300 0x7f444007c720 unknown :-1 s=NONE pgs=0 cs=0 l=0 rev1=0 crypto rx=0 tx=0 comp rx=0 tx=0).connect
2024-02-09T23:25:14.748 INFO:teuthology.orchestra.run.smithi073.stdout:/usr/bin/ceph: stderr
2024-02-09T23:25:13.866+0000 7f44480ce700 1 -- --> [v2:172.21.15.73:3300/0,v1:172.21.15.73:6789/0] -- mon_getmap magic: 0 v1 -- 0x7f444007dfe0 con 0x7f444007c300
2024-02-09T23:25:14.748 INFO:teuthology.orchestra.run.smithi073.stdout:/usr/bin/ceph: stderr
2024-02-09T23:25:13.866+0000 7f4445e6a700 1 --2- >> [v2:172.21.15.73:3300/0,v1:172.21.15.73:6789/0] conn(0x7f444007c300 0x7f444007c720 unknown :-1 s=BANNER_CONNECTING pgs=0 cs=0 l=0 rev1=0 crypto rx=0 tx=0 comp rx=0 tx=0)._handle_peer_banner_payload supported=3 required=0
2024-02-09T23:25:14.748 INFO:teuthology.orchestra.run.smithi073.stdout:/usr/bin/ceph: stderr
2024-02-09T23:25:13.866+0000 7f4445e6a700 1 --2- >> [v2:172.21.15.73:3300/0,v1:172.21.15.73:6789/0] conn(0x7f444007c300 0x7f444007c720 unknown :-1 s=HELLO_CONNECTING pgs=0 cs=0 l=0 rev1=1 crypto rx=0 tx=0 comp rx=0 tx=0).handle_hello peer v2:172.21.15.73:3300/0 says I am v2:172.21.15.73:48752/0 (socket says 172.21.15.73:48752)
2024-02-09T23:25:14.748 INFO:teuthology.orchestra.run.smithi073.stdout:/usr/bin/ceph: stderr
2024-02-09T23:25:13.866+0000 7f4445e6a700 1 -- 172.21.15.73:0/2112327348 learned_addr learned my addr 172.21.15.73:0/2112327348 (peer_addr_for_me v2:172.21.15.73:0/0)
2024-02-09T23:25:14.748 INFO:teuthology.orchestra.run.smithi073.stdout:/usr/bin/ceph: stderr
2024-02-09T23:25:13.866+0000 7f4445e6a700 1 -- 172.21.15.73:0/2112327348 --> [v2:172.21.15.73:3300/0,v1:172.21.15.73:6789/0] -- mon_subscribe({config=0+,monmap=0+}) v3 -- 0x7f444007e120 con 0x7f444007c300
2024-02-09T23:25:14.748 INFO:teuthology.orchestra.run.smithi073.stdout:/usr/bin/ceph: stderr
2024-02-09T23:25:13.866+0000 7f4445e6a700 1 --2- 172.21.15.73:0/2112327348 >> [v2:172.21.15.73:3300/0,v1:172.21.15.73:6789/0] conn(0x7f444007c300 0x7f444007c720 secure :-1 s=READY pgs=78 cs=0 l=1 rev1=1 crypto rx=0x7f443c0098a0 tx=0x7f443c009bb0 comp rx=0 tx=0).ready entity=mon.0 client_cookie=6d62af809e573517 server_cookie=0 in_seq=0 out_seq=0
2024-02-09T23:25:14.748 INFO:teuthology.orchestra.run.smithi073.stdout:/usr/bin/ceph: stderr
2024-02-09T23:25:13.867+0000 7f4444e68700 1 -- 172.21.15.73:0/2112327348 <== mon.0 v2:172.21.15.73:3300/0 1 ==== mon_map magic: 0 v1 ==== 205+0+0 (secure 0 0 0) 0x7f443c004160 con 0x7f444007c300
2024-02-09T23:25:14.748 INFO:teuthology.orchestra.run.smithi073.stdout:/usr/bin/ceph: stderr
2024-02-09T23:25:13.867+0000 7f4444e68700 1 -- 172.21.15.73:0/2112327348 <== mon.0 v2:172.21.15.73:3300/0 2 ==== config(27 keys) v1 ==== 1140+0+0 (secure 0 0 0) 0x7f443c0042c0 con 0x7f444007c300
2024-02-09T23:25:14.748 INFO:teuthology.orchestra.run.smithi073.stdout:/usr/bin/ceph: stderr
2024-02-09T23:25:13.867+0000 7f4444e68700 1 -- 172.21.15.73:0/2112327348 <== mon.0 v2:172.21.15.73:3300/0 3 ==== mon_map magic: 0 v1 ==== 205+0+0 (secure 0 0 0) 0x7f443c011a80 con 0x7f444007c300
2024-02-09T23:25:14.749 INFO:teuthology.orchestra.run.smithi073.stdout:/usr/bin/ceph: stderr
2024-02-09T23:25:13.867+0000 7f44480ce700 1 -- 172.21.15.73:0/2112327348 >> [v2:172.21.15.73:3300/0,v1:172.21.15.73:6789/0] conn(0x7f444007c300 msgr2=0x7f444007c720 secure :-1 s=STATE_CONNECTION_ESTABLISHED l=1).mark_down
2024-02-09T23:25:14.749 INFO:teuthology.orchestra.run.smithi073.stdout:/usr/bin/ceph: stderr
2024-02-09T23:25:13.867+0000 7f44480ce700 1 --2- 172.21.15.73:0/2112327348 >> [v2:172.21.15.73:3300/0,v1:172.21.15.73:6789/0] conn(0x7f444007c300 0x7f444007c720 secure :-1 s=READY pgs=78 cs=0 l=1 rev1=1 crypto rx=0x7f443c0098a0 tx=0x7f443c009bb0 comp rx=0 tx=0).stop
2024-02-09T23:25:14.749 INFO:teuthology.orchestra.run.smithi073.stdout:/usr/bin/ceph: stderr
2024-02-09T23:25:13.867+0000 7f44480ce700 1 -- 172.21.15.73:0/2112327348 shutdown_connections
2024-02-09T23:25:14.749 INFO:teuthology.orchestra.run.smithi073.stdout:/usr/bin/ceph: stderr
2024-02-09T23:25:13.867+0000 7f44480ce700 1 --2- 172.21.15.73:0/2112327348 >> [v2:172.21.15.73:3300/0,v1:172.21.15.73:6789/0] conn(0x7f444007c300 0x7f444007c720 unknown :-1 s=CLOSED pgs=78 cs=0 l=1 rev1=1 crypto rx=0 tx=0 comp rx=0 tx=0).stop
2024-02-09T23:25:14.749 INFO:teuthology.orchestra.run.smithi073.stdout:/usr/bin/ceph: stderr
2024-02-09T23:25:13.867+0000 7f44480ce700 1 -- 172.21.15.73:0/2112327348 >> 172.21.15.73:0/2112327348 conn(0x7f4440102dd0 msgr2=0x7f44401051f0 unknown :-1 s=STATE_NONE l=0).mark_down
2024-02-09T23:25:14.749 INFO:teuthology.orchestra.run.smithi073.stdout:/usr/bin/ceph: stderr
2024-02-09T23:25:13.867+0000 7f44480ce700 1 -- 172.21.15.73:0/2112327348 shutdown_connections
2024-02-09T23:25:14.749 INFO:teuthology.orchestra.run.smithi073.stdout:/usr/bin/ceph: stderr
2024-02-09T23:25:13.867+0000 7f44480ce700 1 -- 172.21.15.73:0/2112327348 wait complete.
2024-02-09T23:25:14.749 INFO:teuthology.orchestra.run.smithi073.stdout:/usr/bin/ceph: stderr
2024-02-09T23:25:13.868+0000 7f44480ce700 1 Processor -- start
2024-02-09T23:25:14.749 INFO:teuthology.orchestra.run.smithi073.stdout:/usr/bin/ceph: stderr
2024-02-09T23:25:13.868+0000 7f44480ce700 1 -- start start
2024-02-09T23:25:14.749 INFO:teuthology.orchestra.run.smithi073.stdout:/usr/bin/ceph: stderr
2024-02-09T23:25:13.868+0000 7f44480ce700 1 --2- >> [v2:172.21.15.73:3300/0,v1:172.21.15.73:6789/0] conn(0x7f444007c300 0x7f444019d880 unknown :-1 s=NONE pgs=0 cs=0 l=1 rev1=0 crypto rx=0 tx=0 comp rx=0 tx=0).connect
2024-02-09T23:25:14.749 INFO:teuthology.orchestra.run.smithi073.stdout:/usr/bin/ceph: stderr
2024-02-09T23:25:13.868+0000 7f44480ce700 1 -- --> [v2:172.21.15.73:3300/0,v1:172.21.15.73:6789/0] -- mon_getmap magic: 0 v1 -- 0x7f444019ddc0 con 0x7f444007c300
2024-02-09T23:25:14.749 INFO:teuthology.orchestra.run.smithi073.stdout:/usr/bin/ceph: stderr
2024-02-09T23:25:13.868+0000 7f4445e6a700 1 --2- >> [v2:172.21.15.73:3300/0,v1:172.21.15.73:6789/0] conn(0x7f444007c300 0x7f444019d880 unknown :-1 s=BANNER_CONNECTING pgs=0 cs=0 l=1 rev1=0 crypto rx=0 tx=0 comp rx=0 tx=0)._handle_peer_banner_payload supported=3 required=0
2024-02-09T23:25:14.749 INFO:teuthology.orchestra.run.smithi073.stdout:/usr/bin/ceph: stderr
2024-02-09T23:25:13.868+0000 7f4445e6a700 1 --2- >> [v2:172.21.15.73:3300/0,v1:172.21.15.73:6789/0] conn(0x7f444007c300 0x7f444019d880 unknown :-1 s=HELLO_CONNECTING pgs=0 cs=0 l=1 rev1=1 crypto rx=0 tx=0 comp rx=0 tx=0).handle_hello peer v2:172.21.15.73:3300/0 says I am v2:172.21.15.73:48762/0 (socket says 172.21.15.73:48762)
2024-02-09T23:25:14.749 INFO:teuthology.orchestra.run.smithi073.stdout:/usr/bin/ceph: stderr
2024-02-09T23:25:13.868+0000 7f4445e6a700 1 -- 172.21.15.73:0/3840657607 learned_addr learned my addr 172.21.15.73:0/3840657607 (peer_addr_for_me v2:172.21.15.73:0/0)
2024-02-09T23:25:14.750 INFO:teuthology.orchestra.run.smithi073.stdout:/usr/bin/ceph: stderr
2024-02-09T23:25:13.868+0000 7f4445e6a700 1 -- 172.21.15.73:0/3840657607 --> [v2:172.21.15.73:3300/0,v1:172.21.15.73:6789/0] -- mon_subscribe({config=0+,monmap=0+}) v3 -- 0x7f443c009550 con 0x7f444007c300
2024-02-09T23:25:14.750 INFO:teuthology.orchestra.run.smithi073.stdout:/usr/bin/ceph: stderr
2024-02-09T23:25:13.869+0000 7f4445e6a700 1 --2- 172.21.15.73:0/3840657607 >> [v2:172.21.15.73:3300/0,v1:172.21.15.73:6789/0] conn(0x7f444007c300 0x7f444019d880 secure :-1 s=READY pgs=79 cs=0 l=1 rev1=1 crypto rx=0x7f443c009130 tx=0x7f443c011b00 comp rx=0 tx=0).ready entity=mon.0 client_cookie=0 server_cookie=0 in_seq=0 out_seq=0
2024-02-09T23:25:14.750 INFO:teuthology.orchestra.run.smithi073.stdout:/usr/bin/ceph: stderr
2024-02-09T23:25:13.869+0000 7f4436ffd700 1 -- 172.21.15.73:0/3840657607 <== mon.0 v2:172.21.15.73:3300/0 1 ==== mon_map magic: 0 v1 ==== 205+0+0 (secure 0 0 0) 0x7f443c003aa0 con 0x7f444007c300
2024-02-09T23:25:14.750 INFO:teuthology.orchestra.run.smithi073.stdout:/usr/bin/ceph: stderr
2024-02-09T23:25:13.869+0000 7f4436ffd700 1 -- 172.21.15.73:0/3840657607 <== mon.0 v2:172.21.15.73:3300/0 2 ==== config(27 keys) v1 ==== 1140+0+0 (secure 0 0 0) 0x7f443c003c00 con 0x7f444007c300
2024-02-09T23:25:14.750 INFO:teuthology.orchestra.run.smithi073.stdout:/usr/bin/ceph: stderr
2024-02-09T23:25:13.869+0000 7f44480ce700 1 -- 172.21.15.73:0/3840657607 --> [v2:172.21.15.73:3300/0,v1:172.21.15.73:6789/0] -- mon_subscribe({mgrmap=0+}) v3 -- 0x7f444019dfc0 con 0x7f444007c300
2024-02-09T23:25:14.750 INFO:teuthology.orchestra.run.smithi073.stdout:/usr/bin/ceph: stderr
2024-02-09T23:25:13.869+0000 7f4436ffd700 1 -- 172.21.15.73:0/3840657607 <== mon.0 v2:172.21.15.73:3300/0 3 ==== mon_map magic: 0 v1 ==== 205+0+0 (secure 0 0 0) 0x7f443c0248a0 con 0x7f444007c300
2024-02-09T23:25:14.750 INFO:teuthology.orchestra.run.smithi073.stdout:/usr/bin/ceph: stderr
2024-02-09T23:25:13.869+0000 7f44480ce700 1 -- 172.21.15.73:0/3840657607 --> [v2:172.21.15.73:3300/0,v1:172.21.15.73:6789/0] -- mon_subscribe({osdmap=0}) v3 -- 0x7f444019e460 con 0x7f444007c300
2024-02-09T23:25:14.750 INFO:teuthology.orchestra.run.smithi073.stdout:/usr/bin/ceph: stderr
2024-02-09T23:25:13.870+0000 7f4436ffd700 1 -- 172.21.15.73:0/3840657607 <== mon.0 v2:172.21.15.73:3300/0 4 ==== mgrmap(e 13) v1 ==== 45988+0+0 (secure 0 0 0) 0x7f443c024ae0 con 0x7f444007c300
2024-02-09T23:25:14.750 INFO:teuthology.orchestra.run.smithi073.stdout:/usr/bin/ceph: stderr
2024-02-09T23:25:13.870+0000 7f44480ce700 1 -- 172.21.15.73:0/3840657607 --> [v2:172.21.15.73:3300/0,v1:172.21.15.73:6789/0] -- mon_command({"prefix": "get_command_descriptions"} v 0) v1 -- 0x7f444010dd10 con 0x7f444007c300
2024-02-09T23:25:14.750 INFO:teuthology.orchestra.run.smithi073.stdout:/usr/bin/ceph: stderr
2024-02-09T23:25:13.870+0000 7f4436ffd700 1 --2- 172.21.15.73:0/3840657607 >> [v2:172.21.15.73:6800/4073862801,v1:172.21.15.73:6801/4073862801] conn(0x7f442c039030 0x7f442c03b4f0 unknown :-1 s=NONE pgs=0 cs=0 l=1 rev1=0 crypto rx=0 tx=0 comp rx=0 tx=0).connect
2024-02-09T23:25:14.750 INFO:teuthology.orchestra.run.smithi073.stdout:/usr/bin/ceph: stderr
2024-02-09T23:25:13.870+0000 7f4436ffd700 1 -- 172.21.15.73:0/3840657607 <== mon.0 v2:172.21.15.73:3300/0 5 ==== osd_map(3..3 src has 1..3) v4 ==== 1155+0+0 (secure 0 0 0) 0x7f443c04d4b0 con 0x7f444007c300
2024-02-09T23:25:14.750 INFO:teuthology.orchestra.run.smithi073.stdout:/usr/bin/ceph: stderr
2024-02-09T23:25:13.870+0000 7f4445669700 1 --2- 172.21.15.73:0/3840657607 >> [v2:172.21.15.73:6800/4073862801,v1:172.21.15.73:6801/4073862801] conn(0x7f442c039030 0x7f442c03b4f0 unknown :-1 s=BANNER_CONNECTING pgs=0 cs=0 l=1 rev1=0 crypto rx=0 tx=0 comp rx=0 tx=0)._handle_peer_banner_payload supported=3 required=0
2024-02-09T23:25:14.750 INFO:teuthology.orchestra.run.smithi073.stdout:/usr/bin/ceph: stderr
2024-02-09T23:25:13.870+0000 7f4445669700 1 --2- 172.21.15.73:0/3840657607 >> [v2:172.21.15.73:6800/4073862801,v1:172.21.15.73:6801/4073862801] conn(0x7f442c039030 0x7f442c03b4f0 secure :-1 s=READY pgs=11 cs=0 l=1 rev1=1 crypto rx=0x7f4430006fd0 tx=0x7f4430006e40 comp rx=0 tx=0).ready entity=mgr.14152 client_cookie=0 server_cookie=0 in_seq=0 out_seq=0
2024-02-09T23:25:14.751 INFO:teuthology.orchestra.run.smithi073.stdout:/usr/bin/ceph: stderr
2024-02-09T23:25:13.875+0000 7f4436ffd700 1 -- 172.21.15.73:0/3840657607 <== mon.0 v2:172.21.15.73:3300/0 6 ==== mon_command_ack([{"prefix": "get_command_descriptions"}]=0 v0) v1 ==== 72+0+183564 (secure 0 0 0) 0x7f443c024d90 con 0x7f444007c300
2024-02-09T23:25:14.751 INFO:teuthology.orchestra.run.smithi073.stdout:/usr/bin/ceph: stderr
2024-02-09T23:25:14.182+0000 7f44480ce700 1 -- 172.21.15.73:0/3840657607 --> [v2:172.21.15.73:3300/0,v1:172.21.15.73:6789/0] -- mon_command([{prefix=config-key set, key=mgr/dashboard/cluster/status}] v 0) v1 -- 0x7f44401a1070 con 0x7f444007c300
2024-02-09T23:25:14.751 INFO:teuthology.orchestra.run.smithi073.stdout:/usr/bin/ceph: stderr
2024-02-09T23:25:14.184+0000 7f4436ffd700 1 -- 172.21.15.73:0/3840657607 <== mon.0 v2:172.21.15.73:3300/0 7 ==== mon_command_ack([{prefix=config-key set, key=mgr/dashboard/cluster/status}]=0 set mgr/dashboard/cluster/status v28)=0 set mgr/dashboard/cluster/status v28) v1 ==== 153+0+0 (secure 0 0 0) 0x7f443c029210 con 0x7f444007c300
2024-02-09T23:25:14.751 INFO:teuthology.orchestra.run.smithi073.stdout:/usr/bin/ceph: stderr
2024-02-09T23:25:14.187+0000 7f44480ce700 1 -- 172.21.15.73:0/3840657607 >> [v2:172.21.15.73:6800/4073862801,v1:172.21.15.73:6801/4073862801] conn(0x7f442c039030 msgr2=0x7f442c03b4f0 secure :-1 s=STATE_CONNECTION_ESTABLISHED l=1).mark_down
2024-02-09T23:25:14.751 INFO:teuthology.orchestra.run.smithi073.stdout:/usr/bin/ceph: stderr
2024-02-09T23:25:14.187+0000 7f44480ce700 1 --2- 172.21.15.73:0/3840657607 >> [v2:172.21.15.73:6800/4073862801,v1:172.21.15.73:6801/4073862801] conn(0x7f442c039030 0x7f442c03b4f0 secure :-1 s=READY pgs=11 cs=0 l=1 rev1=1 crypto rx=0x7f4430006fd0 tx=0x7f4430006e40 comp rx=0 tx=0).stop
2024-02-09T23:25:14.751 INFO:teuthology.orchestra.run.smithi073.stdout:/usr/bin/ceph: stderr
2024-02-09T23:25:14.187+0000 7f44480ce700 1 -- 172.21.15.73:0/3840657607 >> [v2:172.21.15.73:3300/0,v1:172.21.15.73:6789/0] conn(0x7f444007c300 msgr2=0x7f444019d880 secure :-1 s=STATE_CONNECTION_ESTABLISHED l=1).mark_down
2024-02-09T23:25:14.751 INFO:teuthology.orchestra.run.smithi073.stdout:/usr/bin/ceph: stderr
2024-02-09T23:25:14.187+0000 7f44480ce700 1 --2- 172.21.15.73:0/3840657607 >> [v2:172.21.15.73:3300/0,v1:172.21.15.73:6789/0] conn(0x7f444007c300 0x7f444019d880 secure :-1 s=READY pgs=79 cs=0 l=1 rev1=1 crypto rx=0x7f443c009130 tx=0x7f443c011b00 comp rx=0 tx=0).stop
2024-02-09T23:25:14.751 INFO:teuthology.orchestra.run.smithi073.stdout:/usr/bin/ceph: stderr
2024-02-09T23:25:14.187+0000 7f44480ce700 1 -- 172.21.15.73:0/3840657607 shutdown_connections
2024-02-09T23:25:14.751 INFO:teuthology.orchestra.run.smithi073.stdout:/usr/bin/ceph: stderr
2024-02-09T23:25:14.187+0000 7f44480ce700 1 --2- 172.21.15.73:0/3840657607 >> [v2:172.21.15.73:6800/4073862801,v1:172.21.15.73:6801/4073862801] conn(0x7f442c039030 0x7f442c03b4f0 unknown :-1 s=CLOSED pgs=11 cs=0 l=1 rev1=1 crypto rx=0 tx=0 comp rx=0 tx=0).stop
2024-02-09T23:25:14.751 INFO:teuthology.orchestra.run.smithi073.stdout:/usr/bin/ceph: stderr
2024-02-09T23:25:14.187+0000 7f44480ce700 1 --2- 172.21.15.73:0/3840657607 >> [v2:172.21.15.73:3300/0,v1:172.21.15.73:6789/0] conn(0x7f444007c300 0x7f444019d880 unknown :-1 s=CLOSED pgs=79 cs=0 l=1 rev1=1 crypto rx=0 tx=0 comp rx=0 tx=0).stop
2024-02-09T23:25:14.751 INFO:teuthology.orchestra.run.smithi073.stdout:/usr/bin/ceph: stderr
2024-02-09T23:25:14.187+0000 7f44480ce700 1 -- 172.21.15.73:0/3840657607 >> 172.21.15.73:0/3840657607 conn(0x7f4440102dd0 msgr2=0x7f4440103900 unknown :-1 s=STATE_NONE l=0).mark_down
2024-02-09T23:25:14.751 INFO:teuthology.orchestra.run.smithi073.stdout:/usr/bin/ceph: stderr
2024-02-09T23:25:14.187+0000 7f44480ce700 1 -- 172.21.15.73:0/3840657607 shutdown_connections
2024-02-09T23:25:14.751 INFO:teuthology.orchestra.run.smithi073.stdout:/usr/bin/ceph: stderr
2024-02-09T23:25:14.187+0000 7f44480ce700 1 -- 172.21.15.73:0/3840657607 wait complete.
2024-02-09T23:25:14.751 INFO:teuthology.orchestra.run.smithi073.stdout:/usr/bin/ceph: stderr set mgr/dashboard/cluster/status
2024-02-09T23:25:14.752 INFO:teuthology.orchestra.run.smithi073.stdout:You can access the Ceph CLI as following in case of multi-cluster or non-default config:
2024-02-09T23:25:14.752 INFO:teuthology.orchestra.run.smithi073.stdout:
2024-02-09T23:25:14.752 INFO:teuthology.orchestra.run.smithi073.stdout: sudo /home/ubuntu/cephtest/cephadm shell --fsid 33d49116-c7a2-11ee-95b8-87774f69a715 -c /etc/ceph/ceph.conf -k /etc/ceph/ceph.client.admin.keyring
2024-02-09T23:25:14.752 INFO:teuthology.orchestra.run.smithi073.stdout:
2024-02-09T23:25:14.752 INFO:teuthology.orchestra.run.smithi073.stdout:Or, if you are only running a single cluster on this host:
2024-02-09T23:25:14.752 INFO:teuthology.orchestra.run.smithi073.stdout:
2024-02-09T23:25:14.752 INFO:teuthology.orchestra.run.smithi073.stdout: sudo /home/ubuntu/cephtest/cephadm shell
2024-02-09T23:25:14.752 INFO:teuthology.orchestra.run.smithi073.stdout:
2024-02-09T23:25:14.752 INFO:teuthology.orchestra.run.smithi073.stdout:Please consider enabling telemetry to help improve Ceph:
2024-02-09T23:25:14.752 INFO:teuthology.orchestra.run.smithi073.stdout:
2024-02-09T23:25:14.752 INFO:teuthology.orchestra.run.smithi073.stdout: ceph telemetry on
2024-02-09T23:25:14.752 INFO:teuthology.orchestra.run.smithi073.stdout:
2024-02-09T23:25:14.752 INFO:teuthology.orchestra.run.smithi073.stdout:For more information see:
2024-02-09T23:25:14.753 INFO:teuthology.orchestra.run.smithi073.stdout:
2024-02-09T23:25:14.753 INFO:teuthology.orchestra.run.smithi073.stdout: https://docs.ceph.com/en/latest/mgr/telemetry/
2024-02-09T23:25:14.753 INFO:teuthology.orchestra.run.smithi073.stdout:
2024-02-09T23:25:14.753 INFO:teuthology.orchestra.run.smithi073.stdout:Bootstrap complete.
2024-02-09T23:25:14.787 INFO:tasks.cephadm:Fetching config...
2024-02-09T23:25:14.787 DEBUG:teuthology.orchestra.run.smithi073:> set -ex
2024-02-09T23:25:14.787 DEBUG:teuthology.orchestra.run.smithi073:> dd if=/etc/ceph/ceph.conf of=/dev/stdout
2024-02-09T23:25:14.803 INFO:tasks.cephadm:Fetching client.admin keyring...
2024-02-09T23:25:14.803 DEBUG:teuthology.orchestra.run.smithi073:> set -ex
2024-02-09T23:25:14.803 DEBUG:teuthology.orchestra.run.smithi073:> dd if=/etc/ceph/ceph.client.admin.keyring of=/dev/stdout
2024-02-09T23:25:14.859 INFO:tasks.cephadm:Fetching mon keyring...
2024-02-09T23:25:14.859 DEBUG:teuthology.orchestra.run.smithi073:> set -ex
2024-02-09T23:25:14.859 DEBUG:teuthology.orchestra.run.smithi073:> sudo dd if=/var/lib/ceph/33d49116-c7a2-11ee-95b8-87774f69a715/mon.a/keyring of=/dev/stdout
2024-02-09T23:25:14.926 INFO:tasks.cephadm:Fetching pub ssh key...
2024-02-09T23:25:14.926 DEBUG:teuthology.orchestra.run.smithi073:> set -ex
2024-02-09T23:25:14.926 DEBUG:teuthology.orchestra.run.smithi073:> dd if=/home/ubuntu/cephtest/ceph.pub of=/dev/stdout
2024-02-09T23:25:14.981 INFO:tasks.cephadm:Installing pub ssh key for root users...
2024-02-09T23:25:14.982 DEBUG:teuthology.orchestra.run.smithi073:> sudo install -d -m 0700 /root/.ssh && echo 'ssh-rsa AAAAB3NzaC1yc2EAAAADAQABAAABgQCy5PdSmPdOW57Xh2nbaH1TSrqsUWlY0ZaR+kUrRTdVU4Oqwo/cM6BIiVbNkFql3S4vZXmf1q9ti9uvJNiRUI2ztySWUb2dsg8CvQpuyRTgZxudisCHplFTdxdj0eKdDzAzxTp8++K4IketaJtk3iMRVnYKka52cfSg5Qo3RDxkxLgZ4gp1s3btF0JNEg4js8ZCn2CT5viR/8O/bX/f6LYvoHIWunhFE0GGbHtfEkQ6VDJQuvVkkQ0e4ACx4P3XWmyLQGdMuRF1/V9CpSpXRu5tUqe+tVEVrYEbgcxkfjLSz0qRYdMBgwrPRd2V/IFfo1QMvNrLD3t6Vna5mOwK60PL+7EpYNeX88PW9HE8R7OzDAYjc9cbw2uZTyx941/o4LI33qlCUbsUqcD9qf1qfJKvEcNhIT8SzC4WJyYTecZ9g7bo6PMSpwa3s1yeaND0xHfvhrvNK03rLzSvbmugLTWURov/7RFZp4/ov1XOLyPkQbeQE6IfKM7Go+Dy6PwjX80= ceph-33d49116-c7a2-11ee-95b8-87774f69a715' | sudo tee -a /root/.ssh/authorized_keys && sudo chmod 0600 /root/.ssh/authorized_keys
2024-02-09T23:25:15.060 INFO:teuthology.orchestra.run.smithi073.stdout:ssh-rsa AAAAB3NzaC1yc2EAAAADAQABAAABgQCy5PdSmPdOW57Xh2nbaH1TSrqsUWlY0ZaR+kUrRTdVU4Oqwo/cM6BIiVbNkFql3S4vZXmf1q9ti9uvJNiRUI2ztySWUb2dsg8CvQpuyRTgZxudisCHplFTdxdj0eKdDzAzxTp8++K4IketaJtk3iMRVnYKka52cfSg5Qo3RDxkxLgZ4gp1s3btF0JNEg4js8ZCn2CT5viR/8O/bX/f6LYvoHIWunhFE0GGbHtfEkQ6VDJQuvVkkQ0e4ACx4P3XWmyLQGdMuRF1/V9CpSpXRu5tUqe+tVEVrYEbgcxkfjLSz0qRYdMBgwrPRd2V/IFfo1QMvNrLD3t6Vna5mOwK60PL+7EpYNeX88PW9HE8R7OzDAYjc9cbw2uZTyx941/o4LI33qlCUbsUqcD9qf1qfJKvEcNhIT8SzC4WJyYTecZ9g7bo6PMSpwa3s1yeaND0xHfvhrvNK03rLzSvbmugLTWURov/7RFZp4/ov1XOLyPkQbeQE6IfKM7Go+Dy6PwjX80= ceph-33d49116-c7a2-11ee-95b8-87774f69a715
2024-02-09T23:25:15.076 DEBUG:teuthology.orchestra.run.smithi133:> sudo install -d -m 0700 /root/.ssh && echo 'ssh-rsa AAAAB3NzaC1yc2EAAAADAQABAAABgQCy5PdSmPdOW57Xh2nbaH1TSrqsUWlY0ZaR+kUrRTdVU4Oqwo/cM6BIiVbNkFql3S4vZXmf1q9ti9uvJNiRUI2ztySWUb2dsg8CvQpuyRTgZxudisCHplFTdxdj0eKdDzAzxTp8++K4IketaJtk3iMRVnYKka52cfSg5Qo3RDxkxLgZ4gp1s3btF0JNEg4js8ZCn2CT5viR/8O/bX/f6LYvoHIWunhFE0GGbHtfEkQ6VDJQuvVkkQ0e4ACx4P3XWmyLQGdMuRF1/V9CpSpXRu5tUqe+tVEVrYEbgcxkfjLSz0qRYdMBgwrPRd2V/IFfo1QMvNrLD3t6Vna5mOwK60PL+7EpYNeX88PW9HE8R7OzDAYjc9cbw2uZTyx941/o4LI33qlCUbsUqcD9qf1qfJKvEcNhIT8SzC4WJyYTecZ9g7bo6PMSpwa3s1yeaND0xHfvhrvNK03rLzSvbmugLTWURov/7RFZp4/ov1XOLyPkQbeQE6IfKM7Go+Dy6PwjX80= ceph-33d49116-c7a2-11ee-95b8-87774f69a715' | sudo tee -a /root/.ssh/authorized_keys && sudo chmod 0600 /root/.ssh/authorized_keys
2024-02-09T23:25:15.121 INFO:teuthology.orchestra.run.smithi133.stdout:ssh-rsa AAAAB3NzaC1yc2EAAAADAQABAAABgQCy5PdSmPdOW57Xh2nbaH1TSrqsUWlY0ZaR+kUrRTdVU4Oqwo/cM6BIiVbNkFql3S4vZXmf1q9ti9uvJNiRUI2ztySWUb2dsg8CvQpuyRTgZxudisCHplFTdxdj0eKdDzAzxTp8++K4IketaJtk3iMRVnYKka52cfSg5Qo3RDxkxLgZ4gp1s3btF0JNEg4js8ZCn2CT5viR/8O/bX/f6LYvoHIWunhFE0GGbHtfEkQ6VDJQuvVkkQ0e4ACx4P3XWmyLQGdMuRF1/V9CpSpXRu5tUqe+tVEVrYEbgcxkfjLSz0qRYdMBgwrPRd2V/IFfo1QMvNrLD3t6Vna5mOwK60PL+7EpYNeX88PW9HE8R7OzDAYjc9cbw2uZTyx941/o4LI33qlCUbsUqcD9qf1qfJKvEcNhIT8SzC4WJyYTecZ9g7bo6PMSpwa3s1yeaND0xHfvhrvNK03rLzSvbmugLTWURov/7RFZp4/ov1XOLyPkQbeQE6IfKM7Go+Dy6PwjX80= ceph-33d49116-c7a2-11ee-95b8-87774f69a715
2024-02-09T23:25:15.136 DEBUG:teuthology.orchestra.run.smithi142:> sudo install -d -m 0700 /root/.ssh && echo 'ssh-rsa AAAAB3NzaC1yc2EAAAADAQABAAABgQCy5PdSmPdOW57Xh2nbaH1TSrqsUWlY0ZaR+kUrRTdVU4Oqwo/cM6BIiVbNkFql3S4vZXmf1q9ti9uvJNiRUI2ztySWUb2dsg8CvQpuyRTgZxudisCHplFTdxdj0eKdDzAzxTp8++K4IketaJtk3iMRVnYKka52cfSg5Qo3RDxkxLgZ4gp1s3btF0JNEg4js8ZCn2CT5viR/8O/bX/f6LYvoHIWunhFE0GGbHtfEkQ6VDJQuvVkkQ0e4ACx4P3XWmyLQGdMuRF1/V9CpSpXRu5tUqe+tVEVrYEbgcxkfjLSz0qRYdMBgwrPRd2V/IFfo1QMvNrLD3t6Vna5mOwK60PL+7EpYNeX88PW9HE8R7OzDAYjc9cbw2uZTyx941/o4LI33qlCUbsUqcD9qf1qfJKvEcNhIT8SzC4WJyYTecZ9g7bo6PMSpwa3s1yeaND0xHfvhrvNK03rLzSvbmugLTWURov/7RFZp4/ov1XOLyPkQbeQE6IfKM7Go+Dy6PwjX80= ceph-33d49116-c7a2-11ee-95b8-87774f69a715' | sudo tee -a /root/.ssh/authorized_keys && sudo chmod 0600 /root/.ssh/authorized_keys
2024-02-09T23:25:15.181 INFO:teuthology.orchestra.run.smithi142.stdout:ssh-rsa AAAAB3NzaC1yc2EAAAADAQABAAABgQCy5PdSmPdOW57Xh2nbaH1TSrqsUWlY0ZaR+kUrRTdVU4Oqwo/cM6BIiVbNkFql3S4vZXmf1q9ti9uvJNiRUI2ztySWUb2dsg8CvQpuyRTgZxudisCHplFTdxdj0eKdDzAzxTp8++K4IketaJtk3iMRVnYKka52cfSg5Qo3RDxkxLgZ4gp1s3btF0JNEg4js8ZCn2CT5viR/8O/bX/f6LYvoHIWunhFE0GGbHtfEkQ6VDJQuvVkkQ0e4ACx4P3XWmyLQGdMuRF1/V9CpSpXRu5tUqe+tVEVrYEbgcxkfjLSz0qRYdMBgwrPRd2V/IFfo1QMvNrLD3t6Vna5mOwK60PL+7EpYNeX88PW9HE8R7OzDAYjc9cbw2uZTyx941/o4LI33qlCUbsUqcD9qf1qfJKvEcNhIT8SzC4WJyYTecZ9g7bo6PMSpwa3s1yeaND0xHfvhrvNK03rLzSvbmugLTWURov/7RFZp4/ov1XOLyPkQbeQE6IfKM7Go+Dy6PwjX80= ceph-33d49116-c7a2-11ee-95b8-87774f69a715
2024-02-09T23:25:15.197 DEBUG:teuthology.orchestra.run.smithi073:> sudo /home/ubuntu/cephtest/cephadm --image quay-quay-quay.apps.os.sepia.ceph.com/ceph-ci/ceph:290212a1bfd33563ba76ee5b7f0b944fdb6c5d90 shell -c /etc/ceph/ceph.conf -k /etc/ceph/ceph.client.admin.keyring --fsid 33d49116-c7a2-11ee-95b8-87774f69a715 -- ceph config set mgr mgr/cephadm/allow_ptrace true
2024-02-09T23:25:15.439 INFO:teuthology.orchestra.run.smithi073.stderr:Inferring config /var/lib/ceph/33d49116-c7a2-11ee-95b8-87774f69a715/mon.a/config
2024-02-09T23:25:15.444 INFO:journalctl@ceph.mon.a.smithi073.stdout:Feb 09 23:25:15 smithi073 ceph-mon[32516]: from='client.? 172.21.15.73:0/3840657607' entity='client.admin'
2024-02-09T23:25:17.817 INFO:teuthology.orchestra.run.smithi073.stderr:2024-02-09T23:25:17.812+0000 7fb3661f7700 1 -- 172.21.15.73:0/3456445364 >> [v2:172.21.15.73:3300/0,v1:172.21.15.73:6789/0] conn(0x7fb3601021e0 msgr2=0x7fb3601045d0 secure :-1 s=STATE_CONNECTION_ESTABLISHED l=1).mark_down
2024-02-09T23:25:17.818 INFO:teuthology.orchestra.run.smithi073.stderr:2024-02-09T23:25:17.812+0000 7fb3661f7700 1 --2- 172.21.15.73:0/3456445364 >> [v2:172.21.15.73:3300/0,v1:172.21.15.73:6789/0] conn(0x7fb3601021e0 0x7fb3601045d0 secure :-1 s=READY pgs=80 cs=0 l=1 rev1=1 crypto rx=0x7fb350009910 tx=0x7fb350009c20 comp rx=0 tx=0).stop
2024-02-09T23:25:17.818 INFO:teuthology.orchestra.run.smithi073.stderr:2024-02-09T23:25:17.813+0000 7fb3661f7700 1 -- 172.21.15.73:0/3456445364 shutdown_connections
2024-02-09T23:25:17.818 INFO:teuthology.orchestra.run.smithi073.stderr:2024-02-09T23:25:17.813+0000 7fb3661f7700 1 --2- 172.21.15.73:0/3456445364 >> [v2:172.21.15.73:3300/0,v1:172.21.15.73:6789/0] conn(0x7fb3601021e0 0x7fb3601045d0 unknown :-1 s=CLOSED pgs=80 cs=0 l=1 rev1=1 crypto rx=0 tx=0 comp rx=0 tx=0).stop
2024-02-09T23:25:17.818 INFO:teuthology.orchestra.run.smithi073.stderr:2024-02-09T23:25:17.813+0000 7fb3661f7700 1 -- 172.21.15.73:0/3456445364 >> 172.21.15.73:0/3456445364 conn(0x7fb3600fbbf0 msgr2=0x7fb3600fe030 unknown :-1 s=STATE_NONE l=0).mark_down
2024-02-09T23:25:17.818 INFO:teuthology.orchestra.run.smithi073.stderr:2024-02-09T23:25:17.813+0000 7fb3661f7700 1 -- 172.21.15.73:0/3456445364 shutdown_connections
2024-02-09T23:25:17.818 INFO:teuthology.orchestra.run.smithi073.stderr:2024-02-09T23:25:17.813+0000 7fb3661f7700 1 -- 172.21.15.73:0/3456445364 wait complete.
2024-02-09T23:25:17.818 INFO:teuthology.orchestra.run.smithi073.stderr:2024-02-09T23:25:17.813+0000 7fb3661f7700 1 Processor -- start
2024-02-09T23:25:17.818 INFO:teuthology.orchestra.run.smithi073.stderr:2024-02-09T23:25:17.813+0000 7fb3661f7700 1 -- start start
2024-02-09T23:25:17.818 INFO:teuthology.orchestra.run.smithi073.stderr:2024-02-09T23:25:17.814+0000 7fb3661f7700 1 --2- >> [v2:172.21.15.73:3300/0,v1:172.21.15.73:6789/0] conn(0x7fb3601021e0 0x7fb360196c30 unknown :-1 s=NONE pgs=0 cs=0 l=1 rev1=0 crypto rx=0 tx=0 comp rx=0 tx=0).connect
2024-02-09T23:25:17.818 INFO:teuthology.orchestra.run.smithi073.stderr:2024-02-09T23:25:17.814+0000 7fb3661f7700 1 -- --> [v2:172.21.15.73:3300/0,v1:172.21.15.73:6789/0] -- mon_getmap magic: 0 v1 -- 0x7fb360197170 con 0x7fb3601021e0
2024-02-09T23:25:17.819 INFO:teuthology.orchestra.run.smithi073.stderr:2024-02-09T23:25:17.814+0000 7fb35f7fe700 1 --2- >> [v2:172.21.15.73:3300/0,v1:172.21.15.73:6789/0] conn(0x7fb3601021e0 0x7fb360196c30 unknown :-1 s=BANNER_CONNECTING pgs=0 cs=0 l=1 rev1=0 crypto rx=0 tx=0 comp rx=0 tx=0)._handle_peer_banner_payload supported=3 required=0
2024-02-09T23:25:17.819 INFO:teuthology.orchestra.run.smithi073.stderr:2024-02-09T23:25:17.814+0000 7fb35f7fe700 1 --2- >> [v2:172.21.15.73:3300/0,v1:172.21.15.73:6789/0] conn(0x7fb3601021e0 0x7fb360196c30 unknown :-1 s=HELLO_CONNECTING pgs=0 cs=0 l=1 rev1=1 crypto rx=0 tx=0 comp rx=0 tx=0).handle_hello peer v2:172.21.15.73:3300/0 says I am v2:172.21.15.73:36166/0 (socket says 172.21.15.73:36166)
2024-02-09T23:25:17.819 INFO:teuthology.orchestra.run.smithi073.stderr:2024-02-09T23:25:17.814+0000 7fb35f7fe700 1 -- 172.21.15.73:0/3679306743 learned_addr learned my addr 172.21.15.73:0/3679306743 (peer_addr_for_me v2:172.21.15.73:0/0)
2024-02-09T23:25:17.819 INFO:teuthology.orchestra.run.smithi073.stderr:2024-02-09T23:25:17.814+0000 7fb35f7fe700 1 -- 172.21.15.73:0/3679306743 --> [v2:172.21.15.73:3300/0,v1:172.21.15.73:6789/0] -- mon_subscribe({config=0+,monmap=0+}) v3 -- 0x7fb3500095f0 con 0x7fb3601021e0
2024-02-09T23:25:17.819 INFO:teuthology.orchestra.run.smithi073.stderr:2024-02-09T23:25:17.814+0000 7fb35f7fe700 1 --2- 172.21.15.73:0/3679306743 >> [v2:172.21.15.73:3300/0,v1:172.21.15.73:6789/0] conn(0x7fb3601021e0 0x7fb360196c30 secure :-1 s=READY pgs=81 cs=0 l=1 rev1=1 crypto rx=0x7fb350004f40 tx=0x7fb350005020 comp rx=0 tx=0).ready entity=mon.0 client_cookie=0 server_cookie=0 in_seq=0 out_seq=0
2024-02-09T23:25:17.819 INFO:teuthology.orchestra.run.smithi073.stderr:2024-02-09T23:25:17.814+0000 7fb35cff9700 1 -- 172.21.15.73:0/3679306743 <== mon.0 v2:172.21.15.73:3300/0 1 ==== mon_map magic: 0 v1 ==== 205+0+0 (secure 0 0 0) 0x7fb35001d070 con 0x7fb3601021e0
2024-02-09T23:25:17.819 INFO:teuthology.orchestra.run.smithi073.stderr:2024-02-09T23:25:17.815+0000 7fb35cff9700 1 -- 172.21.15.73:0/3679306743 <== mon.0 v2:172.21.15.73:3300/0 2 ==== config(27 keys) v1 ==== 1140+0+0 (secure 0 0 0) 0x7fb35000be40 con 0x7fb3601021e0
2024-02-09T23:25:17.819 INFO:teuthology.orchestra.run.smithi073.stderr:2024-02-09T23:25:17.815+0000 7fb3661f7700 1 -- 172.21.15.73:0/3679306743 --> [v2:172.21.15.73:3300/0,v1:172.21.15.73:6789/0] -- mon_subscribe({mgrmap=0+}) v3 -- 0x7fb360197370 con 0x7fb3601021e0
2024-02-09T23:25:17.819 INFO:teuthology.orchestra.run.smithi073.stderr:2024-02-09T23:25:17.815+0000 7fb35cff9700 1 -- 172.21.15.73:0/3679306743 <== mon.0 v2:172.21.15.73:3300/0 3 ==== mon_map magic: 0 v1 ==== 205+0+0 (secure 0 0 0) 0x7fb35000f460 con 0x7fb3601021e0
2024-02-09T23:25:17.819 INFO:teuthology.orchestra.run.smithi073.stderr:2024-02-09T23:25:17.815+0000 7fb3661f7700 1 -- 172.21.15.73:0/3679306743 --> [v2:172.21.15.73:3300/0,v1:172.21.15.73:6789/0] -- mon_subscribe({osdmap=0}) v3 -- 0x7fb360197810 con 0x7fb3601021e0
2024-02-09T23:25:17.821 INFO:teuthology.orchestra.run.smithi073.stderr:2024-02-09T23:25:17.816+0000 7fb35cff9700 1 -- 172.21.15.73:0/3679306743 <== mon.0 v2:172.21.15.73:3300/0 4 ==== mgrmap(e 13) v1 ==== 45988+0+0 (secure 0 0 0) 0x7fb35000f6a0 con 0x7fb3601021e0
2024-02-09T23:25:17.821 INFO:teuthology.orchestra.run.smithi073.stderr:2024-02-09T23:25:17.816+0000 7fb3661f7700 1 -- 172.21.15.73:0/3679306743 --> [v2:172.21.15.73:3300/0,v1:172.21.15.73:6789/0] -- mon_command({"prefix": "get_command_descriptions"} v 0) v1 -- 0x7fb3601905b0 con 0x7fb3601021e0
2024-02-09T23:25:17.821 INFO:teuthology.orchestra.run.smithi073.stderr:2024-02-09T23:25:17.816+0000 7fb35cff9700 1 --2- 172.21.15.73:0/3679306743 >> [v2:172.21.15.73:6800/4073862801,v1:172.21.15.73:6801/4073862801] conn(0x7fb348038f80 0x7fb34803b440 unknown :-1 s=NONE pgs=0 cs=0 l=1 rev1=0 crypto rx=0 tx=0 comp rx=0 tx=0).connect
2024-02-09T23:25:17.821 INFO:teuthology.orchestra.run.smithi073.stderr:2024-02-09T23:25:17.816+0000 7fb35cff9700 1 -- 172.21.15.73:0/3679306743 <== mon.0 v2:172.21.15.73:3300/0 5 ==== osd_map(3..3 src has 1..3) v4 ==== 1155+0+0 (secure 0 0 0) 0x7fb35004d2c0 con 0x7fb3601021e0
2024-02-09T23:25:17.821 INFO:teuthology.orchestra.run.smithi073.stderr:2024-02-09T23:25:17.816+0000 7fb35effd700 1 --2- 172.21.15.73:0/3679306743 >> [v2:172.21.15.73:6800/4073862801,v1:172.21.15.73:6801/4073862801] conn(0x7fb348038f80 0x7fb34803b440 unknown :-1 s=BANNER_CONNECTING pgs=0 cs=0 l=1 rev1=0 crypto rx=0 tx=0 comp rx=0 tx=0)._handle_peer_banner_payload supported=3 required=0
2024-02-09T23:25:17.821 INFO:teuthology.orchestra.run.smithi073.stderr:2024-02-09T23:25:17.816+0000 7fb35effd700 1 --2- 172.21.15.73:0/3679306743 >> [v2:172.21.15.73:6800/4073862801,v1:172.21.15.73:6801/4073862801] conn(0x7fb348038f80 0x7fb34803b440 secure :-1 s=READY pgs=12 cs=0 l=1 rev1=1 crypto rx=0x7fb354006fd0 tx=0x7fb354006e40 comp rx=0 tx=0).ready entity=mgr.14152 client_cookie=0 server_cookie=0 in_seq=0 out_seq=0
2024-02-09T23:25:17.828 INFO:teuthology.orchestra.run.smithi073.stderr:2024-02-09T23:25:17.825+0000 7fb35cff9700 1 -- 172.21.15.73:0/3679306743 <== mon.0 v2:172.21.15.73:3300/0 6 ==== mon_command_ack([{"prefix": "get_command_descriptions"}]=0 v0) v1 ==== 72+0+183564 (secure 0 0 0) 0x7fb35002a360 con 0x7fb3601021e0
2024-02-09T23:25:18.027 INFO:teuthology.orchestra.run.smithi073.stderr:2024-02-09T23:25:18.024+0000 7fb3661f7700 1 -- 172.21.15.73:0/3679306743 --> [v2:172.21.15.73:3300/0,v1:172.21.15.73:6789/0] -- mon_command([{prefix=config set, name=mgr/cephadm/allow_ptrace}] v 0) v1 -- 0x7fb360063350 con 0x7fb3601021e0
2024-02-09T23:25:18.029 INFO:teuthology.orchestra.run.smithi073.stderr:2024-02-09T23:25:18.027+0000 7fb35cff9700 1 -- 172.21.15.73:0/3679306743 <== mon.0 v2:172.21.15.73:3300/0 7 ==== mon_command_ack([{prefix=config set, name=mgr/cephadm/allow_ptrace}]=0 v9)=0 v9) v1 ==== 125+0+0 (secure 0 0 0) 0x7fb350027030 con 0x7fb3601021e0
2024-02-09T23:25:18.033 INFO:teuthology.orchestra.run.smithi073.stderr:2024-02-09T23:25:18.030+0000 7fb3661f7700 1 -- 172.21.15.73:0/3679306743 >> [v2:172.21.15.73:6800/4073862801,v1:172.21.15.73:6801/4073862801] conn(0x7fb348038f80 msgr2=0x7fb34803b440 secure :-1 s=STATE_CONNECTION_ESTABLISHED l=1).mark_down
2024-02-09T23:25:18.033 INFO:teuthology.orchestra.run.smithi073.stderr:2024-02-09T23:25:18.030+0000 7fb3661f7700 1 --2- 172.21.15.73:0/3679306743 >> [v2:172.21.15.73:6800/4073862801,v1:172.21.15.73:6801/4073862801] conn(0x7fb348038f80 0x7fb34803b440 secure :-1 s=READY pgs=12 cs=0 l=1 rev1=1 crypto rx=0x7fb354006fd0 tx=0x7fb354006e40 comp rx=0 tx=0).stop
2024-02-09T23:25:18.033 INFO:teuthology.orchestra.run.smithi073.stderr:2024-02-09T23:25:18.030+0000 7fb3661f7700 1 -- 172.21.15.73:0/3679306743 >> [v2:172.21.15.73:3300/0,v1:172.21.15.73:6789/0] conn(0x7fb3601021e0 msgr2=0x7fb360196c30 secure :-1 s=STATE_CONNECTION_ESTABLISHED l=1).mark_down
2024-02-09T23:25:18.033 INFO:teuthology.orchestra.run.smithi073.stderr:2024-02-09T23:25:18.030+0000 7fb3661f7700 1 --2- 172.21.15.73:0/3679306743 >> [v2:172.21.15.73:3300/0,v1:172.21.15.73:6789/0] conn(0x7fb3601021e0 0x7fb360196c30 secure :-1 s=READY pgs=81 cs=0 l=1 rev1=1 crypto rx=0x7fb350004f40 tx=0x7fb350005020 comp rx=0 tx=0).stop
2024-02-09T23:25:18.033 INFO:teuthology.orchestra.run.smithi073.stderr:2024-02-09T23:25:18.030+0000 7fb3661f7700 1 -- 172.21.15.73:0/3679306743 shutdown_connections
2024-02-09T23:25:18.033 INFO:teuthology.orchestra.run.smithi073.stderr:2024-02-09T23:25:18.030+0000 7fb3661f7700 1 --2- 172.21.15.73:0/3679306743 >> [v2:172.21.15.73:6800/4073862801,v1:172.21.15.73:6801/4073862801] conn(0x7fb348038f80 0x7fb34803b440 unknown :-1 s=CLOSED pgs=12 cs=0 l=1 rev1=1 crypto rx=0 tx=0 comp rx=0 tx=0).stop
2024-02-09T23:25:18.033 INFO:teuthology.orchestra.run.smithi073.stderr:2024-02-09T23:25:18.030+0000 7fb3661f7700 1 --2- 172.21.15.73:0/3679306743 >> [v2:172.21.15.73:3300/0,v1:172.21.15.73:6789/0] conn(0x7fb3601021e0 0x7fb360196c30 unknown :-1 s=CLOSED pgs=81 cs=0 l=1 rev1=1 crypto rx=0 tx=0 comp rx=0 tx=0).stop
2024-02-09T23:25:18.033 INFO:teuthology.orchestra.run.smithi073.stderr:2024-02-09T23:25:18.030+0000 7fb3661f7700 1 -- 172.21.15.73:0/3679306743 >> 172.21.15.73:0/3679306743 conn(0x7fb3600fbbf0 msgr2=0x7fb3600fc600 unknown :-1 s=STATE_NONE l=0).mark_down
2024-02-09T23:25:18.033 INFO:teuthology.orchestra.run.smithi073.stderr:2024-02-09T23:25:18.030+0000 7fb3661f7700 1 -- 172.21.15.73:0/3679306743 shutdown_connections
2024-02-09T23:25:18.033 INFO:teuthology.orchestra.run.smithi073.stderr:2024-02-09T23:25:18.031+0000 7fb3661f7700 1 -- 172.21.15.73:0/3679306743 wait complete.
2024-02-09T23:25:18.644 INFO:tasks.cephadm:Distributing conf and client.admin keyring to all hosts + 0755
2024-02-09T23:25:18.644 DEBUG:teuthology.orchestra.run.smithi073:> sudo /home/ubuntu/cephtest/cephadm --image quay-quay-quay.apps.os.sepia.ceph.com/ceph-ci/ceph:290212a1bfd33563ba76ee5b7f0b944fdb6c5d90 shell -c /etc/ceph/ceph.conf -k /etc/ceph/ceph.client.admin.keyring --fsid 33d49116-c7a2-11ee-95b8-87774f69a715 -- ceph orch client-keyring set client.admin '*' --mode 0755
2024-02-09T23:25:19.287 INFO:journalctl@ceph.mon.a.smithi073.stdout:Feb 09 23:25:19 smithi073 ceph-mon[32516]: from='client.? 172.21.15.73:0/3679306743' entity='client.admin'
2024-02-09T23:25:19.369 INFO:teuthology.orchestra.run.smithi073.stderr:Inferring config /var/lib/ceph/33d49116-c7a2-11ee-95b8-87774f69a715/mon.a/config
2024-02-09T23:25:20.621 INFO:journalctl@ceph.mon.a.smithi073.stdout:Feb 09 23:25:20 smithi073 ceph-mon[32516]: from='mgr.14152 172.21.15.73:0/3690089203' entity='mgr.x'
2024-02-09T23:25:20.621 INFO:journalctl@ceph.mon.a.smithi073.stdout:Feb 09 23:25:20 smithi073 ceph-mon[32516]: from='mgr.14152 172.21.15.73:0/3690089203' entity='mgr.x'
2024-02-09T23:25:20.621 INFO:journalctl@ceph.mon.a.smithi073.stdout:Feb 09 23:25:20 smithi073 ceph-mon[32516]: from='mgr.14152 172.21.15.73:0/3690089203' entity='mgr.x' cmd=[{"prefix": "config rm", "who": "osd/host:smithi073", "name": "osd_memory_target"}]: dispatch
2024-02-09T23:25:20.621 INFO:journalctl@ceph.mon.a.smithi073.stdout:Feb 09 23:25:20 smithi073 ceph-mon[32516]: from='mgr.14152 172.21.15.73:0/3690089203' entity='mgr.x'
2024-02-09T23:25:20.621 INFO:journalctl@ceph.mon.a.smithi073.stdout:Feb 09 23:25:20 smithi073 ceph-mon[32516]: from='mgr.14152 172.21.15.73:0/3690089203' entity='mgr.x' cmd=[{"prefix": "config dump", "format": "json"}]: dispatch
