2024-02-09T23:24:30.326+0000 7fd1ee323700 1 --2- 172.21.15.73:0/2528861162 >> [v2:172.21.15.73:3300/0,v1:172.21.15.73:6789/0] conn(0x7fd1e8107810 0x7fd1e8107c30 secure :-1 s=READY pgs=20 cs=0 l=1 rev1=1 crypto rx=0x7fd1e40098a0 tx=0x7fd1e4009bb0 comp rx=0 tx=0).ready entity=mon.0 client_cookie=ae8d888c61cc1e5a server_cookie=0 in_seq=0 out_seq=0
2024-02-09T23:24:31.104 INFO:teuthology.orchestra.run.smithi073.stdout:/usr/bin/ceph: stderr
2024-02-09T23:24:30.327+0000 7fd1ed321700 1 -- 172.21.15.73:0/2528861162 <== mon.0 v2:172.21.15.73:3300/0 1 ==== mon_map magic: 0 v1 ==== 205+0+0 (secure 0 0 0) 0x7fd1e4004160 con 0x7fd1e8107810
2024-02-09T23:24:31.104 INFO:teuthology.orchestra.run.smithi073.stdout:/usr/bin/ceph: stderr
2024-02-09T23:24:30.327+0000 7fd1ed321700 1 -- 172.21.15.73:0/2528861162 <== mon.0 v2:172.21.15.73:3300/0 2 ==== config(27 keys) v1 ==== 1109+0+0 (secure 0 0 0) 0x7fd1e40042c0 con 0x7fd1e8107810
2024-02-09T23:24:31.104 INFO:teuthology.orchestra.run.smithi073.stdout:/usr/bin/ceph: stderr
2024-02-09T23:24:30.327+0000 7fd1ed321700 1 -- 172.21.15.73:0/2528861162 <== mon.0 v2:172.21.15.73:3300/0 3 ==== mon_map magic: 0 v1 ==== 205+0+0 (secure 0 0 0) 0x7fd1e4011ac0 con 0x7fd1e8107810
2024-02-09T23:24:31.104 INFO:teuthology.orchestra.run.smithi073.stdout:/usr/bin/ceph: stderr
2024-02-09T23:24:30.327+0000 7fd1f0587700 1 -- 172.21.15.73:0/2528861162 >> [v2:172.21.15.73:3300/0,v1:172.21.15.73:6789/0] conn(0x7fd1e8107810 msgr2=0x7fd1e8107c30 secure :-1 s=STATE_CONNECTION_ESTABLISHED l=1).mark_down
2024-02-09T23:24:31.104 INFO:teuthology.orchestra.run.smithi073.stdout:/usr/bin/ceph: stderr
2024-02-09T23:24:30.327+0000 7fd1f0587700 1 --2- 172.21.15.73:0/2528861162 >> [v2:172.21.15.73:3300/0,v1:172.21.15.73:6789/0] conn(0x7fd1e8107810 0x7fd1e8107c30 secure :-1 s=READY pgs=20 cs=0 l=1 rev1=1 crypto rx=0x7fd1e40098a0 tx=0x7fd1e4009bb0 comp rx=0 tx=0).stop
2024-02-09T23:24:31.104 INFO:teuthology.orchestra.run.smithi073.stdout:/usr/bin/ceph: stderr
2024-02-09T23:24:30.327+0000 7fd1f0587700 1 -- 172.21.15.73:0/2528861162 shutdown_connections
2024-02-09T23:24:31.105 INFO:teuthology.orchestra.run.smithi073.stdout:/usr/bin/ceph: stderr
2024-02-09T23:24:30.327+0000 7fd1f0587700 1 --2- 172.21.15.73:0/2528861162 >> [v2:172.21.15.73:3300/0,v1:172.21.15.73:6789/0] conn(0x7fd1e8107810 0x7fd1e8107c30 unknown :-1 s=CLOSED pgs=20 cs=0 l=1 rev1=1 crypto rx=0 tx=0 comp rx=0 tx=0).stop
2024-02-09T23:24:31.105 INFO:teuthology.orchestra.run.smithi073.stdout:/usr/bin/ceph: stderr
2024-02-09T23:24:30.327+0000 7fd1f0587700 1 -- 172.21.15.73:0/2528861162 >> 172.21.15.73:0/2528861162 conn(0x7fd1e8102e30 msgr2=0x7fd1e8105250 unknown :-1 s=STATE_NONE l=0).mark_down
2024-02-09T23:24:31.105 INFO:teuthology.orchestra.run.smithi073.stdout:/usr/bin/ceph: stderr
2024-02-09T23:24:30.327+0000 7fd1f0587700 1 -- 172.21.15.73:0/2528861162 shutdown_connections
2024-02-09T23:24:31.105 INFO:teuthology.orchestra.run.smithi073.stdout:/usr/bin/ceph: stderr
2024-02-09T23:24:30.327+0000 7fd1f0587700 1 -- 172.21.15.73:0/2528861162 wait complete.
2024-02-09T23:24:31.105 INFO:teuthology.orchestra.run.smithi073.stdout:/usr/bin/ceph: stderr
2024-02-09T23:24:30.328+0000 7fd1f0587700 1 Processor -- start
2024-02-09T23:24:31.105 INFO:teuthology.orchestra.run.smithi073.stdout:/usr/bin/ceph: stderr
2024-02-09T23:24:30.328+0000 7fd1f0587700 1 -- start start
2024-02-09T23:24:31.105 INFO:teuthology.orchestra.run.smithi073.stdout:/usr/bin/ceph: stderr
2024-02-09T23:24:30.328+0000 7fd1f0587700 1 --2- >> [v2:172.21.15.73:3300/0,v1:172.21.15.73:6789/0] conn(0x7fd1e8107810 0x7fd1e81993f0 unknown :-1 s=NONE pgs=0 cs=0 l=1 rev1=0 crypto rx=0 tx=0 comp rx=0 tx=0).connect
2024-02-09T23:24:31.105 INFO:teuthology.orchestra.run.smithi073.stdout:/usr/bin/ceph: stderr
2024-02-09T23:24:30.328+0000 7fd1f0587700 1 -- --> [v2:172.21.15.73:3300/0,v1:172.21.15.73:6789/0] -- mon_getmap magic: 0 v1 -- 0x7fd1e8199930 con 0x7fd1e8107810
2024-02-09T23:24:31.105 INFO:teuthology.orchestra.run.smithi073.stdout:/usr/bin/ceph: stderr
2024-02-09T23:24:30.328+0000 7fd1ee323700 1 --2- >> [v2:172.21.15.73:3300/0,v1:172.21.15.73:6789/0] conn(0x7fd1e8107810 0x7fd1e81993f0 unknown :-1 s=BANNER_CONNECTING pgs=0 cs=0 l=1 rev1=0 crypto rx=0 tx=0 comp rx=0 tx=0)._handle_peer_banner_payload supported=3 required=0
2024-02-09T23:24:31.105 INFO:teuthology.orchestra.run.smithi073.stdout:/usr/bin/ceph: stderr
2024-02-09T23:24:30.328+0000 7fd1ee323700 1 --2- >> [v2:172.21.15.73:3300/0,v1:172.21.15.73:6789/0] conn(0x7fd1e8107810 0x7fd1e81993f0 unknown :-1 s=HELLO_CONNECTING pgs=0 cs=0 l=1 rev1=1 crypto rx=0 tx=0 comp rx=0 tx=0).handle_hello peer v2:172.21.15.73:3300/0 says I am v2:172.21.15.73:59934/0 (socket says 172.21.15.73:59934)
2024-02-09T23:24:31.105 INFO:teuthology.orchestra.run.smithi073.stdout:/usr/bin/ceph: stderr
2024-02-09T23:24:30.328+0000 7fd1ee323700 1 -- 172.21.15.73:0/185026266 learned_addr learned my addr 172.21.15.73:0/185026266 (peer_addr_for_me v2:172.21.15.73:0/0)
2024-02-09T23:24:31.105 INFO:teuthology.orchestra.run.smithi073.stdout:/usr/bin/ceph: stderr
2024-02-09T23:24:30.329+0000 7fd1ee323700 1 -- 172.21.15.73:0/185026266 --> [v2:172.21.15.73:3300/0,v1:172.21.15.73:6789/0] -- mon_subscribe({config=0+,monmap=0+}) v3 -- 0x7fd1e4009550 con 0x7fd1e8107810
2024-02-09T23:24:31.105 INFO:teuthology.orchestra.run.smithi073.stdout:/usr/bin/ceph: stderr
2024-02-09T23:24:30.329+0000 7fd1ee323700 1 --2- 172.21.15.73:0/185026266 >> [v2:172.21.15.73:3300/0,v1:172.21.15.73:6789/0] conn(0x7fd1e8107810 0x7fd1e81993f0 secure :-1 s=READY pgs=21 cs=0 l=1 rev1=1 crypto rx=0x7fd1e4011780 tx=0x7fd1e4011b40 comp rx=0 tx=0).ready entity=mon.0 client_cookie=0 server_cookie=0 in_seq=0 out_seq=0
2024-02-09T23:24:31.105 INFO:teuthology.orchestra.run.smithi073.stdout:/usr/bin/ceph: stderr
2024-02-09T23:24:30.329+0000 7fd1df7fe700 1 -- 172.21.15.73:0/185026266 <== mon.0 v2:172.21.15.73:3300/0 1 ==== mon_map magic: 0 v1 ==== 205+0+0 (secure 0 0 0) 0x7fd1e4003af0 con 0x7fd1e8107810
2024-02-09T23:24:31.106 INFO:teuthology.orchestra.run.smithi073.stdout:/usr/bin/ceph: stderr
2024-02-09T23:24:30.329+0000 7fd1df7fe700 1 -- 172.21.15.73:0/185026266 <== mon.0 v2:172.21.15.73:3300/0 2 ==== config(27 keys) v1 ==== 1109+0+0 (secure 0 0 0) 0x7fd1e4003c50 con 0x7fd1e8107810
2024-02-09T23:24:31.106 INFO:teuthology.orchestra.run.smithi073.stdout:/usr/bin/ceph: stderr
2024-02-09T23:24:30.329+0000 7fd1f0587700 1 -- 172.21.15.73:0/185026266 --> [v2:172.21.15.73:3300/0,v1:172.21.15.73:6789/0] -- mon_subscribe({mgrmap=0+}) v3 -- 0x7fd1e8199b30 con 0x7fd1e8107810
2024-02-09T23:24:31.106 INFO:teuthology.orchestra.run.smithi073.stdout:/usr/bin/ceph: stderr
2024-02-09T23:24:30.329+0000 7fd1df7fe700 1 -- 172.21.15.73:0/185026266 <== mon.0 v2:172.21.15.73:3300/0 3 ==== mon_map magic: 0 v1 ==== 205+0+0 (secure 0 0 0) 0x7fd1e40197e0 con 0x7fd1e8107810
2024-02-09T23:24:31.106 INFO:teuthology.orchestra.run.smithi073.stdout:/usr/bin/ceph: stderr
2024-02-09T23:24:30.329+0000 7fd1f0587700 1 -- 172.21.15.73:0/185026266 --> [v2:172.21.15.73:3300/0,v1:172.21.15.73:6789/0] -- mon_subscribe({osdmap=0}) v3 -- 0x7fd1e8199fd0 con 0x7fd1e8107810
2024-02-09T23:24:31.106 INFO:teuthology.orchestra.run.smithi073.stdout:/usr/bin/ceph: stderr
2024-02-09T23:24:30.330+0000 7fd1df7fe700 1 -- 172.21.15.73:0/185026266 <== mon.0 v2:172.21.15.73:3300/0 4 ==== mgrmap(e 4) v1 ==== 45921+0+0 (secure 0 0 0) 0x7fd1e401aba0 con 0x7fd1e8107810
2024-02-09T23:24:31.106 INFO:teuthology.orchestra.run.smithi073.stdout:/usr/bin/ceph: stderr
2024-02-09T23:24:30.330+0000 7fd1df7fe700 1 --2- 172.21.15.73:0/185026266 >> [v2:172.21.15.73:6800/3038684029,v1:172.21.15.73:6801/3038684029] conn(0x7fd1d403d2f0 0x7fd1d403f7b0 unknown :-1 s=NONE pgs=0 cs=0 l=1 rev1=0 crypto rx=0 tx=0 comp rx=0 tx=0).connect
2024-02-09T23:24:31.106 INFO:teuthology.orchestra.run.smithi073.stdout:/usr/bin/ceph: stderr
2024-02-09T23:24:30.330+0000 7fd1df7fe700 1 -- 172.21.15.73:0/185026266 <== mon.0 v2:172.21.15.73:3300/0 5 ==== osd_map(1..1 src has 1..1) v4 ==== 725+0+0 (secure 0 0 0) 0x7fd1e404d190 con 0x7fd1e8107810
2024-02-09T23:24:31.106 INFO:teuthology.orchestra.run.smithi073.stdout:/usr/bin/ceph: stderr
2024-02-09T23:24:30.330+0000 7fd1edb22700 1 --2- 172.21.15.73:0/185026266 >> [v2:172.21.15.73:6800/3038684029,v1:172.21.15.73:6801/3038684029] conn(0x7fd1d403d2f0 0x7fd1d403f7b0 unknown :-1 s=BANNER_CONNECTING pgs=0 cs=0 l=1 rev1=0 crypto rx=0 tx=0 comp rx=0 tx=0)._handle_peer_banner_payload supported=3 required=0
2024-02-09T23:24:31.106 INFO:teuthology.orchestra.run.smithi073.stdout:/usr/bin/ceph: stderr
2024-02-09T23:24:30.330+0000 7fd1f0587700 1 -- 172.21.15.73:0/185026266 --> [v2:172.21.15.73:3300/0,v1:172.21.15.73:6789/0] -- mon_command({"prefix": "get_command_descriptions"} v 0) v1 -- 0x7fd1e81930b0 con 0x7fd1e8107810
2024-02-09T23:24:31.106 INFO:teuthology.orchestra.run.smithi073.stdout:/usr/bin/ceph: stderr
2024-02-09T23:24:30.330+0000 7fd1edb22700 1 --2- 172.21.15.73:0/185026266 >> [v2:172.21.15.73:6800/3038684029,v1:172.21.15.73:6801/3038684029] conn(0x7fd1d403d2f0 0x7fd1d403f7b0 secure :-1 s=READY pgs=7 cs=0 l=1 rev1=1 crypto rx=0x7fd1d8006fd0 tx=0x7fd1d8006e40 comp rx=0 tx=0).ready entity=mgr.14100 client_cookie=0 server_cookie=0 in_seq=0 out_seq=0
2024-02-09T23:24:31.106 INFO:teuthology.orchestra.run.smithi073.stdout:/usr/bin/ceph: stderr
2024-02-09T23:24:30.335+0000 7fd1df7fe700 1 -- 172.21.15.73:0/185026266 <== mon.0 v2:172.21.15.73:3300/0 6 ==== mon_command_ack([{"prefix": "get_command_descriptions"}]=0 v0) v1 ==== 72+0+183564 (secure 0 0 0) 0x7fd1e401a430 con 0x7fd1e8107810
2024-02-09T23:24:31.106 INFO:teuthology.orchestra.run.smithi073.stdout:/usr/bin/ceph: stderr
2024-02-09T23:24:30.524+0000 7fd1f0587700 1 -- 172.21.15.73:0/185026266 --> [v2:172.21.15.73:3300/0,v1:172.21.15.73:6789/0] -- mon_command({"prefix": "config assimilate-conf"} v 0) v1 -- 0x7fd1e8068e20 con 0x7fd1e8107810
2024-02-09T23:24:31.106 INFO:teuthology.orchestra.run.smithi073.stdout:/usr/bin/ceph: stderr
2024-02-09T23:24:30.525+0000 7fd1df7fe700 1 -- 172.21.15.73:0/185026266 <== mon.0 v2:172.21.15.73:3300/0 7 ==== mon_command_ack([{"prefix": "config assimilate-conf"}]=0 v3) v1 ==== 70+0+373 (secure 0 0 0) 0x7fd1e402dba0 con 0x7fd1e8107810
2024-02-09T23:24:31.106 INFO:teuthology.orchestra.run.smithi073.stdout:/usr/bin/ceph: stderr
2024-02-09T23:24:30.527+0000 7fd1f0587700 1 -- 172.21.15.73:0/185026266 >> [v2:172.21.15.73:6800/3038684029,v1:172.21.15.73:6801/3038684029] conn(0x7fd1d403d2f0 msgr2=0x7fd1d403f7b0 secure :-1 s=STATE_CONNECTION_ESTABLISHED l=1).mark_down
2024-02-09T23:24:31.107 INFO:teuthology.orchestra.run.smithi073.stdout:/usr/bin/ceph: stderr
2024-02-09T23:24:30.527+0000 7fd1f0587700 1 --2- 172.21.15.73:0/185026266 >> [v2:172.21.15.73:6800/3038684029,v1:172.21.15.73:6801/3038684029] conn(0x7fd1d403d2f0 0x7fd1d403f7b0 secure :-1 s=READY pgs=7 cs=0 l=1 rev1=1 crypto rx=0x7fd1d8006fd0 tx=0x7fd1d8006e40 comp rx=0 tx=0).stop
2024-02-09T23:24:31.107 INFO:teuthology.orchestra.run.smithi073.stdout:/usr/bin/ceph: stderr
2024-02-09T23:24:30.527+0000 7fd1f0587700 1 -- 172.21.15.73:0/185026266 >> [v2:172.21.15.73:3300/0,v1:172.21.15.73:6789/0] conn(0x7fd1e8107810 msgr2=0x7fd1e81993f0 secure :-1 s=STATE_CONNECTION_ESTABLISHED l=1).mark_down
2024-02-09T23:24:31.107 INFO:teuthology.orchestra.run.smithi073.stdout:/usr/bin/ceph: stderr
2024-02-09T23:24:30.527+0000 7fd1f0587700 1 --2- 172.21.15.73:0/185026266 >> [v2:172.21.15.73:3300/0,v1:172.21.15.73:6789/0] conn(0x7fd1e8107810 0x7fd1e81993f0 secure :-1 s=READY pgs=21 cs=0 l=1 rev1=1 crypto rx=0x7fd1e4011780 tx=0x7fd1e4011b40 comp rx=0 tx=0).stop
2024-02-09T23:24:31.107 INFO:teuthology.orchestra.run.smithi073.stdout:/usr/bin/ceph: stderr
2024-02-09T23:24:30.527+0000 7fd1f0587700 1 -- 172.21.15.73:0/185026266 shutdown_connections
2024-02-09T23:24:31.107 INFO:teuthology.orchestra.run.smithi073.stdout:/usr/bin/ceph: stderr
2024-02-09T23:24:30.527+0000 7fd1f0587700 1 --2- 172.21.15.73:0/185026266 >> [v2:172.21.15.73:6800/3038684029,v1:172.21.15.73:6801/3038684029] conn(0x7fd1d403d2f0 0x7fd1d403f7b0 unknown :-1 s=CLOSED pgs=7 cs=0 l=1 rev1=1 crypto rx=0 tx=0 comp rx=0 tx=0).stop
2024-02-09T23:24:31.107 INFO:teuthology.orchestra.run.smithi073.stdout:/usr/bin/ceph: stderr
2024-02-09T23:24:30.527+0000 7fd1f0587700 1 --2- 172.21.15.73:0/185026266 >> [v2:172.21.15.73:3300/0,v1:172.21.15.73:6789/0] conn(0x7fd1e8107810 0x7fd1e81993f0 unknown :-1 s=CLOSED pgs=21 cs=0 l=1 rev1=1 crypto rx=0 tx=0 comp rx=0 tx=0).stop
2024-02-09T23:24:31.107 INFO:teuthology.orchestra.run.smithi073.stdout:/usr/bin/ceph: stderr
2024-02-09T23:24:30.527+0000 7fd1f0587700 1 -- 172.21.15.73:0/185026266 >> 172.21.15.73:0/185026266 conn(0x7fd1e8102e30 msgr2=0x7fd1e8103210 unknown :-1 s=STATE_NONE l=0).mark_down
2024-02-09T23:24:31.107 INFO:teuthology.orchestra.run.smithi073.stdout:/usr/bin/ceph: stderr
2024-02-09T23:24:30.527+0000 7fd1f0587700 1 -- 172.21.15.73:0/185026266 shutdown_connections
2024-02-09T23:24:31.107 INFO:teuthology.orchestra.run.smithi073.stdout:/usr/bin/ceph: stderr
2024-02-09T23:24:30.527+0000 7fd1f0587700 1 -- 172.21.15.73:0/185026266 wait complete.
2024-02-09T23:24:31.107 INFO:teuthology.orchestra.run.smithi073.stdout:Enabling cephadm module...
2024-02-09T23:24:32.357 INFO:journalctl@ceph.mon.a.smithi073.stdout:Feb 09 23:24:32 smithi073 ceph-mon[32516]: from='client.? 172.21.15.73:0/1993360729' entity='client.admin' cmd=[{"prefix": "mgr module enable", "module": "cephadm"}]: dispatch
2024-02-09T23:24:32.357 INFO:journalctl@ceph.mgr.x.smithi073.stdout:Feb 09 23:24:32 smithi073 ceph-33d49116-c7a2-11ee-95b8-87774f69a715-mgr-x[32747]: ignoring --setuser ceph since I am not root
2024-02-09T23:24:32.357 INFO:journalctl@ceph.mgr.x.smithi073.stdout:Feb 09 23:24:32 smithi073 ceph-33d49116-c7a2-11ee-95b8-87774f69a715-mgr-x[32747]: ignoring --setgroup ceph since I am not root
2024-02-09T23:24:32.651 INFO:teuthology.orchestra.run.smithi073.stdout:/usr/bin/ceph: stderr
2024-02-09T23:24:31.525+0000 7f5f7618f700 1 Processor -- start
2024-02-09T23:24:32.651 INFO:teuthology.orchestra.run.smithi073.stdout:/usr/bin/ceph: stderr
2024-02-09T23:24:31.525+0000 7f5f7618f700 1 -- start start
2024-02-09T23:24:32.652 INFO:teuthology.orchestra.run.smithi073.stdout:/usr/bin/ceph: stderr
2024-02-09T23:24:31.525+0000 7f5f7618f700 1 --2- >> [v2:172.21.15.73:3300/0,v1:172.21.15.73:6789/0] conn(0x7f5f701066a0 0x7f5f70106ac0 unknown :-1 s=NONE pgs=0 cs=0 l=0 rev1=0 crypto rx=0 tx=0 comp rx=0 tx=0).connect
2024-02-09T23:24:32.652 INFO:teuthology.orchestra.run.smithi073.stdout:/usr/bin/ceph: stderr
2024-02-09T23:24:31.525+0000 7f5f7618f700 1 -- --> [v2:172.21.15.73:3300/0,v1:172.21.15.73:6789/0] -- mon_getmap magic: 0 v1 -- 0x7f5f70107090 con 0x7f5f701066a0
2024-02-09T23:24:32.652 INFO:teuthology.orchestra.run.smithi073.stdout:/usr/bin/ceph: stderr
2024-02-09T23:24:31.525+0000 7f5f6f7fe700 1 --2- >> [v2:172.21.15.73:3300/0,v1:172.21.15.73:6789/0] conn(0x7f5f701066a0 0x7f5f70106ac0 unknown :-1 s=BANNER_CONNECTING pgs=0 cs=0 l=0 rev1=0 crypto rx=0 tx=0 comp rx=0 tx=0)._handle_peer_banner_payload supported=3 required=0
2024-02-09T23:24:32.652 INFO:teuthology.orchestra.run.smithi073.stdout:/usr/bin/ceph: stderr
2024-02-09T23:24:31.525+0000 7f5f6f7fe700 1 --2- >> [v2:172.21.15.73:3300/0,v1:172.21.15.73:6789/0] conn(0x7f5f701066a0 0x7f5f70106ac0 unknown :-1 s=HELLO_CONNECTING pgs=0 cs=0 l=0 rev1=1 crypto rx=0 tx=0 comp rx=0 tx=0).handle_hello peer v2:172.21.15.73:3300/0 says I am v2:172.21.15.73:59950/0 (socket says 172.21.15.73:59950)
2024-02-09T23:24:32.652 INFO:teuthology.orchestra.run.smithi073.stdout:/usr/bin/ceph: stderr
2024-02-09T23:24:31.525+0000 7f5f6f7fe700 1 -- 172.21.15.73:0/3182062630 learned_addr learned my addr 172.21.15.73:0/3182062630 (peer_addr_for_me v2:172.21.15.73:0/0)
2024-02-09T23:24:32.652 INFO:teuthology.orchestra.run.smithi073.stdout:/usr/bin/ceph: stderr
2024-02-09T23:24:31.525+0000 7f5f6f7fe700 1 -- 172.21.15.73:0/3182062630 --> [v2:172.21.15.73:3300/0,v1:172.21.15.73:6789/0] -- mon_subscribe({config=0+,monmap=0+}) v3 -- 0x7f5f701078a0 con 0x7f5f701066a0
2024-02-09T23:24:32.652 INFO:teuthology.orchestra.run.smithi073.stdout:/usr/bin/ceph: stderr
2024-02-09T23:24:31.525+0000 7f5f6f7fe700 1 --2- 172.21.15.73:0/3182062630 >> [v2:172.21.15.73:3300/0,v1:172.21.15.73:6789/0] conn(0x7f5f701066a0 0x7f5f70106ac0 secure :-1 s=READY pgs=22 cs=0 l=1 rev1=1 crypto rx=0x7f5f600098a0 tx=0x7f5f60009bb0 comp rx=0 tx=0).ready entity=mon.0 client_cookie=c328a5a7b687f197 server_cookie=0 in_seq=0 out_seq=0
2024-02-09T23:24:32.652 INFO:teuthology.orchestra.run.smithi073.stdout:/usr/bin/ceph: stderr
2024-02-09T23:24:31.526+0000 7f5f6e7fc700 1 -- 172.21.15.73:0/3182062630 <== mon.0 v2:172.21.15.73:3300/0 1 ==== mon_map magic: 0 v1 ==== 205+0+0 (secure 0 0 0) 0x7f5f60004160 con 0x7f5f701066a0
2024-02-09T23:24:32.652 INFO:teuthology.orchestra.run.smithi073.stdout:/usr/bin/ceph: stderr
2024-02-09T23:24:31.526+0000 7f5f6e7fc700 1 -- 172.21.15.73:0/3182062630 <== mon.0 v2:172.21.15.73:3300/0 2 ==== config(27 keys) v1 ==== 1109+0+0 (secure 0 0 0) 0x7f5f600042c0 con 0x7f5f701066a0
2024-02-09T23:24:32.652 INFO:teuthology.orchestra.run.smithi073.stdout:/usr/bin/ceph: stderr
2024-02-09T23:24:31.526+0000 7f5f6e7fc700 1 -- 172.21.15.73:0/3182062630 <== mon.0 v2:172.21.15.73:3300/0 3 ==== mon_map magic: 0 v1 ==== 205+0+0 (secure 0 0 0) 0x7f5f60011ac0 con 0x7f5f701066a0
2024-02-09T23:24:32.652 INFO:teuthology.orchestra.run.smithi073.stdout:/usr/bin/ceph: stderr
2024-02-09T23:24:31.526+0000 7f5f7618f700 1 -- 172.21.15.73:0/3182062630 >> [v2:172.21.15.73:3300/0,v1:172.21.15.73:6789/0] conn(0x7f5f701066a0 msgr2=0x7f5f70106ac0 secure :-1 s=STATE_CONNECTION_ESTABLISHED l=1).mark_down
2024-02-09T23:24:32.653 INFO:teuthology.orchestra.run.smithi073.stdout:/usr/bin/ceph: stderr
2024-02-09T23:24:31.526+0000 7f5f7618f700 1 --2- 172.21.15.73:0/3182062630 >> [v2:172.21.15.73:3300/0,v1:172.21.15.73:6789/0] conn(0x7f5f701066a0 0x7f5f70106ac0 secure :-1 s=READY pgs=22 cs=0 l=1 rev1=1 crypto rx=0x7f5f600098a0 tx=0x7f5f60009bb0 comp rx=0 tx=0).stop
2024-02-09T23:24:32.653 INFO:teuthology.orchestra.run.smithi073.stdout:/usr/bin/ceph: stderr
2024-02-09T23:24:31.526+0000 7f5f7618f700 1 -- 172.21.15.73:0/3182062630 shutdown_connections
2024-02-09T23:24:32.653 INFO:teuthology.orchestra.run.smithi073.stdout:/usr/bin/ceph: stderr
2024-02-09T23:24:31.526+0000 7f5f7618f700 1 --2- 172.21.15.73:0/3182062630 >> [v2:172.21.15.73:3300/0,v1:172.21.15.73:6789/0] conn(0x7f5f701066a0 0x7f5f70106ac0 unknown :-1 s=CLOSED pgs=22 cs=0 l=1 rev1=1 crypto rx=0 tx=0 comp rx=0 tx=0).stop
2024-02-09T23:24:32.653 INFO:teuthology.orchestra.run.smithi073.stdout:/usr/bin/ceph: stderr
2024-02-09T23:24:31.526+0000 7f5f7618f700 1 -- 172.21.15.73:0/3182062630 >> 172.21.15.73:0/3182062630 conn(0x7f5f70101ca0 msgr2=0x7f5f701040c0 unknown :-1 s=STATE_NONE l=0).mark_down
2024-02-09T23:24:32.653 INFO:teuthology.orchestra.run.smithi073.stdout:/usr/bin/ceph: stderr
2024-02-09T23:24:31.526+0000 7f5f7618f700 1 -- 172.21.15.73:0/3182062630 shutdown_connections
2024-02-09T23:24:32.653 INFO:teuthology.orchestra.run.smithi073.stdout:/usr/bin/ceph: stderr
2024-02-09T23:24:31.526+0000 7f5f7618f700 1 -- 172.21.15.73:0/3182062630 wait complete.
2024-02-09T23:24:32.653 INFO:teuthology.orchestra.run.smithi073.stdout:/usr/bin/ceph: stderr
2024-02-09T23:24:31.527+0000 7f5f7618f700 1 Processor -- start
2024-02-09T23:24:32.653 INFO:teuthology.orchestra.run.smithi073.stdout:/usr/bin/ceph: stderr
2024-02-09T23:24:31.527+0000 7f5f7618f700 1 -- start start
2024-02-09T23:24:32.653 INFO:teuthology.orchestra.run.smithi073.stdout:/usr/bin/ceph: stderr
2024-02-09T23:24:31.527+0000 7f5f7618f700 1 --2- >> [v2:172.21.15.73:3300/0,v1:172.21.15.73:6789/0] conn(0x7f5f701066a0 0x7f5f7019b610 unknown :-1 s=NONE pgs=0 cs=0 l=1 rev1=0 crypto rx=0 tx=0 comp rx=0 tx=0).connect
2024-02-09T23:24:32.653 INFO:teuthology.orchestra.run.smithi073.stdout:/usr/bin/ceph: stderr
2024-02-09T23:24:31.527+0000 7f5f7618f700 1 -- --> [v2:172.21.15.73:3300/0,v1:172.21.15.73:6789/0] -- mon_getmap magic: 0 v1 -- 0x7f5f7019bb50 con 0x7f5f701066a0
2024-02-09T23:24:32.653 INFO:teuthology.orchestra.run.smithi073.stdout:/usr/bin/ceph: stderr
2024-02-09T23:24:31.527+0000 7f5f6f7fe700 1 --2- >> [v2:172.21.15.73:3300/0,v1:172.21.15.73:6789/0] conn(0x7f5f701066a0 0x7f5f7019b610 unknown :-1 s=BANNER_CONNECTING pgs=0 cs=0 l=1 rev1=0 crypto rx=0 tx=0 comp rx=0 tx=0)._handle_peer_banner_payload supported=3 required=0
2024-02-09T23:24:32.653 INFO:teuthology.orchestra.run.smithi073.stdout:/usr/bin/ceph: stderr
2024-02-09T23:24:31.527+0000 7f5f6f7fe700 1 --2- >> [v2:172.21.15.73:3300/0,v1:172.21.15.73:6789/0] conn(0x7f5f701066a0 0x7f5f7019b610 unknown :-1 s=HELLO_CONNECTING pgs=0 cs=0 l=1 rev1=1 crypto rx=0 tx=0 comp rx=0 tx=0).handle_hello peer v2:172.21.15.73:3300/0 says I am v2:172.21.15.73:59954/0 (socket says 172.21.15.73:59954)
2024-02-09T23:24:32.653 INFO:teuthology.orchestra.run.smithi073.stdout:/usr/bin/ceph: stderr
2024-02-09T23:24:31.527+0000 7f5f6f7fe700 1 -- 172.21.15.73:0/1993360729 learned_addr learned my addr 172.21.15.73:0/1993360729 (peer_addr_for_me v2:172.21.15.73:0/0)
2024-02-09T23:24:32.653 INFO:teuthology.orchestra.run.smithi073.stdout:/usr/bin/ceph: stderr
2024-02-09T23:24:31.528+0000 7f5f6f7fe700 1 -- 172.21.15.73:0/1993360729 --> [v2:172.21.15.73:3300/0,v1:172.21.15.73:6789/0] -- mon_subscribe({config=0+,monmap=0+}) v3 -- 0x7f5f60009550 con 0x7f5f701066a0
2024-02-09T23:24:32.654 INFO:teuthology.orchestra.run.smithi073.stdout:/usr/bin/ceph: stderr
2024-02-09T23:24:31.528+0000 7f5f6f7fe700 1 --2- 172.21.15.73:0/1993360729 >> [v2:172.21.15.73:3300/0,v1:172.21.15.73:6789/0] conn(0x7f5f701066a0 0x7f5f7019b610 secure :-1 s=READY pgs=23 cs=0 l=1 rev1=1 crypto rx=0x7f5f60009fb0 tx=0x7f5f60011b20 comp rx=0 tx=0).ready entity=mon.0 client_cookie=0 server_cookie=0 in_seq=0 out_seq=0
2024-02-09T23:24:32.654 INFO:teuthology.orchestra.run.smithi073.stdout:/usr/bin/ceph: stderr
2024-02-09T23:24:31.528+0000 7f5f6cff9700 1 -- 172.21.15.73:0/1993360729 <== mon.0 v2:172.21.15.73:3300/0 1 ==== mon_map magic: 0 v1 ==== 205+0+0 (secure 0 0 0) 0x7f5f600038b0 con 0x7f5f701066a0
2024-02-09T23:24:32.654 INFO:teuthology.orchestra.run.smithi073.stdout:/usr/bin/ceph: stderr
2024-02-09T23:24:31.528+0000 7f5f6cff9700 1 -- 172.21.15.73:0/1993360729 <== mon.0 v2:172.21.15.73:3300/0 2 ==== config(27 keys) v1 ==== 1109+0+0 (secure 0 0 0) 0x7f5f60003a10 con 0x7f5f701066a0
2024-02-09T23:24:32.654 INFO:teuthology.orchestra.run.smithi073.stdout:/usr/bin/ceph: stderr
2024-02-09T23:24:31.528+0000 7f5f7618f700 1 -- 172.21.15.73:0/1993360729 --> [v2:172.21.15.73:3300/0,v1:172.21.15.73:6789/0] -- mon_subscribe({mgrmap=0+}) v3 -- 0x7f5f7019bd50 con 0x7f5f701066a0
2024-02-09T23:24:32.654 INFO:teuthology.orchestra.run.smithi073.stdout:/usr/bin/ceph: stderr
2024-02-09T23:24:31.528+0000 7f5f6cff9700 1 -- 172.21.15.73:0/1993360729 <== mon.0 v2:172.21.15.73:3300/0 3 ==== mon_map magic: 0 v1 ==== 205+0+0 (secure 0 0 0) 0x7f5f600195e0 con 0x7f5f701066a0
2024-02-09T23:24:32.654 INFO:teuthology.orchestra.run.smithi073.stdout:/usr/bin/ceph: stderr
2024-02-09T23:24:31.528+0000 7f5f7618f700 1 -- 172.21.15.73:0/1993360729 --> [v2:172.21.15.73:3300/0,v1:172.21.15.73:6789/0] -- mon_subscribe({osdmap=0}) v3 -- 0x7f5f7019c1f0 con 0x7f5f701066a0
2024-02-09T23:24:32.654 INFO:teuthology.orchestra.run.smithi073.stdout:/usr/bin/ceph: stderr
2024-02-09T23:24:31.529+0000 7f5f6cff9700 1 -- 172.21.15.73:0/1993360729 <== mon.0 v2:172.21.15.73:3300/0 4 ==== mgrmap(e 4) v1 ==== 45921+0+0 (secure 0 0 0) 0x7f5f60019870 con 0x7f5f701066a0
2024-02-09T23:24:32.654 INFO:teuthology.orchestra.run.smithi073.stdout:/usr/bin/ceph: stderr
2024-02-09T23:24:31.529+0000 7f5f7618f700 1 -- 172.21.15.73:0/1993360729 --> [v2:172.21.15.73:3300/0,v1:172.21.15.73:6789/0] -- mon_command({"prefix": "get_command_descriptions"} v 0) v1 -- 0x7f5f70195740 con 0x7f5f701066a0
2024-02-09T23:24:32.654 INFO:teuthology.orchestra.run.smithi073.stdout:/usr/bin/ceph: stderr
2024-02-09T23:24:31.529+0000 7f5f6cff9700 1 --2- 172.21.15.73:0/1993360729 >> [v2:172.21.15.73:6800/3038684029,v1:172.21.15.73:6801/3038684029] conn(0x7f5f58038e90 0x7f5f5803b350 unknown :-1 s=NONE pgs=0 cs=0 l=1 rev1=0 crypto rx=0 tx=0 comp rx=0 tx=0).connect
2024-02-09T23:24:32.654 INFO:teuthology.orchestra.run.smithi073.stdout:/usr/bin/ceph: stderr
2024-02-09T23:24:31.529+0000 7f5f6cff9700 1 -- 172.21.15.73:0/1993360729 <== mon.0 v2:172.21.15.73:3300/0 5 ==== osd_map(1..1 src has 1..1) v4 ==== 725+0+0 (secure 0 0 0) 0x7f5f6004cfd0 con 0x7f5f701066a0
2024-02-09T23:24:32.654 INFO:teuthology.orchestra.run.smithi073.stdout:/usr/bin/ceph: stderr
2024-02-09T23:24:31.529+0000 7f5f6effd700 1 --2- 172.21.15.73:0/1993360729 >> [v2:172.21.15.73:6800/3038684029,v1:172.21.15.73:6801/3038684029] conn(0x7f5f58038e90 0x7f5f5803b350 unknown :-1 s=BANNER_CONNECTING pgs=0 cs=0 l=1 rev1=0 crypto rx=0 tx=0 comp rx=0 tx=0)._handle_peer_banner_payload supported=3 required=0
2024-02-09T23:24:32.654 INFO:teuthology.orchestra.run.smithi073.stdout:/usr/bin/ceph: stderr
2024-02-09T23:24:31.529+0000 7f5f6effd700 1 --2- 172.21.15.73:0/1993360729 >> [v2:172.21.15.73:6800/3038684029,v1:172.21.15.73:6801/3038684029] conn(0x7f5f58038e90 0x7f5f5803b350 secure :-1 s=READY pgs=8 cs=0 l=1 rev1=1 crypto rx=0x7f5f64006fd0 tx=0x7f5f64006e40 comp rx=0 tx=0).ready entity=mgr.14100 client_cookie=0 server_cookie=0 in_seq=0 out_seq=0
2024-02-09T23:24:32.654 INFO:teuthology.orchestra.run.smithi073.stdout:/usr/bin/ceph: stderr
2024-02-09T23:24:31.534+0000 7f5f6cff9700 1 -- 172.21.15.73:0/1993360729 <== mon.0 v2:172.21.15.73:3300/0 6 ==== mon_command_ack([{"prefix": "get_command_descriptions"}]=0 v0) v1 ==== 72+0+183564 (secure 0 0 0) 0x7f5f60019b20 con 0x7f5f701066a0
2024-02-09T23:24:32.654 INFO:teuthology.orchestra.run.smithi073.stdout:/usr/bin/ceph: stderr
2024-02-09T23:24:31.783+0000 7f5f7618f700 1 -- 172.21.15.73:0/1993360729 --> [v2:172.21.15.73:3300/0,v1:172.21.15.73:6789/0] -- mon_command({"prefix": "mgr module enable", "module": "cephadm"} v 0) v1 -- 0x7f5f7010aad0 con 0x7f5f701066a0
2024-02-09T23:24:32.655 INFO:teuthology.orchestra.run.smithi073.stdout:/usr/bin/ceph: stderr
2024-02-09T23:24:32.053+0000 7f5f6cff9700 1 -- 172.21.15.73:0/1993360729 <== mon.0 v2:172.21.15.73:3300/0 7 ==== mon_command_ack([{"prefix": "mgr module enable", "module": "cephadm"}]=0 v5) v1 ==== 86+0+0 (secure 0 0 0) 0x7f5f60018350 con 0x7f5f701066a0
2024-02-09T23:24:32.655 INFO:teuthology.orchestra.run.smithi073.stdout:/usr/bin/ceph: stderr
2024-02-09T23:24:32.055+0000 7f5f6cff9700 1 -- 172.21.15.73:0/1993360729 <== mon.0 v2:172.21.15.73:3300/0 8 ==== mgrmap(e 5) v1 ==== 45932+0+0 (secure 0 0 0) 0x7f5f6002d960 con 0x7f5f701066a0
2024-02-09T23:24:32.655 INFO:teuthology.orchestra.run.smithi073.stdout:/usr/bin/ceph: stderr
2024-02-09T23:24:32.056+0000 7f5f7618f700 1 -- 172.21.15.73:0/1993360729 >> [v2:172.21.15.73:6800/3038684029,v1:172.21.15.73:6801/3038684029] conn(0x7f5f58038e90 msgr2=0x7f5f5803b350 secure :-1 s=STATE_CONNECTION_ESTABLISHED l=1).mark_down
2024-02-09T23:24:32.655 INFO:teuthology.orchestra.run.smithi073.stdout:/usr/bin/ceph: stderr
2024-02-09T23:24:32.056+0000 7f5f7618f700 1 --2- 172.21.15.73:0/1993360729 >> [v2:172.21.15.73:6800/3038684029,v1:172.21.15.73:6801/3038684029] conn(0x7f5f58038e90 0x7f5f5803b350 secure :-1 s=READY pgs=8 cs=0 l=1 rev1=1 crypto rx=0x7f5f64006fd0 tx=0x7f5f64006e40 comp rx=0 tx=0).stop
2024-02-09T23:24:32.655 INFO:teuthology.orchestra.run.smithi073.stdout:/usr/bin/ceph: stderr
2024-02-09T23:24:32.056+0000 7f5f7618f700 1 -- 172.21.15.73:0/1993360729 >> [v2:172.21.15.73:3300/0,v1:172.21.15.73:6789/0] conn(0x7f5f701066a0 msgr2=0x7f5f7019b610 secure :-1 s=STATE_CONNECTION_ESTABLISHED l=1).mark_down
2024-02-09T23:24:32.655 INFO:teuthology.orchestra.run.smithi073.stdout:/usr/bin/ceph: stderr
2024-02-09T23:24:32.056+0000 7f5f7618f700 1 --2- 172.21.15.73:0/1993360729 >> [v2:172.21.15.73:3300/0,v1:172.21.15.73:6789/0] conn(0x7f5f701066a0 0x7f5f7019b610 secure :-1 s=READY pgs=23 cs=0 l=1 rev1=1 crypto rx=0x7f5f60009fb0 tx=0x7f5f60011b20 comp rx=0 tx=0).stop
2024-02-09T23:24:32.655 INFO:teuthology.orchestra.run.smithi073.stdout:/usr/bin/ceph: stderr
2024-02-09T23:24:32.056+0000 7f5f7618f700 1 -- 172.21.15.73:0/1993360729 shutdown_connections
2024-02-09T23:24:32.655 INFO:teuthology.orchestra.run.smithi073.stdout:/usr/bin/ceph: stderr
2024-02-09T23:24:32.056+0000 7f5f7618f700 1 --2- 172.21.15.73:0/1993360729 >> [v2:172.21.15.73:6800/3038684029,v1:172.21.15.73:6801/3038684029] conn(0x7f5f58038e90 0x7f5f5803b350 unknown :-1 s=CLOSED pgs=8 cs=0 l=1 rev1=1 crypto rx=0 tx=0 comp rx=0 tx=0).stop
2024-02-09T23:24:32.655 INFO:teuthology.orchestra.run.smithi073.stdout:/usr/bin/ceph: stderr
2024-02-09T23:24:32.056+0000 7f5f7618f700 1 --2- 172.21.15.73:0/1993360729 >> [v2:172.21.15.73:3300/0,v1:172.21.15.73:6789/0] conn(0x7f5f701066a0 0x7f5f7019b610 unknown :-1 s=CLOSED pgs=23 cs=0 l=1 rev1=1 crypto rx=0 tx=0 comp rx=0 tx=0).stop
2024-02-09T23:24:32.655 INFO:teuthology.orchestra.run.smithi073.stdout:/usr/bin/ceph: stderr
2024-02-09T23:24:32.056+0000 7f5f7618f700 1 -- 172.21.15.73:0/1993360729 >> 172.21.15.73:0/1993360729 conn(0x7f5f70101ca0 msgr2=0x7f5f70102b60 unknown :-1 s=STATE_NONE l=0).mark_down
2024-02-09T23:24:32.655 INFO:teuthology.orchestra.run.smithi073.stdout:/usr/bin/ceph: stderr
2024-02-09T23:24:32.057+0000 7f5f7618f700 1 -- 172.21.15.73:0/1993360729 shutdown_connections
2024-02-09T23:24:32.655 INFO:teuthology.orchestra.run.smithi073.stdout:/usr/bin/ceph: stderr
2024-02-09T23:24:32.057+0000 7f5f7618f700 1 -- 172.21.15.73:0/1993360729 wait complete.
2024-02-09T23:24:32.945 INFO:journalctl@ceph.mgr.x.smithi073.stdout:Feb 09 23:24:32 smithi073 ceph-33d49116-c7a2-11ee-95b8-87774f69a715-mgr-x[32747]:
2024-02-09T23:24:32.608+0000 7f060599e200 -1 mgr[py] Module osd_perf_query has missing NOTIFY_TYPES member
2024-02-09T23:24:32.945 INFO:journalctl@ceph.mgr.x.smithi073.stdout:Feb 09 23:24:32 smithi073 ceph-33d49116-c7a2-11ee-95b8-87774f69a715-mgr-x[32747]:
2024-02-09T23:24:32.706+0000 7f060599e200 -1 mgr[py] Module snap_schedule has missing NOTIFY_TYPES member
2024-02-09T23:24:33.341 INFO:journalctl@ceph.mon.a.smithi073.stdout:Feb 09 23:24:33 smithi073 ceph-mon[32516]: from='client.? 172.21.15.73:0/1993360729' entity='client.admin' cmd='[{"prefix": "mgr module enable", "module": "cephadm"}]': finished
2024-02-09T23:24:33.342 INFO:journalctl@ceph.mon.a.smithi073.stdout:Feb 09 23:24:33 smithi073 ceph-mon[32516]: mgrmap e5: x(active, since 13s)
2024-02-09T23:24:33.602 INFO:journalctl@ceph.mgr.x.smithi073.stdout:Feb 09 23:24:33 smithi073 ceph-33d49116-c7a2-11ee-95b8-87774f69a715-mgr-x[32747]:
2024-02-09T23:24:33.358+0000 7f060599e200 -1 mgr[py] Module zabbix has missing NOTIFY_TYPES member
2024-02-09T23:24:33.602 INFO:journalctl@ceph.mgr.x.smithi073.stdout:Feb 09 23:24:33 smithi073 ceph-33d49116-c7a2-11ee-95b8-87774f69a715-mgr-x[32747]:
2024-02-09T23:24:33.458+0000 7f060599e200 -1 mgr[py] Module balancer has missing NOTIFY_TYPES member
2024-02-09T23:24:33.603 INFO:journalctl@ceph.mgr.x.smithi073.stdout:Feb 09 23:24:33 smithi073 ceph-33d49116-c7a2-11ee-95b8-87774f69a715-mgr-x[32747]:
2024-02-09T23:24:33.599+0000 7f060599e200 -1 mgr[py] Module influx has missing NOTIFY_TYPES member
2024-02-09T23:24:33.864 INFO:journalctl@ceph.mgr.x.smithi073.stdout:Feb 09 23:24:33 smithi073 ceph-33d49116-c7a2-11ee-95b8-87774f69a715-mgr-x[32747]:
2024-02-09T23:24:33.694+0000 7f060599e200 -1 mgr[py] Module alerts has missing NOTIFY_TYPES member
2024-02-09T23:24:33.864 INFO:journalctl@ceph.mgr.x.smithi073.stdout:Feb 09 23:24:33 smithi073 ceph-33d49116-c7a2-11ee-95b8-87774f69a715-mgr-x[32747]:
2024-02-09T23:24:33.779+0000 7f060599e200 -1 mgr[py] Module iostat has missing NOTIFY_TYPES member
2024-02-09T23:24:34.148 INFO:journalctl@ceph.mon.a.smithi073.stdout:Feb 09 23:24:34 smithi073 ceph-mon[32516]: from='client.? 172.21.15.73:0/2324941467' entity='client.admin' cmd=[{"prefix": "mgr stat"}]: dispatch
2024-02-09T23:24:34.148 INFO:journalctl@ceph.mgr.x.smithi073.stdout:Feb 09 23:24:34 smithi073 ceph-33d49116-c7a2-11ee-95b8-87774f69a715-mgr-x[32747]:
2024-02-09T23:24:34.045+0000 7f060599e200 -1 mgr[py] Module rgw has missing NOTIFY_TYPES member
2024-02-09T23:24:34.157 INFO:teuthology.orchestra.run.smithi073.stdout:/usr/bin/ceph: stdout {
2024-02-09T23:24:34.157 INFO:teuthology.orchestra.run.smithi073.stdout:/usr/bin/ceph: stdout "epoch": 5,
2024-02-09T23:24:34.157 INFO:teuthology.orchestra.run.smithi073.stdout:/usr/bin/ceph: stdout "available": true,
2024-02-09T23:24:34.157 INFO:teuthology.orchestra.run.smithi073.stdout:/usr/bin/ceph: stdout "active_name": "x",
2024-02-09T23:24:34.157 INFO:teuthology.orchestra.run.smithi073.stdout:/usr/bin/ceph: stdout "num_standby": 0
2024-02-09T23:24:34.157 INFO:teuthology.orchestra.run.smithi073.stdout:/usr/bin/ceph: stdout }
2024-02-09T23:24:34.157 INFO:teuthology.orchestra.run.smithi073.stdout:/usr/bin/ceph: stderr
2024-02-09T23:24:33.134+0000 7fe08f9b3700 1 Processor -- start
2024-02-09T23:24:34.157 INFO:teuthology.orchestra.run.smithi073.stdout:/usr/bin/ceph: stderr
2024-02-09T23:24:33.134+0000 7fe08f9b3700 1 -- start start
2024-02-09T23:24:34.158 INFO:teuthology.orchestra.run.smithi073.stdout:/usr/bin/ceph: stderr
2024-02-09T23:24:33.134+0000 7fe08f9b3700 1 --2- >> [v2:172.21.15.73:3300/0,v1:172.21.15.73:6789/0] conn(0x7fe088105a30 0x7fe088105e50 unknown :-1 s=NONE pgs=0 cs=0 l=0 rev1=0 crypto rx=0 tx=0 comp rx=0 tx=0).connect
2024-02-09T23:24:34.158 INFO:teuthology.orchestra.run.smithi073.stdout:/usr/bin/ceph: stderr
2024-02-09T23:24:33.134+0000 7fe08f9b3700 1 -- --> [v2:172.21.15.73:3300/0,v1:172.21.15.73:6789/0] -- mon_getmap magic: 0 v1 -- 0x7fe088106420 con 0x7fe088105a30
2024-02-09T23:24:34.158 INFO:teuthology.orchestra.run.smithi073.stdout:/usr/bin/ceph: stderr
2024-02-09T23:24:33.134+0000 7fe08d74f700 1 --2- >> [v2:172.21.15.73:3300/0,v1:172.21.15.73:6789/0] conn(0x7fe088105a30 0x7fe088105e50 unknown :-1 s=BANNER_CONNECTING pgs=0 cs=0 l=0 rev1=0 crypto rx=0 tx=0 comp rx=0 tx=0)._handle_peer_banner_payload supported=3 required=0
2024-02-09T23:24:34.158 INFO:teuthology.orchestra.run.smithi073.stdout:/usr/bin/ceph: stderr
2024-02-09T23:24:33.134+0000 7fe08d74f700 1 --2- >> [v2:172.21.15.73:3300/0,v1:172.21.15.73:6789/0] conn(0x7fe088105a30 0x7fe088105e50 unknown :-1 s=HELLO_CONNECTING pgs=0 cs=0 l=0 rev1=1 crypto rx=0 tx=0 comp rx=0 tx=0).handle_hello peer v2:172.21.15.73:3300/0 says I am v2:172.21.15.73:59976/0 (socket says 172.21.15.73:59976)
2024-02-09T23:24:34.158 INFO:teuthology.orchestra.run.smithi073.stdout:/usr/bin/ceph: stderr
2024-02-09T23:24:33.134+0000 7fe08d74f700 1 -- 172.21.15.73:0/1000567044 learned_addr learned my addr 172.21.15.73:0/1000567044 (peer_addr_for_me v2:172.21.15.73:0/0)
2024-02-09T23:24:34.158 INFO:teuthology.orchestra.run.smithi073.stdout:/usr/bin/ceph: stderr
2024-02-09T23:24:33.135+0000 7fe08d74f700 1 -- 172.21.15.73:0/1000567044 --> [v2:172.21.15.73:3300/0,v1:172.21.15.73:6789/0] -- mon_subscribe({config=0+,monmap=0+}) v3 -- 0x7fe088106560 con 0x7fe088105a30
2024-02-09T23:24:34.158 INFO:teuthology.orchestra.run.smithi073.stdout:/usr/bin/ceph: stderr
2024-02-09T23:24:33.135+0000 7fe08d74f700 1 --2- 172.21.15.73:0/1000567044 >> [v2:172.21.15.73:3300/0,v1:172.21.15.73:6789/0] conn(0x7fe088105a30 0x7fe088105e50 secure :-1 s=READY pgs=26 cs=0 l=1 rev1=1 crypto rx=0x7fe0840098a0 tx=0x7fe084009bb0 comp rx=0 tx=0).ready entity=mon.0 client_cookie=724f7a02b66a49b8 server_cookie=0 in_seq=0 out_seq=0
2024-02-09T23:24:34.158 INFO:teuthology.orchestra.run.smithi073.stdout:/usr/bin/ceph: stderr
2024-02-09T23:24:33.135+0000 7fe07ffff700 1 -- 172.21.15.73:0/1000567044 <== mon.0 v2:172.21.15.73:3300/0 1 ==== mon_map magic: 0 v1 ==== 205+0+0 (secure 0 0 0) 0x7fe084004160 con 0x7fe088105a30
2024-02-09T23:24:34.158 INFO:teuthology.orchestra.run.smithi073.stdout:/usr/bin/ceph: stderr
2024-02-09T23:24:33.135+0000 7fe07ffff700 1 -- 172.21.15.73:0/1000567044 <== mon.0 v2:172.21.15.73:3300/0 2 ==== config(27 keys) v1 ==== 1109+0+0 (secure 0 0 0) 0x7fe0840042c0 con 0x7fe088105a30
2024-02-09T23:24:34.158 INFO:teuthology.orchestra.run.smithi073.stdout:/usr/bin/ceph: stderr
2024-02-09T23:24:33.135+0000 7fe07ffff700 1 -- 172.21.15.73:0/1000567044 <== mon.0 v2:172.21.15.73:3300/0 3 ==== mon_map magic: 0 v1 ==== 205+0+0 (secure 0 0 0) 0x7fe084011ac0 con 0x7fe088105a30
2024-02-09T23:24:34.158 INFO:teuthology.orchestra.run.smithi073.stdout:/usr/bin/ceph: stderr
2024-02-09T23:24:33.136+0000 7fe08f9b3700 1 -- 172.21.15.73:0/1000567044 >> [v2:172.21.15.73:3300/0,v1:172.21.15.73:6789/0] conn(0x7fe088105a30 msgr2=0x7fe088105e50 secure :-1 s=STATE_CONNECTION_ESTABLISHED l=1).mark_down
2024-02-09T23:24:34.158 INFO:teuthology.orchestra.run.smithi073.stdout:/usr/bin/ceph: stderr
2024-02-09T23:24:33.136+0000 7fe08f9b3700 1 --2- 172.21.15.73:0/1000567044 >> [v2:172.21.15.73:3300/0,v1:172.21.15.73:6789/0] conn(0x7fe088105a30 0x7fe088105e50 secure :-1 s=READY pgs=26 cs=0 l=1 rev1=1 crypto rx=0x7fe0840098a0 tx=0x7fe084009bb0 comp rx=0 tx=0).stop
2024-02-09T23:24:34.159 INFO:teuthology.orchestra.run.smithi073.stdout:/usr/bin/ceph: stderr
2024-02-09T23:24:33.136+0000 7fe08f9b3700 1 -- 172.21.15.73:0/1000567044 shutdown_connections
2024-02-09T23:24:34.159 INFO:teuthology.orchestra.run.smithi073.stdout:/usr/bin/ceph: stderr
2024-02-09T23:24:33.136+0000 7fe08f9b3700 1 --2- 172.21.15.73:0/1000567044 >> [v2:172.21.15.73:3300/0,v1:172.21.15.73:6789/0] conn(0x7fe088105a30 0x7fe088105e50 unknown :-1 s=CLOSED pgs=26 cs=0 l=1 rev1=1 crypto rx=0 tx=0 comp rx=0 tx=0).stop
2024-02-09T23:24:34.159 INFO:teuthology.orchestra.run.smithi073.stdout:/usr/bin/ceph: stderr
2024-02-09T23:24:33.136+0000 7fe08f9b3700 1 -- 172.21.15.73:0/1000567044 >> 172.21.15.73:0/1000567044 conn(0x7fe0881013b0 msgr2=0x7fe0881037d0 unknown :-1 s=STATE_NONE l=0).mark_down
2024-02-09T23:24:34.159 INFO:teuthology.orchestra.run.smithi073.stdout:/usr/bin/ceph: stderr
2024-02-09T23:24:33.136+0000 7fe08f9b3700 1 -- 172.21.15.73:0/1000567044 shutdown_connections
2024-02-09T23:24:34.159 INFO:teuthology.orchestra.run.smithi073.stdout:/usr/bin/ceph: stderr
2024-02-09T23:24:33.136+0000 7fe08f9b3700 1 -- 172.21.15.73:0/1000567044 wait complete.
2024-02-09T23:24:34.159 INFO:teuthology.orchestra.run.smithi073.stdout:/usr/bin/ceph: stderr
2024-02-09T23:24:33.136+0000 7fe08f9b3700 1 Processor -- start
2024-02-09T23:24:34.159 INFO:teuthology.orchestra.run.smithi073.stdout:/usr/bin/ceph: stderr
2024-02-09T23:24:33.136+0000 7fe08f9b3700 1 -- start start
2024-02-09T23:24:34.159 INFO:teuthology.orchestra.run.smithi073.stdout:/usr/bin/ceph: stderr
2024-02-09T23:24:33.136+0000 7fe08f9b3700 1 --2- >> [v2:172.21.15.73:3300/0,v1:172.21.15.73:6789/0] conn(0x7fe088105a30 0x7fe08819b5f0 unknown :-1 s=NONE pgs=0 cs=0 l=1 rev1=0 crypto rx=0 tx=0 comp rx=0 tx=0).connect
2024-02-09T23:24:34.159 INFO:teuthology.orchestra.run.smithi073.stdout:/usr/bin/ceph: stderr
2024-02-09T23:24:33.137+0000 7fe08f9b3700 1 -- --> [v2:172.21.15.73:3300/0,v1:172.21.15.73:6789/0] -- mon_getmap magic: 0 v1 -- 0x7fe08819bb30 con 0x7fe088105a30
2024-02-09T23:24:34.159 INFO:teuthology.orchestra.run.smithi073.stdout:/usr/bin/ceph: stderr
2024-02-09T23:24:33.137+0000 7fe08d74f700 1 --2- >> [v2:172.21.15.73:3300/0,v1:172.21.15.73:6789/0] conn(0x7fe088105a30 0x7fe08819b5f0 unknown :-1 s=BANNER_CONNECTING pgs=0 cs=0 l=1 rev1=0 crypto rx=0 tx=0 comp rx=0 tx=0)._handle_peer_banner_payload supported=3 required=0
2024-02-09T23:24:34.159 INFO:teuthology.orchestra.run.smithi073.stdout:/usr/bin/ceph: stderr
2024-02-09T23:24:33.137+0000 7fe08d74f700 1 --2- >> [v2:172.21.15.73:3300/0,v1:172.21.15.73:6789/0] conn(0x7fe088105a30 0x7fe08819b5f0 unknown :-1 s=HELLO_CONNECTING pgs=0 cs=0 l=1 rev1=1 crypto rx=0 tx=0 comp rx=0 tx=0).handle_hello peer v2:172.21.15.73:3300/0 says I am v2:172.21.15.73:59992/0 (socket says 172.21.15.73:59992)
2024-02-09T23:24:34.160 INFO:teuthology.orchestra.run.smithi073.stdout:/usr/bin/ceph: stderr
2024-02-09T23:24:33.137+0000 7fe08d74f700 1 -- 172.21.15.73:0/2324941467 learned_addr learned my addr 172.21.15.73:0/2324941467 (peer_addr_for_me v2:172.21.15.73:0/0)
2024-02-09T23:24:34.160 INFO:teuthology.orchestra.run.smithi073.stdout:/usr/bin/ceph: stderr
2024-02-09T23:24:33.137+0000 7fe08d74f700 1 -- 172.21.15.73:0/2324941467 --> [v2:172.21.15.73:3300/0,v1:172.21.15.73:6789/0] -- mon_subscribe({config=0+,monmap=0+}) v3 -- 0x7fe084009550 con 0x7fe088105a30
2024-02-09T23:24:34.160 INFO:teuthology.orchestra.run.smithi073.stdout:/usr/bin/ceph: stderr
2024-02-09T23:24:33.137+0000 7fe08d74f700 1 --2- 172.21.15.73:0/2324941467 >> [v2:172.21.15.73:3300/0,v1:172.21.15.73:6789/0] conn(0x7fe088105a30 0x7fe08819b5f0 secure :-1 s=READY pgs=27 cs=0 l=1 rev1=1 crypto rx=0x7fe084009fb0 tx=0x7fe084011b20 comp rx=0 tx=0).ready entity=mon.0 client_cookie=0 server_cookie=0 in_seq=0 out_seq=0
2024-02-09T23:24:34.160 INFO:teuthology.orchestra.run.smithi073.stdout:/usr/bin/ceph: stderr
2024-02-09T23:24:33.137+0000 7fe07e7fc700 1 -- 172.21.15.73:0/2324941467 <== mon.0 v2:172.21.15.73:3300/0 1 ==== mon_map magic: 0 v1 ==== 205+0+0 (secure 0 0 0) 0x7fe0840038b0 con 0x7fe088105a30
2024-02-09T23:24:34.160 INFO:teuthology.orchestra.run.smithi073.stdout:/usr/bin/ceph: stderr
2024-02-09T23:24:33.137+0000 7fe07e7fc700 1 -- 172.21.15.73:0/2324941467 <== mon.0 v2:172.21.15.73:3300/0 2 ==== config(27 keys) v1 ==== 1109+0+0 (secure 0 0 0) 0x7fe084003a10 con 0x7fe088105a30
2024-02-09T23:24:34.160 INFO:teuthology.orchestra.run.smithi073.stdout:/usr/bin/ceph: stderr
2024-02-09T23:24:33.137+0000 7fe08f9b3700 1 -- 172.21.15.73:0/2324941467 --> [v2:172.21.15.73:3300/0,v1:172.21.15.73:6789/0] -- mon_subscribe({mgrmap=0+}) v3 -- 0x7fe08819bd30 con 0x7fe088105a30
2024-02-09T23:24:34.160 INFO:teuthology.orchestra.run.smithi073.stdout:/usr/bin/ceph: stderr
2024-02-09T23:24:33.137+0000 7fe07e7fc700 1 -- 172.21.15.73:0/2324941467 <== mon.0 v2:172.21.15.73:3300/0 3 ==== mon_map magic: 0 v1 ==== 205+0+0 (secure 0 0 0) 0x7fe0840195e0 con 0x7fe088105a30
2024-02-09T23:24:34.160 INFO:teuthology.orchestra.run.smithi073.stdout:/usr/bin/ceph: stderr
2024-02-09T23:24:33.137+0000 7fe08f9b3700 1 -- 172.21.15.73:0/2324941467 --> [v2:172.21.15.73:3300/0,v1:172.21.15.73:6789/0] -- mon_subscribe({osdmap=0}) v3 -- 0x7fe08819c1d0 con 0x7fe088105a30
2024-02-09T23:24:34.160 INFO:teuthology.orchestra.run.smithi073.stdout:/usr/bin/ceph: stderr
2024-02-09T23:24:33.138+0000 7fe07e7fc700 1 -- 172.21.15.73:0/2324941467 <== mon.0 v2:172.21.15.73:3300/0 4 ==== mgrmap(e 5) v1 ==== 45932+0+0 (secure 0 0 0) 0x7fe084019850 con 0x7fe088105a30
2024-02-09T23:24:34.160 INFO:teuthology.orchestra.run.smithi073.stdout:/usr/bin/ceph: stderr
2024-02-09T23:24:33.138+0000 7fe07e7fc700 1 --2- 172.21.15.73:0/2324941467 >> [v2:172.21.15.73:6800/3038684029,v1:172.21.15.73:6801/3038684029] conn(0x7fe074038ee0 0x7fe07403b3a0 unknown :-1 s=NONE pgs=0 cs=0 l=1 rev1=0 crypto rx=0 tx=0 comp rx=0 tx=0).connect
2024-02-09T23:24:34.160 INFO:teuthology.orchestra.run.smithi073.stdout:/usr/bin/ceph: stderr
2024-02-09T23:24:33.138+0000 7fe07e7fc700 1 -- 172.21.15.73:0/2324941467 <== mon.0 v2:172.21.15.73:3300/0 5 ==== osd_map(1..1 src has 1..1) v4 ==== 725+0+0 (secure 0 0 0) 0x7fe08404df10 con 0x7fe088105a30
2024-02-09T23:24:34.160 INFO:teuthology.orchestra.run.smithi073.stdout:/usr/bin/ceph: stderr
2024-02-09T23:24:33.138+0000 7fe08cf4e700 1 -- 172.21.15.73:0/2324941467 >> [v2:172.21.15.73:6800/3038684029,v1:172.21.15.73:6801/3038684029] conn(0x7fe074038ee0 msgr2=0x7fe07403b3a0 unknown :-1 s=STATE_CONNECTING_RE l=1).process reconnect failed to v2:172.21.15.73:6800/3038684029
2024-02-09T23:24:34.161 INFO:teuthology.orchestra.run.smithi073.stdout:/usr/bin/ceph: stderr
2024-02-09T23:24:33.138+0000 7fe08f9b3700 1 -- 172.21.15.73:0/2324941467 --> [v2:172.21.15.73:3300/0,v1:172.21.15.73:6789/0] -- mon_command({"prefix": "get_command_descriptions"} v 0) v1 -- 0x7fe088068e20 con 0x7fe088105a30
2024-02-09T23:24:34.161 INFO:teuthology.orchestra.run.smithi073.stdout:/usr/bin/ceph: stderr
2024-02-09T23:24:33.138+0000 7fe08cf4e700 1 --2- 172.21.15.73:0/2324941467 >> [v2:172.21.15.73:6800/3038684029,v1:172.21.15.73:6801/3038684029] conn(0x7fe074038ee0 0x7fe07403b3a0 unknown :-1 s=START_CONNECT pgs=0 cs=0 l=1 rev1=0 crypto rx=0 tx=0 comp rx=0 tx=0)._fault waiting 0.200000
2024-02-09T23:24:34.161 INFO:teuthology.orchestra.run.smithi073.stdout:/usr/bin/ceph: stderr
2024-02-09T23:24:33.143+0000 7fe07e7fc700 1 -- 172.21.15.73:0/2324941467 <== mon.0 v2:172.21.15.73:3300/0 6 ==== mon_command_ack([{"prefix": "get_command_descriptions"}]=0 v0) v1 ==== 72+0+183564 (secure 0 0 0) 0x7fe08402b340 con 0x7fe088105a30
2024-02-09T23:24:34.161 INFO:teuthology.orchestra.run.smithi073.stdout:/usr/bin/ceph: stderr
2024-02-09T23:24:33.339+0000 7fe08cf4e700 1 -- 172.21.15.73:0/2324941467 >> [v2:172.21.15.73:6800/3038684029,v1:172.21.15.73:6801/3038684029] conn(0x7fe074038ee0 msgr2=0x7fe07403b3a0 unknown :-1 s=STATE_CONNECTING_RE l=1).process reconnect failed to v2:172.21.15.73:6800/3038684029
2024-02-09T23:24:34.161 INFO:teuthology.orchestra.run.smithi073.stdout:/usr/bin/ceph: stderr
2024-02-09T23:24:33.339+0000 7fe08cf4e700 1 --2- 172.21.15.73:0/2324941467 >> [v2:172.21.15.73:6800/3038684029,v1:172.21.15.73:6801/3038684029] conn(0x7fe074038ee0 0x7fe07403b3a0 unknown :-1 s=START_CONNECT pgs=0 cs=0 l=1 rev1=0 crypto rx=0 tx=0 comp rx=0 tx=0)._fault waiting 0.400000
2024-02-09T23:24:34.161 INFO:teuthology.orchestra.run.smithi073.stdout:/usr/bin/ceph: stderr
2024-02-09T23:24:33.396+0000 7fe08f9b3700 1 -- 172.21.15.73:0/2324941467 --> [v2:172.21.15.73:3300/0,v1:172.21.15.73:6789/0] -- mon_command({"prefix": "mgr stat"} v 0) v1 -- 0x7fe088106cb0 con 0x7fe088105a30
2024-02-09T23:24:34.161 INFO:teuthology.orchestra.run.smithi073.stdout:/usr/bin/ceph: stderr
2024-02-09T23:24:33.397+0000 7fe07e7fc700 1 -- 172.21.15.73:0/2324941467 <== mon.0 v2:172.21.15.73:3300/0 7 ==== mon_command_ack([{"prefix": "mgr stat"}]=0 v5) v1 ==== 56+0+88 (secure 0 0 0) 0x7fe084018be0 con 0x7fe088105a30
2024-02-09T23:24:34.161 INFO:teuthology.orchestra.run.smithi073.stdout:/usr/bin/ceph: stderr
2024-02-09T23:24:33.399+0000 7fe08f9b3700 1 -- 172.21.15.73:0/2324941467 >> [v2:172.21.15.73:6800/3038684029,v1:172.21.15.73:6801/3038684029] conn(0x7fe074038ee0 msgr2=0x7fe07403b3a0 unknown :-1 s=STATE_CONNECTING l=1).mark_down
2024-02-09T23:24:34.161 INFO:teuthology.orchestra.run.smithi073.stdout:/usr/bin/ceph: stderr
2024-02-09T23:24:33.399+0000 7fe08f9b3700 1 --2- 172.21.15.73:0/2324941467 >> [v2:172.21.15.73:6800/3038684029,v1:172.21.15.73:6801/3038684029] conn(0x7fe074038ee0 0x7fe07403b3a0 unknown :-1 s=START_CONNECT pgs=0 cs=0 l=1 rev1=0 crypto rx=0 tx=0 comp rx=0 tx=0).stop
2024-02-09T23:24:34.161 INFO:teuthology.orchestra.run.smithi073.stdout:/usr/bin/ceph: stderr
2024-02-09T23:24:33.399+0000 7fe08f9b3700 1 -- 172.21.15.73:0/2324941467 >> [v2:172.21.15.73:3300/0,v1:172.21.15.73:6789/0] conn(0x7fe088105a30 msgr2=0x7fe08819b5f0 secure :-1 s=STATE_CONNECTION_ESTABLISHED l=1).mark_down
2024-02-09T23:24:34.162 INFO:teuthology.orchestra.run.smithi073.stdout:/usr/bin/ceph: stderr
2024-02-09T23:24:33.399+0000 7fe08f9b3700 1 --2- 172.21.15.73:0/2324941467 >> [v2:172.21.15.73:3300/0,v1:172.21.15.73:6789/0] conn(0x7fe088105a30 0x7fe08819b5f0 secure :-1 s=READY pgs=27 cs=0 l=1 rev1=1 crypto rx=0x7fe084009fb0 tx=0x7fe084011b20 comp rx=0 tx=0).stop
2024-02-09T23:24:34.162 INFO:teuthology.orchestra.run.smithi073.stdout:/usr/bin/ceph: stderr
2024-02-09T23:24:33.399+0000 7fe08f9b3700 1 -- 172.21.15.73:0/2324941467 shutdown_connections
2024-02-09T23:24:34.162 INFO:teuthology.orchestra.run.smithi073.stdout:/usr/bin/ceph: stderr
2024-02-09T23:24:33.399+0000 7fe08f9b3700 1 --2- 172.21.15.73:0/2324941467 >> [v2:172.21.15.73:6800/3038684029,v1:172.21.15.73:6801/3038684029] conn(0x7fe074038ee0 0x7fe07403b3a0 unknown :-1 s=CLOSED pgs=0 cs=0 l=1 rev1=0 crypto rx=0 tx=0 comp rx=0 tx=0).stop
2024-02-09T23:24:34.162 INFO:teuthology.orchestra.run.smithi073.stdout:/usr/bin/ceph: stderr
2024-02-09T23:24:33.399+0000 7fe08f9b3700 1 --2- 172.21.15.73:0/2324941467 >> [v2:172.21.15.73:3300/0,v1:172.21.15.73:6789/0] conn(0x7fe088105a30 0x7fe08819b5f0 unknown :-1 s=CLOSED pgs=27 cs=0 l=1 rev1=1 crypto rx=0 tx=0 comp rx=0 tx=0).stop
2024-02-09T23:24:34.162 INFO:teuthology.orchestra.run.smithi073.stdout:/usr/bin/ceph: stderr
2024-02-09T23:24:33.399+0000 7fe08f9b3700 1 -- 172.21.15.73:0/2324941467 >> 172.21.15.73:0/2324941467 conn(0x7fe0881013b0 msgr2=0x7fe088101f80 unknown :-1 s=STATE_NONE l=0).mark_down
2024-02-09T23:24:34.162 INFO:teuthology.orchestra.run.smithi073.stdout:/usr/bin/ceph: stderr
2024-02-09T23:24:33.399+0000 7fe08f9b3700 1 -- 172.21.15.73:0/2324941467 shutdown_connections
2024-02-09T23:24:34.162 INFO:teuthology.orchestra.run.smithi073.stdout:/usr/bin/ceph: stderr
2024-02-09T23:24:33.399+0000 7fe08f9b3700 1 -- 172.21.15.73:0/2324941467 wait complete.
2024-02-09T23:24:34.162 INFO:teuthology.orchestra.run.smithi073.stdout:Waiting for the mgr to restart...
2024-02-09T23:24:34.162 INFO:teuthology.orchestra.run.smithi073.stdout:Waiting for mgr epoch 5...
2024-02-09T23:24:34.445 INFO:journalctl@ceph.mgr.x.smithi073.stdout:Feb 09 23:24:34 smithi073 ceph-33d49116-c7a2-11ee-95b8-87774f69a715-mgr-x[32747]:
2024-02-09T23:24:34.158+0000 7f060599e200 -1 mgr[py] Module rbd_support has missing NOTIFY_TYPES member
2024-02-09T23:24:34.445 INFO:journalctl@ceph.mgr.x.smithi073.stdout:Feb 09 23:24:34 smithi073 ceph-33d49116-c7a2-11ee-95b8-87774f69a715-mgr-x[32747]:
2024-02-09T23:24:34.253+0000 7f060599e200 -1 mgr[py] Module progress has missing NOTIFY_TYPES member
2024-02-09T23:24:34.445 INFO:journalctl@ceph.mgr.x.smithi073.stdout:Feb 09 23:24:34 smithi073 ceph-33d49116-c7a2-11ee-95b8-87774f69a715-mgr-x[32747]:
2024-02-09T23:24:34.380+0000 7f060599e200 -1 mgr[py] Module pg_autoscaler has missing NOTIFY_TYPES member
2024-02-09T23:24:34.800 INFO:journalctl@ceph.mgr.x.smithi073.stdout:Feb 09 23:24:34 smithi073 ceph-33d49116-c7a2-11ee-95b8-87774f69a715-mgr-x[32747]:
