2024-02-09T23:50:07.986+0000 7f22d4ff9700 1 -- 172.21.15.1:0/3559749705 <== mon.0 v2:172.21.15.1:3300/0 2 ==== config(27 keys) v1 ==== 1140+0+0 (secure 0 0 0) 0x7f22c801a910 con 0x7f22d8107c10
2024-02-09T23:50:09.011 INFO:teuthology.orchestra.run.smithi001.stdout:/usr/bin/ceph: stderr
2024-02-09T23:50:07.986+0000 7f22d4ff9700 1 -- 172.21.15.1:0/3559749705 <== mon.0 v2:172.21.15.1:3300/0 3 ==== mon_map magic: 0 v1 ==== 205+0+0 (secure 0 0 0) 0x7f22c8024850 con 0x7f22d8107c10
2024-02-09T23:50:09.011 INFO:teuthology.orchestra.run.smithi001.stdout:/usr/bin/ceph: stderr
2024-02-09T23:50:07.988+0000 7f22d4ff9700 1 -- 172.21.15.1:0/3559749705 <== mon.0 v2:172.21.15.1:3300/0 4 ==== mgrmap(e 12) v1 ==== 45945+0+0 (secure 0 0 0) 0x7f22c80249b0 con 0x7f22d8107c10
2024-02-09T23:50:09.011 INFO:teuthology.orchestra.run.smithi001.stdout:/usr/bin/ceph: stderr
2024-02-09T23:50:07.988+0000 7f22d4ff9700 1 --2- 172.21.15.1:0/3559749705 >> [v2:172.21.15.1:6800/1442269036,v1:172.21.15.1:6801/1442269036] conn(0x7f22c0038ee0 0x7f22c003b3a0 unknown :-1 s=NONE pgs=0 cs=0 l=1 rev1=0 crypto rx=0 tx=0 comp rx=0 tx=0).connect
2024-02-09T23:50:09.011 INFO:teuthology.orchestra.run.smithi001.stdout:/usr/bin/ceph: stderr
2024-02-09T23:50:07.988+0000 7f22d4ff9700 1 -- 172.21.15.1:0/3559749705 <== mon.0 v2:172.21.15.1:3300/0 5 ==== osd_map(3..3 src has 1..3) v4 ==== 1155+0+0 (secure 0 0 0) 0x7f22c804d360 con 0x7f22d8107c10
2024-02-09T23:50:09.011 INFO:teuthology.orchestra.run.smithi001.stdout:/usr/bin/ceph: stderr
2024-02-09T23:50:07.988+0000 7f22ddd77700 1 -- 172.21.15.1:0/3559749705 --> [v2:172.21.15.1:3300/0,v1:172.21.15.1:6789/0] -- mon_command({"prefix": "get_command_descriptions"} v 0) v1 -- 0x7f22c4005360 con 0x7f22d8107c10
2024-02-09T23:50:09.011 INFO:teuthology.orchestra.run.smithi001.stdout:/usr/bin/ceph: stderr
2024-02-09T23:50:07.988+0000 7f22d6ffd700 1 --2- 172.21.15.1:0/3559749705 >> [v2:172.21.15.1:6800/1442269036,v1:172.21.15.1:6801/1442269036] conn(0x7f22c0038ee0 0x7f22c003b3a0 unknown :-1 s=BANNER_CONNECTING pgs=0 cs=0 l=1 rev1=0 crypto rx=0 tx=0 comp rx=0 tx=0)._handle_peer_banner_payload supported=3 required=0
2024-02-09T23:50:09.011 INFO:teuthology.orchestra.run.smithi001.stdout:/usr/bin/ceph: stderr
2024-02-09T23:50:07.988+0000 7f22d6ffd700 1 --2- 172.21.15.1:0/3559749705 >> [v2:172.21.15.1:6800/1442269036,v1:172.21.15.1:6801/1442269036] conn(0x7f22c0038ee0 0x7f22c003b3a0 secure :-1 s=READY pgs=8 cs=0 l=1 rev1=1 crypto rx=0x7f22cc006fd0 tx=0x7f22cc006e40 comp rx=0 tx=0).ready entity=mgr.14150 client_cookie=0 server_cookie=0 in_seq=0 out_seq=0
2024-02-09T23:50:09.011 INFO:teuthology.orchestra.run.smithi001.stdout:/usr/bin/ceph: stderr
2024-02-09T23:50:07.993+0000 7f22d4ff9700 1 -- 172.21.15.1:0/3559749705 <== mon.0 v2:172.21.15.1:3300/0 6 ==== mon_command_ack([{"prefix": "get_command_descriptions"}]=0 v0) v1 ==== 72+0+183564 (secure 0 0 0) 0x7f22c8024d50 con 0x7f22d8107c10
2024-02-09T23:50:09.011 INFO:teuthology.orchestra.run.smithi001.stdout:/usr/bin/ceph: stderr
2024-02-09T23:50:08.214+0000 7f22ddd77700 1 -- 172.21.15.1:0/3559749705 --> [v2:172.21.15.1:6800/1442269036,v1:172.21.15.1:6801/1442269036] -- mgr_command(tid 0: {"prefix": "dashboard ac-user-create", "username": "admin", "rolename": "administrator", "force_password": true, "pwd_update_required": true, "target": ["mon-mgr", ""]}) v1 -- 0x7f22c4002430 con 0x7f22c0038ee0
2024-02-09T23:50:09.012 INFO:teuthology.orchestra.run.smithi001.stdout:/usr/bin/ceph: stderr
2024-02-09T23:50:08.460+0000 7f22d4ff9700 1 -- 172.21.15.1:0/3559749705 <== mgr.14150 v2:172.21.15.1:6800/1442269036 1 ==== mgr_command_reply(tid 0: 0 ) v1 ==== 8+0+252 (secure 0 0 0) 0x7f22c4002430 con 0x7f22c0038ee0
2024-02-09T23:50:09.012 INFO:teuthology.orchestra.run.smithi001.stdout:/usr/bin/ceph: stderr
2024-02-09T23:50:08.462+0000 7f22ddd77700 1 -- 172.21.15.1:0/3559749705 >> [v2:172.21.15.1:6800/1442269036,v1:172.21.15.1:6801/1442269036] conn(0x7f22c0038ee0 msgr2=0x7f22c003b3a0 secure :-1 s=STATE_CONNECTION_ESTABLISHED l=1).mark_down
2024-02-09T23:50:09.012 INFO:teuthology.orchestra.run.smithi001.stdout:/usr/bin/ceph: stderr
2024-02-09T23:50:08.462+0000 7f22ddd77700 1 --2- 172.21.15.1:0/3559749705 >> [v2:172.21.15.1:6800/1442269036,v1:172.21.15.1:6801/1442269036] conn(0x7f22c0038ee0 0x7f22c003b3a0 secure :-1 s=READY pgs=8 cs=0 l=1 rev1=1 crypto rx=0x7f22cc006fd0 tx=0x7f22cc006e40 comp rx=0 tx=0).stop
2024-02-09T23:50:09.012 INFO:teuthology.orchestra.run.smithi001.stdout:/usr/bin/ceph: stderr
2024-02-09T23:50:08.462+0000 7f22ddd77700 1 -- 172.21.15.1:0/3559749705 >> [v2:172.21.15.1:3300/0,v1:172.21.15.1:6789/0] conn(0x7f22d8107c10 msgr2=0x7f22d8199290 secure :-1 s=STATE_CONNECTION_ESTABLISHED l=1).mark_down
2024-02-09T23:50:09.012 INFO:teuthology.orchestra.run.smithi001.stdout:/usr/bin/ceph: stderr
2024-02-09T23:50:08.462+0000 7f22ddd77700 1 --2- 172.21.15.1:0/3559749705 >> [v2:172.21.15.1:3300/0,v1:172.21.15.1:6789/0] conn(0x7f22d8107c10 0x7f22d8199290 secure :-1 s=READY pgs=71 cs=0 l=1 rev1=1 crypto rx=0x7f22c8011740 tx=0x7f22c8011a50 comp rx=0 tx=0).stop
2024-02-09T23:50:09.012 INFO:teuthology.orchestra.run.smithi001.stdout:/usr/bin/ceph: stderr
2024-02-09T23:50:08.462+0000 7f22ddd77700 1 -- 172.21.15.1:0/3559749705 shutdown_connections
2024-02-09T23:50:09.012 INFO:teuthology.orchestra.run.smithi001.stdout:/usr/bin/ceph: stderr
2024-02-09T23:50:08.462+0000 7f22ddd77700 1 --2- 172.21.15.1:0/3559749705 >> [v2:172.21.15.1:6800/1442269036,v1:172.21.15.1:6801/1442269036] conn(0x7f22c0038ee0 0x7f22c003b3a0 unknown :-1 s=CLOSED pgs=8 cs=0 l=1 rev1=1 crypto rx=0 tx=0 comp rx=0 tx=0).stop
2024-02-09T23:50:09.012 INFO:teuthology.orchestra.run.smithi001.stdout:/usr/bin/ceph: stderr
2024-02-09T23:50:08.462+0000 7f22ddd77700 1 --2- 172.21.15.1:0/3559749705 >> [v2:172.21.15.1:3300/0,v1:172.21.15.1:6789/0] conn(0x7f22d8107c10 0x7f22d8199290 unknown :-1 s=CLOSED pgs=71 cs=0 l=1 rev1=1 crypto rx=0 tx=0 comp rx=0 tx=0).stop
2024-02-09T23:50:09.012 INFO:teuthology.orchestra.run.smithi001.stdout:/usr/bin/ceph: stderr
2024-02-09T23:50:08.462+0000 7f22ddd77700 1 -- 172.21.15.1:0/3559749705 >> 172.21.15.1:0/3559749705 conn(0x7f22d81013e0 msgr2=0x7f22d810b320 unknown :-1 s=STATE_NONE l=0).mark_down
2024-02-09T23:50:09.012 INFO:teuthology.orchestra.run.smithi001.stdout:/usr/bin/ceph: stderr
2024-02-09T23:50:08.463+0000 7f22ddd77700 1 -- 172.21.15.1:0/3559749705 shutdown_connections
2024-02-09T23:50:09.012 INFO:teuthology.orchestra.run.smithi001.stdout:/usr/bin/ceph: stderr
2024-02-09T23:50:08.463+0000 7f22ddd77700 1 -- 172.21.15.1:0/3559749705 wait complete.
2024-02-09T23:50:09.012 INFO:teuthology.orchestra.run.smithi001.stdout:Fetching dashboard port number...
2024-02-09T23:50:09.719 INFO:journalctl@ceph.mon.a.smithi001.stdout:Feb 09 23:50:09 smithi001 ceph-mon[32335]: from='client.14164 -' entity='client.admin' cmd=[{"prefix": "dashboard ac-user-create", "username": "admin", "rolename": "administrator", "force_password": true, "pwd_update_required": true, "target": ["mon-mgr", ""]}]: dispatch
2024-02-09T23:50:09.720 INFO:journalctl@ceph.mon.a.smithi001.stdout:Feb 09 23:50:09 smithi001 ceph-mon[32335]: from='mgr.14150 172.21.15.1:0/1826951677' entity='mgr.x'
2024-02-09T23:50:10.638 INFO:journalctl@ceph.mon.a.smithi001.stdout:Feb 09 23:50:10 smithi001 ceph-mon[32335]: from='client.? 172.21.15.1:0/248047641' entity='client.admin' cmd=[{"prefix": "config get", "who": "mgr", "key": "mgr/dashboard/ssl_server_port"}]: dispatch
2024-02-09T23:50:10.646 INFO:teuthology.orchestra.run.smithi001.stdout:/usr/bin/ceph: stdout 8443
2024-02-09T23:50:10.646 INFO:teuthology.orchestra.run.smithi001.stdout:/usr/bin/ceph: stderr
2024-02-09T23:50:09.864+0000 7f2bd4eef700 1 Processor -- start
2024-02-09T23:50:10.646 INFO:teuthology.orchestra.run.smithi001.stdout:/usr/bin/ceph: stderr
2024-02-09T23:50:09.864+0000 7f2bd4eef700 1 -- start start
2024-02-09T23:50:10.646 INFO:teuthology.orchestra.run.smithi001.stdout:/usr/bin/ceph: stderr
2024-02-09T23:50:09.864+0000 7f2bd4eef700 1 --2- >> [v2:172.21.15.1:3300/0,v1:172.21.15.1:6789/0] conn(0x7f2bd01065f0 0x7f2bd0106a10 unknown :-1 s=NONE pgs=0 cs=0 l=0 rev1=0 crypto rx=0 tx=0 comp rx=0 tx=0).connect
2024-02-09T23:50:10.646 INFO:teuthology.orchestra.run.smithi001.stdout:/usr/bin/ceph: stderr
2024-02-09T23:50:09.864+0000 7f2bd4eef700 1 -- --> [v2:172.21.15.1:3300/0,v1:172.21.15.1:6789/0] -- mon_getmap magic: 0 v1 -- 0x7f2bd0106fe0 con 0x7f2bd01065f0
2024-02-09T23:50:10.647 INFO:teuthology.orchestra.run.smithi001.stdout:/usr/bin/ceph: stderr
2024-02-09T23:50:09.864+0000 7f2bce59c700 1 --2- >> [v2:172.21.15.1:3300/0,v1:172.21.15.1:6789/0] conn(0x7f2bd01065f0 0x7f2bd0106a10 unknown :-1 s=BANNER_CONNECTING pgs=0 cs=0 l=0 rev1=0 crypto rx=0 tx=0 comp rx=0 tx=0)._handle_peer_banner_payload supported=3 required=0
2024-02-09T23:50:10.647 INFO:teuthology.orchestra.run.smithi001.stdout:/usr/bin/ceph: stderr
2024-02-09T23:50:09.864+0000 7f2bce59c700 1 --2- >> [v2:172.21.15.1:3300/0,v1:172.21.15.1:6789/0] conn(0x7f2bd01065f0 0x7f2bd0106a10 unknown :-1 s=HELLO_CONNECTING pgs=0 cs=0 l=0 rev1=1 crypto rx=0 tx=0 comp rx=0 tx=0).handle_hello peer v2:172.21.15.1:3300/0 says I am v2:172.21.15.1:53336/0 (socket says 172.21.15.1:53336)
2024-02-09T23:50:10.647 INFO:teuthology.orchestra.run.smithi001.stdout:/usr/bin/ceph: stderr
2024-02-09T23:50:09.864+0000 7f2bce59c700 1 -- 172.21.15.1:0/2046023097 learned_addr learned my addr 172.21.15.1:0/2046023097 (peer_addr_for_me v2:172.21.15.1:0/0)
2024-02-09T23:50:10.647 INFO:teuthology.orchestra.run.smithi001.stdout:/usr/bin/ceph: stderr
2024-02-09T23:50:09.864+0000 7f2bce59c700 1 -- 172.21.15.1:0/2046023097 --> [v2:172.21.15.1:3300/0,v1:172.21.15.1:6789/0] -- mon_subscribe({config=0+,monmap=0+}) v3 -- 0x7f2bd01077f0 con 0x7f2bd01065f0
2024-02-09T23:50:10.647 INFO:teuthology.orchestra.run.smithi001.stdout:/usr/bin/ceph: stderr
2024-02-09T23:50:09.865+0000 7f2bce59c700 1 --2- 172.21.15.1:0/2046023097 >> [v2:172.21.15.1:3300/0,v1:172.21.15.1:6789/0] conn(0x7f2bd01065f0 0x7f2bd0106a10 secure :-1 s=READY pgs=72 cs=0 l=1 rev1=1 crypto rx=0x7f2bc00098a0 tx=0x7f2bc0009bb0 comp rx=0 tx=0).ready entity=mon.0 client_cookie=e7b513c22377bbe3 server_cookie=0 in_seq=0 out_seq=0
2024-02-09T23:50:10.647 INFO:teuthology.orchestra.run.smithi001.stdout:/usr/bin/ceph: stderr
2024-02-09T23:50:09.865+0000 7f2bcd59a700 1 -- 172.21.15.1:0/2046023097 <== mon.0 v2:172.21.15.1:3300/0 1 ==== mon_map magic: 0 v1 ==== 205+0+0 (secure 0 0 0) 0x7f2bc0004160 con 0x7f2bd01065f0
2024-02-09T23:50:10.647 INFO:teuthology.orchestra.run.smithi001.stdout:/usr/bin/ceph: stderr
2024-02-09T23:50:09.865+0000 7f2bcd59a700 1 -- 172.21.15.1:0/2046023097 <== mon.0 v2:172.21.15.1:3300/0 2 ==== config(27 keys) v1 ==== 1140+0+0 (secure 0 0 0) 0x7f2bc00042c0 con 0x7f2bd01065f0
2024-02-09T23:50:10.647 INFO:teuthology.orchestra.run.smithi001.stdout:/usr/bin/ceph: stderr
2024-02-09T23:50:09.865+0000 7f2bcd59a700 1 -- 172.21.15.1:0/2046023097 <== mon.0 v2:172.21.15.1:3300/0 3 ==== mon_map magic: 0 v1 ==== 205+0+0 (secure 0 0 0) 0x7f2bc0011a80 con 0x7f2bd01065f0
2024-02-09T23:50:10.647 INFO:teuthology.orchestra.run.smithi001.stdout:/usr/bin/ceph: stderr
2024-02-09T23:50:09.865+0000 7f2bd4eef700 1 -- 172.21.15.1:0/2046023097 >> [v2:172.21.15.1:3300/0,v1:172.21.15.1:6789/0] conn(0x7f2bd01065f0 msgr2=0x7f2bd0106a10 secure :-1 s=STATE_CONNECTION_ESTABLISHED l=1).mark_down
2024-02-09T23:50:10.647 INFO:teuthology.orchestra.run.smithi001.stdout:/usr/bin/ceph: stderr
2024-02-09T23:50:09.865+0000 7f2bd4eef700 1 --2- 172.21.15.1:0/2046023097 >> [v2:172.21.15.1:3300/0,v1:172.21.15.1:6789/0] conn(0x7f2bd01065f0 0x7f2bd0106a10 secure :-1 s=READY pgs=72 cs=0 l=1 rev1=1 crypto rx=0x7f2bc00098a0 tx=0x7f2bc0009bb0 comp rx=0 tx=0).stop
2024-02-09T23:50:10.647 INFO:teuthology.orchestra.run.smithi001.stdout:/usr/bin/ceph: stderr
2024-02-09T23:50:09.865+0000 7f2bd4eef700 1 -- 172.21.15.1:0/2046023097 shutdown_connections
2024-02-09T23:50:10.647 INFO:teuthology.orchestra.run.smithi001.stdout:/usr/bin/ceph: stderr
2024-02-09T23:50:09.865+0000 7f2bd4eef700 1 --2- 172.21.15.1:0/2046023097 >> [v2:172.21.15.1:3300/0,v1:172.21.15.1:6789/0] conn(0x7f2bd01065f0 0x7f2bd0106a10 unknown :-1 s=CLOSED pgs=72 cs=0 l=1 rev1=1 crypto rx=0 tx=0 comp rx=0 tx=0).stop
2024-02-09T23:50:10.647 INFO:teuthology.orchestra.run.smithi001.stdout:/usr/bin/ceph: stderr
2024-02-09T23:50:09.865+0000 7f2bd4eef700 1 -- 172.21.15.1:0/2046023097 >> 172.21.15.1:0/2046023097 conn(0x7f2bd0101bd0 msgr2=0x7f2bd0103ff0 unknown :-1 s=STATE_NONE l=0).mark_down
2024-02-09T23:50:10.647 INFO:teuthology.orchestra.run.smithi001.stdout:/usr/bin/ceph: stderr
2024-02-09T23:50:09.865+0000 7f2bd4eef700 1 -- 172.21.15.1:0/2046023097 shutdown_connections
2024-02-09T23:50:10.648 INFO:teuthology.orchestra.run.smithi001.stdout:/usr/bin/ceph: stderr
2024-02-09T23:50:09.865+0000 7f2bd4eef700 1 -- 172.21.15.1:0/2046023097 wait complete.
2024-02-09T23:50:10.648 INFO:teuthology.orchestra.run.smithi001.stdout:/usr/bin/ceph: stderr
2024-02-09T23:50:09.866+0000 7f2bd4eef700 1 Processor -- start
2024-02-09T23:50:10.648 INFO:teuthology.orchestra.run.smithi001.stdout:/usr/bin/ceph: stderr
2024-02-09T23:50:09.866+0000 7f2bd4eef700 1 -- start start
2024-02-09T23:50:10.648 INFO:teuthology.orchestra.run.smithi001.stdout:/usr/bin/ceph: stderr
2024-02-09T23:50:09.866+0000 7f2bd4eef700 1 --2- >> [v2:172.21.15.1:3300/0,v1:172.21.15.1:6789/0] conn(0x7f2bd01065f0 0x7f2bd0191760 unknown :-1 s=NONE pgs=0 cs=0 l=1 rev1=0 crypto rx=0 tx=0 comp rx=0 tx=0).connect
2024-02-09T23:50:10.648 INFO:teuthology.orchestra.run.smithi001.stdout:/usr/bin/ceph: stderr
2024-02-09T23:50:09.866+0000 7f2bd4eef700 1 -- --> [v2:172.21.15.1:3300/0,v1:172.21.15.1:6789/0] -- mon_getmap magic: 0 v1 -- 0x7f2bd0191ca0 con 0x7f2bd01065f0
2024-02-09T23:50:10.648 INFO:teuthology.orchestra.run.smithi001.stdout:/usr/bin/ceph: stderr
2024-02-09T23:50:09.866+0000 7f2bce59c700 1 --2- >> [v2:172.21.15.1:3300/0,v1:172.21.15.1:6789/0] conn(0x7f2bd01065f0 0x7f2bd0191760 unknown :-1 s=BANNER_CONNECTING pgs=0 cs=0 l=1 rev1=0 crypto rx=0 tx=0 comp rx=0 tx=0)._handle_peer_banner_payload supported=3 required=0
2024-02-09T23:50:10.648 INFO:teuthology.orchestra.run.smithi001.stdout:/usr/bin/ceph: stderr
2024-02-09T23:50:09.866+0000 7f2bce59c700 1 --2- >> [v2:172.21.15.1:3300/0,v1:172.21.15.1:6789/0] conn(0x7f2bd01065f0 0x7f2bd0191760 unknown :-1 s=HELLO_CONNECTING pgs=0 cs=0 l=1 rev1=1 crypto rx=0 tx=0 comp rx=0 tx=0).handle_hello peer v2:172.21.15.1:3300/0 says I am v2:172.21.15.1:53338/0 (socket says 172.21.15.1:53338)
2024-02-09T23:50:10.648 INFO:teuthology.orchestra.run.smithi001.stdout:/usr/bin/ceph: stderr
2024-02-09T23:50:09.866+0000 7f2bce59c700 1 -- 172.21.15.1:0/248047641 learned_addr learned my addr 172.21.15.1:0/248047641 (peer_addr_for_me v2:172.21.15.1:0/0)
2024-02-09T23:50:10.648 INFO:teuthology.orchestra.run.smithi001.stdout:/usr/bin/ceph: stderr
2024-02-09T23:50:09.867+0000 7f2bce59c700 1 -- 172.21.15.1:0/248047641 --> [v2:172.21.15.1:3300/0,v1:172.21.15.1:6789/0] -- mon_subscribe({config=0+,monmap=0+}) v3 -- 0x7f2bc0009550 con 0x7f2bd01065f0
2024-02-09T23:50:10.648 INFO:teuthology.orchestra.run.smithi001.stdout:/usr/bin/ceph: stderr
2024-02-09T23:50:09.867+0000 7f2bce59c700 1 --2- 172.21.15.1:0/248047641 >> [v2:172.21.15.1:3300/0,v1:172.21.15.1:6789/0] conn(0x7f2bd01065f0 0x7f2bd0191760 secure :-1 s=READY pgs=73 cs=0 l=1 rev1=1 crypto rx=0x7f2bc0003f20 tx=0x7f2bc0011b00 comp rx=0 tx=0).ready entity=mon.0 client_cookie=0 server_cookie=0 in_seq=0 out_seq=0
2024-02-09T23:50:10.648 INFO:teuthology.orchestra.run.smithi001.stdout:/usr/bin/ceph: stderr
2024-02-09T23:50:09.867+0000 7f2bbf7fe700 1 -- 172.21.15.1:0/248047641 <== mon.0 v2:172.21.15.1:3300/0 1 ==== mon_map magic: 0 v1 ==== 205+0+0 (secure 0 0 0) 0x7f2bc00038b0 con 0x7f2bd01065f0
2024-02-09T23:50:10.648 INFO:teuthology.orchestra.run.smithi001.stdout:/usr/bin/ceph: stderr
2024-02-09T23:50:09.867+0000 7f2bbf7fe700 1 -- 172.21.15.1:0/248047641 <== mon.0 v2:172.21.15.1:3300/0 2 ==== config(27 keys) v1 ==== 1140+0+0 (secure 0 0 0) 0x7f2bc0003a10 con 0x7f2bd01065f0
2024-02-09T23:50:10.648 INFO:teuthology.orchestra.run.smithi001.stdout:/usr/bin/ceph: stderr
2024-02-09T23:50:09.867+0000 7f2bd4eef700 1 -- 172.21.15.1:0/248047641 --> [v2:172.21.15.1:3300/0,v1:172.21.15.1:6789/0] -- mon_subscribe({mgrmap=0+}) v3 -- 0x7f2bd018fe90 con 0x7f2bd01065f0
2024-02-09T23:50:10.648 INFO:teuthology.orchestra.run.smithi001.stdout:/usr/bin/ceph: stderr
2024-02-09T23:50:09.867+0000 7f2bbf7fe700 1 -- 172.21.15.1:0/248047641 <== mon.0 v2:172.21.15.1:3300/0 3 ==== mon_map magic: 0 v1 ==== 205+0+0 (secure 0 0 0) 0x7f2bc001a5c0 con 0x7f2bd01065f0
2024-02-09T23:50:10.649 INFO:teuthology.orchestra.run.smithi001.stdout:/usr/bin/ceph: stderr
2024-02-09T23:50:09.867+0000 7f2bd4eef700 1 -- 172.21.15.1:0/248047641 --> [v2:172.21.15.1:3300/0,v1:172.21.15.1:6789/0] -- mon_subscribe({osdmap=0}) v3 -- 0x7f2bd0190330 con 0x7f2bd01065f0
2024-02-09T23:50:10.649 INFO:teuthology.orchestra.run.smithi001.stdout:/usr/bin/ceph: stderr
2024-02-09T23:50:09.868+0000 7f2bbf7fe700 1 -- 172.21.15.1:0/248047641 <== mon.0 v2:172.21.15.1:3300/0 4 ==== mgrmap(e 12) v1 ==== 45945+0+0 (secure 0 0 0) 0x7f2bc0024430 con 0x7f2bd01065f0
2024-02-09T23:50:10.649 INFO:teuthology.orchestra.run.smithi001.stdout:/usr/bin/ceph: stderr
2024-02-09T23:50:09.868+0000 7f2bd4eef700 1 -- 172.21.15.1:0/248047641 --> [v2:172.21.15.1:3300/0,v1:172.21.15.1:6789/0] -- mon_command({"prefix": "get_command_descriptions"} v 0) v1 -- 0x7f2bd0063350 con 0x7f2bd01065f0
2024-02-09T23:50:10.649 INFO:teuthology.orchestra.run.smithi001.stdout:/usr/bin/ceph: stderr
2024-02-09T23:50:09.868+0000 7f2bbf7fe700 1 --2- 172.21.15.1:0/248047641 >> [v2:172.21.15.1:6800/1442269036,v1:172.21.15.1:6801/1442269036] conn(0x7f2bb8038f40 0x7f2bb803b400 unknown :-1 s=NONE pgs=0 cs=0 l=1 rev1=0 crypto rx=0 tx=0 comp rx=0 tx=0).connect
2024-02-09T23:50:10.649 INFO:teuthology.orchestra.run.smithi001.stdout:/usr/bin/ceph: stderr
2024-02-09T23:50:09.868+0000 7f2bbf7fe700 1 -- 172.21.15.1:0/248047641 <== mon.0 v2:172.21.15.1:3300/0 5 ==== osd_map(3..3 src has 1..3) v4 ==== 1155+0+0 (secure 0 0 0) 0x7f2bc004d250 con 0x7f2bd01065f0
2024-02-09T23:50:10.649 INFO:teuthology.orchestra.run.smithi001.stdout:/usr/bin/ceph: stderr
2024-02-09T23:50:09.868+0000 7f2bcdd9b700 1 --2- 172.21.15.1:0/248047641 >> [v2:172.21.15.1:6800/1442269036,v1:172.21.15.1:6801/1442269036] conn(0x7f2bb8038f40 0x7f2bb803b400 unknown :-1 s=BANNER_CONNECTING pgs=0 cs=0 l=1 rev1=0 crypto rx=0 tx=0 comp rx=0 tx=0)._handle_peer_banner_payload supported=3 required=0
2024-02-09T23:50:10.649 INFO:teuthology.orchestra.run.smithi001.stdout:/usr/bin/ceph: stderr
2024-02-09T23:50:09.869+0000 7f2bcdd9b700 1 --2- 172.21.15.1:0/248047641 >> [v2:172.21.15.1:6800/1442269036,v1:172.21.15.1:6801/1442269036] conn(0x7f2bb8038f40 0x7f2bb803b400 secure :-1 s=READY pgs=9 cs=0 l=1 rev1=1 crypto rx=0x7f2bc4006fd0 tx=0x7f2bc4006e40 comp rx=0 tx=0).ready entity=mgr.14150 client_cookie=0 server_cookie=0 in_seq=0 out_seq=0
2024-02-09T23:50:10.649 INFO:teuthology.orchestra.run.smithi001.stdout:/usr/bin/ceph: stderr
2024-02-09T23:50:09.873+0000 7f2bbf7fe700 1 -- 172.21.15.1:0/248047641 <== mon.0 v2:172.21.15.1:3300/0 6 ==== mon_command_ack([{"prefix": "get_command_descriptions"}]=0 v0) v1 ==== 72+0+183564 (secure 0 0 0) 0x7f2bc0003b80 con 0x7f2bd01065f0
2024-02-09T23:50:10.649 INFO:teuthology.orchestra.run.smithi001.stdout:/usr/bin/ceph: stderr
2024-02-09T23:50:10.076+0000 7f2bd4eef700 1 -- 172.21.15.1:0/248047641 --> [v2:172.21.15.1:3300/0,v1:172.21.15.1:6789/0] -- mon_command({"prefix": "config get", "who": "mgr", "key": "mgr/dashboard/ssl_server_port"} v 0) v1 -- 0x7f2bd010a9f0 con 0x7f2bd01065f0
2024-02-09T23:50:10.649 INFO:teuthology.orchestra.run.smithi001.stdout:/usr/bin/ceph: stderr
2024-02-09T23:50:10.077+0000 7f2bbf7fe700 1 -- 172.21.15.1:0/248047641 <== mon.0 v2:172.21.15.1:3300/0 7 ==== mon_command_ack([{"prefix": "config get", "who": "mgr", "key": "mgr/dashboard/ssl_server_port"}]=0 v8) v1 ==== 112+0+5 (secure 0 0 0) 0x7f2bc0018350 con 0x7f2bd01065f0
2024-02-09T23:50:10.649 INFO:teuthology.orchestra.run.smithi001.stdout:/usr/bin/ceph: stderr
2024-02-09T23:50:10.079+0000 7f2bd4eef700 1 -- 172.21.15.1:0/248047641 >> [v2:172.21.15.1:6800/1442269036,v1:172.21.15.1:6801/1442269036] conn(0x7f2bb8038f40 msgr2=0x7f2bb803b400 secure :-1 s=STATE_CONNECTION_ESTABLISHED l=1).mark_down
2024-02-09T23:50:10.649 INFO:teuthology.orchestra.run.smithi001.stdout:/usr/bin/ceph: stderr
2024-02-09T23:50:10.079+0000 7f2bd4eef700 1 --2- 172.21.15.1:0/248047641 >> [v2:172.21.15.1:6800/1442269036,v1:172.21.15.1:6801/1442269036] conn(0x7f2bb8038f40 0x7f2bb803b400 secure :-1 s=READY pgs=9 cs=0 l=1 rev1=1 crypto rx=0x7f2bc4006fd0 tx=0x7f2bc4006e40 comp rx=0 tx=0).stop
2024-02-09T23:50:10.649 INFO:teuthology.orchestra.run.smithi001.stdout:/usr/bin/ceph: stderr
2024-02-09T23:50:10.079+0000 7f2bd4eef700 1 -- 172.21.15.1:0/248047641 >> [v2:172.21.15.1:3300/0,v1:172.21.15.1:6789/0] conn(0x7f2bd01065f0 msgr2=0x7f2bd0191760 secure :-1 s=STATE_CONNECTION_ESTABLISHED l=1).mark_down
2024-02-09T23:50:10.649 INFO:teuthology.orchestra.run.smithi001.stdout:/usr/bin/ceph: stderr
2024-02-09T23:50:10.079+0000 7f2bd4eef700 1 --2- 172.21.15.1:0/248047641 >> [v2:172.21.15.1:3300/0,v1:172.21.15.1:6789/0] conn(0x7f2bd01065f0 0x7f2bd0191760 secure :-1 s=READY pgs=73 cs=0 l=1 rev1=1 crypto rx=0x7f2bc0003f20 tx=0x7f2bc0011b00 comp rx=0 tx=0).stop
2024-02-09T23:50:10.649 INFO:teuthology.orchestra.run.smithi001.stdout:/usr/bin/ceph: stderr
2024-02-09T23:50:10.079+0000 7f2bd4eef700 1 -- 172.21.15.1:0/248047641 shutdown_connections
2024-02-09T23:50:10.650 INFO:teuthology.orchestra.run.smithi001.stdout:/usr/bin/ceph: stderr
2024-02-09T23:50:10.079+0000 7f2bd4eef700 1 --2- 172.21.15.1:0/248047641 >> [v2:172.21.15.1:6800/1442269036,v1:172.21.15.1:6801/1442269036] conn(0x7f2bb8038f40 0x7f2bb803b400 unknown :-1 s=CLOSED pgs=9 cs=0 l=1 rev1=1 crypto rx=0 tx=0 comp rx=0 tx=0).stop
2024-02-09T23:50:10.650 INFO:teuthology.orchestra.run.smithi001.stdout:/usr/bin/ceph: stderr
2024-02-09T23:50:10.079+0000 7f2bd4eef700 1 --2- 172.21.15.1:0/248047641 >> [v2:172.21.15.1:3300/0,v1:172.21.15.1:6789/0] conn(0x7f2bd01065f0 0x7f2bd0191760 unknown :-1 s=CLOSED pgs=73 cs=0 l=1 rev1=1 crypto rx=0 tx=0 comp rx=0 tx=0).stop
2024-02-09T23:50:10.650 INFO:teuthology.orchestra.run.smithi001.stdout:/usr/bin/ceph: stderr
2024-02-09T23:50:10.079+0000 7f2bd4eef700 1 -- 172.21.15.1:0/248047641 >> 172.21.15.1:0/248047641 conn(0x7f2bd0101bd0 msgr2=0x7f2bd0102a20 unknown :-1 s=STATE_NONE l=0).mark_down
2024-02-09T23:50:10.650 INFO:teuthology.orchestra.run.smithi001.stdout:/usr/bin/ceph: stderr
2024-02-09T23:50:10.079+0000 7f2bd4eef700 1 -- 172.21.15.1:0/248047641 shutdown_connections
2024-02-09T23:50:10.650 INFO:teuthology.orchestra.run.smithi001.stdout:/usr/bin/ceph: stderr
2024-02-09T23:50:10.079+0000 7f2bd4eef700 1 -- 172.21.15.1:0/248047641 wait complete.
2024-02-09T23:50:10.654 INFO:teuthology.orchestra.run.smithi001.stdout:Non-zero exit code 1 from systemctl is-enabled firewalld.service
2024-02-09T23:50:10.654 INFO:teuthology.orchestra.run.smithi001.stdout:systemctl: stdout disabled
2024-02-09T23:50:10.662 INFO:teuthology.orchestra.run.smithi001.stdout:Non-zero exit code 3 from systemctl is-active firewalld.service
2024-02-09T23:50:10.662 INFO:teuthology.orchestra.run.smithi001.stdout:systemctl: stdout inactive
2024-02-09T23:50:10.662 INFO:teuthology.orchestra.run.smithi001.stdout:firewalld.service is not enabled
2024-02-09T23:50:10.662 INFO:teuthology.orchestra.run.smithi001.stdout:Not possible to open ports <[8443]>. firewalld.service is not available
2024-02-09T23:50:10.665 INFO:teuthology.orchestra.run.smithi001.stdout:Ceph Dashboard is now available at:
2024-02-09T23:50:10.665 INFO:teuthology.orchestra.run.smithi001.stdout:
2024-02-09T23:50:10.665 INFO:teuthology.orchestra.run.smithi001.stdout: URL: https://smithi001.front.sepia.ceph.com:8443/
2024-02-09T23:50:10.665 INFO:teuthology.orchestra.run.smithi001.stdout: User: admin
2024-02-09T23:50:10.665 INFO:teuthology.orchestra.run.smithi001.stdout: Password: sufo5km9kz
2024-02-09T23:50:10.665 INFO:teuthology.orchestra.run.smithi001.stdout:
2024-02-09T23:50:10.666 INFO:teuthology.orchestra.run.smithi001.stdout:Saving cluster configuration to /var/lib/ceph/b5005240-c7a5-11ee-95b8-87774f69a715/config directory
2024-02-09T23:50:10.667 INFO:teuthology.orchestra.run.smithi001.stdout:Enabling autotune for osd_memory_target
2024-02-09T23:50:11.719 INFO:journalctl@ceph.mon.a.smithi001.stdout:Feb 09 23:50:11 smithi001 ceph-mon[32335]: mgrmap e13: x(active, since 6s)
2024-02-09T23:50:11.850 INFO:teuthology.orchestra.run.smithi001.stdout:/usr/bin/ceph: stderr
2024-02-09T23:50:11.080+0000 7f0505123700 1 Processor -- start
2024-02-09T23:50:11.850 INFO:teuthology.orchestra.run.smithi001.stdout:/usr/bin/ceph: stderr
2024-02-09T23:50:11.080+0000 7f0505123700 1 -- start start
2024-02-09T23:50:11.850 INFO:teuthology.orchestra.run.smithi001.stdout:/usr/bin/ceph: stderr
2024-02-09T23:50:11.080+0000 7f0505123700 1 --2- >> [v2:172.21.15.1:3300/0,v1:172.21.15.1:6789/0] conn(0x7f05001081b0 0x7f050010a5a0 unknown :-1 s=NONE pgs=0 cs=0 l=0 rev1=0 crypto rx=0 tx=0 comp rx=0 tx=0).connect
2024-02-09T23:50:11.851 INFO:teuthology.orchestra.run.smithi001.stdout:/usr/bin/ceph: stderr
2024-02-09T23:50:11.080+0000 7f0505123700 1 -- --> [v2:172.21.15.1:3300/0,v1:172.21.15.1:6789/0] -- mon_getmap magic: 0 v1 -- 0x7f050007ae30 con 0x7f05001081b0
2024-02-09T23:50:11.851 INFO:teuthology.orchestra.run.smithi001.stdout:/usr/bin/ceph: stderr
2024-02-09T23:50:11.080+0000 7f04fed9d700 1 --2- >> [v2:172.21.15.1:3300/0,v1:172.21.15.1:6789/0] conn(0x7f05001081b0 0x7f050010a5a0 unknown :-1 s=BANNER_CONNECTING pgs=0 cs=0 l=0 rev1=0 crypto rx=0 tx=0 comp rx=0 tx=0)._handle_peer_banner_payload supported=3 required=0
2024-02-09T23:50:11.851 INFO:teuthology.orchestra.run.smithi001.stdout:/usr/bin/ceph: stderr
2024-02-09T23:50:11.080+0000 7f04fed9d700 1 --2- >> [v2:172.21.15.1:3300/0,v1:172.21.15.1:6789/0] conn(0x7f05001081b0 0x7f050010a5a0 unknown :-1 s=HELLO_CONNECTING pgs=0 cs=0 l=0 rev1=1 crypto rx=0 tx=0 comp rx=0 tx=0).handle_hello peer v2:172.21.15.1:3300/0 says I am v2:172.21.15.1:49874/0 (socket says 172.21.15.1:49874)
2024-02-09T23:50:11.851 INFO:teuthology.orchestra.run.smithi001.stdout:/usr/bin/ceph: stderr
2024-02-09T23:50:11.080+0000 7f04fed9d700 1 -- 172.21.15.1:0/798983880 learned_addr learned my addr 172.21.15.1:0/798983880 (peer_addr_for_me v2:172.21.15.1:0/0)
2024-02-09T23:50:11.851 INFO:teuthology.orchestra.run.smithi001.stdout:/usr/bin/ceph: stderr
2024-02-09T23:50:11.080+0000 7f04fed9d700 1 -- 172.21.15.1:0/798983880 --> [v2:172.21.15.1:3300/0,v1:172.21.15.1:6789/0] -- mon_subscribe({config=0+,monmap=0+}) v3 -- 0x7f050010aae0 con 0x7f05001081b0
2024-02-09T23:50:11.851 INFO:teuthology.orchestra.run.smithi001.stdout:/usr/bin/ceph: stderr
2024-02-09T23:50:11.080+0000 7f04fed9d700 1 --2- 172.21.15.1:0/798983880 >> [v2:172.21.15.1:3300/0,v1:172.21.15.1:6789/0] conn(0x7f05001081b0 0x7f050010a5a0 secure :-1 s=READY pgs=74 cs=0 l=1 rev1=1 crypto rx=0x7f04f00098a0 tx=0x7f04f0009bb0 comp rx=0 tx=0).ready entity=mon.0 client_cookie=1f12b5678e40e26 server_cookie=0 in_seq=0 out_seq=0
2024-02-09T23:50:11.851 INFO:teuthology.orchestra.run.smithi001.stdout:/usr/bin/ceph: stderr
2024-02-09T23:50:11.081+0000 7f04fdd9b700 1 -- 172.21.15.1:0/798983880 <== mon.0 v2:172.21.15.1:3300/0 1 ==== mon_map magic: 0 v1 ==== 205+0+0 (secure 0 0 0) 0x7f04f0004160 con 0x7f05001081b0
2024-02-09T23:50:11.851 INFO:teuthology.orchestra.run.smithi001.stdout:/usr/bin/ceph: stderr
2024-02-09T23:50:11.081+0000 7f04fdd9b700 1 -- 172.21.15.1:0/798983880 <== mon.0 v2:172.21.15.1:3300/0 2 ==== config(27 keys) v1 ==== 1140+0+0 (secure 0 0 0) 0x7f04f00042c0 con 0x7f05001081b0
2024-02-09T23:50:11.851 INFO:teuthology.orchestra.run.smithi001.stdout:/usr/bin/ceph: stderr
2024-02-09T23:50:11.081+0000 7f04fdd9b700 1 -- 172.21.15.1:0/798983880 <== mon.0 v2:172.21.15.1:3300/0 3 ==== mon_map magic: 0 v1 ==== 205+0+0 (secure 0 0 0) 0x7f04f0011a80 con 0x7f05001081b0
2024-02-09T23:50:11.851 INFO:teuthology.orchestra.run.smithi001.stdout:/usr/bin/ceph: stderr
2024-02-09T23:50:11.081+0000 7f0505123700 1 -- 172.21.15.1:0/798983880 >> [v2:172.21.15.1:3300/0,v1:172.21.15.1:6789/0] conn(0x7f05001081b0 msgr2=0x7f050010a5a0 secure :-1 s=STATE_CONNECTION_ESTABLISHED l=1).mark_down
2024-02-09T23:50:11.851 INFO:teuthology.orchestra.run.smithi001.stdout:/usr/bin/ceph: stderr
2024-02-09T23:50:11.081+0000 7f0505123700 1 --2- 172.21.15.1:0/798983880 >> [v2:172.21.15.1:3300/0,v1:172.21.15.1:6789/0] conn(0x7f05001081b0 0x7f050010a5a0 secure :-1 s=READY pgs=74 cs=0 l=1 rev1=1 crypto rx=0x7f04f00098a0 tx=0x7f04f0009bb0 comp rx=0 tx=0).stop
2024-02-09T23:50:11.852 INFO:teuthology.orchestra.run.smithi001.stdout:/usr/bin/ceph: stderr
2024-02-09T23:50:11.081+0000 7f0505123700 1 -- 172.21.15.1:0/798983880 shutdown_connections
2024-02-09T23:50:11.852 INFO:teuthology.orchestra.run.smithi001.stdout:/usr/bin/ceph: stderr
2024-02-09T23:50:11.081+0000 7f0505123700 1 --2- 172.21.15.1:0/798983880 >> [v2:172.21.15.1:3300/0,v1:172.21.15.1:6789/0] conn(0x7f05001081b0 0x7f050010a5a0 unknown :-1 s=CLOSED pgs=74 cs=0 l=1 rev1=1 crypto rx=0 tx=0 comp rx=0 tx=0).stop
2024-02-09T23:50:11.852 INFO:teuthology.orchestra.run.smithi001.stdout:/usr/bin/ceph: stderr
2024-02-09T23:50:11.081+0000 7f0505123700 1 -- 172.21.15.1:0/798983880 >> 172.21.15.1:0/798983880 conn(0x7f0500101bc0 msgr2=0x7f0500103fe0 unknown :-1 s=STATE_NONE l=0).mark_down
2024-02-09T23:50:11.852 INFO:teuthology.orchestra.run.smithi001.stdout:/usr/bin/ceph: stderr
2024-02-09T23:50:11.081+0000 7f0505123700 1 -- 172.21.15.1:0/798983880 shutdown_connections
2024-02-09T23:50:11.852 INFO:teuthology.orchestra.run.smithi001.stdout:/usr/bin/ceph: stderr
2024-02-09T23:50:11.081+0000 7f0505123700 1 -- 172.21.15.1:0/798983880 wait complete.
2024-02-09T23:50:11.852 INFO:teuthology.orchestra.run.smithi001.stdout:/usr/bin/ceph: stderr
2024-02-09T23:50:11.082+0000 7f0505123700 1 Processor -- start
2024-02-09T23:50:11.852 INFO:teuthology.orchestra.run.smithi001.stdout:/usr/bin/ceph: stderr
2024-02-09T23:50:11.082+0000 7f0505123700 1 -- start start
2024-02-09T23:50:11.852 INFO:teuthology.orchestra.run.smithi001.stdout:/usr/bin/ceph: stderr
2024-02-09T23:50:11.082+0000 7f0505123700 1 --2- >> [v2:172.21.15.1:3300/0,v1:172.21.15.1:6789/0] conn(0x7f05001081b0 0x7f050019b450 unknown :-1 s=NONE pgs=0 cs=0 l=1 rev1=0 crypto rx=0 tx=0 comp rx=0 tx=0).connect
2024-02-09T23:50:11.852 INFO:teuthology.orchestra.run.smithi001.stdout:/usr/bin/ceph: stderr
2024-02-09T23:50:11.082+0000 7f0505123700 1 -- --> [v2:172.21.15.1:3300/0,v1:172.21.15.1:6789/0] -- mon_getmap magic: 0 v1 -- 0x7f050019b990 con 0x7f05001081b0
2024-02-09T23:50:11.853 INFO:teuthology.orchestra.run.smithi001.stdout:/usr/bin/ceph: stderr
2024-02-09T23:50:11.083+0000 7f04fed9d700 1 --2- >> [v2:172.21.15.1:3300/0,v1:172.21.15.1:6789/0] conn(0x7f05001081b0 0x7f050019b450 unknown :-1 s=BANNER_CONNECTING pgs=0 cs=0 l=1 rev1=0 crypto rx=0 tx=0 comp rx=0 tx=0)._handle_peer_banner_payload supported=3 required=0
2024-02-09T23:50:11.853 INFO:teuthology.orchestra.run.smithi001.stdout:/usr/bin/ceph: stderr
2024-02-09T23:50:11.083+0000 7f04fed9d700 1 --2- >> [v2:172.21.15.1:3300/0,v1:172.21.15.1:6789/0] conn(0x7f05001081b0 0x7f050019b450 unknown :-1 s=HELLO_CONNECTING pgs=0 cs=0 l=1 rev1=1 crypto rx=0 tx=0 comp rx=0 tx=0).handle_hello peer v2:172.21.15.1:3300/0 says I am v2:172.21.15.1:49890/0 (socket says 172.21.15.1:49890)
2024-02-09T23:50:11.853 INFO:teuthology.orchestra.run.smithi001.stdout:/usr/bin/ceph: stderr
2024-02-09T23:50:11.083+0000 7f04fed9d700 1 -- 172.21.15.1:0/1068508966 learned_addr learned my addr 172.21.15.1:0/1068508966 (peer_addr_for_me v2:172.21.15.1:0/0)
2024-02-09T23:50:11.853 INFO:teuthology.orchestra.run.smithi001.stdout:/usr/bin/ceph: stderr
2024-02-09T23:50:11.083+0000 7f04fed9d700 1 -- 172.21.15.1:0/1068508966 --> [v2:172.21.15.1:3300/0,v1:172.21.15.1:6789/0] -- mon_subscribe({config=0+,monmap=0+}) v3 -- 0x7f04f0009550 con 0x7f05001081b0
2024-02-09T23:50:11.853 INFO:teuthology.orchestra.run.smithi001.stdout:/usr/bin/ceph: stderr
2024-02-09T23:50:11.083+0000 7f04fed9d700 1 --2- 172.21.15.1:0/1068508966 >> [v2:172.21.15.1:3300/0,v1:172.21.15.1:6789/0] conn(0x7f05001081b0 0x7f050019b450 secure :-1 s=READY pgs=75 cs=0 l=1 rev1=1 crypto rx=0x7f04f0003f20 tx=0x7f04f0011b00 comp rx=0 tx=0).ready entity=mon.0 client_cookie=0 server_cookie=0 in_seq=0 out_seq=0
2024-02-09T23:50:11.853 INFO:teuthology.orchestra.run.smithi001.stdout:/usr/bin/ceph: stderr
2024-02-09T23:50:11.083+0000 7f04e7fff700 1 -- 172.21.15.1:0/1068508966 <== mon.0 v2:172.21.15.1:3300/0 1 ==== mon_map magic: 0 v1 ==== 205+0+0 (secure 0 0 0) 0x7f04f00039f0 con 0x7f05001081b0
2024-02-09T23:50:11.853 INFO:teuthology.orchestra.run.smithi001.stdout:/usr/bin/ceph: stderr
2024-02-09T23:50:11.083+0000 7f0505123700 1 -- 172.21.15.1:0/1068508966 --> [v2:172.21.15.1:3300/0,v1:172.21.15.1:6789/0] -- mon_subscribe({mgrmap=0+}) v3 -- 0x7f050019bb90 con 0x7f05001081b0
2024-02-09T23:50:11.853 INFO:teuthology.orchestra.run.smithi001.stdout:/usr/bin/ceph: stderr
2024-02-09T23:50:11.083+0000 7f04e7fff700 1 -- 172.21.15.1:0/1068508966 <== mon.0 v2:172.21.15.1:3300/0 2 ==== config(27 keys) v1 ==== 1140+0+0 (secure 0 0 0) 0x7f04f0003b50 con 0x7f05001081b0
2024-02-09T23:50:11.853 INFO:teuthology.orchestra.run.smithi001.stdout:/usr/bin/ceph: stderr
2024-02-09T23:50:11.083+0000 7f04e7fff700 1 -- 172.21.15.1:0/1068508966 <== mon.0 v2:172.21.15.1:3300/0 3 ==== mon_map magic: 0 v1 ==== 205+0+0 (secure 0 0 0) 0x7f04f001a6d0 con 0x7f05001081b0
2024-02-09T23:50:11.853 INFO:teuthology.orchestra.run.smithi001.stdout:/usr/bin/ceph: stderr
2024-02-09T23:50:11.083+0000 7f0505123700 1 -- 172.21.15.1:0/1068508966 --> [v2:172.21.15.1:3300/0,v1:172.21.15.1:6789/0] -- mon_subscribe({osdmap=0}) v3 -- 0x7f050019c030 con 0x7f05001081b0
2024-02-09T23:50:11.853 INFO:teuthology.orchestra.run.smithi001.stdout:/usr/bin/ceph: stderr
2024-02-09T23:50:11.084+0000 7f04e7fff700 1 -- 172.21.15.1:0/1068508966 <== mon.0 v2:172.21.15.1:3300/0 4 ==== mgrmap(e 13) v1 ==== 45987+0+0 (secure 0 0 0) 0x7f04f001a9b0 con 0x7f05001081b0
2024-02-09T23:50:11.853 INFO:teuthology.orchestra.run.smithi001.stdout:/usr/bin/ceph: stderr
2024-02-09T23:50:11.084+0000 7f0505123700 1 -- 172.21.15.1:0/1068508966 --> [v2:172.21.15.1:3300/0,v1:172.21.15.1:6789/0] -- mon_command({"prefix": "get_command_descriptions"} v 0) v1 -- 0x7f050010b920 con 0x7f05001081b0
2024-02-09T23:50:11.853 INFO:teuthology.orchestra.run.smithi001.stdout:/usr/bin/ceph: stderr
2024-02-09T23:50:11.084+0000 7f04e7fff700 1 --2- 172.21.15.1:0/1068508966 >> [v2:172.21.15.1:6800/1442269036,v1:172.21.15.1:6801/1442269036] conn(0x7f04e8038f80 0x7f04e803b440 unknown :-1 s=NONE pgs=0 cs=0 l=1 rev1=0 crypto rx=0 tx=0 comp rx=0 tx=0).connect
2024-02-09T23:50:11.854 INFO:teuthology.orchestra.run.smithi001.stdout:/usr/bin/ceph: stderr
2024-02-09T23:50:11.084+0000 7f04e7fff700 1 -- 172.21.15.1:0/1068508966 <== mon.0 v2:172.21.15.1:3300/0 5 ==== osd_map(3..3 src has 1..3) v4 ==== 1155+0+0 (secure 0 0 0) 0x7f04f004d450 con 0x7f05001081b0
2024-02-09T23:50:11.854 INFO:teuthology.orchestra.run.smithi001.stdout:/usr/bin/ceph: stderr
2024-02-09T23:50:11.085+0000 7f04fe59c700 1 --2- 172.21.15.1:0/1068508966 >> [v2:172.21.15.1:6800/1442269036,v1:172.21.15.1:6801/1442269036] conn(0x7f04e8038f80 0x7f04e803b440 unknown :-1 s=BANNER_CONNECTING pgs=0 cs=0 l=1 rev1=0 crypto rx=0 tx=0 comp rx=0 tx=0)._handle_peer_banner_payload supported=3 required=0
2024-02-09T23:50:11.854 INFO:teuthology.orchestra.run.smithi001.stdout:/usr/bin/ceph: stderr
2024-02-09T23:50:11.085+0000 7f04fe59c700 1 --2- 172.21.15.1:0/1068508966 >> [v2:172.21.15.1:6800/1442269036,v1:172.21.15.1:6801/1442269036] conn(0x7f04e8038f80 0x7f04e803b440 secure :-1 s=READY pgs=10 cs=0 l=1 rev1=1 crypto rx=0x7f04f4006fd0 tx=0x7f04f4006e40 comp rx=0 tx=0).ready entity=mgr.14150 client_cookie=0 server_cookie=0 in_seq=0 out_seq=0
2024-02-09T23:50:11.854 INFO:teuthology.orchestra.run.smithi001.stdout:/usr/bin/ceph: stderr
2024-02-09T23:50:11.089+0000 7f04e7fff700 1 -- 172.21.15.1:0/1068508966 <== mon.0 v2:172.21.15.1:3300/0 6 ==== mon_command_ack([{"prefix": "get_command_descriptions"}]=0 v0) v1 ==== 72+0+183564 (secure 0 0 0) 0x7f04f0022330 con 0x7f05001081b0
2024-02-09T23:50:11.854 INFO:teuthology.orchestra.run.smithi001.stdout:/usr/bin/ceph: stderr
2024-02-09T23:50:11.291+0000 7f0505123700 1 -- 172.21.15.1:0/1068508966 --> [v2:172.21.15.1:3300/0,v1:172.21.15.1:6789/0] -- mon_command([{prefix=config set, name=osd_memory_target_autotune}] v 0) v1 -- 0x7f050019e910 con 0x7f05001081b0
2024-02-09T23:50:11.854 INFO:teuthology.orchestra.run.smithi001.stdout:/usr/bin/ceph: stderr
2024-02-09T23:50:11.292+0000 7f04e7fff700 1 -- 172.21.15.1:0/1068508966 <== mon.0 v2:172.21.15.1:3300/0 7 ==== mon_command_ack([{prefix=config set, name=osd_memory_target_autotune}]=0 v8)=0 v8) v1 ==== 127+0+0 (secure 0 0 0) 0x7f04f0018be0 con 0x7f05001081b0
2024-02-09T23:50:11.854 INFO:teuthology.orchestra.run.smithi001.stdout:/usr/bin/ceph: stderr
2024-02-09T23:50:11.294+0000 7f0505123700 1 -- 172.21.15.1:0/1068508966 >> [v2:172.21.15.1:6800/1442269036,v1:172.21.15.1:6801/1442269036] conn(0x7f04e8038f80 msgr2=0x7f04e803b440 secure :-1 s=STATE_CONNECTION_ESTABLISHED l=1).mark_down
2024-02-09T23:50:11.854 INFO:teuthology.orchestra.run.smithi001.stdout:/usr/bin/ceph: stderr
2024-02-09T23:50:11.294+0000 7f0505123700 1 --2- 172.21.15.1:0/1068508966 >> [v2:172.21.15.1:6800/1442269036,v1:172.21.15.1:6801/1442269036] conn(0x7f04e8038f80 0x7f04e803b440 secure :-1 s=READY pgs=10 cs=0 l=1 rev1=1 crypto rx=0x7f04f4006fd0 tx=0x7f04f4006e40 comp rx=0 tx=0).stop
2024-02-09T23:50:11.854 INFO:teuthology.orchestra.run.smithi001.stdout:/usr/bin/ceph: stderr
2024-02-09T23:50:11.294+0000 7f0505123700 1 -- 172.21.15.1:0/1068508966 >> [v2:172.21.15.1:3300/0,v1:172.21.15.1:6789/0] conn(0x7f05001081b0 msgr2=0x7f050019b450 secure :-1 s=STATE_CONNECTION_ESTABLISHED l=1).mark_down
2024-02-09T23:50:11.854 INFO:teuthology.orchestra.run.smithi001.stdout:/usr/bin/ceph: stderr
2024-02-09T23:50:11.294+0000 7f0505123700 1 --2- 172.21.15.1:0/1068508966 >> [v2:172.21.15.1:3300/0,v1:172.21.15.1:6789/0] conn(0x7f05001081b0 0x7f050019b450 secure :-1 s=READY pgs=75 cs=0 l=1 rev1=1 crypto rx=0x7f04f0003f20 tx=0x7f04f0011b00 comp rx=0 tx=0).stop
2024-02-09T23:50:11.855 INFO:teuthology.orchestra.run.smithi001.stdout:/usr/bin/ceph: stderr
2024-02-09T23:50:11.294+0000 7f0505123700 1 -- 172.21.15.1:0/1068508966 shutdown_connections
2024-02-09T23:50:11.855 INFO:teuthology.orchestra.run.smithi001.stdout:/usr/bin/ceph: stderr
2024-02-09T23:50:11.294+0000 7f0505123700 1 --2- 172.21.15.1:0/1068508966 >> [v2:172.21.15.1:6800/1442269036,v1:172.21.15.1:6801/1442269036] conn(0x7f04e8038f80 0x7f04e803b440 unknown :-1 s=CLOSED pgs=10 cs=0 l=1 rev1=1 crypto rx=0 tx=0 comp rx=0 tx=0).stop
2024-02-09T23:50:11.855 INFO:teuthology.orchestra.run.smithi001.stdout:/usr/bin/ceph: stderr
2024-02-09T23:50:11.294+0000 7f0505123700 1 --2- 172.21.15.1:0/1068508966 >> [v2:172.21.15.1:3300/0,v1:172.21.15.1:6789/0] conn(0x7f05001081b0 0x7f050019b450 unknown :-1 s=CLOSED pgs=75 cs=0 l=1 rev1=1 crypto rx=0 tx=0 comp rx=0 tx=0).stop
2024-02-09T23:50:11.855 INFO:teuthology.orchestra.run.smithi001.stdout:/usr/bin/ceph: stderr
2024-02-09T23:50:11.294+0000 7f0505123700 1 -- 172.21.15.1:0/1068508966 >> 172.21.15.1:0/1068508966 conn(0x7f0500101bc0 msgr2=0x7f0500102720 unknown :-1 s=STATE_NONE l=0).mark_down
2024-02-09T23:50:11.855 INFO:teuthology.orchestra.run.smithi001.stdout:/usr/bin/ceph: stderr
2024-02-09T23:50:11.294+0000 7f0505123700 1 -- 172.21.15.1:0/1068508966 shutdown_connections
2024-02-09T23:50:11.855 INFO:teuthology.orchestra.run.smithi001.stdout:/usr/bin/ceph: stderr
2024-02-09T23:50:11.294+0000 7f0505123700 1 -- 172.21.15.1:0/1068508966 wait complete.
2024-02-09T23:50:13.138 INFO:teuthology.orchestra.run.smithi001.stdout:/usr/bin/ceph: stderr
2024-02-09T23:50:12.235+0000 7f1bd1a97700 1 Processor -- start
2024-02-09T23:50:13.138 INFO:teuthology.orchestra.run.smithi001.stdout:/usr/bin/ceph: stderr
2024-02-09T23:50:12.235+0000 7f1bd1a97700 1 -- start start
2024-02-09T23:50:13.138 INFO:teuthology.orchestra.run.smithi001.stdout:/usr/bin/ceph: stderr
2024-02-09T23:50:12.235+0000 7f1bd1a97700 1 --2- >> [v2:172.21.15.1:3300/0,v1:172.21.15.1:6789/0] conn(0x7f1bcc107bf0 0x7f1bcc108010 unknown :-1 s=NONE pgs=0 cs=0 l=0 rev1=0 crypto rx=0 tx=0 comp rx=0 tx=0).connect
2024-02-09T23:50:13.138 INFO:teuthology.orchestra.run.smithi001.stdout:/usr/bin/ceph: stderr
2024-02-09T23:50:12.235+0000 7f1bd1a97700 1 -- --> [v2:172.21.15.1:3300/0,v1:172.21.15.1:6789/0] -- mon_getmap magic: 0 v1 -- 0x7f1bcc1085e0 con 0x7f1bcc107bf0
2024-02-09T23:50:13.138 INFO:teuthology.orchestra.run.smithi001.stdout:/usr/bin/ceph: stderr
2024-02-09T23:50:12.236+0000 7f1bcb7fe700 1 --2- >> [v2:172.21.15.1:3300/0,v1:172.21.15.1:6789/0] conn(0x7f1bcc107bf0 0x7f1bcc108010 unknown :-1 s=BANNER_CONNECTING pgs=0 cs=0 l=0 rev1=0 crypto rx=0 tx=0 comp rx=0 tx=0)._handle_peer_banner_payload supported=3 required=0
2024-02-09T23:50:13.139 INFO:teuthology.orchestra.run.smithi001.stdout:/usr/bin/ceph: stderr
2024-02-09T23:50:12.236+0000 7f1bcb7fe700 1 --2- >> [v2:172.21.15.1:3300/0,v1:172.21.15.1:6789/0] conn(0x7f1bcc107bf0 0x7f1bcc108010 unknown :-1 s=HELLO_CONNECTING pgs=0 cs=0 l=0 rev1=1 crypto rx=0 tx=0 comp rx=0 tx=0).handle_hello peer v2:172.21.15.1:3300/0 says I am v2:172.21.15.1:49898/0 (socket says 172.21.15.1:49898)
2024-02-09T23:50:13.139 INFO:teuthology.orchestra.run.smithi001.stdout:/usr/bin/ceph: stderr
2024-02-09T23:50:12.236+0000 7f1bcb7fe700 1 -- 172.21.15.1:0/3073103409 learned_addr learned my addr 172.21.15.1:0/3073103409 (peer_addr_for_me v2:172.21.15.1:0/0)
2024-02-09T23:50:13.139 INFO:teuthology.orchestra.run.smithi001.stdout:/usr/bin/ceph: stderr
2024-02-09T23:50:12.236+0000 7f1bcb7fe700 1 -- 172.21.15.1:0/3073103409 --> [v2:172.21.15.1:3300/0,v1:172.21.15.1:6789/0] -- mon_subscribe({config=0+,monmap=0+}) v3 -- 0x7f1bcc106800 con 0x7f1bcc107bf0
2024-02-09T23:50:13.139 INFO:teuthology.orchestra.run.smithi001.stdout:/usr/bin/ceph: stderr
2024-02-09T23:50:12.236+0000 7f1bcb7fe700 1 --2- 172.21.15.1:0/3073103409 >> [v2:172.21.15.1:3300/0,v1:172.21.15.1:6789/0] conn(0x7f1bcc107bf0 0x7f1bcc108010 secure :-1 s=READY pgs=76 cs=0 l=1 rev1=1 crypto rx=0x7f1bbc0098a0 tx=0x7f1bbc009bb0 comp rx=0 tx=0).ready entity=mon.0 client_cookie=3663f757e0784287 server_cookie=0 in_seq=0 out_seq=0
2024-02-09T23:50:13.139 INFO:teuthology.orchestra.run.smithi001.stdout:/usr/bin/ceph: stderr
2024-02-09T23:50:12.236+0000 7f1bca7fc700 1 -- 172.21.15.1:0/3073103409 <== mon.0 v2:172.21.15.1:3300/0 1 ==== mon_map magic: 0 v1 ==== 205+0+0 (secure 0 0 0) 0x7f1bbc004160 con 0x7f1bcc107bf0
2024-02-09T23:50:13.139 INFO:teuthology.orchestra.run.smithi001.stdout:/usr/bin/ceph: stderr
2024-02-09T23:50:12.236+0000 7f1bca7fc700 1 -- 172.21.15.1:0/3073103409 <== mon.0 v2:172.21.15.1:3300/0 2 ==== config(27 keys) v1 ==== 1140+0+0 (secure 0 0 0) 0x7f1bbc0042c0 con 0x7f1bcc107bf0
2024-02-09T23:50:13.139 INFO:teuthology.orchestra.run.smithi001.stdout:/usr/bin/ceph: stderr
2024-02-09T23:50:12.236+0000 7f1bca7fc700 1 -- 172.21.15.1:0/3073103409 <== mon.0 v2:172.21.15.1:3300/0 3 ==== mon_map magic: 0 v1 ==== 205+0+0 (secure 0 0 0) 0x7f1bbc011a80 con 0x7f1bcc107bf0
2024-02-09T23:50:13.139 INFO:teuthology.orchestra.run.smithi001.stdout:/usr/bin/ceph: stderr
2024-02-09T23:50:12.237+0000 7f1bd1a97700 1 -- 172.21.15.1:0/3073103409 >> [v2:172.21.15.1:3300/0,v1:172.21.15.1:6789/0] conn(0x7f1bcc107bf0 msgr2=0x7f1bcc108010 secure :-1 s=STATE_CONNECTION_ESTABLISHED l=1).mark_down
2024-02-09T23:50:13.139 INFO:teuthology.orchestra.run.smithi001.stdout:/usr/bin/ceph: stderr
2024-02-09T23:50:12.237+0000 7f1bd1a97700 1 --2- 172.21.15.1:0/3073103409 >> [v2:172.21.15.1:3300/0,v1:172.21.15.1:6789/0] conn(0x7f1bcc107bf0 0x7f1bcc108010 secure :-1 s=READY pgs=76 cs=0 l=1 rev1=1 crypto rx=0x7f1bbc0098a0 tx=0x7f1bbc009bb0 comp rx=0 tx=0).stop
2024-02-09T23:50:13.139 INFO:teuthology.orchestra.run.smithi001.stdout:/usr/bin/ceph: stderr
2024-02-09T23:50:12.237+0000 7f1bd1a97700 1 -- 172.21.15.1:0/3073103409 shutdown_connections
2024-02-09T23:50:13.139 INFO:teuthology.orchestra.run.smithi001.stdout:/usr/bin/ceph: stderr
2024-02-09T23:50:12.237+0000 7f1bd1a97700 1 --2- 172.21.15.1:0/3073103409 >> [v2:172.21.15.1:3300/0,v1:172.21.15.1:6789/0] conn(0x7f1bcc107bf0 0x7f1bcc108010 unknown :-1 s=CLOSED pgs=76 cs=0 l=1 rev1=1 crypto rx=0 tx=0 comp rx=0 tx=0).stop
2024-02-09T23:50:13.139 INFO:teuthology.orchestra.run.smithi001.stdout:/usr/bin/ceph: stderr
2024-02-09T23:50:12.237+0000 7f1bd1a97700 1 -- 172.21.15.1:0/3073103409 >> 172.21.15.1:0/3073103409 conn(0x7f1bcc101390 msgr2=0x7f1bcc1037b0 unknown :-1 s=STATE_NONE l=0).mark_down
2024-02-09T23:50:13.139 INFO:teuthology.orchestra.run.smithi001.stdout:/usr/bin/ceph: stderr
2024-02-09T23:50:12.237+0000 7f1bd1a97700 1 -- 172.21.15.1:0/3073103409 shutdown_connections
2024-02-09T23:50:13.139 INFO:teuthology.orchestra.run.smithi001.stdout:/usr/bin/ceph: stderr
2024-02-09T23:50:12.237+0000 7f1bd1a97700 1 -- 172.21.15.1:0/3073103409 wait complete.
2024-02-09T23:50:13.140 INFO:teuthology.orchestra.run.smithi001.stdout:/usr/bin/ceph: stderr
2024-02-09T23:50:12.237+0000 7f1bd1a97700 1 Processor -- start
2024-02-09T23:50:13.140 INFO:teuthology.orchestra.run.smithi001.stdout:/usr/bin/ceph: stderr
2024-02-09T23:50:12.238+0000 7f1bd1a97700 1 -- start start
2024-02-09T23:50:13.140 INFO:teuthology.orchestra.run.smithi001.stdout:/usr/bin/ceph: stderr
2024-02-09T23:50:12.238+0000 7f1bd1a97700 1 --2- >> [v2:172.21.15.1:3300/0,v1:172.21.15.1:6789/0] conn(0x7f1bcc107bf0 0x7f1bcc106190 unknown :-1 s=NONE pgs=0 cs=0 l=1 rev1=0 crypto rx=0 tx=0 comp rx=0 tx=0).connect
2024-02-09T23:50:13.140 INFO:teuthology.orchestra.run.smithi001.stdout:/usr/bin/ceph: stderr
2024-02-09T23:50:12.238+0000 7f1bd1a97700 1 -- --> [v2:172.21.15.1:3300/0,v1:172.21.15.1:6789/0] -- mon_getmap magic: 0 v1 -- 0x7f1bcc19e1f0 con 0x7f1bcc107bf0
2024-02-09T23:50:13.140 INFO:teuthology.orchestra.run.smithi001.stdout:/usr/bin/ceph: stderr
2024-02-09T23:50:12.238+0000 7f1bcb7fe700 1 --2- >> [v2:172.21.15.1:3300/0,v1:172.21.15.1:6789/0] conn(0x7f1bcc107bf0 0x7f1bcc106190 unknown :-1 s=BANNER_CONNECTING pgs=0 cs=0 l=1 rev1=0 crypto rx=0 tx=0 comp rx=0 tx=0)._handle_peer_banner_payload supported=3 required=0
2024-02-09T23:50:13.140 INFO:teuthology.orchestra.run.smithi001.stdout:/usr/bin/ceph: stderr
2024-02-09T23:50:12.238+0000 7f1bcb7fe700 1 --2- >> [v2:172.21.15.1:3300/0,v1:172.21.15.1:6789/0] conn(0x7f1bcc107bf0 0x7f1bcc106190 unknown :-1 s=HELLO_CONNECTING pgs=0 cs=0 l=1 rev1=1 crypto rx=0 tx=0 comp rx=0 tx=0).handle_hello peer v2:172.21.15.1:3300/0 says I am v2:172.21.15.1:49912/0 (socket says 172.21.15.1:49912)
2024-02-09T23:50:13.140 INFO:teuthology.orchestra.run.smithi001.stdout:/usr/bin/ceph: stderr
2024-02-09T23:50:12.238+0000 7f1bcb7fe700 1 -- 172.21.15.1:0/2639867316 learned_addr learned my addr 172.21.15.1:0/2639867316 (peer_addr_for_me v2:172.21.15.1:0/0)
2024-02-09T23:50:13.140 INFO:teuthology.orchestra.run.smithi001.stdout:/usr/bin/ceph: stderr
2024-02-09T23:50:12.238+0000 7f1bcb7fe700 1 -- 172.21.15.1:0/2639867316 --> [v2:172.21.15.1:3300/0,v1:172.21.15.1:6789/0] -- mon_subscribe({config=0+,monmap=0+}) v3 -- 0x7f1bbc009550 con 0x7f1bcc107bf0
2024-02-09T23:50:13.140 INFO:teuthology.orchestra.run.smithi001.stdout:/usr/bin/ceph: stderr
2024-02-09T23:50:12.238+0000 7f1bcb7fe700 1 --2- 172.21.15.1:0/2639867316 >> [v2:172.21.15.1:3300/0,v1:172.21.15.1:6789/0] conn(0x7f1bcc107bf0 0x7f1bcc106190 secure :-1 s=READY pgs=77 cs=0 l=1 rev1=1 crypto rx=0x7f1bbc011740 tx=0x7f1bbc011b00 comp rx=0 tx=0).ready entity=mon.0 client_cookie=0 server_cookie=0 in_seq=0 out_seq=0
2024-02-09T23:50:13.140 INFO:teuthology.orchestra.run.smithi001.stdout:/usr/bin/ceph: stderr
2024-02-09T23:50:12.239+0000 7f1bc8ff9700 1 -- 172.21.15.1:0/2639867316 <== mon.0 v2:172.21.15.1:3300/0 1 ==== mon_map magic: 0 v1 ==== 205+0+0 (secure 0 0 0) 0x7f1bbc0039e0 con 0x7f1bcc107bf0
2024-02-09T23:50:13.140 INFO:teuthology.orchestra.run.smithi001.stdout:/usr/bin/ceph: stderr
2024-02-09T23:50:12.239+0000 7f1bc8ff9700 1 -- 172.21.15.1:0/2639867316 <== mon.0 v2:172.21.15.1:3300/0 2 ==== config(27 keys) v1 ==== 1140+0+0 (secure 0 0 0) 0x7f1bbc003b40 con 0x7f1bcc107bf0
2024-02-09T23:50:13.140 INFO:teuthology.orchestra.run.smithi001.stdout:/usr/bin/ceph: stderr
2024-02-09T23:50:12.239+0000 7f1bc8ff9700 1 -- 172.21.15.1:0/2639867316 <== mon.0 v2:172.21.15.1:3300/0 3 ==== mon_map magic: 0 v1 ==== 205+0+0 (secure 0 0 0) 0x7f1bbc024740 con 0x7f1bcc107bf0
2024-02-09T23:50:13.140 INFO:teuthology.orchestra.run.smithi001.stdout:/usr/bin/ceph: stderr
2024-02-09T23:50:12.239+0000 7f1bd1a97700 1 -- 172.21.15.1:0/2639867316 --> [v2:172.21.15.1:3300/0,v1:172.21.15.1:6789/0] -- mon_subscribe({mgrmap=0+}) v3 -- 0x7f1bcc19e330 con 0x7f1bcc107bf0
2024-02-09T23:50:13.140 INFO:teuthology.orchestra.run.smithi001.stdout:/usr/bin/ceph: stderr
2024-02-09T23:50:12.239+0000 7f1bd1a97700 1 -- 172.21.15.1:0/2639867316 --> [v2:172.21.15.1:3300/0,v1:172.21.15.1:6789/0] -- mon_subscribe({osdmap=0}) v3 -- 0x7f1bcc19e710 con 0x7f1bcc107bf0
2024-02-09T23:50:13.141 INFO:teuthology.orchestra.run.smithi001.stdout:/usr/bin/ceph: stderr
2024-02-09T23:50:12.240+0000 7f1bc8ff9700 1 -- 172.21.15.1:0/2639867316 <== mon.0 v2:172.21.15.1:3300/0 4 ==== mgrmap(e 13) v1 ==== 45987+0+0 (secure 0 0 0) 0x7f1bbc01a430 con 0x7f1bcc107bf0
2024-02-09T23:50:13.141 INFO:teuthology.orchestra.run.smithi001.stdout:/usr/bin/ceph: stderr
2024-02-09T23:50:12.240+0000 7f1bc8ff9700 1 --2- 172.21.15.1:0/2639867316 >> [v2:172.21.15.1:6800/1442269036,v1:172.21.15.1:6801/1442269036] conn(0x7f1bb4039030 0x7f1bb403b4f0 unknown :-1 s=NONE pgs=0 cs=0 l=1 rev1=0 crypto rx=0 tx=0 comp rx=0 tx=0).connect
