2024-02-10T05:52:59.835+0000 7f0165082700 1 -- 172.21.15.121:0/1601077373 <== mon.0 v2:172.21.15.121:3300/0 3 ==== mon_map magic: 0 v1 ==== 205+0+0 (secure 0 0 0) 0x7f015c003cd0 con 0x7f0160104990
2024-02-10T05:53:00.643 INFO:teuthology.orchestra.run.smithi121.stdout:/usr/bin/ceph: stderr
2024-02-10T05:52:59.835+0000 7f01682e8700 1 -- 172.21.15.121:0/1601077373 >> [v2:172.21.15.121:3300/0,v1:172.21.15.121:6789/0] conn(0x7f0160104990 msgr2=0x7f0160104db0 secure :-1 s=STATE_CONNECTION_ESTABLISHED l=1).mark_down
2024-02-10T05:53:00.643 INFO:teuthology.orchestra.run.smithi121.stdout:/usr/bin/ceph: stderr
2024-02-10T05:52:59.835+0000 7f01682e8700 1 --2- 172.21.15.121:0/1601077373 >> [v2:172.21.15.121:3300/0,v1:172.21.15.121:6789/0] conn(0x7f0160104990 0x7f0160104db0 secure :-1 s=READY pgs=74 cs=0 l=1 rev1=1 crypto rx=0x7f015c00bb40 tx=0x7f015c00be50 comp rx=0 tx=0).stop
2024-02-10T05:53:00.643 INFO:teuthology.orchestra.run.smithi121.stdout:/usr/bin/ceph: stderr
2024-02-10T05:52:59.836+0000 7f01682e8700 1 -- 172.21.15.121:0/1601077373 shutdown_connections
2024-02-10T05:53:00.643 INFO:teuthology.orchestra.run.smithi121.stdout:/usr/bin/ceph: stderr
2024-02-10T05:52:59.836+0000 7f01682e8700 1 --2- 172.21.15.121:0/1601077373 >> [v2:172.21.15.121:3300/0,v1:172.21.15.121:6789/0] conn(0x7f0160104990 0x7f0160104db0 unknown :-1 s=CLOSED pgs=74 cs=0 l=1 rev1=1 crypto rx=0 tx=0 comp rx=0 tx=0).stop
2024-02-10T05:53:00.643 INFO:teuthology.orchestra.run.smithi121.stdout:/usr/bin/ceph: stderr
2024-02-10T05:52:59.836+0000 7f01682e8700 1 -- 172.21.15.121:0/1601077373 >> 172.21.15.121:0/1601077373 conn(0x7f01600fffd0 msgr2=0x7f01601023f0 unknown :-1 s=STATE_NONE l=0).mark_down
2024-02-10T05:53:00.643 INFO:teuthology.orchestra.run.smithi121.stdout:/usr/bin/ceph: stderr
2024-02-10T05:52:59.836+0000 7f01682e8700 1 -- 172.21.15.121:0/1601077373 shutdown_connections
2024-02-10T05:53:00.643 INFO:teuthology.orchestra.run.smithi121.stdout:/usr/bin/ceph: stderr
2024-02-10T05:52:59.836+0000 7f01682e8700 1 -- 172.21.15.121:0/1601077373 wait complete.
2024-02-10T05:53:00.643 INFO:teuthology.orchestra.run.smithi121.stdout:/usr/bin/ceph: stderr
2024-02-10T05:52:59.836+0000 7f01682e8700 1 Processor -- start
2024-02-10T05:53:00.643 INFO:teuthology.orchestra.run.smithi121.stdout:/usr/bin/ceph: stderr
2024-02-10T05:52:59.836+0000 7f01682e8700 1 -- start start
2024-02-10T05:53:00.643 INFO:teuthology.orchestra.run.smithi121.stdout:/usr/bin/ceph: stderr
2024-02-10T05:52:59.836+0000 7f01682e8700 1 --2- >> [v2:172.21.15.121:3300/0,v1:172.21.15.121:6789/0] conn(0x7f0160104990 0x7f01601974e0 unknown :-1 s=NONE pgs=0 cs=0 l=1 rev1=0 crypto rx=0 tx=0 comp rx=0 tx=0).connect
2024-02-10T05:53:00.644 INFO:teuthology.orchestra.run.smithi121.stdout:/usr/bin/ceph: stderr
2024-02-10T05:52:59.836+0000 7f01682e8700 1 -- --> [v2:172.21.15.121:3300/0,v1:172.21.15.121:6789/0] -- mon_getmap magic: 0 v1 -- 0x7f0160197a20 con 0x7f0160104990
2024-02-10T05:53:00.644 INFO:teuthology.orchestra.run.smithi121.stdout:/usr/bin/ceph: stderr
2024-02-10T05:52:59.836+0000 7f0166084700 1 --2- >> [v2:172.21.15.121:3300/0,v1:172.21.15.121:6789/0] conn(0x7f0160104990 0x7f01601974e0 unknown :-1 s=BANNER_CONNECTING pgs=0 cs=0 l=1 rev1=0 crypto rx=0 tx=0 comp rx=0 tx=0)._handle_peer_banner_payload supported=3 required=0
2024-02-10T05:53:00.644 INFO:teuthology.orchestra.run.smithi121.stdout:/usr/bin/ceph: stderr
2024-02-10T05:52:59.836+0000 7f0166084700 1 --2- >> [v2:172.21.15.121:3300/0,v1:172.21.15.121:6789/0] conn(0x7f0160104990 0x7f01601974e0 unknown :-1 s=HELLO_CONNECTING pgs=0 cs=0 l=1 rev1=1 crypto rx=0 tx=0 comp rx=0 tx=0).handle_hello peer v2:172.21.15.121:3300/0 says I am v2:172.21.15.121:34534/0 (socket says 172.21.15.121:34534)
2024-02-10T05:53:00.644 INFO:teuthology.orchestra.run.smithi121.stdout:/usr/bin/ceph: stderr
2024-02-10T05:52:59.836+0000 7f0166084700 1 -- 172.21.15.121:0/1136527957 learned_addr learned my addr 172.21.15.121:0/1136527957 (peer_addr_for_me v2:172.21.15.121:0/0)
2024-02-10T05:53:00.644 INFO:teuthology.orchestra.run.smithi121.stdout:/usr/bin/ceph: stderr
2024-02-10T05:52:59.837+0000 7f0166084700 1 -- 172.21.15.121:0/1136527957 --> [v2:172.21.15.121:3300/0,v1:172.21.15.121:6789/0] -- mon_subscribe({config=0+,monmap=0+}) v3 -- 0x7f015c00b7f0 con 0x7f0160104990
2024-02-10T05:53:00.644 INFO:teuthology.orchestra.run.smithi121.stdout:/usr/bin/ceph: stderr
2024-02-10T05:52:59.837+0000 7f0166084700 1 --2- 172.21.15.121:0/1136527957 >> [v2:172.21.15.121:3300/0,v1:172.21.15.121:6789/0] conn(0x7f0160104990 0x7f01601974e0 secure :-1 s=READY pgs=75 cs=0 l=1 rev1=1 crypto rx=0x7f015c003a40 tx=0x7f015c00dfd0 comp rx=0 tx=0).ready entity=mon.0 client_cookie=0 server_cookie=0 in_seq=0 out_seq=0
2024-02-10T05:53:00.644 INFO:teuthology.orchestra.run.smithi121.stdout:/usr/bin/ceph: stderr
2024-02-10T05:52:59.837+0000 7f01577fe700 1 -- 172.21.15.121:0/1136527957 <== mon.0 v2:172.21.15.121:3300/0 1 ==== mon_map magic: 0 v1 ==== 205+0+0 (secure 0 0 0) 0x7f015c01e070 con 0x7f0160104990
2024-02-10T05:53:00.644 INFO:teuthology.orchestra.run.smithi121.stdout:/usr/bin/ceph: stderr
2024-02-10T05:52:59.837+0000 7f01577fe700 1 -- 172.21.15.121:0/1136527957 <== mon.0 v2:172.21.15.121:3300/0 2 ==== config(24 keys) v1 ==== 1042+0+0 (secure 0 0 0) 0x7f015c010b00 con 0x7f0160104990
2024-02-10T05:53:00.644 INFO:teuthology.orchestra.run.smithi121.stdout:/usr/bin/ceph: stderr
2024-02-10T05:52:59.837+0000 7f01682e8700 1 -- 172.21.15.121:0/1136527957 --> [v2:172.21.15.121:3300/0,v1:172.21.15.121:6789/0] -- mon_subscribe({mgrmap=0+}) v3 -- 0x7f0160197c20 con 0x7f0160104990
2024-02-10T05:53:00.644 INFO:teuthology.orchestra.run.smithi121.stdout:/usr/bin/ceph: stderr
2024-02-10T05:52:59.837+0000 7f01577fe700 1 -- 172.21.15.121:0/1136527957 <== mon.0 v2:172.21.15.121:3300/0 3 ==== mon_map magic: 0 v1 ==== 205+0+0 (secure 0 0 0) 0x7f015c022970 con 0x7f0160104990
2024-02-10T05:53:00.644 INFO:teuthology.orchestra.run.smithi121.stdout:/usr/bin/ceph: stderr
2024-02-10T05:52:59.837+0000 7f01682e8700 1 -- 172.21.15.121:0/1136527957 --> [v2:172.21.15.121:3300/0,v1:172.21.15.121:6789/0] -- mon_subscribe({osdmap=0}) v3 -- 0x7f01601980c0 con 0x7f0160104990
2024-02-10T05:53:00.644 INFO:teuthology.orchestra.run.smithi121.stdout:/usr/bin/ceph: stderr
2024-02-10T05:52:59.838+0000 7f01682e8700 1 -- 172.21.15.121:0/1136527957 --> [v2:172.21.15.121:3300/0,v1:172.21.15.121:6789/0] -- mon_command({"prefix": "get_command_descriptions"} v 0) v1 -- 0x7f0160063350 con 0x7f0160104990
2024-02-10T05:53:00.644 INFO:teuthology.orchestra.run.smithi121.stdout:/usr/bin/ceph: stderr
2024-02-10T05:52:59.838+0000 7f01577fe700 1 -- 172.21.15.121:0/1136527957 <== mon.0 v2:172.21.15.121:3300/0 4 ==== mgrmap(e 13) v1 ==== 45989+0+0 (secure 0 0 0) 0x7f015c010c70 con 0x7f0160104990
2024-02-10T05:53:00.644 INFO:teuthology.orchestra.run.smithi121.stdout:/usr/bin/ceph: stderr
2024-02-10T05:52:59.838+0000 7f01577fe700 1 --2- 172.21.15.121:0/1136527957 >> [v2:172.21.15.121:6800/2329816948,v1:172.21.15.121:6801/2329816948] conn(0x7f014c039020 0x7f014c03b4e0 unknown :-1 s=NONE pgs=0 cs=0 l=1 rev1=0 crypto rx=0 tx=0 comp rx=0 tx=0).connect
2024-02-10T05:53:00.645 INFO:teuthology.orchestra.run.smithi121.stdout:/usr/bin/ceph: stderr
2024-02-10T05:52:59.838+0000 7f01577fe700 1 -- 172.21.15.121:0/1136527957 <== mon.0 v2:172.21.15.121:3300/0 5 ==== osd_map(3..3 src has 1..3) v4 ==== 1155+0+0 (secure 0 0 0) 0x7f015c04f6a0 con 0x7f0160104990
2024-02-10T05:53:00.645 INFO:teuthology.orchestra.run.smithi121.stdout:/usr/bin/ceph: stderr
2024-02-10T05:52:59.838+0000 7f0165883700 1 --2- 172.21.15.121:0/1136527957 >> [v2:172.21.15.121:6800/2329816948,v1:172.21.15.121:6801/2329816948] conn(0x7f014c039020 0x7f014c03b4e0 unknown :-1 s=BANNER_CONNECTING pgs=0 cs=0 l=1 rev1=0 crypto rx=0 tx=0 comp rx=0 tx=0)._handle_peer_banner_payload supported=3 required=0
2024-02-10T05:53:00.645 INFO:teuthology.orchestra.run.smithi121.stdout:/usr/bin/ceph: stderr
2024-02-10T05:52:59.839+0000 7f0165883700 1 --2- 172.21.15.121:0/1136527957 >> [v2:172.21.15.121:6800/2329816948,v1:172.21.15.121:6801/2329816948] conn(0x7f014c039020 0x7f014c03b4e0 secure :-1 s=READY pgs=10 cs=0 l=1 rev1=1 crypto rx=0x7f0150006fd0 tx=0x7f0150006e40 comp rx=0 tx=0).ready entity=mgr.14150 client_cookie=0 server_cookie=0 in_seq=0 out_seq=0
2024-02-10T05:53:00.645 INFO:teuthology.orchestra.run.smithi121.stdout:/usr/bin/ceph: stderr
2024-02-10T05:52:59.843+0000 7f01577fe700 1 -- 172.21.15.121:0/1136527957 <== mon.0 v2:172.21.15.121:3300/0 6 ==== mon_command_ack([{"prefix": "get_command_descriptions"}]=0 v0) v1 ==== 72+0+183564 (secure 0 0 0) 0x7f015c021c40 con 0x7f0160104990
2024-02-10T05:53:00.645 INFO:teuthology.orchestra.run.smithi121.stdout:/usr/bin/ceph: stderr
2024-02-10T05:53:00.035+0000 7f01682e8700 1 -- 172.21.15.121:0/1136527957 --> [v2:172.21.15.121:3300/0,v1:172.21.15.121:6789/0] -- mon_command([{prefix=config set, name=osd_memory_target_autotune}] v 0) v1 -- 0x7f0160190c50 con 0x7f0160104990
2024-02-10T05:53:00.645 INFO:teuthology.orchestra.run.smithi121.stdout:/usr/bin/ceph: stderr
2024-02-10T05:53:00.036+0000 7f01577fe700 1 -- 172.21.15.121:0/1136527957 <== mon.0 v2:172.21.15.121:3300/0 7 ==== mon_command_ack([{prefix=config set, name=osd_memory_target_autotune}]=0 v8)=0 v8) v1 ==== 127+0+0 (secure 0 0 0) 0x7f015c027030 con 0x7f0160104990
2024-02-10T05:53:00.645 INFO:teuthology.orchestra.run.smithi121.stdout:/usr/bin/ceph: stderr
2024-02-10T05:53:00.037+0000 7f01682e8700 1 -- 172.21.15.121:0/1136527957 >> [v2:172.21.15.121:6800/2329816948,v1:172.21.15.121:6801/2329816948] conn(0x7f014c039020 msgr2=0x7f014c03b4e0 secure :-1 s=STATE_CONNECTION_ESTABLISHED l=1).mark_down
2024-02-10T05:53:00.645 INFO:teuthology.orchestra.run.smithi121.stdout:/usr/bin/ceph: stderr
2024-02-10T05:53:00.037+0000 7f01682e8700 1 --2- 172.21.15.121:0/1136527957 >> [v2:172.21.15.121:6800/2329816948,v1:172.21.15.121:6801/2329816948] conn(0x7f014c039020 0x7f014c03b4e0 secure :-1 s=READY pgs=10 cs=0 l=1 rev1=1 crypto rx=0x7f0150006fd0 tx=0x7f0150006e40 comp rx=0 tx=0).stop
2024-02-10T05:53:00.645 INFO:teuthology.orchestra.run.smithi121.stdout:/usr/bin/ceph: stderr
2024-02-10T05:53:00.038+0000 7f01682e8700 1 -- 172.21.15.121:0/1136527957 >> [v2:172.21.15.121:3300/0,v1:172.21.15.121:6789/0] conn(0x7f0160104990 msgr2=0x7f01601974e0 secure :-1 s=STATE_CONNECTION_ESTABLISHED l=1).mark_down
2024-02-10T05:53:00.645 INFO:teuthology.orchestra.run.smithi121.stdout:/usr/bin/ceph: stderr
2024-02-10T05:53:00.038+0000 7f01682e8700 1 --2- 172.21.15.121:0/1136527957 >> [v2:172.21.15.121:3300/0,v1:172.21.15.121:6789/0] conn(0x7f0160104990 0x7f01601974e0 secure :-1 s=READY pgs=75 cs=0 l=1 rev1=1 crypto rx=0x7f015c003a40 tx=0x7f015c00dfd0 comp rx=0 tx=0).stop
2024-02-10T05:53:00.645 INFO:teuthology.orchestra.run.smithi121.stdout:/usr/bin/ceph: stderr
2024-02-10T05:53:00.038+0000 7f01682e8700 1 -- 172.21.15.121:0/1136527957 shutdown_connections
2024-02-10T05:53:00.645 INFO:teuthology.orchestra.run.smithi121.stdout:/usr/bin/ceph: stderr
2024-02-10T05:53:00.038+0000 7f01682e8700 1 --2- 172.21.15.121:0/1136527957 >> [v2:172.21.15.121:6800/2329816948,v1:172.21.15.121:6801/2329816948] conn(0x7f014c039020 0x7f014c03b4e0 unknown :-1 s=CLOSED pgs=10 cs=0 l=1 rev1=1 crypto rx=0 tx=0 comp rx=0 tx=0).stop
2024-02-10T05:53:00.645 INFO:teuthology.orchestra.run.smithi121.stdout:/usr/bin/ceph: stderr
2024-02-10T05:53:00.038+0000 7f01682e8700 1 --2- 172.21.15.121:0/1136527957 >> [v2:172.21.15.121:3300/0,v1:172.21.15.121:6789/0] conn(0x7f0160104990 0x7f01601974e0 unknown :-1 s=CLOSED pgs=75 cs=0 l=1 rev1=1 crypto rx=0 tx=0 comp rx=0 tx=0).stop
2024-02-10T05:53:00.645 INFO:teuthology.orchestra.run.smithi121.stdout:/usr/bin/ceph: stderr
2024-02-10T05:53:00.038+0000 7f01682e8700 1 -- 172.21.15.121:0/1136527957 >> 172.21.15.121:0/1136527957 conn(0x7f01600fffd0 msgr2=0x7f016018dd10 unknown :-1 s=STATE_NONE l=0).mark_down
2024-02-10T05:53:00.646 INFO:teuthology.orchestra.run.smithi121.stdout:/usr/bin/ceph: stderr
2024-02-10T05:53:00.038+0000 7f01682e8700 1 -- 172.21.15.121:0/1136527957 shutdown_connections
2024-02-10T05:53:00.646 INFO:teuthology.orchestra.run.smithi121.stdout:/usr/bin/ceph: stderr
2024-02-10T05:53:00.038+0000 7f01682e8700 1 -- 172.21.15.121:0/1136527957 wait complete.
2024-02-10T05:53:02.040 INFO:teuthology.orchestra.run.smithi121.stdout:/usr/bin/ceph: stderr
2024-02-10T05:53:01.121+0000 7fb4f89b8700 1 Processor -- start
2024-02-10T05:53:02.065 INFO:teuthology.orchestra.run.smithi121.stdout:/usr/bin/ceph: stderr
2024-02-10T05:53:01.121+0000 7fb4f89b8700 1 -- start start
2024-02-10T05:53:02.065 INFO:teuthology.orchestra.run.smithi121.stdout:/usr/bin/ceph: stderr
2024-02-10T05:53:01.121+0000 7fb4f89b8700 1 --2- >> [v2:172.21.15.121:3300/0,v1:172.21.15.121:6789/0] conn(0x7fb4f4106560 0x7fb4f4108950 unknown :-1 s=NONE pgs=0 cs=0 l=0 rev1=0 crypto rx=0 tx=0 comp rx=0 tx=0).connect
2024-02-10T05:53:02.065 INFO:teuthology.orchestra.run.smithi121.stdout:/usr/bin/ceph: stderr
2024-02-10T05:53:01.121+0000 7fb4f89b8700 1 -- --> [v2:172.21.15.121:3300/0,v1:172.21.15.121:6789/0] -- mon_getmap magic: 0 v1 -- 0x7fb4f40796e0 con 0x7fb4f4106560
2024-02-10T05:53:02.065 INFO:teuthology.orchestra.run.smithi121.stdout:/usr/bin/ceph: stderr
2024-02-10T05:53:01.121+0000 7fb4f259c700 1 --2- >> [v2:172.21.15.121:3300/0,v1:172.21.15.121:6789/0] conn(0x7fb4f4106560 0x7fb4f4108950 unknown :-1 s=BANNER_CONNECTING pgs=0 cs=0 l=0 rev1=0 crypto rx=0 tx=0 comp rx=0 tx=0)._handle_peer_banner_payload supported=3 required=0
2024-02-10T05:53:02.065 INFO:teuthology.orchestra.run.smithi121.stdout:/usr/bin/ceph: stderr
2024-02-10T05:53:01.121+0000 7fb4f259c700 1 --2- >> [v2:172.21.15.121:3300/0,v1:172.21.15.121:6789/0] conn(0x7fb4f4106560 0x7fb4f4108950 unknown :-1 s=HELLO_CONNECTING pgs=0 cs=0 l=0 rev1=1 crypto rx=0 tx=0 comp rx=0 tx=0).handle_hello peer v2:172.21.15.121:3300/0 says I am v2:172.21.15.121:34540/0 (socket says 172.21.15.121:34540)
2024-02-10T05:53:02.065 INFO:teuthology.orchestra.run.smithi121.stdout:/usr/bin/ceph: stderr
2024-02-10T05:53:01.121+0000 7fb4f259c700 1 -- 172.21.15.121:0/879759701 learned_addr learned my addr 172.21.15.121:0/879759701 (peer_addr_for_me v2:172.21.15.121:0/0)
2024-02-10T05:53:02.065 INFO:teuthology.orchestra.run.smithi121.stdout:/usr/bin/ceph: stderr
2024-02-10T05:53:01.122+0000 7fb4f259c700 1 -- 172.21.15.121:0/879759701 --> [v2:172.21.15.121:3300/0,v1:172.21.15.121:6789/0] -- mon_subscribe({config=0+,monmap=0+}) v3 -- 0x7fb4f4108e90 con 0x7fb4f4106560
2024-02-10T05:53:02.065 INFO:teuthology.orchestra.run.smithi121.stdout:/usr/bin/ceph: stderr
2024-02-10T05:53:01.122+0000 7fb4f259c700 1 --2- 172.21.15.121:0/879759701 >> [v2:172.21.15.121:3300/0,v1:172.21.15.121:6789/0] conn(0x7fb4f4106560 0x7fb4f4108950 secure :-1 s=READY pgs=76 cs=0 l=1 rev1=1 crypto rx=0x7fb4e40098a0 tx=0x7fb4e4009bb0 comp rx=0 tx=0).ready entity=mon.0 client_cookie=d14f287c829cd0ad server_cookie=0 in_seq=0 out_seq=0
2024-02-10T05:53:02.065 INFO:teuthology.orchestra.run.smithi121.stdout:/usr/bin/ceph: stderr
2024-02-10T05:53:01.122+0000 7fb4f1d9b700 1 -- 172.21.15.121:0/879759701 <== mon.0 v2:172.21.15.121:3300/0 1 ==== mon_map magic: 0 v1 ==== 205+0+0 (secure 0 0 0) 0x7fb4e4004160 con 0x7fb4f4106560
2024-02-10T05:53:02.066 INFO:teuthology.orchestra.run.smithi121.stdout:/usr/bin/ceph: stderr
2024-02-10T05:53:01.122+0000 7fb4f1d9b700 1 -- 172.21.15.121:0/879759701 <== mon.0 v2:172.21.15.121:3300/0 2 ==== config(24 keys) v1 ==== 1042+0+0 (secure 0 0 0) 0x7fb4e40042c0 con 0x7fb4f4106560
2024-02-10T05:53:02.066 INFO:teuthology.orchestra.run.smithi121.stdout:/usr/bin/ceph: stderr
2024-02-10T05:53:01.122+0000 7fb4f1d9b700 1 -- 172.21.15.121:0/879759701 <== mon.0 v2:172.21.15.121:3300/0 3 ==== mon_map magic: 0 v1 ==== 205+0+0 (secure 0 0 0) 0x7fb4e4011850 con 0x7fb4f4106560
2024-02-10T05:53:02.066 INFO:teuthology.orchestra.run.smithi121.stdout:/usr/bin/ceph: stderr
2024-02-10T05:53:01.123+0000 7fb4f89b8700 1 -- 172.21.15.121:0/879759701 >> [v2:172.21.15.121:3300/0,v1:172.21.15.121:6789/0] conn(0x7fb4f4106560 msgr2=0x7fb4f4108950 secure :-1 s=STATE_CONNECTION_ESTABLISHED l=1).mark_down
2024-02-10T05:53:02.066 INFO:teuthology.orchestra.run.smithi121.stdout:/usr/bin/ceph: stderr
2024-02-10T05:53:01.123+0000 7fb4f89b8700 1 --2- 172.21.15.121:0/879759701 >> [v2:172.21.15.121:3300/0,v1:172.21.15.121:6789/0] conn(0x7fb4f4106560 0x7fb4f4108950 secure :-1 s=READY pgs=76 cs=0 l=1 rev1=1 crypto rx=0x7fb4e40098a0 tx=0x7fb4e4009bb0 comp rx=0 tx=0).stop
2024-02-10T05:53:02.066 INFO:teuthology.orchestra.run.smithi121.stdout:/usr/bin/ceph: stderr
2024-02-10T05:53:01.123+0000 7fb4f89b8700 1 -- 172.21.15.121:0/879759701 shutdown_connections
2024-02-10T05:53:02.066 INFO:teuthology.orchestra.run.smithi121.stdout:/usr/bin/ceph: stderr
2024-02-10T05:53:01.123+0000 7fb4f89b8700 1 --2- 172.21.15.121:0/879759701 >> [v2:172.21.15.121:3300/0,v1:172.21.15.121:6789/0] conn(0x7fb4f4106560 0x7fb4f4108950 unknown :-1 s=CLOSED pgs=76 cs=0 l=1 rev1=1 crypto rx=0 tx=0 comp rx=0 tx=0).stop
2024-02-10T05:53:02.066 INFO:teuthology.orchestra.run.smithi121.stdout:/usr/bin/ceph: stderr
2024-02-10T05:53:01.123+0000 7fb4f89b8700 1 -- 172.21.15.121:0/879759701 >> 172.21.15.121:0/879759701 conn(0x7fb4f40fff70 msgr2=0x7fb4f4102390 unknown :-1 s=STATE_NONE l=0).mark_down
2024-02-10T05:53:02.066 INFO:teuthology.orchestra.run.smithi121.stdout:/usr/bin/ceph: stderr
2024-02-10T05:53:01.123+0000 7fb4f89b8700 1 -- 172.21.15.121:0/879759701 shutdown_connections
2024-02-10T05:53:02.066 INFO:teuthology.orchestra.run.smithi121.stdout:/usr/bin/ceph: stderr
2024-02-10T05:53:01.123+0000 7fb4f89b8700 1 -- 172.21.15.121:0/879759701 wait complete.
2024-02-10T05:53:02.066 INFO:teuthology.orchestra.run.smithi121.stdout:/usr/bin/ceph: stderr
2024-02-10T05:53:01.123+0000 7fb4f89b8700 1 Processor -- start
2024-02-10T05:53:02.066 INFO:teuthology.orchestra.run.smithi121.stdout:/usr/bin/ceph: stderr
2024-02-10T05:53:01.124+0000 7fb4f89b8700 1 -- start start
2024-02-10T05:53:02.066 INFO:teuthology.orchestra.run.smithi121.stdout:/usr/bin/ceph: stderr
2024-02-10T05:53:01.124+0000 7fb4f89b8700 1 --2- >> [v2:172.21.15.121:3300/0,v1:172.21.15.121:6789/0] conn(0x7fb4f4106560 0x7fb4f4199720 unknown :-1 s=NONE pgs=0 cs=0 l=1 rev1=0 crypto rx=0 tx=0 comp rx=0 tx=0).connect
2024-02-10T05:53:02.066 INFO:teuthology.orchestra.run.smithi121.stdout:/usr/bin/ceph: stderr
2024-02-10T05:53:01.124+0000 7fb4f89b8700 1 -- --> [v2:172.21.15.121:3300/0,v1:172.21.15.121:6789/0] -- mon_getmap magic: 0 v1 -- 0x7fb4f4199c60 con 0x7fb4f4106560
2024-02-10T05:53:02.067 INFO:teuthology.orchestra.run.smithi121.stdout:/usr/bin/ceph: stderr
2024-02-10T05:53:01.124+0000 7fb4f259c700 1 --2- >> [v2:172.21.15.121:3300/0,v1:172.21.15.121:6789/0] conn(0x7fb4f4106560 0x7fb4f4199720 unknown :-1 s=BANNER_CONNECTING pgs=0 cs=0 l=1 rev1=0 crypto rx=0 tx=0 comp rx=0 tx=0)._handle_peer_banner_payload supported=3 required=0
2024-02-10T05:53:02.067 INFO:teuthology.orchestra.run.smithi121.stdout:/usr/bin/ceph: stderr
2024-02-10T05:53:01.124+0000 7fb4f259c700 1 --2- >> [v2:172.21.15.121:3300/0,v1:172.21.15.121:6789/0] conn(0x7fb4f4106560 0x7fb4f4199720 unknown :-1 s=HELLO_CONNECTING pgs=0 cs=0 l=1 rev1=1 crypto rx=0 tx=0 comp rx=0 tx=0).handle_hello peer v2:172.21.15.121:3300/0 says I am v2:172.21.15.121:34552/0 (socket says 172.21.15.121:34552)
2024-02-10T05:53:02.067 INFO:teuthology.orchestra.run.smithi121.stdout:/usr/bin/ceph: stderr
2024-02-10T05:53:01.124+0000 7fb4f259c700 1 -- 172.21.15.121:0/1754709859 learned_addr learned my addr 172.21.15.121:0/1754709859 (peer_addr_for_me v2:172.21.15.121:0/0)
2024-02-10T05:53:02.067 INFO:teuthology.orchestra.run.smithi121.stdout:/usr/bin/ceph: stderr
2024-02-10T05:53:01.124+0000 7fb4f259c700 1 -- 172.21.15.121:0/1754709859 --> [v2:172.21.15.121:3300/0,v1:172.21.15.121:6789/0] -- mon_subscribe({config=0+,monmap=0+}) v3 -- 0x7fb4e4009550 con 0x7fb4f4106560
2024-02-10T05:53:02.067 INFO:teuthology.orchestra.run.smithi121.stdout:/usr/bin/ceph: stderr
2024-02-10T05:53:01.124+0000 7fb4f259c700 1 --2- 172.21.15.121:0/1754709859 >> [v2:172.21.15.121:3300/0,v1:172.21.15.121:6789/0] conn(0x7fb4f4106560 0x7fb4f4199720 secure :-1 s=READY pgs=77 cs=0 l=1 rev1=1 crypto rx=0x7fb4e4003ec0 tx=0x7fb4e4011980 comp rx=0 tx=0).ready entity=mon.0 client_cookie=0 server_cookie=0 in_seq=0 out_seq=0
2024-02-10T05:53:02.067 INFO:teuthology.orchestra.run.smithi121.stdout:/usr/bin/ceph: stderr
2024-02-10T05:53:01.124+0000 7fb4ebfff700 1 -- 172.21.15.121:0/1754709859 <== mon.0 v2:172.21.15.121:3300/0 1 ==== mon_map magic: 0 v1 ==== 205+0+0 (secure 0 0 0) 0x7fb4e40037d0 con 0x7fb4f4106560
2024-02-10T05:53:02.067 INFO:teuthology.orchestra.run.smithi121.stdout:/usr/bin/ceph: stderr
2024-02-10T05:53:01.124+0000 7fb4ebfff700 1 -- 172.21.15.121:0/1754709859 <== mon.0 v2:172.21.15.121:3300/0 2 ==== config(24 keys) v1 ==== 1042+0+0 (secure 0 0 0) 0x7fb4e4003930 con 0x7fb4f4106560
2024-02-10T05:53:02.067 INFO:teuthology.orchestra.run.smithi121.stdout:/usr/bin/ceph: stderr
2024-02-10T05:53:01.124+0000 7fb4f89b8700 1 -- 172.21.15.121:0/1754709859 --> [v2:172.21.15.121:3300/0,v1:172.21.15.121:6789/0] -- mon_subscribe({mgrmap=0+}) v3 -- 0x7fb4f4199e60 con 0x7fb4f4106560
2024-02-10T05:53:02.067 INFO:teuthology.orchestra.run.smithi121.stdout:/usr/bin/ceph: stderr
2024-02-10T05:53:01.125+0000 7fb4ebfff700 1 -- 172.21.15.121:0/1754709859 <== mon.0 v2:172.21.15.121:3300/0 3 ==== mon_map magic: 0 v1 ==== 205+0+0 (secure 0 0 0) 0x7fb4e40193c0 con 0x7fb4f4106560
2024-02-10T05:53:02.067 INFO:teuthology.orchestra.run.smithi121.stdout:/usr/bin/ceph: stderr
2024-02-10T05:53:01.125+0000 7fb4f89b8700 1 -- 172.21.15.121:0/1754709859 --> [v2:172.21.15.121:3300/0,v1:172.21.15.121:6789/0] -- mon_subscribe({osdmap=0}) v3 -- 0x7fb4f419a300 con 0x7fb4f4106560
2024-02-10T05:53:02.067 INFO:teuthology.orchestra.run.smithi121.stdout:/usr/bin/ceph: stderr
2024-02-10T05:53:01.126+0000 7fb4ebfff700 1 -- 172.21.15.121:0/1754709859 <== mon.0 v2:172.21.15.121:3300/0 4 ==== mgrmap(e 13) v1 ==== 45989+0+0 (secure 0 0 0) 0x7fb4e4019630 con 0x7fb4f4106560
2024-02-10T05:53:02.067 INFO:teuthology.orchestra.run.smithi121.stdout:/usr/bin/ceph: stderr
2024-02-10T05:53:01.126+0000 7fb4f89b8700 1 -- 172.21.15.121:0/1754709859 --> [v2:172.21.15.121:3300/0,v1:172.21.15.121:6789/0] -- mon_command({"prefix": "get_command_descriptions"} v 0) v1 -- 0x7fb4f4109bb0 con 0x7fb4f4106560
2024-02-10T05:53:02.067 INFO:teuthology.orchestra.run.smithi121.stdout:/usr/bin/ceph: stderr
2024-02-10T05:53:01.126+0000 7fb4ebfff700 1 --2- 172.21.15.121:0/1754709859 >> [v2:172.21.15.121:6800/2329816948,v1:172.21.15.121:6801/2329816948] conn(0x7fb4e0038fd0 0x7fb4e003b490 unknown :-1 s=NONE pgs=0 cs=0 l=1 rev1=0 crypto rx=0 tx=0 comp rx=0 tx=0).connect
2024-02-10T05:53:02.067 INFO:teuthology.orchestra.run.smithi121.stdout:/usr/bin/ceph: stderr
2024-02-10T05:53:01.126+0000 7fb4ebfff700 1 -- 172.21.15.121:0/1754709859 <== mon.0 v2:172.21.15.121:3300/0 5 ==== osd_map(3..3 src has 1..3) v4 ==== 1155+0+0 (secure 0 0 0) 0x7fb4e404d420 con 0x7fb4f4106560
2024-02-10T05:53:02.068 INFO:teuthology.orchestra.run.smithi121.stdout:/usr/bin/ceph: stderr
2024-02-10T05:53:01.126+0000 7fb4e9d9b700 1 --2- 172.21.15.121:0/1754709859 >> [v2:172.21.15.121:6800/2329816948,v1:172.21.15.121:6801/2329816948] conn(0x7fb4e0038fd0 0x7fb4e003b490 unknown :-1 s=BANNER_CONNECTING pgs=0 cs=0 l=1 rev1=0 crypto rx=0 tx=0 comp rx=0 tx=0)._handle_peer_banner_payload supported=3 required=0
2024-02-10T05:53:02.068 INFO:teuthology.orchestra.run.smithi121.stdout:/usr/bin/ceph: stderr
2024-02-10T05:53:01.126+0000 7fb4e9d9b700 1 --2- 172.21.15.121:0/1754709859 >> [v2:172.21.15.121:6800/2329816948,v1:172.21.15.121:6801/2329816948] conn(0x7fb4e0038fd0 0x7fb4e003b490 secure :-1 s=READY pgs=11 cs=0 l=1 rev1=1 crypto rx=0x7fb4dc006fd0 tx=0x7fb4dc006e40 comp rx=0 tx=0).ready entity=mgr.14150 client_cookie=0 server_cookie=0 in_seq=0 out_seq=0
2024-02-10T05:53:02.068 INFO:teuthology.orchestra.run.smithi121.stdout:/usr/bin/ceph: stderr
2024-02-10T05:53:01.131+0000 7fb4ebfff700 1 -- 172.21.15.121:0/1754709859 <== mon.0 v2:172.21.15.121:3300/0 6 ==== mon_command_ack([{"prefix": "get_command_descriptions"}]=0 v0) v1 ==== 72+0+183564 (secure 0 0 0) 0x7fb4e400b3e0 con 0x7fb4f4106560
2024-02-10T05:53:02.068 INFO:teuthology.orchestra.run.smithi121.stdout:/usr/bin/ceph: stderr
2024-02-10T05:53:01.433+0000 7fb4f89b8700 1 -- 172.21.15.121:0/1754709859 --> [v2:172.21.15.121:3300/0,v1:172.21.15.121:6789/0] -- mon_command([{prefix=config-key set, key=mgr/dashboard/cluster/status}] v 0) v1 -- 0x7fb4f419cce0 con 0x7fb4f4106560
2024-02-10T05:53:02.068 INFO:teuthology.orchestra.run.smithi121.stdout:/usr/bin/ceph: stderr
2024-02-10T05:53:01.435+0000 7fb4ebfff700 1 -- 172.21.15.121:0/1754709859 <== mon.0 v2:172.21.15.121:3300/0 7 ==== mon_command_ack([{prefix=config-key set, key=mgr/dashboard/cluster/status}]=0 set mgr/dashboard/cluster/status v28)=0 set mgr/dashboard/cluster/status v28) v1 ==== 153+0+0 (secure 0 0 0) 0x7fb4e4018350 con 0x7fb4f4106560
2024-02-10T05:53:02.068 INFO:teuthology.orchestra.run.smithi121.stdout:/usr/bin/ceph: stderr
2024-02-10T05:53:01.437+0000 7fb4f89b8700 1 -- 172.21.15.121:0/1754709859 >> [v2:172.21.15.121:6800/2329816948,v1:172.21.15.121:6801/2329816948] conn(0x7fb4e0038fd0 msgr2=0x7fb4e003b490 secure :-1 s=STATE_CONNECTION_ESTABLISHED l=1).mark_down
2024-02-10T05:53:02.068 INFO:teuthology.orchestra.run.smithi121.stdout:/usr/bin/ceph: stderr
2024-02-10T05:53:01.437+0000 7fb4f89b8700 1 --2- 172.21.15.121:0/1754709859 >> [v2:172.21.15.121:6800/2329816948,v1:172.21.15.121:6801/2329816948] conn(0x7fb4e0038fd0 0x7fb4e003b490 secure :-1 s=READY pgs=11 cs=0 l=1 rev1=1 crypto rx=0x7fb4dc006fd0 tx=0x7fb4dc006e40 comp rx=0 tx=0).stop
2024-02-10T05:53:02.068 INFO:teuthology.orchestra.run.smithi121.stdout:/usr/bin/ceph: stderr
2024-02-10T05:53:01.437+0000 7fb4f89b8700 1 -- 172.21.15.121:0/1754709859 >> [v2:172.21.15.121:3300/0,v1:172.21.15.121:6789/0] conn(0x7fb4f4106560 msgr2=0x7fb4f4199720 secure :-1 s=STATE_CONNECTION_ESTABLISHED l=1).mark_down
2024-02-10T05:53:02.068 INFO:teuthology.orchestra.run.smithi121.stdout:/usr/bin/ceph: stderr
2024-02-10T05:53:01.437+0000 7fb4f89b8700 1 --2- 172.21.15.121:0/1754709859 >> [v2:172.21.15.121:3300/0,v1:172.21.15.121:6789/0] conn(0x7fb4f4106560 0x7fb4f4199720 secure :-1 s=READY pgs=77 cs=0 l=1 rev1=1 crypto rx=0x7fb4e4003ec0 tx=0x7fb4e4011980 comp rx=0 tx=0).stop
2024-02-10T05:53:02.068 INFO:teuthology.orchestra.run.smithi121.stdout:/usr/bin/ceph: stderr
2024-02-10T05:53:01.437+0000 7fb4f89b8700 1 -- 172.21.15.121:0/1754709859 shutdown_connections
2024-02-10T05:53:02.068 INFO:teuthology.orchestra.run.smithi121.stdout:/usr/bin/ceph: stderr
2024-02-10T05:53:01.437+0000 7fb4f89b8700 1 --2- 172.21.15.121:0/1754709859 >> [v2:172.21.15.121:6800/2329816948,v1:172.21.15.121:6801/2329816948] conn(0x7fb4e0038fd0 0x7fb4e003b490 unknown :-1 s=CLOSED pgs=11 cs=0 l=1 rev1=1 crypto rx=0 tx=0 comp rx=0 tx=0).stop
2024-02-10T05:53:02.068 INFO:teuthology.orchestra.run.smithi121.stdout:/usr/bin/ceph: stderr
2024-02-10T05:53:01.437+0000 7fb4f89b8700 1 --2- 172.21.15.121:0/1754709859 >> [v2:172.21.15.121:3300/0,v1:172.21.15.121:6789/0] conn(0x7fb4f4106560 0x7fb4f4199720 unknown :-1 s=CLOSED pgs=77 cs=0 l=1 rev1=1 crypto rx=0 tx=0 comp rx=0 tx=0).stop
2024-02-10T05:53:02.068 INFO:teuthology.orchestra.run.smithi121.stdout:/usr/bin/ceph: stderr
2024-02-10T05:53:01.437+0000 7fb4f89b8700 1 -- 172.21.15.121:0/1754709859 >> 172.21.15.121:0/1754709859 conn(0x7fb4f40fff70 msgr2=0x7fb4f41009f0 unknown :-1 s=STATE_NONE l=0).mark_down
2024-02-10T05:53:02.069 INFO:teuthology.orchestra.run.smithi121.stdout:/usr/bin/ceph: stderr
2024-02-10T05:53:01.437+0000 7fb4f89b8700 1 -- 172.21.15.121:0/1754709859 shutdown_connections
2024-02-10T05:53:02.069 INFO:teuthology.orchestra.run.smithi121.stdout:/usr/bin/ceph: stderr
2024-02-10T05:53:01.437+0000 7fb4f89b8700 1 -- 172.21.15.121:0/1754709859 wait complete.
2024-02-10T05:53:02.069 INFO:teuthology.orchestra.run.smithi121.stdout:/usr/bin/ceph: stderr set mgr/dashboard/cluster/status
2024-02-10T05:53:02.069 INFO:teuthology.orchestra.run.smithi121.stdout:You can access the Ceph CLI as following in case of multi-cluster or non-default config:
2024-02-10T05:53:02.069 INFO:teuthology.orchestra.run.smithi121.stdout:
2024-02-10T05:53:02.069 INFO:teuthology.orchestra.run.smithi121.stdout: sudo /home/ubuntu/cephtest/cephadm shell --fsid 616c67f8-c7d8-11ee-95b8-87774f69a715 -c /etc/ceph/ceph.conf -k /etc/ceph/ceph.client.admin.keyring
2024-02-10T05:53:02.069 INFO:teuthology.orchestra.run.smithi121.stdout:
2024-02-10T05:53:02.069 INFO:teuthology.orchestra.run.smithi121.stdout:Or, if you are only running a single cluster on this host:
2024-02-10T05:53:02.069 INFO:teuthology.orchestra.run.smithi121.stdout:
2024-02-10T05:53:02.069 INFO:teuthology.orchestra.run.smithi121.stdout: sudo /home/ubuntu/cephtest/cephadm shell
2024-02-10T05:53:02.069 INFO:teuthology.orchestra.run.smithi121.stdout:
2024-02-10T05:53:02.069 INFO:teuthology.orchestra.run.smithi121.stdout:Please consider enabling telemetry to help improve Ceph:
2024-02-10T05:53:02.069 INFO:teuthology.orchestra.run.smithi121.stdout:
2024-02-10T05:53:02.069 INFO:teuthology.orchestra.run.smithi121.stdout: ceph telemetry on
2024-02-10T05:53:02.069 INFO:teuthology.orchestra.run.smithi121.stdout:
2024-02-10T05:53:02.070 INFO:teuthology.orchestra.run.smithi121.stdout:For more information see:
2024-02-10T05:53:02.070 INFO:teuthology.orchestra.run.smithi121.stdout:
2024-02-10T05:53:02.070 INFO:teuthology.orchestra.run.smithi121.stdout: https://docs.ceph.com/en/latest/mgr/telemetry/
2024-02-10T05:53:02.070 INFO:teuthology.orchestra.run.smithi121.stdout:
2024-02-10T05:53:02.070 INFO:teuthology.orchestra.run.smithi121.stdout:Bootstrap complete.
2024-02-10T05:53:02.078 INFO:tasks.cephadm:Fetching config...
2024-02-10T05:53:02.078 DEBUG:teuthology.orchestra.run.smithi121:> set -ex
2024-02-10T05:53:02.078 DEBUG:teuthology.orchestra.run.smithi121:> dd if=/etc/ceph/ceph.conf of=/dev/stdout
2024-02-10T05:53:02.095 INFO:tasks.cephadm:Fetching client.admin keyring...
2024-02-10T05:53:02.095 DEBUG:teuthology.orchestra.run.smithi121:> set -ex
2024-02-10T05:53:02.095 DEBUG:teuthology.orchestra.run.smithi121:> dd if=/etc/ceph/ceph.client.admin.keyring of=/dev/stdout
2024-02-10T05:53:02.154 INFO:tasks.cephadm:Fetching mon keyring...
2024-02-10T05:53:02.155 DEBUG:teuthology.orchestra.run.smithi121:> set -ex
2024-02-10T05:53:02.155 DEBUG:teuthology.orchestra.run.smithi121:> sudo dd if=/var/lib/ceph/616c67f8-c7d8-11ee-95b8-87774f69a715/mon.a/keyring of=/dev/stdout
2024-02-10T05:53:02.222 INFO:tasks.cephadm:Fetching pub ssh key...
2024-02-10T05:53:02.222 DEBUG:teuthology.orchestra.run.smithi121:> set -ex
2024-02-10T05:53:02.223 DEBUG:teuthology.orchestra.run.smithi121:> dd if=/home/ubuntu/cephtest/ceph.pub of=/dev/stdout
2024-02-10T05:53:02.276 INFO:tasks.cephadm:Installing pub ssh key for root users...
2024-02-10T05:53:02.276 DEBUG:teuthology.orchestra.run.smithi121:> sudo install -d -m 0700 /root/.ssh && echo 'ssh-rsa AAAAB3NzaC1yc2EAAAADAQABAAABgQDaKIT4FgRpaqI5IS5n63XmrLL5oVkAPmRzZbspKpqvVZOFgiyTXmWQrEWQ/ZyRt3lWHvoOIoFEY1ME8eXlxEUzCGf3vzYDCGKUHSyDBKzlQmN151Iz0YVuFhvrycp1voQCBbH1vvxm1gSZjq3bT+p/AC2zzV32p4ybTDKVOmCNN0aKMeVVl+V+D+9egbzaEaz852d1FPIvW64cPVGApbdyd5Qn2bN/NNkQgkJBuGfI2UnF71Siuarm/ulT9vdhjraikBhVhC1OkqHukerprXbzinPkiXZ67Pbhj+9ILTwikYgzgErsb8Gns5Yh0Aw5SMDMfKKPRzWVVMgsQv4xOHE9/3cdta/yrgres7X+NYeEz3iEpTlp5WHnwXAHHm2qaa9gjhF94kFlSe6YV143i2GPYrSWC9vvImpQuTZ9cw+QltlOvysO7pbbkVBHe4bwSDC9JrTFomxNdBC/UEkgaO9r8I24Gxy39OVnicVHjir3P6jFWNnqqSTBJDDDcrslYT0= ceph-616c67f8-c7d8-11ee-95b8-87774f69a715' | sudo tee -a /root/.ssh/authorized_keys && sudo chmod 0600 /root/.ssh/authorized_keys
2024-02-10T05:53:02.355 INFO:teuthology.orchestra.run.smithi121.stdout:ssh-rsa AAAAB3NzaC1yc2EAAAADAQABAAABgQDaKIT4FgRpaqI5IS5n63XmrLL5oVkAPmRzZbspKpqvVZOFgiyTXmWQrEWQ/ZyRt3lWHvoOIoFEY1ME8eXlxEUzCGf3vzYDCGKUHSyDBKzlQmN151Iz0YVuFhvrycp1voQCBbH1vvxm1gSZjq3bT+p/AC2zzV32p4ybTDKVOmCNN0aKMeVVl+V+D+9egbzaEaz852d1FPIvW64cPVGApbdyd5Qn2bN/NNkQgkJBuGfI2UnF71Siuarm/ulT9vdhjraikBhVhC1OkqHukerprXbzinPkiXZ67Pbhj+9ILTwikYgzgErsb8Gns5Yh0Aw5SMDMfKKPRzWVVMgsQv4xOHE9/3cdta/yrgres7X+NYeEz3iEpTlp5WHnwXAHHm2qaa9gjhF94kFlSe6YV143i2GPYrSWC9vvImpQuTZ9cw+QltlOvysO7pbbkVBHe4bwSDC9JrTFomxNdBC/UEkgaO9r8I24Gxy39OVnicVHjir3P6jFWNnqqSTBJDDDcrslYT0= ceph-616c67f8-c7d8-11ee-95b8-87774f69a715
2024-02-10T05:53:02.368 DEBUG:teuthology.orchestra.run.smithi146:> sudo install -d -m 0700 /root/.ssh && echo 'ssh-rsa AAAAB3NzaC1yc2EAAAADAQABAAABgQDaKIT4FgRpaqI5IS5n63XmrLL5oVkAPmRzZbspKpqvVZOFgiyTXmWQrEWQ/ZyRt3lWHvoOIoFEY1ME8eXlxEUzCGf3vzYDCGKUHSyDBKzlQmN151Iz0YVuFhvrycp1voQCBbH1vvxm1gSZjq3bT+p/AC2zzV32p4ybTDKVOmCNN0aKMeVVl+V+D+9egbzaEaz852d1FPIvW64cPVGApbdyd5Qn2bN/NNkQgkJBuGfI2UnF71Siuarm/ulT9vdhjraikBhVhC1OkqHukerprXbzinPkiXZ67Pbhj+9ILTwikYgzgErsb8Gns5Yh0Aw5SMDMfKKPRzWVVMgsQv4xOHE9/3cdta/yrgres7X+NYeEz3iEpTlp5WHnwXAHHm2qaa9gjhF94kFlSe6YV143i2GPYrSWC9vvImpQuTZ9cw+QltlOvysO7pbbkVBHe4bwSDC9JrTFomxNdBC/UEkgaO9r8I24Gxy39OVnicVHjir3P6jFWNnqqSTBJDDDcrslYT0= ceph-616c67f8-c7d8-11ee-95b8-87774f69a715' | sudo tee -a /root/.ssh/authorized_keys && sudo chmod 0600 /root/.ssh/authorized_keys
2024-02-10T05:53:02.413 INFO:teuthology.orchestra.run.smithi146.stdout:ssh-rsa AAAAB3NzaC1yc2EAAAADAQABAAABgQDaKIT4FgRpaqI5IS5n63XmrLL5oVkAPmRzZbspKpqvVZOFgiyTXmWQrEWQ/ZyRt3lWHvoOIoFEY1ME8eXlxEUzCGf3vzYDCGKUHSyDBKzlQmN151Iz0YVuFhvrycp1voQCBbH1vvxm1gSZjq3bT+p/AC2zzV32p4ybTDKVOmCNN0aKMeVVl+V+D+9egbzaEaz852d1FPIvW64cPVGApbdyd5Qn2bN/NNkQgkJBuGfI2UnF71Siuarm/ulT9vdhjraikBhVhC1OkqHukerprXbzinPkiXZ67Pbhj+9ILTwikYgzgErsb8Gns5Yh0Aw5SMDMfKKPRzWVVMgsQv4xOHE9/3cdta/yrgres7X+NYeEz3iEpTlp5WHnwXAHHm2qaa9gjhF94kFlSe6YV143i2GPYrSWC9vvImpQuTZ9cw+QltlOvysO7pbbkVBHe4bwSDC9JrTFomxNdBC/UEkgaO9r8I24Gxy39OVnicVHjir3P6jFWNnqqSTBJDDDcrslYT0= ceph-616c67f8-c7d8-11ee-95b8-87774f69a715
2024-02-10T05:53:02.428 DEBUG:teuthology.orchestra.run.smithi121:> sudo /home/ubuntu/cephtest/cephadm --image quay-quay-quay.apps.os.sepia.ceph.com/ceph-ci/ceph:290212a1bfd33563ba76ee5b7f0b944fdb6c5d90 shell -c /etc/ceph/ceph.conf -k /etc/ceph/ceph.client.admin.keyring --fsid 616c67f8-c7d8-11ee-95b8-87774f69a715 -- ceph config set mgr mgr/cephadm/allow_ptrace true
2024-02-10T05:53:02.627 INFO:journalctl@ceph.mon.a.smithi121.stdout:Feb 10 05:53:02 smithi121 ceph-mon[30020]: from='client.? 172.21.15.121:0/1754709859' entity='client.admin'
2024-02-10T05:53:02.699 INFO:teuthology.orchestra.run.smithi121.stderr:Inferring config /var/lib/ceph/616c67f8-c7d8-11ee-95b8-87774f69a715/mon.a/config
2024-02-10T05:53:05.444 INFO:teuthology.orchestra.run.smithi121.stderr:2024-02-10T05:53:05.442+0000 7f9d5a4c8700 1 -- 172.21.15.121:0/1239909811 >> [v2:172.21.15.121:3300/0,v1:172.21.15.121:6789/0] conn(0x7f9d54100640 msgr2=0x7f9d54100a60 secure :-1 s=STATE_CONNECTION_ESTABLISHED l=1).mark_down
2024-02-10T05:53:05.444 INFO:teuthology.orchestra.run.smithi121.stderr:2024-02-10T05:53:05.442+0000 7f9d5a4c8700 1 --2- 172.21.15.121:0/1239909811 >> [v2:172.21.15.121:3300/0,v1:172.21.15.121:6789/0] conn(0x7f9d54100640 0x7f9d54100a60 secure :-1 s=READY pgs=78 cs=0 l=1 rev1=1 crypto rx=0x7f9d44009910 tx=0x7f9d44009c20 comp rx=0 tx=0).stop
2024-02-10T05:53:05.444 INFO:teuthology.orchestra.run.smithi121.stderr:2024-02-10T05:53:05.442+0000 7f9d5a4c8700 1 -- 172.21.15.121:0/1239909811 shutdown_connections
2024-02-10T05:53:05.444 INFO:teuthology.orchestra.run.smithi121.stderr:2024-02-10T05:53:05.442+0000 7f9d5a4c8700 1 --2- 172.21.15.121:0/1239909811 >> [v2:172.21.15.121:3300/0,v1:172.21.15.121:6789/0] conn(0x7f9d54100640 0x7f9d54100a60 unknown :-1 s=CLOSED pgs=78 cs=0 l=1 rev1=1 crypto rx=0 tx=0 comp rx=0 tx=0).stop
2024-02-10T05:53:05.444 INFO:teuthology.orchestra.run.smithi121.stderr:2024-02-10T05:53:05.442+0000 7f9d5a4c8700 1 -- 172.21.15.121:0/1239909811 >> 172.21.15.121:0/1239909811 conn(0x7f9d540fbc20 msgr2=0x7f9d540fe040 unknown :-1 s=STATE_NONE l=0).mark_down
2024-02-10T05:53:05.444 INFO:teuthology.orchestra.run.smithi121.stderr:2024-02-10T05:53:05.442+0000 7f9d5a4c8700 1 -- 172.21.15.121:0/1239909811 shutdown_connections
2024-02-10T05:53:05.445 INFO:teuthology.orchestra.run.smithi121.stderr:2024-02-10T05:53:05.442+0000 7f9d5a4c8700 1 -- 172.21.15.121:0/1239909811 wait complete.
2024-02-10T05:53:05.445 INFO:teuthology.orchestra.run.smithi121.stderr:2024-02-10T05:53:05.442+0000 7f9d5a4c8700 1 Processor -- start
2024-02-10T05:53:05.445 INFO:teuthology.orchestra.run.smithi121.stderr:2024-02-10T05:53:05.442+0000 7f9d5a4c8700 1 -- start start
2024-02-10T05:53:05.445 INFO:teuthology.orchestra.run.smithi121.stderr:2024-02-10T05:53:05.443+0000 7f9d5a4c8700 1 --2- >> [v2:172.21.15.121:3300/0,v1:172.21.15.121:6789/0] conn(0x7f9d54100640 0x7f9d5406a430 unknown :-1 s=NONE pgs=0 cs=0 l=1 rev1=0 crypto rx=0 tx=0 comp rx=0 tx=0).connect
2024-02-10T05:53:05.445 INFO:teuthology.orchestra.run.smithi121.stderr:2024-02-10T05:53:05.443+0000 7f9d5a4c8700 1 -- --> [v2:172.21.15.121:3300/0,v1:172.21.15.121:6789/0] -- mon_getmap magic: 0 v1 -- 0x7f9d5406a970 con 0x7f9d54100640
2024-02-10T05:53:05.445 INFO:teuthology.orchestra.run.smithi121.stderr:2024-02-10T05:53:05.443+0000 7f9d53fff700 1 --2- >> [v2:172.21.15.121:3300/0,v1:172.21.15.121:6789/0] conn(0x7f9d54100640 0x7f9d5406a430 unknown :-1 s=BANNER_CONNECTING pgs=0 cs=0 l=1 rev1=0 crypto rx=0 tx=0 comp rx=0 tx=0)._handle_peer_banner_payload supported=3 required=0
2024-02-10T05:53:05.445 INFO:teuthology.orchestra.run.smithi121.stderr:2024-02-10T05:53:05.443+0000 7f9d53fff700 1 --2- >> [v2:172.21.15.121:3300/0,v1:172.21.15.121:6789/0] conn(0x7f9d54100640 0x7f9d5406a430 unknown :-1 s=HELLO_CONNECTING pgs=0 cs=0 l=1 rev1=1 crypto rx=0 tx=0 comp rx=0 tx=0).handle_hello peer v2:172.21.15.121:3300/0 says I am v2:172.21.15.121:34570/0 (socket says 172.21.15.121:34570)
2024-02-10T05:53:05.445 INFO:teuthology.orchestra.run.smithi121.stderr:2024-02-10T05:53:05.443+0000 7f9d53fff700 1 -- 172.21.15.121:0/2392184334 learned_addr learned my addr 172.21.15.121:0/2392184334 (peer_addr_for_me v2:172.21.15.121:0/0)
2024-02-10T05:53:05.445 INFO:teuthology.orchestra.run.smithi121.stderr:2024-02-10T05:53:05.443+0000 7f9d53fff700 1 -- 172.21.15.121:0/2392184334 --> [v2:172.21.15.121:3300/0,v1:172.21.15.121:6789/0] -- mon_subscribe({config=0+,monmap=0+}) v3 -- 0x7f9d440095f0 con 0x7f9d54100640
2024-02-10T05:53:05.445 INFO:teuthology.orchestra.run.smithi121.stderr:2024-02-10T05:53:05.443+0000 7f9d53fff700 1 --2- 172.21.15.121:0/2392184334 >> [v2:172.21.15.121:3300/0,v1:172.21.15.121:6789/0] conn(0x7f9d54100640 0x7f9d5406a430 secure :-1 s=READY pgs=79 cs=0 l=1 rev1=1 crypto rx=0x7f9d44005660 tx=0x7f9d44005740 comp rx=0 tx=0).ready entity=mon.0 client_cookie=0 server_cookie=0 in_seq=0 out_seq=0
2024-02-10T05:53:05.445 INFO:teuthology.orchestra.run.smithi121.stderr:2024-02-10T05:53:05.443+0000 7f9d517fa700 1 -- 172.21.15.121:0/2392184334 <== mon.0 v2:172.21.15.121:3300/0 1 ==== mon_map magic: 0 v1 ==== 205+0+0 (secure 0 0 0) 0x7f9d4400b960 con 0x7f9d54100640
2024-02-10T05:53:05.445 INFO:teuthology.orchestra.run.smithi121.stderr:2024-02-10T05:53:05.443+0000 7f9d5a4c8700 1 -- 172.21.15.121:0/2392184334 --> [v2:172.21.15.121:3300/0,v1:172.21.15.121:6789/0] -- mon_subscribe({mgrmap=0+}) v3 -- 0x7f9d54198f30 con 0x7f9d54100640
2024-02-10T05:53:05.445 INFO:teuthology.orchestra.run.smithi121.stderr:2024-02-10T05:53:05.443+0000 7f9d517fa700 1 -- 172.21.15.121:0/2392184334 <== mon.0 v2:172.21.15.121:3300/0 2 ==== config(24 keys) v1 ==== 1042+0+0 (secure 0 0 0) 0x7f9d4400f460 con 0x7f9d54100640
2024-02-10T05:53:05.445 INFO:teuthology.orchestra.run.smithi121.stderr:2024-02-10T05:53:05.443+0000 7f9d5a4c8700 1 -- 172.21.15.121:0/2392184334 --> [v2:172.21.15.121:3300/0,v1:172.21.15.121:6789/0] -- mon_subscribe({osdmap=0}) v3 -- 0x7f9d541993d0 con 0x7f9d54100640
2024-02-10T05:53:05.446 INFO:teuthology.orchestra.run.smithi121.stderr:2024-02-10T05:53:05.444+0000 7f9d517fa700 1 -- 172.21.15.121:0/2392184334 <== mon.0 v2:172.21.15.121:3300/0 3 ==== mon_map magic: 0 v1 ==== 205+0+0 (secure 0 0 0) 0x7f9d44017440 con 0x7f9d54100640
2024-02-10T05:53:05.446 INFO:teuthology.orchestra.run.smithi121.stderr:2024-02-10T05:53:05.444+0000 7f9d517fa700 1 -- 172.21.15.121:0/2392184334 <== mon.0 v2:172.21.15.121:3300/0 4 ==== mgrmap(e 13) v1 ==== 45989+0+0 (secure 0 0 0) 0x7f9d440176b0 con 0x7f9d54100640
2024-02-10T05:53:05.446 INFO:teuthology.orchestra.run.smithi121.stderr:2024-02-10T05:53:05.444+0000 7f9d517fa700 1 --2- 172.21.15.121:0/2392184334 >> [v2:172.21.15.121:6800/2329816948,v1:172.21.15.121:6801/2329816948] conn(0x7f9d3c038fe0 0x7f9d3c03b4a0 unknown :-1 s=NONE pgs=0 cs=0 l=1 rev1=0 crypto rx=0 tx=0 comp rx=0 tx=0).connect
2024-02-10T05:53:05.447 INFO:teuthology.orchestra.run.smithi121.stderr:2024-02-10T05:53:05.445+0000 7f9d517fa700 1 -- 172.21.15.121:0/2392184334 <== mon.0 v2:172.21.15.121:3300/0 5 ==== osd_map(3..3 src has 1..3) v4 ==== 1155+0+0 (secure 0 0 0) 0x7f9d4404dfb0 con 0x7f9d54100640
2024-02-10T05:53:05.447 INFO:teuthology.orchestra.run.smithi121.stderr:2024-02-10T05:53:05.445+0000 7f9d537fe700 1 --2- 172.21.15.121:0/2392184334 >> [v2:172.21.15.121:6800/2329816948,v1:172.21.15.121:6801/2329816948] conn(0x7f9d3c038fe0 0x7f9d3c03b4a0 unknown :-1 s=BANNER_CONNECTING pgs=0 cs=0 l=1 rev1=0 crypto rx=0 tx=0 comp rx=0 tx=0)._handle_peer_banner_payload supported=3 required=0
2024-02-10T05:53:05.447 INFO:teuthology.orchestra.run.smithi121.stderr:2024-02-10T05:53:05.445+0000 7f9d5a4c8700 1 -- 172.21.15.121:0/2392184334 --> [v2:172.21.15.121:3300/0,v1:172.21.15.121:6789/0] -- mon_command({"prefix": "get_command_descriptions"} v 0) v1 -- 0x7f9d5418eec0 con 0x7f9d54100640
2024-02-10T05:53:05.447 INFO:teuthology.orchestra.run.smithi121.stderr:2024-02-10T05:53:05.445+0000 7f9d537fe700 1 --2- 172.21.15.121:0/2392184334 >> [v2:172.21.15.121:6800/2329816948,v1:172.21.15.121:6801/2329816948] conn(0x7f9d3c038fe0 0x7f9d3c03b4a0 secure :-1 s=READY pgs=12 cs=0 l=1 rev1=1 crypto rx=0x7f9d48006fd0 tx=0x7f9d48006e40 comp rx=0 tx=0).ready entity=mgr.14150 client_cookie=0 server_cookie=0 in_seq=0 out_seq=0
2024-02-10T05:53:05.451 INFO:teuthology.orchestra.run.smithi121.stderr:2024-02-10T05:53:05.450+0000 7f9d517fa700 1 -- 172.21.15.121:0/2392184334 <== mon.0 v2:172.21.15.121:3300/0 6 ==== mon_command_ack([{"prefix": "get_command_descriptions"}]=0 v0) v1 ==== 72+0+183564 (secure 0 0 0) 0x7f9d44027020 con 0x7f9d54100640
2024-02-10T05:53:05.654 INFO:teuthology.orchestra.run.smithi121.stderr:2024-02-10T05:53:05.654+0000 7f9d5a4c8700 1 -- 172.21.15.121:0/2392184334 --> [v2:172.21.15.121:3300/0,v1:172.21.15.121:6789/0] -- mon_command([{prefix=config set, name=mgr/cephadm/allow_ptrace}] v 0) v1 -- 0x7f9d54106240 con 0x7f9d54100640
2024-02-10T05:53:05.656 INFO:teuthology.orchestra.run.smithi121.stderr:2024-02-10T05:53:05.656+0000 7f9d517fa700 1 -- 172.21.15.121:0/2392184334 <== mon.0 v2:172.21.15.121:3300/0 7 ==== mon_command_ack([{prefix=config set, name=mgr/cephadm/allow_ptrace}]=0 v9)=0 v9) v1 ==== 125+0+0 (secure 0 0 0) 0x7f9d4402c440 con 0x7f9d54100640
2024-02-10T05:53:05.660 INFO:teuthology.orchestra.run.smithi121.stderr:2024-02-10T05:53:05.659+0000 7f9d5a4c8700 1 -- 172.21.15.121:0/2392184334 >> [v2:172.21.15.121:6800/2329816948,v1:172.21.15.121:6801/2329816948] conn(0x7f9d3c038fe0 msgr2=0x7f9d3c03b4a0 secure :-1 s=STATE_CONNECTION_ESTABLISHED l=1).mark_down
2024-02-10T05:53:05.660 INFO:teuthology.orchestra.run.smithi121.stderr:2024-02-10T05:53:05.659+0000 7f9d5a4c8700 1 --2- 172.21.15.121:0/2392184334 >> [v2:172.21.15.121:6800/2329816948,v1:172.21.15.121:6801/2329816948] conn(0x7f9d3c038fe0 0x7f9d3c03b4a0 secure :-1 s=READY pgs=12 cs=0 l=1 rev1=1 crypto rx=0x7f9d48006fd0 tx=0x7f9d48006e40 comp rx=0 tx=0).stop
2024-02-10T05:53:05.660 INFO:teuthology.orchestra.run.smithi121.stderr:2024-02-10T05:53:05.659+0000 7f9d5a4c8700 1 -- 172.21.15.121:0/2392184334 >> [v2:172.21.15.121:3300/0,v1:172.21.15.121:6789/0] conn(0x7f9d54100640 msgr2=0x7f9d5406a430 secure :-1 s=STATE_CONNECTION_ESTABLISHED l=1).mark_down
2024-02-10T05:53:05.660 INFO:teuthology.orchestra.run.smithi121.stderr:2024-02-10T05:53:05.659+0000 7f9d5a4c8700 1 --2- 172.21.15.121:0/2392184334 >> [v2:172.21.15.121:3300/0,v1:172.21.15.121:6789/0] conn(0x7f9d54100640 0x7f9d5406a430 secure :-1 s=READY pgs=79 cs=0 l=1 rev1=1 crypto rx=0x7f9d44005660 tx=0x7f9d44005740 comp rx=0 tx=0).stop
2024-02-10T05:53:05.660 INFO:teuthology.orchestra.run.smithi121.stderr:2024-02-10T05:53:05.659+0000 7f9d5a4c8700 1 -- 172.21.15.121:0/2392184334 shutdown_connections
2024-02-10T05:53:05.660 INFO:teuthology.orchestra.run.smithi121.stderr:2024-02-10T05:53:05.659+0000 7f9d5a4c8700 1 --2- 172.21.15.121:0/2392184334 >> [v2:172.21.15.121:6800/2329816948,v1:172.21.15.121:6801/2329816948] conn(0x7f9d3c038fe0 0x7f9d3c03b4a0 unknown :-1 s=CLOSED pgs=12 cs=0 l=1 rev1=1 crypto rx=0 tx=0 comp rx=0 tx=0).stop
2024-02-10T05:53:05.660 INFO:teuthology.orchestra.run.smithi121.stderr:2024-02-10T05:53:05.659+0000 7f9d5a4c8700 1 --2- 172.21.15.121:0/2392184334 >> [v2:172.21.15.121:3300/0,v1:172.21.15.121:6789/0] conn(0x7f9d54100640 0x7f9d5406a430 unknown :-1 s=CLOSED pgs=79 cs=0 l=1 rev1=1 crypto rx=0 tx=0 comp rx=0 tx=0).stop
2024-02-10T05:53:05.660 INFO:teuthology.orchestra.run.smithi121.stderr:2024-02-10T05:53:05.659+0000 7f9d5a4c8700 1 -- 172.21.15.121:0/2392184334 >> 172.21.15.121:0/2392184334 conn(0x7f9d540fbc20 msgr2=0x7f9d540fc6c0 unknown :-1 s=STATE_NONE l=0).mark_down
2024-02-10T05:53:05.660 INFO:teuthology.orchestra.run.smithi121.stderr:2024-02-10T05:53:05.659+0000 7f9d5a4c8700 1 -- 172.21.15.121:0/2392184334 shutdown_connections
2024-02-10T05:53:05.660 INFO:teuthology.orchestra.run.smithi121.stderr:2024-02-10T05:53:05.659+0000 7f9d5a4c8700 1 -- 172.21.15.121:0/2392184334 wait complete.
2024-02-10T05:53:05.672 INFO:journalctl@ceph.mon.a.smithi121.stdout:Feb 10 05:53:05 smithi121 ceph-mon[30020]: from='mgr.14150 172.21.15.121:0/2890516042' entity='mgr.y'
2024-02-10T05:53:05.672 INFO:journalctl@ceph.mon.a.smithi121.stdout:Feb 10 05:53:05 smithi121 ceph-mon[30020]: from='mgr.14150 172.21.15.121:0/2890516042' entity='mgr.y'
2024-02-10T05:53:05.672 INFO:journalctl@ceph.mon.a.smithi121.stdout:Feb 10 05:53:05 smithi121 ceph-mon[30020]: from='mgr.14150 172.21.15.121:0/2890516042' entity='mgr.y' cmd=[{"prefix": "config rm", "who": "osd/host:smithi121", "name": "osd_memory_target"}]: dispatch
2024-02-10T05:53:05.672 INFO:journalctl@ceph.mon.a.smithi121.stdout:Feb 10 05:53:05 smithi121 ceph-mon[30020]: from='mgr.14150 172.21.15.121:0/2890516042' entity='mgr.y'
2024-02-10T05:53:05.672 INFO:journalctl@ceph.mon.a.smithi121.stdout:Feb 10 05:53:05 smithi121 ceph-mon[30020]: from='mgr.14150 172.21.15.121:0/2890516042' entity='mgr.y' cmd=[{"prefix": "config dump", "format": "json"}]: dispatch
2024-02-10T05:53:05.672 INFO:journalctl@ceph.mon.a.smithi121.stdout:Feb 10 05:53:05 smithi121 ceph-mon[30020]: from='mgr.14150 172.21.15.121:0/2890516042' entity='mgr.y'
2024-02-10T05:53:06.759 INFO:journalctl@ceph.mon.a.smithi121.stdout:Feb 10 05:53:06 smithi121 ceph-mon[30020]: from='client.? 172.21.15.121:0/2392184334' entity='client.admin'
2024-02-10T05:53:06.759 INFO:journalctl@ceph.mon.a.smithi121.stdout:Feb 10 05:53:06 smithi121 ceph-mon[30020]: from='mgr.14150 172.21.15.121:0/2890516042' entity='mgr.y' cmd=[{"prefix": "config dump", "format": "json"}]: dispatch
2024-02-10T05:53:06.759 INFO:journalctl@ceph.mon.a.smithi121.stdout:Feb 10 05:53:06 smithi121 ceph-mon[30020]: from='mgr.14150 172.21.15.121:0/2890516042' entity='mgr.y'
2024-02-10T05:53:06.787 INFO:tasks.cephadm:Distributing conf and client.admin keyring to all hosts + 0755
2024-02-10T05:53:06.787 DEBUG:teuthology.orchestra.run.smithi121:> sudo /home/ubuntu/cephtest/cephadm --image quay-quay-quay.apps.os.sepia.ceph.com/ceph-ci/ceph:290212a1bfd33563ba76ee5b7f0b944fdb6c5d90 shell -c /etc/ceph/ceph.conf -k /etc/ceph/ceph.client.admin.keyring --fsid 616c67f8-c7d8-11ee-95b8-87774f69a715 -- ceph orch client-keyring set client.admin '*' --mode 0755
2024-02-10T05:53:07.023 INFO:teuthology.orchestra.run.smithi121.stderr:Inferring config /var/lib/ceph/616c67f8-c7d8-11ee-95b8-87774f69a715/mon.a/config
2024-02-10T05:53:08.618 INFO:teuthology.orchestra.run.smithi121.stderr:2024-02-10T05:53:08.615+0000 7f36472a5700 1 -- 172.21.15.121:0/2496402712 >> [v2:172.21.15.121:3300/0,v1:172.21.15.121:6789/0] conn(0x7f3640101c70 msgr2=0x7f3640102090 secure :-1 s=STATE_CONNECTION_ESTABLISHED l=1).mark_down
2024-02-10T05:53:08.618 INFO:teuthology.orchestra.run.smithi121.stderr:2024-02-10T05:53:08.615+0000 7f36472a5700 1 --2- 172.21.15.121:0/2496402712 >> [v2:172.21.15.121:3300/0,v1:172.21.15.121:6789/0] conn(0x7f3640101c70 0x7f3640102090 secure :-1 s=READY pgs=80 cs=0 l=1 rev1=1 crypto rx=0x7f363c009910 tx=0x7f363c009c20 comp rx=0 tx=0).stop
2024-02-10T05:53:08.618 INFO:teuthology.orchestra.run.smithi121.stderr:2024-02-10T05:53:08.615+0000 7f36472a5700 1 -- 172.21.15.121:0/2496402712 shutdown_connections
2024-02-10T05:53:08.618 INFO:teuthology.orchestra.run.smithi121.stderr:2024-02-10T05:53:08.615+0000 7f36472a5700 1 --2- 172.21.15.121:0/2496402712 >> [v2:172.21.15.121:3300/0,v1:172.21.15.121:6789/0] conn(0x7f3640101c70 0x7f3640102090 unknown :-1 s=CLOSED pgs=80 cs=0 l=1 rev1=1 crypto rx=0 tx=0 comp rx=0 tx=0).stop
2024-02-10T05:53:08.618 INFO:teuthology.orchestra.run.smithi121.stderr:2024-02-10T05:53:08.616+0000 7f36472a5700 1 -- 172.21.15.121:0/2496402712 >> 172.21.15.121:0/2496402712 conn(0x7f36400fb340 msgr2=0x7f36400fd7c0 unknown :-1 s=STATE_NONE l=0).mark_down
2024-02-10T05:53:08.618 INFO:teuthology.orchestra.run.smithi121.stderr:2024-02-10T05:53:08.616+0000 7f36472a5700 1 -- 172.21.15.121:0/2496402712 shutdown_connections
2024-02-10T05:53:08.618 INFO:teuthology.orchestra.run.smithi121.stderr:2024-02-10T05:53:08.616+0000 7f36472a5700 1 -- 172.21.15.121:0/2496402712 wait complete.
2024-02-10T05:53:08.618 INFO:teuthology.orchestra.run.smithi121.stderr:2024-02-10T05:53:08.616+0000 7f36472a5700 1 Processor -- start
