2024-02-10T05:52:32.773+0000 7f754dffb700 1 -- 172.21.15.121:0/3690285547 <== mon.0 v2:172.21.15.121:3300/0 3 ==== mon_map magic: 0 v1 ==== 205+0+0 (secure 0 0 0) 0x7f75400118a0 con 0x7f7550104990
2024-02-10T05:52:37.759 INFO:teuthology.orchestra.run.smithi121.stdout:/usr/bin/ceph: stderr
2024-02-10T05:52:32.773+0000 7f75556df700 1 -- 172.21.15.121:0/3690285547 >> [v2:172.21.15.121:3300/0,v1:172.21.15.121:6789/0] conn(0x7f7550104990 msgr2=0x7f7550104db0 secure :-1 s=STATE_CONNECTION_ESTABLISHED l=1).mark_down
2024-02-10T05:52:37.759 INFO:teuthology.orchestra.run.smithi121.stdout:/usr/bin/ceph: stderr
2024-02-10T05:52:32.773+0000 7f75556df700 1 --2- 172.21.15.121:0/3690285547 >> [v2:172.21.15.121:3300/0,v1:172.21.15.121:6789/0] conn(0x7f7550104990 0x7f7550104db0 secure :-1 s=READY pgs=43 cs=0 l=1 rev1=1 crypto rx=0x7f75400098a0 tx=0x7f7540009bb0 comp rx=0 tx=0).stop
2024-02-10T05:52:37.759 INFO:teuthology.orchestra.run.smithi121.stdout:/usr/bin/ceph: stderr
2024-02-10T05:52:32.773+0000 7f75556df700 1 -- 172.21.15.121:0/3690285547 shutdown_connections
2024-02-10T05:52:37.759 INFO:teuthology.orchestra.run.smithi121.stdout:/usr/bin/ceph: stderr
2024-02-10T05:52:32.773+0000 7f75556df700 1 --2- 172.21.15.121:0/3690285547 >> [v2:172.21.15.121:3300/0,v1:172.21.15.121:6789/0] conn(0x7f7550104990 0x7f7550104db0 unknown :-1 s=CLOSED pgs=43 cs=0 l=1 rev1=1 crypto rx=0 tx=0 comp rx=0 tx=0).stop
2024-02-10T05:52:37.759 INFO:teuthology.orchestra.run.smithi121.stdout:/usr/bin/ceph: stderr
2024-02-10T05:52:32.773+0000 7f75556df700 1 -- 172.21.15.121:0/3690285547 >> 172.21.15.121:0/3690285547 conn(0x7f75500fffd0 msgr2=0x7f75501023f0 unknown :-1 s=STATE_NONE l=0).mark_down
2024-02-10T05:52:37.759 INFO:teuthology.orchestra.run.smithi121.stdout:/usr/bin/ceph: stderr
2024-02-10T05:52:32.773+0000 7f75556df700 1 -- 172.21.15.121:0/3690285547 shutdown_connections
2024-02-10T05:52:37.760 INFO:teuthology.orchestra.run.smithi121.stdout:/usr/bin/ceph: stderr
2024-02-10T05:52:32.773+0000 7f75556df700 1 -- 172.21.15.121:0/3690285547 wait complete.
2024-02-10T05:52:37.760 INFO:teuthology.orchestra.run.smithi121.stdout:/usr/bin/ceph: stderr
2024-02-10T05:52:32.774+0000 7f75556df700 1 Processor -- start
2024-02-10T05:52:37.760 INFO:teuthology.orchestra.run.smithi121.stdout:/usr/bin/ceph: stderr
2024-02-10T05:52:32.774+0000 7f75556df700 1 -- start start
2024-02-10T05:52:37.760 INFO:teuthology.orchestra.run.smithi121.stdout:/usr/bin/ceph: stderr
2024-02-10T05:52:32.774+0000 7f75556df700 1 --2- >> [v2:172.21.15.121:3300/0,v1:172.21.15.121:6789/0] conn(0x7f7550104990 0x7f7550078a30 unknown :-1 s=NONE pgs=0 cs=0 l=1 rev1=0 crypto rx=0 tx=0 comp rx=0 tx=0).connect
2024-02-10T05:52:37.760 INFO:teuthology.orchestra.run.smithi121.stdout:/usr/bin/ceph: stderr
2024-02-10T05:52:32.774+0000 7f75556df700 1 -- --> [v2:172.21.15.121:3300/0,v1:172.21.15.121:6789/0] -- mon_getmap magic: 0 v1 -- 0x7f7550078f70 con 0x7f7550104990
2024-02-10T05:52:37.760 INFO:teuthology.orchestra.run.smithi121.stdout:/usr/bin/ceph: stderr
2024-02-10T05:52:32.774+0000 7f754effd700 1 --2- >> [v2:172.21.15.121:3300/0,v1:172.21.15.121:6789/0] conn(0x7f7550104990 0x7f7550078a30 unknown :-1 s=BANNER_CONNECTING pgs=0 cs=0 l=1 rev1=0 crypto rx=0 tx=0 comp rx=0 tx=0)._handle_peer_banner_payload supported=3 required=0
2024-02-10T05:52:37.760 INFO:teuthology.orchestra.run.smithi121.stdout:/usr/bin/ceph: stderr
2024-02-10T05:52:32.774+0000 7f754effd700 1 --2- >> [v2:172.21.15.121:3300/0,v1:172.21.15.121:6789/0] conn(0x7f7550104990 0x7f7550078a30 unknown :-1 s=HELLO_CONNECTING pgs=0 cs=0 l=1 rev1=1 crypto rx=0 tx=0 comp rx=0 tx=0).handle_hello peer v2:172.21.15.121:3300/0 says I am v2:172.21.15.121:45138/0 (socket says 172.21.15.121:45138)
2024-02-10T05:52:37.760 INFO:teuthology.orchestra.run.smithi121.stdout:/usr/bin/ceph: stderr
2024-02-10T05:52:32.774+0000 7f754effd700 1 -- 172.21.15.121:0/2622933933 learned_addr learned my addr 172.21.15.121:0/2622933933 (peer_addr_for_me v2:172.21.15.121:0/0)
2024-02-10T05:52:37.760 INFO:teuthology.orchestra.run.smithi121.stdout:/usr/bin/ceph: stderr
2024-02-10T05:52:32.775+0000 7f754effd700 1 -- 172.21.15.121:0/2622933933 --> [v2:172.21.15.121:3300/0,v1:172.21.15.121:6789/0] -- mon_subscribe({config=0+,monmap=0+}) v3 -- 0x7f7540009550 con 0x7f7550104990
2024-02-10T05:52:37.760 INFO:teuthology.orchestra.run.smithi121.stdout:/usr/bin/ceph: stderr
2024-02-10T05:52:32.775+0000 7f754effd700 1 --2- 172.21.15.121:0/2622933933 >> [v2:172.21.15.121:3300/0,v1:172.21.15.121:6789/0] conn(0x7f7550104990 0x7f7550078a30 secure :-1 s=READY pgs=44 cs=0 l=1 rev1=1 crypto rx=0x7f7540003f10 tx=0x7f7540011940 comp rx=0 tx=0).ready entity=mon.0 client_cookie=0 server_cookie=0 in_seq=0 out_seq=0
2024-02-10T05:52:37.760 INFO:teuthology.orchestra.run.smithi121.stdout:/usr/bin/ceph: stderr
2024-02-10T05:52:32.775+0000 7f7537fff700 1 -- 172.21.15.121:0/2622933933 <== mon.0 v2:172.21.15.121:3300/0 1 ==== mon_map magic: 0 v1 ==== 205+0+0 (secure 0 0 0) 0x7f75400036a0 con 0x7f7550104990
2024-02-10T05:52:37.761 INFO:teuthology.orchestra.run.smithi121.stdout:/usr/bin/ceph: stderr
2024-02-10T05:52:32.775+0000 7f75556df700 1 -- 172.21.15.121:0/2622933933 --> [v2:172.21.15.121:3300/0,v1:172.21.15.121:6789/0] -- mon_subscribe({mgrmap=0+}) v3 -- 0x7f755019c4d0 con 0x7f7550104990
2024-02-10T05:52:37.761 INFO:teuthology.orchestra.run.smithi121.stdout:/usr/bin/ceph: stderr
2024-02-10T05:52:32.775+0000 7f7537fff700 1 -- 172.21.15.121:0/2622933933 <== mon.0 v2:172.21.15.121:3300/0 2 ==== config(24 keys) v1 ==== 1011+0+0 (secure 0 0 0) 0x7f754001a430 con 0x7f7550104990
2024-02-10T05:52:37.761 INFO:teuthology.orchestra.run.smithi121.stdout:/usr/bin/ceph: stderr
2024-02-10T05:52:32.775+0000 7f7537fff700 1 -- 172.21.15.121:0/2622933933 <== mon.0 v2:172.21.15.121:3300/0 3 ==== mon_map magic: 0 v1 ==== 205+0+0 (secure 0 0 0) 0x7f7540024410 con 0x7f7550104990
2024-02-10T05:52:37.761 INFO:teuthology.orchestra.run.smithi121.stdout:/usr/bin/ceph: stderr
2024-02-10T05:52:32.775+0000 7f75556df700 1 -- 172.21.15.121:0/2622933933 --> [v2:172.21.15.121:3300/0,v1:172.21.15.121:6789/0] -- mon_subscribe({osdmap=0}) v3 -- 0x7f755019c970 con 0x7f7550104990
2024-02-10T05:52:37.761 INFO:teuthology.orchestra.run.smithi121.stdout:/usr/bin/ceph: stderr
2024-02-10T05:52:32.776+0000 7f7537fff700 1 -- 172.21.15.121:0/2622933933 <== mon.0 v2:172.21.15.121:3300/0 4 ==== mgrmap(e 8) v1 ==== 45932+0+0 (secure 0 0 0) 0x7f754002d3f0 con 0x7f7550104990
2024-02-10T05:52:37.761 INFO:teuthology.orchestra.run.smithi121.stdout:/usr/bin/ceph: stderr
2024-02-10T05:52:32.776+0000 7f75556df700 1 -- 172.21.15.121:0/2622933933 --> [v2:172.21.15.121:3300/0,v1:172.21.15.121:6789/0] -- mon_command({"prefix": "get_command_descriptions"} v 0) v1 -- 0x7f7550063350 con 0x7f7550104990
2024-02-10T05:52:37.761 INFO:teuthology.orchestra.run.smithi121.stdout:/usr/bin/ceph: stderr
2024-02-10T05:52:32.776+0000 7f7537fff700 1 --2- 172.21.15.121:0/2622933933 >> [v2:172.21.15.121:6800/2724527041,v1:172.21.15.121:6801/2724527041] conn(0x7f7538038ee0 0x7f753803b3a0 unknown :-1 s=NONE pgs=0 cs=0 l=1 rev1=0 crypto rx=0 tx=0 comp rx=0 tx=0).connect
2024-02-10T05:52:37.761 INFO:teuthology.orchestra.run.smithi121.stdout:/usr/bin/ceph: stderr
2024-02-10T05:52:32.776+0000 7f7537fff700 1 -- 172.21.15.121:0/2622933933 <== mon.0 v2:172.21.15.121:3300/0 5 ==== osd_map(2..2 src has 1..2) v4 ==== 940+0+0 (secure 0 0 0) 0x7f754004ccf0 con 0x7f7550104990
2024-02-10T05:52:37.761 INFO:teuthology.orchestra.run.smithi121.stdout:/usr/bin/ceph: stderr
2024-02-10T05:52:32.776+0000 7f754e7fc700 1 --2- 172.21.15.121:0/2622933933 >> [v2:172.21.15.121:6800/2724527041,v1:172.21.15.121:6801/2724527041] conn(0x7f7538038ee0 0x7f753803b3a0 unknown :-1 s=BANNER_CONNECTING pgs=0 cs=0 l=1 rev1=0 crypto rx=0 tx=0 comp rx=0 tx=0)._handle_peer_banner_payload supported=3 required=0
2024-02-10T05:52:37.761 INFO:teuthology.orchestra.run.smithi121.stdout:/usr/bin/ceph: stderr
2024-02-10T05:52:32.776+0000 7f754e7fc700 1 --2- 172.21.15.121:0/2622933933 >> [v2:172.21.15.121:6800/2724527041,v1:172.21.15.121:6801/2724527041] conn(0x7f7538038ee0 0x7f753803b3a0 secure :-1 s=READY pgs=11 cs=0 l=1 rev1=1 crypto rx=0x7f7544006fd0 tx=0x7f7544006e40 comp rx=0 tx=0).ready entity=mgr.14118 client_cookie=0 server_cookie=0 in_seq=0 out_seq=0
2024-02-10T05:52:37.761 INFO:teuthology.orchestra.run.smithi121.stdout:/usr/bin/ceph: stderr
2024-02-10T05:52:32.781+0000 7f7537fff700 1 -- 172.21.15.121:0/2622933933 <== mon.0 v2:172.21.15.121:3300/0 6 ==== mon_command_ack([{"prefix": "get_command_descriptions"}]=0 v0) v1 ==== 72+0+183564 (secure 0 0 0) 0x7f7540051070 con 0x7f7550104990
2024-02-10T05:52:37.761 INFO:teuthology.orchestra.run.smithi121.stdout:/usr/bin/ceph: stderr
2024-02-10T05:52:32.980+0000 7f75556df700 1 -- 172.21.15.121:0/2622933933 --> [v2:172.21.15.121:6800/2724527041,v1:172.21.15.121:6801/2724527041] -- mgr_command(tid 0: {"prefix": "orch host add", "hostname": "smithi121", "addr": "172.21.15.121", "target": ["mon-mgr", ""]}) v1 -- 0x7f7550108d90 con 0x7f7538038ee0
2024-02-10T05:52:37.761 INFO:teuthology.orchestra.run.smithi121.stdout:/usr/bin/ceph: stderr
2024-02-10T05:52:37.163+0000 7f7537fff700 1 -- 172.21.15.121:0/2622933933 <== mgr.14118 v2:172.21.15.121:6800/2724527041 1 ==== mgr_command_reply(tid 0: 0 ) v1 ==== 8+0+49 (secure 0 0 0) 0x7f7550108d90 con 0x7f7538038ee0
2024-02-10T05:52:37.762 INFO:teuthology.orchestra.run.smithi121.stdout:/usr/bin/ceph: stderr
2024-02-10T05:52:37.166+0000 7f75556df700 1 -- 172.21.15.121:0/2622933933 >> [v2:172.21.15.121:6800/2724527041,v1:172.21.15.121:6801/2724527041] conn(0x7f7538038ee0 msgr2=0x7f753803b3a0 secure :-1 s=STATE_CONNECTION_ESTABLISHED l=1).mark_down
2024-02-10T05:52:37.762 INFO:teuthology.orchestra.run.smithi121.stdout:/usr/bin/ceph: stderr
2024-02-10T05:52:37.166+0000 7f75556df700 1 --2- 172.21.15.121:0/2622933933 >> [v2:172.21.15.121:6800/2724527041,v1:172.21.15.121:6801/2724527041] conn(0x7f7538038ee0 0x7f753803b3a0 secure :-1 s=READY pgs=11 cs=0 l=1 rev1=1 crypto rx=0x7f7544006fd0 tx=0x7f7544006e40 comp rx=0 tx=0).stop
2024-02-10T05:52:37.762 INFO:teuthology.orchestra.run.smithi121.stdout:/usr/bin/ceph: stderr
2024-02-10T05:52:37.166+0000 7f75556df700 1 -- 172.21.15.121:0/2622933933 >> [v2:172.21.15.121:3300/0,v1:172.21.15.121:6789/0] conn(0x7f7550104990 msgr2=0x7f7550078a30 secure :-1 s=STATE_CONNECTION_ESTABLISHED l=1).mark_down
2024-02-10T05:52:37.762 INFO:teuthology.orchestra.run.smithi121.stdout:/usr/bin/ceph: stderr
2024-02-10T05:52:37.166+0000 7f75556df700 1 --2- 172.21.15.121:0/2622933933 >> [v2:172.21.15.121:3300/0,v1:172.21.15.121:6789/0] conn(0x7f7550104990 0x7f7550078a30 secure :-1 s=READY pgs=44 cs=0 l=1 rev1=1 crypto rx=0x7f7540003f10 tx=0x7f7540011940 comp rx=0 tx=0).stop
2024-02-10T05:52:37.762 INFO:teuthology.orchestra.run.smithi121.stdout:/usr/bin/ceph: stderr
2024-02-10T05:52:37.166+0000 7f75556df700 1 -- 172.21.15.121:0/2622933933 shutdown_connections
2024-02-10T05:52:37.762 INFO:teuthology.orchestra.run.smithi121.stdout:/usr/bin/ceph: stderr
2024-02-10T05:52:37.166+0000 7f75556df700 1 --2- 172.21.15.121:0/2622933933 >> [v2:172.21.15.121:6800/2724527041,v1:172.21.15.121:6801/2724527041] conn(0x7f7538038ee0 0x7f753803b3a0 unknown :-1 s=CLOSED pgs=11 cs=0 l=1 rev1=1 crypto rx=0 tx=0 comp rx=0 tx=0).stop
2024-02-10T05:52:37.762 INFO:teuthology.orchestra.run.smithi121.stdout:/usr/bin/ceph: stderr
2024-02-10T05:52:37.166+0000 7f75556df700 1 --2- 172.21.15.121:0/2622933933 >> [v2:172.21.15.121:3300/0,v1:172.21.15.121:6789/0] conn(0x7f7550104990 0x7f7550078a30 unknown :-1 s=CLOSED pgs=44 cs=0 l=1 rev1=1 crypto rx=0 tx=0 comp rx=0 tx=0).stop
2024-02-10T05:52:37.762 INFO:teuthology.orchestra.run.smithi121.stdout:/usr/bin/ceph: stderr
2024-02-10T05:52:37.166+0000 7f75556df700 1 -- 172.21.15.121:0/2622933933 >> 172.21.15.121:0/2622933933 conn(0x7f75500fffd0 msgr2=0x7f7550100b50 unknown :-1 s=STATE_NONE l=0).mark_down
2024-02-10T05:52:37.762 INFO:teuthology.orchestra.run.smithi121.stdout:/usr/bin/ceph: stderr
2024-02-10T05:52:37.167+0000 7f75556df700 1 -- 172.21.15.121:0/2622933933 shutdown_connections
2024-02-10T05:52:37.762 INFO:teuthology.orchestra.run.smithi121.stdout:/usr/bin/ceph: stderr
2024-02-10T05:52:37.167+0000 7f75556df700 1 -- 172.21.15.121:0/2622933933 wait complete.
2024-02-10T05:52:37.762 INFO:teuthology.orchestra.run.smithi121.stdout:Deploying unmanaged mon service...
2024-02-10T05:52:38.293 INFO:journalctl@ceph.mon.a.smithi121.stdout:Feb 10 05:52:38 smithi121 ceph-mon[30020]: from='mgr.14118 172.21.15.121:0/4015051094' entity='mgr.y'
2024-02-10T05:52:38.293 INFO:journalctl@ceph.mon.a.smithi121.stdout:Feb 10 05:52:38 smithi121 ceph-mon[30020]: Added host smithi121
2024-02-10T05:52:38.293 INFO:journalctl@ceph.mon.a.smithi121.stdout:Feb 10 05:52:38 smithi121 ceph-mon[30020]: from='mgr.14118 172.21.15.121:0/4015051094' entity='mgr.y' cmd=[{"prefix": "config dump", "format": "json"}]: dispatch
2024-02-10T05:52:39.813 INFO:journalctl@ceph.mon.a.smithi121.stdout:Feb 10 05:52:39 smithi121 ceph-mon[30020]: from='client.14140 -' entity='client.admin' cmd=[{"prefix": "orch apply", "service_type": "mon", "unmanaged": true, "target": ["mon-mgr", ""]}]: dispatch
2024-02-10T05:52:39.813 INFO:journalctl@ceph.mon.a.smithi121.stdout:Feb 10 05:52:39 smithi121 ceph-mon[30020]: Saving service mon spec with placement count:5
2024-02-10T05:52:39.813 INFO:journalctl@ceph.mon.a.smithi121.stdout:Feb 10 05:52:39 smithi121 ceph-mon[30020]: from='mgr.14118 172.21.15.121:0/4015051094' entity='mgr.y'
2024-02-10T05:52:40.248 INFO:teuthology.orchestra.run.smithi121.stdout:/usr/bin/ceph: stdout Scheduled mon update...
2024-02-10T05:52:40.248 INFO:teuthology.orchestra.run.smithi121.stdout:/usr/bin/ceph: stderr
2024-02-10T05:52:38.292+0000 7f1342247700 1 Processor -- start
2024-02-10T05:52:40.249 INFO:teuthology.orchestra.run.smithi121.stdout:/usr/bin/ceph: stderr
2024-02-10T05:52:38.292+0000 7f1342247700 1 -- start start
2024-02-10T05:52:40.249 INFO:teuthology.orchestra.run.smithi121.stdout:/usr/bin/ceph: stderr
2024-02-10T05:52:38.292+0000 7f1342247700 1 --2- >> [v2:172.21.15.121:3300/0,v1:172.21.15.121:6789/0] conn(0x7f133c1049a0 0x7f133c104dc0 unknown :-1 s=NONE pgs=0 cs=0 l=0 rev1=0 crypto rx=0 tx=0 comp rx=0 tx=0).connect
2024-02-10T05:52:40.249 INFO:teuthology.orchestra.run.smithi121.stdout:/usr/bin/ceph: stderr
2024-02-10T05:52:38.292+0000 7f1342247700 1 -- --> [v2:172.21.15.121:3300/0,v1:172.21.15.121:6789/0] -- mon_getmap magic: 0 v1 -- 0x7f133c105390 con 0x7f133c1049a0
2024-02-10T05:52:40.249 INFO:teuthology.orchestra.run.smithi121.stdout:/usr/bin/ceph: stderr
2024-02-10T05:52:38.292+0000 7f133b7fe700 1 --2- >> [v2:172.21.15.121:3300/0,v1:172.21.15.121:6789/0] conn(0x7f133c1049a0 0x7f133c104dc0 unknown :-1 s=BANNER_CONNECTING pgs=0 cs=0 l=0 rev1=0 crypto rx=0 tx=0 comp rx=0 tx=0)._handle_peer_banner_payload supported=3 required=0
2024-02-10T05:52:40.249 INFO:teuthology.orchestra.run.smithi121.stdout:/usr/bin/ceph: stderr
2024-02-10T05:52:38.292+0000 7f133b7fe700 1 --2- >> [v2:172.21.15.121:3300/0,v1:172.21.15.121:6789/0] conn(0x7f133c1049a0 0x7f133c104dc0 unknown :-1 s=HELLO_CONNECTING pgs=0 cs=0 l=0 rev1=1 crypto rx=0 tx=0 comp rx=0 tx=0).handle_hello peer v2:172.21.15.121:3300/0 says I am v2:172.21.15.121:51748/0 (socket says 172.21.15.121:51748)
2024-02-10T05:52:40.249 INFO:teuthology.orchestra.run.smithi121.stdout:/usr/bin/ceph: stderr
2024-02-10T05:52:38.292+0000 7f133b7fe700 1 -- 172.21.15.121:0/3122950131 learned_addr learned my addr 172.21.15.121:0/3122950131 (peer_addr_for_me v2:172.21.15.121:0/0)
2024-02-10T05:52:40.249 INFO:teuthology.orchestra.run.smithi121.stdout:/usr/bin/ceph: stderr
2024-02-10T05:52:38.293+0000 7f133b7fe700 1 -- 172.21.15.121:0/3122950131 --> [v2:172.21.15.121:3300/0,v1:172.21.15.121:6789/0] -- mon_subscribe({config=0+,monmap=0+}) v3 -- 0x7f133c105ba0 con 0x7f133c1049a0
2024-02-10T05:52:40.249 INFO:teuthology.orchestra.run.smithi121.stdout:/usr/bin/ceph: stderr
2024-02-10T05:52:38.293+0000 7f133b7fe700 1 --2- 172.21.15.121:0/3122950131 >> [v2:172.21.15.121:3300/0,v1:172.21.15.121:6789/0] conn(0x7f133c1049a0 0x7f133c104dc0 secure :-1 s=READY pgs=45 cs=0 l=1 rev1=1 crypto rx=0x7f132c0098a0 tx=0x7f132c009bb0 comp rx=0 tx=0).ready entity=mon.0 client_cookie=695226df7ba54f62 server_cookie=0 in_seq=0 out_seq=0
2024-02-10T05:52:40.249 INFO:teuthology.orchestra.run.smithi121.stdout:/usr/bin/ceph: stderr
2024-02-10T05:52:38.293+0000 7f133a7fc700 1 -- 172.21.15.121:0/3122950131 <== mon.0 v2:172.21.15.121:3300/0 1 ==== mon_map magic: 0 v1 ==== 205+0+0 (secure 0 0 0) 0x7f132c004160 con 0x7f133c1049a0
2024-02-10T05:52:40.249 INFO:teuthology.orchestra.run.smithi121.stdout:/usr/bin/ceph: stderr
2024-02-10T05:52:38.293+0000 7f133a7fc700 1 -- 172.21.15.121:0/3122950131 <== mon.0 v2:172.21.15.121:3300/0 2 ==== config(24 keys) v1 ==== 1011+0+0 (secure 0 0 0) 0x7f132c0042c0 con 0x7f133c1049a0
2024-02-10T05:52:40.249 INFO:teuthology.orchestra.run.smithi121.stdout:/usr/bin/ceph: stderr
2024-02-10T05:52:38.293+0000 7f133a7fc700 1 -- 172.21.15.121:0/3122950131 <== mon.0 v2:172.21.15.121:3300/0 3 ==== mon_map magic: 0 v1 ==== 205+0+0 (secure 0 0 0) 0x7f132c0118a0 con 0x7f133c1049a0
2024-02-10T05:52:40.250 INFO:teuthology.orchestra.run.smithi121.stdout:/usr/bin/ceph: stderr
2024-02-10T05:52:38.294+0000 7f1342247700 1 -- 172.21.15.121:0/3122950131 >> [v2:172.21.15.121:3300/0,v1:172.21.15.121:6789/0] conn(0x7f133c1049a0 msgr2=0x7f133c104dc0 secure :-1 s=STATE_CONNECTION_ESTABLISHED l=1).mark_down
2024-02-10T05:52:40.250 INFO:teuthology.orchestra.run.smithi121.stdout:/usr/bin/ceph: stderr
2024-02-10T05:52:38.294+0000 7f1342247700 1 --2- 172.21.15.121:0/3122950131 >> [v2:172.21.15.121:3300/0,v1:172.21.15.121:6789/0] conn(0x7f133c1049a0 0x7f133c104dc0 secure :-1 s=READY pgs=45 cs=0 l=1 rev1=1 crypto rx=0x7f132c0098a0 tx=0x7f132c009bb0 comp rx=0 tx=0).stop
2024-02-10T05:52:40.250 INFO:teuthology.orchestra.run.smithi121.stdout:/usr/bin/ceph: stderr
2024-02-10T05:52:38.294+0000 7f1342247700 1 -- 172.21.15.121:0/3122950131 shutdown_connections
2024-02-10T05:52:40.250 INFO:teuthology.orchestra.run.smithi121.stdout:/usr/bin/ceph: stderr
2024-02-10T05:52:38.294+0000 7f1342247700 1 --2- 172.21.15.121:0/3122950131 >> [v2:172.21.15.121:3300/0,v1:172.21.15.121:6789/0] conn(0x7f133c1049a0 0x7f133c104dc0 unknown :-1 s=CLOSED pgs=45 cs=0 l=1 rev1=1 crypto rx=0 tx=0 comp rx=0 tx=0).stop
2024-02-10T05:52:40.250 INFO:teuthology.orchestra.run.smithi121.stdout:/usr/bin/ceph: stderr
2024-02-10T05:52:38.294+0000 7f1342247700 1 -- 172.21.15.121:0/3122950131 >> 172.21.15.121:0/3122950131 conn(0x7f133c0fff80 msgr2=0x7f133c1023a0 unknown :-1 s=STATE_NONE l=0).mark_down
2024-02-10T05:52:40.250 INFO:teuthology.orchestra.run.smithi121.stdout:/usr/bin/ceph: stderr
2024-02-10T05:52:38.294+0000 7f1342247700 1 -- 172.21.15.121:0/3122950131 shutdown_connections
2024-02-10T05:52:40.250 INFO:teuthology.orchestra.run.smithi121.stdout:/usr/bin/ceph: stderr
2024-02-10T05:52:38.294+0000 7f1342247700 1 -- 172.21.15.121:0/3122950131 wait complete.
2024-02-10T05:52:40.250 INFO:teuthology.orchestra.run.smithi121.stdout:/usr/bin/ceph: stderr
2024-02-10T05:52:38.294+0000 7f1342247700 1 Processor -- start
2024-02-10T05:52:40.250 INFO:teuthology.orchestra.run.smithi121.stdout:/usr/bin/ceph: stderr
2024-02-10T05:52:38.295+0000 7f1342247700 1 -- start start
2024-02-10T05:52:40.250 INFO:teuthology.orchestra.run.smithi121.stdout:/usr/bin/ceph: stderr
2024-02-10T05:52:38.295+0000 7f1342247700 1 --2- >> [v2:172.21.15.121:3300/0,v1:172.21.15.121:6789/0] conn(0x7f133c1049a0 0x7f133c199740 unknown :-1 s=NONE pgs=0 cs=0 l=1 rev1=0 crypto rx=0 tx=0 comp rx=0 tx=0).connect
2024-02-10T05:52:40.250 INFO:teuthology.orchestra.run.smithi121.stdout:/usr/bin/ceph: stderr
2024-02-10T05:52:38.295+0000 7f1342247700 1 -- --> [v2:172.21.15.121:3300/0,v1:172.21.15.121:6789/0] -- mon_getmap magic: 0 v1 -- 0x7f133c199c80 con 0x7f133c1049a0
2024-02-10T05:52:40.250 INFO:teuthology.orchestra.run.smithi121.stdout:/usr/bin/ceph: stderr
2024-02-10T05:52:38.295+0000 7f133b7fe700 1 --2- >> [v2:172.21.15.121:3300/0,v1:172.21.15.121:6789/0] conn(0x7f133c1049a0 0x7f133c199740 unknown :-1 s=BANNER_CONNECTING pgs=0 cs=0 l=1 rev1=0 crypto rx=0 tx=0 comp rx=0 tx=0)._handle_peer_banner_payload supported=3 required=0
2024-02-10T05:52:40.250 INFO:teuthology.orchestra.run.smithi121.stdout:/usr/bin/ceph: stderr
2024-02-10T05:52:38.295+0000 7f133b7fe700 1 --2- >> [v2:172.21.15.121:3300/0,v1:172.21.15.121:6789/0] conn(0x7f133c1049a0 0x7f133c199740 unknown :-1 s=HELLO_CONNECTING pgs=0 cs=0 l=1 rev1=1 crypto rx=0 tx=0 comp rx=0 tx=0).handle_hello peer v2:172.21.15.121:3300/0 says I am v2:172.21.15.121:51752/0 (socket says 172.21.15.121:51752)
2024-02-10T05:52:40.251 INFO:teuthology.orchestra.run.smithi121.stdout:/usr/bin/ceph: stderr
2024-02-10T05:52:38.295+0000 7f133b7fe700 1 -- 172.21.15.121:0/4007231039 learned_addr learned my addr 172.21.15.121:0/4007231039 (peer_addr_for_me v2:172.21.15.121:0/0)
2024-02-10T05:52:40.251 INFO:teuthology.orchestra.run.smithi121.stdout:/usr/bin/ceph: stderr
2024-02-10T05:52:38.295+0000 7f133b7fe700 1 -- 172.21.15.121:0/4007231039 --> [v2:172.21.15.121:3300/0,v1:172.21.15.121:6789/0] -- mon_subscribe({config=0+,monmap=0+}) v3 -- 0x7f132c009550 con 0x7f133c1049a0
2024-02-10T05:52:40.251 INFO:teuthology.orchestra.run.smithi121.stdout:/usr/bin/ceph: stderr
2024-02-10T05:52:38.295+0000 7f133b7fe700 1 --2- 172.21.15.121:0/4007231039 >> [v2:172.21.15.121:3300/0,v1:172.21.15.121:6789/0] conn(0x7f133c1049a0 0x7f133c199740 secure :-1 s=READY pgs=46 cs=0 l=1 rev1=1 crypto rx=0x7f132c003da0 tx=0x7f132c011e90 comp rx=0 tx=0).ready entity=mon.0 client_cookie=0 server_cookie=0 in_seq=0 out_seq=0
2024-02-10T05:52:40.251 INFO:teuthology.orchestra.run.smithi121.stdout:/usr/bin/ceph: stderr
2024-02-10T05:52:38.295+0000 7f1338ff9700 1 -- 172.21.15.121:0/4007231039 <== mon.0 v2:172.21.15.121:3300/0 1 ==== mon_map magic: 0 v1 ==== 205+0+0 (secure 0 0 0) 0x7f132c011930 con 0x7f133c1049a0
2024-02-10T05:52:40.251 INFO:teuthology.orchestra.run.smithi121.stdout:/usr/bin/ceph: stderr
2024-02-10T05:52:38.295+0000 7f1338ff9700 1 -- 172.21.15.121:0/4007231039 <== mon.0 v2:172.21.15.121:3300/0 2 ==== config(24 keys) v1 ==== 1011+0+0 (secure 0 0 0) 0x7f132c003b00 con 0x7f133c1049a0
2024-02-10T05:52:40.251 INFO:teuthology.orchestra.run.smithi121.stdout:/usr/bin/ceph: stderr
2024-02-10T05:52:38.295+0000 7f1342247700 1 -- 172.21.15.121:0/4007231039 --> [v2:172.21.15.121:3300/0,v1:172.21.15.121:6789/0] -- mon_subscribe({mgrmap=0+}) v3 -- 0x7f133c199e80 con 0x7f133c1049a0
2024-02-10T05:52:40.251 INFO:teuthology.orchestra.run.smithi121.stdout:/usr/bin/ceph: stderr
2024-02-10T05:52:38.295+0000 7f1338ff9700 1 -- 172.21.15.121:0/4007231039 <== mon.0 v2:172.21.15.121:3300/0 3 ==== mon_map magic: 0 v1 ==== 205+0+0 (secure 0 0 0) 0x7f132c01ad50 con 0x7f133c1049a0
2024-02-10T05:52:40.251 INFO:teuthology.orchestra.run.smithi121.stdout:/usr/bin/ceph: stderr
2024-02-10T05:52:38.295+0000 7f1342247700 1 -- 172.21.15.121:0/4007231039 --> [v2:172.21.15.121:3300/0,v1:172.21.15.121:6789/0] -- mon_subscribe({osdmap=0}) v3 -- 0x7f133c19a320 con 0x7f133c1049a0
2024-02-10T05:52:40.251 INFO:teuthology.orchestra.run.smithi121.stdout:/usr/bin/ceph: stderr
2024-02-10T05:52:38.296+0000 7f1338ff9700 1 -- 172.21.15.121:0/4007231039 <== mon.0 v2:172.21.15.121:3300/0 4 ==== mgrmap(e 8) v1 ==== 45932+0+0 (secure 0 0 0) 0x7f132c0036a0 con 0x7f133c1049a0
2024-02-10T05:52:40.251 INFO:teuthology.orchestra.run.smithi121.stdout:/usr/bin/ceph: stderr
2024-02-10T05:52:38.296+0000 7f1342247700 1 -- 172.21.15.121:0/4007231039 --> [v2:172.21.15.121:3300/0,v1:172.21.15.121:6789/0] -- mon_command({"prefix": "get_command_descriptions"} v 0) v1 -- 0x7f133c1938c0 con 0x7f133c1049a0
2024-02-10T05:52:40.251 INFO:teuthology.orchestra.run.smithi121.stdout:/usr/bin/ceph: stderr
2024-02-10T05:52:38.296+0000 7f1338ff9700 1 --2- 172.21.15.121:0/4007231039 >> [v2:172.21.15.121:6800/2724527041,v1:172.21.15.121:6801/2724527041] conn(0x7f1324038ee0 0x7f132403b3a0 unknown :-1 s=NONE pgs=0 cs=0 l=1 rev1=0 crypto rx=0 tx=0 comp rx=0 tx=0).connect
2024-02-10T05:52:40.251 INFO:teuthology.orchestra.run.smithi121.stdout:/usr/bin/ceph: stderr
2024-02-10T05:52:38.297+0000 7f1338ff9700 1 -- 172.21.15.121:0/4007231039 <== mon.0 v2:172.21.15.121:3300/0 5 ==== osd_map(2..2 src has 1..2) v4 ==== 940+0+0 (secure 0 0 0) 0x7f132c04ce20 con 0x7f133c1049a0
2024-02-10T05:52:40.251 INFO:teuthology.orchestra.run.smithi121.stdout:/usr/bin/ceph: stderr
2024-02-10T05:52:38.297+0000 7f133affd700 1 --2- 172.21.15.121:0/4007231039 >> [v2:172.21.15.121:6800/2724527041,v1:172.21.15.121:6801/2724527041] conn(0x7f1324038ee0 0x7f132403b3a0 unknown :-1 s=BANNER_CONNECTING pgs=0 cs=0 l=1 rev1=0 crypto rx=0 tx=0 comp rx=0 tx=0)._handle_peer_banner_payload supported=3 required=0
2024-02-10T05:52:40.252 INFO:teuthology.orchestra.run.smithi121.stdout:/usr/bin/ceph: stderr
2024-02-10T05:52:38.297+0000 7f133affd700 1 --2- 172.21.15.121:0/4007231039 >> [v2:172.21.15.121:6800/2724527041,v1:172.21.15.121:6801/2724527041] conn(0x7f1324038ee0 0x7f132403b3a0 secure :-1 s=READY pgs=12 cs=0 l=1 rev1=1 crypto rx=0x7f1330006fd0 tx=0x7f1330006e40 comp rx=0 tx=0).ready entity=mgr.14118 client_cookie=0 server_cookie=0 in_seq=0 out_seq=0
2024-02-10T05:52:40.252 INFO:teuthology.orchestra.run.smithi121.stdout:/usr/bin/ceph: stderr
2024-02-10T05:52:38.301+0000 7f1338ff9700 1 -- 172.21.15.121:0/4007231039 <== mon.0 v2:172.21.15.121:3300/0 6 ==== mon_command_ack([{"prefix": "get_command_descriptions"}]=0 v0) v1 ==== 72+0+183564 (secure 0 0 0) 0x7f132c01a630 con 0x7f133c1049a0
2024-02-10T05:52:40.252 INFO:teuthology.orchestra.run.smithi121.stdout:/usr/bin/ceph: stderr
2024-02-10T05:52:38.519+0000 7f1342247700 1 -- 172.21.15.121:0/4007231039 --> [v2:172.21.15.121:6800/2724527041,v1:172.21.15.121:6801/2724527041] -- mgr_command(tid 0: {"prefix": "orch apply", "service_type": "mon", "unmanaged": true, "target": ["mon-mgr", ""]}) v1 -- 0x7f133c02d8d0 con 0x7f1324038ee0
2024-02-10T05:52:40.252 INFO:teuthology.orchestra.run.smithi121.stdout:/usr/bin/ceph: stderr
2024-02-10T05:52:38.526+0000 7f1338ff9700 1 -- 172.21.15.121:0/4007231039 <== mgr.14118 v2:172.21.15.121:6800/2724527041 1 ==== mgr_command_reply(tid 0: 0 ) v1 ==== 8+0+24 (secure 0 0 0) 0x7f133c02d8d0 con 0x7f1324038ee0
2024-02-10T05:52:40.252 INFO:teuthology.orchestra.run.smithi121.stdout:/usr/bin/ceph: stderr
2024-02-10T05:52:38.528+0000 7f1342247700 1 -- 172.21.15.121:0/4007231039 >> [v2:172.21.15.121:6800/2724527041,v1:172.21.15.121:6801/2724527041] conn(0x7f1324038ee0 msgr2=0x7f132403b3a0 secure :-1 s=STATE_CONNECTION_ESTABLISHED l=1).mark_down
2024-02-10T05:52:40.252 INFO:teuthology.orchestra.run.smithi121.stdout:/usr/bin/ceph: stderr
2024-02-10T05:52:38.528+0000 7f1342247700 1 --2- 172.21.15.121:0/4007231039 >> [v2:172.21.15.121:6800/2724527041,v1:172.21.15.121:6801/2724527041] conn(0x7f1324038ee0 0x7f132403b3a0 secure :-1 s=READY pgs=12 cs=0 l=1 rev1=1 crypto rx=0x7f1330006fd0 tx=0x7f1330006e40 comp rx=0 tx=0).stop
2024-02-10T05:52:40.252 INFO:teuthology.orchestra.run.smithi121.stdout:/usr/bin/ceph: stderr
2024-02-10T05:52:38.528+0000 7f1342247700 1 -- 172.21.15.121:0/4007231039 >> [v2:172.21.15.121:3300/0,v1:172.21.15.121:6789/0] conn(0x7f133c1049a0 msgr2=0x7f133c199740 secure :-1 s=STATE_CONNECTION_ESTABLISHED l=1).mark_down
2024-02-10T05:52:40.252 INFO:teuthology.orchestra.run.smithi121.stdout:/usr/bin/ceph: stderr
2024-02-10T05:52:38.528+0000 7f1342247700 1 --2- 172.21.15.121:0/4007231039 >> [v2:172.21.15.121:3300/0,v1:172.21.15.121:6789/0] conn(0x7f133c1049a0 0x7f133c199740 secure :-1 s=READY pgs=46 cs=0 l=1 rev1=1 crypto rx=0x7f132c003da0 tx=0x7f132c011e90 comp rx=0 tx=0).stop
2024-02-10T05:52:40.252 INFO:teuthology.orchestra.run.smithi121.stdout:/usr/bin/ceph: stderr
2024-02-10T05:52:38.528+0000 7f1342247700 1 -- 172.21.15.121:0/4007231039 shutdown_connections
2024-02-10T05:52:40.252 INFO:teuthology.orchestra.run.smithi121.stdout:/usr/bin/ceph: stderr
2024-02-10T05:52:38.528+0000 7f1342247700 1 --2- 172.21.15.121:0/4007231039 >> [v2:172.21.15.121:6800/2724527041,v1:172.21.15.121:6801/2724527041] conn(0x7f1324038ee0 0x7f132403b3a0 unknown :-1 s=CLOSED pgs=12 cs=0 l=1 rev1=1 crypto rx=0 tx=0 comp rx=0 tx=0).stop
2024-02-10T05:52:40.252 INFO:teuthology.orchestra.run.smithi121.stdout:/usr/bin/ceph: stderr
2024-02-10T05:52:38.528+0000 7f1342247700 1 --2- 172.21.15.121:0/4007231039 >> [v2:172.21.15.121:3300/0,v1:172.21.15.121:6789/0] conn(0x7f133c1049a0 0x7f133c199740 unknown :-1 s=CLOSED pgs=46 cs=0 l=1 rev1=1 crypto rx=0 tx=0 comp rx=0 tx=0).stop
2024-02-10T05:52:40.252 INFO:teuthology.orchestra.run.smithi121.stdout:/usr/bin/ceph: stderr
2024-02-10T05:52:38.528+0000 7f1342247700 1 -- 172.21.15.121:0/4007231039 >> 172.21.15.121:0/4007231039 conn(0x7f133c0fff80 msgr2=0x7f133c100e00 unknown :-1 s=STATE_NONE l=0).mark_down
2024-02-10T05:52:40.252 INFO:teuthology.orchestra.run.smithi121.stdout:/usr/bin/ceph: stderr
2024-02-10T05:52:38.528+0000 7f1342247700 1 -- 172.21.15.121:0/4007231039 shutdown_connections
2024-02-10T05:52:40.253 INFO:teuthology.orchestra.run.smithi121.stdout:/usr/bin/ceph: stderr
2024-02-10T05:52:38.529+0000 7f1342247700 1 -- 172.21.15.121:0/4007231039 wait complete.
2024-02-10T05:52:40.253 INFO:teuthology.orchestra.run.smithi121.stdout:Deploying unmanaged mgr service...
2024-02-10T05:52:41.078 INFO:journalctl@ceph.mon.a.smithi121.stdout:Feb 10 05:52:40 smithi121 ceph-mon[30020]: from='mgr.14118 172.21.15.121:0/4015051094' entity='mgr.y'
2024-02-10T05:52:41.078 INFO:journalctl@ceph.mon.a.smithi121.stdout:Feb 10 05:52:40 smithi121 ceph-mon[30020]: from='mgr.14118 172.21.15.121:0/4015051094' entity='mgr.y'
2024-02-10T05:52:41.554 INFO:teuthology.orchestra.run.smithi121.stdout:/usr/bin/ceph: stdout Scheduled mgr update...
2024-02-10T05:52:41.584 INFO:teuthology.orchestra.run.smithi121.stdout:/usr/bin/ceph: stderr
2024-02-10T05:52:40.741+0000 7f7944999700 1 Processor -- start
2024-02-10T05:52:41.585 INFO:teuthology.orchestra.run.smithi121.stdout:/usr/bin/ceph: stderr
2024-02-10T05:52:40.741+0000 7f7944999700 1 -- start start
2024-02-10T05:52:41.585 INFO:teuthology.orchestra.run.smithi121.stdout:/usr/bin/ceph: stderr
2024-02-10T05:52:40.741+0000 7f7944999700 1 --2- >> [v2:172.21.15.121:3300/0,v1:172.21.15.121:6789/0] conn(0x7f7940106500 0x7f79401088f0 unknown :-1 s=NONE pgs=0 cs=0 l=0 rev1=0 crypto rx=0 tx=0 comp rx=0 tx=0).connect
2024-02-10T05:52:41.585 INFO:teuthology.orchestra.run.smithi121.stdout:/usr/bin/ceph: stderr
2024-02-10T05:52:40.741+0000 7f7944999700 1 -- --> [v2:172.21.15.121:3300/0,v1:172.21.15.121:6789/0] -- mon_getmap magic: 0 v1 -- 0x7f7940078e90 con 0x7f7940106500
2024-02-10T05:52:41.585 INFO:teuthology.orchestra.run.smithi121.stdout:/usr/bin/ceph: stderr
2024-02-10T05:52:40.741+0000 7f793e59c700 1 --2- >> [v2:172.21.15.121:3300/0,v1:172.21.15.121:6789/0] conn(0x7f7940106500 0x7f79401088f0 unknown :-1 s=BANNER_CONNECTING pgs=0 cs=0 l=0 rev1=0 crypto rx=0 tx=0 comp rx=0 tx=0)._handle_peer_banner_payload supported=3 required=0
2024-02-10T05:52:41.585 INFO:teuthology.orchestra.run.smithi121.stdout:/usr/bin/ceph: stderr
2024-02-10T05:52:40.741+0000 7f793e59c700 1 --2- >> [v2:172.21.15.121:3300/0,v1:172.21.15.121:6789/0] conn(0x7f7940106500 0x7f79401088f0 unknown :-1 s=HELLO_CONNECTING pgs=0 cs=0 l=0 rev1=1 crypto rx=0 tx=0 comp rx=0 tx=0).handle_hello peer v2:172.21.15.121:3300/0 says I am v2:172.21.15.121:51754/0 (socket says 172.21.15.121:51754)
2024-02-10T05:52:41.585 INFO:teuthology.orchestra.run.smithi121.stdout:/usr/bin/ceph: stderr
2024-02-10T05:52:40.741+0000 7f793e59c700 1 -- 172.21.15.121:0/4281596845 learned_addr learned my addr 172.21.15.121:0/4281596845 (peer_addr_for_me v2:172.21.15.121:0/0)
2024-02-10T05:52:41.585 INFO:teuthology.orchestra.run.smithi121.stdout:/usr/bin/ceph: stderr
2024-02-10T05:52:40.742+0000 7f793e59c700 1 -- 172.21.15.121:0/4281596845 --> [v2:172.21.15.121:3300/0,v1:172.21.15.121:6789/0] -- mon_subscribe({config=0+,monmap=0+}) v3 -- 0x7f7940108e30 con 0x7f7940106500
2024-02-10T05:52:41.585 INFO:teuthology.orchestra.run.smithi121.stdout:/usr/bin/ceph: stderr
2024-02-10T05:52:40.742+0000 7f793e59c700 1 --2- 172.21.15.121:0/4281596845 >> [v2:172.21.15.121:3300/0,v1:172.21.15.121:6789/0] conn(0x7f7940106500 0x7f79401088f0 secure :-1 s=READY pgs=47 cs=0 l=1 rev1=1 crypto rx=0x7f79300098a0 tx=0x7f7930009bb0 comp rx=0 tx=0).ready entity=mon.0 client_cookie=da63225e5b41bb51 server_cookie=0 in_seq=0 out_seq=0
2024-02-10T05:52:41.585 INFO:teuthology.orchestra.run.smithi121.stdout:/usr/bin/ceph: stderr
2024-02-10T05:52:40.742+0000 7f793d59a700 1 -- 172.21.15.121:0/4281596845 <== mon.0 v2:172.21.15.121:3300/0 1 ==== mon_map magic: 0 v1 ==== 205+0+0 (secure 0 0 0) 0x7f7930004160 con 0x7f7940106500
2024-02-10T05:52:41.585 INFO:teuthology.orchestra.run.smithi121.stdout:/usr/bin/ceph: stderr
2024-02-10T05:52:40.742+0000 7f793d59a700 1 -- 172.21.15.121:0/4281596845 <== mon.0 v2:172.21.15.121:3300/0 2 ==== config(24 keys) v1 ==== 1042+0+0 (secure 0 0 0) 0x7f79300042c0 con 0x7f7940106500
2024-02-10T05:52:41.585 INFO:teuthology.orchestra.run.smithi121.stdout:/usr/bin/ceph: stderr
2024-02-10T05:52:40.742+0000 7f793d59a700 1 -- 172.21.15.121:0/4281596845 <== mon.0 v2:172.21.15.121:3300/0 3 ==== mon_map magic: 0 v1 ==== 205+0+0 (secure 0 0 0) 0x7f7930011850 con 0x7f7940106500
2024-02-10T05:52:41.586 INFO:teuthology.orchestra.run.smithi121.stdout:/usr/bin/ceph: stderr
2024-02-10T05:52:40.743+0000 7f7944999700 1 -- 172.21.15.121:0/4281596845 >> [v2:172.21.15.121:3300/0,v1:172.21.15.121:6789/0] conn(0x7f7940106500 msgr2=0x7f79401088f0 secure :-1 s=STATE_CONNECTION_ESTABLISHED l=1).mark_down
2024-02-10T05:52:41.586 INFO:teuthology.orchestra.run.smithi121.stdout:/usr/bin/ceph: stderr
2024-02-10T05:52:40.743+0000 7f7944999700 1 --2- 172.21.15.121:0/4281596845 >> [v2:172.21.15.121:3300/0,v1:172.21.15.121:6789/0] conn(0x7f7940106500 0x7f79401088f0 secure :-1 s=READY pgs=47 cs=0 l=1 rev1=1 crypto rx=0x7f79300098a0 tx=0x7f7930009bb0 comp rx=0 tx=0).stop
2024-02-10T05:52:41.586 INFO:teuthology.orchestra.run.smithi121.stdout:/usr/bin/ceph: stderr
2024-02-10T05:52:40.743+0000 7f7944999700 1 -- 172.21.15.121:0/4281596845 shutdown_connections
2024-02-10T05:52:41.586 INFO:teuthology.orchestra.run.smithi121.stdout:/usr/bin/ceph: stderr
2024-02-10T05:52:40.743+0000 7f7944999700 1 --2- 172.21.15.121:0/4281596845 >> [v2:172.21.15.121:3300/0,v1:172.21.15.121:6789/0] conn(0x7f7940106500 0x7f79401088f0 unknown :-1 s=CLOSED pgs=47 cs=0 l=1 rev1=1 crypto rx=0 tx=0 comp rx=0 tx=0).stop
2024-02-10T05:52:41.586 INFO:teuthology.orchestra.run.smithi121.stdout:/usr/bin/ceph: stderr
2024-02-10T05:52:40.743+0000 7f7944999700 1 -- 172.21.15.121:0/4281596845 >> 172.21.15.121:0/4281596845 conn(0x7f79400fffd0 msgr2=0x7f79401023f0 unknown :-1 s=STATE_NONE l=0).mark_down
2024-02-10T05:52:41.586 INFO:teuthology.orchestra.run.smithi121.stdout:/usr/bin/ceph: stderr
2024-02-10T05:52:40.743+0000 7f7944999700 1 -- 172.21.15.121:0/4281596845 shutdown_connections
2024-02-10T05:52:41.586 INFO:teuthology.orchestra.run.smithi121.stdout:/usr/bin/ceph: stderr
2024-02-10T05:52:40.743+0000 7f7944999700 1 -- 172.21.15.121:0/4281596845 wait complete.
2024-02-10T05:52:41.586 INFO:teuthology.orchestra.run.smithi121.stdout:/usr/bin/ceph: stderr
2024-02-10T05:52:40.743+0000 7f7944999700 1 Processor -- start
2024-02-10T05:52:41.586 INFO:teuthology.orchestra.run.smithi121.stdout:/usr/bin/ceph: stderr
2024-02-10T05:52:40.744+0000 7f7944999700 1 -- start start
2024-02-10T05:52:41.586 INFO:teuthology.orchestra.run.smithi121.stdout:/usr/bin/ceph: stderr
2024-02-10T05:52:40.744+0000 7f7944999700 1 --2- >> [v2:172.21.15.121:3300/0,v1:172.21.15.121:6789/0] conn(0x7f7940106500 0x7f7940199730 unknown :-1 s=NONE pgs=0 cs=0 l=1 rev1=0 crypto rx=0 tx=0 comp rx=0 tx=0).connect
2024-02-10T05:52:41.586 INFO:teuthology.orchestra.run.smithi121.stdout:/usr/bin/ceph: stderr
2024-02-10T05:52:40.744+0000 7f7944999700 1 -- --> [v2:172.21.15.121:3300/0,v1:172.21.15.121:6789/0] -- mon_getmap magic: 0 v1 -- 0x7f7940199c70 con 0x7f7940106500
2024-02-10T05:52:41.586 INFO:teuthology.orchestra.run.smithi121.stdout:/usr/bin/ceph: stderr
2024-02-10T05:52:40.744+0000 7f793e59c700 1 --2- >> [v2:172.21.15.121:3300/0,v1:172.21.15.121:6789/0] conn(0x7f7940106500 0x7f7940199730 unknown :-1 s=BANNER_CONNECTING pgs=0 cs=0 l=1 rev1=0 crypto rx=0 tx=0 comp rx=0 tx=0)._handle_peer_banner_payload supported=3 required=0
2024-02-10T05:52:41.586 INFO:teuthology.orchestra.run.smithi121.stdout:/usr/bin/ceph: stderr
2024-02-10T05:52:40.744+0000 7f793e59c700 1 --2- >> [v2:172.21.15.121:3300/0,v1:172.21.15.121:6789/0] conn(0x7f7940106500 0x7f7940199730 unknown :-1 s=HELLO_CONNECTING pgs=0 cs=0 l=1 rev1=1 crypto rx=0 tx=0 comp rx=0 tx=0).handle_hello peer v2:172.21.15.121:3300/0 says I am v2:172.21.15.121:51756/0 (socket says 172.21.15.121:51756)
2024-02-10T05:52:41.587 INFO:teuthology.orchestra.run.smithi121.stdout:/usr/bin/ceph: stderr
2024-02-10T05:52:40.744+0000 7f793e59c700 1 -- 172.21.15.121:0/2713998854 learned_addr learned my addr 172.21.15.121:0/2713998854 (peer_addr_for_me v2:172.21.15.121:0/0)
2024-02-10T05:52:41.587 INFO:teuthology.orchestra.run.smithi121.stdout:/usr/bin/ceph: stderr
2024-02-10T05:52:40.744+0000 7f793e59c700 1 -- 172.21.15.121:0/2713998854 --> [v2:172.21.15.121:3300/0,v1:172.21.15.121:6789/0] -- mon_subscribe({config=0+,monmap=0+}) v3 -- 0x7f7930009550 con 0x7f7940106500
2024-02-10T05:52:41.587 INFO:teuthology.orchestra.run.smithi121.stdout:/usr/bin/ceph: stderr
2024-02-10T05:52:40.744+0000 7f793e59c700 1 --2- 172.21.15.121:0/2713998854 >> [v2:172.21.15.121:3300/0,v1:172.21.15.121:6789/0] conn(0x7f7940106500 0x7f7940199730 secure :-1 s=READY pgs=48 cs=0 l=1 rev1=1 crypto rx=0x7f7930006af0 tx=0x7f7930011a50 comp rx=0 tx=0).ready entity=mon.0 client_cookie=0 server_cookie=0 in_seq=0 out_seq=0
2024-02-10T05:52:41.587 INFO:teuthology.orchestra.run.smithi121.stdout:/usr/bin/ceph: stderr
2024-02-10T05:52:40.744+0000 7f792f7fe700 1 -- 172.21.15.121:0/2713998854 <== mon.0 v2:172.21.15.121:3300/0 1 ==== mon_map magic: 0 v1 ==== 205+0+0 (secure 0 0 0) 0x7f79300036a0 con 0x7f7940106500
2024-02-10T05:52:41.587 INFO:teuthology.orchestra.run.smithi121.stdout:/usr/bin/ceph: stderr
2024-02-10T05:52:40.744+0000 7f792f7fe700 1 -- 172.21.15.121:0/2713998854 <== mon.0 v2:172.21.15.121:3300/0 2 ==== config(24 keys) v1 ==== 1042+0+0 (secure 0 0 0) 0x7f793001a430 con 0x7f7940106500
2024-02-10T05:52:41.587 INFO:teuthology.orchestra.run.smithi121.stdout:/usr/bin/ceph: stderr
2024-02-10T05:52:40.745+0000 7f7944999700 1 -- 172.21.15.121:0/2713998854 --> [v2:172.21.15.121:3300/0,v1:172.21.15.121:6789/0] -- mon_subscribe({mgrmap=0+}) v3 -- 0x7f7940199e70 con 0x7f7940106500
2024-02-10T05:52:41.587 INFO:teuthology.orchestra.run.smithi121.stdout:/usr/bin/ceph: stderr
2024-02-10T05:52:40.745+0000 7f792f7fe700 1 -- 172.21.15.121:0/2713998854 <== mon.0 v2:172.21.15.121:3300/0 3 ==== mon_map magic: 0 v1 ==== 205+0+0 (secure 0 0 0) 0x7f79300193c0 con 0x7f7940106500
2024-02-10T05:52:41.587 INFO:teuthology.orchestra.run.smithi121.stdout:/usr/bin/ceph: stderr
2024-02-10T05:52:40.745+0000 7f7944999700 1 -- 172.21.15.121:0/2713998854 --> [v2:172.21.15.121:3300/0,v1:172.21.15.121:6789/0] -- mon_subscribe({osdmap=0}) v3 -- 0x7f794019a310 con 0x7f7940106500
2024-02-10T05:52:41.587 INFO:teuthology.orchestra.run.smithi121.stdout:/usr/bin/ceph: stderr
2024-02-10T05:52:40.746+0000 7f792f7fe700 1 -- 172.21.15.121:0/2713998854 <== mon.0 v2:172.21.15.121:3300/0 4 ==== mgrmap(e 8) v1 ==== 45932+0+0 (secure 0 0 0) 0x7f7930019630 con 0x7f7940106500
2024-02-10T05:52:41.587 INFO:teuthology.orchestra.run.smithi121.stdout:/usr/bin/ceph: stderr
2024-02-10T05:52:40.746+0000 7f7944999700 1 -- 172.21.15.121:0/2713998854 --> [v2:172.21.15.121:3300/0,v1:172.21.15.121:6789/0] -- mon_command({"prefix": "get_command_descriptions"} v 0) v1 -- 0x7f7940109bb0 con 0x7f7940106500
2024-02-10T05:52:41.587 INFO:teuthology.orchestra.run.smithi121.stdout:/usr/bin/ceph: stderr
2024-02-10T05:52:40.746+0000 7f792f7fe700 1 --2- 172.21.15.121:0/2713998854 >> [v2:172.21.15.121:6800/2724527041,v1:172.21.15.121:6801/2724527041] conn(0x7f7928038ee0 0x7f792803b3a0 unknown :-1 s=NONE pgs=0 cs=0 l=1 rev1=0 crypto rx=0 tx=0 comp rx=0 tx=0).connect
2024-02-10T05:52:41.587 INFO:teuthology.orchestra.run.smithi121.stdout:/usr/bin/ceph: stderr
2024-02-10T05:52:40.746+0000 7f792f7fe700 1 -- 172.21.15.121:0/2713998854 <== mon.0 v2:172.21.15.121:3300/0 5 ==== osd_map(2..2 src has 1..2) v4 ==== 940+0+0 (secure 0 0 0) 0x7f793004cc60 con 0x7f7940106500
2024-02-10T05:52:41.588 INFO:teuthology.orchestra.run.smithi121.stdout:/usr/bin/ceph: stderr
2024-02-10T05:52:40.746+0000 7f793dd9b700 1 --2- 172.21.15.121:0/2713998854 >> [v2:172.21.15.121:6800/2724527041,v1:172.21.15.121:6801/2724527041] conn(0x7f7928038ee0 0x7f792803b3a0 unknown :-1 s=BANNER_CONNECTING pgs=0 cs=0 l=1 rev1=0 crypto rx=0 tx=0 comp rx=0 tx=0)._handle_peer_banner_payload supported=3 required=0
2024-02-10T05:52:41.588 INFO:teuthology.orchestra.run.smithi121.stdout:/usr/bin/ceph: stderr
2024-02-10T05:52:40.746+0000 7f793dd9b700 1 --2- 172.21.15.121:0/2713998854 >> [v2:172.21.15.121:6800/2724527041,v1:172.21.15.121:6801/2724527041] conn(0x7f7928038ee0 0x7f792803b3a0 secure :-1 s=READY pgs=13 cs=0 l=1 rev1=1 crypto rx=0x7f7934006fd0 tx=0x7f7934006e40 comp rx=0 tx=0).ready entity=mgr.14118 client_cookie=0 server_cookie=0 in_seq=0 out_seq=0
2024-02-10T05:52:41.588 INFO:teuthology.orchestra.run.smithi121.stdout:/usr/bin/ceph: stderr
2024-02-10T05:52:40.751+0000 7f792f7fe700 1 -- 172.21.15.121:0/2713998854 <== mon.0 v2:172.21.15.121:3300/0 6 ==== mon_command_ack([{"prefix": "get_command_descriptions"}]=0 v0) v1 ==== 72+0+183564 (secure 0 0 0) 0x7f7930023c20 con 0x7f7940106500
2024-02-10T05:52:41.588 INFO:teuthology.orchestra.run.smithi121.stdout:/usr/bin/ceph: stderr
2024-02-10T05:52:40.962+0000 7f7944999700 1 -- 172.21.15.121:0/2713998854 --> [v2:172.21.15.121:6800/2724527041,v1:172.21.15.121:6801/2724527041] -- mgr_command(tid 0: {"prefix": "orch apply", "service_type": "mgr", "unmanaged": true, "target": ["mon-mgr", ""]}) v1 -- 0x7f79401011a0 con 0x7f7928038ee0
2024-02-10T05:52:41.588 INFO:teuthology.orchestra.run.smithi121.stdout:/usr/bin/ceph: stderr
2024-02-10T05:52:40.969+0000 7f792f7fe700 1 -- 172.21.15.121:0/2713998854 <== mgr.14118 v2:172.21.15.121:6800/2724527041 1 ==== mgr_command_reply(tid 0: 0 ) v1 ==== 8+0+24 (secure 0 0 0) 0x7f79401011a0 con 0x7f7928038ee0
2024-02-10T05:52:41.588 INFO:teuthology.orchestra.run.smithi121.stdout:/usr/bin/ceph: stderr
2024-02-10T05:52:40.971+0000 7f7944999700 1 -- 172.21.15.121:0/2713998854 >> [v2:172.21.15.121:6800/2724527041,v1:172.21.15.121:6801/2724527041] conn(0x7f7928038ee0 msgr2=0x7f792803b3a0 secure :-1 s=STATE_CONNECTION_ESTABLISHED l=1).mark_down
2024-02-10T05:52:41.588 INFO:teuthology.orchestra.run.smithi121.stdout:/usr/bin/ceph: stderr
2024-02-10T05:52:40.971+0000 7f7944999700 1 --2- 172.21.15.121:0/2713998854 >> [v2:172.21.15.121:6800/2724527041,v1:172.21.15.121:6801/2724527041] conn(0x7f7928038ee0 0x7f792803b3a0 secure :-1 s=READY pgs=13 cs=0 l=1 rev1=1 crypto rx=0x7f7934006fd0 tx=0x7f7934006e40 comp rx=0 tx=0).stop
2024-02-10T05:52:41.588 INFO:teuthology.orchestra.run.smithi121.stdout:/usr/bin/ceph: stderr
2024-02-10T05:52:40.971+0000 7f7944999700 1 -- 172.21.15.121:0/2713998854 >> [v2:172.21.15.121:3300/0,v1:172.21.15.121:6789/0] conn(0x7f7940106500 msgr2=0x7f7940199730 secure :-1 s=STATE_CONNECTION_ESTABLISHED l=1).mark_down
2024-02-10T05:52:41.588 INFO:teuthology.orchestra.run.smithi121.stdout:/usr/bin/ceph: stderr
2024-02-10T05:52:40.971+0000 7f7944999700 1 --2- 172.21.15.121:0/2713998854 >> [v2:172.21.15.121:3300/0,v1:172.21.15.121:6789/0] conn(0x7f7940106500 0x7f7940199730 secure :-1 s=READY pgs=48 cs=0 l=1 rev1=1 crypto rx=0x7f7930006af0 tx=0x7f7930011a50 comp rx=0 tx=0).stop
2024-02-10T05:52:41.588 INFO:teuthology.orchestra.run.smithi121.stdout:/usr/bin/ceph: stderr
2024-02-10T05:52:40.971+0000 7f7944999700 1 -- 172.21.15.121:0/2713998854 shutdown_connections
2024-02-10T05:52:41.588 INFO:teuthology.orchestra.run.smithi121.stdout:/usr/bin/ceph: stderr
2024-02-10T05:52:40.971+0000 7f7944999700 1 --2- 172.21.15.121:0/2713998854 >> [v2:172.21.15.121:6800/2724527041,v1:172.21.15.121:6801/2724527041] conn(0x7f7928038ee0 0x7f792803b3a0 unknown :-1 s=CLOSED pgs=13 cs=0 l=1 rev1=1 crypto rx=0 tx=0 comp rx=0 tx=0).stop
2024-02-10T05:52:41.588 INFO:teuthology.orchestra.run.smithi121.stdout:/usr/bin/ceph: stderr
2024-02-10T05:52:40.971+0000 7f7944999700 1 --2- 172.21.15.121:0/2713998854 >> [v2:172.21.15.121:3300/0,v1:172.21.15.121:6789/0] conn(0x7f7940106500 0x7f7940199730 unknown :-1 s=CLOSED pgs=48 cs=0 l=1 rev1=1 crypto rx=0 tx=0 comp rx=0 tx=0).stop
2024-02-10T05:52:41.589 INFO:teuthology.orchestra.run.smithi121.stdout:/usr/bin/ceph: stderr
2024-02-10T05:52:40.971+0000 7f7944999700 1 -- 172.21.15.121:0/2713998854 >> 172.21.15.121:0/2713998854 conn(0x7f79400fffd0 msgr2=0x7f7940100a90 unknown :-1 s=STATE_NONE l=0).mark_down
2024-02-10T05:52:41.589 INFO:teuthology.orchestra.run.smithi121.stdout:/usr/bin/ceph: stderr
2024-02-10T05:52:40.972+0000 7f7944999700 1 -- 172.21.15.121:0/2713998854 shutdown_connections
2024-02-10T05:52:41.589 INFO:teuthology.orchestra.run.smithi121.stdout:/usr/bin/ceph: stderr
2024-02-10T05:52:40.972+0000 7f7944999700 1 -- 172.21.15.121:0/2713998854 wait complete.
2024-02-10T05:52:42.224 INFO:journalctl@ceph.mon.a.smithi121.stdout:Feb 10 05:52:41 smithi121 ceph-mon[30020]: from='client.14142 -' entity='client.admin' cmd=[{"prefix": "orch apply", "service_type": "mgr", "unmanaged": true, "target": ["mon-mgr", ""]}]: dispatch
2024-02-10T05:52:42.224 INFO:journalctl@ceph.mon.a.smithi121.stdout:Feb 10 05:52:41 smithi121 ceph-mon[30020]: Saving service mgr spec with placement count:2
2024-02-10T05:52:42.225 INFO:journalctl@ceph.mon.a.smithi121.stdout:Feb 10 05:52:41 smithi121 ceph-mon[30020]: from='mgr.14118 172.21.15.121:0/4015051094' entity='mgr.y'
2024-02-10T05:52:42.862 INFO:teuthology.orchestra.run.smithi121.stdout:/usr/bin/ceph: stderr
2024-02-10T05:52:42.019+0000 7f99801a9700 1 Processor -- start
2024-02-10T05:52:42.862 INFO:teuthology.orchestra.run.smithi121.stdout:/usr/bin/ceph: stderr
2024-02-10T05:52:42.019+0000 7f99801a9700 1 -- start start
2024-02-10T05:52:42.863 INFO:teuthology.orchestra.run.smithi121.stdout:/usr/bin/ceph: stderr
2024-02-10T05:52:42.019+0000 7f99801a9700 1 --2- >> [v2:172.21.15.121:3300/0,v1:172.21.15.121:6789/0] conn(0x7f9978107090 0x7f99781074b0 unknown :-1 s=NONE pgs=0 cs=0 l=0 rev1=0 crypto rx=0 tx=0 comp rx=0 tx=0).connect
2024-02-10T05:52:42.863 INFO:teuthology.orchestra.run.smithi121.stdout:/usr/bin/ceph: stderr
2024-02-10T05:52:42.019+0000 7f99801a9700 1 -- --> [v2:172.21.15.121:3300/0,v1:172.21.15.121:6789/0] -- mon_getmap magic: 0 v1 -- 0x7f9978107a80 con 0x7f9978107090
2024-02-10T05:52:42.863 INFO:teuthology.orchestra.run.smithi121.stdout:/usr/bin/ceph: stderr
2024-02-10T05:52:42.020+0000 7f997df45700 1 --2- >> [v2:172.21.15.121:3300/0,v1:172.21.15.121:6789/0] conn(0x7f9978107090 0x7f99781074b0 unknown :-1 s=BANNER_CONNECTING pgs=0 cs=0 l=0 rev1=0 crypto rx=0 tx=0 comp rx=0 tx=0)._handle_peer_banner_payload supported=3 required=0
2024-02-10T05:52:42.863 INFO:teuthology.orchestra.run.smithi121.stdout:/usr/bin/ceph: stderr
2024-02-10T05:52:42.020+0000 7f997df45700 1 --2- >> [v2:172.21.15.121:3300/0,v1:172.21.15.121:6789/0] conn(0x7f9978107090 0x7f99781074b0 unknown :-1 s=HELLO_CONNECTING pgs=0 cs=0 l=0 rev1=1 crypto rx=0 tx=0 comp rx=0 tx=0).handle_hello peer v2:172.21.15.121:3300/0 says I am v2:172.21.15.121:51760/0 (socket says 172.21.15.121:51760)
2024-02-10T05:52:42.863 INFO:teuthology.orchestra.run.smithi121.stdout:/usr/bin/ceph: stderr
2024-02-10T05:52:42.020+0000 7f997df45700 1 -- 172.21.15.121:0/2982069432 learned_addr learned my addr 172.21.15.121:0/2982069432 (peer_addr_for_me v2:172.21.15.121:0/0)
2024-02-10T05:52:42.863 INFO:teuthology.orchestra.run.smithi121.stdout:/usr/bin/ceph: stderr
2024-02-10T05:52:42.020+0000 7f997df45700 1 -- 172.21.15.121:0/2982069432 --> [v2:172.21.15.121:3300/0,v1:172.21.15.121:6789/0] -- mon_subscribe({config=0+,monmap=0+}) v3 -- 0x7f9978107bc0 con 0x7f9978107090
2024-02-10T05:52:42.863 INFO:teuthology.orchestra.run.smithi121.stdout:/usr/bin/ceph: stderr
2024-02-10T05:52:42.020+0000 7f997df45700 1 --2- 172.21.15.121:0/2982069432 >> [v2:172.21.15.121:3300/0,v1:172.21.15.121:6789/0] conn(0x7f9978107090 0x7f99781074b0 secure :-1 s=READY pgs=49 cs=0 l=1 rev1=1 crypto rx=0x7f99740098a0 tx=0x7f9974009bb0 comp rx=0 tx=0).ready entity=mon.0 client_cookie=ffe3da039070e9c6 server_cookie=0 in_seq=0 out_seq=0
2024-02-10T05:52:42.863 INFO:teuthology.orchestra.run.smithi121.stdout:/usr/bin/ceph: stderr
2024-02-10T05:52:42.020+0000 7f997cf43700 1 -- 172.21.15.121:0/2982069432 <== mon.0 v2:172.21.15.121:3300/0 1 ==== mon_map magic: 0 v1 ==== 205+0+0 (secure 0 0 0) 0x7f9974004160 con 0x7f9978107090
2024-02-10T05:52:42.863 INFO:teuthology.orchestra.run.smithi121.stdout:/usr/bin/ceph: stderr
2024-02-10T05:52:42.020+0000 7f997cf43700 1 -- 172.21.15.121:0/2982069432 <== mon.0 v2:172.21.15.121:3300/0 2 ==== config(24 keys) v1 ==== 1042+0+0 (secure 0 0 0) 0x7f99740042c0 con 0x7f9978107090
2024-02-10T05:52:42.863 INFO:teuthology.orchestra.run.smithi121.stdout:/usr/bin/ceph: stderr
2024-02-10T05:52:42.020+0000 7f997cf43700 1 -- 172.21.15.121:0/2982069432 <== mon.0 v2:172.21.15.121:3300/0 3 ==== mon_map magic: 0 v1 ==== 205+0+0 (secure 0 0 0) 0x7f9974011850 con 0x7f9978107090
2024-02-10T05:52:42.863 INFO:teuthology.orchestra.run.smithi121.stdout:/usr/bin/ceph: stderr
2024-02-10T05:52:42.021+0000 7f99801a9700 1 -- 172.21.15.121:0/2982069432 >> [v2:172.21.15.121:3300/0,v1:172.21.15.121:6789/0] conn(0x7f9978107090 msgr2=0x7f99781074b0 secure :-1 s=STATE_CONNECTION_ESTABLISHED l=1).mark_down
