2024-02-10T06:34:05.030+0000 7f5a2175d700 1 -- 172.21.15.73:0/3171821424 --> [v2:172.21.15.73:3300/0,v1:172.21.15.73:6789/0] -- mon_command({"prefix": "get_command_descriptions"} v 0) v1 -- 0x7f5a1c05f5c0 con 0x7f5a1c102780
2024-02-10T06:34:05.733 INFO:teuthology.orchestra.run.smithi073.stdout:/usr/bin/ceph: stderr
2024-02-10T06:34:05.031+0000 7f5a137fe700 1 -- 172.21.15.73:0/3171821424 <== mon.0 v2:172.21.15.73:3300/0 5 ==== osd_map(1..1 src has 1..1) v4 ==== 721+0+0 (secure 0 0 0) 0x7f5a1404a1d0 con 0x7f5a1c102780
2024-02-10T06:34:05.733 INFO:teuthology.orchestra.run.smithi073.stdout:/usr/bin/ceph: stderr
2024-02-10T06:34:05.033+0000 7f5a137fe700 1 -- 172.21.15.73:0/3171821424 <== mon.0 v2:172.21.15.73:3300/0 6 ==== mon_command_ack([{"prefix": "get_command_descriptions"}]=0 v0) v1 ==== 72+0+71349 (secure 0 0 0) 0x7f5a14022930 con 0x7f5a1c102780
2024-02-10T06:34:05.733 INFO:teuthology.orchestra.run.smithi073.stdout:/usr/bin/ceph: stderr
2024-02-10T06:34:05.101+0000 7f5a2175d700 1 -- 172.21.15.73:0/3171821424 --> [v2:172.21.15.73:3300/0,v1:172.21.15.73:6789/0] -- mon_command({"prefix": "status", "format": "json-pretty"} v 0) v1 -- 0x7f5a1c04bed0 con 0x7f5a1c102780
2024-02-10T06:34:05.733 INFO:teuthology.orchestra.run.smithi073.stdout:/usr/bin/ceph: stderr
2024-02-10T06:34:05.101+0000 7f5a137fe700 1 -- 172.21.15.73:0/3171821424 <== mon.0 v2:172.21.15.73:3300/0 7 ==== mon_command_ack([{"prefix": "status", "format": "json-pretty"}]=0 v0) v1 ==== 79+0+1248 (secure 0 0 0) 0x7f5a14022340 con 0x7f5a1c102780
2024-02-10T06:34:05.733 INFO:teuthology.orchestra.run.smithi073.stdout:/usr/bin/ceph: stderr
2024-02-10T06:34:05.102+0000 7f5a2175d700 1 -- 172.21.15.73:0/3171821424 >> [v2:172.21.15.73:3300/0,v1:172.21.15.73:6789/0] conn(0x7f5a1c102780 msgr2=0x7f5a1c111560 secure :-1 s=STATE_CONNECTION_ESTABLISHED l=1).mark_down
2024-02-10T06:34:05.733 INFO:teuthology.orchestra.run.smithi073.stdout:/usr/bin/ceph: stderr
2024-02-10T06:34:05.102+0000 7f5a2175d700 1 --2- 172.21.15.73:0/3171821424 >> [v2:172.21.15.73:3300/0,v1:172.21.15.73:6789/0] conn(0x7f5a1c102780 0x7f5a1c111560 secure :-1 s=READY pgs=17 cs=0 l=1 rev1=1 crypto rx=0x7f5a14000c00 tx=0x7f5a14009250 comp rx=0 tx=0).stop
2024-02-10T06:34:05.733 INFO:teuthology.orchestra.run.smithi073.stdout:/usr/bin/ceph: stderr
2024-02-10T06:34:05.102+0000 7f5a2175d700 1 -- 172.21.15.73:0/3171821424 shutdown_connections
2024-02-10T06:34:05.733 INFO:teuthology.orchestra.run.smithi073.stdout:/usr/bin/ceph: stderr
2024-02-10T06:34:05.102+0000 7f5a2175d700 1 --2- 172.21.15.73:0/3171821424 >> [v2:172.21.15.73:3300/0,v1:172.21.15.73:6789/0] conn(0x7f5a1c102780 0x7f5a1c111560 unknown :-1 s=CLOSED pgs=17 cs=0 l=1 rev1=1 crypto rx=0 tx=0 comp rx=0 tx=0).stop
2024-02-10T06:34:05.733 INFO:teuthology.orchestra.run.smithi073.stdout:/usr/bin/ceph: stderr
2024-02-10T06:34:05.102+0000 7f5a2175d700 1 -- 172.21.15.73:0/3171821424 >> 172.21.15.73:0/3171821424 conn(0x7f5a1c0fdf00 msgr2=0x7f5a1c0fece0 unknown :-1 s=STATE_NONE l=0).mark_down
2024-02-10T06:34:05.734 INFO:teuthology.orchestra.run.smithi073.stdout:/usr/bin/ceph: stderr
2024-02-10T06:34:05.102+0000 7f5a2175d700 1 -- 172.21.15.73:0/3171821424 shutdown_connections
2024-02-10T06:34:05.734 INFO:teuthology.orchestra.run.smithi073.stdout:/usr/bin/ceph: stderr
2024-02-10T06:34:05.102+0000 7f5a2175d700 1 -- 172.21.15.73:0/3171821424 wait complete.
2024-02-10T06:34:05.734 INFO:teuthology.orchestra.run.smithi073.stdout:mgr not available, waiting (3/15)...
2024-02-10T06:34:06.121 INFO:journalctl@ceph.mon.smithi073.smithi073.stdout:Feb 10 06:34:05 smithi073 ceph-mon[29063]: from='client.? 172.21.15.73:0/3171821424' entity='client.admin' cmd=[{"prefix": "status", "format": "json-pretty"}]: dispatch
2024-02-10T06:34:06.121 INFO:journalctl@ceph.mon.smithi073.smithi073.stdout:Feb 10 06:34:05 smithi073 ceph-mon[29063]: mgrmap e3: smithi073.vjivfn(active, since 1.00578s)
2024-02-10T06:34:08.431 INFO:journalctl@ceph.mon.smithi073.smithi073.stdout:Feb 10 06:34:08 smithi073 ceph-mon[29063]: mgrmap e4: smithi073.vjivfn(active, since 2s)
2024-02-10T06:34:09.201 INFO:teuthology.orchestra.run.smithi073.stdout:/usr/bin/ceph: stdout
2024-02-10T06:34:09.201 INFO:teuthology.orchestra.run.smithi073.stdout:/usr/bin/ceph: stdout {
2024-02-10T06:34:09.202 INFO:teuthology.orchestra.run.smithi073.stdout:/usr/bin/ceph: stdout "fsid": "3c2b87a2-c7de-11ee-95b8-87774f69a715",
2024-02-10T06:34:09.202 INFO:teuthology.orchestra.run.smithi073.stdout:/usr/bin/ceph: stdout "health": {
2024-02-10T06:34:09.202 INFO:teuthology.orchestra.run.smithi073.stdout:/usr/bin/ceph: stdout "status": "HEALTH_OK",
2024-02-10T06:34:09.202 INFO:teuthology.orchestra.run.smithi073.stdout:/usr/bin/ceph: stdout "checks": {},
2024-02-10T06:34:09.202 INFO:teuthology.orchestra.run.smithi073.stdout:/usr/bin/ceph: stdout "mutes": []
2024-02-10T06:34:09.202 INFO:teuthology.orchestra.run.smithi073.stdout:/usr/bin/ceph: stdout },
2024-02-10T06:34:09.202 INFO:teuthology.orchestra.run.smithi073.stdout:/usr/bin/ceph: stdout "election_epoch": 5,
2024-02-10T06:34:09.202 INFO:teuthology.orchestra.run.smithi073.stdout:/usr/bin/ceph: stdout "quorum": [
2024-02-10T06:34:09.202 INFO:teuthology.orchestra.run.smithi073.stdout:/usr/bin/ceph: stdout 0
2024-02-10T06:34:09.202 INFO:teuthology.orchestra.run.smithi073.stdout:/usr/bin/ceph: stdout ],
2024-02-10T06:34:09.202 INFO:teuthology.orchestra.run.smithi073.stdout:/usr/bin/ceph: stdout "quorum_names": [
2024-02-10T06:34:09.202 INFO:teuthology.orchestra.run.smithi073.stdout:/usr/bin/ceph: stdout "smithi073"
2024-02-10T06:34:09.202 INFO:teuthology.orchestra.run.smithi073.stdout:/usr/bin/ceph: stdout ],
2024-02-10T06:34:09.202 INFO:teuthology.orchestra.run.smithi073.stdout:/usr/bin/ceph: stdout "quorum_age": 12,
2024-02-10T06:34:09.203 INFO:teuthology.orchestra.run.smithi073.stdout:/usr/bin/ceph: stdout "monmap": {
2024-02-10T06:34:09.203 INFO:teuthology.orchestra.run.smithi073.stdout:/usr/bin/ceph: stdout "epoch": 1,
2024-02-10T06:34:09.203 INFO:teuthology.orchestra.run.smithi073.stdout:/usr/bin/ceph: stdout "min_mon_release_name": "quincy",
2024-02-10T06:34:09.203 INFO:teuthology.orchestra.run.smithi073.stdout:/usr/bin/ceph: stdout "num_mons": 1
2024-02-10T06:34:09.203 INFO:teuthology.orchestra.run.smithi073.stdout:/usr/bin/ceph: stdout },
2024-02-10T06:34:09.203 INFO:teuthology.orchestra.run.smithi073.stdout:/usr/bin/ceph: stdout "osdmap": {
2024-02-10T06:34:09.203 INFO:teuthology.orchestra.run.smithi073.stdout:/usr/bin/ceph: stdout "epoch": 1,
2024-02-10T06:34:09.203 INFO:teuthology.orchestra.run.smithi073.stdout:/usr/bin/ceph: stdout "num_osds": 0,
2024-02-10T06:34:09.203 INFO:teuthology.orchestra.run.smithi073.stdout:/usr/bin/ceph: stdout "num_up_osds": 0,
2024-02-10T06:34:09.203 INFO:teuthology.orchestra.run.smithi073.stdout:/usr/bin/ceph: stdout "osd_up_since": 0,
2024-02-10T06:34:09.203 INFO:teuthology.orchestra.run.smithi073.stdout:/usr/bin/ceph: stdout "num_in_osds": 0,
2024-02-10T06:34:09.203 INFO:teuthology.orchestra.run.smithi073.stdout:/usr/bin/ceph: stdout "osd_in_since": 0,
2024-02-10T06:34:09.203 INFO:teuthology.orchestra.run.smithi073.stdout:/usr/bin/ceph: stdout "num_remapped_pgs": 0
2024-02-10T06:34:09.203 INFO:teuthology.orchestra.run.smithi073.stdout:/usr/bin/ceph: stdout },
2024-02-10T06:34:09.203 INFO:teuthology.orchestra.run.smithi073.stdout:/usr/bin/ceph: stdout "pgmap": {
2024-02-10T06:34:09.204 INFO:teuthology.orchestra.run.smithi073.stdout:/usr/bin/ceph: stdout "pgs_by_state": [],
2024-02-10T06:34:09.204 INFO:teuthology.orchestra.run.smithi073.stdout:/usr/bin/ceph: stdout "num_pgs": 0,
2024-02-10T06:34:09.204 INFO:teuthology.orchestra.run.smithi073.stdout:/usr/bin/ceph: stdout "num_pools": 0,
2024-02-10T06:34:09.204 INFO:teuthology.orchestra.run.smithi073.stdout:/usr/bin/ceph: stdout "num_objects": 0,
2024-02-10T06:34:09.204 INFO:teuthology.orchestra.run.smithi073.stdout:/usr/bin/ceph: stdout "data_bytes": 0,
2024-02-10T06:34:09.204 INFO:teuthology.orchestra.run.smithi073.stdout:/usr/bin/ceph: stdout "bytes_used": 0,
2024-02-10T06:34:09.204 INFO:teuthology.orchestra.run.smithi073.stdout:/usr/bin/ceph: stdout "bytes_avail": 0,
2024-02-10T06:34:09.204 INFO:teuthology.orchestra.run.smithi073.stdout:/usr/bin/ceph: stdout "bytes_total": 0
2024-02-10T06:34:09.204 INFO:teuthology.orchestra.run.smithi073.stdout:/usr/bin/ceph: stdout },
2024-02-10T06:34:09.204 INFO:teuthology.orchestra.run.smithi073.stdout:/usr/bin/ceph: stdout "fsmap": {
2024-02-10T06:34:09.204 INFO:teuthology.orchestra.run.smithi073.stdout:/usr/bin/ceph: stdout "epoch": 1,
2024-02-10T06:34:09.204 INFO:teuthology.orchestra.run.smithi073.stdout:/usr/bin/ceph: stdout "by_rank": [],
2024-02-10T06:34:09.204 INFO:teuthology.orchestra.run.smithi073.stdout:/usr/bin/ceph: stdout "up:standby": 0
2024-02-10T06:34:09.205 INFO:teuthology.orchestra.run.smithi073.stdout:/usr/bin/ceph: stdout },
2024-02-10T06:34:09.205 INFO:teuthology.orchestra.run.smithi073.stdout:/usr/bin/ceph: stdout "mgrmap": {
2024-02-10T06:34:09.205 INFO:teuthology.orchestra.run.smithi073.stdout:/usr/bin/ceph: stdout "available": true,
2024-02-10T06:34:09.205 INFO:teuthology.orchestra.run.smithi073.stdout:/usr/bin/ceph: stdout "num_standbys": 0,
2024-02-10T06:34:09.205 INFO:teuthology.orchestra.run.smithi073.stdout:/usr/bin/ceph: stdout "modules": [
2024-02-10T06:34:09.205 INFO:teuthology.orchestra.run.smithi073.stdout:/usr/bin/ceph: stdout "iostat",
2024-02-10T06:34:09.205 INFO:teuthology.orchestra.run.smithi073.stdout:/usr/bin/ceph: stdout "nfs",
2024-02-10T06:34:09.205 INFO:teuthology.orchestra.run.smithi073.stdout:/usr/bin/ceph: stdout "restful"
2024-02-10T06:34:09.205 INFO:teuthology.orchestra.run.smithi073.stdout:/usr/bin/ceph: stdout ],
2024-02-10T06:34:09.205 INFO:teuthology.orchestra.run.smithi073.stdout:/usr/bin/ceph: stdout "services": {}
2024-02-10T06:34:09.205 INFO:teuthology.orchestra.run.smithi073.stdout:/usr/bin/ceph: stdout },
2024-02-10T06:34:09.205 INFO:teuthology.orchestra.run.smithi073.stdout:/usr/bin/ceph: stdout "servicemap": {
2024-02-10T06:34:09.205 INFO:teuthology.orchestra.run.smithi073.stdout:/usr/bin/ceph: stdout "epoch": 1,
2024-02-10T06:34:09.205 INFO:teuthology.orchestra.run.smithi073.stdout:/usr/bin/ceph: stdout "modified": "2024-02-10T06:33:49.429440+0000",
2024-02-10T06:34:09.205 INFO:teuthology.orchestra.run.smithi073.stdout:/usr/bin/ceph: stdout "services": {}
2024-02-10T06:34:09.206 INFO:teuthology.orchestra.run.smithi073.stdout:/usr/bin/ceph: stdout },
2024-02-10T06:34:09.206 INFO:teuthology.orchestra.run.smithi073.stdout:/usr/bin/ceph: stdout "progress_events": {}
2024-02-10T06:34:09.206 INFO:teuthology.orchestra.run.smithi073.stdout:/usr/bin/ceph: stdout }
2024-02-10T06:34:09.206 INFO:teuthology.orchestra.run.smithi073.stdout:/usr/bin/ceph: stderr
2024-02-10T06:34:08.169+0000 7f55a0a70700 1 Processor -- start
2024-02-10T06:34:09.206 INFO:teuthology.orchestra.run.smithi073.stdout:/usr/bin/ceph: stderr
2024-02-10T06:34:08.169+0000 7f55a0a70700 1 -- start start
2024-02-10T06:34:09.206 INFO:teuthology.orchestra.run.smithi073.stdout:/usr/bin/ceph: stderr
2024-02-10T06:34:08.169+0000 7f55a0a70700 1 --2- >> [v2:172.21.15.73:3300/0,v1:172.21.15.73:6789/0] conn(0x7f559c102770 0x7f559c102b80 unknown :-1 s=NONE pgs=0 cs=0 l=0 rev1=0 crypto rx=0 tx=0 comp rx=0 tx=0).connect
2024-02-10T06:34:09.206 INFO:teuthology.orchestra.run.smithi073.stdout:/usr/bin/ceph: stderr
2024-02-10T06:34:08.169+0000 7f55a0a70700 1 -- --> [v2:172.21.15.73:3300/0,v1:172.21.15.73:6789/0] -- mon_getmap magic: 0 v1 -- 0x7f559c1030c0 con 0x7f559c102770
2024-02-10T06:34:09.206 INFO:teuthology.orchestra.run.smithi073.stdout:/usr/bin/ceph: stderr
2024-02-10T06:34:08.169+0000 7f559a59c700 1 --2- >> [v2:172.21.15.73:3300/0,v1:172.21.15.73:6789/0] conn(0x7f559c102770 0x7f559c102b80 unknown :-1 s=BANNER_CONNECTING pgs=0 cs=0 l=0 rev1=0 crypto rx=0 tx=0 comp rx=0 tx=0)._handle_peer_banner_payload supported=3 required=0
2024-02-10T06:34:09.206 INFO:teuthology.orchestra.run.smithi073.stdout:/usr/bin/ceph: stderr
2024-02-10T06:34:08.169+0000 7f559a59c700 1 --2- >> [v2:172.21.15.73:3300/0,v1:172.21.15.73:6789/0] conn(0x7f559c102770 0x7f559c102b80 unknown :-1 s=HELLO_CONNECTING pgs=0 cs=0 l=0 rev1=1 crypto rx=0 tx=0 comp rx=0 tx=0).handle_hello peer v2:172.21.15.73:3300/0 says I am v2:172.21.15.73:57690/0 (socket says 172.21.15.73:57690)
2024-02-10T06:34:09.206 INFO:teuthology.orchestra.run.smithi073.stdout:/usr/bin/ceph: stderr
2024-02-10T06:34:08.169+0000 7f559a59c700 1 -- 172.21.15.73:0/3440190911 learned_addr learned my addr 172.21.15.73:0/3440190911 (peer_addr_for_me v2:172.21.15.73:0/0)
2024-02-10T06:34:09.206 INFO:teuthology.orchestra.run.smithi073.stdout:/usr/bin/ceph: stderr
2024-02-10T06:34:08.169+0000 7f559a59c700 1 -- 172.21.15.73:0/3440190911 --> [v2:172.21.15.73:3300/0,v1:172.21.15.73:6789/0] -- mon_subscribe({config=0+,monmap=0+}) v3 -- 0x7f559c103200 con 0x7f559c102770
2024-02-10T06:34:09.206 INFO:teuthology.orchestra.run.smithi073.stdout:/usr/bin/ceph: stderr
2024-02-10T06:34:08.169+0000 7f559a59c700 1 --2- 172.21.15.73:0/3440190911 >> [v2:172.21.15.73:3300/0,v1:172.21.15.73:6789/0] conn(0x7f559c102770 0x7f559c102b80 secure :-1 s=READY pgs=18 cs=0 l=1 rev1=1 crypto rx=0x7f558c0098e0 tx=0x7f558c009250 comp rx=0 tx=0).ready entity=mon.0 client_cookie=5c8e3ca60a27df85 server_cookie=0 in_seq=0 out_seq=0
2024-02-10T06:34:09.206 INFO:teuthology.orchestra.run.smithi073.stdout:/usr/bin/ceph: stderr
2024-02-10T06:34:08.170+0000 7f559959a700 1 -- 172.21.15.73:0/3440190911 <== mon.0 v2:172.21.15.73:3300/0 1 ==== mon_map magic: 0 v1 ==== 229+0+0 (secure 0 0 0) 0x7f558c00b860 con 0x7f559c102770
2024-02-10T06:34:09.206 INFO:teuthology.orchestra.run.smithi073.stdout:/usr/bin/ceph: stderr
2024-02-10T06:34:08.170+0000 7f559959a700 1 -- 172.21.15.73:0/3440190911 <== mon.0 v2:172.21.15.73:3300/0 2 ==== config(27 keys) v1 ==== 1044+0+0 (secure 0 0 0) 0x7f558c00be50 con 0x7f559c102770
2024-02-10T06:34:09.207 INFO:teuthology.orchestra.run.smithi073.stdout:/usr/bin/ceph: stderr
2024-02-10T06:34:08.170+0000 7f559959a700 1 -- 172.21.15.73:0/3440190911 <== mon.0 v2:172.21.15.73:3300/0 3 ==== mon_map magic: 0 v1 ==== 229+0+0 (secure 0 0 0) 0x7f558c010380 con 0x7f559c102770
2024-02-10T06:34:09.207 INFO:teuthology.orchestra.run.smithi073.stdout:/usr/bin/ceph: stderr
2024-02-10T06:34:08.170+0000 7f55a0a70700 1 -- 172.21.15.73:0/3440190911 >> [v2:172.21.15.73:3300/0,v1:172.21.15.73:6789/0] conn(0x7f559c102770 msgr2=0x7f559c102b80 secure :-1 s=STATE_CONNECTION_ESTABLISHED l=1).mark_down
2024-02-10T06:34:09.207 INFO:teuthology.orchestra.run.smithi073.stdout:/usr/bin/ceph: stderr
2024-02-10T06:34:08.170+0000 7f55a0a70700 1 --2- 172.21.15.73:0/3440190911 >> [v2:172.21.15.73:3300/0,v1:172.21.15.73:6789/0] conn(0x7f559c102770 0x7f559c102b80 secure :-1 s=READY pgs=18 cs=0 l=1 rev1=1 crypto rx=0x7f558c0098e0 tx=0x7f558c009250 comp rx=0 tx=0).stop
2024-02-10T06:34:09.207 INFO:teuthology.orchestra.run.smithi073.stdout:/usr/bin/ceph: stderr
2024-02-10T06:34:08.170+0000 7f55a0a70700 1 -- 172.21.15.73:0/3440190911 shutdown_connections
2024-02-10T06:34:09.207 INFO:teuthology.orchestra.run.smithi073.stdout:/usr/bin/ceph: stderr
2024-02-10T06:34:08.170+0000 7f55a0a70700 1 --2- 172.21.15.73:0/3440190911 >> [v2:172.21.15.73:3300/0,v1:172.21.15.73:6789/0] conn(0x7f559c102770 0x7f559c102b80 unknown :-1 s=CLOSED pgs=18 cs=0 l=1 rev1=1 crypto rx=0 tx=0 comp rx=0 tx=0).stop
2024-02-10T06:34:09.207 INFO:teuthology.orchestra.run.smithi073.stdout:/usr/bin/ceph: stderr
2024-02-10T06:34:08.170+0000 7f55a0a70700 1 -- 172.21.15.73:0/3440190911 >> 172.21.15.73:0/3440190911 conn(0x7f559c0fded0 msgr2=0x7f559c100300 unknown :-1 s=STATE_NONE l=0).mark_down
2024-02-10T06:34:09.207 INFO:teuthology.orchestra.run.smithi073.stdout:/usr/bin/ceph: stderr
2024-02-10T06:34:08.170+0000 7f55a0a70700 1 -- 172.21.15.73:0/3440190911 shutdown_connections
2024-02-10T06:34:09.207 INFO:teuthology.orchestra.run.smithi073.stdout:/usr/bin/ceph: stderr
2024-02-10T06:34:08.170+0000 7f55a0a70700 1 -- 172.21.15.73:0/3440190911 wait complete.
2024-02-10T06:34:09.207 INFO:teuthology.orchestra.run.smithi073.stdout:/usr/bin/ceph: stderr
2024-02-10T06:34:08.171+0000 7f55a0a70700 1 Processor -- start
2024-02-10T06:34:09.207 INFO:teuthology.orchestra.run.smithi073.stdout:/usr/bin/ceph: stderr
2024-02-10T06:34:08.171+0000 7f55a0a70700 1 -- start start
2024-02-10T06:34:09.207 INFO:teuthology.orchestra.run.smithi073.stdout:/usr/bin/ceph: stderr
2024-02-10T06:34:08.171+0000 7f55a0a70700 1 --2- >> [v2:172.21.15.73:3300/0,v1:172.21.15.73:6789/0] conn(0x7f559c102770 0x7f559c111560 unknown :-1 s=NONE pgs=0 cs=0 l=1 rev1=0 crypto rx=0 tx=0 comp rx=0 tx=0).connect
2024-02-10T06:34:09.208 INFO:teuthology.orchestra.run.smithi073.stdout:/usr/bin/ceph: stderr
2024-02-10T06:34:08.171+0000 7f55a0a70700 1 -- --> [v2:172.21.15.73:3300/0,v1:172.21.15.73:6789/0] -- mon_getmap magic: 0 v1 -- 0x7f559c111aa0 con 0x7f559c102770
2024-02-10T06:34:09.208 INFO:teuthology.orchestra.run.smithi073.stdout:/usr/bin/ceph: stderr
2024-02-10T06:34:08.171+0000 7f559a59c700 1 --2- >> [v2:172.21.15.73:3300/0,v1:172.21.15.73:6789/0] conn(0x7f559c102770 0x7f559c111560 unknown :-1 s=BANNER_CONNECTING pgs=0 cs=0 l=1 rev1=0 crypto rx=0 tx=0 comp rx=0 tx=0)._handle_peer_banner_payload supported=3 required=0
2024-02-10T06:34:09.208 INFO:teuthology.orchestra.run.smithi073.stdout:/usr/bin/ceph: stderr
2024-02-10T06:34:08.171+0000 7f559a59c700 1 --2- >> [v2:172.21.15.73:3300/0,v1:172.21.15.73:6789/0] conn(0x7f559c102770 0x7f559c111560 unknown :-1 s=HELLO_CONNECTING pgs=0 cs=0 l=1 rev1=1 crypto rx=0 tx=0 comp rx=0 tx=0).handle_hello peer v2:172.21.15.73:3300/0 says I am v2:172.21.15.73:57698/0 (socket says 172.21.15.73:57698)
2024-02-10T06:34:09.208 INFO:teuthology.orchestra.run.smithi073.stdout:/usr/bin/ceph: stderr
2024-02-10T06:34:08.171+0000 7f559a59c700 1 -- 172.21.15.73:0/2973191208 learned_addr learned my addr 172.21.15.73:0/2973191208 (peer_addr_for_me v2:172.21.15.73:0/0)
2024-02-10T06:34:09.208 INFO:teuthology.orchestra.run.smithi073.stdout:/usr/bin/ceph: stderr
2024-02-10T06:34:08.171+0000 7f559a59c700 1 -- 172.21.15.73:0/2973191208 --> [v2:172.21.15.73:3300/0,v1:172.21.15.73:6789/0] -- mon_subscribe({config=0+,monmap=0+}) v3 -- 0x7f558c0094f0 con 0x7f559c102770
2024-02-10T06:34:09.208 INFO:teuthology.orchestra.run.smithi073.stdout:/usr/bin/ceph: stderr
2024-02-10T06:34:08.171+0000 7f559a59c700 1 --2- 172.21.15.73:0/2973191208 >> [v2:172.21.15.73:3300/0,v1:172.21.15.73:6789/0] conn(0x7f559c102770 0x7f559c111560 secure :-1 s=READY pgs=19 cs=0 l=1 rev1=1 crypto rx=0x7f558c000c00 tx=0x7f558c009250 comp rx=0 tx=0).ready entity=mon.0 client_cookie=0 server_cookie=0 in_seq=0 out_seq=0
2024-02-10T06:34:09.208 INFO:teuthology.orchestra.run.smithi073.stdout:/usr/bin/ceph: stderr
2024-02-10T06:34:08.172+0000 7f558affd700 1 -- 172.21.15.73:0/2973191208 <== mon.0 v2:172.21.15.73:3300/0 1 ==== mon_map magic: 0 v1 ==== 229+0+0 (secure 0 0 0) 0x7f558c0107c0 con 0x7f559c102770
2024-02-10T06:34:09.208 INFO:teuthology.orchestra.run.smithi073.stdout:/usr/bin/ceph: stderr
2024-02-10T06:34:08.172+0000 7f55a0a70700 1 -- 172.21.15.73:0/2973191208 --> [v2:172.21.15.73:3300/0,v1:172.21.15.73:6789/0] -- mon_subscribe({mgrmap=0+}) v3 -- 0x7f559c111ca0 con 0x7f559c102770
2024-02-10T06:34:09.208 INFO:teuthology.orchestra.run.smithi073.stdout:/usr/bin/ceph: stderr
2024-02-10T06:34:08.172+0000 7f558affd700 1 -- 172.21.15.73:0/2973191208 <== mon.0 v2:172.21.15.73:3300/0 2 ==== config(27 keys) v1 ==== 1044+0+0 (secure 0 0 0) 0x7f558c010db0 con 0x7f559c102770
2024-02-10T06:34:09.208 INFO:teuthology.orchestra.run.smithi073.stdout:/usr/bin/ceph: stderr
2024-02-10T06:34:08.172+0000 7f558affd700 1 -- 172.21.15.73:0/2973191208 <== mon.0 v2:172.21.15.73:3300/0 3 ==== mon_map magic: 0 v1 ==== 229+0+0 (secure 0 0 0) 0x7f558c01ad00 con 0x7f559c102770
2024-02-10T06:34:09.208 INFO:teuthology.orchestra.run.smithi073.stdout:/usr/bin/ceph: stderr
2024-02-10T06:34:08.172+0000 7f55a0a70700 1 -- 172.21.15.73:0/2973191208 --> [v2:172.21.15.73:3300/0,v1:172.21.15.73:6789/0] -- mon_subscribe({osdmap=0}) v3 -- 0x7f559c112940 con 0x7f559c102770
2024-02-10T06:34:09.209 INFO:teuthology.orchestra.run.smithi073.stdout:/usr/bin/ceph: stderr
2024-02-10T06:34:08.172+0000 7f558affd700 1 -- 172.21.15.73:0/2973191208 <== mon.0 v2:172.21.15.73:3300/0 4 ==== mgrmap(e 4) v1 ==== 43357+0+0 (secure 0 0 0) 0x7f558c0193c0 con 0x7f559c102770
2024-02-10T06:34:09.209 INFO:teuthology.orchestra.run.smithi073.stdout:/usr/bin/ceph: stderr
2024-02-10T06:34:08.172+0000 7f558affd700 1 --2- 172.21.15.73:0/2973191208 >> [v2:172.21.15.73:6800/194898351,v1:172.21.15.73:6801/194898351] conn(0x7f5584036740 0x7f5584038bf0 unknown :-1 s=NONE pgs=0 cs=0 l=1 rev1=0 crypto rx=0 tx=0 comp rx=0 tx=0).connect
2024-02-10T06:34:09.209 INFO:teuthology.orchestra.run.smithi073.stdout:/usr/bin/ceph: stderr
2024-02-10T06:34:08.172+0000 7f55a0a70700 1 -- 172.21.15.73:0/2973191208 --> [v2:172.21.15.73:3300/0,v1:172.21.15.73:6789/0] -- mon_command({"prefix": "get_command_descriptions"} v 0) v1 -- 0x7f559c05f5c0 con 0x7f559c102770
2024-02-10T06:34:09.209 INFO:teuthology.orchestra.run.smithi073.stdout:/usr/bin/ceph: stderr
2024-02-10T06:34:08.173+0000 7f558affd700 1 -- 172.21.15.73:0/2973191208 <== mon.0 v2:172.21.15.73:3300/0 5 ==== osd_map(1..1 src has 1..1) v4 ==== 721+0+0 (secure 0 0 0) 0x7f558c04a780 con 0x7f559c102770
2024-02-10T06:34:09.209 INFO:teuthology.orchestra.run.smithi073.stdout:/usr/bin/ceph: stderr
2024-02-10T06:34:08.173+0000 7f5599d9b700 1 --2- 172.21.15.73:0/2973191208 >> [v2:172.21.15.73:6800/194898351,v1:172.21.15.73:6801/194898351] conn(0x7f5584036740 0x7f5584038bf0 unknown :-1 s=BANNER_CONNECTING pgs=0 cs=0 l=1 rev1=0 crypto rx=0 tx=0 comp rx=0 tx=0)._handle_peer_banner_payload supported=3 required=0
2024-02-10T06:34:09.209 INFO:teuthology.orchestra.run.smithi073.stdout:/usr/bin/ceph: stderr
2024-02-10T06:34:08.173+0000 7f5599d9b700 1 --2- 172.21.15.73:0/2973191208 >> [v2:172.21.15.73:6800/194898351,v1:172.21.15.73:6801/194898351] conn(0x7f5584036740 0x7f5584038bf0 secure :-1 s=READY pgs=6 cs=0 l=1 rev1=1 crypto rx=0x7f5590009990 tx=0x7f5590006e40 comp rx=0 tx=0).ready entity=mgr.14100 client_cookie=0 server_cookie=0 in_seq=0 out_seq=0
2024-02-10T06:34:09.209 INFO:teuthology.orchestra.run.smithi073.stdout:/usr/bin/ceph: stderr
2024-02-10T06:34:08.178+0000 7f558affd700 1 -- 172.21.15.73:0/2973191208 <== mon.0 v2:172.21.15.73:3300/0 6 ==== mon_command_ack([{"prefix": "get_command_descriptions"}]=0 v0) v1 ==== 72+0+175031 (secure 0 0 0) 0x7f558c019670 con 0x7f559c102770
2024-02-10T06:34:09.209 INFO:teuthology.orchestra.run.smithi073.stdout:/usr/bin/ceph: stderr
2024-02-10T06:34:08.430+0000 7f55a0a70700 1 -- 172.21.15.73:0/2973191208 --> [v2:172.21.15.73:3300/0,v1:172.21.15.73:6789/0] -- mon_command({"prefix": "status", "format": "json-pretty"} v 0) v1 -- 0x7f559c04bed0 con 0x7f559c102770
2024-02-10T06:34:09.209 INFO:teuthology.orchestra.run.smithi073.stdout:/usr/bin/ceph: stderr
2024-02-10T06:34:08.431+0000 7f558affd700 1 -- 172.21.15.73:0/2973191208 <== mon.0 v2:172.21.15.73:3300/0 7 ==== mon_command_ack([{"prefix": "status", "format": "json-pretty"}]=0 v0) v1 ==== 79+0+1248 (secure 0 0 0) 0x7f558c031020 con 0x7f559c102770
2024-02-10T06:34:09.209 INFO:teuthology.orchestra.run.smithi073.stdout:/usr/bin/ceph: stderr
2024-02-10T06:34:08.433+0000 7f55a0a70700 1 -- 172.21.15.73:0/2973191208 >> [v2:172.21.15.73:6800/194898351,v1:172.21.15.73:6801/194898351] conn(0x7f5584036740 msgr2=0x7f5584038bf0 secure :-1 s=STATE_CONNECTION_ESTABLISHED l=1).mark_down
2024-02-10T06:34:09.209 INFO:teuthology.orchestra.run.smithi073.stdout:/usr/bin/ceph: stderr
2024-02-10T06:34:08.433+0000 7f55a0a70700 1 --2- 172.21.15.73:0/2973191208 >> [v2:172.21.15.73:6800/194898351,v1:172.21.15.73:6801/194898351] conn(0x7f5584036740 0x7f5584038bf0 secure :-1 s=READY pgs=6 cs=0 l=1 rev1=1 crypto rx=0x7f5590009990 tx=0x7f5590006e40 comp rx=0 tx=0).stop
2024-02-10T06:34:09.209 INFO:teuthology.orchestra.run.smithi073.stdout:/usr/bin/ceph: stderr
2024-02-10T06:34:08.433+0000 7f55a0a70700 1 -- 172.21.15.73:0/2973191208 >> [v2:172.21.15.73:3300/0,v1:172.21.15.73:6789/0] conn(0x7f559c102770 msgr2=0x7f559c111560 secure :-1 s=STATE_CONNECTION_ESTABLISHED l=1).mark_down
2024-02-10T06:34:09.210 INFO:teuthology.orchestra.run.smithi073.stdout:/usr/bin/ceph: stderr
2024-02-10T06:34:08.433+0000 7f55a0a70700 1 --2- 172.21.15.73:0/2973191208 >> [v2:172.21.15.73:3300/0,v1:172.21.15.73:6789/0] conn(0x7f559c102770 0x7f559c111560 secure :-1 s=READY pgs=19 cs=0 l=1 rev1=1 crypto rx=0x7f558c000c00 tx=0x7f558c009250 comp rx=0 tx=0).stop
2024-02-10T06:34:09.210 INFO:teuthology.orchestra.run.smithi073.stdout:/usr/bin/ceph: stderr
2024-02-10T06:34:08.433+0000 7f55a0a70700 1 -- 172.21.15.73:0/2973191208 shutdown_connections
2024-02-10T06:34:09.210 INFO:teuthology.orchestra.run.smithi073.stdout:/usr/bin/ceph: stderr
2024-02-10T06:34:08.433+0000 7f55a0a70700 1 --2- 172.21.15.73:0/2973191208 >> [v2:172.21.15.73:6800/194898351,v1:172.21.15.73:6801/194898351] conn(0x7f5584036740 0x7f5584038bf0 unknown :-1 s=CLOSED pgs=6 cs=0 l=1 rev1=1 crypto rx=0 tx=0 comp rx=0 tx=0).stop
2024-02-10T06:34:09.210 INFO:teuthology.orchestra.run.smithi073.stdout:/usr/bin/ceph: stderr
2024-02-10T06:34:08.433+0000 7f55a0a70700 1 --2- 172.21.15.73:0/2973191208 >> [v2:172.21.15.73:3300/0,v1:172.21.15.73:6789/0] conn(0x7f559c102770 0x7f559c111560 unknown :-1 s=CLOSED pgs=19 cs=0 l=1 rev1=1 crypto rx=0 tx=0 comp rx=0 tx=0).stop
2024-02-10T06:34:09.210 INFO:teuthology.orchestra.run.smithi073.stdout:/usr/bin/ceph: stderr
2024-02-10T06:34:08.433+0000 7f55a0a70700 1 -- 172.21.15.73:0/2973191208 >> 172.21.15.73:0/2973191208 conn(0x7f559c0fded0 msgr2=0x7f559c0ff570 unknown :-1 s=STATE_NONE l=0).mark_down
2024-02-10T06:34:09.210 INFO:teuthology.orchestra.run.smithi073.stdout:/usr/bin/ceph: stderr
2024-02-10T06:34:08.433+0000 7f55a0a70700 1 -- 172.21.15.73:0/2973191208 shutdown_connections
2024-02-10T06:34:09.210 INFO:teuthology.orchestra.run.smithi073.stdout:/usr/bin/ceph: stderr
2024-02-10T06:34:08.433+0000 7f55a0a70700 1 -- 172.21.15.73:0/2973191208 wait complete.
2024-02-10T06:34:09.210 INFO:teuthology.orchestra.run.smithi073.stdout:mgr is available
2024-02-10T06:34:09.523 INFO:journalctl@ceph.mon.smithi073.smithi073.stdout:Feb 10 06:34:09 smithi073 ceph-mon[29063]: from='client.? 172.21.15.73:0/2973191208' entity='client.admin' cmd=[{"prefix": "status", "format": "json-pretty"}]: dispatch
2024-02-10T06:34:10.335 INFO:journalctl@ceph.mon.smithi073.smithi073.stdout:Feb 10 06:34:10 smithi073 ceph-mon[29063]: from='client.? 172.21.15.73:0/3978847474' entity='client.admin' cmd=[{"prefix": "config assimilate-conf"}]: dispatch
2024-02-10T06:34:10.349 INFO:teuthology.orchestra.run.smithi073.stdout:/usr/bin/ceph: stdout
2024-02-10T06:34:10.349 INFO:teuthology.orchestra.run.smithi073.stdout:/usr/bin/ceph: stdout [global]
2024-02-10T06:34:10.350 INFO:teuthology.orchestra.run.smithi073.stdout:/usr/bin/ceph: stdout fsid = 3c2b87a2-c7de-11ee-95b8-87774f69a715
2024-02-10T06:34:10.350 INFO:teuthology.orchestra.run.smithi073.stdout:/usr/bin/ceph: stdout mon_osd_allow_pg_remap = true
2024-02-10T06:34:10.350 INFO:teuthology.orchestra.run.smithi073.stdout:/usr/bin/ceph: stdout mon_osd_allow_primary_affinity = true
2024-02-10T06:34:10.350 INFO:teuthology.orchestra.run.smithi073.stdout:/usr/bin/ceph: stdout mon_warn_on_no_sortbitwise = false
2024-02-10T06:34:10.350 INFO:teuthology.orchestra.run.smithi073.stdout:/usr/bin/ceph: stdout osd_crush_chooseleaf_type = 0
2024-02-10T06:34:10.350 INFO:teuthology.orchestra.run.smithi073.stdout:/usr/bin/ceph: stdout
2024-02-10T06:34:10.350 INFO:teuthology.orchestra.run.smithi073.stdout:/usr/bin/ceph: stdout [mgr]
2024-02-10T06:34:10.350 INFO:teuthology.orchestra.run.smithi073.stdout:/usr/bin/ceph: stdout mgr/telemetry/nag = false
2024-02-10T06:34:10.350 INFO:teuthology.orchestra.run.smithi073.stdout:/usr/bin/ceph: stdout
2024-02-10T06:34:10.350 INFO:teuthology.orchestra.run.smithi073.stdout:/usr/bin/ceph: stdout [osd]
2024-02-10T06:34:10.350 INFO:teuthology.orchestra.run.smithi073.stdout:/usr/bin/ceph: stdout mon_osd_backfillfull_ratio = 0.85
2024-02-10T06:34:10.350 INFO:teuthology.orchestra.run.smithi073.stdout:/usr/bin/ceph: stdout mon_osd_full_ratio = 0.9
2024-02-10T06:34:10.350 INFO:teuthology.orchestra.run.smithi073.stdout:/usr/bin/ceph: stdout mon_osd_nearfull_ratio = 0.8
2024-02-10T06:34:10.350 INFO:teuthology.orchestra.run.smithi073.stdout:/usr/bin/ceph: stdout osd_map_max_advance = 10
2024-02-10T06:34:10.351 INFO:teuthology.orchestra.run.smithi073.stdout:/usr/bin/ceph: stdout osd_sloppy_crc = true
2024-02-10T06:34:10.351 INFO:teuthology.orchestra.run.smithi073.stdout:/usr/bin/ceph: stderr
2024-02-10T06:34:09.623+0000 7f12670fa700 1 Processor -- start
2024-02-10T06:34:10.351 INFO:teuthology.orchestra.run.smithi073.stdout:/usr/bin/ceph: stderr
2024-02-10T06:34:09.623+0000 7f12670fa700 1 -- start start
2024-02-10T06:34:10.351 INFO:teuthology.orchestra.run.smithi073.stdout:/usr/bin/ceph: stderr
2024-02-10T06:34:09.624+0000 7f12670fa700 1 --2- >> [v2:172.21.15.73:3300/0,v1:172.21.15.73:6789/0] conn(0x7f12600714a0 0x7f1260105360 unknown :-1 s=NONE pgs=0 cs=0 l=0 rev1=0 crypto rx=0 tx=0 comp rx=0 tx=0).connect
2024-02-10T06:34:10.351 INFO:teuthology.orchestra.run.smithi073.stdout:/usr/bin/ceph: stderr
2024-02-10T06:34:09.624+0000 7f12670fa700 1 -- --> [v2:172.21.15.73:3300/0,v1:172.21.15.73:6789/0] -- mon_getmap magic: 0 v1 -- 0x7f12601058a0 con 0x7f12600714a0
2024-02-10T06:34:10.351 INFO:teuthology.orchestra.run.smithi073.stdout:/usr/bin/ceph: stderr
2024-02-10T06:34:09.624+0000 7f1264e96700 1 --2- >> [v2:172.21.15.73:3300/0,v1:172.21.15.73:6789/0] conn(0x7f12600714a0 0x7f1260105360 unknown :-1 s=BANNER_CONNECTING pgs=0 cs=0 l=0 rev1=0 crypto rx=0 tx=0 comp rx=0 tx=0)._handle_peer_banner_payload supported=3 required=0
2024-02-10T06:34:10.351 INFO:teuthology.orchestra.run.smithi073.stdout:/usr/bin/ceph: stderr
2024-02-10T06:34:09.624+0000 7f1264e96700 1 --2- >> [v2:172.21.15.73:3300/0,v1:172.21.15.73:6789/0] conn(0x7f12600714a0 0x7f1260105360 unknown :-1 s=HELLO_CONNECTING pgs=0 cs=0 l=0 rev1=1 crypto rx=0 tx=0 comp rx=0 tx=0).handle_hello peer v2:172.21.15.73:3300/0 says I am v2:172.21.15.73:48232/0 (socket says 172.21.15.73:48232)
2024-02-10T06:34:10.351 INFO:teuthology.orchestra.run.smithi073.stdout:/usr/bin/ceph: stderr
2024-02-10T06:34:09.624+0000 7f1264e96700 1 -- 172.21.15.73:0/504227770 learned_addr learned my addr 172.21.15.73:0/504227770 (peer_addr_for_me v2:172.21.15.73:0/0)
2024-02-10T06:34:10.351 INFO:teuthology.orchestra.run.smithi073.stdout:/usr/bin/ceph: stderr
2024-02-10T06:34:09.624+0000 7f1264e96700 1 -- 172.21.15.73:0/504227770 --> [v2:172.21.15.73:3300/0,v1:172.21.15.73:6789/0] -- mon_subscribe({config=0+,monmap=0+}) v3 -- 0x7f12601059e0 con 0x7f12600714a0
2024-02-10T06:34:10.351 INFO:teuthology.orchestra.run.smithi073.stdout:/usr/bin/ceph: stderr
2024-02-10T06:34:09.624+0000 7f1264e96700 1 --2- 172.21.15.73:0/504227770 >> [v2:172.21.15.73:3300/0,v1:172.21.15.73:6789/0] conn(0x7f12600714a0 0x7f1260105360 secure :-1 s=READY pgs=20 cs=0 l=1 rev1=1 crypto rx=0x7f12540098e0 tx=0x7f1254009250 comp rx=0 tx=0).ready entity=mon.0 client_cookie=f3f7750b26704290 server_cookie=0 in_seq=0 out_seq=0
2024-02-10T06:34:10.351 INFO:teuthology.orchestra.run.smithi073.stdout:/usr/bin/ceph: stderr
2024-02-10T06:34:09.624+0000 7f125f7fe700 1 -- 172.21.15.73:0/504227770 <== mon.0 v2:172.21.15.73:3300/0 1 ==== mon_map magic: 0 v1 ==== 229+0+0 (secure 0 0 0) 0x7f125400b860 con 0x7f12600714a0
2024-02-10T06:34:10.351 INFO:teuthology.orchestra.run.smithi073.stdout:/usr/bin/ceph: stderr
2024-02-10T06:34:09.624+0000 7f125f7fe700 1 -- 172.21.15.73:0/504227770 <== mon.0 v2:172.21.15.73:3300/0 2 ==== config(27 keys) v1 ==== 1044+0+0 (secure 0 0 0) 0x7f125400be50 con 0x7f12600714a0
2024-02-10T06:34:10.351 INFO:teuthology.orchestra.run.smithi073.stdout:/usr/bin/ceph: stderr
2024-02-10T06:34:09.624+0000 7f125f7fe700 1 -- 172.21.15.73:0/504227770 <== mon.0 v2:172.21.15.73:3300/0 3 ==== mon_map magic: 0 v1 ==== 229+0+0 (secure 0 0 0) 0x7f1254010380 con 0x7f12600714a0
2024-02-10T06:34:10.351 INFO:teuthology.orchestra.run.smithi073.stdout:/usr/bin/ceph: stderr
2024-02-10T06:34:09.625+0000 7f12670fa700 1 -- 172.21.15.73:0/504227770 >> [v2:172.21.15.73:3300/0,v1:172.21.15.73:6789/0] conn(0x7f12600714a0 msgr2=0x7f1260105360 secure :-1 s=STATE_CONNECTION_ESTABLISHED l=1).mark_down
2024-02-10T06:34:10.352 INFO:teuthology.orchestra.run.smithi073.stdout:/usr/bin/ceph: stderr
2024-02-10T06:34:09.625+0000 7f12670fa700 1 --2- 172.21.15.73:0/504227770 >> [v2:172.21.15.73:3300/0,v1:172.21.15.73:6789/0] conn(0x7f12600714a0 0x7f1260105360 secure :-1 s=READY pgs=20 cs=0 l=1 rev1=1 crypto rx=0x7f12540098e0 tx=0x7f1254009250 comp rx=0 tx=0).stop
2024-02-10T06:34:10.352 INFO:teuthology.orchestra.run.smithi073.stdout:/usr/bin/ceph: stderr
2024-02-10T06:34:09.625+0000 7f12670fa700 1 -- 172.21.15.73:0/504227770 shutdown_connections
2024-02-10T06:34:10.352 INFO:teuthology.orchestra.run.smithi073.stdout:/usr/bin/ceph: stderr
2024-02-10T06:34:09.625+0000 7f12670fa700 1 --2- 172.21.15.73:0/504227770 >> [v2:172.21.15.73:3300/0,v1:172.21.15.73:6789/0] conn(0x7f12600714a0 0x7f1260105360 unknown :-1 s=CLOSED pgs=20 cs=0 l=1 rev1=1 crypto rx=0 tx=0 comp rx=0 tx=0).stop
2024-02-10T06:34:10.352 INFO:teuthology.orchestra.run.smithi073.stdout:/usr/bin/ceph: stderr
2024-02-10T06:34:09.625+0000 7f12670fa700 1 -- 172.21.15.73:0/504227770 >> 172.21.15.73:0/504227770 conn(0x7f12600fcdd0 msgr2=0x7f12600ff200 unknown :-1 s=STATE_NONE l=0).mark_down
2024-02-10T06:34:10.352 INFO:teuthology.orchestra.run.smithi073.stdout:/usr/bin/ceph: stderr
2024-02-10T06:34:09.625+0000 7f12670fa700 1 -- 172.21.15.73:0/504227770 shutdown_connections
2024-02-10T06:34:10.352 INFO:teuthology.orchestra.run.smithi073.stdout:/usr/bin/ceph: stderr
2024-02-10T06:34:09.625+0000 7f12670fa700 1 -- 172.21.15.73:0/504227770 wait complete.
2024-02-10T06:34:10.352 INFO:teuthology.orchestra.run.smithi073.stdout:/usr/bin/ceph: stderr
2024-02-10T06:34:09.626+0000 7f12670fa700 1 Processor -- start
2024-02-10T06:34:10.352 INFO:teuthology.orchestra.run.smithi073.stdout:/usr/bin/ceph: stderr
2024-02-10T06:34:09.626+0000 7f12670fa700 1 -- start start
2024-02-10T06:34:10.352 INFO:teuthology.orchestra.run.smithi073.stdout:/usr/bin/ceph: stderr
2024-02-10T06:34:09.626+0000 7f12670fa700 1 --2- >> [v2:172.21.15.73:3300/0,v1:172.21.15.73:6789/0] conn(0x7f12600714a0 0x7f1260111580 unknown :-1 s=NONE pgs=0 cs=0 l=1 rev1=0 crypto rx=0 tx=0 comp rx=0 tx=0).connect
2024-02-10T06:34:10.352 INFO:teuthology.orchestra.run.smithi073.stdout:/usr/bin/ceph: stderr
2024-02-10T06:34:09.626+0000 7f12670fa700 1 -- --> [v2:172.21.15.73:3300/0,v1:172.21.15.73:6789/0] -- mon_getmap magic: 0 v1 -- 0x7f1260111ac0 con 0x7f12600714a0
2024-02-10T06:34:10.352 INFO:teuthology.orchestra.run.smithi073.stdout:/usr/bin/ceph: stderr
2024-02-10T06:34:09.626+0000 7f1264e96700 1 --2- >> [v2:172.21.15.73:3300/0,v1:172.21.15.73:6789/0] conn(0x7f12600714a0 0x7f1260111580 unknown :-1 s=BANNER_CONNECTING pgs=0 cs=0 l=1 rev1=0 crypto rx=0 tx=0 comp rx=0 tx=0)._handle_peer_banner_payload supported=3 required=0
2024-02-10T06:34:10.352 INFO:teuthology.orchestra.run.smithi073.stdout:/usr/bin/ceph: stderr
2024-02-10T06:34:09.626+0000 7f1264e96700 1 --2- >> [v2:172.21.15.73:3300/0,v1:172.21.15.73:6789/0] conn(0x7f12600714a0 0x7f1260111580 unknown :-1 s=HELLO_CONNECTING pgs=0 cs=0 l=1 rev1=1 crypto rx=0 tx=0 comp rx=0 tx=0).handle_hello peer v2:172.21.15.73:3300/0 says I am v2:172.21.15.73:48234/0 (socket says 172.21.15.73:48234)
2024-02-10T06:34:10.353 INFO:teuthology.orchestra.run.smithi073.stdout:/usr/bin/ceph: stderr
2024-02-10T06:34:09.626+0000 7f1264e96700 1 -- 172.21.15.73:0/3978847474 learned_addr learned my addr 172.21.15.73:0/3978847474 (peer_addr_for_me v2:172.21.15.73:0/0)
2024-02-10T06:34:10.353 INFO:teuthology.orchestra.run.smithi073.stdout:/usr/bin/ceph: stderr
2024-02-10T06:34:09.626+0000 7f1264e96700 1 -- 172.21.15.73:0/3978847474 --> [v2:172.21.15.73:3300/0,v1:172.21.15.73:6789/0] -- mon_subscribe({config=0+,monmap=0+}) v3 -- 0x7f12540094f0 con 0x7f12600714a0
2024-02-10T06:34:10.353 INFO:teuthology.orchestra.run.smithi073.stdout:/usr/bin/ceph: stderr
2024-02-10T06:34:09.627+0000 7f1264e96700 1 --2- 172.21.15.73:0/3978847474 >> [v2:172.21.15.73:3300/0,v1:172.21.15.73:6789/0] conn(0x7f12600714a0 0x7f1260111580 secure :-1 s=READY pgs=21 cs=0 l=1 rev1=1 crypto rx=0x7f1254006b00 tx=0x7f1254009250 comp rx=0 tx=0).ready entity=mon.0 client_cookie=0 server_cookie=0 in_seq=0 out_seq=0
2024-02-10T06:34:10.353 INFO:teuthology.orchestra.run.smithi073.stdout:/usr/bin/ceph: stderr
2024-02-10T06:34:09.627+0000 7f125d7fa700 1 -- 172.21.15.73:0/3978847474 <== mon.0 v2:172.21.15.73:3300/0 1 ==== mon_map magic: 0 v1 ==== 229+0+0 (secure 0 0 0) 0x7f12540107c0 con 0x7f12600714a0
2024-02-10T06:34:10.353 INFO:teuthology.orchestra.run.smithi073.stdout:/usr/bin/ceph: stderr
2024-02-10T06:34:09.627+0000 7f125d7fa700 1 -- 172.21.15.73:0/3978847474 <== mon.0 v2:172.21.15.73:3300/0 2 ==== config(27 keys) v1 ==== 1044+0+0 (secure 0 0 0) 0x7f1254010db0 con 0x7f12600714a0
2024-02-10T06:34:10.353 INFO:teuthology.orchestra.run.smithi073.stdout:/usr/bin/ceph: stderr
2024-02-10T06:34:09.627+0000 7f12670fa700 1 -- 172.21.15.73:0/3978847474 --> [v2:172.21.15.73:3300/0,v1:172.21.15.73:6789/0] -- mon_subscribe({mgrmap=0+}) v3 -- 0x7f1260111cc0 con 0x7f12600714a0
2024-02-10T06:34:10.353 INFO:teuthology.orchestra.run.smithi073.stdout:/usr/bin/ceph: stderr
2024-02-10T06:34:09.627+0000 7f125d7fa700 1 -- 172.21.15.73:0/3978847474 <== mon.0 v2:172.21.15.73:3300/0 3 ==== mon_map magic: 0 v1 ==== 229+0+0 (secure 0 0 0) 0x7f125401acf0 con 0x7f12600714a0
2024-02-10T06:34:10.353 INFO:teuthology.orchestra.run.smithi073.stdout:/usr/bin/ceph: stderr
2024-02-10T06:34:09.627+0000 7f12670fa700 1 -- 172.21.15.73:0/3978847474 --> [v2:172.21.15.73:3300/0,v1:172.21.15.73:6789/0] -- mon_subscribe({osdmap=0}) v3 -- 0x7f1260112960 con 0x7f12600714a0
2024-02-10T06:34:10.353 INFO:teuthology.orchestra.run.smithi073.stdout:/usr/bin/ceph: stderr
2024-02-10T06:34:09.628+0000 7f125d7fa700 1 -- 172.21.15.73:0/3978847474 <== mon.0 v2:172.21.15.73:3300/0 4 ==== mgrmap(e 4) v1 ==== 43357+0+0 (secure 0 0 0) 0x7f12540193c0 con 0x7f12600714a0
2024-02-10T06:34:10.353 INFO:teuthology.orchestra.run.smithi073.stdout:/usr/bin/ceph: stderr
2024-02-10T06:34:09.628+0000 7f12670fa700 1 -- 172.21.15.73:0/3978847474 --> [v2:172.21.15.73:3300/0,v1:172.21.15.73:6789/0] -- mon_command({"prefix": "get_command_descriptions"} v 0) v1 -- 0x7f126005f5c0 con 0x7f12600714a0
2024-02-10T06:34:10.353 INFO:teuthology.orchestra.run.smithi073.stdout:/usr/bin/ceph: stderr
2024-02-10T06:34:09.628+0000 7f125d7fa700 1 --2- 172.21.15.73:0/3978847474 >> [v2:172.21.15.73:6800/194898351,v1:172.21.15.73:6801/194898351] conn(0x7f1250036790 0x7f1250038c40 unknown :-1 s=NONE pgs=0 cs=0 l=1 rev1=0 crypto rx=0 tx=0 comp rx=0 tx=0).connect
2024-02-10T06:34:10.353 INFO:teuthology.orchestra.run.smithi073.stdout:/usr/bin/ceph: stderr
2024-02-10T06:34:09.628+0000 7f125d7fa700 1 -- 172.21.15.73:0/3978847474 <== mon.0 v2:172.21.15.73:3300/0 5 ==== osd_map(1..1 src has 1..1) v4 ==== 721+0+0 (secure 0 0 0) 0x7f125404a6c0 con 0x7f12600714a0
2024-02-10T06:34:10.353 INFO:teuthology.orchestra.run.smithi073.stdout:/usr/bin/ceph: stderr
2024-02-10T06:34:09.628+0000 7f125ffff700 1 --2- 172.21.15.73:0/3978847474 >> [v2:172.21.15.73:6800/194898351,v1:172.21.15.73:6801/194898351] conn(0x7f1250036790 0x7f1250038c40 unknown :-1 s=BANNER_CONNECTING pgs=0 cs=0 l=1 rev1=0 crypto rx=0 tx=0 comp rx=0 tx=0)._handle_peer_banner_payload supported=3 required=0
2024-02-10T06:34:10.354 INFO:teuthology.orchestra.run.smithi073.stdout:/usr/bin/ceph: stderr
2024-02-10T06:34:09.628+0000 7f125ffff700 1 --2- 172.21.15.73:0/3978847474 >> [v2:172.21.15.73:6800/194898351,v1:172.21.15.73:6801/194898351] conn(0x7f1250036790 0x7f1250038c40 secure :-1 s=READY pgs=7 cs=0 l=1 rev1=1 crypto rx=0x7f124c009990 tx=0x7f124c006e40 comp rx=0 tx=0).ready entity=mgr.14100 client_cookie=0 server_cookie=0 in_seq=0 out_seq=0
2024-02-10T06:34:10.354 INFO:teuthology.orchestra.run.smithi073.stdout:/usr/bin/ceph: stderr
2024-02-10T06:34:09.633+0000 7f125d7fa700 1 -- 172.21.15.73:0/3978847474 <== mon.0 v2:172.21.15.73:3300/0 6 ==== mon_command_ack([{"prefix": "get_command_descriptions"}]=0 v0) v1 ==== 72+0+175031 (secure 0 0 0) 0x7f1254019670 con 0x7f12600714a0
2024-02-10T06:34:10.354 INFO:teuthology.orchestra.run.smithi073.stdout:/usr/bin/ceph: stderr
2024-02-10T06:34:09.812+0000 7f12670fa700 1 -- 172.21.15.73:0/3978847474 --> [v2:172.21.15.73:3300/0,v1:172.21.15.73:6789/0] -- mon_command({"prefix": "config assimilate-conf"} v 0) v1 -- 0x7f126004bed0 con 0x7f12600714a0
2024-02-10T06:34:10.354 INFO:teuthology.orchestra.run.smithi073.stdout:/usr/bin/ceph: stderr
2024-02-10T06:34:09.813+0000 7f125d7fa700 1 -- 172.21.15.73:0/3978847474 <== mon.0 v2:172.21.15.73:3300/0 7 ==== mon_command_ack([{"prefix": "config assimilate-conf"}]=0 v3) v1 ==== 70+0+373 (secure 0 0 0) 0x7f1254022340 con 0x7f12600714a0
2024-02-10T06:34:10.354 INFO:teuthology.orchestra.run.smithi073.stdout:/usr/bin/ceph: stderr
2024-02-10T06:34:09.816+0000 7f12670fa700 1 -- 172.21.15.73:0/3978847474 >> [v2:172.21.15.73:6800/194898351,v1:172.21.15.73:6801/194898351] conn(0x7f1250036790 msgr2=0x7f1250038c40 secure :-1 s=STATE_CONNECTION_ESTABLISHED l=1).mark_down
2024-02-10T06:34:10.354 INFO:teuthology.orchestra.run.smithi073.stdout:/usr/bin/ceph: stderr
2024-02-10T06:34:09.816+0000 7f12670fa700 1 --2- 172.21.15.73:0/3978847474 >> [v2:172.21.15.73:6800/194898351,v1:172.21.15.73:6801/194898351] conn(0x7f1250036790 0x7f1250038c40 secure :-1 s=READY pgs=7 cs=0 l=1 rev1=1 crypto rx=0x7f124c009990 tx=0x7f124c006e40 comp rx=0 tx=0).stop
2024-02-10T06:34:10.354 INFO:teuthology.orchestra.run.smithi073.stdout:/usr/bin/ceph: stderr
2024-02-10T06:34:09.816+0000 7f12670fa700 1 -- 172.21.15.73:0/3978847474 >> [v2:172.21.15.73:3300/0,v1:172.21.15.73:6789/0] conn(0x7f12600714a0 msgr2=0x7f1260111580 secure :-1 s=STATE_CONNECTION_ESTABLISHED l=1).mark_down
2024-02-10T06:34:10.354 INFO:teuthology.orchestra.run.smithi073.stdout:/usr/bin/ceph: stderr
2024-02-10T06:34:09.816+0000 7f12670fa700 1 --2- 172.21.15.73:0/3978847474 >> [v2:172.21.15.73:3300/0,v1:172.21.15.73:6789/0] conn(0x7f12600714a0 0x7f1260111580 secure :-1 s=READY pgs=21 cs=0 l=1 rev1=1 crypto rx=0x7f1254006b00 tx=0x7f1254009250 comp rx=0 tx=0).stop
2024-02-10T06:34:10.354 INFO:teuthology.orchestra.run.smithi073.stdout:/usr/bin/ceph: stderr
2024-02-10T06:34:09.816+0000 7f12670fa700 1 -- 172.21.15.73:0/3978847474 shutdown_connections
2024-02-10T06:34:10.354 INFO:teuthology.orchestra.run.smithi073.stdout:/usr/bin/ceph: stderr
2024-02-10T06:34:09.816+0000 7f12670fa700 1 --2- 172.21.15.73:0/3978847474 >> [v2:172.21.15.73:6800/194898351,v1:172.21.15.73:6801/194898351] conn(0x7f1250036790 0x7f1250038c40 unknown :-1 s=CLOSED pgs=7 cs=0 l=1 rev1=1 crypto rx=0 tx=0 comp rx=0 tx=0).stop
2024-02-10T06:34:10.354 INFO:teuthology.orchestra.run.smithi073.stdout:/usr/bin/ceph: stderr
2024-02-10T06:34:09.816+0000 7f12670fa700 1 --2- 172.21.15.73:0/3978847474 >> [v2:172.21.15.73:3300/0,v1:172.21.15.73:6789/0] conn(0x7f12600714a0 0x7f1260111580 unknown :-1 s=CLOSED pgs=21 cs=0 l=1 rev1=1 crypto rx=0 tx=0 comp rx=0 tx=0).stop
2024-02-10T06:34:10.354 INFO:teuthology.orchestra.run.smithi073.stdout:/usr/bin/ceph: stderr
2024-02-10T06:34:09.816+0000 7f12670fa700 1 -- 172.21.15.73:0/3978847474 >> 172.21.15.73:0/3978847474 conn(0x7f12600fcdd0 msgr2=0x7f12600fe540 unknown :-1 s=STATE_NONE l=0).mark_down
2024-02-10T06:34:10.354 INFO:teuthology.orchestra.run.smithi073.stdout:/usr/bin/ceph: stderr
2024-02-10T06:34:09.816+0000 7f12670fa700 1 -- 172.21.15.73:0/3978847474 shutdown_connections
2024-02-10T06:34:10.354 INFO:teuthology.orchestra.run.smithi073.stdout:/usr/bin/ceph: stderr
2024-02-10T06:34:09.816+0000 7f12670fa700 1 -- 172.21.15.73:0/3978847474 wait complete.
2024-02-10T06:34:10.355 INFO:teuthology.orchestra.run.smithi073.stdout:Enabling cephadm module...
2024-02-10T06:34:11.583 INFO:journalctl@ceph.mon.smithi073.smithi073.stdout:Feb 10 06:34:11 smithi073 ceph-mon[29063]: from='client.? 172.21.15.73:0/1148410221' entity='client.admin' cmd=[{"prefix": "mgr module enable", "module": "cephadm"}]: dispatch
2024-02-10T06:34:11.900 INFO:teuthology.orchestra.run.smithi073.stdout:/usr/bin/ceph: stderr
2024-02-10T06:34:10.750+0000 7f1cfe7da700 1 Processor -- start
2024-02-10T06:34:11.901 INFO:teuthology.orchestra.run.smithi073.stdout:/usr/bin/ceph: stderr
2024-02-10T06:34:10.750+0000 7f1cfe7da700 1 -- start start
2024-02-10T06:34:11.901 INFO:teuthology.orchestra.run.smithi073.stdout:/usr/bin/ceph: stderr
2024-02-10T06:34:10.750+0000 7f1cfe7da700 1 --2- >> [v2:172.21.15.73:3300/0,v1:172.21.15.73:6789/0] conn(0x7f1cf8078ce0 0x7f1cf80771f0 unknown :-1 s=NONE pgs=0 cs=0 l=0 rev1=0 crypto rx=0 tx=0 comp rx=0 tx=0).connect
2024-02-10T06:34:11.901 INFO:teuthology.orchestra.run.smithi073.stdout:/usr/bin/ceph: stderr
2024-02-10T06:34:10.750+0000 7f1cfe7da700 1 -- --> [v2:172.21.15.73:3300/0,v1:172.21.15.73:6789/0] -- mon_getmap magic: 0 v1 -- 0x7f1cf80790f0 con 0x7f1cf8078ce0
2024-02-10T06:34:11.901 INFO:teuthology.orchestra.run.smithi073.stdout:/usr/bin/ceph: stderr
2024-02-10T06:34:10.750+0000 7f1cf7fff700 1 --2- >> [v2:172.21.15.73:3300/0,v1:172.21.15.73:6789/0] conn(0x7f1cf8078ce0 0x7f1cf80771f0 unknown :-1 s=BANNER_CONNECTING pgs=0 cs=0 l=0 rev1=0 crypto rx=0 tx=0 comp rx=0 tx=0)._handle_peer_banner_payload supported=3 required=0
2024-02-10T06:34:11.901 INFO:teuthology.orchestra.run.smithi073.stdout:/usr/bin/ceph: stderr
2024-02-10T06:34:10.750+0000 7f1cf7fff700 1 --2- >> [v2:172.21.15.73:3300/0,v1:172.21.15.73:6789/0] conn(0x7f1cf8078ce0 0x7f1cf80771f0 unknown :-1 s=HELLO_CONNECTING pgs=0 cs=0 l=0 rev1=1 crypto rx=0 tx=0 comp rx=0 tx=0).handle_hello peer v2:172.21.15.73:3300/0 says I am v2:172.21.15.73:48246/0 (socket says 172.21.15.73:48246)
2024-02-10T06:34:11.901 INFO:teuthology.orchestra.run.smithi073.stdout:/usr/bin/ceph: stderr
2024-02-10T06:34:10.750+0000 7f1cf7fff700 1 -- 172.21.15.73:0/54237167 learned_addr learned my addr 172.21.15.73:0/54237167 (peer_addr_for_me v2:172.21.15.73:0/0)
2024-02-10T06:34:11.901 INFO:teuthology.orchestra.run.smithi073.stdout:/usr/bin/ceph: stderr
2024-02-10T06:34:10.751+0000 7f1cf7fff700 1 -- 172.21.15.73:0/54237167 --> [v2:172.21.15.73:3300/0,v1:172.21.15.73:6789/0] -- mon_subscribe({config=0+,monmap=0+}) v3 -- 0x7f1cf8077730 con 0x7f1cf8078ce0
2024-02-10T06:34:11.901 INFO:teuthology.orchestra.run.smithi073.stdout:/usr/bin/ceph: stderr
2024-02-10T06:34:10.751+0000 7f1cf7fff700 1 --2- 172.21.15.73:0/54237167 >> [v2:172.21.15.73:3300/0,v1:172.21.15.73:6789/0] conn(0x7f1cf8078ce0 0x7f1cf80771f0 secure :-1 s=READY pgs=22 cs=0 l=1 rev1=1 crypto rx=0x7f1ce80098e0 tx=0x7f1ce8009250 comp rx=0 tx=0).ready entity=mon.0 client_cookie=da858aa2808eab1c server_cookie=0 in_seq=0 out_seq=0
2024-02-10T06:34:11.901 INFO:teuthology.orchestra.run.smithi073.stdout:/usr/bin/ceph: stderr
2024-02-10T06:34:10.751+0000 7f1cf6ffd700 1 -- 172.21.15.73:0/54237167 <== mon.0 v2:172.21.15.73:3300/0 1 ==== mon_map magic: 0 v1 ==== 229+0+0 (secure 0 0 0) 0x7f1ce800b860 con 0x7f1cf8078ce0
2024-02-10T06:34:11.901 INFO:teuthology.orchestra.run.smithi073.stdout:/usr/bin/ceph: stderr
2024-02-10T06:34:10.751+0000 7f1cf6ffd700 1 -- 172.21.15.73:0/54237167 <== mon.0 v2:172.21.15.73:3300/0 2 ==== config(27 keys) v1 ==== 1044+0+0 (secure 0 0 0) 0x7f1ce800be50 con 0x7f1cf8078ce0
2024-02-10T06:34:11.901 INFO:teuthology.orchestra.run.smithi073.stdout:/usr/bin/ceph: stderr
2024-02-10T06:34:10.751+0000 7f1cf6ffd700 1 -- 172.21.15.73:0/54237167 <== mon.0 v2:172.21.15.73:3300/0 3 ==== mon_map magic: 0 v1 ==== 229+0+0 (secure 0 0 0) 0x7f1ce8010380 con 0x7f1cf8078ce0
2024-02-10T06:34:11.902 INFO:teuthology.orchestra.run.smithi073.stdout:/usr/bin/ceph: stderr
2024-02-10T06:34:10.751+0000 7f1cfe7da700 1 -- 172.21.15.73:0/54237167 >> [v2:172.21.15.73:3300/0,v1:172.21.15.73:6789/0] conn(0x7f1cf8078ce0 msgr2=0x7f1cf80771f0 secure :-1 s=STATE_CONNECTION_ESTABLISHED l=1).mark_down
2024-02-10T06:34:11.902 INFO:teuthology.orchestra.run.smithi073.stdout:/usr/bin/ceph: stderr
2024-02-10T06:34:10.751+0000 7f1cfe7da700 1 --2- 172.21.15.73:0/54237167 >> [v2:172.21.15.73:3300/0,v1:172.21.15.73:6789/0] conn(0x7f1cf8078ce0 0x7f1cf80771f0 secure :-1 s=READY pgs=22 cs=0 l=1 rev1=1 crypto rx=0x7f1ce80098e0 tx=0x7f1ce8009250 comp rx=0 tx=0).stop
2024-02-10T06:34:11.902 INFO:teuthology.orchestra.run.smithi073.stdout:/usr/bin/ceph: stderr
2024-02-10T06:34:10.752+0000 7f1cfe7da700 1 -- 172.21.15.73:0/54237167 shutdown_connections
2024-02-10T06:34:11.902 INFO:teuthology.orchestra.run.smithi073.stdout:/usr/bin/ceph: stderr
2024-02-10T06:34:10.752+0000 7f1cfe7da700 1 --2- 172.21.15.73:0/54237167 >> [v2:172.21.15.73:3300/0,v1:172.21.15.73:6789/0] conn(0x7f1cf8078ce0 0x7f1cf80771f0 unknown :-1 s=CLOSED pgs=22 cs=0 l=1 rev1=1 crypto rx=0 tx=0 comp rx=0 tx=0).stop
2024-02-10T06:34:11.902 INFO:teuthology.orchestra.run.smithi073.stdout:/usr/bin/ceph: stderr
2024-02-10T06:34:10.752+0000 7f1cfe7da700 1 -- 172.21.15.73:0/54237167 >> 172.21.15.73:0/54237167 conn(0x7f1cf80fded0 msgr2=0x7f1cf8100300 unknown :-1 s=STATE_NONE l=0).mark_down
2024-02-10T06:34:11.902 INFO:teuthology.orchestra.run.smithi073.stdout:/usr/bin/ceph: stderr
2024-02-10T06:34:10.752+0000 7f1cfe7da700 1 -- 172.21.15.73:0/54237167 shutdown_connections
2024-02-10T06:34:11.902 INFO:teuthology.orchestra.run.smithi073.stdout:/usr/bin/ceph: stderr
2024-02-10T06:34:10.752+0000 7f1cfe7da700 1 -- 172.21.15.73:0/54237167 wait complete.
2024-02-10T06:34:11.902 INFO:teuthology.orchestra.run.smithi073.stdout:/usr/bin/ceph: stderr
2024-02-10T06:34:10.752+0000 7f1cfe7da700 1 Processor -- start
2024-02-10T06:34:11.902 INFO:teuthology.orchestra.run.smithi073.stdout:/usr/bin/ceph: stderr
