2024-02-10T06:38:50.001+0000 7f5a2197c700 1 --2- 172.21.15.174:0/1656941846 >> [v2:172.21.15.174:3300/0,v1:172.21.15.174:6789/0] conn(0x7f5a1c104740 0x7f5a1c104b60 secure :-1 s=READY pgs=26 cs=0 l=1 rev1=1 crypto rx=0x7f5a180098a0 tx=0x7f5a18009bb0 comp rx=0 tx=0).ready entity=mon.0 client_cookie=26eb54e52c78646a server_cookie=0 in_seq=0 out_seq=0
2024-02-10T06:38:50.946 INFO:teuthology.orchestra.run.smithi174.stdout:/usr/bin/ceph: stderr
2024-02-10T06:38:50.001+0000 7f5a2097a700 1 -- 172.21.15.174:0/1656941846 <== mon.0 v2:172.21.15.174:3300/0 1 ==== mon_map magic: 0 v1 ==== 205+0+0 (secure 0 0 0) 0x7f5a18004160 con 0x7f5a1c104740
2024-02-10T06:38:50.946 INFO:teuthology.orchestra.run.smithi174.stdout:/usr/bin/ceph: stderr
2024-02-10T06:38:50.001+0000 7f5a2097a700 1 -- 172.21.15.174:0/1656941846 <== mon.0 v2:172.21.15.174:3300/0 2 ==== config(26 keys) v1 ==== 1062+0+0 (secure 0 0 0) 0x7f5a180042c0 con 0x7f5a1c104740
2024-02-10T06:38:50.946 INFO:teuthology.orchestra.run.smithi174.stdout:/usr/bin/ceph: stderr
2024-02-10T06:38:50.001+0000 7f5a2097a700 1 -- 172.21.15.174:0/1656941846 <== mon.0 v2:172.21.15.174:3300/0 3 ==== mon_map magic: 0 v1 ==== 205+0+0 (secure 0 0 0) 0x7f5a180119b0 con 0x7f5a1c104740
2024-02-10T06:38:50.946 INFO:teuthology.orchestra.run.smithi174.stdout:/usr/bin/ceph: stderr
2024-02-10T06:38:50.001+0000 7f5a23be0700 1 -- 172.21.15.174:0/1656941846 >> [v2:172.21.15.174:3300/0,v1:172.21.15.174:6789/0] conn(0x7f5a1c104740 msgr2=0x7f5a1c104b60 secure :-1 s=STATE_CONNECTION_ESTABLISHED l=1).mark_down
2024-02-10T06:38:50.947 INFO:teuthology.orchestra.run.smithi174.stdout:/usr/bin/ceph: stderr
2024-02-10T06:38:50.001+0000 7f5a23be0700 1 --2- 172.21.15.174:0/1656941846 >> [v2:172.21.15.174:3300/0,v1:172.21.15.174:6789/0] conn(0x7f5a1c104740 0x7f5a1c104b60 secure :-1 s=READY pgs=26 cs=0 l=1 rev1=1 crypto rx=0x7f5a180098a0 tx=0x7f5a18009bb0 comp rx=0 tx=0).stop
2024-02-10T06:38:50.947 INFO:teuthology.orchestra.run.smithi174.stdout:/usr/bin/ceph: stderr
2024-02-10T06:38:50.001+0000 7f5a23be0700 1 -- 172.21.15.174:0/1656941846 shutdown_connections
2024-02-10T06:38:50.947 INFO:teuthology.orchestra.run.smithi174.stdout:/usr/bin/ceph: stderr
2024-02-10T06:38:50.001+0000 7f5a23be0700 1 --2- 172.21.15.174:0/1656941846 >> [v2:172.21.15.174:3300/0,v1:172.21.15.174:6789/0] conn(0x7f5a1c104740 0x7f5a1c104b60 unknown :-1 s=CLOSED pgs=26 cs=0 l=1 rev1=1 crypto rx=0 tx=0 comp rx=0 tx=0).stop
2024-02-10T06:38:50.947 INFO:teuthology.orchestra.run.smithi174.stdout:/usr/bin/ceph: stderr
2024-02-10T06:38:50.001+0000 7f5a23be0700 1 -- 172.21.15.174:0/1656941846 >> 172.21.15.174:0/1656941846 conn(0x7f5a1c100300 msgr2=0x7f5a1c102740 unknown :-1 s=STATE_NONE l=0).mark_down
2024-02-10T06:38:50.947 INFO:teuthology.orchestra.run.smithi174.stdout:/usr/bin/ceph: stderr
2024-02-10T06:38:50.002+0000 7f5a23be0700 1 -- 172.21.15.174:0/1656941846 shutdown_connections
2024-02-10T06:38:50.947 INFO:teuthology.orchestra.run.smithi174.stdout:/usr/bin/ceph: stderr
2024-02-10T06:38:50.002+0000 7f5a23be0700 1 -- 172.21.15.174:0/1656941846 wait complete.
2024-02-10T06:38:50.947 INFO:teuthology.orchestra.run.smithi174.stdout:/usr/bin/ceph: stderr
2024-02-10T06:38:50.002+0000 7f5a23be0700 1 Processor -- start
2024-02-10T06:38:50.947 INFO:teuthology.orchestra.run.smithi174.stdout:/usr/bin/ceph: stderr
2024-02-10T06:38:50.002+0000 7f5a23be0700 1 -- start start
2024-02-10T06:38:50.947 INFO:teuthology.orchestra.run.smithi174.stdout:/usr/bin/ceph: stderr
2024-02-10T06:38:50.003+0000 7f5a23be0700 1 --2- >> [v2:172.21.15.174:3300/0,v1:172.21.15.174:6789/0] conn(0x7f5a1c104740 0x7f5a1c19bcd0 unknown :-1 s=NONE pgs=0 cs=0 l=1 rev1=0 crypto rx=0 tx=0 comp rx=0 tx=0).connect
2024-02-10T06:38:50.947 INFO:teuthology.orchestra.run.smithi174.stdout:/usr/bin/ceph: stderr
2024-02-10T06:38:50.003+0000 7f5a23be0700 1 -- --> [v2:172.21.15.174:3300/0,v1:172.21.15.174:6789/0] -- mon_getmap magic: 0 v1 -- 0x7f5a1c19c210 con 0x7f5a1c104740
2024-02-10T06:38:50.947 INFO:teuthology.orchestra.run.smithi174.stdout:/usr/bin/ceph: stderr
2024-02-10T06:38:50.003+0000 7f5a2197c700 1 --2- >> [v2:172.21.15.174:3300/0,v1:172.21.15.174:6789/0] conn(0x7f5a1c104740 0x7f5a1c19bcd0 unknown :-1 s=BANNER_CONNECTING pgs=0 cs=0 l=1 rev1=0 crypto rx=0 tx=0 comp rx=0 tx=0)._handle_peer_banner_payload supported=3 required=0
2024-02-10T06:38:50.947 INFO:teuthology.orchestra.run.smithi174.stdout:/usr/bin/ceph: stderr
2024-02-10T06:38:50.003+0000 7f5a2197c700 1 --2- >> [v2:172.21.15.174:3300/0,v1:172.21.15.174:6789/0] conn(0x7f5a1c104740 0x7f5a1c19bcd0 unknown :-1 s=HELLO_CONNECTING pgs=0 cs=0 l=1 rev1=1 crypto rx=0 tx=0 comp rx=0 tx=0).handle_hello peer v2:172.21.15.174:3300/0 says I am v2:172.21.15.174:48394/0 (socket says 172.21.15.174:48394)
2024-02-10T06:38:50.947 INFO:teuthology.orchestra.run.smithi174.stdout:/usr/bin/ceph: stderr
2024-02-10T06:38:50.003+0000 7f5a2197c700 1 -- 172.21.15.174:0/3542137941 learned_addr learned my addr 172.21.15.174:0/3542137941 (peer_addr_for_me v2:172.21.15.174:0/0)
2024-02-10T06:38:50.947 INFO:teuthology.orchestra.run.smithi174.stdout:/usr/bin/ceph: stderr
2024-02-10T06:38:50.003+0000 7f5a2197c700 1 -- 172.21.15.174:0/3542137941 --> [v2:172.21.15.174:3300/0,v1:172.21.15.174:6789/0] -- mon_subscribe({config=0+,monmap=0+}) v3 -- 0x7f5a18009550 con 0x7f5a1c104740
2024-02-10T06:38:50.947 INFO:teuthology.orchestra.run.smithi174.stdout:/usr/bin/ceph: stderr
2024-02-10T06:38:50.003+0000 7f5a2197c700 1 --2- 172.21.15.174:0/3542137941 >> [v2:172.21.15.174:3300/0,v1:172.21.15.174:6789/0] conn(0x7f5a1c104740 0x7f5a1c19bcd0 secure :-1 s=READY pgs=27 cs=0 l=1 rev1=1 crypto rx=0x7f5a18011670 tx=0x7f5a18011a50 comp rx=0 tx=0).ready entity=mon.0 client_cookie=0 server_cookie=0 in_seq=0 out_seq=0
2024-02-10T06:38:50.948 INFO:teuthology.orchestra.run.smithi174.stdout:/usr/bin/ceph: stderr
2024-02-10T06:38:50.003+0000 7f5a12ffd700 1 -- 172.21.15.174:0/3542137941 <== mon.0 v2:172.21.15.174:3300/0 1 ==== mon_map magic: 0 v1 ==== 205+0+0 (secure 0 0 0) 0x7f5a18003af0 con 0x7f5a1c104740
2024-02-10T06:38:50.948 INFO:teuthology.orchestra.run.smithi174.stdout:/usr/bin/ceph: stderr
2024-02-10T06:38:50.003+0000 7f5a12ffd700 1 -- 172.21.15.174:0/3542137941 <== mon.0 v2:172.21.15.174:3300/0 2 ==== config(26 keys) v1 ==== 1062+0+0 (secure 0 0 0) 0x7f5a1801a8c0 con 0x7f5a1c104740
2024-02-10T06:38:50.948 INFO:teuthology.orchestra.run.smithi174.stdout:/usr/bin/ceph: stderr
2024-02-10T06:38:50.003+0000 7f5a23be0700 1 -- 172.21.15.174:0/3542137941 --> [v2:172.21.15.174:3300/0,v1:172.21.15.174:6789/0] -- mon_subscribe({mgrmap=0+}) v3 -- 0x7f5a1c19c410 con 0x7f5a1c104740
2024-02-10T06:38:50.948 INFO:teuthology.orchestra.run.smithi174.stdout:/usr/bin/ceph: stderr
2024-02-10T06:38:50.003+0000 7f5a12ffd700 1 -- 172.21.15.174:0/3542137941 <== mon.0 v2:172.21.15.174:3300/0 3 ==== mon_map magic: 0 v1 ==== 205+0+0 (secure 0 0 0) 0x7f5a18019730 con 0x7f5a1c104740
2024-02-10T06:38:50.948 INFO:teuthology.orchestra.run.smithi174.stdout:/usr/bin/ceph: stderr
2024-02-10T06:38:50.003+0000 7f5a23be0700 1 -- 172.21.15.174:0/3542137941 --> [v2:172.21.15.174:3300/0,v1:172.21.15.174:6789/0] -- mon_subscribe({osdmap=0}) v3 -- 0x7f5a1c19c8b0 con 0x7f5a1c104740
2024-02-10T06:38:50.948 INFO:teuthology.orchestra.run.smithi174.stdout:/usr/bin/ceph: stderr
2024-02-10T06:38:50.004+0000 7f5a12ffd700 1 -- 172.21.15.174:0/3542137941 <== mon.0 v2:172.21.15.174:3300/0 4 ==== mgrmap(e 5) v1 ==== 45897+0+0 (secure 0 0 0) 0x7f5a180199f0 con 0x7f5a1c104740
2024-02-10T06:38:50.948 INFO:teuthology.orchestra.run.smithi174.stdout:/usr/bin/ceph: stderr
2024-02-10T06:38:50.004+0000 7f5a23be0700 1 -- 172.21.15.174:0/3542137941 --> [v2:172.21.15.174:3300/0,v1:172.21.15.174:6789/0] -- mon_command({"prefix": "get_command_descriptions"} v 0) v1 -- 0x7f5a1c1959c0 con 0x7f5a1c104740
2024-02-10T06:38:50.948 INFO:teuthology.orchestra.run.smithi174.stdout:/usr/bin/ceph: stderr
2024-02-10T06:38:50.004+0000 7f5a12ffd700 1 --2- 172.21.15.174:0/3542137941 >> v2:172.21.15.174:6800/2787410738 conn(0x7f5a08038ea0 0x7f5a0803b360 unknown :-1 s=NONE pgs=0 cs=0 l=1 rev1=0 crypto rx=0 tx=0 comp rx=0 tx=0).connect
2024-02-10T06:38:50.948 INFO:teuthology.orchestra.run.smithi174.stdout:/usr/bin/ceph: stderr
2024-02-10T06:38:50.005+0000 7f5a12ffd700 1 -- 172.21.15.174:0/3542137941 <== mon.0 v2:172.21.15.174:3300/0 5 ==== osd_map(1..1 src has 1..1) v4 ==== 725+0+0 (secure 0 0 0) 0x7f5a1804d180 con 0x7f5a1c104740
2024-02-10T06:38:50.948 INFO:teuthology.orchestra.run.smithi174.stdout:/usr/bin/ceph: stderr
2024-02-10T06:38:50.005+0000 7f5a2117b700 1 -- 172.21.15.174:0/3542137941 >> v2:172.21.15.174:6800/2787410738 conn(0x7f5a08038ea0 msgr2=0x7f5a0803b360 unknown :-1 s=STATE_CONNECTING_RE l=1).process reconnect failed to v2:172.21.15.174:6800/2787410738
2024-02-10T06:38:50.948 INFO:teuthology.orchestra.run.smithi174.stdout:/usr/bin/ceph: stderr
2024-02-10T06:38:50.005+0000 7f5a2117b700 1 --2- 172.21.15.174:0/3542137941 >> v2:172.21.15.174:6800/2787410738 conn(0x7f5a08038ea0 0x7f5a0803b360 unknown :-1 s=START_CONNECT pgs=0 cs=0 l=1 rev1=0 crypto rx=0 tx=0 comp rx=0 tx=0)._fault waiting 0.200000
2024-02-10T06:38:50.948 INFO:teuthology.orchestra.run.smithi174.stdout:/usr/bin/ceph: stderr
2024-02-10T06:38:50.009+0000 7f5a12ffd700 1 -- 172.21.15.174:0/3542137941 <== mon.0 v2:172.21.15.174:3300/0 6 ==== mon_command_ack([{"prefix": "get_command_descriptions"}]=0 v0) v1 ==== 72+0+183564 (secure 0 0 0) 0x7f5a18018c70 con 0x7f5a1c104740
2024-02-10T06:38:50.948 INFO:teuthology.orchestra.run.smithi174.stdout:/usr/bin/ceph: stderr
2024-02-10T06:38:50.206+0000 7f5a2117b700 1 -- 172.21.15.174:0/3542137941 >> v2:172.21.15.174:6800/2787410738 conn(0x7f5a08038ea0 msgr2=0x7f5a0803b360 unknown :-1 s=STATE_CONNECTING_RE l=1).process reconnect failed to v2:172.21.15.174:6800/2787410738
2024-02-10T06:38:50.948 INFO:teuthology.orchestra.run.smithi174.stdout:/usr/bin/ceph: stderr
2024-02-10T06:38:50.206+0000 7f5a2117b700 1 --2- 172.21.15.174:0/3542137941 >> v2:172.21.15.174:6800/2787410738 conn(0x7f5a08038ea0 0x7f5a0803b360 unknown :-1 s=START_CONNECT pgs=0 cs=0 l=1 rev1=0 crypto rx=0 tx=0 comp rx=0 tx=0)._fault waiting 0.400000
2024-02-10T06:38:50.949 INFO:teuthology.orchestra.run.smithi174.stdout:/usr/bin/ceph: stderr
2024-02-10T06:38:50.261+0000 7f5a23be0700 1 -- 172.21.15.174:0/3542137941 --> [v2:172.21.15.174:3300/0,v1:172.21.15.174:6789/0] -- mon_command({"prefix": "mgr stat"} v 0) v1 -- 0x7f5a1c105e30 con 0x7f5a1c104740
2024-02-10T06:38:50.949 INFO:teuthology.orchestra.run.smithi174.stdout:/usr/bin/ceph: stderr
2024-02-10T06:38:50.261+0000 7f5a12ffd700 1 -- 172.21.15.174:0/3542137941 <== mon.0 v2:172.21.15.174:3300/0 7 ==== mon_command_ack([{"prefix": "mgr stat"}]=0 v5) v1 ==== 56+0+88 (secure 0 0 0) 0x7f5a18018860 con 0x7f5a1c104740
2024-02-10T06:38:50.949 INFO:teuthology.orchestra.run.smithi174.stdout:/usr/bin/ceph: stderr
2024-02-10T06:38:50.264+0000 7f5a23be0700 1 -- 172.21.15.174:0/3542137941 >> v2:172.21.15.174:6800/2787410738 conn(0x7f5a08038ea0 msgr2=0x7f5a0803b360 unknown :-1 s=STATE_CONNECTING l=1).mark_down
2024-02-10T06:38:50.949 INFO:teuthology.orchestra.run.smithi174.stdout:/usr/bin/ceph: stderr
2024-02-10T06:38:50.264+0000 7f5a23be0700 1 --2- 172.21.15.174:0/3542137941 >> v2:172.21.15.174:6800/2787410738 conn(0x7f5a08038ea0 0x7f5a0803b360 unknown :-1 s=START_CONNECT pgs=0 cs=0 l=1 rev1=0 crypto rx=0 tx=0 comp rx=0 tx=0).stop
2024-02-10T06:38:50.949 INFO:teuthology.orchestra.run.smithi174.stdout:/usr/bin/ceph: stderr
2024-02-10T06:38:50.264+0000 7f5a23be0700 1 -- 172.21.15.174:0/3542137941 >> [v2:172.21.15.174:3300/0,v1:172.21.15.174:6789/0] conn(0x7f5a1c104740 msgr2=0x7f5a1c19bcd0 secure :-1 s=STATE_CONNECTION_ESTABLISHED l=1).mark_down
2024-02-10T06:38:50.949 INFO:teuthology.orchestra.run.smithi174.stdout:/usr/bin/ceph: stderr
2024-02-10T06:38:50.264+0000 7f5a23be0700 1 --2- 172.21.15.174:0/3542137941 >> [v2:172.21.15.174:3300/0,v1:172.21.15.174:6789/0] conn(0x7f5a1c104740 0x7f5a1c19bcd0 secure :-1 s=READY pgs=27 cs=0 l=1 rev1=1 crypto rx=0x7f5a18011670 tx=0x7f5a18011a50 comp rx=0 tx=0).stop
2024-02-10T06:38:50.949 INFO:teuthology.orchestra.run.smithi174.stdout:/usr/bin/ceph: stderr
2024-02-10T06:38:50.264+0000 7f5a23be0700 1 -- 172.21.15.174:0/3542137941 shutdown_connections
2024-02-10T06:38:50.949 INFO:teuthology.orchestra.run.smithi174.stdout:/usr/bin/ceph: stderr
2024-02-10T06:38:50.264+0000 7f5a23be0700 1 --2- 172.21.15.174:0/3542137941 >> v2:172.21.15.174:6800/2787410738 conn(0x7f5a08038ea0 0x7f5a0803b360 unknown :-1 s=CLOSED pgs=0 cs=0 l=1 rev1=0 crypto rx=0 tx=0 comp rx=0 tx=0).stop
2024-02-10T06:38:50.949 INFO:teuthology.orchestra.run.smithi174.stdout:/usr/bin/ceph: stderr
2024-02-10T06:38:50.264+0000 7f5a23be0700 1 --2- 172.21.15.174:0/3542137941 >> [v2:172.21.15.174:3300/0,v1:172.21.15.174:6789/0] conn(0x7f5a1c104740 0x7f5a1c19bcd0 unknown :-1 s=CLOSED pgs=27 cs=0 l=1 rev1=1 crypto rx=0 tx=0 comp rx=0 tx=0).stop
2024-02-10T06:38:50.949 INFO:teuthology.orchestra.run.smithi174.stdout:/usr/bin/ceph: stderr
2024-02-10T06:38:50.264+0000 7f5a23be0700 1 -- 172.21.15.174:0/3542137941 >> 172.21.15.174:0/3542137941 conn(0x7f5a1c100300 msgr2=0x7f5a1c192b00 unknown :-1 s=STATE_NONE l=0).mark_down
2024-02-10T06:38:50.949 INFO:teuthology.orchestra.run.smithi174.stdout:/usr/bin/ceph: stderr
2024-02-10T06:38:50.264+0000 7f5a23be0700 1 -- 172.21.15.174:0/3542137941 shutdown_connections
2024-02-10T06:38:50.949 INFO:teuthology.orchestra.run.smithi174.stdout:/usr/bin/ceph: stderr
2024-02-10T06:38:50.264+0000 7f5a23be0700 1 -- 172.21.15.174:0/3542137941 wait complete.
2024-02-10T06:38:50.949 INFO:teuthology.orchestra.run.smithi174.stdout:Waiting for the mgr to restart...
2024-02-10T06:38:50.949 INFO:teuthology.orchestra.run.smithi174.stdout:Waiting for mgr epoch 5...
2024-02-10T06:38:51.034 INFO:journalctl@ceph.mon.a.smithi174.stdout:Feb 10 06:38:50 smithi174 ceph-mon[29878]: from='client.? 172.21.15.174:0/3542137941' entity='client.admin' cmd=[{"prefix": "mgr stat"}]: dispatch
2024-02-10T06:38:51.034 INFO:journalctl@ceph.mgr.y.smithi174.stdout:Feb 10 06:38:50 smithi174 ceph-df845a14-c7de-11ee-95b8-87774f69a715-mgr-y[30130]:
2024-02-10T06:38:50.740+0000 7f46995cc200 -1 mgr[py] Module rgw has missing NOTIFY_TYPES member
2024-02-10T06:38:51.034 INFO:journalctl@ceph.mgr.y.smithi174.stdout:Feb 10 06:38:50 smithi174 ceph-df845a14-c7de-11ee-95b8-87774f69a715-mgr-y[30130]:
2024-02-10T06:38:50.849+0000 7f46995cc200 -1 mgr[py] Module rbd_support has missing NOTIFY_TYPES member
2024-02-10T06:38:51.034 INFO:journalctl@ceph.mgr.y.smithi174.stdout:Feb 10 06:38:50 smithi174 ceph-df845a14-c7de-11ee-95b8-87774f69a715-mgr-y[30130]:
2024-02-10T06:38:50.933+0000 7f46995cc200 -1 mgr[py] Module progress has missing NOTIFY_TYPES member
2024-02-10T06:38:51.034 INFO:journalctl@ceph.mgr.y.smithi174.stdout:Feb 10 06:38:51 smithi174 ceph-df845a14-c7de-11ee-95b8-87774f69a715-mgr-y[30130]:
2024-02-10T06:38:51.033+0000 7f46995cc200 -1 mgr[py] Module pg_autoscaler has missing NOTIFY_TYPES member
2024-02-10T06:38:51.286 INFO:journalctl@ceph.mgr.y.smithi174.stdout:Feb 10 06:38:51 smithi174 ceph-df845a14-c7de-11ee-95b8-87774f69a715-mgr-y[30130]:
2024-02-10T06:38:51.214+0000 7f46995cc200 -1 mgr[py] Module devicehealth has missing NOTIFY_TYPES member
2024-02-10T06:38:52.239 INFO:journalctl@ceph.mgr.y.smithi174.stdout:Feb 10 06:38:52 smithi174 ceph-df845a14-c7de-11ee-95b8-87774f69a715-mgr-y[30130]:
2024-02-10T06:38:52.172+0000 7f46995cc200 -1 mgr[py] Module rook has missing NOTIFY_TYPES member
2024-02-10T06:38:52.633 INFO:journalctl@ceph.mgr.y.smithi174.stdout:Feb 10 06:38:52 smithi174 ceph-df845a14-c7de-11ee-95b8-87774f69a715-mgr-y[30130]:
2024-02-10T06:38:52.300+0000 7f46995cc200 -1 mgr[py] Module diskprediction_local has missing NOTIFY_TYPES member
2024-02-10T06:38:52.633 INFO:journalctl@ceph.mgr.y.smithi174.stdout:Feb 10 06:38:52 smithi174 ceph-df845a14-c7de-11ee-95b8-87774f69a715-mgr-y[30130]:
2024-02-10T06:38:52.632+0000 7f46995cc200 -1 mgr[py] Module selftest has missing NOTIFY_TYPES member
2024-02-10T06:38:52.916 INFO:journalctl@ceph.mgr.y.smithi174.stdout:Feb 10 06:38:52 smithi174 ceph-df845a14-c7de-11ee-95b8-87774f69a715-mgr-y[30130]:
2024-02-10T06:38:52.722+0000 7f46995cc200 -1 mgr[py] Module telegraf has missing NOTIFY_TYPES member
2024-02-10T06:38:52.917 INFO:journalctl@ceph.mgr.y.smithi174.stdout:Feb 10 06:38:52 smithi174 ceph-df845a14-c7de-11ee-95b8-87774f69a715-mgr-y[30130]:
2024-02-10T06:38:52.916+0000 7f46995cc200 -1 mgr[py] Module test_orchestrator has missing NOTIFY_TYPES member
2024-02-10T06:38:53.239 INFO:journalctl@ceph.mgr.y.smithi174.stdout:Feb 10 06:38:53 smithi174 ceph-df845a14-c7de-11ee-95b8-87774f69a715-mgr-y[30130]:
2024-02-10T06:38:53.099+0000 7f46995cc200 -1 mgr[py] Module crash has missing NOTIFY_TYPES member
2024-02-10T06:38:53.640 INFO:journalctl@ceph.mgr.y.smithi174.stdout:Feb 10 06:38:53 smithi174 ceph-df845a14-c7de-11ee-95b8-87774f69a715-mgr-y[30130]:
2024-02-10T06:38:53.380+0000 7f46995cc200 -1 mgr[py] Module orchestrator has missing NOTIFY_TYPES member
2024-02-10T06:38:53.641 INFO:journalctl@ceph.mgr.y.smithi174.stdout:Feb 10 06:38:53 smithi174 ceph-df845a14-c7de-11ee-95b8-87774f69a715-mgr-y[30130]:
2024-02-10T06:38:53.639+0000 7f46995cc200 -1 mgr[py] Module osd_support has missing NOTIFY_TYPES member
2024-02-10T06:38:53.989 INFO:journalctl@ceph.mgr.y.smithi174.stdout:Feb 10 06:38:53 smithi174 ceph-df845a14-c7de-11ee-95b8-87774f69a715-mgr-y[30130]:
2024-02-10T06:38:53.871+0000 7f46995cc200 -1 mgr[py] Module volumes has missing NOTIFY_TYPES member
2024-02-10T06:38:54.941 INFO:journalctl@ceph.mgr.y.smithi174.stdout:Feb 10 06:38:54 smithi174 ceph-df845a14-c7de-11ee-95b8-87774f69a715-mgr-y[30130]:
2024-02-10T06:38:54.665+0000 7f46995cc200 -1 mgr[py] Module telemetry has missing NOTIFY_TYPES member
2024-02-10T06:38:55.589 INFO:journalctl@ceph.mgr.y.smithi174.stdout:Feb 10 06:38:55 smithi174 ceph-df845a14-c7de-11ee-95b8-87774f69a715-mgr-y[30130]:
2024-02-10T06:38:55.266+0000 7f46995cc200 -1 mgr[py] Module prometheus has missing NOTIFY_TYPES member
2024-02-10T06:38:55.589 INFO:journalctl@ceph.mgr.y.smithi174.stdout:Feb 10 06:38:55 smithi174 ceph-df845a14-c7de-11ee-95b8-87774f69a715-mgr-y[30130]:
2024-02-10T06:38:55.367+0000 7f46995cc200 -1 mgr[py] Module status has missing NOTIFY_TYPES member
2024-02-10T06:38:55.590 INFO:journalctl@ceph.mgr.y.smithi174.stdout:Feb 10 06:38:55 smithi174 ceph-df845a14-c7de-11ee-95b8-87774f69a715-mgr-y[30130]:
2024-02-10T06:38:55.588+0000 7f46995cc200 -1 mgr[py] Module nfs has missing NOTIFY_TYPES member
2024-02-10T06:38:55.891 INFO:journalctl@ceph.mon.a.smithi174.stdout:Feb 10 06:38:55 smithi174 ceph-mon[29878]: Active manager daemon y restarted
2024-02-10T06:38:55.891 INFO:journalctl@ceph.mon.a.smithi174.stdout:Feb 10 06:38:55 smithi174 ceph-mon[29878]: Activating manager daemon y
2024-02-10T06:38:55.891 INFO:journalctl@ceph.mon.a.smithi174.stdout:Feb 10 06:38:55 smithi174 ceph-mon[29878]: osdmap e2: 0 total, 0 up, 0 in
2024-02-10T06:38:55.891 INFO:journalctl@ceph.mon.a.smithi174.stdout:Feb 10 06:38:55 smithi174 ceph-mon[29878]: mgrmap e6: y(active, starting, since 0.00357965s)
2024-02-10T06:38:55.891 INFO:journalctl@ceph.mon.a.smithi174.stdout:Feb 10 06:38:55 smithi174 ceph-mon[29878]: from='mgr.14120 172.21.15.174:0/2723512793' entity='mgr.y' cmd=[{"prefix": "mon metadata", "id": "a"}]: dispatch
2024-02-10T06:38:55.891 INFO:journalctl@ceph.mon.a.smithi174.stdout:Feb 10 06:38:55 smithi174 ceph-mon[29878]: from='mgr.14120 172.21.15.174:0/2723512793' entity='mgr.y' cmd=[{"prefix": "mgr metadata", "who": "y", "id": "y"}]: dispatch
2024-02-10T06:38:55.892 INFO:journalctl@ceph.mon.a.smithi174.stdout:Feb 10 06:38:55 smithi174 ceph-mon[29878]: from='mgr.14120 172.21.15.174:0/2723512793' entity='mgr.y' cmd=[{"prefix": "mds metadata"}]: dispatch
2024-02-10T06:38:55.892 INFO:journalctl@ceph.mon.a.smithi174.stdout:Feb 10 06:38:55 smithi174 ceph-mon[29878]: from='mgr.14120 172.21.15.174:0/2723512793' entity='mgr.y' cmd=[{"prefix": "osd metadata"}]: dispatch
2024-02-10T06:38:55.892 INFO:journalctl@ceph.mon.a.smithi174.stdout:Feb 10 06:38:55 smithi174 ceph-mon[29878]: from='mgr.14120 172.21.15.174:0/2723512793' entity='mgr.y' cmd=[{"prefix": "mon metadata"}]: dispatch
2024-02-10T06:38:55.892 INFO:journalctl@ceph.mon.a.smithi174.stdout:Feb 10 06:38:55 smithi174 ceph-mon[29878]: Manager daemon y is now available
2024-02-10T06:38:55.892 INFO:journalctl@ceph.mon.a.smithi174.stdout:Feb 10 06:38:55 smithi174 ceph-mon[29878]: from='mgr.14120 172.21.15.174:0/2723512793' entity='mgr.y'
2024-02-10T06:38:55.892 INFO:journalctl@ceph.mon.a.smithi174.stdout:Feb 10 06:38:55 smithi174 ceph-mon[29878]: from='mgr.14120 172.21.15.174:0/2723512793' entity='mgr.y'
2024-02-10T06:38:55.892 INFO:journalctl@ceph.mon.a.smithi174.stdout:Feb 10 06:38:55 smithi174 ceph-mon[29878]: from='mgr.14120 172.21.15.174:0/2723512793' entity='mgr.y' cmd=[{"prefix": "config dump", "format": "json"}]: dispatch
2024-02-10T06:38:55.892 INFO:journalctl@ceph.mon.a.smithi174.stdout:Feb 10 06:38:55 smithi174 ceph-mon[29878]: from='mgr.14120 172.21.15.174:0/2723512793' entity='mgr.y' cmd=[{"prefix": "config dump", "format": "json"}]: dispatch
2024-02-10T06:38:55.892 INFO:journalctl@ceph.mon.a.smithi174.stdout:Feb 10 06:38:55 smithi174 ceph-mon[29878]: from='mgr.14120 172.21.15.174:0/2723512793' entity='mgr.y' cmd=[{"prefix": "config dump", "format": "json"}]: dispatch
2024-02-10T06:38:55.892 INFO:journalctl@ceph.mon.a.smithi174.stdout:Feb 10 06:38:55 smithi174 ceph-mon[29878]: from='mgr.14120 172.21.15.174:0/2723512793' entity='mgr.y' cmd=[{"prefix":"config rm","who":"mgr","name":"mgr/rbd_support/y/mirror_snapshot_schedule"}]: dispatch
2024-02-10T06:38:56.926 INFO:journalctl@ceph.mon.a.smithi174.stdout:Feb 10 06:38:56 smithi174 ceph-mon[29878]: Found migration_current of "None". Setting to last migration.
2024-02-10T06:38:56.926 INFO:journalctl@ceph.mon.a.smithi174.stdout:Feb 10 06:38:56 smithi174 ceph-mon[29878]: from='mgr.14120 172.21.15.174:0/2723512793' entity='mgr.y' cmd=[{"prefix":"config rm","who":"mgr","name":"mgr/rbd_support/y/trash_purge_schedule"}]: dispatch
2024-02-10T06:38:56.927 INFO:journalctl@ceph.mon.a.smithi174.stdout:Feb 10 06:38:56 smithi174 ceph-mon[29878]: from='mgr.14120 172.21.15.174:0/2723512793' entity='mgr.y'
2024-02-10T06:38:56.927 INFO:journalctl@ceph.mon.a.smithi174.stdout:Feb 10 06:38:56 smithi174 ceph-mon[29878]: from='mgr.14120 172.21.15.174:0/2723512793' entity='mgr.y'
2024-02-10T06:38:56.927 INFO:journalctl@ceph.mon.a.smithi174.stdout:Feb 10 06:38:56 smithi174 ceph-mon[29878]: mgrmap e7: y(active, since 1.00617s)
2024-02-10T06:38:57.212 INFO:teuthology.orchestra.run.smithi174.stdout:/usr/bin/ceph: stdout {
2024-02-10T06:38:57.220 INFO:teuthology.orchestra.run.smithi174.stdout:/usr/bin/ceph: stdout "mgrmap_epoch": 7,
2024-02-10T06:38:57.220 INFO:teuthology.orchestra.run.smithi174.stdout:/usr/bin/ceph: stdout "initialized": true
2024-02-10T06:38:57.221 INFO:teuthology.orchestra.run.smithi174.stdout:/usr/bin/ceph: stdout }
2024-02-10T06:38:57.221 INFO:teuthology.orchestra.run.smithi174.stdout:/usr/bin/ceph: stderr
2024-02-10T06:38:51.381+0000 7fdf3bd00700 1 Processor -- start
2024-02-10T06:38:57.221 INFO:teuthology.orchestra.run.smithi174.stdout:/usr/bin/ceph: stderr
2024-02-10T06:38:51.381+0000 7fdf3bd00700 1 -- start start
2024-02-10T06:38:57.221 INFO:teuthology.orchestra.run.smithi174.stdout:/usr/bin/ceph: stderr
2024-02-10T06:38:51.381+0000 7fdf3bd00700 1 --2- >> [v2:172.21.15.174:3300/0,v1:172.21.15.174:6789/0] conn(0x7fdf341046c0 0x7fdf34104ae0 unknown :-1 s=NONE pgs=0 cs=0 l=0 rev1=0 crypto rx=0 tx=0 comp rx=0 tx=0).connect
2024-02-10T06:38:57.221 INFO:teuthology.orchestra.run.smithi174.stdout:/usr/bin/ceph: stderr
2024-02-10T06:38:51.381+0000 7fdf3bd00700 1 -- --> [v2:172.21.15.174:3300/0,v1:172.21.15.174:6789/0] -- mon_getmap magic: 0 v1 -- 0x7fdf34079740 con 0x7fdf341046c0
2024-02-10T06:38:57.221 INFO:teuthology.orchestra.run.smithi174.stdout:/usr/bin/ceph: stderr
2024-02-10T06:38:51.381+0000 7fdf39a9c700 1 --2- >> [v2:172.21.15.174:3300/0,v1:172.21.15.174:6789/0] conn(0x7fdf341046c0 0x7fdf34104ae0 unknown :-1 s=BANNER_CONNECTING pgs=0 cs=0 l=0 rev1=0 crypto rx=0 tx=0 comp rx=0 tx=0)._handle_peer_banner_payload supported=3 required=0
2024-02-10T06:38:57.221 INFO:teuthology.orchestra.run.smithi174.stdout:/usr/bin/ceph: stderr
2024-02-10T06:38:51.381+0000 7fdf39a9c700 1 --2- >> [v2:172.21.15.174:3300/0,v1:172.21.15.174:6789/0] conn(0x7fdf341046c0 0x7fdf34104ae0 unknown :-1 s=HELLO_CONNECTING pgs=0 cs=0 l=0 rev1=1 crypto rx=0 tx=0 comp rx=0 tx=0).handle_hello peer v2:172.21.15.174:3300/0 says I am v2:172.21.15.174:48406/0 (socket says 172.21.15.174:48406)
2024-02-10T06:38:57.221 INFO:teuthology.orchestra.run.smithi174.stdout:/usr/bin/ceph: stderr
2024-02-10T06:38:51.381+0000 7fdf39a9c700 1 -- 172.21.15.174:0/1813529228 learned_addr learned my addr 172.21.15.174:0/1813529228 (peer_addr_for_me v2:172.21.15.174:0/0)
2024-02-10T06:38:57.221 INFO:teuthology.orchestra.run.smithi174.stdout:/usr/bin/ceph: stderr
2024-02-10T06:38:51.382+0000 7fdf39a9c700 1 -- 172.21.15.174:0/1813529228 --> [v2:172.21.15.174:3300/0,v1:172.21.15.174:6789/0] -- mon_subscribe({config=0+,monmap=0+}) v3 -- 0x7fdf34105020 con 0x7fdf341046c0
2024-02-10T06:38:57.221 INFO:teuthology.orchestra.run.smithi174.stdout:/usr/bin/ceph: stderr
2024-02-10T06:38:51.382+0000 7fdf39a9c700 1 --2- 172.21.15.174:0/1813529228 >> [v2:172.21.15.174:3300/0,v1:172.21.15.174:6789/0] conn(0x7fdf341046c0 0x7fdf34104ae0 secure :-1 s=READY pgs=28 cs=0 l=1 rev1=1 crypto rx=0x7fdf300098a0 tx=0x7fdf30009bb0 comp rx=0 tx=0).ready entity=mon.0 client_cookie=237ff9193f7673f0 server_cookie=0 in_seq=0 out_seq=0
2024-02-10T06:38:57.221 INFO:teuthology.orchestra.run.smithi174.stdout:/usr/bin/ceph: stderr
2024-02-10T06:38:51.382+0000 7fdf38a9a700 1 -- 172.21.15.174:0/1813529228 <== mon.0 v2:172.21.15.174:3300/0 1 ==== mon_map magic: 0 v1 ==== 205+0+0 (secure 0 0 0) 0x7fdf30004160 con 0x7fdf341046c0
2024-02-10T06:38:57.221 INFO:teuthology.orchestra.run.smithi174.stdout:/usr/bin/ceph: stderr
2024-02-10T06:38:51.382+0000 7fdf38a9a700 1 -- 172.21.15.174:0/1813529228 <== mon.0 v2:172.21.15.174:3300/0 2 ==== config(26 keys) v1 ==== 1062+0+0 (secure 0 0 0) 0x7fdf300042c0 con 0x7fdf341046c0
2024-02-10T06:38:57.222 INFO:teuthology.orchestra.run.smithi174.stdout:/usr/bin/ceph: stderr
2024-02-10T06:38:51.382+0000 7fdf38a9a700 1 -- 172.21.15.174:0/1813529228 <== mon.0 v2:172.21.15.174:3300/0 3 ==== mon_map magic: 0 v1 ==== 205+0+0 (secure 0 0 0) 0x7fdf300119b0 con 0x7fdf341046c0
2024-02-10T06:38:57.222 INFO:teuthology.orchestra.run.smithi174.stdout:/usr/bin/ceph: stderr
2024-02-10T06:38:51.382+0000 7fdf3bd00700 1 -- 172.21.15.174:0/1813529228 >> [v2:172.21.15.174:3300/0,v1:172.21.15.174:6789/0] conn(0x7fdf341046c0 msgr2=0x7fdf34104ae0 secure :-1 s=STATE_CONNECTION_ESTABLISHED l=1).mark_down
2024-02-10T06:38:57.222 INFO:teuthology.orchestra.run.smithi174.stdout:/usr/bin/ceph: stderr
2024-02-10T06:38:51.382+0000 7fdf3bd00700 1 --2- 172.21.15.174:0/1813529228 >> [v2:172.21.15.174:3300/0,v1:172.21.15.174:6789/0] conn(0x7fdf341046c0 0x7fdf34104ae0 secure :-1 s=READY pgs=28 cs=0 l=1 rev1=1 crypto rx=0x7fdf300098a0 tx=0x7fdf30009bb0 comp rx=0 tx=0).stop
2024-02-10T06:38:57.222 INFO:teuthology.orchestra.run.smithi174.stdout:/usr/bin/ceph: stderr
2024-02-10T06:38:51.383+0000 7fdf3bd00700 1 -- 172.21.15.174:0/1813529228 shutdown_connections
2024-02-10T06:38:57.222 INFO:teuthology.orchestra.run.smithi174.stdout:/usr/bin/ceph: stderr
2024-02-10T06:38:51.383+0000 7fdf3bd00700 1 --2- 172.21.15.174:0/1813529228 >> [v2:172.21.15.174:3300/0,v1:172.21.15.174:6789/0] conn(0x7fdf341046c0 0x7fdf34104ae0 unknown :-1 s=CLOSED pgs=28 cs=0 l=1 rev1=1 crypto rx=0 tx=0 comp rx=0 tx=0).stop
2024-02-10T06:38:57.222 INFO:teuthology.orchestra.run.smithi174.stdout:/usr/bin/ceph: stderr
2024-02-10T06:38:51.383+0000 7fdf3bd00700 1 -- 172.21.15.174:0/1813529228 >> 172.21.15.174:0/1813529228 conn(0x7fdf34100300 msgr2=0x7fdf34102740 unknown :-1 s=STATE_NONE l=0).mark_down
2024-02-10T06:38:57.222 INFO:teuthology.orchestra.run.smithi174.stdout:/usr/bin/ceph: stderr
2024-02-10T06:38:51.383+0000 7fdf3bd00700 1 -- 172.21.15.174:0/1813529228 shutdown_connections
2024-02-10T06:38:57.222 INFO:teuthology.orchestra.run.smithi174.stdout:/usr/bin/ceph: stderr
2024-02-10T06:38:51.383+0000 7fdf3bd00700 1 -- 172.21.15.174:0/1813529228 wait complete.
2024-02-10T06:38:57.222 INFO:teuthology.orchestra.run.smithi174.stdout:/usr/bin/ceph: stderr
2024-02-10T06:38:51.383+0000 7fdf3bd00700 1 Processor -- start
2024-02-10T06:38:57.222 INFO:teuthology.orchestra.run.smithi174.stdout:/usr/bin/ceph: stderr
2024-02-10T06:38:51.383+0000 7fdf3bd00700 1 -- start start
2024-02-10T06:38:57.222 INFO:teuthology.orchestra.run.smithi174.stdout:/usr/bin/ceph: stderr
2024-02-10T06:38:51.384+0000 7fdf3bd00700 1 --2- >> [v2:172.21.15.174:3300/0,v1:172.21.15.174:6789/0] conn(0x7fdf341046c0 0x7fdf3419bcc0 unknown :-1 s=NONE pgs=0 cs=0 l=1 rev1=0 crypto rx=0 tx=0 comp rx=0 tx=0).connect
2024-02-10T06:38:57.222 INFO:teuthology.orchestra.run.smithi174.stdout:/usr/bin/ceph: stderr
2024-02-10T06:38:51.384+0000 7fdf3bd00700 1 -- --> [v2:172.21.15.174:3300/0,v1:172.21.15.174:6789/0] -- mon_getmap magic: 0 v1 -- 0x7fdf3419c200 con 0x7fdf341046c0
2024-02-10T06:38:57.222 INFO:teuthology.orchestra.run.smithi174.stdout:/usr/bin/ceph: stderr
2024-02-10T06:38:51.384+0000 7fdf39a9c700 1 --2- >> [v2:172.21.15.174:3300/0,v1:172.21.15.174:6789/0] conn(0x7fdf341046c0 0x7fdf3419bcc0 unknown :-1 s=BANNER_CONNECTING pgs=0 cs=0 l=1 rev1=0 crypto rx=0 tx=0 comp rx=0 tx=0)._handle_peer_banner_payload supported=3 required=0
2024-02-10T06:38:57.222 INFO:teuthology.orchestra.run.smithi174.stdout:/usr/bin/ceph: stderr
2024-02-10T06:38:51.384+0000 7fdf39a9c700 1 --2- >> [v2:172.21.15.174:3300/0,v1:172.21.15.174:6789/0] conn(0x7fdf341046c0 0x7fdf3419bcc0 unknown :-1 s=HELLO_CONNECTING pgs=0 cs=0 l=1 rev1=1 crypto rx=0 tx=0 comp rx=0 tx=0).handle_hello peer v2:172.21.15.174:3300/0 says I am v2:172.21.15.174:48416/0 (socket says 172.21.15.174:48416)
2024-02-10T06:38:57.223 INFO:teuthology.orchestra.run.smithi174.stdout:/usr/bin/ceph: stderr
2024-02-10T06:38:51.384+0000 7fdf39a9c700 1 -- 172.21.15.174:0/213498407 learned_addr learned my addr 172.21.15.174:0/213498407 (peer_addr_for_me v2:172.21.15.174:0/0)
2024-02-10T06:38:57.223 INFO:teuthology.orchestra.run.smithi174.stdout:/usr/bin/ceph: stderr
2024-02-10T06:38:51.384+0000 7fdf39a9c700 1 -- 172.21.15.174:0/213498407 --> [v2:172.21.15.174:3300/0,v1:172.21.15.174:6789/0] -- mon_subscribe({config=0+,monmap=0+}) v3 -- 0x7fdf30009550 con 0x7fdf341046c0
2024-02-10T06:38:57.223 INFO:teuthology.orchestra.run.smithi174.stdout:/usr/bin/ceph: stderr
2024-02-10T06:38:51.384+0000 7fdf39a9c700 1 --2- 172.21.15.174:0/213498407 >> [v2:172.21.15.174:3300/0,v1:172.21.15.174:6789/0] conn(0x7fdf341046c0 0x7fdf3419bcc0 secure :-1 s=READY pgs=29 cs=0 l=1 rev1=1 crypto rx=0x7fdf300046c0 tx=0x7fdf30011a50 comp rx=0 tx=0).ready entity=mon.0 client_cookie=0 server_cookie=0 in_seq=0 out_seq=0
2024-02-10T06:38:57.223 INFO:teuthology.orchestra.run.smithi174.stdout:/usr/bin/ceph: stderr
2024-02-10T06:38:51.384+0000 7fdf2affd700 1 -- 172.21.15.174:0/213498407 <== mon.0 v2:172.21.15.174:3300/0 1 ==== mon_map magic: 0 v1 ==== 205+0+0 (secure 0 0 0) 0x7fdf300038b0 con 0x7fdf341046c0
2024-02-10T06:38:57.223 INFO:teuthology.orchestra.run.smithi174.stdout:/usr/bin/ceph: stderr
2024-02-10T06:38:51.384+0000 7fdf2affd700 1 -- 172.21.15.174:0/213498407 <== mon.0 v2:172.21.15.174:3300/0 2 ==== config(26 keys) v1 ==== 1062+0+0 (secure 0 0 0) 0x7fdf30003a10 con 0x7fdf341046c0
2024-02-10T06:38:57.223 INFO:teuthology.orchestra.run.smithi174.stdout:/usr/bin/ceph: stderr
2024-02-10T06:38:51.384+0000 7fdf3bd00700 1 -- 172.21.15.174:0/213498407 --> [v2:172.21.15.174:3300/0,v1:172.21.15.174:6789/0] -- mon_subscribe({mgrmap=0+}) v3 -- 0x7fdf3419c400 con 0x7fdf341046c0
2024-02-10T06:38:57.223 INFO:teuthology.orchestra.run.smithi174.stdout:/usr/bin/ceph: stderr
2024-02-10T06:38:51.385+0000 7fdf2affd700 1 -- 172.21.15.174:0/213498407 <== mon.0 v2:172.21.15.174:3300/0 3 ==== mon_map magic: 0 v1 ==== 205+0+0 (secure 0 0 0) 0x7fdf30019690 con 0x7fdf341046c0
2024-02-10T06:38:57.223 INFO:teuthology.orchestra.run.smithi174.stdout:/usr/bin/ceph: stderr
2024-02-10T06:38:51.385+0000 7fdf3bd00700 1 -- 172.21.15.174:0/213498407 --> [v2:172.21.15.174:3300/0,v1:172.21.15.174:6789/0] -- mon_subscribe({osdmap=0}) v3 -- 0x7fdf3419c8a0 con 0x7fdf341046c0
2024-02-10T06:38:57.223 INFO:teuthology.orchestra.run.smithi174.stdout:/usr/bin/ceph: stderr
2024-02-10T06:38:51.385+0000 7fdf2affd700 1 -- 172.21.15.174:0/213498407 <== mon.0 v2:172.21.15.174:3300/0 4 ==== mgrmap(e 5) v1 ==== 45897+0+0 (secure 0 0 0) 0x7fdf30019870 con 0x7fdf341046c0
2024-02-10T06:38:57.223 INFO:teuthology.orchestra.run.smithi174.stdout:/usr/bin/ceph: stderr
2024-02-10T06:38:51.386+0000 7fdf2affd700 1 --2- 172.21.15.174:0/213498407 >> v2:172.21.15.174:6800/2787410738 conn(0x7fdf20038b40 0x7fdf2003b000 unknown :-1 s=NONE pgs=0 cs=0 l=1 rev1=0 crypto rx=0 tx=0 comp rx=0 tx=0).connect
2024-02-10T06:38:57.223 INFO:teuthology.orchestra.run.smithi174.stdout:/usr/bin/ceph: stderr
2024-02-10T06:38:51.386+0000 7fdf2affd700 1 -- 172.21.15.174:0/213498407 <== mon.0 v2:172.21.15.174:3300/0 5 ==== osd_map(1..1 src has 1..1) v4 ==== 725+0+0 (secure 0 0 0) 0x7fdf30052170 con 0x7fdf341046c0
2024-02-10T06:38:57.223 INFO:teuthology.orchestra.run.smithi174.stdout:/usr/bin/ceph: stderr
2024-02-10T06:38:51.386+0000 7fdf3929b700 1 -- 172.21.15.174:0/213498407 >> v2:172.21.15.174:6800/2787410738 conn(0x7fdf20038b40 msgr2=0x7fdf2003b000 unknown :-1 s=STATE_CONNECTING_RE l=1).process reconnect failed to v2:172.21.15.174:6800/2787410738
2024-02-10T06:38:57.223 INFO:teuthology.orchestra.run.smithi174.stdout:/usr/bin/ceph: stderr
2024-02-10T06:38:51.386+0000 7fdf3929b700 1 --2- 172.21.15.174:0/213498407 >> v2:172.21.15.174:6800/2787410738 conn(0x7fdf20038b40 0x7fdf2003b000 unknown :-1 s=START_CONNECT pgs=0 cs=0 l=1 rev1=0 crypto rx=0 tx=0 comp rx=0 tx=0)._fault waiting 0.200000
2024-02-10T06:38:57.223 INFO:teuthology.orchestra.run.smithi174.stdout:/usr/bin/ceph: stderr
2024-02-10T06:38:51.386+0000 7fdf3bd00700 1 -- 172.21.15.174:0/213498407 --> v2:172.21.15.174:6800/2787410738 -- command(tid 0: {"prefix": "get_command_descriptions"}) v1 -- 0x7fdf34105db0 con 0x7fdf20038b40
2024-02-10T06:38:57.224 INFO:teuthology.orchestra.run.smithi174.stdout:/usr/bin/ceph: stderr
2024-02-10T06:38:51.587+0000 7fdf3929b700 1 -- 172.21.15.174:0/213498407 >> v2:172.21.15.174:6800/2787410738 conn(0x7fdf20038b40 msgr2=0x7fdf2003b000 unknown :-1 s=STATE_CONNECTING_RE l=1).process reconnect failed to v2:172.21.15.174:6800/2787410738
2024-02-10T06:38:57.224 INFO:teuthology.orchestra.run.smithi174.stdout:/usr/bin/ceph: stderr
2024-02-10T06:38:51.587+0000 7fdf3929b700 1 --2- 172.21.15.174:0/213498407 >> v2:172.21.15.174:6800/2787410738 conn(0x7fdf20038b40 0x7fdf2003b000 unknown :-1 s=START_CONNECT pgs=0 cs=0 l=1 rev1=0 crypto rx=0 tx=0 comp rx=0 tx=0)._fault waiting 0.400000
2024-02-10T06:38:57.224 INFO:teuthology.orchestra.run.smithi174.stdout:/usr/bin/ceph: stderr
2024-02-10T06:38:51.988+0000 7fdf3929b700 1 -- 172.21.15.174:0/213498407 >> v2:172.21.15.174:6800/2787410738 conn(0x7fdf20038b40 msgr2=0x7fdf2003b000 unknown :-1 s=STATE_CONNECTING_RE l=1).process reconnect failed to v2:172.21.15.174:6800/2787410738
2024-02-10T06:38:57.224 INFO:teuthology.orchestra.run.smithi174.stdout:/usr/bin/ceph: stderr
2024-02-10T06:38:51.988+0000 7fdf3929b700 1 --2- 172.21.15.174:0/213498407 >> v2:172.21.15.174:6800/2787410738 conn(0x7fdf20038b40 0x7fdf2003b000 unknown :-1 s=START_CONNECT pgs=0 cs=0 l=1 rev1=0 crypto rx=0 tx=0 comp rx=0 tx=0)._fault waiting 0.800000
2024-02-10T06:38:57.224 INFO:teuthology.orchestra.run.smithi174.stdout:/usr/bin/ceph: stderr
2024-02-10T06:38:52.789+0000 7fdf3929b700 1 -- 172.21.15.174:0/213498407 >> v2:172.21.15.174:6800/2787410738 conn(0x7fdf20038b40 msgr2=0x7fdf2003b000 unknown :-1 s=STATE_CONNECTING_RE l=1).process reconnect failed to v2:172.21.15.174:6800/2787410738
2024-02-10T06:38:57.224 INFO:teuthology.orchestra.run.smithi174.stdout:/usr/bin/ceph: stderr
2024-02-10T06:38:52.789+0000 7fdf3929b700 1 --2- 172.21.15.174:0/213498407 >> v2:172.21.15.174:6800/2787410738 conn(0x7fdf20038b40 0x7fdf2003b000 unknown :-1 s=START_CONNECT pgs=0 cs=0 l=1 rev1=0 crypto rx=0 tx=0 comp rx=0 tx=0)._fault waiting 1.600000
2024-02-10T06:38:57.224 INFO:teuthology.orchestra.run.smithi174.stdout:/usr/bin/ceph: stderr
2024-02-10T06:38:54.390+0000 7fdf3929b700 1 -- 172.21.15.174:0/213498407 >> v2:172.21.15.174:6800/2787410738 conn(0x7fdf20038b40 msgr2=0x7fdf2003b000 unknown :-1 s=STATE_CONNECTING_RE l=1).process reconnect failed to v2:172.21.15.174:6800/2787410738
2024-02-10T06:38:57.224 INFO:teuthology.orchestra.run.smithi174.stdout:/usr/bin/ceph: stderr
2024-02-10T06:38:54.390+0000 7fdf3929b700 1 --2- 172.21.15.174:0/213498407 >> v2:172.21.15.174:6800/2787410738 conn(0x7fdf20038b40 0x7fdf2003b000 unknown :-1 s=START_CONNECT pgs=0 cs=0 l=1 rev1=0 crypto rx=0 tx=0 comp rx=0 tx=0)._fault waiting 3.200000
2024-02-10T06:38:57.224 INFO:teuthology.orchestra.run.smithi174.stdout:/usr/bin/ceph: stderr
2024-02-10T06:38:55.604+0000 7fdf2affd700 1 -- 172.21.15.174:0/213498407 <== mon.0 v2:172.21.15.174:3300/0 6 ==== mgrmap(e 6) v1 ==== 45699+0+0 (secure 0 0 0) 0x7fdf3000b520 con 0x7fdf341046c0
2024-02-10T06:38:57.224 INFO:teuthology.orchestra.run.smithi174.stdout:/usr/bin/ceph: stderr
2024-02-10T06:38:55.604+0000 7fdf2affd700 1 -- 172.21.15.174:0/213498407 >> v2:172.21.15.174:6800/2787410738 conn(0x7fdf20038b40 msgr2=0x7fdf2003b000 unknown :-1 s=STATE_CONNECTING l=1).mark_down
2024-02-10T06:38:57.224 INFO:teuthology.orchestra.run.smithi174.stdout:/usr/bin/ceph: stderr
2024-02-10T06:38:55.604+0000 7fdf2affd700 1 --2- 172.21.15.174:0/213498407 >> v2:172.21.15.174:6800/2787410738 conn(0x7fdf20038b40 0x7fdf2003b000 unknown :-1 s=START_CONNECT pgs=0 cs=0 l=1 rev1=0 crypto rx=0 tx=0 comp rx=0 tx=0).stop
2024-02-10T06:38:57.224 INFO:teuthology.orchestra.run.smithi174.stdout:/usr/bin/ceph: stderr
2024-02-10T06:38:56.606+0000 7fdf2affd700 1 -- 172.21.15.174:0/213498407 <== mon.0 v2:172.21.15.174:3300/0 7 ==== mgrmap(e 7) v1 ==== 45791+0+0 (secure 0 0 0) 0x7fdf30043160 con 0x7fdf341046c0
2024-02-10T06:38:57.225 INFO:teuthology.orchestra.run.smithi174.stdout:/usr/bin/ceph: stderr
2024-02-10T06:38:56.606+0000 7fdf2affd700 1 --2- 172.21.15.174:0/213498407 >> v2:172.21.15.174:6800/1048754011 conn(0x7fdf2003c320 0x7fdf2003e710 unknown :-1 s=NONE pgs=0 cs=0 l=1 rev1=0 crypto rx=0 tx=0 comp rx=0 tx=0).connect
2024-02-10T06:38:57.225 INFO:teuthology.orchestra.run.smithi174.stdout:/usr/bin/ceph: stderr
2024-02-10T06:38:56.606+0000 7fdf2affd700 1 -- 172.21.15.174:0/213498407 --> v2:172.21.15.174:6800/1048754011 -- command(tid 0: {"prefix": "get_command_descriptions"}) v1 -- 0x7fdf34105db0 con 0x7fdf2003c320
2024-02-10T06:38:57.225 INFO:teuthology.orchestra.run.smithi174.stdout:/usr/bin/ceph: stderr
2024-02-10T06:38:56.606+0000 7fdf3929b700 1 --2- 172.21.15.174:0/213498407 >> v2:172.21.15.174:6800/1048754011 conn(0x7fdf2003c320 0x7fdf2003e710 unknown :-1 s=BANNER_CONNECTING pgs=0 cs=0 l=1 rev1=0 crypto rx=0 tx=0 comp rx=0 tx=0)._handle_peer_banner_payload supported=3 required=0
2024-02-10T06:38:57.225 INFO:teuthology.orchestra.run.smithi174.stdout:/usr/bin/ceph: stderr
2024-02-10T06:38:56.607+0000 7fdf3929b700 1 --2- 172.21.15.174:0/213498407 >> v2:172.21.15.174:6800/1048754011 conn(0x7fdf2003c320 0x7fdf2003e710 secure :-1 s=READY pgs=1 cs=0 l=1 rev1=1 crypto rx=0x7fdf24003a10 tx=0x7fdf240092b0 comp rx=0 tx=0).ready entity=mgr.14120 client_cookie=0 server_cookie=0 in_seq=0 out_seq=0
2024-02-10T06:38:57.225 INFO:teuthology.orchestra.run.smithi174.stdout:/usr/bin/ceph: stderr
2024-02-10T06:38:56.607+0000 7fdf2affd700 1 -- 172.21.15.174:0/213498407 <== mgr.14120 v2:172.21.15.174:6800/1048754011 1 ==== command_reply(tid 0: 0 ) v1 ==== 8+0+7774 (secure 0 0 0) 0x7fdf34105db0 con 0x7fdf2003c320
2024-02-10T06:38:57.225 INFO:teuthology.orchestra.run.smithi174.stdout:/usr/bin/ceph: stderr
2024-02-10T06:38:56.614+0000 7fdf3bd00700 1 -- 172.21.15.174:0/213498407 --> v2:172.21.15.174:6800/1048754011 -- command(tid 1: {"prefix": "mgr_status"}) v1 -- 0x7fdf34105f20 con 0x7fdf2003c320
2024-02-10T06:38:57.225 INFO:teuthology.orchestra.run.smithi174.stdout:/usr/bin/ceph: stderr
2024-02-10T06:38:56.614+0000 7fdf2affd700 1 -- 172.21.15.174:0/213498407 <== mgr.14120 v2:172.21.15.174:6800/1048754011 2 ==== command_reply(tid 1: 0 ) v1 ==== 8+0+51 (secure 0 0 0) 0x7fdf34105f20 con 0x7fdf2003c320
2024-02-10T06:38:57.225 INFO:teuthology.orchestra.run.smithi174.stdout:/usr/bin/ceph: stderr
2024-02-10T06:38:56.614+0000 7fdf3bd00700 1 -- 172.21.15.174:0/213498407 >> v2:172.21.15.174:6800/1048754011 conn(0x7fdf2003c320 msgr2=0x7fdf2003e710 secure :-1 s=STATE_CONNECTION_ESTABLISHED l=1).mark_down
2024-02-10T06:38:57.225 INFO:teuthology.orchestra.run.smithi174.stdout:/usr/bin/ceph: stderr
2024-02-10T06:38:56.614+0000 7fdf3bd00700 1 --2- 172.21.15.174:0/213498407 >> v2:172.21.15.174:6800/1048754011 conn(0x7fdf2003c320 0x7fdf2003e710 secure :-1 s=READY pgs=1 cs=0 l=1 rev1=1 crypto rx=0x7fdf24003a10 tx=0x7fdf240092b0 comp rx=0 tx=0).stop
2024-02-10T06:38:57.225 INFO:teuthology.orchestra.run.smithi174.stdout:/usr/bin/ceph: stderr
2024-02-10T06:38:56.614+0000 7fdf3bd00700 1 -- 172.21.15.174:0/213498407 >> [v2:172.21.15.174:3300/0,v1:172.21.15.174:6789/0] conn(0x7fdf341046c0 msgr2=0x7fdf3419bcc0 secure :-1 s=STATE_CONNECTION_ESTABLISHED l=1).mark_down
2024-02-10T06:38:57.225 INFO:teuthology.orchestra.run.smithi174.stdout:/usr/bin/ceph: stderr
2024-02-10T06:38:56.614+0000 7fdf3bd00700 1 --2- 172.21.15.174:0/213498407 >> [v2:172.21.15.174:3300/0,v1:172.21.15.174:6789/0] conn(0x7fdf341046c0 0x7fdf3419bcc0 secure :-1 s=READY pgs=29 cs=0 l=1 rev1=1 crypto rx=0x7fdf300046c0 tx=0x7fdf30011a50 comp rx=0 tx=0).stop
2024-02-10T06:38:57.225 INFO:teuthology.orchestra.run.smithi174.stdout:/usr/bin/ceph: stderr
2024-02-10T06:38:56.614+0000 7fdf3bd00700 1 -- 172.21.15.174:0/213498407 shutdown_connections
2024-02-10T06:38:57.225 INFO:teuthology.orchestra.run.smithi174.stdout:/usr/bin/ceph: stderr
2024-02-10T06:38:56.614+0000 7fdf3bd00700 1 --2- 172.21.15.174:0/213498407 >> v2:172.21.15.174:6800/1048754011 conn(0x7fdf2003c320 0x7fdf2003e710 unknown :-1 s=CLOSED pgs=1 cs=0 l=1 rev1=1 crypto rx=0 tx=0 comp rx=0 tx=0).stop
2024-02-10T06:38:57.226 INFO:teuthology.orchestra.run.smithi174.stdout:/usr/bin/ceph: stderr
2024-02-10T06:38:56.614+0000 7fdf3bd00700 1 --2- 172.21.15.174:0/213498407 >> [v2:172.21.15.174:3300/0,v1:172.21.15.174:6789/0] conn(0x7fdf341046c0 0x7fdf3419bcc0 unknown :-1 s=CLOSED pgs=29 cs=0 l=1 rev1=1 crypto rx=0 tx=0 comp rx=0 tx=0).stop
2024-02-10T06:38:57.226 INFO:teuthology.orchestra.run.smithi174.stdout:/usr/bin/ceph: stderr
2024-02-10T06:38:56.614+0000 7fdf3bd00700 1 --2- 172.21.15.174:0/213498407 >> v2:172.21.15.174:6800/2787410738 conn(0x7fdf20038b40 0x7fdf2003b000 unknown :-1 s=CLOSED pgs=0 cs=0 l=1 rev1=0 crypto rx=0 tx=0 comp rx=0 tx=0).stop
2024-02-10T06:38:57.226 INFO:teuthology.orchestra.run.smithi174.stdout:/usr/bin/ceph: stderr
2024-02-10T06:38:56.614+0000 7fdf3bd00700 1 -- 172.21.15.174:0/213498407 >> 172.21.15.174:0/213498407 conn(0x7fdf34100300 msgr2=0x7fdf34192b30 unknown :-1 s=STATE_NONE l=0).mark_down
2024-02-10T06:38:57.226 INFO:teuthology.orchestra.run.smithi174.stdout:/usr/bin/ceph: stderr
2024-02-10T06:38:56.615+0000 7fdf3bd00700 1 -- 172.21.15.174:0/213498407 shutdown_connections
2024-02-10T06:38:57.226 INFO:teuthology.orchestra.run.smithi174.stdout:/usr/bin/ceph: stderr
2024-02-10T06:38:56.615+0000 7fdf3bd00700 1 -- 172.21.15.174:0/213498407 wait complete.
2024-02-10T06:38:57.226 INFO:teuthology.orchestra.run.smithi174.stdout:mgr epoch 5 is available
2024-02-10T06:38:57.226 INFO:teuthology.orchestra.run.smithi174.stdout:Setting orchestrator backend to cephadm...
2024-02-10T06:38:57.926 INFO:journalctl@ceph.mon.a.smithi174.stdout:Feb 10 06:38:57 smithi174 ceph-mon[29878]: [10/Feb/2024:06:38:56] ENGINE Bus STARTING
2024-02-10T06:38:57.926 INFO:journalctl@ceph.mon.a.smithi174.stdout:Feb 10 06:38:57 smithi174 ceph-mon[29878]: from='client.14124 -' entity='client.admin' cmd=[{"prefix": "get_command_descriptions"}]: dispatch
2024-02-10T06:38:57.926 INFO:journalctl@ceph.mon.a.smithi174.stdout:Feb 10 06:38:57 smithi174 ceph-mon[29878]: from='client.14124 -' entity='client.admin' cmd=[{"prefix": "mgr_status"}]: dispatch
2024-02-10T06:38:57.926 INFO:journalctl@ceph.mon.a.smithi174.stdout:Feb 10 06:38:57 smithi174 ceph-mon[29878]: [10/Feb/2024:06:38:56] ENGINE Serving on https://172.21.15.174:7150
2024-02-10T06:38:57.927 INFO:journalctl@ceph.mon.a.smithi174.stdout:Feb 10 06:38:57 smithi174 ceph-mon[29878]: [10/Feb/2024:06:38:56] ENGINE Serving on http://172.21.15.174:8765
2024-02-10T06:38:57.927 INFO:journalctl@ceph.mon.a.smithi174.stdout:Feb 10 06:38:57 smithi174 ceph-mon[29878]: [10/Feb/2024:06:38:56] ENGINE Bus STARTED
2024-02-10T06:38:57.927 INFO:journalctl@ceph.mon.a.smithi174.stdout:Feb 10 06:38:57 smithi174 ceph-mon[29878]: from='mgr.14120 172.21.15.174:0/2723512793' entity='mgr.y' cmd=[{"prefix": "config dump", "format": "json"}]: dispatch
2024-02-10T06:38:58.523 INFO:teuthology.orchestra.run.smithi174.stdout:/usr/bin/ceph: stderr
2024-02-10T06:38:57.707+0000 7ff3898ec700 1 Processor -- start
2024-02-10T06:38:58.523 INFO:teuthology.orchestra.run.smithi174.stdout:/usr/bin/ceph: stderr
2024-02-10T06:38:57.707+0000 7ff3898ec700 1 -- start start
2024-02-10T06:38:58.523 INFO:teuthology.orchestra.run.smithi174.stdout:/usr/bin/ceph: stderr
2024-02-10T06:38:57.707+0000 7ff3898ec700 1 --2- >> [v2:172.21.15.174:3300/0,v1:172.21.15.174:6789/0] conn(0x7ff384104d00 0x7ff384105120 unknown :-1 s=NONE pgs=0 cs=0 l=0 rev1=0 crypto rx=0 tx=0 comp rx=0 tx=0).connect
2024-02-10T06:38:58.523 INFO:teuthology.orchestra.run.smithi174.stdout:/usr/bin/ceph: stderr
2024-02-10T06:38:57.707+0000 7ff3898ec700 1 -- --> [v2:172.21.15.174:3300/0,v1:172.21.15.174:6789/0] -- mon_getmap magic: 0 v1 -- 0x7ff3841056f0 con 0x7ff384104d00
2024-02-10T06:38:58.523 INFO:teuthology.orchestra.run.smithi174.stdout:/usr/bin/ceph: stderr
2024-02-10T06:38:57.707+0000 7ff382ffd700 1 --2- >> [v2:172.21.15.174:3300/0,v1:172.21.15.174:6789/0] conn(0x7ff384104d00 0x7ff384105120 unknown :-1 s=BANNER_CONNECTING pgs=0 cs=0 l=0 rev1=0 crypto rx=0 tx=0 comp rx=0 tx=0)._handle_peer_banner_payload supported=3 required=0
2024-02-10T06:38:58.523 INFO:teuthology.orchestra.run.smithi174.stdout:/usr/bin/ceph: stderr
2024-02-10T06:38:57.707+0000 7ff382ffd700 1 --2- >> [v2:172.21.15.174:3300/0,v1:172.21.15.174:6789/0] conn(0x7ff384104d00 0x7ff384105120 unknown :-1 s=HELLO_CONNECTING pgs=0 cs=0 l=0 rev1=1 crypto rx=0 tx=0 comp rx=0 tx=0).handle_hello peer v2:172.21.15.174:3300/0 says I am v2:172.21.15.174:53420/0 (socket says 172.21.15.174:53420)
2024-02-10T06:38:58.523 INFO:teuthology.orchestra.run.smithi174.stdout:/usr/bin/ceph: stderr
2024-02-10T06:38:57.707+0000 7ff382ffd700 1 -- 172.21.15.174:0/1992043928 learned_addr learned my addr 172.21.15.174:0/1992043928 (peer_addr_for_me v2:172.21.15.174:0/0)
2024-02-10T06:38:58.523 INFO:teuthology.orchestra.run.smithi174.stdout:/usr/bin/ceph: stderr
2024-02-10T06:38:57.707+0000 7ff382ffd700 1 -- 172.21.15.174:0/1992043928 --> [v2:172.21.15.174:3300/0,v1:172.21.15.174:6789/0] -- mon_subscribe({config=0+,monmap=0+}) v3 -- 0x7ff384105f00 con 0x7ff384104d00
2024-02-10T06:38:58.523 INFO:teuthology.orchestra.run.smithi174.stdout:/usr/bin/ceph: stderr
2024-02-10T06:38:57.708+0000 7ff382ffd700 1 --2- 172.21.15.174:0/1992043928 >> [v2:172.21.15.174:3300/0,v1:172.21.15.174:6789/0] conn(0x7ff384104d00 0x7ff384105120 secure :-1 s=READY pgs=37 cs=0 l=1 rev1=1 crypto rx=0x7ff3740098a0 tx=0x7ff374009bb0 comp rx=0 tx=0).ready entity=mon.0 client_cookie=1eda901942eb152c server_cookie=0 in_seq=0 out_seq=0
2024-02-10T06:38:58.524 INFO:teuthology.orchestra.run.smithi174.stdout:/usr/bin/ceph: stderr
2024-02-10T06:38:57.708+0000 7ff381ffb700 1 -- 172.21.15.174:0/1992043928 <== mon.0 v2:172.21.15.174:3300/0 1 ==== mon_map magic: 0 v1 ==== 205+0+0 (secure 0 0 0) 0x7ff374004160 con 0x7ff384104d00
2024-02-10T06:38:58.524 INFO:teuthology.orchestra.run.smithi174.stdout:/usr/bin/ceph: stderr
2024-02-10T06:38:57.708+0000 7ff381ffb700 1 -- 172.21.15.174:0/1992043928 <== mon.0 v2:172.21.15.174:3300/0 2 ==== config(26 keys) v1 ==== 1062+0+0 (secure 0 0 0) 0x7ff3740042c0 con 0x7ff384104d00
2024-02-10T06:38:58.524 INFO:teuthology.orchestra.run.smithi174.stdout:/usr/bin/ceph: stderr
2024-02-10T06:38:57.708+0000 7ff381ffb700 1 -- 172.21.15.174:0/1992043928 <== mon.0 v2:172.21.15.174:3300/0 3 ==== mon_map magic: 0 v1 ==== 205+0+0 (secure 0 0 0) 0x7ff3740119b0 con 0x7ff384104d00
2024-02-10T06:38:58.524 INFO:teuthology.orchestra.run.smithi174.stdout:/usr/bin/ceph: stderr
2024-02-10T06:38:57.708+0000 7ff3898ec700 1 -- 172.21.15.174:0/1992043928 >> [v2:172.21.15.174:3300/0,v1:172.21.15.174:6789/0] conn(0x7ff384104d00 msgr2=0x7ff384105120 secure :-1 s=STATE_CONNECTION_ESTABLISHED l=1).mark_down
2024-02-10T06:38:58.524 INFO:teuthology.orchestra.run.smithi174.stdout:/usr/bin/ceph: stderr
2024-02-10T06:38:57.708+0000 7ff3898ec700 1 --2- 172.21.15.174:0/1992043928 >> [v2:172.21.15.174:3300/0,v1:172.21.15.174:6789/0] conn(0x7ff384104d00 0x7ff384105120 secure :-1 s=READY pgs=37 cs=0 l=1 rev1=1 crypto rx=0x7ff3740098a0 tx=0x7ff374009bb0 comp rx=0 tx=0).stop
2024-02-10T06:38:58.524 INFO:teuthology.orchestra.run.smithi174.stdout:/usr/bin/ceph: stderr
2024-02-10T06:38:57.708+0000 7ff3898ec700 1 -- 172.21.15.174:0/1992043928 shutdown_connections
2024-02-10T06:38:58.524 INFO:teuthology.orchestra.run.smithi174.stdout:/usr/bin/ceph: stderr
