2024-02-10T06:39:11.478 INFO:teuthology.orchestra.run.smithi174.stdout:/usr/bin/ceph: stderr
2024-02-10T06:39:09.873+0000 7fc77effd700 1 -- 172.21.15.174:0/4116061106 <== mon.0 v2:172.21.15.174:3300/0 3 ==== mon_map magic: 0 v1 ==== 205+0+0 (secure 0 0 0) 0x7fc7740119b0 con 0x7fc780105e60
2024-02-10T06:39:11.478 INFO:teuthology.orchestra.run.smithi174.stdout:/usr/bin/ceph: stderr
2024-02-10T06:39:09.873+0000 7fc7862d8700 1 -- 172.21.15.174:0/4116061106 >> [v2:172.21.15.174:3300/0,v1:172.21.15.174:6789/0] conn(0x7fc780105e60 msgr2=0x7fc780106280 secure :-1 s=STATE_CONNECTION_ESTABLISHED l=1).mark_down
2024-02-10T06:39:11.478 INFO:teuthology.orchestra.run.smithi174.stdout:/usr/bin/ceph: stderr
2024-02-10T06:39:09.873+0000 7fc7862d8700 1 --2- 172.21.15.174:0/4116061106 >> [v2:172.21.15.174:3300/0,v1:172.21.15.174:6789/0] conn(0x7fc780105e60 0x7fc780106280 secure :-1 s=READY pgs=49 cs=0 l=1 rev1=1 crypto rx=0x7fc7740098a0 tx=0x7fc774009bb0 comp rx=0 tx=0).stop
2024-02-10T06:39:11.478 INFO:teuthology.orchestra.run.smithi174.stdout:/usr/bin/ceph: stderr
2024-02-10T06:39:09.874+0000 7fc7862d8700 1 -- 172.21.15.174:0/4116061106 shutdown_connections
2024-02-10T06:39:11.478 INFO:teuthology.orchestra.run.smithi174.stdout:/usr/bin/ceph: stderr
2024-02-10T06:39:09.874+0000 7fc7862d8700 1 --2- 172.21.15.174:0/4116061106 >> [v2:172.21.15.174:3300/0,v1:172.21.15.174:6789/0] conn(0x7fc780105e60 0x7fc780106280 unknown :-1 s=CLOSED pgs=49 cs=0 l=1 rev1=1 crypto rx=0 tx=0 comp rx=0 tx=0).stop
2024-02-10T06:39:11.478 INFO:teuthology.orchestra.run.smithi174.stdout:/usr/bin/ceph: stderr
2024-02-10T06:39:09.874+0000 7fc7862d8700 1 -- 172.21.15.174:0/4116061106 >> 172.21.15.174:0/4116061106 conn(0x7fc7801014d0 msgr2=0x7fc7801038f0 unknown :-1 s=STATE_NONE l=0).mark_down
2024-02-10T06:39:11.478 INFO:teuthology.orchestra.run.smithi174.stdout:/usr/bin/ceph: stderr
2024-02-10T06:39:09.874+0000 7fc7862d8700 1 -- 172.21.15.174:0/4116061106 shutdown_connections
2024-02-10T06:39:11.478 INFO:teuthology.orchestra.run.smithi174.stdout:/usr/bin/ceph: stderr
2024-02-10T06:39:09.874+0000 7fc7862d8700 1 -- 172.21.15.174:0/4116061106 wait complete.
2024-02-10T06:39:11.478 INFO:teuthology.orchestra.run.smithi174.stdout:/usr/bin/ceph: stderr
2024-02-10T06:39:09.874+0000 7fc7862d8700 1 Processor -- start
2024-02-10T06:39:11.478 INFO:teuthology.orchestra.run.smithi174.stdout:/usr/bin/ceph: stderr
2024-02-10T06:39:09.874+0000 7fc7862d8700 1 -- start start
2024-02-10T06:39:11.479 INFO:teuthology.orchestra.run.smithi174.stdout:/usr/bin/ceph: stderr
2024-02-10T06:39:09.874+0000 7fc7862d8700 1 --2- >> [v2:172.21.15.174:3300/0,v1:172.21.15.174:6789/0] conn(0x7fc780105e60 0x7fc78007b400 unknown :-1 s=NONE pgs=0 cs=0 l=1 rev1=0 crypto rx=0 tx=0 comp rx=0 tx=0).connect
2024-02-10T06:39:11.479 INFO:teuthology.orchestra.run.smithi174.stdout:/usr/bin/ceph: stderr
2024-02-10T06:39:09.874+0000 7fc7862d8700 1 -- --> [v2:172.21.15.174:3300/0,v1:172.21.15.174:6789/0] -- mon_getmap magic: 0 v1 -- 0x7fc78007b940 con 0x7fc780105e60
2024-02-10T06:39:11.479 INFO:teuthology.orchestra.run.smithi174.stdout:/usr/bin/ceph: stderr
2024-02-10T06:39:09.875+0000 7fc77ffff700 1 --2- >> [v2:172.21.15.174:3300/0,v1:172.21.15.174:6789/0] conn(0x7fc780105e60 0x7fc78007b400 unknown :-1 s=BANNER_CONNECTING pgs=0 cs=0 l=1 rev1=0 crypto rx=0 tx=0 comp rx=0 tx=0)._handle_peer_banner_payload supported=3 required=0
2024-02-10T06:39:11.479 INFO:teuthology.orchestra.run.smithi174.stdout:/usr/bin/ceph: stderr
2024-02-10T06:39:09.875+0000 7fc77ffff700 1 --2- >> [v2:172.21.15.174:3300/0,v1:172.21.15.174:6789/0] conn(0x7fc780105e60 0x7fc78007b400 unknown :-1 s=HELLO_CONNECTING pgs=0 cs=0 l=1 rev1=1 crypto rx=0 tx=0 comp rx=0 tx=0).handle_hello peer v2:172.21.15.174:3300/0 says I am v2:172.21.15.174:46478/0 (socket says 172.21.15.174:46478)
2024-02-10T06:39:11.479 INFO:teuthology.orchestra.run.smithi174.stdout:/usr/bin/ceph: stderr
2024-02-10T06:39:09.875+0000 7fc77ffff700 1 -- 172.21.15.174:0/276450371 learned_addr learned my addr 172.21.15.174:0/276450371 (peer_addr_for_me v2:172.21.15.174:0/0)
2024-02-10T06:39:11.479 INFO:teuthology.orchestra.run.smithi174.stdout:/usr/bin/ceph: stderr
2024-02-10T06:39:09.875+0000 7fc77ffff700 1 -- 172.21.15.174:0/276450371 --> [v2:172.21.15.174:3300/0,v1:172.21.15.174:6789/0] -- mon_subscribe({config=0+,monmap=0+}) v3 -- 0x7fc774009550 con 0x7fc780105e60
2024-02-10T06:39:11.479 INFO:teuthology.orchestra.run.smithi174.stdout:/usr/bin/ceph: stderr
2024-02-10T06:39:09.875+0000 7fc77ffff700 1 --2- 172.21.15.174:0/276450371 >> [v2:172.21.15.174:3300/0,v1:172.21.15.174:6789/0] conn(0x7fc780105e60 0x7fc78007b400 secure :-1 s=READY pgs=50 cs=0 l=1 rev1=1 crypto rx=0x7fc7740046c0 tx=0x7fc774011a50 comp rx=0 tx=0).ready entity=mon.0 client_cookie=0 server_cookie=0 in_seq=0 out_seq=0
2024-02-10T06:39:11.479 INFO:teuthology.orchestra.run.smithi174.stdout:/usr/bin/ceph: stderr
2024-02-10T06:39:09.875+0000 7fc77d7fa700 1 -- 172.21.15.174:0/276450371 <== mon.0 v2:172.21.15.174:3300/0 1 ==== mon_map magic: 0 v1 ==== 205+0+0 (secure 0 0 0) 0x7fc7740038b0 con 0x7fc780105e60
2024-02-10T06:39:11.479 INFO:teuthology.orchestra.run.smithi174.stdout:/usr/bin/ceph: stderr
2024-02-10T06:39:09.875+0000 7fc77d7fa700 1 -- 172.21.15.174:0/276450371 <== mon.0 v2:172.21.15.174:3300/0 2 ==== config(26 keys) v1 ==== 1062+0+0 (secure 0 0 0) 0x7fc774003a10 con 0x7fc780105e60
2024-02-10T06:39:11.479 INFO:teuthology.orchestra.run.smithi174.stdout:/usr/bin/ceph: stderr
2024-02-10T06:39:09.875+0000 7fc7862d8700 1 -- 172.21.15.174:0/276450371 --> [v2:172.21.15.174:3300/0,v1:172.21.15.174:6789/0] -- mon_subscribe({mgrmap=0+}) v3 -- 0x7fc780079b30 con 0x7fc780105e60
2024-02-10T06:39:11.479 INFO:teuthology.orchestra.run.smithi174.stdout:/usr/bin/ceph: stderr
2024-02-10T06:39:09.875+0000 7fc77d7fa700 1 -- 172.21.15.174:0/276450371 <== mon.0 v2:172.21.15.174:3300/0 3 ==== mon_map magic: 0 v1 ==== 205+0+0 (secure 0 0 0) 0x7fc774019610 con 0x7fc780105e60
2024-02-10T06:39:11.479 INFO:teuthology.orchestra.run.smithi174.stdout:/usr/bin/ceph: stderr
2024-02-10T06:39:09.875+0000 7fc7862d8700 1 -- 172.21.15.174:0/276450371 --> [v2:172.21.15.174:3300/0,v1:172.21.15.174:6789/0] -- mon_subscribe({osdmap=0}) v3 -- 0x7fc780079fd0 con 0x7fc780105e60
2024-02-10T06:39:11.479 INFO:teuthology.orchestra.run.smithi174.stdout:/usr/bin/ceph: stderr
2024-02-10T06:39:09.876+0000 7fc77d7fa700 1 -- 172.21.15.174:0/276450371 <== mon.0 v2:172.21.15.174:3300/0 4 ==== mgrmap(e 8) v1 ==== 45897+0+0 (secure 0 0 0) 0x7fc7740198d0 con 0x7fc780105e60
2024-02-10T06:39:11.479 INFO:teuthology.orchestra.run.smithi174.stdout:/usr/bin/ceph: stderr
2024-02-10T06:39:09.876+0000 7fc77d7fa700 1 --2- 172.21.15.174:0/276450371 >> v2:172.21.15.174:6800/1048754011 conn(0x7fc768038e50 0x7fc76803b310 unknown :-1 s=NONE pgs=0 cs=0 l=1 rev1=0 crypto rx=0 tx=0 comp rx=0 tx=0).connect
2024-02-10T06:39:11.479 INFO:teuthology.orchestra.run.smithi174.stdout:/usr/bin/ceph: stderr
2024-02-10T06:39:09.876+0000 7fc7862d8700 1 -- 172.21.15.174:0/276450371 --> [v2:172.21.15.174:3300/0,v1:172.21.15.174:6789/0] -- mon_command({"prefix": "get_command_descriptions"} v 0) v1 -- 0x7fc780063350 con 0x7fc780105e60
2024-02-10T06:39:11.480 INFO:teuthology.orchestra.run.smithi174.stdout:/usr/bin/ceph: stderr
2024-02-10T06:39:09.876+0000 7fc77d7fa700 1 -- 172.21.15.174:0/276450371 <== mon.0 v2:172.21.15.174:3300/0 5 ==== osd_map(2..2 src has 1..2) v4 ==== 897+0+0 (secure 0 0 0) 0x7fc77404d160 con 0x7fc780105e60
2024-02-10T06:39:11.480 INFO:teuthology.orchestra.run.smithi174.stdout:/usr/bin/ceph: stderr
2024-02-10T06:39:09.876+0000 7fc77f7fe700 1 --2- 172.21.15.174:0/276450371 >> v2:172.21.15.174:6800/1048754011 conn(0x7fc768038e50 0x7fc76803b310 unknown :-1 s=BANNER_CONNECTING pgs=0 cs=0 l=1 rev1=0 crypto rx=0 tx=0 comp rx=0 tx=0)._handle_peer_banner_payload supported=3 required=0
2024-02-10T06:39:11.480 INFO:teuthology.orchestra.run.smithi174.stdout:/usr/bin/ceph: stderr
2024-02-10T06:39:09.877+0000 7fc77f7fe700 1 --2- 172.21.15.174:0/276450371 >> v2:172.21.15.174:6800/1048754011 conn(0x7fc768038e50 0x7fc76803b310 secure :-1 s=READY pgs=13 cs=0 l=1 rev1=1 crypto rx=0x7fc770006fd0 tx=0x7fc770006e40 comp rx=0 tx=0).ready entity=mgr.14120 client_cookie=0 server_cookie=0 in_seq=0 out_seq=0
2024-02-10T06:39:11.480 INFO:teuthology.orchestra.run.smithi174.stdout:/usr/bin/ceph: stderr
2024-02-10T06:39:09.881+0000 7fc77d7fa700 1 -- 172.21.15.174:0/276450371 <== mon.0 v2:172.21.15.174:3300/0 6 ==== mon_command_ack([{"prefix": "get_command_descriptions"}]=0 v0) v1 ==== 72+0+183564 (secure 0 0 0) 0x7fc774018530 con 0x7fc780105e60
2024-02-10T06:39:11.480 INFO:teuthology.orchestra.run.smithi174.stdout:/usr/bin/ceph: stderr
2024-02-10T06:39:10.099+0000 7fc7862d8700 1 -- 172.21.15.174:0/276450371 --> v2:172.21.15.174:6800/1048754011 -- mgr_command(tid 0: {"prefix": "orch apply", "service_type": "mgr", "unmanaged": true, "target": ["mon-mgr", ""]}) v1 -- 0x7fc7801027b0 con 0x7fc768038e50
2024-02-10T06:39:11.480 INFO:teuthology.orchestra.run.smithi174.stdout:/usr/bin/ceph: stderr
2024-02-10T06:39:10.107+0000 7fc77d7fa700 1 -- 172.21.15.174:0/276450371 <== mgr.14120 v2:172.21.15.174:6800/1048754011 1 ==== mgr_command_reply(tid 0: 0 ) v1 ==== 8+0+24 (secure 0 0 0) 0x7fc7801027b0 con 0x7fc768038e50
2024-02-10T06:39:11.480 INFO:teuthology.orchestra.run.smithi174.stdout:/usr/bin/ceph: stderr
2024-02-10T06:39:10.109+0000 7fc7862d8700 1 -- 172.21.15.174:0/276450371 >> v2:172.21.15.174:6800/1048754011 conn(0x7fc768038e50 msgr2=0x7fc76803b310 secure :-1 s=STATE_CONNECTION_ESTABLISHED l=1).mark_down
2024-02-10T06:39:11.480 INFO:teuthology.orchestra.run.smithi174.stdout:/usr/bin/ceph: stderr
2024-02-10T06:39:10.109+0000 7fc7862d8700 1 --2- 172.21.15.174:0/276450371 >> v2:172.21.15.174:6800/1048754011 conn(0x7fc768038e50 0x7fc76803b310 secure :-1 s=READY pgs=13 cs=0 l=1 rev1=1 crypto rx=0x7fc770006fd0 tx=0x7fc770006e40 comp rx=0 tx=0).stop
2024-02-10T06:39:11.480 INFO:teuthology.orchestra.run.smithi174.stdout:/usr/bin/ceph: stderr
2024-02-10T06:39:10.109+0000 7fc7862d8700 1 -- 172.21.15.174:0/276450371 >> [v2:172.21.15.174:3300/0,v1:172.21.15.174:6789/0] conn(0x7fc780105e60 msgr2=0x7fc78007b400 secure :-1 s=STATE_CONNECTION_ESTABLISHED l=1).mark_down
2024-02-10T06:39:11.480 INFO:teuthology.orchestra.run.smithi174.stdout:/usr/bin/ceph: stderr
2024-02-10T06:39:10.109+0000 7fc7862d8700 1 --2- 172.21.15.174:0/276450371 >> [v2:172.21.15.174:3300/0,v1:172.21.15.174:6789/0] conn(0x7fc780105e60 0x7fc78007b400 secure :-1 s=READY pgs=50 cs=0 l=1 rev1=1 crypto rx=0x7fc7740046c0 tx=0x7fc774011a50 comp rx=0 tx=0).stop
2024-02-10T06:39:11.480 INFO:teuthology.orchestra.run.smithi174.stdout:/usr/bin/ceph: stderr
2024-02-10T06:39:10.109+0000 7fc7862d8700 1 -- 172.21.15.174:0/276450371 shutdown_connections
2024-02-10T06:39:11.480 INFO:teuthology.orchestra.run.smithi174.stdout:/usr/bin/ceph: stderr
2024-02-10T06:39:10.109+0000 7fc7862d8700 1 --2- 172.21.15.174:0/276450371 >> v2:172.21.15.174:6800/1048754011 conn(0x7fc768038e50 0x7fc76803b310 unknown :-1 s=CLOSED pgs=13 cs=0 l=1 rev1=1 crypto rx=0 tx=0 comp rx=0 tx=0).stop
2024-02-10T06:39:11.480 INFO:teuthology.orchestra.run.smithi174.stdout:/usr/bin/ceph: stderr
2024-02-10T06:39:10.109+0000 7fc7862d8700 1 --2- 172.21.15.174:0/276450371 >> [v2:172.21.15.174:3300/0,v1:172.21.15.174:6789/0] conn(0x7fc780105e60 0x7fc78007b400 unknown :-1 s=CLOSED pgs=50 cs=0 l=1 rev1=1 crypto rx=0 tx=0 comp rx=0 tx=0).stop
2024-02-10T06:39:11.481 INFO:teuthology.orchestra.run.smithi174.stdout:/usr/bin/ceph: stderr
2024-02-10T06:39:10.109+0000 7fc7862d8700 1 -- 172.21.15.174:0/276450371 >> 172.21.15.174:0/276450371 conn(0x7fc7801014d0 msgr2=0x7fc7801020a0 unknown :-1 s=STATE_NONE l=0).mark_down
2024-02-10T06:39:11.481 INFO:teuthology.orchestra.run.smithi174.stdout:/usr/bin/ceph: stderr
2024-02-10T06:39:10.109+0000 7fc7862d8700 1 -- 172.21.15.174:0/276450371 shutdown_connections
2024-02-10T06:39:11.481 INFO:teuthology.orchestra.run.smithi174.stdout:/usr/bin/ceph: stderr
2024-02-10T06:39:10.109+0000 7fc7862d8700 1 -- 172.21.15.174:0/276450371 wait complete.
2024-02-10T06:39:12.239 INFO:journalctl@ceph.mon.a.smithi174.stdout:Feb 10 06:39:12 smithi174 ceph-mon[29878]: from='mgr.14120 172.21.15.174:0/2723512793' entity='mgr.y'
2024-02-10T06:39:12.239 INFO:journalctl@ceph.mon.a.smithi174.stdout:Feb 10 06:39:12 smithi174 ceph-mon[29878]: from='mgr.14120 172.21.15.174:0/2723512793' entity='mgr.y'
2024-02-10T06:39:12.758 INFO:teuthology.orchestra.run.smithi174.stdout:/usr/bin/ceph: stderr
2024-02-10T06:39:11.979+0000 7fd8aaa46700 1 Processor -- start
2024-02-10T06:39:12.758 INFO:teuthology.orchestra.run.smithi174.stdout:/usr/bin/ceph: stderr
2024-02-10T06:39:11.979+0000 7fd8aaa46700 1 -- start start
2024-02-10T06:39:12.758 INFO:teuthology.orchestra.run.smithi174.stdout:/usr/bin/ceph: stderr
2024-02-10T06:39:11.979+0000 7fd8aaa46700 1 --2- >> [v2:172.21.15.174:3300/0,v1:172.21.15.174:6789/0] conn(0x7fd8a407b770 0x7fd8a4079bd0 unknown :-1 s=NONE pgs=0 cs=0 l=0 rev1=0 crypto rx=0 tx=0 comp rx=0 tx=0).connect
2024-02-10T06:39:12.758 INFO:teuthology.orchestra.run.smithi174.stdout:/usr/bin/ceph: stderr
2024-02-10T06:39:11.979+0000 7fd8aaa46700 1 -- --> [v2:172.21.15.174:3300/0,v1:172.21.15.174:6789/0] -- mon_getmap magic: 0 v1 -- 0x7fd8a407a1a0 con 0x7fd8a407b770
2024-02-10T06:39:12.759 INFO:teuthology.orchestra.run.smithi174.stdout:/usr/bin/ceph: stderr
2024-02-10T06:39:11.979+0000 7fd8a3fff700 1 --2- >> [v2:172.21.15.174:3300/0,v1:172.21.15.174:6789/0] conn(0x7fd8a407b770 0x7fd8a4079bd0 unknown :-1 s=BANNER_CONNECTING pgs=0 cs=0 l=0 rev1=0 crypto rx=0 tx=0 comp rx=0 tx=0)._handle_peer_banner_payload supported=3 required=0
2024-02-10T06:39:12.759 INFO:teuthology.orchestra.run.smithi174.stdout:/usr/bin/ceph: stderr
2024-02-10T06:39:11.980+0000 7fd8a3fff700 1 --2- >> [v2:172.21.15.174:3300/0,v1:172.21.15.174:6789/0] conn(0x7fd8a407b770 0x7fd8a4079bd0 unknown :-1 s=HELLO_CONNECTING pgs=0 cs=0 l=0 rev1=1 crypto rx=0 tx=0 comp rx=0 tx=0).handle_hello peer v2:172.21.15.174:3300/0 says I am v2:172.21.15.174:46490/0 (socket says 172.21.15.174:46490)
2024-02-10T06:39:12.759 INFO:teuthology.orchestra.run.smithi174.stdout:/usr/bin/ceph: stderr
2024-02-10T06:39:11.980+0000 7fd8a3fff700 1 -- 172.21.15.174:0/1659267122 learned_addr learned my addr 172.21.15.174:0/1659267122 (peer_addr_for_me v2:172.21.15.174:0/0)
2024-02-10T06:39:12.759 INFO:teuthology.orchestra.run.smithi174.stdout:/usr/bin/ceph: stderr
2024-02-10T06:39:11.980+0000 7fd8a3fff700 1 -- 172.21.15.174:0/1659267122 --> [v2:172.21.15.174:3300/0,v1:172.21.15.174:6789/0] -- mon_subscribe({config=0+,monmap=0+}) v3 -- 0x7fd8a407a2e0 con 0x7fd8a407b770
2024-02-10T06:39:12.759 INFO:teuthology.orchestra.run.smithi174.stdout:/usr/bin/ceph: stderr
2024-02-10T06:39:11.980+0000 7fd8a3fff700 1 --2- 172.21.15.174:0/1659267122 >> [v2:172.21.15.174:3300/0,v1:172.21.15.174:6789/0] conn(0x7fd8a407b770 0x7fd8a4079bd0 secure :-1 s=READY pgs=51 cs=0 l=1 rev1=1 crypto rx=0x7fd8980098a0 tx=0x7fd898009bb0 comp rx=0 tx=0).ready entity=mon.0 client_cookie=4a450e9ece72a818 server_cookie=0 in_seq=0 out_seq=0
2024-02-10T06:39:12.759 INFO:teuthology.orchestra.run.smithi174.stdout:/usr/bin/ceph: stderr
2024-02-10T06:39:11.980+0000 7fd8a2ffd700 1 -- 172.21.15.174:0/1659267122 <== mon.0 v2:172.21.15.174:3300/0 1 ==== mon_map magic: 0 v1 ==== 205+0+0 (secure 0 0 0) 0x7fd898004160 con 0x7fd8a407b770
2024-02-10T06:39:12.759 INFO:teuthology.orchestra.run.smithi174.stdout:/usr/bin/ceph: stderr
2024-02-10T06:39:11.980+0000 7fd8a2ffd700 1 -- 172.21.15.174:0/1659267122 <== mon.0 v2:172.21.15.174:3300/0 2 ==== config(26 keys) v1 ==== 1093+0+0 (secure 0 0 0) 0x7fd8980042c0 con 0x7fd8a407b770
2024-02-10T06:39:12.759 INFO:teuthology.orchestra.run.smithi174.stdout:/usr/bin/ceph: stderr
2024-02-10T06:39:11.980+0000 7fd8a2ffd700 1 -- 172.21.15.174:0/1659267122 <== mon.0 v2:172.21.15.174:3300/0 3 ==== mon_map magic: 0 v1 ==== 205+0+0 (secure 0 0 0) 0x7fd898011960 con 0x7fd8a407b770
2024-02-10T06:39:12.759 INFO:teuthology.orchestra.run.smithi174.stdout:/usr/bin/ceph: stderr
2024-02-10T06:39:11.981+0000 7fd8aaa46700 1 -- 172.21.15.174:0/1659267122 >> [v2:172.21.15.174:3300/0,v1:172.21.15.174:6789/0] conn(0x7fd8a407b770 msgr2=0x7fd8a4079bd0 secure :-1 s=STATE_CONNECTION_ESTABLISHED l=1).mark_down
2024-02-10T06:39:12.759 INFO:teuthology.orchestra.run.smithi174.stdout:/usr/bin/ceph: stderr
2024-02-10T06:39:11.981+0000 7fd8aaa46700 1 --2- 172.21.15.174:0/1659267122 >> [v2:172.21.15.174:3300/0,v1:172.21.15.174:6789/0] conn(0x7fd8a407b770 0x7fd8a4079bd0 secure :-1 s=READY pgs=51 cs=0 l=1 rev1=1 crypto rx=0x7fd8980098a0 tx=0x7fd898009bb0 comp rx=0 tx=0).stop
2024-02-10T06:39:12.759 INFO:teuthology.orchestra.run.smithi174.stdout:/usr/bin/ceph: stderr
2024-02-10T06:39:11.981+0000 7fd8aaa46700 1 -- 172.21.15.174:0/1659267122 shutdown_connections
2024-02-10T06:39:12.759 INFO:teuthology.orchestra.run.smithi174.stdout:/usr/bin/ceph: stderr
2024-02-10T06:39:11.981+0000 7fd8aaa46700 1 --2- 172.21.15.174:0/1659267122 >> [v2:172.21.15.174:3300/0,v1:172.21.15.174:6789/0] conn(0x7fd8a407b770 0x7fd8a4079bd0 unknown :-1 s=CLOSED pgs=51 cs=0 l=1 rev1=1 crypto rx=0 tx=0 comp rx=0 tx=0).stop
2024-02-10T06:39:12.759 INFO:teuthology.orchestra.run.smithi174.stdout:/usr/bin/ceph: stderr
2024-02-10T06:39:11.981+0000 7fd8aaa46700 1 -- 172.21.15.174:0/1659267122 >> 172.21.15.174:0/1659267122 conn(0x7fd8a4101420 msgr2=0x7fd8a41038a0 unknown :-1 s=STATE_NONE l=0).mark_down
2024-02-10T06:39:12.759 INFO:teuthology.orchestra.run.smithi174.stdout:/usr/bin/ceph: stderr
2024-02-10T06:39:11.981+0000 7fd8aaa46700 1 -- 172.21.15.174:0/1659267122 shutdown_connections
2024-02-10T06:39:12.759 INFO:teuthology.orchestra.run.smithi174.stdout:/usr/bin/ceph: stderr
2024-02-10T06:39:11.981+0000 7fd8aaa46700 1 -- 172.21.15.174:0/1659267122 wait complete.
2024-02-10T06:39:12.760 INFO:teuthology.orchestra.run.smithi174.stdout:/usr/bin/ceph: stderr
2024-02-10T06:39:11.982+0000 7fd8aaa46700 1 Processor -- start
2024-02-10T06:39:12.760 INFO:teuthology.orchestra.run.smithi174.stdout:/usr/bin/ceph: stderr
2024-02-10T06:39:11.982+0000 7fd8aaa46700 1 -- start start
2024-02-10T06:39:12.760 INFO:teuthology.orchestra.run.smithi174.stdout:/usr/bin/ceph: stderr
2024-02-10T06:39:11.982+0000 7fd8aaa46700 1 --2- >> [v2:172.21.15.174:3300/0,v1:172.21.15.174:6789/0] conn(0x7fd8a407b770 0x7fd8a419bdb0 unknown :-1 s=NONE pgs=0 cs=0 l=1 rev1=0 crypto rx=0 tx=0 comp rx=0 tx=0).connect
2024-02-10T06:39:12.760 INFO:teuthology.orchestra.run.smithi174.stdout:/usr/bin/ceph: stderr
2024-02-10T06:39:11.982+0000 7fd8aaa46700 1 -- --> [v2:172.21.15.174:3300/0,v1:172.21.15.174:6789/0] -- mon_getmap magic: 0 v1 -- 0x7fd8a419c2f0 con 0x7fd8a407b770
2024-02-10T06:39:12.760 INFO:teuthology.orchestra.run.smithi174.stdout:/usr/bin/ceph: stderr
2024-02-10T06:39:11.982+0000 7fd8a3fff700 1 --2- >> [v2:172.21.15.174:3300/0,v1:172.21.15.174:6789/0] conn(0x7fd8a407b770 0x7fd8a419bdb0 unknown :-1 s=BANNER_CONNECTING pgs=0 cs=0 l=1 rev1=0 crypto rx=0 tx=0 comp rx=0 tx=0)._handle_peer_banner_payload supported=3 required=0
2024-02-10T06:39:12.760 INFO:teuthology.orchestra.run.smithi174.stdout:/usr/bin/ceph: stderr
2024-02-10T06:39:11.982+0000 7fd8a3fff700 1 --2- >> [v2:172.21.15.174:3300/0,v1:172.21.15.174:6789/0] conn(0x7fd8a407b770 0x7fd8a419bdb0 unknown :-1 s=HELLO_CONNECTING pgs=0 cs=0 l=1 rev1=1 crypto rx=0 tx=0 comp rx=0 tx=0).handle_hello peer v2:172.21.15.174:3300/0 says I am v2:172.21.15.174:46506/0 (socket says 172.21.15.174:46506)
2024-02-10T06:39:12.760 INFO:teuthology.orchestra.run.smithi174.stdout:/usr/bin/ceph: stderr
2024-02-10T06:39:11.982+0000 7fd8a3fff700 1 -- 172.21.15.174:0/3801867015 learned_addr learned my addr 172.21.15.174:0/3801867015 (peer_addr_for_me v2:172.21.15.174:0/0)
2024-02-10T06:39:12.760 INFO:teuthology.orchestra.run.smithi174.stdout:/usr/bin/ceph: stderr
2024-02-10T06:39:11.983+0000 7fd8a3fff700 1 -- 172.21.15.174:0/3801867015 --> [v2:172.21.15.174:3300/0,v1:172.21.15.174:6789/0] -- mon_subscribe({config=0+,monmap=0+}) v3 -- 0x7fd898009550 con 0x7fd8a407b770
2024-02-10T06:39:12.760 INFO:teuthology.orchestra.run.smithi174.stdout:/usr/bin/ceph: stderr
2024-02-10T06:39:11.983+0000 7fd8a3fff700 1 --2- 172.21.15.174:0/3801867015 >> [v2:172.21.15.174:3300/0,v1:172.21.15.174:6789/0] conn(0x7fd8a407b770 0x7fd8a419bdb0 secure :-1 s=READY pgs=52 cs=0 l=1 rev1=1 crypto rx=0x7fd898009fb0 tx=0x7fd8980119e0 comp rx=0 tx=0).ready entity=mon.0 client_cookie=0 server_cookie=0 in_seq=0 out_seq=0
2024-02-10T06:39:12.760 INFO:teuthology.orchestra.run.smithi174.stdout:/usr/bin/ceph: stderr
2024-02-10T06:39:11.983+0000 7fd8a17fa700 1 -- 172.21.15.174:0/3801867015 <== mon.0 v2:172.21.15.174:3300/0 1 ==== mon_map magic: 0 v1 ==== 205+0+0 (secure 0 0 0) 0x7fd898003970 con 0x7fd8a407b770
2024-02-10T06:39:12.760 INFO:teuthology.orchestra.run.smithi174.stdout:/usr/bin/ceph: stderr
2024-02-10T06:39:11.983+0000 7fd8aaa46700 1 -- 172.21.15.174:0/3801867015 --> [v2:172.21.15.174:3300/0,v1:172.21.15.174:6789/0] -- mon_subscribe({mgrmap=0+}) v3 -- 0x7fd8a419c4f0 con 0x7fd8a407b770
2024-02-10T06:39:12.760 INFO:teuthology.orchestra.run.smithi174.stdout:/usr/bin/ceph: stderr
2024-02-10T06:39:11.983+0000 7fd8a17fa700 1 -- 172.21.15.174:0/3801867015 <== mon.0 v2:172.21.15.174:3300/0 2 ==== config(26 keys) v1 ==== 1093+0+0 (secure 0 0 0) 0x7fd898003ad0 con 0x7fd8a407b770
2024-02-10T06:39:12.761 INFO:teuthology.orchestra.run.smithi174.stdout:/usr/bin/ceph: stderr
2024-02-10T06:39:11.983+0000 7fd8a17fa700 1 -- 172.21.15.174:0/3801867015 <== mon.0 v2:172.21.15.174:3300/0 3 ==== mon_map magic: 0 v1 ==== 205+0+0 (secure 0 0 0) 0x7fd898019630 con 0x7fd8a407b770
2024-02-10T06:39:12.761 INFO:teuthology.orchestra.run.smithi174.stdout:/usr/bin/ceph: stderr
2024-02-10T06:39:11.983+0000 7fd8aaa46700 1 -- 172.21.15.174:0/3801867015 --> [v2:172.21.15.174:3300/0,v1:172.21.15.174:6789/0] -- mon_subscribe({osdmap=0}) v3 -- 0x7fd8a419c990 con 0x7fd8a407b770
2024-02-10T06:39:12.761 INFO:teuthology.orchestra.run.smithi174.stdout:/usr/bin/ceph: stderr
2024-02-10T06:39:11.984+0000 7fd8a17fa700 1 -- 172.21.15.174:0/3801867015 <== mon.0 v2:172.21.15.174:3300/0 4 ==== mgrmap(e 8) v1 ==== 45897+0+0 (secure 0 0 0) 0x7fd8980198f0 con 0x7fd8a407b770
2024-02-10T06:39:12.761 INFO:teuthology.orchestra.run.smithi174.stdout:/usr/bin/ceph: stderr
2024-02-10T06:39:11.984+0000 7fd8a17fa700 1 --2- 172.21.15.174:0/3801867015 >> v2:172.21.15.174:6800/1048754011 conn(0x7fd88c038e50 0x7fd88c03b310 unknown :-1 s=NONE pgs=0 cs=0 l=1 rev1=0 crypto rx=0 tx=0 comp rx=0 tx=0).connect
2024-02-10T06:39:12.761 INFO:teuthology.orchestra.run.smithi174.stdout:/usr/bin/ceph: stderr
2024-02-10T06:39:11.984+0000 7fd8aaa46700 1 -- 172.21.15.174:0/3801867015 --> [v2:172.21.15.174:3300/0,v1:172.21.15.174:6789/0] -- mon_command({"prefix": "get_command_descriptions"} v 0) v1 -- 0x7fd8a410c2a0 con 0x7fd8a407b770
2024-02-10T06:39:12.761 INFO:teuthology.orchestra.run.smithi174.stdout:/usr/bin/ceph: stderr
2024-02-10T06:39:11.984+0000 7fd8a17fa700 1 -- 172.21.15.174:0/3801867015 <== mon.0 v2:172.21.15.174:3300/0 5 ==== osd_map(2..2 src has 1..2) v4 ==== 897+0+0 (secure 0 0 0) 0x7fd89804d080 con 0x7fd8a407b770
2024-02-10T06:39:12.761 INFO:teuthology.orchestra.run.smithi174.stdout:/usr/bin/ceph: stderr
2024-02-10T06:39:11.984+0000 7fd8a37fe700 1 --2- 172.21.15.174:0/3801867015 >> v2:172.21.15.174:6800/1048754011 conn(0x7fd88c038e50 0x7fd88c03b310 unknown :-1 s=BANNER_CONNECTING pgs=0 cs=0 l=1 rev1=0 crypto rx=0 tx=0 comp rx=0 tx=0)._handle_peer_banner_payload supported=3 required=0
2024-02-10T06:39:12.761 INFO:teuthology.orchestra.run.smithi174.stdout:/usr/bin/ceph: stderr
2024-02-10T06:39:11.985+0000 7fd8a37fe700 1 --2- 172.21.15.174:0/3801867015 >> v2:172.21.15.174:6800/1048754011 conn(0x7fd88c038e50 0x7fd88c03b310 secure :-1 s=READY pgs=14 cs=0 l=1 rev1=1 crypto rx=0x7fd894006fd0 tx=0x7fd894006e40 comp rx=0 tx=0).ready entity=mgr.14120 client_cookie=0 server_cookie=0 in_seq=0 out_seq=0
2024-02-10T06:39:12.761 INFO:teuthology.orchestra.run.smithi174.stdout:/usr/bin/ceph: stderr
2024-02-10T06:39:11.989+0000 7fd8a17fa700 1 -- 172.21.15.174:0/3801867015 <== mon.0 v2:172.21.15.174:3300/0 6 ==== mon_command_ack([{"prefix": "get_command_descriptions"}]=0 v0) v1 ==== 72+0+183564 (secure 0 0 0) 0x7fd89802b340 con 0x7fd8a407b770
2024-02-10T06:39:12.761 INFO:teuthology.orchestra.run.smithi174.stdout:/usr/bin/ceph: stderr
2024-02-10T06:39:12.185+0000 7fd8aaa46700 1 -- 172.21.15.174:0/3801867015 --> [v2:172.21.15.174:3300/0,v1:172.21.15.174:6789/0] -- mon_command([{prefix=config set, name=mgr/cephadm/container_init}] v 0) v1 -- 0x7fd8a419f370 con 0x7fd8a407b770
2024-02-10T06:39:12.761 INFO:teuthology.orchestra.run.smithi174.stdout:/usr/bin/ceph: stderr
2024-02-10T06:39:12.190+0000 7fd8a17fa700 1 -- 172.21.15.174:0/3801867015 <== mon.0 v2:172.21.15.174:3300/0 7 ==== mon_command_ack([{prefix=config set, name=mgr/cephadm/container_init}]=0 v7)=0 v7) v1 ==== 142+0+0 (secure 0 0 0) 0x7fd898018be0 con 0x7fd8a407b770
2024-02-10T06:39:12.761 INFO:teuthology.orchestra.run.smithi174.stdout:/usr/bin/ceph: stderr
2024-02-10T06:39:12.192+0000 7fd8aaa46700 1 -- 172.21.15.174:0/3801867015 >> v2:172.21.15.174:6800/1048754011 conn(0x7fd88c038e50 msgr2=0x7fd88c03b310 secure :-1 s=STATE_CONNECTION_ESTABLISHED l=1).mark_down
2024-02-10T06:39:12.761 INFO:teuthology.orchestra.run.smithi174.stdout:/usr/bin/ceph: stderr
2024-02-10T06:39:12.192+0000 7fd8aaa46700 1 --2- 172.21.15.174:0/3801867015 >> v2:172.21.15.174:6800/1048754011 conn(0x7fd88c038e50 0x7fd88c03b310 secure :-1 s=READY pgs=14 cs=0 l=1 rev1=1 crypto rx=0x7fd894006fd0 tx=0x7fd894006e40 comp rx=0 tx=0).stop
2024-02-10T06:39:12.761 INFO:teuthology.orchestra.run.smithi174.stdout:/usr/bin/ceph: stderr
2024-02-10T06:39:12.192+0000 7fd8aaa46700 1 -- 172.21.15.174:0/3801867015 >> [v2:172.21.15.174:3300/0,v1:172.21.15.174:6789/0] conn(0x7fd8a407b770 msgr2=0x7fd8a419bdb0 secure :-1 s=STATE_CONNECTION_ESTABLISHED l=1).mark_down
2024-02-10T06:39:12.761 INFO:teuthology.orchestra.run.smithi174.stdout:/usr/bin/ceph: stderr
2024-02-10T06:39:12.192+0000 7fd8aaa46700 1 --2- 172.21.15.174:0/3801867015 >> [v2:172.21.15.174:3300/0,v1:172.21.15.174:6789/0] conn(0x7fd8a407b770 0x7fd8a419bdb0 secure :-1 s=READY pgs=52 cs=0 l=1 rev1=1 crypto rx=0x7fd898009fb0 tx=0x7fd8980119e0 comp rx=0 tx=0).stop
2024-02-10T06:39:12.762 INFO:teuthology.orchestra.run.smithi174.stdout:/usr/bin/ceph: stderr
2024-02-10T06:39:12.192+0000 7fd8aaa46700 1 -- 172.21.15.174:0/3801867015 shutdown_connections
2024-02-10T06:39:12.762 INFO:teuthology.orchestra.run.smithi174.stdout:/usr/bin/ceph: stderr
2024-02-10T06:39:12.192+0000 7fd8aaa46700 1 --2- 172.21.15.174:0/3801867015 >> v2:172.21.15.174:6800/1048754011 conn(0x7fd88c038e50 0x7fd88c03b310 unknown :-1 s=CLOSED pgs=14 cs=0 l=1 rev1=1 crypto rx=0 tx=0 comp rx=0 tx=0).stop
2024-02-10T06:39:12.762 INFO:teuthology.orchestra.run.smithi174.stdout:/usr/bin/ceph: stderr
2024-02-10T06:39:12.192+0000 7fd8aaa46700 1 --2- 172.21.15.174:0/3801867015 >> [v2:172.21.15.174:3300/0,v1:172.21.15.174:6789/0] conn(0x7fd8a407b770 0x7fd8a419bdb0 unknown :-1 s=CLOSED pgs=52 cs=0 l=1 rev1=1 crypto rx=0 tx=0 comp rx=0 tx=0).stop
2024-02-10T06:39:12.762 INFO:teuthology.orchestra.run.smithi174.stdout:/usr/bin/ceph: stderr
2024-02-10T06:39:12.192+0000 7fd8aaa46700 1 -- 172.21.15.174:0/3801867015 >> 172.21.15.174:0/3801867015 conn(0x7fd8a4101420 msgr2=0x7fd8a4102060 unknown :-1 s=STATE_NONE l=0).mark_down
2024-02-10T06:39:12.762 INFO:teuthology.orchestra.run.smithi174.stdout:/usr/bin/ceph: stderr
2024-02-10T06:39:12.192+0000 7fd8aaa46700 1 -- 172.21.15.174:0/3801867015 shutdown_connections
2024-02-10T06:39:12.762 INFO:teuthology.orchestra.run.smithi174.stdout:/usr/bin/ceph: stderr
2024-02-10T06:39:12.192+0000 7fd8aaa46700 1 -- 172.21.15.174:0/3801867015 wait complete.
2024-02-10T06:39:13.444 INFO:journalctl@ceph.mon.a.smithi174.stdout:Feb 10 06:39:13 smithi174 ceph-mon[29878]: from='client.? 172.21.15.174:0/3801867015' entity='client.admin'
2024-02-10T06:39:14.671 INFO:journalctl@ceph.mon.a.smithi174.stdout:Feb 10 06:39:14 smithi174 ceph-mon[29878]: from='client.? 172.21.15.174:0/854702971' entity='client.admin'
2024-02-10T06:39:14.671 INFO:journalctl@ceph.mon.a.smithi174.stdout:Feb 10 06:39:14 smithi174 ceph-mon[29878]: from='mgr.14120 172.21.15.174:0/2723512793' entity='mgr.y'
2024-02-10T06:39:14.678 INFO:teuthology.orchestra.run.smithi174.stdout:/usr/bin/ceph: stderr
2024-02-10T06:39:13.215+0000 7f680d526700 1 Processor -- start
2024-02-10T06:39:14.678 INFO:teuthology.orchestra.run.smithi174.stdout:/usr/bin/ceph: stderr
2024-02-10T06:39:13.215+0000 7f680d526700 1 -- start start
2024-02-10T06:39:14.678 INFO:teuthology.orchestra.run.smithi174.stdout:/usr/bin/ceph: stderr
2024-02-10T06:39:13.215+0000 7f680d526700 1 --2- >> [v2:172.21.15.174:3300/0,v1:172.21.15.174:6789/0] conn(0x7f6808104db0 0x7f68081051d0 unknown :-1 s=NONE pgs=0 cs=0 l=0 rev1=0 crypto rx=0 tx=0 comp rx=0 tx=0).connect
2024-02-10T06:39:14.678 INFO:teuthology.orchestra.run.smithi174.stdout:/usr/bin/ceph: stderr
2024-02-10T06:39:13.215+0000 7f680d526700 1 -- --> [v2:172.21.15.174:3300/0,v1:172.21.15.174:6789/0] -- mon_getmap magic: 0 v1 -- 0x7f68081057a0 con 0x7f6808104db0
2024-02-10T06:39:14.678 INFO:teuthology.orchestra.run.smithi174.stdout:/usr/bin/ceph: stderr
2024-02-10T06:39:13.215+0000 7f6806ffd700 1 --2- >> [v2:172.21.15.174:3300/0,v1:172.21.15.174:6789/0] conn(0x7f6808104db0 0x7f68081051d0 unknown :-1 s=BANNER_CONNECTING pgs=0 cs=0 l=0 rev1=0 crypto rx=0 tx=0 comp rx=0 tx=0)._handle_peer_banner_payload supported=3 required=0
2024-02-10T06:39:14.678 INFO:teuthology.orchestra.run.smithi174.stdout:/usr/bin/ceph: stderr
2024-02-10T06:39:13.215+0000 7f6806ffd700 1 --2- >> [v2:172.21.15.174:3300/0,v1:172.21.15.174:6789/0] conn(0x7f6808104db0 0x7f68081051d0 unknown :-1 s=HELLO_CONNECTING pgs=0 cs=0 l=0 rev1=1 crypto rx=0 tx=0 comp rx=0 tx=0).handle_hello peer v2:172.21.15.174:3300/0 says I am v2:172.21.15.174:46518/0 (socket says 172.21.15.174:46518)
2024-02-10T06:39:14.678 INFO:teuthology.orchestra.run.smithi174.stdout:/usr/bin/ceph: stderr
2024-02-10T06:39:13.215+0000 7f6806ffd700 1 -- 172.21.15.174:0/1663946849 learned_addr learned my addr 172.21.15.174:0/1663946849 (peer_addr_for_me v2:172.21.15.174:0/0)
2024-02-10T06:39:14.678 INFO:teuthology.orchestra.run.smithi174.stdout:/usr/bin/ceph: stderr
2024-02-10T06:39:13.215+0000 7f6806ffd700 1 -- 172.21.15.174:0/1663946849 --> [v2:172.21.15.174:3300/0,v1:172.21.15.174:6789/0] -- mon_subscribe({config=0+,monmap=0+}) v3 -- 0x7f6808105fb0 con 0x7f6808104db0
2024-02-10T06:39:14.678 INFO:teuthology.orchestra.run.smithi174.stdout:/usr/bin/ceph: stderr
2024-02-10T06:39:13.215+0000 7f6806ffd700 1 --2- 172.21.15.174:0/1663946849 >> [v2:172.21.15.174:3300/0,v1:172.21.15.174:6789/0] conn(0x7f6808104db0 0x7f68081051d0 secure :-1 s=READY pgs=53 cs=0 l=1 rev1=1 crypto rx=0x7f67f80098a0 tx=0x7f67f8009bb0 comp rx=0 tx=0).ready entity=mon.0 client_cookie=ab4a3ff98235e783 server_cookie=0 in_seq=0 out_seq=0
2024-02-10T06:39:14.679 INFO:teuthology.orchestra.run.smithi174.stdout:/usr/bin/ceph: stderr
2024-02-10T06:39:13.216+0000 7f6805ffb700 1 -- 172.21.15.174:0/1663946849 <== mon.0 v2:172.21.15.174:3300/0 1 ==== mon_map magic: 0 v1 ==== 205+0+0 (secure 0 0 0) 0x7f67f8004160 con 0x7f6808104db0
2024-02-10T06:39:14.679 INFO:teuthology.orchestra.run.smithi174.stdout:/usr/bin/ceph: stderr
2024-02-10T06:39:13.216+0000 7f6805ffb700 1 -- 172.21.15.174:0/1663946849 <== mon.0 v2:172.21.15.174:3300/0 2 ==== config(26 keys) v1 ==== 1093+0+0 (secure 0 0 0) 0x7f67f80042c0 con 0x7f6808104db0
2024-02-10T06:39:14.679 INFO:teuthology.orchestra.run.smithi174.stdout:/usr/bin/ceph: stderr
2024-02-10T06:39:13.216+0000 7f6805ffb700 1 -- 172.21.15.174:0/1663946849 <== mon.0 v2:172.21.15.174:3300/0 3 ==== mon_map magic: 0 v1 ==== 205+0+0 (secure 0 0 0) 0x7f67f8011960 con 0x7f6808104db0
2024-02-10T06:39:14.679 INFO:teuthology.orchestra.run.smithi174.stdout:/usr/bin/ceph: stderr
2024-02-10T06:39:13.216+0000 7f680d526700 1 -- 172.21.15.174:0/1663946849 >> [v2:172.21.15.174:3300/0,v1:172.21.15.174:6789/0] conn(0x7f6808104db0 msgr2=0x7f68081051d0 secure :-1 s=STATE_CONNECTION_ESTABLISHED l=1).mark_down
2024-02-10T06:39:14.679 INFO:teuthology.orchestra.run.smithi174.stdout:/usr/bin/ceph: stderr
2024-02-10T06:39:13.216+0000 7f680d526700 1 --2- 172.21.15.174:0/1663946849 >> [v2:172.21.15.174:3300/0,v1:172.21.15.174:6789/0] conn(0x7f6808104db0 0x7f68081051d0 secure :-1 s=READY pgs=53 cs=0 l=1 rev1=1 crypto rx=0x7f67f80098a0 tx=0x7f67f8009bb0 comp rx=0 tx=0).stop
2024-02-10T06:39:14.679 INFO:teuthology.orchestra.run.smithi174.stdout:/usr/bin/ceph: stderr
2024-02-10T06:39:13.216+0000 7f680d526700 1 -- 172.21.15.174:0/1663946849 shutdown_connections
2024-02-10T06:39:14.679 INFO:teuthology.orchestra.run.smithi174.stdout:/usr/bin/ceph: stderr
2024-02-10T06:39:13.216+0000 7f680d526700 1 --2- 172.21.15.174:0/1663946849 >> [v2:172.21.15.174:3300/0,v1:172.21.15.174:6789/0] conn(0x7f6808104db0 0x7f68081051d0 unknown :-1 s=CLOSED pgs=53 cs=0 l=1 rev1=1 crypto rx=0 tx=0 comp rx=0 tx=0).stop
2024-02-10T06:39:14.679 INFO:teuthology.orchestra.run.smithi174.stdout:/usr/bin/ceph: stderr
2024-02-10T06:39:13.216+0000 7f680d526700 1 -- 172.21.15.174:0/1663946849 >> 172.21.15.174:0/1663946849 conn(0x7f68081003b0 msgr2=0x7f68081027d0 unknown :-1 s=STATE_NONE l=0).mark_down
2024-02-10T06:39:14.679 INFO:teuthology.orchestra.run.smithi174.stdout:/usr/bin/ceph: stderr
2024-02-10T06:39:13.216+0000 7f680d526700 1 -- 172.21.15.174:0/1663946849 shutdown_connections
2024-02-10T06:39:14.679 INFO:teuthology.orchestra.run.smithi174.stdout:/usr/bin/ceph: stderr
2024-02-10T06:39:13.216+0000 7f680d526700 1 -- 172.21.15.174:0/1663946849 wait complete.
2024-02-10T06:39:14.679 INFO:teuthology.orchestra.run.smithi174.stdout:/usr/bin/ceph: stderr
2024-02-10T06:39:13.217+0000 7f680d526700 1 Processor -- start
2024-02-10T06:39:14.679 INFO:teuthology.orchestra.run.smithi174.stdout:/usr/bin/ceph: stderr
2024-02-10T06:39:13.217+0000 7f680d526700 1 -- start start
2024-02-10T06:39:14.679 INFO:teuthology.orchestra.run.smithi174.stdout:/usr/bin/ceph: stderr
2024-02-10T06:39:13.217+0000 7f680d526700 1 --2- >> [v2:172.21.15.174:3300/0,v1:172.21.15.174:6789/0] conn(0x7f6808104db0 0x7f6808199c20 unknown :-1 s=NONE pgs=0 cs=0 l=1 rev1=0 crypto rx=0 tx=0 comp rx=0 tx=0).connect
2024-02-10T06:39:14.679 INFO:teuthology.orchestra.run.smithi174.stdout:/usr/bin/ceph: stderr
2024-02-10T06:39:13.217+0000 7f680d526700 1 -- --> [v2:172.21.15.174:3300/0,v1:172.21.15.174:6789/0] -- mon_getmap magic: 0 v1 -- 0x7f680819a160 con 0x7f6808104db0
2024-02-10T06:39:14.680 INFO:teuthology.orchestra.run.smithi174.stdout:/usr/bin/ceph: stderr
2024-02-10T06:39:13.217+0000 7f6806ffd700 1 --2- >> [v2:172.21.15.174:3300/0,v1:172.21.15.174:6789/0] conn(0x7f6808104db0 0x7f6808199c20 unknown :-1 s=BANNER_CONNECTING pgs=0 cs=0 l=1 rev1=0 crypto rx=0 tx=0 comp rx=0 tx=0)._handle_peer_banner_payload supported=3 required=0
2024-02-10T06:39:14.680 INFO:teuthology.orchestra.run.smithi174.stdout:/usr/bin/ceph: stderr
2024-02-10T06:39:13.217+0000 7f6806ffd700 1 --2- >> [v2:172.21.15.174:3300/0,v1:172.21.15.174:6789/0] conn(0x7f6808104db0 0x7f6808199c20 unknown :-1 s=HELLO_CONNECTING pgs=0 cs=0 l=1 rev1=1 crypto rx=0 tx=0 comp rx=0 tx=0).handle_hello peer v2:172.21.15.174:3300/0 says I am v2:172.21.15.174:46534/0 (socket says 172.21.15.174:46534)
2024-02-10T06:39:14.680 INFO:teuthology.orchestra.run.smithi174.stdout:/usr/bin/ceph: stderr
2024-02-10T06:39:13.217+0000 7f6806ffd700 1 -- 172.21.15.174:0/854702971 learned_addr learned my addr 172.21.15.174:0/854702971 (peer_addr_for_me v2:172.21.15.174:0/0)
2024-02-10T06:39:14.680 INFO:teuthology.orchestra.run.smithi174.stdout:/usr/bin/ceph: stderr
2024-02-10T06:39:13.218+0000 7f6806ffd700 1 -- 172.21.15.174:0/854702971 --> [v2:172.21.15.174:3300/0,v1:172.21.15.174:6789/0] -- mon_subscribe({config=0+,monmap=0+}) v3 -- 0x7f67f8009550 con 0x7f6808104db0
2024-02-10T06:39:14.680 INFO:teuthology.orchestra.run.smithi174.stdout:/usr/bin/ceph: stderr
2024-02-10T06:39:13.218+0000 7f6806ffd700 1 --2- 172.21.15.174:0/854702971 >> [v2:172.21.15.174:3300/0,v1:172.21.15.174:6789/0] conn(0x7f6808104db0 0x7f6808199c20 secure :-1 s=READY pgs=54 cs=0 l=1 rev1=1 crypto rx=0x7f67f8006af0 tx=0x7f67f8011eb0 comp rx=0 tx=0).ready entity=mon.0 client_cookie=0 server_cookie=0 in_seq=0 out_seq=0
2024-02-10T06:39:14.680 INFO:teuthology.orchestra.run.smithi174.stdout:/usr/bin/ceph: stderr
2024-02-10T06:39:13.218+0000 7f67effff700 1 -- 172.21.15.174:0/854702971 <== mon.0 v2:172.21.15.174:3300/0 1 ==== mon_map magic: 0 v1 ==== 205+0+0 (secure 0 0 0) 0x7f67f80036a0 con 0x7f6808104db0
2024-02-10T06:39:14.680 INFO:teuthology.orchestra.run.smithi174.stdout:/usr/bin/ceph: stderr
2024-02-10T06:39:13.218+0000 7f67effff700 1 -- 172.21.15.174:0/854702971 <== mon.0 v2:172.21.15.174:3300/0 2 ==== config(26 keys) v1 ==== 1093+0+0 (secure 0 0 0) 0x7f67f801a430 con 0x7f6808104db0
2024-02-10T06:39:14.680 INFO:teuthology.orchestra.run.smithi174.stdout:/usr/bin/ceph: stderr
2024-02-10T06:39:13.218+0000 7f680d526700 1 -- 172.21.15.174:0/854702971 --> [v2:172.21.15.174:3300/0,v1:172.21.15.174:6789/0] -- mon_subscribe({mgrmap=0+}) v3 -- 0x7f680819a360 con 0x7f6808104db0
2024-02-10T06:39:14.680 INFO:teuthology.orchestra.run.smithi174.stdout:/usr/bin/ceph: stderr
2024-02-10T06:39:13.218+0000 7f67effff700 1 -- 172.21.15.174:0/854702971 <== mon.0 v2:172.21.15.174:3300/0 3 ==== mon_map magic: 0 v1 ==== 205+0+0 (secure 0 0 0) 0x7f67f80193c0 con 0x7f6808104db0
2024-02-10T06:39:14.680 INFO:teuthology.orchestra.run.smithi174.stdout:/usr/bin/ceph: stderr
2024-02-10T06:39:13.218+0000 7f680d526700 1 -- 172.21.15.174:0/854702971 --> [v2:172.21.15.174:3300/0,v1:172.21.15.174:6789/0] -- mon_subscribe({osdmap=0}) v3 -- 0x7f680819a800 con 0x7f6808104db0
2024-02-10T06:39:14.680 INFO:teuthology.orchestra.run.smithi174.stdout:/usr/bin/ceph: stderr
2024-02-10T06:39:13.219+0000 7f67effff700 1 -- 172.21.15.174:0/854702971 <== mon.0 v2:172.21.15.174:3300/0 4 ==== mgrmap(e 8) v1 ==== 45897+0+0 (secure 0 0 0) 0x7f67f8019640 con 0x7f6808104db0
2024-02-10T06:39:14.680 INFO:teuthology.orchestra.run.smithi174.stdout:/usr/bin/ceph: stderr
2024-02-10T06:39:13.219+0000 7f680d526700 1 -- 172.21.15.174:0/854702971 --> [v2:172.21.15.174:3300/0,v1:172.21.15.174:6789/0] -- mon_command({"prefix": "get_command_descriptions"} v 0) v1 -- 0x7f6808193d30 con 0x7f6808104db0
2024-02-10T06:39:14.680 INFO:teuthology.orchestra.run.smithi174.stdout:/usr/bin/ceph: stderr
2024-02-10T06:39:13.219+0000 7f67effff700 1 --2- 172.21.15.174:0/854702971 >> v2:172.21.15.174:6800/1048754011 conn(0x7f67f0038ea0 0x7f67f003b360 unknown :-1 s=NONE pgs=0 cs=0 l=1 rev1=0 crypto rx=0 tx=0 comp rx=0 tx=0).connect
2024-02-10T06:39:14.681 INFO:teuthology.orchestra.run.smithi174.stdout:/usr/bin/ceph: stderr
2024-02-10T06:39:13.219+0000 7f67effff700 1 -- 172.21.15.174:0/854702971 <== mon.0 v2:172.21.15.174:3300/0 5 ==== osd_map(2..2 src has 1..2) v4 ==== 897+0+0 (secure 0 0 0) 0x7f67f804cb30 con 0x7f6808104db0
2024-02-10T06:39:14.681 INFO:teuthology.orchestra.run.smithi174.stdout:/usr/bin/ceph: stderr
2024-02-10T06:39:13.219+0000 7f68067fc700 1 --2- 172.21.15.174:0/854702971 >> v2:172.21.15.174:6800/1048754011 conn(0x7f67f0038ea0 0x7f67f003b360 unknown :-1 s=BANNER_CONNECTING pgs=0 cs=0 l=1 rev1=0 crypto rx=0 tx=0 comp rx=0 tx=0)._handle_peer_banner_payload supported=3 required=0
2024-02-10T06:39:14.681 INFO:teuthology.orchestra.run.smithi174.stdout:/usr/bin/ceph: stderr
2024-02-10T06:39:13.219+0000 7f68067fc700 1 --2- 172.21.15.174:0/854702971 >> v2:172.21.15.174:6800/1048754011 conn(0x7f67f0038ea0 0x7f67f003b360 secure :-1 s=READY pgs=15 cs=0 l=1 rev1=1 crypto rx=0x7f67fc006fd0 tx=0x7f67fc006e40 comp rx=0 tx=0).ready entity=mgr.14120 client_cookie=0 server_cookie=0 in_seq=0 out_seq=0
2024-02-10T06:39:14.681 INFO:teuthology.orchestra.run.smithi174.stdout:/usr/bin/ceph: stderr
2024-02-10T06:39:13.224+0000 7f67effff700 1 -- 172.21.15.174:0/854702971 <== mon.0 v2:172.21.15.174:3300/0 6 ==== mon_command_ack([{"prefix": "get_command_descriptions"}]=0 v0) v1 ==== 72+0+183564 (secure 0 0 0) 0x7f67f8019e10 con 0x7f6808104db0
2024-02-10T06:39:14.681 INFO:teuthology.orchestra.run.smithi174.stdout:/usr/bin/ceph: stderr
2024-02-10T06:39:13.443+0000 7f680d526700 1 -- 172.21.15.174:0/854702971 --> [v2:172.21.15.174:3300/0,v1:172.21.15.174:6789/0] -- mon_command([{prefix=config set, name=mgr/dashboard/ssl_server_port}] v 0) v1 -- 0x7f68081091e0 con 0x7f6808104db0
2024-02-10T06:39:14.681 INFO:teuthology.orchestra.run.smithi174.stdout:/usr/bin/ceph: stderr
2024-02-10T06:39:13.446+0000 7f67effff700 1 -- 172.21.15.174:0/854702971 <== mon.0 v2:172.21.15.174:3300/0 7 ==== mon_command_ack([{prefix=config set, name=mgr/dashboard/ssl_server_port}]=0 v8)=0 v8) v1 ==== 130+0+0 (secure 0 0 0) 0x7f67f8010600 con 0x7f6808104db0
2024-02-10T06:39:14.681 INFO:teuthology.orchestra.run.smithi174.stdout:/usr/bin/ceph: stderr
2024-02-10T06:39:13.449+0000 7f680d526700 1 -- 172.21.15.174:0/854702971 >> v2:172.21.15.174:6800/1048754011 conn(0x7f67f0038ea0 msgr2=0x7f67f003b360 secure :-1 s=STATE_CONNECTION_ESTABLISHED l=1).mark_down
2024-02-10T06:39:14.681 INFO:teuthology.orchestra.run.smithi174.stdout:/usr/bin/ceph: stderr
2024-02-10T06:39:13.449+0000 7f680d526700 1 --2- 172.21.15.174:0/854702971 >> v2:172.21.15.174:6800/1048754011 conn(0x7f67f0038ea0 0x7f67f003b360 secure :-1 s=READY pgs=15 cs=0 l=1 rev1=1 crypto rx=0x7f67fc006fd0 tx=0x7f67fc006e40 comp rx=0 tx=0).stop
2024-02-10T06:39:14.681 INFO:teuthology.orchestra.run.smithi174.stdout:/usr/bin/ceph: stderr
2024-02-10T06:39:13.449+0000 7f680d526700 1 -- 172.21.15.174:0/854702971 >> [v2:172.21.15.174:3300/0,v1:172.21.15.174:6789/0] conn(0x7f6808104db0 msgr2=0x7f6808199c20 secure :-1 s=STATE_CONNECTION_ESTABLISHED l=1).mark_down
2024-02-10T06:39:14.681 INFO:teuthology.orchestra.run.smithi174.stdout:/usr/bin/ceph: stderr
2024-02-10T06:39:13.449+0000 7f680d526700 1 --2- 172.21.15.174:0/854702971 >> [v2:172.21.15.174:3300/0,v1:172.21.15.174:6789/0] conn(0x7f6808104db0 0x7f6808199c20 secure :-1 s=READY pgs=54 cs=0 l=1 rev1=1 crypto rx=0x7f67f8006af0 tx=0x7f67f8011eb0 comp rx=0 tx=0).stop
2024-02-10T06:39:14.681 INFO:teuthology.orchestra.run.smithi174.stdout:/usr/bin/ceph: stderr
2024-02-10T06:39:13.449+0000 7f680d526700 1 -- 172.21.15.174:0/854702971 shutdown_connections
2024-02-10T06:39:14.681 INFO:teuthology.orchestra.run.smithi174.stdout:/usr/bin/ceph: stderr
2024-02-10T06:39:13.449+0000 7f680d526700 1 --2- 172.21.15.174:0/854702971 >> v2:172.21.15.174:6800/1048754011 conn(0x7f67f0038ea0 0x7f67f003b360 unknown :-1 s=CLOSED pgs=15 cs=0 l=1 rev1=1 crypto rx=0 tx=0 comp rx=0 tx=0).stop
2024-02-10T06:39:14.681 INFO:teuthology.orchestra.run.smithi174.stdout:/usr/bin/ceph: stderr
2024-02-10T06:39:13.449+0000 7f680d526700 1 --2- 172.21.15.174:0/854702971 >> [v2:172.21.15.174:3300/0,v1:172.21.15.174:6789/0] conn(0x7f6808104db0 0x7f6808199c20 unknown :-1 s=CLOSED pgs=54 cs=0 l=1 rev1=1 crypto rx=0 tx=0 comp rx=0 tx=0).stop
2024-02-10T06:39:14.681 INFO:teuthology.orchestra.run.smithi174.stdout:/usr/bin/ceph: stderr
2024-02-10T06:39:13.449+0000 7f680d526700 1 -- 172.21.15.174:0/854702971 >> 172.21.15.174:0/854702971 conn(0x7f68081003b0 msgr2=0x7f68081012e0 unknown :-1 s=STATE_NONE l=0).mark_down
2024-02-10T06:39:14.682 INFO:teuthology.orchestra.run.smithi174.stdout:/usr/bin/ceph: stderr
2024-02-10T06:39:13.449+0000 7f680d526700 1 -- 172.21.15.174:0/854702971 shutdown_connections
2024-02-10T06:39:14.682 INFO:teuthology.orchestra.run.smithi174.stdout:/usr/bin/ceph: stderr
2024-02-10T06:39:13.449+0000 7f680d526700 1 -- 172.21.15.174:0/854702971 wait complete.
2024-02-10T06:39:14.682 INFO:teuthology.orchestra.run.smithi174.stdout:Enabling the dashboard module...
2024-02-10T06:39:15.736 INFO:journalctl@ceph.mon.a.smithi174.stdout:Feb 10 06:39:15 smithi174 ceph-mon[29878]: from='client.? 172.21.15.174:0/2988839079' entity='client.admin' cmd=[{"prefix": "mgr module enable", "module": "dashboard"}]: dispatch
2024-02-10T06:39:15.736 INFO:journalctl@ceph.mgr.y.smithi174.stdout:Feb 10 06:39:15 smithi174 ceph-df845a14-c7de-11ee-95b8-87774f69a715-mgr-y[30130]: ignoring --setuser ceph since I am not root
2024-02-10T06:39:15.736 INFO:journalctl@ceph.mgr.y.smithi174.stdout:Feb 10 06:39:15 smithi174 ceph-df845a14-c7de-11ee-95b8-87774f69a715-mgr-y[30130]: ignoring --setgroup ceph since I am not root
2024-02-10T06:39:16.027 INFO:teuthology.orchestra.run.smithi174.stdout:/usr/bin/ceph: stderr
2024-02-10T06:39:15.123+0000 7fc12171d700 1 Processor -- start
2024-02-10T06:39:16.027 INFO:teuthology.orchestra.run.smithi174.stdout:/usr/bin/ceph: stderr
2024-02-10T06:39:15.123+0000 7fc12171d700 1 -- start start
2024-02-10T06:39:16.027 INFO:teuthology.orchestra.run.smithi174.stdout:/usr/bin/ceph: stderr
2024-02-10T06:39:15.123+0000 7fc12171d700 1 --2- >> [v2:172.21.15.174:3300/0,v1:172.21.15.174:6789/0] conn(0x7fc11c106380 0x7fc11c1067a0 unknown :-1 s=NONE pgs=0 cs=0 l=0 rev1=0 crypto rx=0 tx=0 comp rx=0 tx=0).connect
2024-02-10T06:39:16.027 INFO:teuthology.orchestra.run.smithi174.stdout:/usr/bin/ceph: stderr
2024-02-10T06:39:15.123+0000 7fc12171d700 1 -- --> [v2:172.21.15.174:3300/0,v1:172.21.15.174:6789/0] -- mon_getmap magic: 0 v1 -- 0x7fc11c106d70 con 0x7fc11c106380
2024-02-10T06:39:16.027 INFO:teuthology.orchestra.run.smithi174.stdout:/usr/bin/ceph: stderr
2024-02-10T06:39:15.123+0000 7fc11affd700 1 --2- >> [v2:172.21.15.174:3300/0,v1:172.21.15.174:6789/0] conn(0x7fc11c106380 0x7fc11c1067a0 unknown :-1 s=BANNER_CONNECTING pgs=0 cs=0 l=0 rev1=0 crypto rx=0 tx=0 comp rx=0 tx=0)._handle_peer_banner_payload supported=3 required=0
2024-02-10T06:39:16.027 INFO:teuthology.orchestra.run.smithi174.stdout:/usr/bin/ceph: stderr
2024-02-10T06:39:15.123+0000 7fc11affd700 1 --2- >> [v2:172.21.15.174:3300/0,v1:172.21.15.174:6789/0] conn(0x7fc11c106380 0x7fc11c1067a0 unknown :-1 s=HELLO_CONNECTING pgs=0 cs=0 l=0 rev1=1 crypto rx=0 tx=0 comp rx=0 tx=0).handle_hello peer v2:172.21.15.174:3300/0 says I am v2:172.21.15.174:46540/0 (socket says 172.21.15.174:46540)
2024-02-10T06:39:16.028 INFO:teuthology.orchestra.run.smithi174.stdout:/usr/bin/ceph: stderr
2024-02-10T06:39:15.123+0000 7fc11affd700 1 -- 172.21.15.174:0/2549341275 learned_addr learned my addr 172.21.15.174:0/2549341275 (peer_addr_for_me v2:172.21.15.174:0/0)
2024-02-10T06:39:16.028 INFO:teuthology.orchestra.run.smithi174.stdout:/usr/bin/ceph: stderr
2024-02-10T06:39:15.124+0000 7fc11affd700 1 -- 172.21.15.174:0/2549341275 --> [v2:172.21.15.174:3300/0,v1:172.21.15.174:6789/0] -- mon_subscribe({config=0+,monmap=0+}) v3 -- 0x7fc11c106eb0 con 0x7fc11c106380
2024-02-10T06:39:16.028 INFO:teuthology.orchestra.run.smithi174.stdout:/usr/bin/ceph: stderr
2024-02-10T06:39:15.124+0000 7fc11affd700 1 --2- 172.21.15.174:0/2549341275 >> [v2:172.21.15.174:3300/0,v1:172.21.15.174:6789/0] conn(0x7fc11c106380 0x7fc11c1067a0 secure :-1 s=READY pgs=55 cs=0 l=1 rev1=1 crypto rx=0x7fc10c0098a0 tx=0x7fc10c009bb0 comp rx=0 tx=0).ready entity=mon.0 client_cookie=93bb8a372bf27bfa server_cookie=0 in_seq=0 out_seq=0
2024-02-10T06:39:16.028 INFO:teuthology.orchestra.run.smithi174.stdout:/usr/bin/ceph: stderr
2024-02-10T06:39:15.124+0000 7fc119ffb700 1 -- 172.21.15.174:0/2549341275 <== mon.0 v2:172.21.15.174:3300/0 1 ==== mon_map magic: 0 v1 ==== 205+0+0 (secure 0 0 0) 0x7fc10c004160 con 0x7fc11c106380
2024-02-10T06:39:16.028 INFO:teuthology.orchestra.run.smithi174.stdout:/usr/bin/ceph: stderr
2024-02-10T06:39:15.124+0000 7fc119ffb700 1 -- 172.21.15.174:0/2549341275 <== mon.0 v2:172.21.15.174:3300/0 2 ==== config(26 keys) v1 ==== 1093+0+0 (secure 0 0 0) 0x7fc10c0042c0 con 0x7fc11c106380
2024-02-10T06:39:16.028 INFO:teuthology.orchestra.run.smithi174.stdout:/usr/bin/ceph: stderr
2024-02-10T06:39:15.124+0000 7fc119ffb700 1 -- 172.21.15.174:0/2549341275 <== mon.0 v2:172.21.15.174:3300/0 3 ==== mon_map magic: 0 v1 ==== 205+0+0 (secure 0 0 0) 0x7fc10c011960 con 0x7fc11c106380
2024-02-10T06:39:16.028 INFO:teuthology.orchestra.run.smithi174.stdout:/usr/bin/ceph: stderr
2024-02-10T06:39:15.125+0000 7fc12171d700 1 -- 172.21.15.174:0/2549341275 >> [v2:172.21.15.174:3300/0,v1:172.21.15.174:6789/0] conn(0x7fc11c106380 msgr2=0x7fc11c1067a0 secure :-1 s=STATE_CONNECTION_ESTABLISHED l=1).mark_down
2024-02-10T06:39:16.028 INFO:teuthology.orchestra.run.smithi174.stdout:/usr/bin/ceph: stderr
2024-02-10T06:39:15.125+0000 7fc12171d700 1 --2- 172.21.15.174:0/2549341275 >> [v2:172.21.15.174:3300/0,v1:172.21.15.174:6789/0] conn(0x7fc11c106380 0x7fc11c1067a0 secure :-1 s=READY pgs=55 cs=0 l=1 rev1=1 crypto rx=0x7fc10c0098a0 tx=0x7fc10c009bb0 comp rx=0 tx=0).stop
2024-02-10T06:39:16.028 INFO:teuthology.orchestra.run.smithi174.stdout:/usr/bin/ceph: stderr
2024-02-10T06:39:15.125+0000 7fc12171d700 1 -- 172.21.15.174:0/2549341275 shutdown_connections
2024-02-10T06:39:16.028 INFO:teuthology.orchestra.run.smithi174.stdout:/usr/bin/ceph: stderr
2024-02-10T06:39:15.125+0000 7fc12171d700 1 --2- 172.21.15.174:0/2549341275 >> [v2:172.21.15.174:3300/0,v1:172.21.15.174:6789/0] conn(0x7fc11c106380 0x7fc11c1067a0 unknown :-1 s=CLOSED pgs=55 cs=0 l=1 rev1=1 crypto rx=0 tx=0 comp rx=0 tx=0).stop
2024-02-10T06:39:16.028 INFO:teuthology.orchestra.run.smithi174.stdout:/usr/bin/ceph: stderr
2024-02-10T06:39:15.125+0000 7fc12171d700 1 -- 172.21.15.174:0/2549341275 >> 172.21.15.174:0/2549341275 conn(0x7fc11c0ffa40 msgr2=0x7fc11c101e60 unknown :-1 s=STATE_NONE l=0).mark_down
2024-02-10T06:39:16.028 INFO:teuthology.orchestra.run.smithi174.stdout:/usr/bin/ceph: stderr
2024-02-10T06:39:15.125+0000 7fc12171d700 1 -- 172.21.15.174:0/2549341275 shutdown_connections
2024-02-10T06:39:16.028 INFO:teuthology.orchestra.run.smithi174.stdout:/usr/bin/ceph: stderr
2024-02-10T06:39:15.125+0000 7fc12171d700 1 -- 172.21.15.174:0/2549341275 wait complete.
2024-02-10T06:39:16.029 INFO:teuthology.orchestra.run.smithi174.stdout:/usr/bin/ceph: stderr
