2024-02-10T07:42:06.556 INFO:journalctl@ceph.mon.smithi100.smithi100.stdout:Feb 10 07:42:06 smithi100 ceph-mon[29380]: mgrmap e10: smithi100.jsbwic(active, starting, since 0.00378624s)
2024-02-10T07:42:06.556 INFO:journalctl@ceph.mon.smithi100.smithi100.stdout:Feb 10 07:42:06 smithi100 ceph-mon[29380]: from='mgr.14160 172.21.15.100:0/1234172038' entity='mgr.smithi100.jsbwic' cmd=[{"prefix": "mon metadata", "id": "smithi100"}]: dispatch
2024-02-10T07:42:06.556 INFO:journalctl@ceph.mon.smithi100.smithi100.stdout:Feb 10 07:42:06 smithi100 ceph-mon[29380]: from='mgr.14160 172.21.15.100:0/1234172038' entity='mgr.smithi100.jsbwic' cmd=[{"prefix": "mgr metadata", "who": "smithi100.jsbwic", "id": "smithi100.jsbwic"}]: dispatch
2024-02-10T07:42:06.556 INFO:journalctl@ceph.mon.smithi100.smithi100.stdout:Feb 10 07:42:06 smithi100 ceph-mon[29380]: from='mgr.14160 172.21.15.100:0/1234172038' entity='mgr.smithi100.jsbwic' cmd=[{"prefix": "mds metadata"}]: dispatch
2024-02-10T07:42:06.556 INFO:journalctl@ceph.mon.smithi100.smithi100.stdout:Feb 10 07:42:06 smithi100 ceph-mon[29380]: from='mgr.14160 172.21.15.100:0/1234172038' entity='mgr.smithi100.jsbwic' cmd=[{"prefix": "osd metadata"}]: dispatch
2024-02-10T07:42:06.557 INFO:journalctl@ceph.mon.smithi100.smithi100.stdout:Feb 10 07:42:06 smithi100 ceph-mon[29380]: from='mgr.14160 172.21.15.100:0/1234172038' entity='mgr.smithi100.jsbwic' cmd=[{"prefix": "mon metadata"}]: dispatch
2024-02-10T07:42:06.557 INFO:journalctl@ceph.mon.smithi100.smithi100.stdout:Feb 10 07:42:06 smithi100 ceph-mon[29380]: Manager daemon smithi100.jsbwic is now available
2024-02-10T07:42:06.557 INFO:journalctl@ceph.mon.smithi100.smithi100.stdout:Feb 10 07:42:06 smithi100 ceph-mon[29380]: from='mgr.14160 172.21.15.100:0/1234172038' entity='mgr.smithi100.jsbwic' cmd=[{"prefix": "config dump", "format": "json"}]: dispatch
2024-02-10T07:42:06.557 INFO:journalctl@ceph.mon.smithi100.smithi100.stdout:Feb 10 07:42:06 smithi100 ceph-mon[29380]: from='mgr.14160 172.21.15.100:0/1234172038' entity='mgr.smithi100.jsbwic' cmd=[{"prefix": "config dump", "format": "json"}]: dispatch
2024-02-10T07:42:07.500 INFO:journalctl@ceph.mon.smithi100.smithi100.stdout:Feb 10 07:42:07 smithi100 ceph-mon[29380]: from='mgr.14160 172.21.15.100:0/1234172038' entity='mgr.smithi100.jsbwic' cmd=[{"prefix":"config rm","who":"mgr","name":"mgr/rbd_support/smithi100.jsbwic/mirror_snapshot_schedule"}]: dispatch
2024-02-10T07:42:07.500 INFO:journalctl@ceph.mon.smithi100.smithi100.stdout:Feb 10 07:42:07 smithi100 ceph-mon[29380]: from='mgr.14160 172.21.15.100:0/1234172038' entity='mgr.smithi100.jsbwic' cmd=[{"prefix":"config rm","who":"mgr","name":"mgr/rbd_support/smithi100.jsbwic/trash_purge_schedule"}]: dispatch
2024-02-10T07:42:07.500 INFO:journalctl@ceph.mon.smithi100.smithi100.stdout:Feb 10 07:42:07 smithi100 ceph-mon[29380]: [10/Feb/2024:07:42:06] ENGINE Bus STARTING
2024-02-10T07:42:07.500 INFO:journalctl@ceph.mon.smithi100.smithi100.stdout:Feb 10 07:42:07 smithi100 ceph-mon[29380]: [10/Feb/2024:07:42:06] ENGINE Serving on https://172.21.15.100:7150
2024-02-10T07:42:07.500 INFO:journalctl@ceph.mon.smithi100.smithi100.stdout:Feb 10 07:42:07 smithi100 ceph-mon[29380]: [10/Feb/2024:07:42:06] ENGINE Bus STARTED
2024-02-10T07:42:07.501 INFO:journalctl@ceph.mon.smithi100.smithi100.stdout:Feb 10 07:42:07 smithi100 ceph-mon[29380]: from='mgr.14160 172.21.15.100:0/1234172038' entity='mgr.smithi100.jsbwic'
2024-02-10T07:42:07.501 INFO:journalctl@ceph.mon.smithi100.smithi100.stdout:Feb 10 07:42:07 smithi100 ceph-mon[29380]: mgrmap e11: smithi100.jsbwic(active, since 1.00568s)
2024-02-10T07:42:07.803 INFO:teuthology.orchestra.run.smithi100.stdout:/usr/bin/ceph: stdout {
2024-02-10T07:42:07.803 INFO:teuthology.orchestra.run.smithi100.stdout:/usr/bin/ceph: stdout "mgrmap_epoch": 11,
2024-02-10T07:42:07.803 INFO:teuthology.orchestra.run.smithi100.stdout:/usr/bin/ceph: stdout "initialized": true
2024-02-10T07:42:07.803 INFO:teuthology.orchestra.run.smithi100.stdout:/usr/bin/ceph: stdout }
2024-02-10T07:42:07.803 INFO:teuthology.orchestra.run.smithi100.stdout:/usr/bin/ceph: stderr
2024-02-10T07:42:01.983+0000 7fd4d2874700 1 Processor -- start
2024-02-10T07:42:07.803 INFO:teuthology.orchestra.run.smithi100.stdout:/usr/bin/ceph: stderr
2024-02-10T07:42:01.984+0000 7fd4d2874700 1 -- start start
2024-02-10T07:42:07.803 INFO:teuthology.orchestra.run.smithi100.stdout:/usr/bin/ceph: stderr
2024-02-10T07:42:01.984+0000 7fd4d2874700 1 --2- >> [v2:172.21.15.100:3300/0,v1:172.21.15.100:6789/0] conn(0x7fd4cc078d00 0x7fd4cc077210 unknown :-1 s=NONE pgs=0 cs=0 l=0 rev1=0 crypto rx=0 tx=0 comp rx=0 tx=0).connect
2024-02-10T07:42:07.803 INFO:teuthology.orchestra.run.smithi100.stdout:/usr/bin/ceph: stderr
2024-02-10T07:42:01.984+0000 7fd4d2874700 1 -- --> [v2:172.21.15.100:3300/0,v1:172.21.15.100:6789/0] -- mon_getmap magic: 0 v1 -- 0x7fd4cc079110 con 0x7fd4cc078d00
2024-02-10T07:42:07.803 INFO:teuthology.orchestra.run.smithi100.stdout:/usr/bin/ceph: stderr
2024-02-10T07:42:01.984+0000 7fd4cbfff700 1 --2- >> [v2:172.21.15.100:3300/0,v1:172.21.15.100:6789/0] conn(0x7fd4cc078d00 0x7fd4cc077210 unknown :-1 s=BANNER_CONNECTING pgs=0 cs=0 l=0 rev1=0 crypto rx=0 tx=0 comp rx=0 tx=0)._handle_peer_banner_payload supported=3 required=0
2024-02-10T07:42:07.804 INFO:teuthology.orchestra.run.smithi100.stdout:/usr/bin/ceph: stderr
2024-02-10T07:42:01.984+0000 7fd4cbfff700 1 --2- >> [v2:172.21.15.100:3300/0,v1:172.21.15.100:6789/0] conn(0x7fd4cc078d00 0x7fd4cc077210 unknown :-1 s=HELLO_CONNECTING pgs=0 cs=0 l=0 rev1=1 crypto rx=0 tx=0 comp rx=0 tx=0).handle_hello peer v2:172.21.15.100:3300/0 says I am v2:172.21.15.100:35610/0 (socket says 172.21.15.100:35610)
2024-02-10T07:42:07.804 INFO:teuthology.orchestra.run.smithi100.stdout:/usr/bin/ceph: stderr
2024-02-10T07:42:01.984+0000 7fd4cbfff700 1 -- 172.21.15.100:0/2327739959 learned_addr learned my addr 172.21.15.100:0/2327739959 (peer_addr_for_me v2:172.21.15.100:0/0)
2024-02-10T07:42:07.804 INFO:teuthology.orchestra.run.smithi100.stdout:/usr/bin/ceph: stderr
2024-02-10T07:42:01.984+0000 7fd4cbfff700 1 -- 172.21.15.100:0/2327739959 --> [v2:172.21.15.100:3300/0,v1:172.21.15.100:6789/0] -- mon_subscribe({config=0+,monmap=0+}) v3 -- 0x7fd4cc077750 con 0x7fd4cc078d00
2024-02-10T07:42:07.804 INFO:teuthology.orchestra.run.smithi100.stdout:/usr/bin/ceph: stderr
2024-02-10T07:42:01.984+0000 7fd4cbfff700 1 --2- 172.21.15.100:0/2327739959 >> [v2:172.21.15.100:3300/0,v1:172.21.15.100:6789/0] conn(0x7fd4cc078d00 0x7fd4cc077210 secure :-1 s=READY pgs=69 cs=0 l=1 rev1=1 crypto rx=0x7fd4bc0098e0 tx=0x7fd4bc009250 comp rx=0 tx=0).ready entity=mon.0 client_cookie=aa687dd93a9d27b6 server_cookie=0 in_seq=0 out_seq=0
2024-02-10T07:42:07.804 INFO:teuthology.orchestra.run.smithi100.stdout:/usr/bin/ceph: stderr
2024-02-10T07:42:01.985+0000 7fd4caffd700 1 -- 172.21.15.100:0/2327739959 <== mon.0 v2:172.21.15.100:3300/0 1 ==== mon_map magic: 0 v1 ==== 229+0+0 (secure 0 0 0) 0x7fd4bc00b860 con 0x7fd4cc078d00
2024-02-10T07:42:07.804 INFO:teuthology.orchestra.run.smithi100.stdout:/usr/bin/ceph: stderr
2024-02-10T07:42:01.985+0000 7fd4caffd700 1 -- 172.21.15.100:0/2327739959 <== mon.0 v2:172.21.15.100:3300/0 2 ==== config(27 keys) v1 ==== 1109+0+0 (secure 0 0 0) 0x7fd4bc00be90 con 0x7fd4cc078d00
2024-02-10T07:42:07.804 INFO:teuthology.orchestra.run.smithi100.stdout:/usr/bin/ceph: stderr
2024-02-10T07:42:01.985+0000 7fd4caffd700 1 -- 172.21.15.100:0/2327739959 <== mon.0 v2:172.21.15.100:3300/0 3 ==== mon_map magic: 0 v1 ==== 229+0+0 (secure 0 0 0) 0x7fd4bc0103c0 con 0x7fd4cc078d00
2024-02-10T07:42:07.804 INFO:teuthology.orchestra.run.smithi100.stdout:/usr/bin/ceph: stderr
2024-02-10T07:42:01.985+0000 7fd4d2874700 1 -- 172.21.15.100:0/2327739959 >> [v2:172.21.15.100:3300/0,v1:172.21.15.100:6789/0] conn(0x7fd4cc078d00 msgr2=0x7fd4cc077210 secure :-1 s=STATE_CONNECTION_ESTABLISHED l=1).mark_down
2024-02-10T07:42:07.804 INFO:teuthology.orchestra.run.smithi100.stdout:/usr/bin/ceph: stderr
2024-02-10T07:42:01.985+0000 7fd4d2874700 1 --2- 172.21.15.100:0/2327739959 >> [v2:172.21.15.100:3300/0,v1:172.21.15.100:6789/0] conn(0x7fd4cc078d00 0x7fd4cc077210 secure :-1 s=READY pgs=69 cs=0 l=1 rev1=1 crypto rx=0x7fd4bc0098e0 tx=0x7fd4bc009250 comp rx=0 tx=0).stop
2024-02-10T07:42:07.804 INFO:teuthology.orchestra.run.smithi100.stdout:/usr/bin/ceph: stderr
2024-02-10T07:42:01.985+0000 7fd4d2874700 1 -- 172.21.15.100:0/2327739959 shutdown_connections
2024-02-10T07:42:07.804 INFO:teuthology.orchestra.run.smithi100.stdout:/usr/bin/ceph: stderr
2024-02-10T07:42:01.985+0000 7fd4d2874700 1 --2- 172.21.15.100:0/2327739959 >> [v2:172.21.15.100:3300/0,v1:172.21.15.100:6789/0] conn(0x7fd4cc078d00 0x7fd4cc077210 unknown :-1 s=CLOSED pgs=69 cs=0 l=1 rev1=1 crypto rx=0 tx=0 comp rx=0 tx=0).stop
2024-02-10T07:42:07.804 INFO:teuthology.orchestra.run.smithi100.stdout:/usr/bin/ceph: stderr
2024-02-10T07:42:01.985+0000 7fd4d2874700 1 -- 172.21.15.100:0/2327739959 >> 172.21.15.100:0/2327739959 conn(0x7fd4cc0fded0 msgr2=0x7fd4cc100300 unknown :-1 s=STATE_NONE l=0).mark_down
2024-02-10T07:42:07.805 INFO:teuthology.orchestra.run.smithi100.stdout:/usr/bin/ceph: stderr
2024-02-10T07:42:01.985+0000 7fd4d2874700 1 -- 172.21.15.100:0/2327739959 shutdown_connections
2024-02-10T07:42:07.805 INFO:teuthology.orchestra.run.smithi100.stdout:/usr/bin/ceph: stderr
2024-02-10T07:42:01.985+0000 7fd4d2874700 1 -- 172.21.15.100:0/2327739959 wait complete.
2024-02-10T07:42:07.805 INFO:teuthology.orchestra.run.smithi100.stdout:/usr/bin/ceph: stderr
2024-02-10T07:42:01.986+0000 7fd4d2874700 1 Processor -- start
2024-02-10T07:42:07.805 INFO:teuthology.orchestra.run.smithi100.stdout:/usr/bin/ceph: stderr
2024-02-10T07:42:01.986+0000 7fd4d2874700 1 -- start start
2024-02-10T07:42:07.805 INFO:teuthology.orchestra.run.smithi100.stdout:/usr/bin/ceph: stderr
2024-02-10T07:42:01.986+0000 7fd4d2874700 1 --2- >> [v2:172.21.15.100:3300/0,v1:172.21.15.100:6789/0] conn(0x7fd4cc078d00 0x7fd4cc113780 unknown :-1 s=NONE pgs=0 cs=0 l=1 rev1=0 crypto rx=0 tx=0 comp rx=0 tx=0).connect
2024-02-10T07:42:07.805 INFO:teuthology.orchestra.run.smithi100.stdout:/usr/bin/ceph: stderr
2024-02-10T07:42:01.986+0000 7fd4d2874700 1 -- --> [v2:172.21.15.100:3300/0,v1:172.21.15.100:6789/0] -- mon_getmap magic: 0 v1 -- 0x7fd4cc113cc0 con 0x7fd4cc078d00
2024-02-10T07:42:07.805 INFO:teuthology.orchestra.run.smithi100.stdout:/usr/bin/ceph: stderr
2024-02-10T07:42:01.987+0000 7fd4cbfff700 1 --2- >> [v2:172.21.15.100:3300/0,v1:172.21.15.100:6789/0] conn(0x7fd4cc078d00 0x7fd4cc113780 unknown :-1 s=BANNER_CONNECTING pgs=0 cs=0 l=1 rev1=0 crypto rx=0 tx=0 comp rx=0 tx=0)._handle_peer_banner_payload supported=3 required=0
2024-02-10T07:42:07.805 INFO:teuthology.orchestra.run.smithi100.stdout:/usr/bin/ceph: stderr
2024-02-10T07:42:01.987+0000 7fd4cbfff700 1 --2- >> [v2:172.21.15.100:3300/0,v1:172.21.15.100:6789/0] conn(0x7fd4cc078d00 0x7fd4cc113780 unknown :-1 s=HELLO_CONNECTING pgs=0 cs=0 l=1 rev1=1 crypto rx=0 tx=0 comp rx=0 tx=0).handle_hello peer v2:172.21.15.100:3300/0 says I am v2:172.21.15.100:35624/0 (socket says 172.21.15.100:35624)
2024-02-10T07:42:07.805 INFO:teuthology.orchestra.run.smithi100.stdout:/usr/bin/ceph: stderr
2024-02-10T07:42:01.987+0000 7fd4cbfff700 1 -- 172.21.15.100:0/944103545 learned_addr learned my addr 172.21.15.100:0/944103545 (peer_addr_for_me v2:172.21.15.100:0/0)
2024-02-10T07:42:07.805 INFO:teuthology.orchestra.run.smithi100.stdout:/usr/bin/ceph: stderr
2024-02-10T07:42:01.987+0000 7fd4cbfff700 1 -- 172.21.15.100:0/944103545 --> [v2:172.21.15.100:3300/0,v1:172.21.15.100:6789/0] -- mon_subscribe({config=0+,monmap=0+}) v3 -- 0x7fd4bc0094f0 con 0x7fd4cc078d00
2024-02-10T07:42:07.805 INFO:teuthology.orchestra.run.smithi100.stdout:/usr/bin/ceph: stderr
2024-02-10T07:42:01.987+0000 7fd4cbfff700 1 --2- 172.21.15.100:0/944103545 >> [v2:172.21.15.100:3300/0,v1:172.21.15.100:6789/0] conn(0x7fd4cc078d00 0x7fd4cc113780 secure :-1 s=READY pgs=70 cs=0 l=1 rev1=1 crypto rx=0x7fd4bc0090b0 tx=0x7fd4bc009250 comp rx=0 tx=0).ready entity=mon.0 client_cookie=0 server_cookie=0 in_seq=0 out_seq=0
2024-02-10T07:42:07.805 INFO:teuthology.orchestra.run.smithi100.stdout:/usr/bin/ceph: stderr
2024-02-10T07:42:01.987+0000 7fd4c8ff9700 1 -- 172.21.15.100:0/944103545 <== mon.0 v2:172.21.15.100:3300/0 1 ==== mon_map magic: 0 v1 ==== 229+0+0 (secure 0 0 0) 0x7fd4bc0118f0 con 0x7fd4cc078d00
2024-02-10T07:42:07.805 INFO:teuthology.orchestra.run.smithi100.stdout:/usr/bin/ceph: stderr
2024-02-10T07:42:01.987+0000 7fd4c8ff9700 1 -- 172.21.15.100:0/944103545 <== mon.0 v2:172.21.15.100:3300/0 2 ==== config(27 keys) v1 ==== 1109+0+0 (secure 0 0 0) 0x7fd4bc010d10 con 0x7fd4cc078d00
2024-02-10T07:42:07.806 INFO:teuthology.orchestra.run.smithi100.stdout:/usr/bin/ceph: stderr
2024-02-10T07:42:01.987+0000 7fd4d2874700 1 -- 172.21.15.100:0/944103545 --> [v2:172.21.15.100:3300/0,v1:172.21.15.100:6789/0] -- mon_subscribe({mgrmap=0+}) v3 -- 0x7fd4cc113ec0 con 0x7fd4cc078d00
2024-02-10T07:42:07.806 INFO:teuthology.orchestra.run.smithi100.stdout:/usr/bin/ceph: stderr
2024-02-10T07:42:01.987+0000 7fd4d2874700 1 -- 172.21.15.100:0/944103545 --> [v2:172.21.15.100:3300/0,v1:172.21.15.100:6789/0] -- mon_subscribe({osdmap=0}) v3 -- 0x7fd4cc114b60 con 0x7fd4cc078d00
2024-02-10T07:42:07.806 INFO:teuthology.orchestra.run.smithi100.stdout:/usr/bin/ceph: stderr
2024-02-10T07:42:01.987+0000 7fd4c8ff9700 1 -- 172.21.15.100:0/944103545 <== mon.0 v2:172.21.15.100:3300/0 3 ==== mon_map magic: 0 v1 ==== 229+0+0 (secure 0 0 0) 0x7fd4bc024e70 con 0x7fd4cc078d00
2024-02-10T07:42:07.806 INFO:teuthology.orchestra.run.smithi100.stdout:/usr/bin/ceph: stderr
2024-02-10T07:42:01.988+0000 7fd4c8ff9700 1 -- 172.21.15.100:0/944103545 <== mon.0 v2:172.21.15.100:3300/0 4 ==== mgrmap(e 9) v1 ==== 43381+0+0 (secure 0 0 0) 0x7fd4bc01a580 con 0x7fd4cc078d00
2024-02-10T07:42:07.806 INFO:teuthology.orchestra.run.smithi100.stdout:/usr/bin/ceph: stderr
2024-02-10T07:42:01.988+0000 7fd4c8ff9700 1 --2- 172.21.15.100:0/944103545 >> [v2:172.21.15.100:6800/2956339379,v1:172.21.15.100:6801/2956339379] conn(0x7fd4b40367e0 0x7fd4b4038c90 unknown :-1 s=NONE pgs=0 cs=0 l=1 rev1=0 crypto rx=0 tx=0 comp rx=0 tx=0).connect
2024-02-10T07:42:07.806 INFO:teuthology.orchestra.run.smithi100.stdout:/usr/bin/ceph: stderr
2024-02-10T07:42:01.988+0000 7fd4c8ff9700 1 -- 172.21.15.100:0/944103545 --> [v2:172.21.15.100:6800/2956339379,v1:172.21.15.100:6801/2956339379] -- command(tid 0: {"prefix": "get_command_descriptions"}) v1 -- 0x7fd4b40393a0 con 0x7fd4b40367e0
2024-02-10T07:42:07.806 INFO:teuthology.orchestra.run.smithi100.stdout:/usr/bin/ceph: stderr
2024-02-10T07:42:01.988+0000 7fd4cb7fe700 1 -- 172.21.15.100:0/944103545 >> [v2:172.21.15.100:6800/2956339379,v1:172.21.15.100:6801/2956339379] conn(0x7fd4b40367e0 msgr2=0x7fd4b4038c90 unknown :-1 s=STATE_CONNECTING_RE l=1).process reconnect failed to v2:172.21.15.100:6800/2956339379
2024-02-10T07:42:07.806 INFO:teuthology.orchestra.run.smithi100.stdout:/usr/bin/ceph: stderr
2024-02-10T07:42:01.988+0000 7fd4c8ff9700 1 -- 172.21.15.100:0/944103545 <== mon.0 v2:172.21.15.100:3300/0 5 ==== osd_map(2..2 src has 1..2) v4 ==== 936+0+0 (secure 0 0 0) 0x7fd4bc04b6c0 con 0x7fd4cc078d00
2024-02-10T07:42:07.806 INFO:teuthology.orchestra.run.smithi100.stdout:/usr/bin/ceph: stderr
2024-02-10T07:42:01.988+0000 7fd4cb7fe700 1 --2- 172.21.15.100:0/944103545 >> [v2:172.21.15.100:6800/2956339379,v1:172.21.15.100:6801/2956339379] conn(0x7fd4b40367e0 0x7fd4b4038c90 unknown :-1 s=START_CONNECT pgs=0 cs=0 l=1 rev1=0 crypto rx=0 tx=0 comp rx=0 tx=0)._fault waiting 0.200000
2024-02-10T07:42:07.806 INFO:teuthology.orchestra.run.smithi100.stdout:/usr/bin/ceph: stderr
2024-02-10T07:42:02.189+0000 7fd4cb7fe700 1 -- 172.21.15.100:0/944103545 >> [v2:172.21.15.100:6800/2956339379,v1:172.21.15.100:6801/2956339379] conn(0x7fd4b40367e0 msgr2=0x7fd4b4038c90 unknown :-1 s=STATE_CONNECTING_RE l=1).process reconnect failed to v2:172.21.15.100:6800/2956339379
2024-02-10T07:42:07.806 INFO:teuthology.orchestra.run.smithi100.stdout:/usr/bin/ceph: stderr
2024-02-10T07:42:02.189+0000 7fd4cb7fe700 1 --2- 172.21.15.100:0/944103545 >> [v2:172.21.15.100:6800/2956339379,v1:172.21.15.100:6801/2956339379] conn(0x7fd4b40367e0 0x7fd4b4038c90 unknown :-1 s=START_CONNECT pgs=0 cs=0 l=1 rev1=0 crypto rx=0 tx=0 comp rx=0 tx=0)._fault waiting 0.400000
2024-02-10T07:42:07.806 INFO:teuthology.orchestra.run.smithi100.stdout:/usr/bin/ceph: stderr
2024-02-10T07:42:02.590+0000 7fd4cb7fe700 1 -- 172.21.15.100:0/944103545 >> [v2:172.21.15.100:6800/2956339379,v1:172.21.15.100:6801/2956339379] conn(0x7fd4b40367e0 msgr2=0x7fd4b4038c90 unknown :-1 s=STATE_CONNECTING_RE l=1).process reconnect failed to v2:172.21.15.100:6800/2956339379
2024-02-10T07:42:07.806 INFO:teuthology.orchestra.run.smithi100.stdout:/usr/bin/ceph: stderr
2024-02-10T07:42:02.590+0000 7fd4cb7fe700 1 --2- 172.21.15.100:0/944103545 >> [v2:172.21.15.100:6800/2956339379,v1:172.21.15.100:6801/2956339379] conn(0x7fd4b40367e0 0x7fd4b4038c90 unknown :-1 s=START_CONNECT pgs=0 cs=0 l=1 rev1=0 crypto rx=0 tx=0 comp rx=0 tx=0)._fault waiting 0.800000
2024-02-10T07:42:07.806 INFO:teuthology.orchestra.run.smithi100.stdout:/usr/bin/ceph: stderr
2024-02-10T07:42:03.391+0000 7fd4cb7fe700 1 -- 172.21.15.100:0/944103545 >> [v2:172.21.15.100:6800/2956339379,v1:172.21.15.100:6801/2956339379] conn(0x7fd4b40367e0 msgr2=0x7fd4b4038c90 unknown :-1 s=STATE_CONNECTING_RE l=1).process reconnect failed to v2:172.21.15.100:6800/2956339379
2024-02-10T07:42:07.806 INFO:teuthology.orchestra.run.smithi100.stdout:/usr/bin/ceph: stderr
2024-02-10T07:42:03.391+0000 7fd4cb7fe700 1 --2- 172.21.15.100:0/944103545 >> [v2:172.21.15.100:6800/2956339379,v1:172.21.15.100:6801/2956339379] conn(0x7fd4b40367e0 0x7fd4b4038c90 unknown :-1 s=START_CONNECT pgs=0 cs=0 l=1 rev1=0 crypto rx=0 tx=0 comp rx=0 tx=0)._fault waiting 1.600000
2024-02-10T07:42:07.807 INFO:teuthology.orchestra.run.smithi100.stdout:/usr/bin/ceph: stderr
2024-02-10T07:42:04.992+0000 7fd4cb7fe700 1 -- 172.21.15.100:0/944103545 >> [v2:172.21.15.100:6800/2956339379,v1:172.21.15.100:6801/2956339379] conn(0x7fd4b40367e0 msgr2=0x7fd4b4038c90 unknown :-1 s=STATE_CONNECTING_RE l=1).process reconnect failed to v2:172.21.15.100:6800/2956339379
2024-02-10T07:42:07.807 INFO:teuthology.orchestra.run.smithi100.stdout:/usr/bin/ceph: stderr
2024-02-10T07:42:04.992+0000 7fd4cb7fe700 1 --2- 172.21.15.100:0/944103545 >> [v2:172.21.15.100:6800/2956339379,v1:172.21.15.100:6801/2956339379] conn(0x7fd4b40367e0 0x7fd4b4038c90 unknown :-1 s=START_CONNECT pgs=0 cs=0 l=1 rev1=0 crypto rx=0 tx=0 comp rx=0 tx=0)._fault waiting 3.200000
2024-02-10T07:42:07.807 INFO:teuthology.orchestra.run.smithi100.stdout:/usr/bin/ceph: stderr
2024-02-10T07:42:06.187+0000 7fd4c8ff9700 1 -- 172.21.15.100:0/944103545 <== mon.0 v2:172.21.15.100:3300/0 6 ==== mgrmap(e 10) v1 ==== 43148+0+0 (secure 0 0 0) 0x7fd4bc01aa60 con 0x7fd4cc078d00
2024-02-10T07:42:07.807 INFO:teuthology.orchestra.run.smithi100.stdout:/usr/bin/ceph: stderr
2024-02-10T07:42:06.187+0000 7fd4c8ff9700 1 -- 172.21.15.100:0/944103545 >> [v2:172.21.15.100:6800/2956339379,v1:172.21.15.100:6801/2956339379] conn(0x7fd4b40367e0 msgr2=0x7fd4b4038c90 unknown :-1 s=STATE_CONNECTING l=1).mark_down
2024-02-10T07:42:07.807 INFO:teuthology.orchestra.run.smithi100.stdout:/usr/bin/ceph: stderr
2024-02-10T07:42:06.187+0000 7fd4c8ff9700 1 --2- 172.21.15.100:0/944103545 >> [v2:172.21.15.100:6800/2956339379,v1:172.21.15.100:6801/2956339379] conn(0x7fd4b40367e0 0x7fd4b4038c90 unknown :-1 s=START_CONNECT pgs=0 cs=0 l=1 rev1=0 crypto rx=0 tx=0 comp rx=0 tx=0).stop
2024-02-10T07:42:07.807 INFO:teuthology.orchestra.run.smithi100.stdout:/usr/bin/ceph: stderr
2024-02-10T07:42:07.188+0000 7fd4c8ff9700 1 -- 172.21.15.100:0/944103545 <== mon.0 v2:172.21.15.100:3300/0 7 ==== mgrmap(e 11) v1 ==== 43275+0+0 (secure 0 0 0) 0x7fd4bc016c50 con 0x7fd4cc078d00
2024-02-10T07:42:07.807 INFO:teuthology.orchestra.run.smithi100.stdout:/usr/bin/ceph: stderr
2024-02-10T07:42:07.188+0000 7fd4c8ff9700 1 --2- 172.21.15.100:0/944103545 >> [v2:172.21.15.100:6800/2336646063,v1:172.21.15.100:6801/2336646063] conn(0x7fd4b4039fd0 0x7fd4b403c3b0 unknown :-1 s=NONE pgs=0 cs=0 l=1 rev1=0 crypto rx=0 tx=0 comp rx=0 tx=0).connect
2024-02-10T07:42:07.807 INFO:teuthology.orchestra.run.smithi100.stdout:/usr/bin/ceph: stderr
2024-02-10T07:42:07.188+0000 7fd4c8ff9700 1 -- 172.21.15.100:0/944103545 --> [v2:172.21.15.100:6800/2336646063,v1:172.21.15.100:6801/2336646063] -- command(tid 0: {"prefix": "get_command_descriptions"}) v1 -- 0x7fd4b40393a0 con 0x7fd4b4039fd0
2024-02-10T07:42:07.807 INFO:teuthology.orchestra.run.smithi100.stdout:/usr/bin/ceph: stderr
2024-02-10T07:42:07.188+0000 7fd4cb7fe700 1 --2- 172.21.15.100:0/944103545 >> [v2:172.21.15.100:6800/2336646063,v1:172.21.15.100:6801/2336646063] conn(0x7fd4b4039fd0 0x7fd4b403c3b0 unknown :-1 s=BANNER_CONNECTING pgs=0 cs=0 l=1 rev1=0 crypto rx=0 tx=0 comp rx=0 tx=0)._handle_peer_banner_payload supported=3 required=0
2024-02-10T07:42:07.807 INFO:teuthology.orchestra.run.smithi100.stdout:/usr/bin/ceph: stderr
2024-02-10T07:42:07.189+0000 7fd4cb7fe700 1 --2- 172.21.15.100:0/944103545 >> [v2:172.21.15.100:6800/2336646063,v1:172.21.15.100:6801/2336646063] conn(0x7fd4b4039fd0 0x7fd4b403c3b0 secure :-1 s=READY pgs=2 cs=0 l=1 rev1=1 crypto rx=0x7fd4c00039d0 tx=0x7fd4c0009350 comp rx=0 tx=0).ready entity=mgr.14160 client_cookie=0 server_cookie=0 in_seq=0 out_seq=0
2024-02-10T07:42:07.807 INFO:teuthology.orchestra.run.smithi100.stdout:/usr/bin/ceph: stderr
2024-02-10T07:42:07.190+0000 7fd4c8ff9700 1 -- 172.21.15.100:0/944103545 <== mgr.14160 v2:172.21.15.100:6800/2336646063 1 ==== command_reply(tid 0: 0 ) v1 ==== 8+0+6549 (secure 0 0 0) 0x7fd4b40393a0 con 0x7fd4b4039fd0
2024-02-10T07:42:07.807 INFO:teuthology.orchestra.run.smithi100.stdout:/usr/bin/ceph: stderr
2024-02-10T07:42:07.195+0000 7fd4d2874700 1 -- 172.21.15.100:0/944103545 --> [v2:172.21.15.100:6800/2336646063,v1:172.21.15.100:6801/2336646063] -- command(tid 1: {"prefix": "mgr_status"}) v1 -- 0x7fd4b80025f0 con 0x7fd4b4039fd0
2024-02-10T07:42:07.807 INFO:teuthology.orchestra.run.smithi100.stdout:/usr/bin/ceph: stderr
2024-02-10T07:42:07.196+0000 7fd4c8ff9700 1 -- 172.21.15.100:0/944103545 <== mgr.14160 v2:172.21.15.100:6800/2336646063 2 ==== command_reply(tid 1: 0 ) v1 ==== 8+0+52 (secure 0 0 0) 0x7fd4b80025f0 con 0x7fd4b4039fd0
2024-02-10T07:42:07.807 INFO:teuthology.orchestra.run.smithi100.stdout:/usr/bin/ceph: stderr
2024-02-10T07:42:07.196+0000 7fd4d2874700 1 -- 172.21.15.100:0/944103545 >> [v2:172.21.15.100:6800/2336646063,v1:172.21.15.100:6801/2336646063] conn(0x7fd4b4039fd0 msgr2=0x7fd4b403c3b0 secure :-1 s=STATE_CONNECTION_ESTABLISHED l=1).mark_down
2024-02-10T07:42:07.808 INFO:teuthology.orchestra.run.smithi100.stdout:/usr/bin/ceph: stderr
2024-02-10T07:42:07.196+0000 7fd4d2874700 1 --2- 172.21.15.100:0/944103545 >> [v2:172.21.15.100:6800/2336646063,v1:172.21.15.100:6801/2336646063] conn(0x7fd4b4039fd0 0x7fd4b403c3b0 secure :-1 s=READY pgs=2 cs=0 l=1 rev1=1 crypto rx=0x7fd4c00039d0 tx=0x7fd4c0009350 comp rx=0 tx=0).stop
2024-02-10T07:42:07.808 INFO:teuthology.orchestra.run.smithi100.stdout:/usr/bin/ceph: stderr
2024-02-10T07:42:07.196+0000 7fd4d2874700 1 -- 172.21.15.100:0/944103545 >> [v2:172.21.15.100:3300/0,v1:172.21.15.100:6789/0] conn(0x7fd4cc078d00 msgr2=0x7fd4cc113780 secure :-1 s=STATE_CONNECTION_ESTABLISHED l=1).mark_down
2024-02-10T07:42:07.808 INFO:teuthology.orchestra.run.smithi100.stdout:/usr/bin/ceph: stderr
2024-02-10T07:42:07.196+0000 7fd4d2874700 1 --2- 172.21.15.100:0/944103545 >> [v2:172.21.15.100:3300/0,v1:172.21.15.100:6789/0] conn(0x7fd4cc078d00 0x7fd4cc113780 secure :-1 s=READY pgs=70 cs=0 l=1 rev1=1 crypto rx=0x7fd4bc0090b0 tx=0x7fd4bc009250 comp rx=0 tx=0).stop
2024-02-10T07:42:07.808 INFO:teuthology.orchestra.run.smithi100.stdout:/usr/bin/ceph: stderr
2024-02-10T07:42:07.196+0000 7fd4d2874700 1 -- 172.21.15.100:0/944103545 shutdown_connections
2024-02-10T07:42:07.808 INFO:teuthology.orchestra.run.smithi100.stdout:/usr/bin/ceph: stderr
2024-02-10T07:42:07.196+0000 7fd4d2874700 1 --2- 172.21.15.100:0/944103545 >> [v2:172.21.15.100:3300/0,v1:172.21.15.100:6789/0] conn(0x7fd4cc078d00 0x7fd4cc113780 unknown :-1 s=CLOSED pgs=70 cs=0 l=1 rev1=1 crypto rx=0 tx=0 comp rx=0 tx=0).stop
2024-02-10T07:42:07.808 INFO:teuthology.orchestra.run.smithi100.stdout:/usr/bin/ceph: stderr
2024-02-10T07:42:07.196+0000 7fd4d2874700 1 --2- 172.21.15.100:0/944103545 >> [v2:172.21.15.100:6800/2336646063,v1:172.21.15.100:6801/2336646063] conn(0x7fd4b4039fd0 0x7fd4b403c3b0 unknown :-1 s=CLOSED pgs=2 cs=0 l=1 rev1=1 crypto rx=0 tx=0 comp rx=0 tx=0).stop
2024-02-10T07:42:07.808 INFO:teuthology.orchestra.run.smithi100.stdout:/usr/bin/ceph: stderr
2024-02-10T07:42:07.196+0000 7fd4d2874700 1 --2- 172.21.15.100:0/944103545 >> [v2:172.21.15.100:6800/2956339379,v1:172.21.15.100:6801/2956339379] conn(0x7fd4b40367e0 0x7fd4b4038c90 unknown :-1 s=CLOSED pgs=0 cs=0 l=1 rev1=0 crypto rx=0 tx=0 comp rx=0 tx=0).stop
2024-02-10T07:42:07.808 INFO:teuthology.orchestra.run.smithi100.stdout:/usr/bin/ceph: stderr
2024-02-10T07:42:07.196+0000 7fd4d2874700 1 -- 172.21.15.100:0/944103545 >> 172.21.15.100:0/944103545 conn(0x7fd4cc0fded0 msgr2=0x7fd4cc0ff5b0 unknown :-1 s=STATE_NONE l=0).mark_down
2024-02-10T07:42:07.808 INFO:teuthology.orchestra.run.smithi100.stdout:/usr/bin/ceph: stderr
2024-02-10T07:42:07.196+0000 7fd4d2874700 1 -- 172.21.15.100:0/944103545 shutdown_connections
2024-02-10T07:42:07.808 INFO:teuthology.orchestra.run.smithi100.stdout:/usr/bin/ceph: stderr
2024-02-10T07:42:07.196+0000 7fd4d2874700 1 -- 172.21.15.100:0/944103545 wait complete.
2024-02-10T07:42:07.808 INFO:teuthology.orchestra.run.smithi100.stdout:mgr epoch 9 is available
2024-02-10T07:42:07.808 INFO:teuthology.orchestra.run.smithi100.stdout:Generating a dashboard self-signed certificate...
2024-02-10T07:42:08.306 INFO:journalctl@ceph.mon.smithi100.smithi100.stdout:Feb 10 07:42:08 smithi100 ceph-mon[29380]: from='client.14164 -' entity='client.admin' cmd=[{"prefix": "get_command_descriptions"}]: dispatch
2024-02-10T07:42:08.306 INFO:journalctl@ceph.mon.smithi100.smithi100.stdout:Feb 10 07:42:08 smithi100 ceph-mon[29380]: from='client.14164 -' entity='client.admin' cmd=[{"prefix": "mgr_status"}]: dispatch
2024-02-10T07:42:08.306 INFO:journalctl@ceph.mon.smithi100.smithi100.stdout:Feb 10 07:42:08 smithi100 ceph-mon[29380]: from='mgr.14160 172.21.15.100:0/1234172038' entity='mgr.smithi100.jsbwic'
2024-02-10T07:42:09.223 INFO:teuthology.orchestra.run.smithi100.stdout:/usr/bin/ceph: stdout Self-signed certificate created
2024-02-10T07:42:09.224 INFO:teuthology.orchestra.run.smithi100.stdout:/usr/bin/ceph: stderr
2024-02-10T07:42:08.290+0000 7f4266ea5700 1 Processor -- start
2024-02-10T07:42:09.224 INFO:teuthology.orchestra.run.smithi100.stdout:/usr/bin/ceph: stderr
2024-02-10T07:42:08.290+0000 7f4266ea5700 1 -- start start
2024-02-10T07:42:09.224 INFO:teuthology.orchestra.run.smithi100.stdout:/usr/bin/ceph: stderr
2024-02-10T07:42:08.290+0000 7f4266ea5700 1 --2- >> [v2:172.21.15.100:3300/0,v1:172.21.15.100:6789/0] conn(0x7f4260102770 0x7f4260102b80 unknown :-1 s=NONE pgs=0 cs=0 l=0 rev1=0 crypto rx=0 tx=0 comp rx=0 tx=0).connect
2024-02-10T07:42:09.224 INFO:teuthology.orchestra.run.smithi100.stdout:/usr/bin/ceph: stderr
2024-02-10T07:42:08.290+0000 7f4266ea5700 1 -- --> [v2:172.21.15.100:3300/0,v1:172.21.15.100:6789/0] -- mon_getmap magic: 0 v1 -- 0x7f42601030c0 con 0x7f4260102770
2024-02-10T07:42:09.224 INFO:teuthology.orchestra.run.smithi100.stdout:/usr/bin/ceph: stderr
2024-02-10T07:42:08.290+0000 7f4264c41700 1 --2- >> [v2:172.21.15.100:3300/0,v1:172.21.15.100:6789/0] conn(0x7f4260102770 0x7f4260102b80 unknown :-1 s=BANNER_CONNECTING pgs=0 cs=0 l=0 rev1=0 crypto rx=0 tx=0 comp rx=0 tx=0)._handle_peer_banner_payload supported=3 required=0
2024-02-10T07:42:09.224 INFO:teuthology.orchestra.run.smithi100.stdout:/usr/bin/ceph: stderr
2024-02-10T07:42:08.290+0000 7f4264c41700 1 --2- >> [v2:172.21.15.100:3300/0,v1:172.21.15.100:6789/0] conn(0x7f4260102770 0x7f4260102b80 unknown :-1 s=HELLO_CONNECTING pgs=0 cs=0 l=0 rev1=1 crypto rx=0 tx=0 comp rx=0 tx=0).handle_hello peer v2:172.21.15.100:3300/0 says I am v2:172.21.15.100:54142/0 (socket says 172.21.15.100:54142)
2024-02-10T07:42:09.224 INFO:teuthology.orchestra.run.smithi100.stdout:/usr/bin/ceph: stderr
2024-02-10T07:42:08.290+0000 7f4264c41700 1 -- 172.21.15.100:0/3778297987 learned_addr learned my addr 172.21.15.100:0/3778297987 (peer_addr_for_me v2:172.21.15.100:0/0)
2024-02-10T07:42:09.224 INFO:teuthology.orchestra.run.smithi100.stdout:/usr/bin/ceph: stderr
2024-02-10T07:42:08.290+0000 7f4264c41700 1 -- 172.21.15.100:0/3778297987 --> [v2:172.21.15.100:3300/0,v1:172.21.15.100:6789/0] -- mon_subscribe({config=0+,monmap=0+}) v3 -- 0x7f4260103200 con 0x7f4260102770
2024-02-10T07:42:09.224 INFO:teuthology.orchestra.run.smithi100.stdout:/usr/bin/ceph: stderr
2024-02-10T07:42:08.290+0000 7f4264c41700 1 --2- 172.21.15.100:0/3778297987 >> [v2:172.21.15.100:3300/0,v1:172.21.15.100:6789/0] conn(0x7f4260102770 0x7f4260102b80 secure :-1 s=READY pgs=78 cs=0 l=1 rev1=1 crypto rx=0x7f42540098e0 tx=0x7f4254009250 comp rx=0 tx=0).ready entity=mon.0 client_cookie=ffb2e502f4ea9449 server_cookie=0 in_seq=0 out_seq=0
2024-02-10T07:42:09.224 INFO:teuthology.orchestra.run.smithi100.stdout:/usr/bin/ceph: stderr
2024-02-10T07:42:08.291+0000 7f425f7fe700 1 -- 172.21.15.100:0/3778297987 <== mon.0 v2:172.21.15.100:3300/0 1 ==== mon_map magic: 0 v1 ==== 229+0+0 (secure 0 0 0) 0x7f425400b860 con 0x7f4260102770
2024-02-10T07:42:09.224 INFO:teuthology.orchestra.run.smithi100.stdout:/usr/bin/ceph: stderr
2024-02-10T07:42:08.291+0000 7f425f7fe700 1 -- 172.21.15.100:0/3778297987 <== mon.0 v2:172.21.15.100:3300/0 2 ==== config(27 keys) v1 ==== 1109+0+0 (secure 0 0 0) 0x7f425400be90 con 0x7f4260102770
2024-02-10T07:42:09.224 INFO:teuthology.orchestra.run.smithi100.stdout:/usr/bin/ceph: stderr
2024-02-10T07:42:08.291+0000 7f425f7fe700 1 -- 172.21.15.100:0/3778297987 <== mon.0 v2:172.21.15.100:3300/0 3 ==== mon_map magic: 0 v1 ==== 229+0+0 (secure 0 0 0) 0x7f42540103c0 con 0x7f4260102770
2024-02-10T07:42:09.225 INFO:teuthology.orchestra.run.smithi100.stdout:/usr/bin/ceph: stderr
2024-02-10T07:42:08.291+0000 7f4266ea5700 1 -- 172.21.15.100:0/3778297987 >> [v2:172.21.15.100:3300/0,v1:172.21.15.100:6789/0] conn(0x7f4260102770 msgr2=0x7f4260102b80 secure :-1 s=STATE_CONNECTION_ESTABLISHED l=1).mark_down
2024-02-10T07:42:09.225 INFO:teuthology.orchestra.run.smithi100.stdout:/usr/bin/ceph: stderr
2024-02-10T07:42:08.291+0000 7f4266ea5700 1 --2- 172.21.15.100:0/3778297987 >> [v2:172.21.15.100:3300/0,v1:172.21.15.100:6789/0] conn(0x7f4260102770 0x7f4260102b80 secure :-1 s=READY pgs=78 cs=0 l=1 rev1=1 crypto rx=0x7f42540098e0 tx=0x7f4254009250 comp rx=0 tx=0).stop
2024-02-10T07:42:09.225 INFO:teuthology.orchestra.run.smithi100.stdout:/usr/bin/ceph: stderr
2024-02-10T07:42:08.291+0000 7f4266ea5700 1 -- 172.21.15.100:0/3778297987 shutdown_connections
2024-02-10T07:42:09.225 INFO:teuthology.orchestra.run.smithi100.stdout:/usr/bin/ceph: stderr
2024-02-10T07:42:08.291+0000 7f4266ea5700 1 --2- 172.21.15.100:0/3778297987 >> [v2:172.21.15.100:3300/0,v1:172.21.15.100:6789/0] conn(0x7f4260102770 0x7f4260102b80 unknown :-1 s=CLOSED pgs=78 cs=0 l=1 rev1=1 crypto rx=0 tx=0 comp rx=0 tx=0).stop
2024-02-10T07:42:09.225 INFO:teuthology.orchestra.run.smithi100.stdout:/usr/bin/ceph: stderr
2024-02-10T07:42:08.291+0000 7f4266ea5700 1 -- 172.21.15.100:0/3778297987 >> 172.21.15.100:0/3778297987 conn(0x7f42600fded0 msgr2=0x7f4260100300 unknown :-1 s=STATE_NONE l=0).mark_down
2024-02-10T07:42:09.225 INFO:teuthology.orchestra.run.smithi100.stdout:/usr/bin/ceph: stderr
2024-02-10T07:42:08.291+0000 7f4266ea5700 1 -- 172.21.15.100:0/3778297987 shutdown_connections
2024-02-10T07:42:09.225 INFO:teuthology.orchestra.run.smithi100.stdout:/usr/bin/ceph: stderr
2024-02-10T07:42:08.291+0000 7f4266ea5700 1 -- 172.21.15.100:0/3778297987 wait complete.
2024-02-10T07:42:09.225 INFO:teuthology.orchestra.run.smithi100.stdout:/usr/bin/ceph: stderr
2024-02-10T07:42:08.292+0000 7f4266ea5700 1 Processor -- start
2024-02-10T07:42:09.225 INFO:teuthology.orchestra.run.smithi100.stdout:/usr/bin/ceph: stderr
2024-02-10T07:42:08.292+0000 7f4266ea5700 1 -- start start
2024-02-10T07:42:09.225 INFO:teuthology.orchestra.run.smithi100.stdout:/usr/bin/ceph: stderr
2024-02-10T07:42:08.292+0000 7f4266ea5700 1 --2- >> [v2:172.21.15.100:3300/0,v1:172.21.15.100:6789/0] conn(0x7f4260102770 0x7f42601115b0 unknown :-1 s=NONE pgs=0 cs=0 l=1 rev1=0 crypto rx=0 tx=0 comp rx=0 tx=0).connect
2024-02-10T07:42:09.225 INFO:teuthology.orchestra.run.smithi100.stdout:/usr/bin/ceph: stderr
2024-02-10T07:42:08.292+0000 7f4266ea5700 1 -- --> [v2:172.21.15.100:3300/0,v1:172.21.15.100:6789/0] -- mon_getmap magic: 0 v1 -- 0x7f4260111af0 con 0x7f4260102770
2024-02-10T07:42:09.225 INFO:teuthology.orchestra.run.smithi100.stdout:/usr/bin/ceph: stderr
2024-02-10T07:42:08.292+0000 7f4264c41700 1 --2- >> [v2:172.21.15.100:3300/0,v1:172.21.15.100:6789/0] conn(0x7f4260102770 0x7f42601115b0 unknown :-1 s=BANNER_CONNECTING pgs=0 cs=0 l=1 rev1=0 crypto rx=0 tx=0 comp rx=0 tx=0)._handle_peer_banner_payload supported=3 required=0
2024-02-10T07:42:09.225 INFO:teuthology.orchestra.run.smithi100.stdout:/usr/bin/ceph: stderr
2024-02-10T07:42:08.292+0000 7f4264c41700 1 --2- >> [v2:172.21.15.100:3300/0,v1:172.21.15.100:6789/0] conn(0x7f4260102770 0x7f42601115b0 unknown :-1 s=HELLO_CONNECTING pgs=0 cs=0 l=1 rev1=1 crypto rx=0 tx=0 comp rx=0 tx=0).handle_hello peer v2:172.21.15.100:3300/0 says I am v2:172.21.15.100:54144/0 (socket says 172.21.15.100:54144)
2024-02-10T07:42:09.225 INFO:teuthology.orchestra.run.smithi100.stdout:/usr/bin/ceph: stderr
2024-02-10T07:42:08.292+0000 7f4264c41700 1 -- 172.21.15.100:0/2988893852 learned_addr learned my addr 172.21.15.100:0/2988893852 (peer_addr_for_me v2:172.21.15.100:0/0)
2024-02-10T07:42:09.226 INFO:teuthology.orchestra.run.smithi100.stdout:/usr/bin/ceph: stderr
2024-02-10T07:42:08.293+0000 7f4264c41700 1 -- 172.21.15.100:0/2988893852 --> [v2:172.21.15.100:3300/0,v1:172.21.15.100:6789/0] -- mon_subscribe({config=0+,monmap=0+}) v3 -- 0x7f42540094f0 con 0x7f4260102770
2024-02-10T07:42:09.226 INFO:teuthology.orchestra.run.smithi100.stdout:/usr/bin/ceph: stderr
2024-02-10T07:42:08.293+0000 7f4264c41700 1 --2- 172.21.15.100:0/2988893852 >> [v2:172.21.15.100:3300/0,v1:172.21.15.100:6789/0] conn(0x7f4260102770 0x7f42601115b0 secure :-1 s=READY pgs=79 cs=0 l=1 rev1=1 crypto rx=0x7f4254011680 tx=0x7f4254009250 comp rx=0 tx=0).ready entity=mon.0 client_cookie=0 server_cookie=0 in_seq=0 out_seq=0
2024-02-10T07:42:09.226 INFO:teuthology.orchestra.run.smithi100.stdout:/usr/bin/ceph: stderr
2024-02-10T07:42:08.293+0000 7f425d7fa700 1 -- 172.21.15.100:0/2988893852 <== mon.0 v2:172.21.15.100:3300/0 1 ==== mon_map magic: 0 v1 ==== 229+0+0 (secure 0 0 0) 0x7f4254010890 con 0x7f4260102770
2024-02-10T07:42:09.226 INFO:teuthology.orchestra.run.smithi100.stdout:/usr/bin/ceph: stderr
2024-02-10T07:42:08.293+0000 7f4266ea5700 1 -- 172.21.15.100:0/2988893852 --> [v2:172.21.15.100:3300/0,v1:172.21.15.100:6789/0] -- mon_subscribe({mgrmap=0+}) v3 -- 0x7f4260111cf0 con 0x7f4260102770
2024-02-10T07:42:09.226 INFO:teuthology.orchestra.run.smithi100.stdout:/usr/bin/ceph: stderr
2024-02-10T07:42:08.293+0000 7f425d7fa700 1 -- 172.21.15.100:0/2988893852 <== mon.0 v2:172.21.15.100:3300/0 2 ==== config(27 keys) v1 ==== 1109+0+0 (secure 0 0 0) 0x7f4254010ec0 con 0x7f4260102770
2024-02-10T07:42:09.226 INFO:teuthology.orchestra.run.smithi100.stdout:/usr/bin/ceph: stderr
2024-02-10T07:42:08.293+0000 7f4266ea5700 1 -- 172.21.15.100:0/2988893852 --> [v2:172.21.15.100:3300/0,v1:172.21.15.100:6789/0] -- mon_subscribe({osdmap=0}) v3 -- 0x7f4260112990 con 0x7f4260102770
2024-02-10T07:42:09.226 INFO:teuthology.orchestra.run.smithi100.stdout:/usr/bin/ceph: stderr
2024-02-10T07:42:08.293+0000 7f425d7fa700 1 -- 172.21.15.100:0/2988893852 <== mon.0 v2:172.21.15.100:3300/0 3 ==== mon_map magic: 0 v1 ==== 229+0+0 (secure 0 0 0) 0x7f42540243f0 con 0x7f4260102770
2024-02-10T07:42:09.226 INFO:teuthology.orchestra.run.smithi100.stdout:/usr/bin/ceph: stderr
2024-02-10T07:42:08.294+0000 7f425d7fa700 1 -- 172.21.15.100:0/2988893852 <== mon.0 v2:172.21.15.100:3300/0 4 ==== mgrmap(e 11) v1 ==== 43275+0+0 (secure 0 0 0) 0x7f4254024550 con 0x7f4260102770
2024-02-10T07:42:09.226 INFO:teuthology.orchestra.run.smithi100.stdout:/usr/bin/ceph: stderr
2024-02-10T07:42:08.294+0000 7f4266ea5700 1 -- 172.21.15.100:0/2988893852 --> [v2:172.21.15.100:3300/0,v1:172.21.15.100:6789/0] -- mon_command({"prefix": "get_command_descriptions"} v 0) v1 -- 0x7f426005f5c0 con 0x7f4260102770
2024-02-10T07:42:09.226 INFO:teuthology.orchestra.run.smithi100.stdout:/usr/bin/ceph: stderr
2024-02-10T07:42:08.294+0000 7f425d7fa700 1 --2- 172.21.15.100:0/2988893852 >> [v2:172.21.15.100:6800/2336646063,v1:172.21.15.100:6801/2336646063] conn(0x7f42500366b0 0x7f4250038b60 unknown :-1 s=NONE pgs=0 cs=0 l=1 rev1=0 crypto rx=0 tx=0 comp rx=0 tx=0).connect
2024-02-10T07:42:09.226 INFO:teuthology.orchestra.run.smithi100.stdout:/usr/bin/ceph: stderr
2024-02-10T07:42:08.294+0000 7f425d7fa700 1 -- 172.21.15.100:0/2988893852 <== mon.0 v2:172.21.15.100:3300/0 5 ==== osd_map(3..3 src has 1..3) v4 ==== 1151+0+0 (secure 0 0 0) 0x7f425404a5a0 con 0x7f4260102770
2024-02-10T07:42:09.226 INFO:teuthology.orchestra.run.smithi100.stdout:/usr/bin/ceph: stderr
2024-02-10T07:42:08.294+0000 7f425ffff700 1 --2- 172.21.15.100:0/2988893852 >> [v2:172.21.15.100:6800/2336646063,v1:172.21.15.100:6801/2336646063] conn(0x7f42500366b0 0x7f4250038b60 unknown :-1 s=BANNER_CONNECTING pgs=0 cs=0 l=1 rev1=0 crypto rx=0 tx=0 comp rx=0 tx=0)._handle_peer_banner_payload supported=3 required=0
2024-02-10T07:42:09.226 INFO:teuthology.orchestra.run.smithi100.stdout:/usr/bin/ceph: stderr
2024-02-10T07:42:08.294+0000 7f425ffff700 1 --2- 172.21.15.100:0/2988893852 >> [v2:172.21.15.100:6800/2336646063,v1:172.21.15.100:6801/2336646063] conn(0x7f42500366b0 0x7f4250038b60 secure :-1 s=READY pgs=7 cs=0 l=1 rev1=1 crypto rx=0x7f424c009990 tx=0x7f424c006e40 comp rx=0 tx=0).ready entity=mgr.14160 client_cookie=0 server_cookie=0 in_seq=0 out_seq=0
2024-02-10T07:42:09.226 INFO:teuthology.orchestra.run.smithi100.stdout:/usr/bin/ceph: stderr
2024-02-10T07:42:08.299+0000 7f425d7fa700 1 -- 172.21.15.100:0/2988893852 <== mon.0 v2:172.21.15.100:3300/0 6 ==== mon_command_ack([{"prefix": "get_command_descriptions"}]=0 v0) v1 ==== 72+0+175031 (secure 0 0 0) 0x7f4254018940 con 0x7f4260102770
2024-02-10T07:42:09.227 INFO:teuthology.orchestra.run.smithi100.stdout:/usr/bin/ceph: stderr
2024-02-10T07:42:08.531+0000 7f4266ea5700 1 -- 172.21.15.100:0/2988893852 --> [v2:172.21.15.100:6800/2336646063,v1:172.21.15.100:6801/2336646063] -- mgr_command(tid 0: {"prefix": "dashboard create-self-signed-cert", "target": ["mon-mgr", ""]}) v1 -- 0x7f42601001b0 con 0x7f42500366b0
2024-02-10T07:42:09.227 INFO:teuthology.orchestra.run.smithi100.stdout:/usr/bin/ceph: stderr
2024-02-10T07:42:08.607+0000 7f425d7fa700 1 -- 172.21.15.100:0/2988893852 <== mgr.14160 v2:172.21.15.100:6800/2336646063 1 ==== mgr_command_reply(tid 0: 0 ) v1 ==== 8+0+32 (secure 0 0 0) 0x7f42601001b0 con 0x7f42500366b0
2024-02-10T07:42:09.227 INFO:teuthology.orchestra.run.smithi100.stdout:/usr/bin/ceph: stderr
2024-02-10T07:42:08.609+0000 7f4266ea5700 1 -- 172.21.15.100:0/2988893852 >> [v2:172.21.15.100:6800/2336646063,v1:172.21.15.100:6801/2336646063] conn(0x7f42500366b0 msgr2=0x7f4250038b60 secure :-1 s=STATE_CONNECTION_ESTABLISHED l=1).mark_down
2024-02-10T07:42:09.227 INFO:teuthology.orchestra.run.smithi100.stdout:/usr/bin/ceph: stderr
2024-02-10T07:42:08.609+0000 7f4266ea5700 1 --2- 172.21.15.100:0/2988893852 >> [v2:172.21.15.100:6800/2336646063,v1:172.21.15.100:6801/2336646063] conn(0x7f42500366b0 0x7f4250038b60 secure :-1 s=READY pgs=7 cs=0 l=1 rev1=1 crypto rx=0x7f424c009990 tx=0x7f424c006e40 comp rx=0 tx=0).stop
2024-02-10T07:42:09.227 INFO:teuthology.orchestra.run.smithi100.stdout:/usr/bin/ceph: stderr
2024-02-10T07:42:08.609+0000 7f4266ea5700 1 -- 172.21.15.100:0/2988893852 >> [v2:172.21.15.100:3300/0,v1:172.21.15.100:6789/0] conn(0x7f4260102770 msgr2=0x7f42601115b0 secure :-1 s=STATE_CONNECTION_ESTABLISHED l=1).mark_down
2024-02-10T07:42:09.227 INFO:teuthology.orchestra.run.smithi100.stdout:/usr/bin/ceph: stderr
2024-02-10T07:42:08.609+0000 7f4266ea5700 1 --2- 172.21.15.100:0/2988893852 >> [v2:172.21.15.100:3300/0,v1:172.21.15.100:6789/0] conn(0x7f4260102770 0x7f42601115b0 secure :-1 s=READY pgs=79 cs=0 l=1 rev1=1 crypto rx=0x7f4254011680 tx=0x7f4254009250 comp rx=0 tx=0).stop
2024-02-10T07:42:09.227 INFO:teuthology.orchestra.run.smithi100.stdout:/usr/bin/ceph: stderr
2024-02-10T07:42:08.609+0000 7f4266ea5700 1 -- 172.21.15.100:0/2988893852 shutdown_connections
2024-02-10T07:42:09.227 INFO:teuthology.orchestra.run.smithi100.stdout:/usr/bin/ceph: stderr
2024-02-10T07:42:08.609+0000 7f4266ea5700 1 --2- 172.21.15.100:0/2988893852 >> [v2:172.21.15.100:6800/2336646063,v1:172.21.15.100:6801/2336646063] conn(0x7f42500366b0 0x7f4250038b60 unknown :-1 s=CLOSED pgs=7 cs=0 l=1 rev1=1 crypto rx=0 tx=0 comp rx=0 tx=0).stop
2024-02-10T07:42:09.227 INFO:teuthology.orchestra.run.smithi100.stdout:/usr/bin/ceph: stderr
2024-02-10T07:42:08.609+0000 7f4266ea5700 1 --2- 172.21.15.100:0/2988893852 >> [v2:172.21.15.100:3300/0,v1:172.21.15.100:6789/0] conn(0x7f4260102770 0x7f42601115b0 unknown :-1 s=CLOSED pgs=79 cs=0 l=1 rev1=1 crypto rx=0 tx=0 comp rx=0 tx=0).stop
2024-02-10T07:42:09.227 INFO:teuthology.orchestra.run.smithi100.stdout:/usr/bin/ceph: stderr
2024-02-10T07:42:08.609+0000 7f4266ea5700 1 -- 172.21.15.100:0/2988893852 >> 172.21.15.100:0/2988893852 conn(0x7f42600fded0 msgr2=0x7f42600ff590 unknown :-1 s=STATE_NONE l=0).mark_down
2024-02-10T07:42:09.227 INFO:teuthology.orchestra.run.smithi100.stdout:/usr/bin/ceph: stderr
2024-02-10T07:42:08.609+0000 7f4266ea5700 1 -- 172.21.15.100:0/2988893852 shutdown_connections
2024-02-10T07:42:09.227 INFO:teuthology.orchestra.run.smithi100.stdout:/usr/bin/ceph: stderr
2024-02-10T07:42:08.609+0000 7f4266ea5700 1 -- 172.21.15.100:0/2988893852 wait complete.
2024-02-10T07:42:09.227 INFO:teuthology.orchestra.run.smithi100.stdout:Creating initial admin user...
2024-02-10T07:42:09.806 INFO:journalctl@ceph.mon.smithi100.smithi100.stdout:Feb 10 07:42:09 smithi100 ceph-mon[29380]: from='client.14172 -' entity='client.admin' cmd=[{"prefix": "dashboard create-self-signed-cert", "target": ["mon-mgr", ""]}]: dispatch
2024-02-10T07:42:09.806 INFO:journalctl@ceph.mon.smithi100.smithi100.stdout:Feb 10 07:42:09 smithi100 ceph-mon[29380]: from='mgr.14160 172.21.15.100:0/1234172038' entity='mgr.smithi100.jsbwic'
2024-02-10T07:42:09.806 INFO:journalctl@ceph.mon.smithi100.smithi100.stdout:Feb 10 07:42:09 smithi100 ceph-mon[29380]: from='mgr.14160 172.21.15.100:0/1234172038' entity='mgr.smithi100.jsbwic'
2024-02-10T07:42:09.807 INFO:journalctl@ceph.mon.smithi100.smithi100.stdout:Feb 10 07:42:09 smithi100 ceph-mon[29380]: from='mgr.14160 172.21.15.100:0/1234172038' entity='mgr.smithi100.jsbwic'
2024-02-10T07:42:09.807 INFO:journalctl@ceph.mon.smithi100.smithi100.stdout:Feb 10 07:42:09 smithi100 ceph-mon[29380]: mgrmap e12: smithi100.jsbwic(active, since 2s)
2024-02-10T07:42:11.306 INFO:journalctl@ceph.mon.smithi100.smithi100.stdout:Feb 10 07:42:11 smithi100 ceph-mon[29380]: from='client.14174 -' entity='client.admin' cmd=[{"prefix": "dashboard ac-user-create", "username": "admin", "rolename": "administrator", "force_password": true, "pwd_update_required": true, "target": ["mon-mgr", ""]}]: dispatch
2024-02-10T07:42:11.306 INFO:journalctl@ceph.mon.smithi100.smithi100.stdout:Feb 10 07:42:11 smithi100 ceph-mon[29380]: from='mgr.14160 172.21.15.100:0/1234172038' entity='mgr.smithi100.jsbwic'
2024-02-10T07:42:11.391 INFO:teuthology.orchestra.run.smithi100.stdout:/usr/bin/ceph: stdout {"username": "admin", "password": "$2b$12$Clw2h3oz1ghexBXvZF1jQuBAmXyBp8ekFPbmj55y1W4z/cOtknHnK", "roles": ["administrator"], "name": null, "email": null, "lastUpdate": 1707550930, "enabled": true, "pwdExpirationDate": null, "pwdUpdateRequired": true}
2024-02-10T07:42:11.391 INFO:teuthology.orchestra.run.smithi100.stdout:/usr/bin/ceph: stderr
2024-02-10T07:42:09.608+0000 7fb69c513700 1 Processor -- start
2024-02-10T07:42:11.392 INFO:teuthology.orchestra.run.smithi100.stdout:/usr/bin/ceph: stderr
2024-02-10T07:42:09.608+0000 7fb69c513700 1 -- start start
2024-02-10T07:42:11.392 INFO:teuthology.orchestra.run.smithi100.stdout:/usr/bin/ceph: stderr
2024-02-10T07:42:09.608+0000 7fb69c513700 1 --2- >> [v2:172.21.15.100:3300/0,v1:172.21.15.100:6789/0] conn(0x7fb694103e40 0x7fb694104250 unknown :-1 s=NONE pgs=0 cs=0 l=0 rev1=0 crypto rx=0 tx=0 comp rx=0 tx=0).connect
2024-02-10T07:42:11.392 INFO:teuthology.orchestra.run.smithi100.stdout:/usr/bin/ceph: stderr
2024-02-10T07:42:09.608+0000 7fb69c513700 1 -- --> [v2:172.21.15.100:3300/0,v1:172.21.15.100:6789/0] -- mon_getmap magic: 0 v1 -- 0x7fb694104790 con 0x7fb694103e40
2024-02-10T07:42:11.392 INFO:teuthology.orchestra.run.smithi100.stdout:/usr/bin/ceph: stderr
2024-02-10T07:42:09.608+0000 7fb69a2af700 1 --2- >> [v2:172.21.15.100:3300/0,v1:172.21.15.100:6789/0] conn(0x7fb694103e40 0x7fb694104250 unknown :-1 s=BANNER_CONNECTING pgs=0 cs=0 l=0 rev1=0 crypto rx=0 tx=0 comp rx=0 tx=0)._handle_peer_banner_payload supported=3 required=0
2024-02-10T07:42:11.392 INFO:teuthology.orchestra.run.smithi100.stdout:/usr/bin/ceph: stderr
2024-02-10T07:42:09.609+0000 7fb69a2af700 1 --2- >> [v2:172.21.15.100:3300/0,v1:172.21.15.100:6789/0] conn(0x7fb694103e40 0x7fb694104250 unknown :-1 s=HELLO_CONNECTING pgs=0 cs=0 l=0 rev1=1 crypto rx=0 tx=0 comp rx=0 tx=0).handle_hello peer v2:172.21.15.100:3300/0 says I am v2:172.21.15.100:54160/0 (socket says 172.21.15.100:54160)
2024-02-10T07:42:11.392 INFO:teuthology.orchestra.run.smithi100.stdout:/usr/bin/ceph: stderr
2024-02-10T07:42:09.609+0000 7fb69a2af700 1 -- 172.21.15.100:0/1759519442 learned_addr learned my addr 172.21.15.100:0/1759519442 (peer_addr_for_me v2:172.21.15.100:0/0)
2024-02-10T07:42:11.393 INFO:teuthology.orchestra.run.smithi100.stdout:/usr/bin/ceph: stderr
2024-02-10T07:42:09.609+0000 7fb69a2af700 1 -- 172.21.15.100:0/1759519442 --> [v2:172.21.15.100:3300/0,v1:172.21.15.100:6789/0] -- mon_subscribe({config=0+,monmap=0+}) v3 -- 0x7fb6941048d0 con 0x7fb694103e40
2024-02-10T07:42:11.393 INFO:teuthology.orchestra.run.smithi100.stdout:/usr/bin/ceph: stderr
2024-02-10T07:42:09.609+0000 7fb69a2af700 1 --2- 172.21.15.100:0/1759519442 >> [v2:172.21.15.100:3300/0,v1:172.21.15.100:6789/0] conn(0x7fb694103e40 0x7fb694104250 secure :-1 s=READY pgs=80 cs=0 l=1 rev1=1 crypto rx=0x7fb68c009e50 tx=0x7fb68c009840 comp rx=0 tx=0).ready entity=mon.0 client_cookie=12dfb226ecd3c949 server_cookie=0 in_seq=0 out_seq=0
2024-02-10T07:42:11.393 INFO:teuthology.orchestra.run.smithi100.stdout:/usr/bin/ceph: stderr
2024-02-10T07:42:09.609+0000 7fb6992ad700 1 -- 172.21.15.100:0/1759519442 <== mon.0 v2:172.21.15.100:3300/0 1 ==== mon_map magic: 0 v1 ==== 229+0+0 (secure 0 0 0) 0x7fb68c0092e0 con 0x7fb694103e40
2024-02-10T07:42:11.393 INFO:teuthology.orchestra.run.smithi100.stdout:/usr/bin/ceph: stderr
2024-02-10T07:42:09.609+0000 7fb6992ad700 1 -- 172.21.15.100:0/1759519442 <== mon.0 v2:172.21.15.100:3300/0 2 ==== config(27 keys) v1 ==== 1109+0+0 (secure 0 0 0) 0x7fb68c012430 con 0x7fb694103e40
2024-02-10T07:42:11.393 INFO:teuthology.orchestra.run.smithi100.stdout:/usr/bin/ceph: stderr
2024-02-10T07:42:09.609+0000 7fb6992ad700 1 -- 172.21.15.100:0/1759519442 <== mon.0 v2:172.21.15.100:3300/0 3 ==== mon_map magic: 0 v1 ==== 229+0+0 (secure 0 0 0) 0x7fb68c0075a0 con 0x7fb694103e40
2024-02-10T07:42:11.393 INFO:teuthology.orchestra.run.smithi100.stdout:/usr/bin/ceph: stderr
2024-02-10T07:42:09.610+0000 7fb69c513700 1 -- 172.21.15.100:0/1759519442 >> [v2:172.21.15.100:3300/0,v1:172.21.15.100:6789/0] conn(0x7fb694103e40 msgr2=0x7fb694104250 secure :-1 s=STATE_CONNECTION_ESTABLISHED l=1).mark_down
2024-02-10T07:42:11.394 INFO:teuthology.orchestra.run.smithi100.stdout:/usr/bin/ceph: stderr
2024-02-10T07:42:09.610+0000 7fb69c513700 1 --2- 172.21.15.100:0/1759519442 >> [v2:172.21.15.100:3300/0,v1:172.21.15.100:6789/0] conn(0x7fb694103e40 0x7fb694104250 secure :-1 s=READY pgs=80 cs=0 l=1 rev1=1 crypto rx=0x7fb68c009e50 tx=0x7fb68c009840 comp rx=0 tx=0).stop
2024-02-10T07:42:11.394 INFO:teuthology.orchestra.run.smithi100.stdout:/usr/bin/ceph: stderr
2024-02-10T07:42:09.610+0000 7fb69c513700 1 -- 172.21.15.100:0/1759519442 shutdown_connections
2024-02-10T07:42:11.394 INFO:teuthology.orchestra.run.smithi100.stdout:/usr/bin/ceph: stderr
2024-02-10T07:42:09.610+0000 7fb69c513700 1 --2- 172.21.15.100:0/1759519442 >> [v2:172.21.15.100:3300/0,v1:172.21.15.100:6789/0] conn(0x7fb694103e40 0x7fb694104250 unknown :-1 s=CLOSED pgs=80 cs=0 l=1 rev1=1 crypto rx=0 tx=0 comp rx=0 tx=0).stop
2024-02-10T07:42:11.394 INFO:teuthology.orchestra.run.smithi100.stdout:/usr/bin/ceph: stderr
2024-02-10T07:42:09.610+0000 7fb69c513700 1 -- 172.21.15.100:0/1759519442 >> 172.21.15.100:0/1759519442 conn(0x7fb6940fc580 msgr2=0x7fb6940fe990 unknown :-1 s=STATE_NONE l=0).mark_down
2024-02-10T07:42:11.394 INFO:teuthology.orchestra.run.smithi100.stdout:/usr/bin/ceph: stderr
2024-02-10T07:42:09.610+0000 7fb69c513700 1 -- 172.21.15.100:0/1759519442 shutdown_connections
2024-02-10T07:42:11.394 INFO:teuthology.orchestra.run.smithi100.stdout:/usr/bin/ceph: stderr
2024-02-10T07:42:09.610+0000 7fb69c513700 1 -- 172.21.15.100:0/1759519442 wait complete.
2024-02-10T07:42:11.394 INFO:teuthology.orchestra.run.smithi100.stdout:/usr/bin/ceph: stderr
2024-02-10T07:42:09.610+0000 7fb69c513700 1 Processor -- start
2024-02-10T07:42:11.395 INFO:teuthology.orchestra.run.smithi100.stdout:/usr/bin/ceph: stderr
2024-02-10T07:42:09.610+0000 7fb69c513700 1 -- start start
2024-02-10T07:42:11.395 INFO:teuthology.orchestra.run.smithi100.stdout:/usr/bin/ceph: stderr
