2024-02-10T07:41:41.691 INFO:teuthology.orchestra.run.smithi100.stdout:Adding host smithi100...
2024-02-10T07:41:42.799 INFO:journalctl@ceph.mon.smithi100.smithi100.stdout:Feb 10 07:41:42 smithi100 ceph-mon[29380]: from='client.14136 -' entity='client.admin' cmd=[{"prefix": "cephadm get-pub-key", "target": ["mon-mgr", ""]}]: dispatch
2024-02-10T07:41:43.790 INFO:journalctl@ceph.mon.smithi100.smithi100.stdout:Feb 10 07:41:43 smithi100 ceph-mon[29380]: from='client.14138 -' entity='client.admin' cmd=[{"prefix": "orch host add", "hostname": "smithi100", "addr": "172.21.15.100", "target": ["mon-mgr", ""]}]: dispatch
2024-02-10T07:41:44.904 INFO:journalctl@ceph.mon.smithi100.smithi100.stdout:Feb 10 07:41:44 smithi100 ceph-mon[29380]: Deploying cephadm binary to smithi100
2024-02-10T07:41:44.904 INFO:journalctl@ceph.mon.smithi100.smithi100.stdout:Feb 10 07:41:44 smithi100 ceph-mon[29380]: from='mgr.14118 172.21.15.100:0/99808469' entity='mgr.smithi100.jsbwic'
2024-02-10T07:41:44.904 INFO:journalctl@ceph.mon.smithi100.smithi100.stdout:Feb 10 07:41:44 smithi100 ceph-mon[29380]: from='mgr.14118 172.21.15.100:0/99808469' entity='mgr.smithi100.jsbwic' cmd=[{"prefix": "config dump", "format": "json"}]: dispatch
2024-02-10T07:41:44.911 INFO:teuthology.orchestra.run.smithi100.stdout:/usr/bin/ceph: stdout Added host 'smithi100' with addr '172.21.15.100'
2024-02-10T07:41:44.911 INFO:teuthology.orchestra.run.smithi100.stdout:/usr/bin/ceph: stderr
2024-02-10T07:41:42.070+0000 7f6d9c3ae700 1 Processor -- start
2024-02-10T07:41:44.911 INFO:teuthology.orchestra.run.smithi100.stdout:/usr/bin/ceph: stderr
2024-02-10T07:41:42.070+0000 7f6d9c3ae700 1 -- start start
2024-02-10T07:41:44.911 INFO:teuthology.orchestra.run.smithi100.stdout:/usr/bin/ceph: stderr
2024-02-10T07:41:42.070+0000 7f6d9c3ae700 1 --2- >> [v2:172.21.15.100:3300/0,v1:172.21.15.100:6789/0] conn(0x7f6d94102770 0x7f6d94102b80 unknown :-1 s=NONE pgs=0 cs=0 l=0 rev1=0 crypto rx=0 tx=0 comp rx=0 tx=0).connect
2024-02-10T07:41:44.911 INFO:teuthology.orchestra.run.smithi100.stdout:/usr/bin/ceph: stderr
2024-02-10T07:41:42.070+0000 7f6d9c3ae700 1 -- --> [v2:172.21.15.100:3300/0,v1:172.21.15.100:6789/0] -- mon_getmap magic: 0 v1 -- 0x7f6d941030c0 con 0x7f6d94102770
2024-02-10T07:41:44.911 INFO:teuthology.orchestra.run.smithi100.stdout:/usr/bin/ceph: stderr
2024-02-10T07:41:42.070+0000 7f6d9a14a700 1 --2- >> [v2:172.21.15.100:3300/0,v1:172.21.15.100:6789/0] conn(0x7f6d94102770 0x7f6d94102b80 unknown :-1 s=BANNER_CONNECTING pgs=0 cs=0 l=0 rev1=0 crypto rx=0 tx=0 comp rx=0 tx=0)._handle_peer_banner_payload supported=3 required=0
2024-02-10T07:41:44.911 INFO:teuthology.orchestra.run.smithi100.stdout:/usr/bin/ceph: stderr
2024-02-10T07:41:42.070+0000 7f6d9a14a700 1 --2- >> [v2:172.21.15.100:3300/0,v1:172.21.15.100:6789/0] conn(0x7f6d94102770 0x7f6d94102b80 unknown :-1 s=HELLO_CONNECTING pgs=0 cs=0 l=0 rev1=1 crypto rx=0 tx=0 comp rx=0 tx=0).handle_hello peer v2:172.21.15.100:3300/0 says I am v2:172.21.15.100:60228/0 (socket says 172.21.15.100:60228)
2024-02-10T07:41:44.911 INFO:teuthology.orchestra.run.smithi100.stdout:/usr/bin/ceph: stderr
2024-02-10T07:41:42.070+0000 7f6d9a14a700 1 -- 172.21.15.100:0/1313091352 learned_addr learned my addr 172.21.15.100:0/1313091352 (peer_addr_for_me v2:172.21.15.100:0/0)
2024-02-10T07:41:44.911 INFO:teuthology.orchestra.run.smithi100.stdout:/usr/bin/ceph: stderr
2024-02-10T07:41:42.070+0000 7f6d9a14a700 1 -- 172.21.15.100:0/1313091352 --> [v2:172.21.15.100:3300/0,v1:172.21.15.100:6789/0] -- mon_subscribe({config=0+,monmap=0+}) v3 -- 0x7f6d94103200 con 0x7f6d94102770
2024-02-10T07:41:44.911 INFO:teuthology.orchestra.run.smithi100.stdout:/usr/bin/ceph: stderr
2024-02-10T07:41:42.071+0000 7f6d9a14a700 1 --2- 172.21.15.100:0/1313091352 >> [v2:172.21.15.100:3300/0,v1:172.21.15.100:6789/0] conn(0x7f6d94102770 0x7f6d94102b80 secure :-1 s=READY pgs=43 cs=0 l=1 rev1=1 crypto rx=0x7f6d900098e0 tx=0x7f6d90009250 comp rx=0 tx=0).ready entity=mon.0 client_cookie=a799e9f73539bf81 server_cookie=0 in_seq=0 out_seq=0
2024-02-10T07:41:44.911 INFO:teuthology.orchestra.run.smithi100.stdout:/usr/bin/ceph: stderr
2024-02-10T07:41:42.071+0000 7f6d99148700 1 -- 172.21.15.100:0/1313091352 <== mon.0 v2:172.21.15.100:3300/0 1 ==== mon_map magic: 0 v1 ==== 229+0+0 (secure 0 0 0) 0x7f6d9000b860 con 0x7f6d94102770
2024-02-10T07:41:44.911 INFO:teuthology.orchestra.run.smithi100.stdout:/usr/bin/ceph: stderr
2024-02-10T07:41:42.071+0000 7f6d99148700 1 -- 172.21.15.100:0/1313091352 <== mon.0 v2:172.21.15.100:3300/0 2 ==== config(27 keys) v1 ==== 1044+0+0 (secure 0 0 0) 0x7f6d9000be50 con 0x7f6d94102770
2024-02-10T07:41:44.912 INFO:teuthology.orchestra.run.smithi100.stdout:/usr/bin/ceph: stderr
2024-02-10T07:41:42.071+0000 7f6d99148700 1 -- 172.21.15.100:0/1313091352 <== mon.0 v2:172.21.15.100:3300/0 3 ==== mon_map magic: 0 v1 ==== 229+0+0 (secure 0 0 0) 0x7f6d90010380 con 0x7f6d94102770
2024-02-10T07:41:44.912 INFO:teuthology.orchestra.run.smithi100.stdout:/usr/bin/ceph: stderr
2024-02-10T07:41:42.071+0000 7f6d9c3ae700 1 -- 172.21.15.100:0/1313091352 >> [v2:172.21.15.100:3300/0,v1:172.21.15.100:6789/0] conn(0x7f6d94102770 msgr2=0x7f6d94102b80 secure :-1 s=STATE_CONNECTION_ESTABLISHED l=1).mark_down
2024-02-10T07:41:44.912 INFO:teuthology.orchestra.run.smithi100.stdout:/usr/bin/ceph: stderr
2024-02-10T07:41:42.071+0000 7f6d9c3ae700 1 --2- 172.21.15.100:0/1313091352 >> [v2:172.21.15.100:3300/0,v1:172.21.15.100:6789/0] conn(0x7f6d94102770 0x7f6d94102b80 secure :-1 s=READY pgs=43 cs=0 l=1 rev1=1 crypto rx=0x7f6d900098e0 tx=0x7f6d90009250 comp rx=0 tx=0).stop
2024-02-10T07:41:44.912 INFO:teuthology.orchestra.run.smithi100.stdout:/usr/bin/ceph: stderr
2024-02-10T07:41:42.071+0000 7f6d9c3ae700 1 -- 172.21.15.100:0/1313091352 shutdown_connections
2024-02-10T07:41:44.912 INFO:teuthology.orchestra.run.smithi100.stdout:/usr/bin/ceph: stderr
2024-02-10T07:41:42.071+0000 7f6d9c3ae700 1 --2- 172.21.15.100:0/1313091352 >> [v2:172.21.15.100:3300/0,v1:172.21.15.100:6789/0] conn(0x7f6d94102770 0x7f6d94102b80 unknown :-1 s=CLOSED pgs=43 cs=0 l=1 rev1=1 crypto rx=0 tx=0 comp rx=0 tx=0).stop
2024-02-10T07:41:44.912 INFO:teuthology.orchestra.run.smithi100.stdout:/usr/bin/ceph: stderr
2024-02-10T07:41:42.071+0000 7f6d9c3ae700 1 -- 172.21.15.100:0/1313091352 >> 172.21.15.100:0/1313091352 conn(0x7f6d940fded0 msgr2=0x7f6d94100300 unknown :-1 s=STATE_NONE l=0).mark_down
2024-02-10T07:41:44.912 INFO:teuthology.orchestra.run.smithi100.stdout:/usr/bin/ceph: stderr
2024-02-10T07:41:42.071+0000 7f6d9c3ae700 1 -- 172.21.15.100:0/1313091352 shutdown_connections
2024-02-10T07:41:44.912 INFO:teuthology.orchestra.run.smithi100.stdout:/usr/bin/ceph: stderr
2024-02-10T07:41:42.071+0000 7f6d9c3ae700 1 -- 172.21.15.100:0/1313091352 wait complete.
2024-02-10T07:41:44.912 INFO:teuthology.orchestra.run.smithi100.stdout:/usr/bin/ceph: stderr
2024-02-10T07:41:42.072+0000 7f6d9c3ae700 1 Processor -- start
2024-02-10T07:41:44.912 INFO:teuthology.orchestra.run.smithi100.stdout:/usr/bin/ceph: stderr
2024-02-10T07:41:42.072+0000 7f6d9c3ae700 1 -- start start
2024-02-10T07:41:44.912 INFO:teuthology.orchestra.run.smithi100.stdout:/usr/bin/ceph: stderr
2024-02-10T07:41:42.072+0000 7f6d9c3ae700 1 --2- >> [v2:172.21.15.100:3300/0,v1:172.21.15.100:6789/0] conn(0x7f6d94102770 0x7f6d94078d10 unknown :-1 s=NONE pgs=0 cs=0 l=1 rev1=0 crypto rx=0 tx=0 comp rx=0 tx=0).connect
2024-02-10T07:41:44.912 INFO:teuthology.orchestra.run.smithi100.stdout:/usr/bin/ceph: stderr
2024-02-10T07:41:42.072+0000 7f6d9c3ae700 1 -- --> [v2:172.21.15.100:3300/0,v1:172.21.15.100:6789/0] -- mon_getmap magic: 0 v1 -- 0x7f6d94077190 con 0x7f6d94102770
2024-02-10T07:41:44.912 INFO:teuthology.orchestra.run.smithi100.stdout:/usr/bin/ceph: stderr
2024-02-10T07:41:42.072+0000 7f6d9a14a700 1 --2- >> [v2:172.21.15.100:3300/0,v1:172.21.15.100:6789/0] conn(0x7f6d94102770 0x7f6d94078d10 unknown :-1 s=BANNER_CONNECTING pgs=0 cs=0 l=1 rev1=0 crypto rx=0 tx=0 comp rx=0 tx=0)._handle_peer_banner_payload supported=3 required=0
2024-02-10T07:41:44.912 INFO:teuthology.orchestra.run.smithi100.stdout:/usr/bin/ceph: stderr
2024-02-10T07:41:42.072+0000 7f6d9a14a700 1 --2- >> [v2:172.21.15.100:3300/0,v1:172.21.15.100:6789/0] conn(0x7f6d94102770 0x7f6d94078d10 unknown :-1 s=HELLO_CONNECTING pgs=0 cs=0 l=1 rev1=1 crypto rx=0 tx=0 comp rx=0 tx=0).handle_hello peer v2:172.21.15.100:3300/0 says I am v2:172.21.15.100:60244/0 (socket says 172.21.15.100:60244)
2024-02-10T07:41:44.912 INFO:teuthology.orchestra.run.smithi100.stdout:/usr/bin/ceph: stderr
2024-02-10T07:41:42.072+0000 7f6d9a14a700 1 -- 172.21.15.100:0/4033504374 learned_addr learned my addr 172.21.15.100:0/4033504374 (peer_addr_for_me v2:172.21.15.100:0/0)
2024-02-10T07:41:44.912 INFO:teuthology.orchestra.run.smithi100.stdout:/usr/bin/ceph: stderr
2024-02-10T07:41:42.073+0000 7f6d9a14a700 1 -- 172.21.15.100:0/4033504374 --> [v2:172.21.15.100:3300/0,v1:172.21.15.100:6789/0] -- mon_subscribe({config=0+,monmap=0+}) v3 -- 0x7f6d900094f0 con 0x7f6d94102770
2024-02-10T07:41:44.913 INFO:teuthology.orchestra.run.smithi100.stdout:/usr/bin/ceph: stderr
2024-02-10T07:41:42.073+0000 7f6d9a14a700 1 --2- 172.21.15.100:0/4033504374 >> [v2:172.21.15.100:3300/0,v1:172.21.15.100:6789/0] conn(0x7f6d94102770 0x7f6d94078d10 secure :-1 s=READY pgs=44 cs=0 l=1 rev1=1 crypto rx=0x7f6d9000b440 tx=0x7f6d90009250 comp rx=0 tx=0).ready entity=mon.0 client_cookie=0 server_cookie=0 in_seq=0 out_seq=0
2024-02-10T07:41:44.913 INFO:teuthology.orchestra.run.smithi100.stdout:/usr/bin/ceph: stderr
2024-02-10T07:41:42.073+0000 7f6d8affd700 1 -- 172.21.15.100:0/4033504374 <== mon.0 v2:172.21.15.100:3300/0 1 ==== mon_map magic: 0 v1 ==== 229+0+0 (secure 0 0 0) 0x7f6d90010760 con 0x7f6d94102770
2024-02-10T07:41:44.913 INFO:teuthology.orchestra.run.smithi100.stdout:/usr/bin/ceph: stderr
2024-02-10T07:41:42.073+0000 7f6d8affd700 1 -- 172.21.15.100:0/4033504374 <== mon.0 v2:172.21.15.100:3300/0 2 ==== config(27 keys) v1 ==== 1044+0+0 (secure 0 0 0) 0x7f6d90010d50 con 0x7f6d94102770
2024-02-10T07:41:44.913 INFO:teuthology.orchestra.run.smithi100.stdout:/usr/bin/ceph: stderr
2024-02-10T07:41:42.073+0000 7f6d9c3ae700 1 -- 172.21.15.100:0/4033504374 --> [v2:172.21.15.100:3300/0,v1:172.21.15.100:6789/0] -- mon_subscribe({mgrmap=0+}) v3 -- 0x7f6d94077390 con 0x7f6d94102770
2024-02-10T07:41:44.913 INFO:teuthology.orchestra.run.smithi100.stdout:/usr/bin/ceph: stderr
2024-02-10T07:41:42.073+0000 7f6d8affd700 1 -- 172.21.15.100:0/4033504374 <== mon.0 v2:172.21.15.100:3300/0 3 ==== mon_map magic: 0 v1 ==== 229+0+0 (secure 0 0 0) 0x7f6d9001ae20 con 0x7f6d94102770
2024-02-10T07:41:44.913 INFO:teuthology.orchestra.run.smithi100.stdout:/usr/bin/ceph: stderr
2024-02-10T07:41:42.073+0000 7f6d9c3ae700 1 -- 172.21.15.100:0/4033504374 --> [v2:172.21.15.100:3300/0,v1:172.21.15.100:6789/0] -- mon_subscribe({osdmap=0}) v3 -- 0x7f6d94077820 con 0x7f6d94102770
2024-02-10T07:41:44.913 INFO:teuthology.orchestra.run.smithi100.stdout:/usr/bin/ceph: stderr
2024-02-10T07:41:42.074+0000 7f6d8affd700 1 -- 172.21.15.100:0/4033504374 <== mon.0 v2:172.21.15.100:3300/0 4 ==== mgrmap(e 8) v1 ==== 43368+0+0 (secure 0 0 0) 0x7f6d9002e440 con 0x7f6d94102770
2024-02-10T07:41:44.913 INFO:teuthology.orchestra.run.smithi100.stdout:/usr/bin/ceph: stderr
2024-02-10T07:41:42.074+0000 7f6d8affd700 1 --2- 172.21.15.100:0/4033504374 >> [v2:172.21.15.100:6800/2956339379,v1:172.21.15.100:6801/2956339379] conn(0x7f6d80036770 0x7f6d80038c20 unknown :-1 s=NONE pgs=0 cs=0 l=1 rev1=0 crypto rx=0 tx=0 comp rx=0 tx=0).connect
2024-02-10T07:41:44.913 INFO:teuthology.orchestra.run.smithi100.stdout:/usr/bin/ceph: stderr
2024-02-10T07:41:42.074+0000 7f6d8affd700 1 -- 172.21.15.100:0/4033504374 <== mon.0 v2:172.21.15.100:3300/0 5 ==== osd_map(2..2 src has 1..2) v4 ==== 936+0+0 (secure 0 0 0) 0x7f6d9004a620 con 0x7f6d94102770
2024-02-10T07:41:44.913 INFO:teuthology.orchestra.run.smithi100.stdout:/usr/bin/ceph: stderr
2024-02-10T07:41:42.074+0000 7f6d9c3ae700 1 -- 172.21.15.100:0/4033504374 --> [v2:172.21.15.100:3300/0,v1:172.21.15.100:6789/0] -- mon_command({"prefix": "get_command_descriptions"} v 0) v1 -- 0x7f6d9404bed0 con 0x7f6d94102770
2024-02-10T07:41:44.913 INFO:teuthology.orchestra.run.smithi100.stdout:/usr/bin/ceph: stderr
2024-02-10T07:41:42.074+0000 7f6d99949700 1 --2- 172.21.15.100:0/4033504374 >> [v2:172.21.15.100:6800/2956339379,v1:172.21.15.100:6801/2956339379] conn(0x7f6d80036770 0x7f6d80038c20 unknown :-1 s=BANNER_CONNECTING pgs=0 cs=0 l=1 rev1=0 crypto rx=0 tx=0 comp rx=0 tx=0)._handle_peer_banner_payload supported=3 required=0
2024-02-10T07:41:44.913 INFO:teuthology.orchestra.run.smithi100.stdout:/usr/bin/ceph: stderr
2024-02-10T07:41:42.074+0000 7f6d99949700 1 --2- 172.21.15.100:0/4033504374 >> [v2:172.21.15.100:6800/2956339379,v1:172.21.15.100:6801/2956339379] conn(0x7f6d80036770 0x7f6d80038c20 secure :-1 s=READY pgs=11 cs=0 l=1 rev1=1 crypto rx=0x7f6d84009990 tx=0x7f6d84006e40 comp rx=0 tx=0).ready entity=mgr.14118 client_cookie=0 server_cookie=0 in_seq=0 out_seq=0
2024-02-10T07:41:44.913 INFO:teuthology.orchestra.run.smithi100.stdout:/usr/bin/ceph: stderr
2024-02-10T07:41:42.079+0000 7f6d8affd700 1 -- 172.21.15.100:0/4033504374 <== mon.0 v2:172.21.15.100:3300/0 6 ==== mon_command_ack([{"prefix": "get_command_descriptions"}]=0 v0) v1 ==== 72+0+175031 (secure 0 0 0) 0x7f6d90018940 con 0x7f6d94102770
2024-02-10T07:41:44.913 INFO:teuthology.orchestra.run.smithi100.stdout:/usr/bin/ceph: stderr
2024-02-10T07:41:42.265+0000 7f6d9c3ae700 1 -- 172.21.15.100:0/4033504374 --> [v2:172.21.15.100:6800/2956339379,v1:172.21.15.100:6801/2956339379] -- mgr_command(tid 0: {"prefix": "orch host add", "hostname": "smithi100", "addr": "172.21.15.100", "target": ["mon-mgr", ""]}) v1 -- 0x7f6d94077c90 con 0x7f6d80036770
2024-02-10T07:41:44.913 INFO:teuthology.orchestra.run.smithi100.stdout:/usr/bin/ceph: stderr
2024-02-10T07:41:44.349+0000 7f6d8affd700 1 -- 172.21.15.100:0/4033504374 <== mgr.14118 v2:172.21.15.100:6800/2956339379 1 ==== mgr_command_reply(tid 0: 0 ) v1 ==== 8+0+49 (secure 0 0 0) 0x7f6d94077c90 con 0x7f6d80036770
2024-02-10T07:41:44.913 INFO:teuthology.orchestra.run.smithi100.stdout:/usr/bin/ceph: stderr
2024-02-10T07:41:44.351+0000 7f6d9c3ae700 1 -- 172.21.15.100:0/4033504374 >> [v2:172.21.15.100:6800/2956339379,v1:172.21.15.100:6801/2956339379] conn(0x7f6d80036770 msgr2=0x7f6d80038c20 secure :-1 s=STATE_CONNECTION_ESTABLISHED l=1).mark_down
2024-02-10T07:41:44.914 INFO:teuthology.orchestra.run.smithi100.stdout:/usr/bin/ceph: stderr
2024-02-10T07:41:44.351+0000 7f6d9c3ae700 1 --2- 172.21.15.100:0/4033504374 >> [v2:172.21.15.100:6800/2956339379,v1:172.21.15.100:6801/2956339379] conn(0x7f6d80036770 0x7f6d80038c20 secure :-1 s=READY pgs=11 cs=0 l=1 rev1=1 crypto rx=0x7f6d84009990 tx=0x7f6d84006e40 comp rx=0 tx=0).stop
2024-02-10T07:41:44.914 INFO:teuthology.orchestra.run.smithi100.stdout:/usr/bin/ceph: stderr
2024-02-10T07:41:44.351+0000 7f6d9c3ae700 1 -- 172.21.15.100:0/4033504374 >> [v2:172.21.15.100:3300/0,v1:172.21.15.100:6789/0] conn(0x7f6d94102770 msgr2=0x7f6d94078d10 secure :-1 s=STATE_CONNECTION_ESTABLISHED l=1).mark_down
2024-02-10T07:41:44.914 INFO:teuthology.orchestra.run.smithi100.stdout:/usr/bin/ceph: stderr
2024-02-10T07:41:44.351+0000 7f6d9c3ae700 1 --2- 172.21.15.100:0/4033504374 >> [v2:172.21.15.100:3300/0,v1:172.21.15.100:6789/0] conn(0x7f6d94102770 0x7f6d94078d10 secure :-1 s=READY pgs=44 cs=0 l=1 rev1=1 crypto rx=0x7f6d9000b440 tx=0x7f6d90009250 comp rx=0 tx=0).stop
2024-02-10T07:41:44.914 INFO:teuthology.orchestra.run.smithi100.stdout:/usr/bin/ceph: stderr
2024-02-10T07:41:44.351+0000 7f6d9c3ae700 1 -- 172.21.15.100:0/4033504374 shutdown_connections
2024-02-10T07:41:44.914 INFO:teuthology.orchestra.run.smithi100.stdout:/usr/bin/ceph: stderr
2024-02-10T07:41:44.351+0000 7f6d9c3ae700 1 --2- 172.21.15.100:0/4033504374 >> [v2:172.21.15.100:6800/2956339379,v1:172.21.15.100:6801/2956339379] conn(0x7f6d80036770 0x7f6d80038c20 unknown :-1 s=CLOSED pgs=11 cs=0 l=1 rev1=1 crypto rx=0 tx=0 comp rx=0 tx=0).stop
2024-02-10T07:41:44.914 INFO:teuthology.orchestra.run.smithi100.stdout:/usr/bin/ceph: stderr
2024-02-10T07:41:44.351+0000 7f6d9c3ae700 1 --2- 172.21.15.100:0/4033504374 >> [v2:172.21.15.100:3300/0,v1:172.21.15.100:6789/0] conn(0x7f6d94102770 0x7f6d94078d10 unknown :-1 s=CLOSED pgs=44 cs=0 l=1 rev1=1 crypto rx=0 tx=0 comp rx=0 tx=0).stop
2024-02-10T07:41:44.914 INFO:teuthology.orchestra.run.smithi100.stdout:/usr/bin/ceph: stderr
2024-02-10T07:41:44.351+0000 7f6d9c3ae700 1 -- 172.21.15.100:0/4033504374 >> 172.21.15.100:0/4033504374 conn(0x7f6d940fded0 msgr2=0x7f6d940ff590 unknown :-1 s=STATE_NONE l=0).mark_down
2024-02-10T07:41:44.914 INFO:teuthology.orchestra.run.smithi100.stdout:/usr/bin/ceph: stderr
2024-02-10T07:41:44.352+0000 7f6d9c3ae700 1 -- 172.21.15.100:0/4033504374 shutdown_connections
2024-02-10T07:41:44.914 INFO:teuthology.orchestra.run.smithi100.stdout:/usr/bin/ceph: stderr
2024-02-10T07:41:44.352+0000 7f6d9c3ae700 1 -- 172.21.15.100:0/4033504374 wait complete.
2024-02-10T07:41:44.914 INFO:teuthology.orchestra.run.smithi100.stdout:Deploying mon service with default placement...
2024-02-10T07:41:45.708 INFO:journalctl@ceph.mon.smithi100.smithi100.stdout:Feb 10 07:41:45 smithi100 ceph-mon[29380]: Added host smithi100
2024-02-10T07:41:45.708 INFO:journalctl@ceph.mon.smithi100.smithi100.stdout:Feb 10 07:41:45 smithi100 ceph-mon[29380]: from='mgr.14118 172.21.15.100:0/99808469' entity='mgr.smithi100.jsbwic'
2024-02-10T07:41:46.969 INFO:journalctl@ceph.mon.smithi100.smithi100.stdout:Feb 10 07:41:46 smithi100 ceph-mon[29380]: from='client.14140 -' entity='client.admin' cmd=[{"prefix": "orch apply", "service_type": "mon", "target": ["mon-mgr", ""]}]: dispatch
2024-02-10T07:41:46.969 INFO:journalctl@ceph.mon.smithi100.smithi100.stdout:Feb 10 07:41:46 smithi100 ceph-mon[29380]: Saving service mon spec with placement count:5
2024-02-10T07:41:47.277 INFO:teuthology.orchestra.run.smithi100.stdout:/usr/bin/ceph: stdout Scheduled mon update...
2024-02-10T07:41:47.277 INFO:teuthology.orchestra.run.smithi100.stdout:/usr/bin/ceph: stderr
2024-02-10T07:41:45.395+0000 7fca5089e700 1 Processor -- start
2024-02-10T07:41:47.277 INFO:teuthology.orchestra.run.smithi100.stdout:/usr/bin/ceph: stderr
2024-02-10T07:41:45.395+0000 7fca5089e700 1 -- start start
2024-02-10T07:41:47.277 INFO:teuthology.orchestra.run.smithi100.stdout:/usr/bin/ceph: stderr
2024-02-10T07:41:45.395+0000 7fca5089e700 1 --2- >> [v2:172.21.15.100:3300/0,v1:172.21.15.100:6789/0] conn(0x7fca4c076c40 0x7fca4c105360 unknown :-1 s=NONE pgs=0 cs=0 l=0 rev1=0 crypto rx=0 tx=0 comp rx=0 tx=0).connect
2024-02-10T07:41:47.277 INFO:teuthology.orchestra.run.smithi100.stdout:/usr/bin/ceph: stderr
2024-02-10T07:41:45.395+0000 7fca5089e700 1 -- --> [v2:172.21.15.100:3300/0,v1:172.21.15.100:6789/0] -- mon_getmap magic: 0 v1 -- 0x7fca4c1058a0 con 0x7fca4c076c40
2024-02-10T07:41:47.278 INFO:teuthology.orchestra.run.smithi100.stdout:/usr/bin/ceph: stderr
2024-02-10T07:41:45.396+0000 7fca4a59c700 1 --2- >> [v2:172.21.15.100:3300/0,v1:172.21.15.100:6789/0] conn(0x7fca4c076c40 0x7fca4c105360 unknown :-1 s=BANNER_CONNECTING pgs=0 cs=0 l=0 rev1=0 crypto rx=0 tx=0 comp rx=0 tx=0)._handle_peer_banner_payload supported=3 required=0
2024-02-10T07:41:47.278 INFO:teuthology.orchestra.run.smithi100.stdout:/usr/bin/ceph: stderr
2024-02-10T07:41:45.396+0000 7fca4a59c700 1 --2- >> [v2:172.21.15.100:3300/0,v1:172.21.15.100:6789/0] conn(0x7fca4c076c40 0x7fca4c105360 unknown :-1 s=HELLO_CONNECTING pgs=0 cs=0 l=0 rev1=1 crypto rx=0 tx=0 comp rx=0 tx=0).handle_hello peer v2:172.21.15.100:3300/0 says I am v2:172.21.15.100:60258/0 (socket says 172.21.15.100:60258)
2024-02-10T07:41:47.278 INFO:teuthology.orchestra.run.smithi100.stdout:/usr/bin/ceph: stderr
2024-02-10T07:41:45.396+0000 7fca4a59c700 1 -- 172.21.15.100:0/1111361281 learned_addr learned my addr 172.21.15.100:0/1111361281 (peer_addr_for_me v2:172.21.15.100:0/0)
2024-02-10T07:41:47.278 INFO:teuthology.orchestra.run.smithi100.stdout:/usr/bin/ceph: stderr
2024-02-10T07:41:45.396+0000 7fca4a59c700 1 -- 172.21.15.100:0/1111361281 --> [v2:172.21.15.100:3300/0,v1:172.21.15.100:6789/0] -- mon_subscribe({config=0+,monmap=0+}) v3 -- 0x7fca4c1059e0 con 0x7fca4c076c40
2024-02-10T07:41:47.278 INFO:teuthology.orchestra.run.smithi100.stdout:/usr/bin/ceph: stderr
2024-02-10T07:41:45.396+0000 7fca4a59c700 1 --2- 172.21.15.100:0/1111361281 >> [v2:172.21.15.100:3300/0,v1:172.21.15.100:6789/0] conn(0x7fca4c076c40 0x7fca4c105360 secure :-1 s=READY pgs=45 cs=0 l=1 rev1=1 crypto rx=0x7fca3c0098e0 tx=0x7fca3c009250 comp rx=0 tx=0).ready entity=mon.0 client_cookie=3a650d95972a6e8f server_cookie=0 in_seq=0 out_seq=0
2024-02-10T07:41:47.278 INFO:teuthology.orchestra.run.smithi100.stdout:/usr/bin/ceph: stderr
2024-02-10T07:41:45.396+0000 7fca4959a700 1 -- 172.21.15.100:0/1111361281 <== mon.0 v2:172.21.15.100:3300/0 1 ==== mon_map magic: 0 v1 ==== 229+0+0 (secure 0 0 0) 0x7fca3c00b860 con 0x7fca4c076c40
2024-02-10T07:41:47.278 INFO:teuthology.orchestra.run.smithi100.stdout:/usr/bin/ceph: stderr
2024-02-10T07:41:45.396+0000 7fca4959a700 1 -- 172.21.15.100:0/1111361281 <== mon.0 v2:172.21.15.100:3300/0 2 ==== config(27 keys) v1 ==== 1044+0+0 (secure 0 0 0) 0x7fca3c00be50 con 0x7fca4c076c40
2024-02-10T07:41:47.278 INFO:teuthology.orchestra.run.smithi100.stdout:/usr/bin/ceph: stderr
2024-02-10T07:41:45.396+0000 7fca4959a700 1 -- 172.21.15.100:0/1111361281 <== mon.0 v2:172.21.15.100:3300/0 3 ==== mon_map magic: 0 v1 ==== 229+0+0 (secure 0 0 0) 0x7fca3c010380 con 0x7fca4c076c40
2024-02-10T07:41:47.278 INFO:teuthology.orchestra.run.smithi100.stdout:/usr/bin/ceph: stderr
2024-02-10T07:41:45.397+0000 7fca5089e700 1 -- 172.21.15.100:0/1111361281 >> [v2:172.21.15.100:3300/0,v1:172.21.15.100:6789/0] conn(0x7fca4c076c40 msgr2=0x7fca4c105360 secure :-1 s=STATE_CONNECTION_ESTABLISHED l=1).mark_down
2024-02-10T07:41:47.278 INFO:teuthology.orchestra.run.smithi100.stdout:/usr/bin/ceph: stderr
2024-02-10T07:41:45.397+0000 7fca5089e700 1 --2- 172.21.15.100:0/1111361281 >> [v2:172.21.15.100:3300/0,v1:172.21.15.100:6789/0] conn(0x7fca4c076c40 0x7fca4c105360 secure :-1 s=READY pgs=45 cs=0 l=1 rev1=1 crypto rx=0x7fca3c0098e0 tx=0x7fca3c009250 comp rx=0 tx=0).stop
2024-02-10T07:41:47.278 INFO:teuthology.orchestra.run.smithi100.stdout:/usr/bin/ceph: stderr
2024-02-10T07:41:45.397+0000 7fca5089e700 1 -- 172.21.15.100:0/1111361281 shutdown_connections
2024-02-10T07:41:47.278 INFO:teuthology.orchestra.run.smithi100.stdout:/usr/bin/ceph: stderr
2024-02-10T07:41:45.397+0000 7fca5089e700 1 --2- 172.21.15.100:0/1111361281 >> [v2:172.21.15.100:3300/0,v1:172.21.15.100:6789/0] conn(0x7fca4c076c40 0x7fca4c105360 unknown :-1 s=CLOSED pgs=45 cs=0 l=1 rev1=1 crypto rx=0 tx=0 comp rx=0 tx=0).stop
2024-02-10T07:41:47.278 INFO:teuthology.orchestra.run.smithi100.stdout:/usr/bin/ceph: stderr
2024-02-10T07:41:45.397+0000 7fca5089e700 1 -- 172.21.15.100:0/1111361281 >> 172.21.15.100:0/1111361281 conn(0x7fca4c0fcdd0 msgr2=0x7fca4c0ff200 unknown :-1 s=STATE_NONE l=0).mark_down
2024-02-10T07:41:47.278 INFO:teuthology.orchestra.run.smithi100.stdout:/usr/bin/ceph: stderr
2024-02-10T07:41:45.397+0000 7fca5089e700 1 -- 172.21.15.100:0/1111361281 shutdown_connections
2024-02-10T07:41:47.278 INFO:teuthology.orchestra.run.smithi100.stdout:/usr/bin/ceph: stderr
2024-02-10T07:41:45.397+0000 7fca5089e700 1 -- 172.21.15.100:0/1111361281 wait complete.
2024-02-10T07:41:47.278 INFO:teuthology.orchestra.run.smithi100.stdout:/usr/bin/ceph: stderr
2024-02-10T07:41:45.397+0000 7fca5089e700 1 Processor -- start
2024-02-10T07:41:47.279 INFO:teuthology.orchestra.run.smithi100.stdout:/usr/bin/ceph: stderr
2024-02-10T07:41:45.397+0000 7fca5089e700 1 -- start start
2024-02-10T07:41:47.279 INFO:teuthology.orchestra.run.smithi100.stdout:/usr/bin/ceph: stderr
2024-02-10T07:41:45.398+0000 7fca5089e700 1 --2- >> [v2:172.21.15.100:3300/0,v1:172.21.15.100:6789/0] conn(0x7fca4c076c40 0x7fca4c111520 unknown :-1 s=NONE pgs=0 cs=0 l=1 rev1=0 crypto rx=0 tx=0 comp rx=0 tx=0).connect
2024-02-10T07:41:47.279 INFO:teuthology.orchestra.run.smithi100.stdout:/usr/bin/ceph: stderr
2024-02-10T07:41:45.398+0000 7fca5089e700 1 -- --> [v2:172.21.15.100:3300/0,v1:172.21.15.100:6789/0] -- mon_getmap magic: 0 v1 -- 0x7fca4c111a60 con 0x7fca4c076c40
2024-02-10T07:41:47.279 INFO:teuthology.orchestra.run.smithi100.stdout:/usr/bin/ceph: stderr
2024-02-10T07:41:45.398+0000 7fca4a59c700 1 --2- >> [v2:172.21.15.100:3300/0,v1:172.21.15.100:6789/0] conn(0x7fca4c076c40 0x7fca4c111520 unknown :-1 s=BANNER_CONNECTING pgs=0 cs=0 l=1 rev1=0 crypto rx=0 tx=0 comp rx=0 tx=0)._handle_peer_banner_payload supported=3 required=0
2024-02-10T07:41:47.279 INFO:teuthology.orchestra.run.smithi100.stdout:/usr/bin/ceph: stderr
2024-02-10T07:41:45.398+0000 7fca4a59c700 1 --2- >> [v2:172.21.15.100:3300/0,v1:172.21.15.100:6789/0] conn(0x7fca4c076c40 0x7fca4c111520 unknown :-1 s=HELLO_CONNECTING pgs=0 cs=0 l=1 rev1=1 crypto rx=0 tx=0 comp rx=0 tx=0).handle_hello peer v2:172.21.15.100:3300/0 says I am v2:172.21.15.100:60262/0 (socket says 172.21.15.100:60262)
2024-02-10T07:41:47.279 INFO:teuthology.orchestra.run.smithi100.stdout:/usr/bin/ceph: stderr
2024-02-10T07:41:45.398+0000 7fca4a59c700 1 -- 172.21.15.100:0/534802121 learned_addr learned my addr 172.21.15.100:0/534802121 (peer_addr_for_me v2:172.21.15.100:0/0)
2024-02-10T07:41:47.279 INFO:teuthology.orchestra.run.smithi100.stdout:/usr/bin/ceph: stderr
2024-02-10T07:41:45.398+0000 7fca4a59c700 1 -- 172.21.15.100:0/534802121 --> [v2:172.21.15.100:3300/0,v1:172.21.15.100:6789/0] -- mon_subscribe({config=0+,monmap=0+}) v3 -- 0x7fca3c0094f0 con 0x7fca4c076c40
2024-02-10T07:41:47.279 INFO:teuthology.orchestra.run.smithi100.stdout:/usr/bin/ceph: stderr
2024-02-10T07:41:45.398+0000 7fca4a59c700 1 --2- 172.21.15.100:0/534802121 >> [v2:172.21.15.100:3300/0,v1:172.21.15.100:6789/0] conn(0x7fca4c076c40 0x7fca4c111520 secure :-1 s=READY pgs=46 cs=0 l=1 rev1=1 crypto rx=0x7fca3c006d40 tx=0x7fca3c009250 comp rx=0 tx=0).ready entity=mon.0 client_cookie=0 server_cookie=0 in_seq=0 out_seq=0
2024-02-10T07:41:47.279 INFO:teuthology.orchestra.run.smithi100.stdout:/usr/bin/ceph: stderr
2024-02-10T07:41:45.398+0000 7fca3affd700 1 -- 172.21.15.100:0/534802121 <== mon.0 v2:172.21.15.100:3300/0 1 ==== mon_map magic: 0 v1 ==== 229+0+0 (secure 0 0 0) 0x7fca3c010760 con 0x7fca4c076c40
2024-02-10T07:41:47.279 INFO:teuthology.orchestra.run.smithi100.stdout:/usr/bin/ceph: stderr
2024-02-10T07:41:45.398+0000 7fca3affd700 1 -- 172.21.15.100:0/534802121 <== mon.0 v2:172.21.15.100:3300/0 2 ==== config(27 keys) v1 ==== 1044+0+0 (secure 0 0 0) 0x7fca3c010d50 con 0x7fca4c076c40
2024-02-10T07:41:47.279 INFO:teuthology.orchestra.run.smithi100.stdout:/usr/bin/ceph: stderr
2024-02-10T07:41:45.398+0000 7fca5089e700 1 -- 172.21.15.100:0/534802121 --> [v2:172.21.15.100:3300/0,v1:172.21.15.100:6789/0] -- mon_subscribe({mgrmap=0+}) v3 -- 0x7fca4c111c60 con 0x7fca4c076c40
2024-02-10T07:41:47.279 INFO:teuthology.orchestra.run.smithi100.stdout:/usr/bin/ceph: stderr
2024-02-10T07:41:45.398+0000 7fca3affd700 1 -- 172.21.15.100:0/534802121 <== mon.0 v2:172.21.15.100:3300/0 3 ==== mon_map magic: 0 v1 ==== 229+0+0 (secure 0 0 0) 0x7fca3c024d20 con 0x7fca4c076c40
2024-02-10T07:41:47.279 INFO:teuthology.orchestra.run.smithi100.stdout:/usr/bin/ceph: stderr
2024-02-10T07:41:45.398+0000 7fca5089e700 1 -- 172.21.15.100:0/534802121 --> [v2:172.21.15.100:3300/0,v1:172.21.15.100:6789/0] -- mon_subscribe({osdmap=0}) v3 -- 0x7fca4c112900 con 0x7fca4c076c40
2024-02-10T07:41:47.279 INFO:teuthology.orchestra.run.smithi100.stdout:/usr/bin/ceph: stderr
2024-02-10T07:41:45.399+0000 7fca3affd700 1 -- 172.21.15.100:0/534802121 <== mon.0 v2:172.21.15.100:3300/0 4 ==== mgrmap(e 8) v1 ==== 43368+0+0 (secure 0 0 0) 0x7fca3c02e440 con 0x7fca4c076c40
2024-02-10T07:41:47.279 INFO:teuthology.orchestra.run.smithi100.stdout:/usr/bin/ceph: stderr
2024-02-10T07:41:45.399+0000 7fca3affd700 1 --2- 172.21.15.100:0/534802121 >> [v2:172.21.15.100:6800/2956339379,v1:172.21.15.100:6801/2956339379] conn(0x7fca34036790 0x7fca34038c40 unknown :-1 s=NONE pgs=0 cs=0 l=1 rev1=0 crypto rx=0 tx=0 comp rx=0 tx=0).connect
2024-02-10T07:41:47.280 INFO:teuthology.orchestra.run.smithi100.stdout:/usr/bin/ceph: stderr
2024-02-10T07:41:45.399+0000 7fca3affd700 1 -- 172.21.15.100:0/534802121 <== mon.0 v2:172.21.15.100:3300/0 5 ==== osd_map(2..2 src has 1..2) v4 ==== 936+0+0 (secure 0 0 0) 0x7fca3c04a820 con 0x7fca4c076c40
2024-02-10T07:41:47.280 INFO:teuthology.orchestra.run.smithi100.stdout:/usr/bin/ceph: stderr
2024-02-10T07:41:45.399+0000 7fca5089e700 1 -- 172.21.15.100:0/534802121 --> [v2:172.21.15.100:3300/0,v1:172.21.15.100:6789/0] -- mon_command({"prefix": "get_command_descriptions"} v 0) v1 -- 0x7fca4c05f5c0 con 0x7fca4c076c40
2024-02-10T07:41:47.280 INFO:teuthology.orchestra.run.smithi100.stdout:/usr/bin/ceph: stderr
2024-02-10T07:41:45.399+0000 7fca49d9b700 1 --2- 172.21.15.100:0/534802121 >> [v2:172.21.15.100:6800/2956339379,v1:172.21.15.100:6801/2956339379] conn(0x7fca34036790 0x7fca34038c40 unknown :-1 s=BANNER_CONNECTING pgs=0 cs=0 l=1 rev1=0 crypto rx=0 tx=0 comp rx=0 tx=0)._handle_peer_banner_payload supported=3 required=0
2024-02-10T07:41:47.280 INFO:teuthology.orchestra.run.smithi100.stdout:/usr/bin/ceph: stderr
2024-02-10T07:41:45.400+0000 7fca49d9b700 1 --2- 172.21.15.100:0/534802121 >> [v2:172.21.15.100:6800/2956339379,v1:172.21.15.100:6801/2956339379] conn(0x7fca34036790 0x7fca34038c40 secure :-1 s=READY pgs=12 cs=0 l=1 rev1=1 crypto rx=0x7fca40009990 tx=0x7fca40006e40 comp rx=0 tx=0).ready entity=mgr.14118 client_cookie=0 server_cookie=0 in_seq=0 out_seq=0
2024-02-10T07:41:47.280 INFO:teuthology.orchestra.run.smithi100.stdout:/usr/bin/ceph: stderr
2024-02-10T07:41:45.404+0000 7fca3affd700 1 -- 172.21.15.100:0/534802121 <== mon.0 v2:172.21.15.100:3300/0 6 ==== mon_command_ack([{"prefix": "get_command_descriptions"}]=0 v0) v1 ==== 72+0+175031 (secure 0 0 0) 0x7fca3c018940 con 0x7fca4c076c40
2024-02-10T07:41:47.280 INFO:teuthology.orchestra.run.smithi100.stdout:/usr/bin/ceph: stderr
2024-02-10T07:41:45.612+0000 7fca5089e700 1 -- 172.21.15.100:0/534802121 --> [v2:172.21.15.100:6800/2956339379,v1:172.21.15.100:6801/2956339379] -- mgr_command(tid 0: {"prefix": "orch apply", "service_type": "mon", "target": ["mon-mgr", ""]}) v1 -- 0x7fca4c0fe2d0 con 0x7fca34036790
2024-02-10T07:41:47.280 INFO:teuthology.orchestra.run.smithi100.stdout:/usr/bin/ceph: stderr
2024-02-10T07:41:45.616+0000 7fca3affd700 1 -- 172.21.15.100:0/534802121 <== mgr.14118 v2:172.21.15.100:6800/2956339379 1 ==== mgr_command_reply(tid 0: 0 ) v1 ==== 8+0+24 (secure 0 0 0) 0x7fca4c0fe2d0 con 0x7fca34036790
2024-02-10T07:41:47.280 INFO:teuthology.orchestra.run.smithi100.stdout:/usr/bin/ceph: stderr
2024-02-10T07:41:45.619+0000 7fca5089e700 1 -- 172.21.15.100:0/534802121 >> [v2:172.21.15.100:6800/2956339379,v1:172.21.15.100:6801/2956339379] conn(0x7fca34036790 msgr2=0x7fca34038c40 secure :-1 s=STATE_CONNECTION_ESTABLISHED l=1).mark_down
2024-02-10T07:41:47.280 INFO:teuthology.orchestra.run.smithi100.stdout:/usr/bin/ceph: stderr
2024-02-10T07:41:45.619+0000 7fca5089e700 1 --2- 172.21.15.100:0/534802121 >> [v2:172.21.15.100:6800/2956339379,v1:172.21.15.100:6801/2956339379] conn(0x7fca34036790 0x7fca34038c40 secure :-1 s=READY pgs=12 cs=0 l=1 rev1=1 crypto rx=0x7fca40009990 tx=0x7fca40006e40 comp rx=0 tx=0).stop
2024-02-10T07:41:47.280 INFO:teuthology.orchestra.run.smithi100.stdout:/usr/bin/ceph: stderr
2024-02-10T07:41:45.619+0000 7fca5089e700 1 -- 172.21.15.100:0/534802121 >> [v2:172.21.15.100:3300/0,v1:172.21.15.100:6789/0] conn(0x7fca4c076c40 msgr2=0x7fca4c111520 secure :-1 s=STATE_CONNECTION_ESTABLISHED l=1).mark_down
2024-02-10T07:41:47.280 INFO:teuthology.orchestra.run.smithi100.stdout:/usr/bin/ceph: stderr
2024-02-10T07:41:45.619+0000 7fca5089e700 1 --2- 172.21.15.100:0/534802121 >> [v2:172.21.15.100:3300/0,v1:172.21.15.100:6789/0] conn(0x7fca4c076c40 0x7fca4c111520 secure :-1 s=READY pgs=46 cs=0 l=1 rev1=1 crypto rx=0x7fca3c006d40 tx=0x7fca3c009250 comp rx=0 tx=0).stop
2024-02-10T07:41:47.280 INFO:teuthology.orchestra.run.smithi100.stdout:/usr/bin/ceph: stderr
2024-02-10T07:41:45.619+0000 7fca5089e700 1 -- 172.21.15.100:0/534802121 shutdown_connections
2024-02-10T07:41:47.280 INFO:teuthology.orchestra.run.smithi100.stdout:/usr/bin/ceph: stderr
2024-02-10T07:41:45.619+0000 7fca5089e700 1 --2- 172.21.15.100:0/534802121 >> [v2:172.21.15.100:6800/2956339379,v1:172.21.15.100:6801/2956339379] conn(0x7fca34036790 0x7fca34038c40 unknown :-1 s=CLOSED pgs=12 cs=0 l=1 rev1=1 crypto rx=0 tx=0 comp rx=0 tx=0).stop
2024-02-10T07:41:47.280 INFO:teuthology.orchestra.run.smithi100.stdout:/usr/bin/ceph: stderr
2024-02-10T07:41:45.619+0000 7fca5089e700 1 --2- 172.21.15.100:0/534802121 >> [v2:172.21.15.100:3300/0,v1:172.21.15.100:6789/0] conn(0x7fca4c076c40 0x7fca4c111520 unknown :-1 s=CLOSED pgs=46 cs=0 l=1 rev1=1 crypto rx=0 tx=0 comp rx=0 tx=0).stop
2024-02-10T07:41:47.281 INFO:teuthology.orchestra.run.smithi100.stdout:/usr/bin/ceph: stderr
2024-02-10T07:41:45.619+0000 7fca5089e700 1 -- 172.21.15.100:0/534802121 >> 172.21.15.100:0/534802121 conn(0x7fca4c0fcdd0 msgr2=0x7fca4c0fdbc0 unknown :-1 s=STATE_NONE l=0).mark_down
2024-02-10T07:41:47.281 INFO:teuthology.orchestra.run.smithi100.stdout:/usr/bin/ceph: stderr
2024-02-10T07:41:45.619+0000 7fca5089e700 1 -- 172.21.15.100:0/534802121 shutdown_connections
2024-02-10T07:41:47.281 INFO:teuthology.orchestra.run.smithi100.stdout:/usr/bin/ceph: stderr
2024-02-10T07:41:45.619+0000 7fca5089e700 1 -- 172.21.15.100:0/534802121 wait complete.
2024-02-10T07:41:47.281 INFO:teuthology.orchestra.run.smithi100.stdout:Deploying mgr service with default placement...
2024-02-10T07:41:47.884 INFO:journalctl@ceph.mon.smithi100.smithi100.stdout:Feb 10 07:41:47 smithi100 ceph-mon[29380]: from='mgr.14118 172.21.15.100:0/99808469' entity='mgr.smithi100.jsbwic'
2024-02-10T07:41:47.884 INFO:journalctl@ceph.mon.smithi100.smithi100.stdout:Feb 10 07:41:47 smithi100 ceph-mon[29380]: from='mgr.14118 172.21.15.100:0/99808469' entity='mgr.smithi100.jsbwic'
2024-02-10T07:41:49.112 INFO:teuthology.orchestra.run.smithi100.stdout:/usr/bin/ceph: stdout Scheduled mgr update...
2024-02-10T07:41:49.112 INFO:teuthology.orchestra.run.smithi100.stdout:/usr/bin/ceph: stderr
2024-02-10T07:41:47.670+0000 7fa3fe3d3700 1 Processor -- start
2024-02-10T07:41:49.112 INFO:teuthology.orchestra.run.smithi100.stdout:/usr/bin/ceph: stderr
2024-02-10T07:41:47.670+0000 7fa3fe3d3700 1 -- start start
2024-02-10T07:41:49.112 INFO:teuthology.orchestra.run.smithi100.stdout:/usr/bin/ceph: stderr
2024-02-10T07:41:47.670+0000 7fa3fe3d3700 1 --2- >> [v2:172.21.15.100:3300/0,v1:172.21.15.100:6789/0] conn(0x7fa3f8078d00 0x7fa3f8077210 unknown :-1 s=NONE pgs=0 cs=0 l=0 rev1=0 crypto rx=0 tx=0 comp rx=0 tx=0).connect
2024-02-10T07:41:49.112 INFO:teuthology.orchestra.run.smithi100.stdout:/usr/bin/ceph: stderr
2024-02-10T07:41:47.670+0000 7fa3fe3d3700 1 -- --> [v2:172.21.15.100:3300/0,v1:172.21.15.100:6789/0] -- mon_getmap magic: 0 v1 -- 0x7fa3f8079110 con 0x7fa3f8078d00
2024-02-10T07:41:49.112 INFO:teuthology.orchestra.run.smithi100.stdout:/usr/bin/ceph: stderr
2024-02-10T07:41:47.670+0000 7fa3f7fff700 1 --2- >> [v2:172.21.15.100:3300/0,v1:172.21.15.100:6789/0] conn(0x7fa3f8078d00 0x7fa3f8077210 unknown :-1 s=BANNER_CONNECTING pgs=0 cs=0 l=0 rev1=0 crypto rx=0 tx=0 comp rx=0 tx=0)._handle_peer_banner_payload supported=3 required=0
2024-02-10T07:41:49.113 INFO:teuthology.orchestra.run.smithi100.stdout:/usr/bin/ceph: stderr
2024-02-10T07:41:47.670+0000 7fa3f7fff700 1 --2- >> [v2:172.21.15.100:3300/0,v1:172.21.15.100:6789/0] conn(0x7fa3f8078d00 0x7fa3f8077210 unknown :-1 s=HELLO_CONNECTING pgs=0 cs=0 l=0 rev1=1 crypto rx=0 tx=0 comp rx=0 tx=0).handle_hello peer v2:172.21.15.100:3300/0 says I am v2:172.21.15.100:34578/0 (socket says 172.21.15.100:34578)
2024-02-10T07:41:49.113 INFO:teuthology.orchestra.run.smithi100.stdout:/usr/bin/ceph: stderr
2024-02-10T07:41:47.670+0000 7fa3f7fff700 1 -- 172.21.15.100:0/2262691706 learned_addr learned my addr 172.21.15.100:0/2262691706 (peer_addr_for_me v2:172.21.15.100:0/0)
2024-02-10T07:41:49.113 INFO:teuthology.orchestra.run.smithi100.stdout:/usr/bin/ceph: stderr
2024-02-10T07:41:47.670+0000 7fa3f7fff700 1 -- 172.21.15.100:0/2262691706 --> [v2:172.21.15.100:3300/0,v1:172.21.15.100:6789/0] -- mon_subscribe({config=0+,monmap=0+}) v3 -- 0x7fa3f8077750 con 0x7fa3f8078d00
2024-02-10T07:41:49.113 INFO:teuthology.orchestra.run.smithi100.stdout:/usr/bin/ceph: stderr
2024-02-10T07:41:47.670+0000 7fa3f7fff700 1 --2- 172.21.15.100:0/2262691706 >> [v2:172.21.15.100:3300/0,v1:172.21.15.100:6789/0] conn(0x7fa3f8078d00 0x7fa3f8077210 secure :-1 s=READY pgs=47 cs=0 l=1 rev1=1 crypto rx=0x7fa3e80098e0 tx=0x7fa3e8009250 comp rx=0 tx=0).ready entity=mon.0 client_cookie=c2b838148df60ba6 server_cookie=0 in_seq=0 out_seq=0
2024-02-10T07:41:49.113 INFO:teuthology.orchestra.run.smithi100.stdout:/usr/bin/ceph: stderr
2024-02-10T07:41:47.671+0000 7fa3f6ffd700 1 -- 172.21.15.100:0/2262691706 <== mon.0 v2:172.21.15.100:3300/0 1 ==== mon_map magic: 0 v1 ==== 229+0+0 (secure 0 0 0) 0x7fa3e800b860 con 0x7fa3f8078d00
2024-02-10T07:41:49.113 INFO:teuthology.orchestra.run.smithi100.stdout:/usr/bin/ceph: stderr
2024-02-10T07:41:47.671+0000 7fa3f6ffd700 1 -- 172.21.15.100:0/2262691706 <== mon.0 v2:172.21.15.100:3300/0 2 ==== config(27 keys) v1 ==== 1109+0+0 (secure 0 0 0) 0x7fa3e800be90 con 0x7fa3f8078d00
2024-02-10T07:41:49.113 INFO:teuthology.orchestra.run.smithi100.stdout:/usr/bin/ceph: stderr
2024-02-10T07:41:47.671+0000 7fa3f6ffd700 1 -- 172.21.15.100:0/2262691706 <== mon.0 v2:172.21.15.100:3300/0 3 ==== mon_map magic: 0 v1 ==== 229+0+0 (secure 0 0 0) 0x7fa3e80103c0 con 0x7fa3f8078d00
2024-02-10T07:41:49.113 INFO:teuthology.orchestra.run.smithi100.stdout:/usr/bin/ceph: stderr
2024-02-10T07:41:47.671+0000 7fa3fe3d3700 1 -- 172.21.15.100:0/2262691706 >> [v2:172.21.15.100:3300/0,v1:172.21.15.100:6789/0] conn(0x7fa3f8078d00 msgr2=0x7fa3f8077210 secure :-1 s=STATE_CONNECTION_ESTABLISHED l=1).mark_down
2024-02-10T07:41:49.113 INFO:teuthology.orchestra.run.smithi100.stdout:/usr/bin/ceph: stderr
2024-02-10T07:41:47.671+0000 7fa3fe3d3700 1 --2- 172.21.15.100:0/2262691706 >> [v2:172.21.15.100:3300/0,v1:172.21.15.100:6789/0] conn(0x7fa3f8078d00 0x7fa3f8077210 secure :-1 s=READY pgs=47 cs=0 l=1 rev1=1 crypto rx=0x7fa3e80098e0 tx=0x7fa3e8009250 comp rx=0 tx=0).stop
2024-02-10T07:41:49.113 INFO:teuthology.orchestra.run.smithi100.stdout:/usr/bin/ceph: stderr
2024-02-10T07:41:47.671+0000 7fa3fe3d3700 1 -- 172.21.15.100:0/2262691706 shutdown_connections
2024-02-10T07:41:49.113 INFO:teuthology.orchestra.run.smithi100.stdout:/usr/bin/ceph: stderr
2024-02-10T07:41:47.671+0000 7fa3fe3d3700 1 --2- 172.21.15.100:0/2262691706 >> [v2:172.21.15.100:3300/0,v1:172.21.15.100:6789/0] conn(0x7fa3f8078d00 0x7fa3f8077210 unknown :-1 s=CLOSED pgs=47 cs=0 l=1 rev1=1 crypto rx=0 tx=0 comp rx=0 tx=0).stop
2024-02-10T07:41:49.113 INFO:teuthology.orchestra.run.smithi100.stdout:/usr/bin/ceph: stderr
2024-02-10T07:41:47.671+0000 7fa3fe3d3700 1 -- 172.21.15.100:0/2262691706 >> 172.21.15.100:0/2262691706 conn(0x7fa3f80fded0 msgr2=0x7fa3f8100300 unknown :-1 s=STATE_NONE l=0).mark_down
2024-02-10T07:41:49.113 INFO:teuthology.orchestra.run.smithi100.stdout:/usr/bin/ceph: stderr
2024-02-10T07:41:47.671+0000 7fa3fe3d3700 1 -- 172.21.15.100:0/2262691706 shutdown_connections
2024-02-10T07:41:49.113 INFO:teuthology.orchestra.run.smithi100.stdout:/usr/bin/ceph: stderr
2024-02-10T07:41:47.671+0000 7fa3fe3d3700 1 -- 172.21.15.100:0/2262691706 wait complete.
2024-02-10T07:41:49.114 INFO:teuthology.orchestra.run.smithi100.stdout:/usr/bin/ceph: stderr
2024-02-10T07:41:47.672+0000 7fa3fe3d3700 1 Processor -- start
2024-02-10T07:41:49.114 INFO:teuthology.orchestra.run.smithi100.stdout:/usr/bin/ceph: stderr
2024-02-10T07:41:47.672+0000 7fa3fe3d3700 1 -- start start
2024-02-10T07:41:49.114 INFO:teuthology.orchestra.run.smithi100.stdout:/usr/bin/ceph: stderr
2024-02-10T07:41:47.672+0000 7fa3fe3d3700 1 --2- >> [v2:172.21.15.100:3300/0,v1:172.21.15.100:6789/0] conn(0x7fa3f8078d00 0x7fa3f8113800 unknown :-1 s=NONE pgs=0 cs=0 l=1 rev1=0 crypto rx=0 tx=0 comp rx=0 tx=0).connect
2024-02-10T07:41:49.114 INFO:teuthology.orchestra.run.smithi100.stdout:/usr/bin/ceph: stderr
2024-02-10T07:41:47.672+0000 7fa3fe3d3700 1 -- --> [v2:172.21.15.100:3300/0,v1:172.21.15.100:6789/0] -- mon_getmap magic: 0 v1 -- 0x7fa3f8113d40 con 0x7fa3f8078d00
2024-02-10T07:41:49.114 INFO:teuthology.orchestra.run.smithi100.stdout:/usr/bin/ceph: stderr
2024-02-10T07:41:47.672+0000 7fa3f7fff700 1 --2- >> [v2:172.21.15.100:3300/0,v1:172.21.15.100:6789/0] conn(0x7fa3f8078d00 0x7fa3f8113800 unknown :-1 s=BANNER_CONNECTING pgs=0 cs=0 l=1 rev1=0 crypto rx=0 tx=0 comp rx=0 tx=0)._handle_peer_banner_payload supported=3 required=0
2024-02-10T07:41:49.114 INFO:teuthology.orchestra.run.smithi100.stdout:/usr/bin/ceph: stderr
2024-02-10T07:41:47.672+0000 7fa3f7fff700 1 --2- >> [v2:172.21.15.100:3300/0,v1:172.21.15.100:6789/0] conn(0x7fa3f8078d00 0x7fa3f8113800 unknown :-1 s=HELLO_CONNECTING pgs=0 cs=0 l=1 rev1=1 crypto rx=0 tx=0 comp rx=0 tx=0).handle_hello peer v2:172.21.15.100:3300/0 says I am v2:172.21.15.100:34590/0 (socket says 172.21.15.100:34590)
2024-02-10T07:41:49.114 INFO:teuthology.orchestra.run.smithi100.stdout:/usr/bin/ceph: stderr
2024-02-10T07:41:47.672+0000 7fa3f7fff700 1 -- 172.21.15.100:0/2161501273 learned_addr learned my addr 172.21.15.100:0/2161501273 (peer_addr_for_me v2:172.21.15.100:0/0)
2024-02-10T07:41:49.114 INFO:teuthology.orchestra.run.smithi100.stdout:/usr/bin/ceph: stderr
2024-02-10T07:41:47.672+0000 7fa3f7fff700 1 -- 172.21.15.100:0/2161501273 --> [v2:172.21.15.100:3300/0,v1:172.21.15.100:6789/0] -- mon_subscribe({config=0+,monmap=0+}) v3 -- 0x7fa3e80094f0 con 0x7fa3f8078d00
2024-02-10T07:41:49.114 INFO:teuthology.orchestra.run.smithi100.stdout:/usr/bin/ceph: stderr
2024-02-10T07:41:47.673+0000 7fa3f7fff700 1 --2- 172.21.15.100:0/2161501273 >> [v2:172.21.15.100:3300/0,v1:172.21.15.100:6789/0] conn(0x7fa3f8078d00 0x7fa3f8113800 secure :-1 s=READY pgs=48 cs=0 l=1 rev1=1 crypto rx=0x7fa3e8006d40 tx=0x7fa3e8009250 comp rx=0 tx=0).ready entity=mon.0 client_cookie=0 server_cookie=0 in_seq=0 out_seq=0
2024-02-10T07:41:49.114 INFO:teuthology.orchestra.run.smithi100.stdout:/usr/bin/ceph: stderr
2024-02-10T07:41:47.673+0000 7fa3f4ff9700 1 -- 172.21.15.100:0/2161501273 <== mon.0 v2:172.21.15.100:3300/0 1 ==== mon_map magic: 0 v1 ==== 229+0+0 (secure 0 0 0) 0x7fa3e8010840 con 0x7fa3f8078d00
2024-02-10T07:41:49.114 INFO:teuthology.orchestra.run.smithi100.stdout:/usr/bin/ceph: stderr
2024-02-10T07:41:47.673+0000 7fa3f4ff9700 1 -- 172.21.15.100:0/2161501273 <== mon.0 v2:172.21.15.100:3300/0 2 ==== config(27 keys) v1 ==== 1109+0+0 (secure 0 0 0) 0x7fa3e8010e70 con 0x7fa3f8078d00
2024-02-10T07:41:49.114 INFO:teuthology.orchestra.run.smithi100.stdout:/usr/bin/ceph: stderr
2024-02-10T07:41:47.673+0000 7fa3fe3d3700 1 -- 172.21.15.100:0/2161501273 --> [v2:172.21.15.100:3300/0,v1:172.21.15.100:6789/0] -- mon_subscribe({mgrmap=0+}) v3 -- 0x7fa3f8113f40 con 0x7fa3f8078d00
2024-02-10T07:41:49.114 INFO:teuthology.orchestra.run.smithi100.stdout:/usr/bin/ceph: stderr
2024-02-10T07:41:47.673+0000 7fa3f4ff9700 1 -- 172.21.15.100:0/2161501273 <== mon.0 v2:172.21.15.100:3300/0 3 ==== mon_map magic: 0 v1 ==== 229+0+0 (secure 0 0 0) 0x7fa3e8024ea0 con 0x7fa3f8078d00
2024-02-10T07:41:49.114 INFO:teuthology.orchestra.run.smithi100.stdout:/usr/bin/ceph: stderr
2024-02-10T07:41:47.673+0000 7fa3fe3d3700 1 -- 172.21.15.100:0/2161501273 --> [v2:172.21.15.100:3300/0,v1:172.21.15.100:6789/0] -- mon_subscribe({osdmap=0}) v3 -- 0x7fa3f8114be0 con 0x7fa3f8078d00
2024-02-10T07:41:49.114 INFO:teuthology.orchestra.run.smithi100.stdout:/usr/bin/ceph: stderr
2024-02-10T07:41:47.673+0000 7fa3f4ff9700 1 -- 172.21.15.100:0/2161501273 <== mon.0 v2:172.21.15.100:3300/0 4 ==== mgrmap(e 8) v1 ==== 43368+0+0 (secure 0 0 0) 0x7fa3e801a510 con 0x7fa3f8078d00
2024-02-10T07:41:49.115 INFO:teuthology.orchestra.run.smithi100.stdout:/usr/bin/ceph: stderr
2024-02-10T07:41:47.674+0000 7fa3f4ff9700 1 --2- 172.21.15.100:0/2161501273 >> [v2:172.21.15.100:6800/2956339379,v1:172.21.15.100:6801/2956339379] conn(0x7fa3e0036740 0x7fa3e0038bf0 unknown :-1 s=NONE pgs=0 cs=0 l=1 rev1=0 crypto rx=0 tx=0 comp rx=0 tx=0).connect
2024-02-10T07:41:49.115 INFO:teuthology.orchestra.run.smithi100.stdout:/usr/bin/ceph: stderr
2024-02-10T07:41:47.674+0000 7fa3fe3d3700 1 -- 172.21.15.100:0/2161501273 --> [v2:172.21.15.100:3300/0,v1:172.21.15.100:6789/0] -- mon_command({"prefix": "get_command_descriptions"} v 0) v1 -- 0x7fa3f805f5c0 con 0x7fa3f8078d00
2024-02-10T07:41:49.115 INFO:teuthology.orchestra.run.smithi100.stdout:/usr/bin/ceph: stderr
2024-02-10T07:41:47.674+0000 7fa3f4ff9700 1 -- 172.21.15.100:0/2161501273 <== mon.0 v2:172.21.15.100:3300/0 5 ==== osd_map(2..2 src has 1..2) v4 ==== 936+0+0 (secure 0 0 0) 0x7fa3e804a710 con 0x7fa3f8078d00
2024-02-10T07:41:49.115 INFO:teuthology.orchestra.run.smithi100.stdout:/usr/bin/ceph: stderr
2024-02-10T07:41:47.674+0000 7fa3f77fe700 1 --2- 172.21.15.100:0/2161501273 >> [v2:172.21.15.100:6800/2956339379,v1:172.21.15.100:6801/2956339379] conn(0x7fa3e0036740 0x7fa3e0038bf0 unknown :-1 s=BANNER_CONNECTING pgs=0 cs=0 l=1 rev1=0 crypto rx=0 tx=0 comp rx=0 tx=0)._handle_peer_banner_payload supported=3 required=0
2024-02-10T07:41:49.115 INFO:teuthology.orchestra.run.smithi100.stdout:/usr/bin/ceph: stderr
2024-02-10T07:41:47.674+0000 7fa3f77fe700 1 --2- 172.21.15.100:0/2161501273 >> [v2:172.21.15.100:6800/2956339379,v1:172.21.15.100:6801/2956339379] conn(0x7fa3e0036740 0x7fa3e0038bf0 secure :-1 s=READY pgs=13 cs=0 l=1 rev1=1 crypto rx=0x7fa3ec009990 tx=0x7fa3ec006e40 comp rx=0 tx=0).ready entity=mgr.14118 client_cookie=0 server_cookie=0 in_seq=0 out_seq=0
2024-02-10T07:41:49.115 INFO:teuthology.orchestra.run.smithi100.stdout:/usr/bin/ceph: stderr
2024-02-10T07:41:47.679+0000 7fa3f4ff9700 1 -- 172.21.15.100:0/2161501273 <== mon.0 v2:172.21.15.100:3300/0 6 ==== mon_command_ack([{"prefix": "get_command_descriptions"}]=0 v0) v1 ==== 72+0+175031 (secure 0 0 0) 0x7fa3e8018940 con 0x7fa3f8078d00
2024-02-10T07:41:49.115 INFO:teuthology.orchestra.run.smithi100.stdout:/usr/bin/ceph: stderr
2024-02-10T07:41:47.884+0000 7fa3fe3d3700 1 -- 172.21.15.100:0/2161501273 --> [v2:172.21.15.100:6800/2956339379,v1:172.21.15.100:6801/2956339379] -- mgr_command(tid 0: {"prefix": "orch apply", "service_type": "mgr", "target": ["mon-mgr", ""]}) v1 -- 0x7fa3f8100210 con 0x7fa3e0036740
2024-02-10T07:41:49.115 INFO:teuthology.orchestra.run.smithi100.stdout:/usr/bin/ceph: stderr
2024-02-10T07:41:47.888+0000 7fa3f4ff9700 1 -- 172.21.15.100:0/2161501273 <== mgr.14118 v2:172.21.15.100:6800/2956339379 1 ==== mgr_command_reply(tid 0: 0 ) v1 ==== 8+0+24 (secure 0 0 0) 0x7fa3f8100210 con 0x7fa3e0036740
2024-02-10T07:41:49.115 INFO:teuthology.orchestra.run.smithi100.stdout:/usr/bin/ceph: stderr
2024-02-10T07:41:47.890+0000 7fa3fe3d3700 1 -- 172.21.15.100:0/2161501273 >> [v2:172.21.15.100:6800/2956339379,v1:172.21.15.100:6801/2956339379] conn(0x7fa3e0036740 msgr2=0x7fa3e0038bf0 secure :-1 s=STATE_CONNECTION_ESTABLISHED l=1).mark_down
2024-02-10T07:41:49.115 INFO:teuthology.orchestra.run.smithi100.stdout:/usr/bin/ceph: stderr
2024-02-10T07:41:47.890+0000 7fa3fe3d3700 1 --2- 172.21.15.100:0/2161501273 >> [v2:172.21.15.100:6800/2956339379,v1:172.21.15.100:6801/2956339379] conn(0x7fa3e0036740 0x7fa3e0038bf0 secure :-1 s=READY pgs=13 cs=0 l=1 rev1=1 crypto rx=0x7fa3ec009990 tx=0x7fa3ec006e40 comp rx=0 tx=0).stop
2024-02-10T07:41:49.115 INFO:teuthology.orchestra.run.smithi100.stdout:/usr/bin/ceph: stderr
2024-02-10T07:41:47.890+0000 7fa3fe3d3700 1 -- 172.21.15.100:0/2161501273 >> [v2:172.21.15.100:3300/0,v1:172.21.15.100:6789/0] conn(0x7fa3f8078d00 msgr2=0x7fa3f8113800 secure :-1 s=STATE_CONNECTION_ESTABLISHED l=1).mark_down
2024-02-10T07:41:49.115 INFO:teuthology.orchestra.run.smithi100.stdout:/usr/bin/ceph: stderr
2024-02-10T07:41:47.890+0000 7fa3fe3d3700 1 --2- 172.21.15.100:0/2161501273 >> [v2:172.21.15.100:3300/0,v1:172.21.15.100:6789/0] conn(0x7fa3f8078d00 0x7fa3f8113800 secure :-1 s=READY pgs=48 cs=0 l=1 rev1=1 crypto rx=0x7fa3e8006d40 tx=0x7fa3e8009250 comp rx=0 tx=0).stop
2024-02-10T07:41:49.115 INFO:teuthology.orchestra.run.smithi100.stdout:/usr/bin/ceph: stderr
2024-02-10T07:41:47.890+0000 7fa3fe3d3700 1 -- 172.21.15.100:0/2161501273 shutdown_connections
2024-02-10T07:41:49.115 INFO:teuthology.orchestra.run.smithi100.stdout:/usr/bin/ceph: stderr
2024-02-10T07:41:47.890+0000 7fa3fe3d3700 1 --2- 172.21.15.100:0/2161501273 >> [v2:172.21.15.100:6800/2956339379,v1:172.21.15.100:6801/2956339379] conn(0x7fa3e0036740 0x7fa3e0038bf0 unknown :-1 s=CLOSED pgs=13 cs=0 l=1 rev1=1 crypto rx=0 tx=0 comp rx=0 tx=0).stop
2024-02-10T07:41:49.115 INFO:teuthology.orchestra.run.smithi100.stdout:/usr/bin/ceph: stderr
2024-02-10T07:41:47.890+0000 7fa3fe3d3700 1 --2- 172.21.15.100:0/2161501273 >> [v2:172.21.15.100:3300/0,v1:172.21.15.100:6789/0] conn(0x7fa3f8078d00 0x7fa3f8113800 unknown :-1 s=CLOSED pgs=48 cs=0 l=1 rev1=1 crypto rx=0 tx=0 comp rx=0 tx=0).stop
2024-02-10T07:41:49.115 INFO:teuthology.orchestra.run.smithi100.stdout:/usr/bin/ceph: stderr
2024-02-10T07:41:47.890+0000 7fa3fe3d3700 1 -- 172.21.15.100:0/2161501273 >> 172.21.15.100:0/2161501273 conn(0x7fa3f80fded0 msgr2=0x7fa3f80ff5f0 unknown :-1 s=STATE_NONE l=0).mark_down
2024-02-10T07:41:49.116 INFO:teuthology.orchestra.run.smithi100.stdout:/usr/bin/ceph: stderr
2024-02-10T07:41:47.891+0000 7fa3fe3d3700 1 -- 172.21.15.100:0/2161501273 shutdown_connections
2024-02-10T07:41:49.116 INFO:teuthology.orchestra.run.smithi100.stdout:/usr/bin/ceph: stderr
2024-02-10T07:41:47.891+0000 7fa3fe3d3700 1 -- 172.21.15.100:0/2161501273 wait complete.
2024-02-10T07:41:49.116 INFO:teuthology.orchestra.run.smithi100.stdout:Deploying crash service with default placement...
