2024-02-10T08:38:52.991062+0000 mon.smithi146 (mon.0) 34 : audit [DBG] from='mgr.14114 172.21.15.146:0/383534028' entity='mgr.smithi146.tbhvgo' cmd=[{"prefix": "mgr metadata", "who": "smithi146.tbhvgo", "id": "smithi146.tbhvgo"}]: dispatch
2024-02-10T08:38:54.345 INFO:journalctl@ceph.mon.smithi146.smithi146.stdout:Feb 10 08:38:53 smithi146 ceph-ae5ab120-c7ef-11ee-95b8-87774f69a715-mon.smithi146[68166]: audit
2024-02-10T08:38:52.991787+0000 mon.smithi146 (mon.0) 35 : audit [DBG] from='mgr.14114 172.21.15.146:0/383534028' entity='mgr.smithi146.tbhvgo' cmd=[{"prefix": "mds metadata"}]: dispatch
2024-02-10T08:38:54.345 INFO:journalctl@ceph.mon.smithi146.smithi146.stdout:Feb 10 08:38:53 smithi146 ceph-ae5ab120-c7ef-11ee-95b8-87774f69a715-mon.smithi146[68166]: audit
2024-02-10T08:38:52.991945+0000 mon.smithi146 (mon.0) 36 : audit [DBG] from='mgr.14114 172.21.15.146:0/383534028' entity='mgr.smithi146.tbhvgo' cmd=[{"prefix": "osd metadata"}]: dispatch
2024-02-10T08:38:54.345 INFO:journalctl@ceph.mon.smithi146.smithi146.stdout:Feb 10 08:38:53 smithi146 ceph-ae5ab120-c7ef-11ee-95b8-87774f69a715-mon.smithi146[68166]: audit
2024-02-10T08:38:52.992096+0000 mon.smithi146 (mon.0) 37 : audit [DBG] from='mgr.14114 172.21.15.146:0/383534028' entity='mgr.smithi146.tbhvgo' cmd=[{"prefix": "mon metadata"}]: dispatch
2024-02-10T08:38:54.345 INFO:journalctl@ceph.mon.smithi146.smithi146.stdout:Feb 10 08:38:53 smithi146 ceph-ae5ab120-c7ef-11ee-95b8-87774f69a715-mon.smithi146[68166]: cluster
2024-02-10T08:38:53.005241+0000 mon.smithi146 (mon.0) 38 : cluster [INF] Manager daemon smithi146.tbhvgo is now available
2024-02-10T08:38:54.345 INFO:journalctl@ceph.mon.smithi146.smithi146.stdout:Feb 10 08:38:53 smithi146 ceph-ae5ab120-c7ef-11ee-95b8-87774f69a715-mon.smithi146[68166]: audit
2024-02-10T08:38:53.018561+0000 mon.smithi146 (mon.0) 39 : audit [INF] from='mgr.14114 172.21.15.146:0/383534028' entity='mgr.smithi146.tbhvgo'
2024-02-10T08:38:54.345 INFO:journalctl@ceph.mon.smithi146.smithi146.stdout:Feb 10 08:38:53 smithi146 ceph-ae5ab120-c7ef-11ee-95b8-87774f69a715-mon.smithi146[68166]: audit
2024-02-10T08:38:53.021343+0000 mon.smithi146 (mon.0) 40 : audit [INF] from='mgr.14114 172.21.15.146:0/383534028' entity='mgr.smithi146.tbhvgo'
2024-02-10T08:38:54.346 INFO:journalctl@ceph.mon.smithi146.smithi146.stdout:Feb 10 08:38:53 smithi146 ceph-ae5ab120-c7ef-11ee-95b8-87774f69a715-mon.smithi146[68166]: audit
2024-02-10T08:38:53.023929+0000 mon.smithi146 (mon.0) 41 : audit [INF] from='mgr.14114 172.21.15.146:0/383534028' entity='mgr.smithi146.tbhvgo'
2024-02-10T08:38:54.346 INFO:journalctl@ceph.mon.smithi146.smithi146.stdout:Feb 10 08:38:53 smithi146 ceph-ae5ab120-c7ef-11ee-95b8-87774f69a715-mon.smithi146[68166]: audit
2024-02-10T08:38:53.112122+0000 mon.smithi146 (mon.0) 42 : audit [INF] from='mgr.14114 172.21.15.146:0/383534028' entity='mgr.smithi146.tbhvgo'
2024-02-10T08:38:54.346 INFO:journalctl@ceph.mon.smithi146.smithi146.stdout:Feb 10 08:38:53 smithi146 ceph-ae5ab120-c7ef-11ee-95b8-87774f69a715-mon.smithi146[68166]: audit
2024-02-10T08:38:53.112772+0000 mon.smithi146 (mon.0) 43 : audit [DBG] from='mgr.14114 172.21.15.146:0/383534028' entity='mgr.smithi146.tbhvgo' cmd=[{"prefix": "config dump", "format": "json"}]: dispatch
2024-02-10T08:38:54.346 INFO:journalctl@ceph.mon.smithi146.smithi146.stdout:Feb 10 08:38:53 smithi146 ceph-ae5ab120-c7ef-11ee-95b8-87774f69a715-mon.smithi146[68166]: audit
2024-02-10T08:38:53.113870+0000 mon.smithi146 (mon.0) 44 : audit [DBG] from='mgr.14114 172.21.15.146:0/383534028' entity='mgr.smithi146.tbhvgo' cmd=[{"prefix": "config dump", "format": "json"}]: dispatch
2024-02-10T08:38:54.346 INFO:journalctl@ceph.mon.smithi146.smithi146.stdout:Feb 10 08:38:53 smithi146 ceph-ae5ab120-c7ef-11ee-95b8-87774f69a715-mon.smithi146[68166]: audit
2024-02-10T08:38:53.115564+0000 mon.smithi146 (mon.0) 45 : audit [DBG] from='mgr.14114 172.21.15.146:0/383534028' entity='mgr.smithi146.tbhvgo' cmd=[{"prefix": "config dump", "format": "json"}]: dispatch
2024-02-10T08:38:54.346 INFO:journalctl@ceph.mon.smithi146.smithi146.stdout:Feb 10 08:38:53 smithi146 ceph-ae5ab120-c7ef-11ee-95b8-87774f69a715-mon.smithi146[68166]: audit
2024-02-10T08:38:53.125958+0000 mon.smithi146 (mon.0) 46 : audit [INF] from='mgr.14114 172.21.15.146:0/383534028' entity='mgr.smithi146.tbhvgo' cmd=[{"prefix":"config rm","who":"mgr","name":"mgr/rbd_support/smithi146.tbhvgo/mirror_snapshot_schedule"}]: dispatch
2024-02-10T08:38:54.346 INFO:journalctl@ceph.mon.smithi146.smithi146.stdout:Feb 10 08:38:53 smithi146 ceph-ae5ab120-c7ef-11ee-95b8-87774f69a715-mon.smithi146[68166]: audit
2024-02-10T08:38:53.127120+0000 mon.smithi146 (mon.0) 47 : audit [INF] from='mgr.14114 172.21.15.146:0/383534028' entity='mgr.smithi146.tbhvgo' cmd=[{"prefix":"config rm","who":"mgr","name":"mgr/rbd_support/smithi146.tbhvgo/trash_purge_schedule"}]: dispatch
2024-02-10T08:38:54.615 INFO:teuthology.orchestra.run.smithi146.stderr:mgr epoch 5 is available
2024-02-10T08:38:54.615 INFO:teuthology.orchestra.run.smithi146.stderr:Setting orchestrator backend to cephadm...
2024-02-10T08:38:54.615 INFO:teuthology.orchestra.run.smithi146.stderr:Running command: /bin/podman run --rm --ipc=host --no-hosts --net=host --entrypoint /usr/bin/ceph --init -e CONTAINER_IMAGE=docker.io/ceph/ceph:v16.2.4 -e NODE_NAME=smithi146 -e CEPH_USE_RANDOM_NONCE=1 -v /var/log/ceph/ae5ab120-c7ef-11ee-95b8-87774f69a715:/var/log/ceph:z -v /tmp/ceph-tmpcls6geqq:/etc/ceph/ceph.client.admin.keyring:z -v /tmp/ceph-tmpvuq5d39g:/etc/ceph/ceph.conf:z docker.io/ceph/ceph:v16.2.4 orch set backend cephadm
2024-02-10T08:38:55.190 INFO:journalctl@ceph.mon.smithi146.smithi146.stdout:Feb 10 08:38:55 smithi146 ceph-ae5ab120-c7ef-11ee-95b8-87774f69a715-mon.smithi146[68166]: audit
2024-02-10T08:38:53.992774+0000 mgr.smithi146.tbhvgo (mgr.14114) 1 : audit [DBG] from='client.14118 -' entity='client.admin' cmd=[{"prefix": "get_command_descriptions"}]: dispatch
2024-02-10T08:38:55.190 INFO:journalctl@ceph.mon.smithi146.smithi146.stdout:Feb 10 08:38:55 smithi146 ceph-ae5ab120-c7ef-11ee-95b8-87774f69a715-mon.smithi146[68166]: cluster
2024-02-10T08:38:53.993338+0000 mon.smithi146 (mon.0) 48 : cluster [DBG] mgrmap e7: smithi146.tbhvgo(active, since 1.06024s)
2024-02-10T08:38:55.190 INFO:journalctl@ceph.mon.smithi146.smithi146.stdout:Feb 10 08:38:55 smithi146 ceph-ae5ab120-c7ef-11ee-95b8-87774f69a715-mon.smithi146[68166]: audit
2024-02-10T08:38:54.001644+0000 mgr.smithi146.tbhvgo (mgr.14114) 2 : audit [DBG] from='client.14118 -' entity='client.admin' cmd=[{"prefix": "mgr_status"}]: dispatch
2024-02-10T08:38:55.193 INFO:teuthology.orchestra.run.smithi146.stderr:/usr/bin/ceph:
2024-02-10T08:38:55.189+0000 7fc5d5cdf700 1 Processor -- start
2024-02-10T08:38:55.194 INFO:teuthology.orchestra.run.smithi146.stderr:/usr/bin/ceph:
2024-02-10T08:38:55.189+0000 7fc5d5cdf700 1 -- start start
2024-02-10T08:38:55.194 INFO:teuthology.orchestra.run.smithi146.stderr:/usr/bin/ceph:
2024-02-10T08:38:55.189+0000 7fc5d5cdf700 1 --2- >> [v2:172.21.15.146:3300/0,v1:172.21.15.146:6789/0] conn(0x7fc5d00fad90 0x7fc5d00fb1b0 unknown :-1 s=NONE pgs=0 cs=0 l=0 rev1=0 rx=0 tx=0).connect
2024-02-10T08:38:55.194 INFO:teuthology.orchestra.run.smithi146.stderr:/usr/bin/ceph:
2024-02-10T08:38:55.189+0000 7fc5d5cdf700 1 -- --> [v2:172.21.15.146:3300/0,v1:172.21.15.146:6789/0] -- mon_getmap magic: 0 v1 -- 0x7fc5d00fb6a0 con 0x7fc5d00fad90
2024-02-10T08:38:55.194 INFO:teuthology.orchestra.run.smithi146.stderr:/usr/bin/ceph:
2024-02-10T08:38:55.189+0000 7fc5cf7fe700 1 --2- >> [v2:172.21.15.146:3300/0,v1:172.21.15.146:6789/0] conn(0x7fc5d00fad90 0x7fc5d00fb1b0 unknown :-1 s=BANNER_CONNECTING pgs=0 cs=0 l=0 rev1=0 rx=0 tx=0)._handle_peer_banner_payload supported=1 required=0
2024-02-10T08:38:55.194 INFO:teuthology.orchestra.run.smithi146.stderr:/usr/bin/ceph:
2024-02-10T08:38:55.190+0000 7fc5cf7fe700 1 --2- >> [v2:172.21.15.146:3300/0,v1:172.21.15.146:6789/0] conn(0x7fc5d00fad90 0x7fc5d00fb1b0 unknown :-1 s=HELLO_CONNECTING pgs=0 cs=0 l=0 rev1=1 rx=0 tx=0).handle_hello peer v2:172.21.15.146:3300/0 says I am v2:172.21.15.146:49636/0 (socket says 172.21.15.146:49636)
2024-02-10T08:38:55.194 INFO:teuthology.orchestra.run.smithi146.stderr:/usr/bin/ceph:
2024-02-10T08:38:55.190+0000 7fc5cf7fe700 1 -- 172.21.15.146:0/1580047757 learned_addr learned my addr 172.21.15.146:0/1580047757 (peer_addr_for_me v2:172.21.15.146:0/0)
2024-02-10T08:38:55.194 INFO:teuthology.orchestra.run.smithi146.stderr:/usr/bin/ceph:
2024-02-10T08:38:55.190+0000 7fc5cf7fe700 1 -- 172.21.15.146:0/1580047757 --> [v2:172.21.15.146:3300/0,v1:172.21.15.146:6789/0] -- mon_subscribe({config=0+,monmap=0+}) v3 -- 0x7fc5d00fb7e0 con 0x7fc5d00fad90
2024-02-10T08:38:55.194 INFO:teuthology.orchestra.run.smithi146.stderr:/usr/bin/ceph:
2024-02-10T08:38:55.190+0000 7fc5cf7fe700 1 --2- 172.21.15.146:0/1580047757 >> [v2:172.21.15.146:3300/0,v1:172.21.15.146:6789/0] conn(0x7fc5d00fad90 0x7fc5d00fb1b0 secure :-1 s=READY pgs=29 cs=0 l=1 rev1=1 rx=0x7fc5c400b5f0 tx=0x7fc5c4006ee0).ready entity=mon.0 client_cookie=8bf0c7f729ef8d7c server_cookie=0 in_seq=0 out_seq=0
2024-02-10T08:38:55.194 INFO:teuthology.orchestra.run.smithi146.stderr:/usr/bin/ceph:
2024-02-10T08:38:55.190+0000 7fc5ce7fc700 1 -- 172.21.15.146:0/1580047757 <== mon.0 v2:172.21.15.146:3300/0 1 ==== mon_map magic: 0 v1 ==== 229+0+0 (secure 0 0 0) 0x7fc5c400d600 con 0x7fc5d00fad90
2024-02-10T08:38:55.194 INFO:teuthology.orchestra.run.smithi146.stderr:/usr/bin/ceph:
2024-02-10T08:38:55.190+0000 7fc5ce7fc700 1 -- 172.21.15.146:0/1580047757 <== mon.0 v2:172.21.15.146:3300/0 2 ==== config(26 keys) v1 ==== 1045+0+0 (secure 0 0 0) 0x7fc5c400dbf0 con 0x7fc5d00fad90
2024-02-10T08:38:55.194 INFO:teuthology.orchestra.run.smithi146.stderr:/usr/bin/ceph:
2024-02-10T08:38:55.190+0000 7fc5ce7fc700 1 -- 172.21.15.146:0/1580047757 <== mon.0 v2:172.21.15.146:3300/0 3 ==== mon_map magic: 0 v1 ==== 229+0+0 (secure 0 0 0) 0x7fc5c4011cb0 con 0x7fc5d00fad90
2024-02-10T08:38:55.194 INFO:teuthology.orchestra.run.smithi146.stderr:/usr/bin/ceph:
2024-02-10T08:38:55.191+0000 7fc5d5cdf700 1 -- 172.21.15.146:0/1580047757 >> [v2:172.21.15.146:3300/0,v1:172.21.15.146:6789/0] conn(0x7fc5d00fad90 msgr2=0x7fc5d00fb1b0 secure :-1 s=STATE_CONNECTION_ESTABLISHED l=1).mark_down
2024-02-10T08:38:55.194 INFO:teuthology.orchestra.run.smithi146.stderr:/usr/bin/ceph:
2024-02-10T08:38:55.191+0000 7fc5d5cdf700 1 --2- 172.21.15.146:0/1580047757 >> [v2:172.21.15.146:3300/0,v1:172.21.15.146:6789/0] conn(0x7fc5d00fad90 0x7fc5d00fb1b0 secure :-1 s=READY pgs=29 cs=0 l=1 rev1=1 rx=0x7fc5c400b5f0 tx=0x7fc5c4006ee0).stop
2024-02-10T08:38:55.195 INFO:teuthology.orchestra.run.smithi146.stderr:/usr/bin/ceph:
2024-02-10T08:38:55.191+0000 7fc5d5cdf700 1 -- 172.21.15.146:0/1580047757 shutdown_connections
2024-02-10T08:38:55.195 INFO:teuthology.orchestra.run.smithi146.stderr:/usr/bin/ceph:
2024-02-10T08:38:55.191+0000 7fc5d5cdf700 1 --2- 172.21.15.146:0/1580047757 >> [v2:172.21.15.146:3300/0,v1:172.21.15.146:6789/0] conn(0x7fc5d00fad90 0x7fc5d00fb1b0 unknown :-1 s=CLOSED pgs=29 cs=0 l=1 rev1=1 rx=0 tx=0).stop
2024-02-10T08:38:55.195 INFO:teuthology.orchestra.run.smithi146.stderr:/usr/bin/ceph:
2024-02-10T08:38:55.191+0000 7fc5d5cdf700 1 -- 172.21.15.146:0/1580047757 >> 172.21.15.146:0/1580047757 conn(0x7fc5d00f6530 msgr2=0x7fc5d00f8950 unknown :-1 s=STATE_NONE l=0).mark_down
2024-02-10T08:38:55.195 INFO:teuthology.orchestra.run.smithi146.stderr:/usr/bin/ceph:
2024-02-10T08:38:55.191+0000 7fc5d5cdf700 1 -- 172.21.15.146:0/1580047757 shutdown_connections
2024-02-10T08:38:55.195 INFO:teuthology.orchestra.run.smithi146.stderr:/usr/bin/ceph:
2024-02-10T08:38:55.191+0000 7fc5d5cdf700 1 -- 172.21.15.146:0/1580047757 wait complete.
2024-02-10T08:38:55.195 INFO:teuthology.orchestra.run.smithi146.stderr:/usr/bin/ceph:
2024-02-10T08:38:55.191+0000 7fc5d5cdf700 1 Processor -- start
2024-02-10T08:38:55.195 INFO:teuthology.orchestra.run.smithi146.stderr:/usr/bin/ceph:
2024-02-10T08:38:55.192+0000 7fc5d5cdf700 1 -- start start
2024-02-10T08:38:55.195 INFO:teuthology.orchestra.run.smithi146.stderr:/usr/bin/ceph:
2024-02-10T08:38:55.192+0000 7fc5d5cdf700 1 --2- >> [v2:172.21.15.146:3300/0,v1:172.21.15.146:6789/0] conn(0x7fc5d00fad90 0x7fc5d0109a00 unknown :-1 s=NONE pgs=0 cs=0 l=1 rev1=0 rx=0 tx=0).connect
2024-02-10T08:38:55.195 INFO:teuthology.orchestra.run.smithi146.stderr:/usr/bin/ceph:
2024-02-10T08:38:55.192+0000 7fc5d5cdf700 1 -- --> [v2:172.21.15.146:3300/0,v1:172.21.15.146:6789/0] -- mon_getmap magic: 0 v1 -- 0x7fc5d0109ef0 con 0x7fc5d00fad90
2024-02-10T08:38:55.195 INFO:teuthology.orchestra.run.smithi146.stderr:/usr/bin/ceph:
2024-02-10T08:38:55.192+0000 7fc5cf7fe700 1 --2- >> [v2:172.21.15.146:3300/0,v1:172.21.15.146:6789/0] conn(0x7fc5d00fad90 0x7fc5d0109a00 unknown :-1 s=BANNER_CONNECTING pgs=0 cs=0 l=1 rev1=0 rx=0 tx=0)._handle_peer_banner_payload supported=1 required=0
2024-02-10T08:38:55.195 INFO:teuthology.orchestra.run.smithi146.stderr:/usr/bin/ceph:
2024-02-10T08:38:55.192+0000 7fc5cf7fe700 1 --2- >> [v2:172.21.15.146:3300/0,v1:172.21.15.146:6789/0] conn(0x7fc5d00fad90 0x7fc5d0109a00 unknown :-1 s=HELLO_CONNECTING pgs=0 cs=0 l=1 rev1=1 rx=0 tx=0).handle_hello peer v2:172.21.15.146:3300/0 says I am v2:172.21.15.146:49652/0 (socket says 172.21.15.146:49652)
2024-02-10T08:38:55.195 INFO:teuthology.orchestra.run.smithi146.stderr:/usr/bin/ceph:
2024-02-10T08:38:55.192+0000 7fc5cf7fe700 1 -- 172.21.15.146:0/4151193396 learned_addr learned my addr 172.21.15.146:0/4151193396 (peer_addr_for_me v2:172.21.15.146:0/0)
2024-02-10T08:38:55.195 INFO:teuthology.orchestra.run.smithi146.stderr:/usr/bin/ceph:
2024-02-10T08:38:55.192+0000 7fc5cf7fe700 1 -- 172.21.15.146:0/4151193396 --> [v2:172.21.15.146:3300/0,v1:172.21.15.146:6789/0] -- mon_subscribe({config=0+,monmap=0+}) v3 -- 0x7fc5c400b200 con 0x7fc5d00fad90
2024-02-10T08:38:55.195 INFO:teuthology.orchestra.run.smithi146.stderr:/usr/bin/ceph:
2024-02-10T08:38:55.192+0000 7fc5cf7fe700 1 --2- 172.21.15.146:0/4151193396 >> [v2:172.21.15.146:3300/0,v1:172.21.15.146:6789/0] conn(0x7fc5d00fad90 0x7fc5d0109a00 secure :-1 s=READY pgs=30 cs=0 l=1 rev1=1 rx=0x7fc5c4011ea0 tx=0x7fc5c4006ee0).ready entity=mon.0 client_cookie=0 server_cookie=0 in_seq=0 out_seq=0
2024-02-10T08:38:55.195 INFO:teuthology.orchestra.run.smithi146.stderr:/usr/bin/ceph:
2024-02-10T08:38:55.193+0000 7fc5b7fff700 1 -- 172.21.15.146:0/4151193396 <== mon.0 v2:172.21.15.146:3300/0 1 ==== mon_map magic: 0 v1 ==== 229+0+0 (secure 0 0 0) 0x7fc5c401b570 con 0x7fc5d00fad90
2024-02-10T08:38:55.196 INFO:teuthology.orchestra.run.smithi146.stderr:/usr/bin/ceph:
2024-02-10T08:38:55.193+0000 7fc5b7fff700 1 -- 172.21.15.146:0/4151193396 <== mon.0 v2:172.21.15.146:3300/0 2 ==== config(26 keys) v1 ==== 1045+0+0 (secure 0 0 0) 0x7fc5c401bb60 con 0x7fc5d00fad90
2024-02-10T08:38:55.196 INFO:teuthology.orchestra.run.smithi146.stderr:/usr/bin/ceph:
2024-02-10T08:38:55.193+0000 7fc5d5cdf700 1 -- 172.21.15.146:0/4151193396 --> [v2:172.21.15.146:3300/0,v1:172.21.15.146:6789/0] -- mon_subscribe({mgrmap=0+}) v3 -- 0x7fc5d010a0f0 con 0x7fc5d00fad90
2024-02-10T08:38:55.196 INFO:teuthology.orchestra.run.smithi146.stderr:/usr/bin/ceph:
2024-02-10T08:38:55.193+0000 7fc5b7fff700 1 -- 172.21.15.146:0/4151193396 <== mon.0 v2:172.21.15.146:3300/0 3 ==== mon_map magic: 0 v1 ==== 229+0+0 (secure 0 0 0) 0x7fc5c401a8d0 con 0x7fc5d00fad90
2024-02-10T08:38:55.196 INFO:teuthology.orchestra.run.smithi146.stderr:/usr/bin/ceph:
2024-02-10T08:38:55.193+0000 7fc5d5cdf700 1 -- 172.21.15.146:0/4151193396 --> [v2:172.21.15.146:3300/0,v1:172.21.15.146:6789/0] -- mon_subscribe({osdmap=0}) v3 -- 0x7fc5d010a580 con 0x7fc5d00fad90
2024-02-10T08:38:55.197 INFO:teuthology.orchestra.run.smithi146.stderr:/usr/bin/ceph:
2024-02-10T08:38:55.194+0000 7fc5d5cdf700 1 -- 172.21.15.146:0/4151193396 --> [v2:172.21.15.146:3300/0,v1:172.21.15.146:6789/0] -- mon_command({"prefix": "get_command_descriptions"} v 0) v1 -- 0x7fc5d0045ad0 con 0x7fc5d00fad90
2024-02-10T08:38:55.197 INFO:teuthology.orchestra.run.smithi146.stderr:/usr/bin/ceph:
2024-02-10T08:38:55.194+0000 7fc5b7fff700 1 -- 172.21.15.146:0/4151193396 <== mon.0 v2:172.21.15.146:3300/0 4 ==== mgrmap(e 8) v1 ==== 36120+0+0 (secure 0 0 0) 0x7fc5c400f070 con 0x7fc5d00fad90
2024-02-10T08:38:55.197 INFO:teuthology.orchestra.run.smithi146.stderr:/usr/bin/ceph:
2024-02-10T08:38:55.194+0000 7fc5b7fff700 1 --2- 172.21.15.146:0/4151193396 >> [v2:172.21.15.146:6800/2322532962,v1:172.21.15.146:6801/2322532962] conn(0x7fc5bc02fe10 0x7fc5bc0322d0 unknown :-1 s=NONE pgs=0 cs=0 l=1 rev1=0 rx=0 tx=0).connect
2024-02-10T08:38:55.197 INFO:teuthology.orchestra.run.smithi146.stderr:/usr/bin/ceph:
2024-02-10T08:38:55.194+0000 7fc5b7fff700 1 -- 172.21.15.146:0/4151193396 <== mon.0 v2:172.21.15.146:3300/0 5 ==== osd_map(2..2 src has 1..2) v4 ==== 926+0+0 (secure 0 0 0) 0x7fc5c4041470 con 0x7fc5d00fad90
2024-02-10T08:38:55.197 INFO:teuthology.orchestra.run.smithi146.stderr:/usr/bin/ceph:
2024-02-10T08:38:55.194+0000 7fc5ceffd700 1 --2- 172.21.15.146:0/4151193396 >> [v2:172.21.15.146:6800/2322532962,v1:172.21.15.146:6801/2322532962] conn(0x7fc5bc02fe10 0x7fc5bc0322d0 unknown :-1 s=BANNER_CONNECTING pgs=0 cs=0 l=1 rev1=0 rx=0 tx=0)._handle_peer_banner_payload supported=1 required=0
2024-02-10T08:38:55.197 INFO:teuthology.orchestra.run.smithi146.stderr:/usr/bin/ceph:
2024-02-10T08:38:55.195+0000 7fc5ceffd700 1 --2- 172.21.15.146:0/4151193396 >> [v2:172.21.15.146:6800/2322532962,v1:172.21.15.146:6801/2322532962] conn(0x7fc5bc02fe10 0x7fc5bc0322d0 secure :-1 s=READY pgs=6 cs=0 l=1 rev1=1 rx=0x7fc5c00096a0 tx=0x7fc5c0006b40).ready entity=mgr.14114 client_cookie=0 server_cookie=0 in_seq=0 out_seq=0
2024-02-10T08:38:55.199 INFO:teuthology.orchestra.run.smithi146.stderr:/usr/bin/ceph:
2024-02-10T08:38:55.198+0000 7fc5b7fff700 1 -- 172.21.15.146:0/4151193396 <== mon.0 v2:172.21.15.146:3300/0 6 ==== mon_command_ack([{"prefix": "get_command_descriptions"}]=0 v0) v1 ==== 72+0+152212 (secure 0 0 0) 0x7fc5c40224f0 con 0x7fc5d00fad90
2024-02-10T08:38:55.378 INFO:teuthology.orchestra.run.smithi146.stderr:/usr/bin/ceph:
2024-02-10T08:38:55.377+0000 7fc5d5cdf700 1 -- 172.21.15.146:0/4151193396 --> [v2:172.21.15.146:6800/2322532962,v1:172.21.15.146:6801/2322532962] -- mgr_command(tid 0: {"prefix": "orch set backend", "module_name": "cephadm", "target": ["mon-mgr", ""]}) v1 -- 0x7fc5d010aea0 con 0x7fc5bc02fe10
2024-02-10T08:38:55.382 INFO:teuthology.orchestra.run.smithi146.stderr:/usr/bin/ceph:
2024-02-10T08:38:55.382+0000 7fc5b7fff700 1 -- 172.21.15.146:0/4151193396 <== mgr.14114 v2:172.21.15.146:6800/2322532962 1 ==== mgr_command_reply(tid 0: 0 ) v1 ==== 8+0+0 (secure 0 0 0) 0x7fc5d010aea0 con 0x7fc5bc02fe10
2024-02-10T08:38:55.385 INFO:teuthology.orchestra.run.smithi146.stderr:/usr/bin/ceph:
2024-02-10T08:38:55.384+0000 7fc5d5cdf700 1 -- 172.21.15.146:0/4151193396 >> [v2:172.21.15.146:6800/2322532962,v1:172.21.15.146:6801/2322532962] conn(0x7fc5bc02fe10 msgr2=0x7fc5bc0322d0 secure :-1 s=STATE_CONNECTION_ESTABLISHED l=1).mark_down
2024-02-10T08:38:55.385 INFO:teuthology.orchestra.run.smithi146.stderr:/usr/bin/ceph:
2024-02-10T08:38:55.384+0000 7fc5d5cdf700 1 --2- 172.21.15.146:0/4151193396 >> [v2:172.21.15.146:6800/2322532962,v1:172.21.15.146:6801/2322532962] conn(0x7fc5bc02fe10 0x7fc5bc0322d0 secure :-1 s=READY pgs=6 cs=0 l=1 rev1=1 rx=0x7fc5c00096a0 tx=0x7fc5c0006b40).stop
2024-02-10T08:38:55.385 INFO:teuthology.orchestra.run.smithi146.stderr:/usr/bin/ceph:
2024-02-10T08:38:55.384+0000 7fc5d5cdf700 1 -- 172.21.15.146:0/4151193396 >> [v2:172.21.15.146:3300/0,v1:172.21.15.146:6789/0] conn(0x7fc5d00fad90 msgr2=0x7fc5d0109a00 secure :-1 s=STATE_CONNECTION_ESTABLISHED l=1).mark_down
2024-02-10T08:38:55.386 INFO:teuthology.orchestra.run.smithi146.stderr:/usr/bin/ceph:
2024-02-10T08:38:55.384+0000 7fc5d5cdf700 1 --2- 172.21.15.146:0/4151193396 >> [v2:172.21.15.146:3300/0,v1:172.21.15.146:6789/0] conn(0x7fc5d00fad90 0x7fc5d0109a00 secure :-1 s=READY pgs=30 cs=0 l=1 rev1=1 rx=0x7fc5c4011ea0 tx=0x7fc5c4006ee0).stop
2024-02-10T08:38:55.386 INFO:teuthology.orchestra.run.smithi146.stderr:/usr/bin/ceph:
2024-02-10T08:38:55.384+0000 7fc5d5cdf700 1 -- 172.21.15.146:0/4151193396 shutdown_connections
2024-02-10T08:38:55.386 INFO:teuthology.orchestra.run.smithi146.stderr:/usr/bin/ceph:
2024-02-10T08:38:55.384+0000 7fc5d5cdf700 1 --2- 172.21.15.146:0/4151193396 >> [v2:172.21.15.146:6800/2322532962,v1:172.21.15.146:6801/2322532962] conn(0x7fc5bc02fe10 0x7fc5bc0322d0 unknown :-1 s=CLOSED pgs=6 cs=0 l=1 rev1=1 rx=0 tx=0).stop
2024-02-10T08:38:55.386 INFO:teuthology.orchestra.run.smithi146.stderr:/usr/bin/ceph:
2024-02-10T08:38:55.384+0000 7fc5d5cdf700 1 --2- 172.21.15.146:0/4151193396 >> [v2:172.21.15.146:3300/0,v1:172.21.15.146:6789/0] conn(0x7fc5d00fad90 0x7fc5d0109a00 unknown :-1 s=CLOSED pgs=30 cs=0 l=1 rev1=1 rx=0 tx=0).stop
2024-02-10T08:38:55.386 INFO:teuthology.orchestra.run.smithi146.stderr:/usr/bin/ceph:
2024-02-10T08:38:55.384+0000 7fc5d5cdf700 1 -- 172.21.15.146:0/4151193396 >> 172.21.15.146:0/4151193396 conn(0x7fc5d00f6530 msgr2=0x7fc5d00f7f30 unknown :-1 s=STATE_NONE l=0).mark_down
2024-02-10T08:38:55.386 INFO:teuthology.orchestra.run.smithi146.stderr:/usr/bin/ceph:
2024-02-10T08:38:55.384+0000 7fc5d5cdf700 1 -- 172.21.15.146:0/4151193396 shutdown_connections
2024-02-10T08:38:55.386 INFO:teuthology.orchestra.run.smithi146.stderr:/usr/bin/ceph:
2024-02-10T08:38:55.384+0000 7fc5d5cdf700 1 -- 172.21.15.146:0/4151193396 wait complete.
2024-02-10T08:38:55.962 INFO:teuthology.orchestra.run.smithi146.stderr:Running command: /bin/podman run --rm --ipc=host --no-hosts --net=host --entrypoint /usr/bin/ceph --init -e CONTAINER_IMAGE=docker.io/ceph/ceph:v16.2.4 -e NODE_NAME=smithi146 -e CEPH_USE_RANDOM_NONCE=1 -v /var/log/ceph/ae5ab120-c7ef-11ee-95b8-87774f69a715:/var/log/ceph:z -v /tmp/ceph-tmpcls6geqq:/etc/ceph/ceph.client.admin.keyring:z -v /tmp/ceph-tmpvuq5d39g:/etc/ceph/ceph.conf:z docker.io/ceph/ceph:v16.2.4 cephadm set-user root
2024-02-10T08:38:56.225 INFO:journalctl@ceph.mon.smithi146.smithi146.stdout:Feb 10 08:38:56 smithi146 ceph-ae5ab120-c7ef-11ee-95b8-87774f69a715-mon.smithi146[68166]: cluster
2024-02-10T08:38:54.996979+0000 mon.smithi146 (mon.0) 49 : cluster [DBG] mgrmap e8: smithi146.tbhvgo(active, since 2s)
2024-02-10T08:38:56.225 INFO:journalctl@ceph.mon.smithi146.smithi146.stdout:Feb 10 08:38:56 smithi146 ceph-ae5ab120-c7ef-11ee-95b8-87774f69a715-mon.smithi146[68166]: audit
2024-02-10T08:38:55.382520+0000 mon.smithi146 (mon.0) 50 : audit [INF] from='mgr.14114 172.21.15.146:0/383534028' entity='mgr.smithi146.tbhvgo'
2024-02-10T08:38:56.225 INFO:journalctl@ceph.mon.smithi146.smithi146.stdout:Feb 10 08:38:56 smithi146 ceph-ae5ab120-c7ef-11ee-95b8-87774f69a715-mon.smithi146[68166]: audit
2024-02-10T08:38:55.386210+0000 mon.smithi146 (mon.0) 51 : audit [DBG] from='mgr.14114 172.21.15.146:0/383534028' entity='mgr.smithi146.tbhvgo' cmd=[{"prefix": "config dump", "format": "json"}]: dispatch
2024-02-10T08:38:56.528 INFO:teuthology.orchestra.run.smithi146.stderr:/usr/bin/ceph:
2024-02-10T08:38:56.523+0000 7f02c22b8700 1 Processor -- start
2024-02-10T08:38:56.528 INFO:teuthology.orchestra.run.smithi146.stderr:/usr/bin/ceph:
2024-02-10T08:38:56.523+0000 7f02c22b8700 1 -- start start
2024-02-10T08:38:56.528 INFO:teuthology.orchestra.run.smithi146.stderr:/usr/bin/ceph:
2024-02-10T08:38:56.523+0000 7f02c22b8700 1 --2- >> [v2:172.21.15.146:3300/0,v1:172.21.15.146:6789/0] conn(0x7f02bc0fbea0 0x7f02bc0fc2c0 unknown :-1 s=NONE pgs=0 cs=0 l=0 rev1=0 rx=0 tx=0).connect
2024-02-10T08:38:56.528 INFO:teuthology.orchestra.run.smithi146.stderr:/usr/bin/ceph:
2024-02-10T08:38:56.523+0000 7f02c22b8700 1 -- --> [v2:172.21.15.146:3300/0,v1:172.21.15.146:6789/0] -- mon_getmap magic: 0 v1 -- 0x7f02bc0fc7b0 con 0x7f02bc0fbea0
2024-02-10T08:38:56.528 INFO:teuthology.orchestra.run.smithi146.stderr:/usr/bin/ceph:
2024-02-10T08:38:56.524+0000 7f02bbfff700 1 --2- >> [v2:172.21.15.146:3300/0,v1:172.21.15.146:6789/0] conn(0x7f02bc0fbea0 0x7f02bc0fc2c0 unknown :-1 s=BANNER_CONNECTING pgs=0 cs=0 l=0 rev1=0 rx=0 tx=0)._handle_peer_banner_payload supported=1 required=0
2024-02-10T08:38:56.528 INFO:teuthology.orchestra.run.smithi146.stderr:/usr/bin/ceph:
2024-02-10T08:38:56.524+0000 7f02bbfff700 1 --2- >> [v2:172.21.15.146:3300/0,v1:172.21.15.146:6789/0] conn(0x7f02bc0fbea0 0x7f02bc0fc2c0 unknown :-1 s=HELLO_CONNECTING pgs=0 cs=0 l=0 rev1=1 rx=0 tx=0).handle_hello peer v2:172.21.15.146:3300/0 says I am v2:172.21.15.146:49666/0 (socket says 172.21.15.146:49666)
2024-02-10T08:38:56.528 INFO:teuthology.orchestra.run.smithi146.stderr:/usr/bin/ceph:
2024-02-10T08:38:56.524+0000 7f02bbfff700 1 -- 172.21.15.146:0/1256258600 learned_addr learned my addr 172.21.15.146:0/1256258600 (peer_addr_for_me v2:172.21.15.146:0/0)
2024-02-10T08:38:56.528 INFO:teuthology.orchestra.run.smithi146.stderr:/usr/bin/ceph:
2024-02-10T08:38:56.524+0000 7f02bbfff700 1 -- 172.21.15.146:0/1256258600 --> [v2:172.21.15.146:3300/0,v1:172.21.15.146:6789/0] -- mon_subscribe({config=0+,monmap=0+}) v3 -- 0x7f02bc0fc8f0 con 0x7f02bc0fbea0
2024-02-10T08:38:56.528 INFO:teuthology.orchestra.run.smithi146.stderr:/usr/bin/ceph:
2024-02-10T08:38:56.524+0000 7f02bbfff700 1 --2- 172.21.15.146:0/1256258600 >> [v2:172.21.15.146:3300/0,v1:172.21.15.146:6789/0] conn(0x7f02bc0fbea0 0x7f02bc0fc2c0 secure :-1 s=READY pgs=31 cs=0 l=1 rev1=1 rx=0x7f02ac00b5f0 tx=0x7f02ac006ee0).ready entity=mon.0 client_cookie=2800d7e6feba4a1b server_cookie=0 in_seq=0 out_seq=0
2024-02-10T08:38:56.528 INFO:teuthology.orchestra.run.smithi146.stderr:/usr/bin/ceph:
2024-02-10T08:38:56.524+0000 7f02baffd700 1 -- 172.21.15.146:0/1256258600 <== mon.0 v2:172.21.15.146:3300/0 1 ==== mon_map magic: 0 v1 ==== 229+0+0 (secure 0 0 0) 0x7f02ac00d600 con 0x7f02bc0fbea0
2024-02-10T08:38:56.529 INFO:teuthology.orchestra.run.smithi146.stderr:/usr/bin/ceph:
2024-02-10T08:38:56.524+0000 7f02baffd700 1 -- 172.21.15.146:0/1256258600 <== mon.0 v2:172.21.15.146:3300/0 2 ==== config(26 keys) v1 ==== 1045+0+0 (secure 0 0 0) 0x7f02ac00dbf0 con 0x7f02bc0fbea0
2024-02-10T08:38:56.529 INFO:teuthology.orchestra.run.smithi146.stderr:/usr/bin/ceph:
2024-02-10T08:38:56.524+0000 7f02baffd700 1 -- 172.21.15.146:0/1256258600 <== mon.0 v2:172.21.15.146:3300/0 3 ==== mon_map magic: 0 v1 ==== 229+0+0 (secure 0 0 0) 0x7f02ac011cb0 con 0x7f02bc0fbea0
2024-02-10T08:38:56.529 INFO:teuthology.orchestra.run.smithi146.stderr:/usr/bin/ceph:
2024-02-10T08:38:56.525+0000 7f02c22b8700 1 -- 172.21.15.146:0/1256258600 >> [v2:172.21.15.146:3300/0,v1:172.21.15.146:6789/0] conn(0x7f02bc0fbea0 msgr2=0x7f02bc0fc2c0 secure :-1 s=STATE_CONNECTION_ESTABLISHED l=1).mark_down
2024-02-10T08:38:56.529 INFO:teuthology.orchestra.run.smithi146.stderr:/usr/bin/ceph:
2024-02-10T08:38:56.525+0000 7f02c22b8700 1 --2- 172.21.15.146:0/1256258600 >> [v2:172.21.15.146:3300/0,v1:172.21.15.146:6789/0] conn(0x7f02bc0fbea0 0x7f02bc0fc2c0 secure :-1 s=READY pgs=31 cs=0 l=1 rev1=1 rx=0x7f02ac00b5f0 tx=0x7f02ac006ee0).stop
2024-02-10T08:38:56.529 INFO:teuthology.orchestra.run.smithi146.stderr:/usr/bin/ceph:
2024-02-10T08:38:56.525+0000 7f02c22b8700 1 -- 172.21.15.146:0/1256258600 shutdown_connections
2024-02-10T08:38:56.529 INFO:teuthology.orchestra.run.smithi146.stderr:/usr/bin/ceph:
2024-02-10T08:38:56.525+0000 7f02c22b8700 1 --2- 172.21.15.146:0/1256258600 >> [v2:172.21.15.146:3300/0,v1:172.21.15.146:6789/0] conn(0x7f02bc0fbea0 0x7f02bc0fc2c0 unknown :-1 s=CLOSED pgs=31 cs=0 l=1 rev1=1 rx=0 tx=0).stop
2024-02-10T08:38:56.529 INFO:teuthology.orchestra.run.smithi146.stderr:/usr/bin/ceph:
2024-02-10T08:38:56.525+0000 7f02c22b8700 1 -- 172.21.15.146:0/1256258600 >> 172.21.15.146:0/1256258600 conn(0x7f02bc0f76a0 msgr2=0x7f02bc0f9ac0 unknown :-1 s=STATE_NONE l=0).mark_down
2024-02-10T08:38:56.529 INFO:teuthology.orchestra.run.smithi146.stderr:/usr/bin/ceph:
2024-02-10T08:38:56.525+0000 7f02c22b8700 1 -- 172.21.15.146:0/1256258600 shutdown_connections
2024-02-10T08:38:56.529 INFO:teuthology.orchestra.run.smithi146.stderr:/usr/bin/ceph:
2024-02-10T08:38:56.525+0000 7f02c22b8700 1 -- 172.21.15.146:0/1256258600 wait complete.
2024-02-10T08:38:56.529 INFO:teuthology.orchestra.run.smithi146.stderr:/usr/bin/ceph:
2024-02-10T08:38:56.525+0000 7f02c22b8700 1 Processor -- start
2024-02-10T08:38:56.529 INFO:teuthology.orchestra.run.smithi146.stderr:/usr/bin/ceph:
2024-02-10T08:38:56.526+0000 7f02c22b8700 1 -- start start
2024-02-10T08:38:56.529 INFO:teuthology.orchestra.run.smithi146.stderr:/usr/bin/ceph:
2024-02-10T08:38:56.526+0000 7f02c22b8700 1 --2- >> [v2:172.21.15.146:3300/0,v1:172.21.15.146:6789/0] conn(0x7f02bc0fbea0 0x7f02bc10ab90 unknown :-1 s=NONE pgs=0 cs=0 l=1 rev1=0 rx=0 tx=0).connect
2024-02-10T08:38:56.529 INFO:teuthology.orchestra.run.smithi146.stderr:/usr/bin/ceph:
2024-02-10T08:38:56.526+0000 7f02c22b8700 1 -- --> [v2:172.21.15.146:3300/0,v1:172.21.15.146:6789/0] -- mon_getmap magic: 0 v1 -- 0x7f02bc10b080 con 0x7f02bc0fbea0
2024-02-10T08:38:56.529 INFO:teuthology.orchestra.run.smithi146.stderr:/usr/bin/ceph:
2024-02-10T08:38:56.526+0000 7f02bbfff700 1 --2- >> [v2:172.21.15.146:3300/0,v1:172.21.15.146:6789/0] conn(0x7f02bc0fbea0 0x7f02bc10ab90 unknown :-1 s=BANNER_CONNECTING pgs=0 cs=0 l=1 rev1=0 rx=0 tx=0)._handle_peer_banner_payload supported=1 required=0
2024-02-10T08:38:56.530 INFO:teuthology.orchestra.run.smithi146.stderr:/usr/bin/ceph:
2024-02-10T08:38:56.526+0000 7f02bbfff700 1 --2- >> [v2:172.21.15.146:3300/0,v1:172.21.15.146:6789/0] conn(0x7f02bc0fbea0 0x7f02bc10ab90 unknown :-1 s=HELLO_CONNECTING pgs=0 cs=0 l=1 rev1=1 rx=0 tx=0).handle_hello peer v2:172.21.15.146:3300/0 says I am v2:172.21.15.146:49674/0 (socket says 172.21.15.146:49674)
2024-02-10T08:38:56.530 INFO:teuthology.orchestra.run.smithi146.stderr:/usr/bin/ceph:
2024-02-10T08:38:56.526+0000 7f02bbfff700 1 -- 172.21.15.146:0/3718893765 learned_addr learned my addr 172.21.15.146:0/3718893765 (peer_addr_for_me v2:172.21.15.146:0/0)
2024-02-10T08:38:56.530 INFO:teuthology.orchestra.run.smithi146.stderr:/usr/bin/ceph:
2024-02-10T08:38:56.526+0000 7f02bbfff700 1 -- 172.21.15.146:0/3718893765 --> [v2:172.21.15.146:3300/0,v1:172.21.15.146:6789/0] -- mon_subscribe({config=0+,monmap=0+}) v3 -- 0x7f02ac00b200 con 0x7f02bc0fbea0
2024-02-10T08:38:56.530 INFO:teuthology.orchestra.run.smithi146.stderr:/usr/bin/ceph:
2024-02-10T08:38:56.526+0000 7f02bbfff700 1 --2- 172.21.15.146:0/3718893765 >> [v2:172.21.15.146:3300/0,v1:172.21.15.146:6789/0] conn(0x7f02bc0fbea0 0x7f02bc10ab90 secure :-1 s=READY pgs=32 cs=0 l=1 rev1=1 rx=0x7f02ac00bf40 tx=0x7f02ac006ee0).ready entity=mon.0 client_cookie=0 server_cookie=0 in_seq=0 out_seq=0
2024-02-10T08:38:56.530 INFO:teuthology.orchestra.run.smithi146.stderr:/usr/bin/ceph:
2024-02-10T08:38:56.526+0000 7f02b8ff9700 1 -- 172.21.15.146:0/3718893765 <== mon.0 v2:172.21.15.146:3300/0 1 ==== mon_map magic: 0 v1 ==== 229+0+0 (secure 0 0 0) 0x7f02ac01b570 con 0x7f02bc0fbea0
2024-02-10T08:38:56.530 INFO:teuthology.orchestra.run.smithi146.stderr:/usr/bin/ceph:
2024-02-10T08:38:56.527+0000 7f02c22b8700 1 -- 172.21.15.146:0/3718893765 --> [v2:172.21.15.146:3300/0,v1:172.21.15.146:6789/0] -- mon_subscribe({mgrmap=0+}) v3 -- 0x7f02bc10b280 con 0x7f02bc0fbea0
2024-02-10T08:38:56.530 INFO:teuthology.orchestra.run.smithi146.stderr:/usr/bin/ceph:
2024-02-10T08:38:56.527+0000 7f02b8ff9700 1 -- 172.21.15.146:0/3718893765 <== mon.0 v2:172.21.15.146:3300/0 2 ==== config(26 keys) v1 ==== 1045+0+0 (secure 0 0 0) 0x7f02ac01bb60 con 0x7f02bc0fbea0
2024-02-10T08:38:56.530 INFO:teuthology.orchestra.run.smithi146.stderr:/usr/bin/ceph:
2024-02-10T08:38:56.527+0000 7f02b8ff9700 1 -- 172.21.15.146:0/3718893765 <== mon.0 v2:172.21.15.146:3300/0 3 ==== mon_map magic: 0 v1 ==== 229+0+0 (secure 0 0 0) 0x7f02ac01aa20 con 0x7f02bc0fbea0
2024-02-10T08:38:56.530 INFO:teuthology.orchestra.run.smithi146.stderr:/usr/bin/ceph:
2024-02-10T08:38:56.527+0000 7f02c22b8700 1 -- 172.21.15.146:0/3718893765 --> [v2:172.21.15.146:3300/0,v1:172.21.15.146:6789/0] -- mon_subscribe({osdmap=0}) v3 -- 0x7f02bc10b710 con 0x7f02bc0fbea0
2024-02-10T08:38:56.531 INFO:teuthology.orchestra.run.smithi146.stderr:/usr/bin/ceph:
2024-02-10T08:38:56.528+0000 7f02b8ff9700 1 -- 172.21.15.146:0/3718893765 <== mon.0 v2:172.21.15.146:3300/0 4 ==== mgrmap(e 8) v1 ==== 36120+0+0 (secure 0 0 0) 0x7f02ac00f070 con 0x7f02bc0fbea0
2024-02-10T08:38:56.531 INFO:teuthology.orchestra.run.smithi146.stderr:/usr/bin/ceph:
2024-02-10T08:38:56.528+0000 7f02c22b8700 1 -- 172.21.15.146:0/3718893765 --> [v2:172.21.15.146:3300/0,v1:172.21.15.146:6789/0] -- mon_command({"prefix": "get_command_descriptions"} v 0) v1 -- 0x7f02bc045ad0 con 0x7f02bc0fbea0
2024-02-10T08:38:56.531 INFO:teuthology.orchestra.run.smithi146.stderr:/usr/bin/ceph:
2024-02-10T08:38:56.528+0000 7f02b8ff9700 1 --2- 172.21.15.146:0/3718893765 >> [v2:172.21.15.146:6800/2322532962,v1:172.21.15.146:6801/2322532962] conn(0x7f029c02fe10 0x7f029c0322d0 unknown :-1 s=NONE pgs=0 cs=0 l=1 rev1=0 rx=0 tx=0).connect
2024-02-10T08:38:56.531 INFO:teuthology.orchestra.run.smithi146.stderr:/usr/bin/ceph:
2024-02-10T08:38:56.528+0000 7f02b8ff9700 1 -- 172.21.15.146:0/3718893765 <== mon.0 v2:172.21.15.146:3300/0 5 ==== osd_map(2..2 src has 1..2) v4 ==== 926+0+0 (secure 0 0 0) 0x7f02ac0414f0 con 0x7f02bc0fbea0
2024-02-10T08:38:56.531 INFO:teuthology.orchestra.run.smithi146.stderr:/usr/bin/ceph:
2024-02-10T08:38:56.528+0000 7f02bb7fe700 1 --2- 172.21.15.146:0/3718893765 >> [v2:172.21.15.146:6800/2322532962,v1:172.21.15.146:6801/2322532962] conn(0x7f029c02fe10 0x7f029c0322d0 unknown :-1 s=BANNER_CONNECTING pgs=0 cs=0 l=1 rev1=0 rx=0 tx=0)._handle_peer_banner_payload supported=1 required=0
2024-02-10T08:38:56.532 INFO:teuthology.orchestra.run.smithi146.stderr:/usr/bin/ceph:
2024-02-10T08:38:56.528+0000 7f02bb7fe700 1 --2- 172.21.15.146:0/3718893765 >> [v2:172.21.15.146:6800/2322532962,v1:172.21.15.146:6801/2322532962] conn(0x7f029c02fe10 0x7f029c0322d0 secure :-1 s=READY pgs=7 cs=0 l=1 rev1=1 rx=0x7f02a40096a0 tx=0x7f02a4006b40).ready entity=mgr.14114 client_cookie=0 server_cookie=0 in_seq=0 out_seq=0
2024-02-10T08:38:56.532 INFO:teuthology.orchestra.run.smithi146.stderr:/usr/bin/ceph:
2024-02-10T08:38:56.532+0000 7f02b8ff9700 1 -- 172.21.15.146:0/3718893765 <== mon.0 v2:172.21.15.146:3300/0 6 ==== mon_command_ack([{"prefix": "get_command_descriptions"}]=0 v0) v1 ==== 72+0+152212 (secure 0 0 0) 0x7f02ac022ac0 con 0x7f02bc0fbea0
2024-02-10T08:38:56.683 INFO:teuthology.orchestra.run.smithi146.stderr:/usr/bin/ceph:
2024-02-10T08:38:56.682+0000 7f02c22b8700 1 -- 172.21.15.146:0/3718893765 --> [v2:172.21.15.146:6800/2322532962,v1:172.21.15.146:6801/2322532962] -- mgr_command(tid 0: {"prefix": "cephadm set-user", "user": "root", "target": ["mon-mgr", ""]}) v1 -- 0x7f02bc10bf70 con 0x7f029c02fe10
2024-02-10T08:38:56.683 INFO:teuthology.orchestra.run.smithi146.stderr:/usr/bin/ceph:
2024-02-10T08:38:56.683+0000 7f02b8ff9700 1 -- 172.21.15.146:0/3718893765 <== mgr.14114 v2:172.21.15.146:6800/2322532962 1 ==== mgr_command_reply(tid 0: 0 ) v1 ==== 8+0+16 (secure 0 0 0) 0x7f02bc10bf70 con 0x7f029c02fe10
2024-02-10T08:38:56.683 INFO:teuthology.orchestra.run.smithi146.stderr:/usr/bin/ceph: value unchanged
2024-02-10T08:38:56.686 INFO:teuthology.orchestra.run.smithi146.stderr:/usr/bin/ceph:
2024-02-10T08:38:56.684+0000 7f02c22b8700 1 -- 172.21.15.146:0/3718893765 >> [v2:172.21.15.146:6800/2322532962,v1:172.21.15.146:6801/2322532962] conn(0x7f029c02fe10 msgr2=0x7f029c0322d0 secure :-1 s=STATE_CONNECTION_ESTABLISHED l=1).mark_down
2024-02-10T08:38:56.686 INFO:teuthology.orchestra.run.smithi146.stderr:/usr/bin/ceph:
2024-02-10T08:38:56.684+0000 7f02c22b8700 1 --2- 172.21.15.146:0/3718893765 >> [v2:172.21.15.146:6800/2322532962,v1:172.21.15.146:6801/2322532962] conn(0x7f029c02fe10 0x7f029c0322d0 secure :-1 s=READY pgs=7 cs=0 l=1 rev1=1 rx=0x7f02a40096a0 tx=0x7f02a4006b40).stop
2024-02-10T08:38:56.686 INFO:teuthology.orchestra.run.smithi146.stderr:/usr/bin/ceph:
2024-02-10T08:38:56.684+0000 7f02c22b8700 1 -- 172.21.15.146:0/3718893765 >> [v2:172.21.15.146:3300/0,v1:172.21.15.146:6789/0] conn(0x7f02bc0fbea0 msgr2=0x7f02bc10ab90 secure :-1 s=STATE_CONNECTION_ESTABLISHED l=1).mark_down
2024-02-10T08:38:56.686 INFO:teuthology.orchestra.run.smithi146.stderr:/usr/bin/ceph:
2024-02-10T08:38:56.684+0000 7f02c22b8700 1 --2- 172.21.15.146:0/3718893765 >> [v2:172.21.15.146:3300/0,v1:172.21.15.146:6789/0] conn(0x7f02bc0fbea0 0x7f02bc10ab90 secure :-1 s=READY pgs=32 cs=0 l=1 rev1=1 rx=0x7f02ac00bf40 tx=0x7f02ac006ee0).stop
2024-02-10T08:38:56.686 INFO:teuthology.orchestra.run.smithi146.stderr:/usr/bin/ceph:
2024-02-10T08:38:56.684+0000 7f02c22b8700 1 -- 172.21.15.146:0/3718893765 shutdown_connections
2024-02-10T08:38:56.686 INFO:teuthology.orchestra.run.smithi146.stderr:/usr/bin/ceph:
2024-02-10T08:38:56.684+0000 7f02c22b8700 1 --2- 172.21.15.146:0/3718893765 >> [v2:172.21.15.146:6800/2322532962,v1:172.21.15.146:6801/2322532962] conn(0x7f029c02fe10 0x7f029c0322d0 unknown :-1 s=CLOSED pgs=7 cs=0 l=1 rev1=1 rx=0 tx=0).stop
2024-02-10T08:38:56.686 INFO:teuthology.orchestra.run.smithi146.stderr:/usr/bin/ceph:
2024-02-10T08:38:56.684+0000 7f02c22b8700 1 --2- 172.21.15.146:0/3718893765 >> [v2:172.21.15.146:3300/0,v1:172.21.15.146:6789/0] conn(0x7f02bc0fbea0 0x7f02bc10ab90 unknown :-1 s=CLOSED pgs=32 cs=0 l=1 rev1=1 rx=0 tx=0).stop
2024-02-10T08:38:56.686 INFO:teuthology.orchestra.run.smithi146.stderr:/usr/bin/ceph:
2024-02-10T08:38:56.684+0000 7f02c22b8700 1 -- 172.21.15.146:0/3718893765 >> 172.21.15.146:0/3718893765 conn(0x7f02bc0f76a0 msgr2=0x7f02bc0f8fe0 unknown :-1 s=STATE_NONE l=0).mark_down
2024-02-10T08:38:56.686 INFO:teuthology.orchestra.run.smithi146.stderr:/usr/bin/ceph:
2024-02-10T08:38:56.685+0000 7f02c22b8700 1 -- 172.21.15.146:0/3718893765 shutdown_connections
2024-02-10T08:38:56.686 INFO:teuthology.orchestra.run.smithi146.stderr:/usr/bin/ceph:
2024-02-10T08:38:56.685+0000 7f02c22b8700 1 -- 172.21.15.146:0/3718893765 wait complete.
2024-02-10T08:38:57.277 INFO:teuthology.orchestra.run.smithi146.stderr:Generating ssh key...
2024-02-10T08:38:57.277 INFO:teuthology.orchestra.run.smithi146.stderr:Running command: /bin/podman run --rm --ipc=host --no-hosts --net=host --entrypoint /usr/bin/ceph --init -e CONTAINER_IMAGE=docker.io/ceph/ceph:v16.2.4 -e NODE_NAME=smithi146 -e CEPH_USE_RANDOM_NONCE=1 -v /var/log/ceph/ae5ab120-c7ef-11ee-95b8-87774f69a715:/var/log/ceph:z -v /tmp/ceph-tmpcls6geqq:/etc/ceph/ceph.client.admin.keyring:z -v /tmp/ceph-tmpvuq5d39g:/etc/ceph/ceph.conf:z docker.io/ceph/ceph:v16.2.4 cephadm generate-key
2024-02-10T08:38:57.279 INFO:journalctl@ceph.mon.smithi146.smithi146.stdout:Feb 10 08:38:57 smithi146 ceph-ae5ab120-c7ef-11ee-95b8-87774f69a715-mon.smithi146[68166]: audit
2024-02-10T08:38:55.378784+0000 mgr.smithi146.tbhvgo (mgr.14114) 3 : audit [DBG] from='client.14124 -' entity='client.admin' cmd=[{"prefix": "orch set backend", "module_name": "cephadm", "target": ["mon-mgr", ""]}]: dispatch
2024-02-10T08:38:57.823 INFO:teuthology.orchestra.run.smithi146.stderr:/usr/bin/ceph:
2024-02-10T08:38:57.786+0000 7fa85e3c1700 1 Processor -- start
2024-02-10T08:38:57.824 INFO:teuthology.orchestra.run.smithi146.stderr:/usr/bin/ceph:
2024-02-10T08:38:57.786+0000 7fa85e3c1700 1 -- start start
2024-02-10T08:38:57.824 INFO:teuthology.orchestra.run.smithi146.stderr:/usr/bin/ceph:
2024-02-10T08:38:57.786+0000 7fa85e3c1700 1 --2- >> [v2:172.21.15.146:3300/0,v1:172.21.15.146:6789/0] conn(0x7fa8580fad90 0x7fa8580fb1b0 unknown :-1 s=NONE pgs=0 cs=0 l=0 rev1=0 rx=0 tx=0).connect
2024-02-10T08:38:57.824 INFO:teuthology.orchestra.run.smithi146.stderr:/usr/bin/ceph:
2024-02-10T08:38:57.786+0000 7fa85e3c1700 1 -- --> [v2:172.21.15.146:3300/0,v1:172.21.15.146:6789/0] -- mon_getmap magic: 0 v1 -- 0x7fa8580fb6a0 con 0x7fa8580fad90
2024-02-10T08:38:57.824 INFO:teuthology.orchestra.run.smithi146.stderr:/usr/bin/ceph:
2024-02-10T08:38:57.786+0000 7fa857fff700 1 --2- >> [v2:172.21.15.146:3300/0,v1:172.21.15.146:6789/0] conn(0x7fa8580fad90 0x7fa8580fb1b0 unknown :-1 s=BANNER_CONNECTING pgs=0 cs=0 l=0 rev1=0 rx=0 tx=0)._handle_peer_banner_payload supported=1 required=0
2024-02-10T08:38:57.824 INFO:teuthology.orchestra.run.smithi146.stderr:/usr/bin/ceph:
2024-02-10T08:38:57.787+0000 7fa857fff700 1 --2- >> [v2:172.21.15.146:3300/0,v1:172.21.15.146:6789/0] conn(0x7fa8580fad90 0x7fa8580fb1b0 unknown :-1 s=HELLO_CONNECTING pgs=0 cs=0 l=0 rev1=1 rx=0 tx=0).handle_hello peer v2:172.21.15.146:3300/0 says I am v2:172.21.15.146:49690/0 (socket says 172.21.15.146:49690)
2024-02-10T08:38:57.824 INFO:teuthology.orchestra.run.smithi146.stderr:/usr/bin/ceph:
2024-02-10T08:38:57.787+0000 7fa857fff700 1 -- 172.21.15.146:0/1575580903 learned_addr learned my addr 172.21.15.146:0/1575580903 (peer_addr_for_me v2:172.21.15.146:0/0)
2024-02-10T08:38:57.824 INFO:teuthology.orchestra.run.smithi146.stderr:/usr/bin/ceph:
2024-02-10T08:38:57.787+0000 7fa857fff700 1 -- 172.21.15.146:0/1575580903 --> [v2:172.21.15.146:3300/0,v1:172.21.15.146:6789/0] -- mon_subscribe({config=0+,monmap=0+}) v3 -- 0x7fa8580fb7e0 con 0x7fa8580fad90
2024-02-10T08:38:57.824 INFO:teuthology.orchestra.run.smithi146.stderr:/usr/bin/ceph:
2024-02-10T08:38:57.787+0000 7fa857fff700 1 --2- 172.21.15.146:0/1575580903 >> [v2:172.21.15.146:3300/0,v1:172.21.15.146:6789/0] conn(0x7fa8580fad90 0x7fa8580fb1b0 secure :-1 s=READY pgs=33 cs=0 l=1 rev1=1 rx=0x7fa84c00b5f0 tx=0x7fa84c006ee0).ready entity=mon.0 client_cookie=a752de86c5d5df33 server_cookie=0 in_seq=0 out_seq=0
2024-02-10T08:38:57.824 INFO:teuthology.orchestra.run.smithi146.stderr:/usr/bin/ceph:
2024-02-10T08:38:57.787+0000 7fa856ffd700 1 -- 172.21.15.146:0/1575580903 <== mon.0 v2:172.21.15.146:3300/0 1 ==== mon_map magic: 0 v1 ==== 229+0+0 (secure 0 0 0) 0x7fa84c00d600 con 0x7fa8580fad90
2024-02-10T08:38:57.824 INFO:teuthology.orchestra.run.smithi146.stderr:/usr/bin/ceph:
2024-02-10T08:38:57.787+0000 7fa856ffd700 1 -- 172.21.15.146:0/1575580903 <== mon.0 v2:172.21.15.146:3300/0 2 ==== config(26 keys) v1 ==== 1045+0+0 (secure 0 0 0) 0x7fa84c00dbf0 con 0x7fa8580fad90
2024-02-10T08:38:57.824 INFO:teuthology.orchestra.run.smithi146.stderr:/usr/bin/ceph:
2024-02-10T08:38:57.787+0000 7fa856ffd700 1 -- 172.21.15.146:0/1575580903 <== mon.0 v2:172.21.15.146:3300/0 3 ==== mon_map magic: 0 v1 ==== 229+0+0 (secure 0 0 0) 0x7fa84c011cb0 con 0x7fa8580fad90
2024-02-10T08:38:57.825 INFO:teuthology.orchestra.run.smithi146.stderr:/usr/bin/ceph:
2024-02-10T08:38:57.787+0000 7fa85e3c1700 1 -- 172.21.15.146:0/1575580903 >> [v2:172.21.15.146:3300/0,v1:172.21.15.146:6789/0] conn(0x7fa8580fad90 msgr2=0x7fa8580fb1b0 secure :-1 s=STATE_CONNECTION_ESTABLISHED l=1).mark_down
2024-02-10T08:38:57.825 INFO:teuthology.orchestra.run.smithi146.stderr:/usr/bin/ceph:
2024-02-10T08:38:57.787+0000 7fa85e3c1700 1 --2- 172.21.15.146:0/1575580903 >> [v2:172.21.15.146:3300/0,v1:172.21.15.146:6789/0] conn(0x7fa8580fad90 0x7fa8580fb1b0 secure :-1 s=READY pgs=33 cs=0 l=1 rev1=1 rx=0x7fa84c00b5f0 tx=0x7fa84c006ee0).stop
2024-02-10T08:38:57.825 INFO:teuthology.orchestra.run.smithi146.stderr:/usr/bin/ceph:
2024-02-10T08:38:57.787+0000 7fa85e3c1700 1 -- 172.21.15.146:0/1575580903 shutdown_connections
2024-02-10T08:38:57.825 INFO:teuthology.orchestra.run.smithi146.stderr:/usr/bin/ceph:
2024-02-10T08:38:57.787+0000 7fa85e3c1700 1 --2- 172.21.15.146:0/1575580903 >> [v2:172.21.15.146:3300/0,v1:172.21.15.146:6789/0] conn(0x7fa8580fad90 0x7fa8580fb1b0 unknown :-1 s=CLOSED pgs=33 cs=0 l=1 rev1=1 rx=0 tx=0).stop
2024-02-10T08:38:57.825 INFO:teuthology.orchestra.run.smithi146.stderr:/usr/bin/ceph:
2024-02-10T08:38:57.788+0000 7fa85e3c1700 1 -- 172.21.15.146:0/1575580903 >> 172.21.15.146:0/1575580903 conn(0x7fa8580f6530 msgr2=0x7fa8580f8950 unknown :-1 s=STATE_NONE l=0).mark_down
2024-02-10T08:38:57.825 INFO:teuthology.orchestra.run.smithi146.stderr:/usr/bin/ceph:
2024-02-10T08:38:57.788+0000 7fa85e3c1700 1 -- 172.21.15.146:0/1575580903 shutdown_connections
2024-02-10T08:38:57.825 INFO:teuthology.orchestra.run.smithi146.stderr:/usr/bin/ceph:
2024-02-10T08:38:57.788+0000 7fa85e3c1700 1 -- 172.21.15.146:0/1575580903 wait complete.
2024-02-10T08:38:57.825 INFO:teuthology.orchestra.run.smithi146.stderr:/usr/bin/ceph:
2024-02-10T08:38:57.788+0000 7fa85e3c1700 1 Processor -- start
2024-02-10T08:38:57.825 INFO:teuthology.orchestra.run.smithi146.stderr:/usr/bin/ceph:
2024-02-10T08:38:57.788+0000 7fa85e3c1700 1 -- start start
2024-02-10T08:38:57.825 INFO:teuthology.orchestra.run.smithi146.stderr:/usr/bin/ceph:
2024-02-10T08:38:57.788+0000 7fa85e3c1700 1 --2- >> [v2:172.21.15.146:3300/0,v1:172.21.15.146:6789/0] conn(0x7fa8580fad90 0x7fa85810d860 unknown :-1 s=NONE pgs=0 cs=0 l=1 rev1=0 rx=0 tx=0).connect
2024-02-10T08:38:57.825 INFO:teuthology.orchestra.run.smithi146.stderr:/usr/bin/ceph:
2024-02-10T08:38:57.788+0000 7fa85e3c1700 1 -- --> [v2:172.21.15.146:3300/0,v1:172.21.15.146:6789/0] -- mon_getmap magic: 0 v1 -- 0x7fa858070450 con 0x7fa8580fad90
2024-02-10T08:38:57.825 INFO:teuthology.orchestra.run.smithi146.stderr:/usr/bin/ceph:
2024-02-10T08:38:57.788+0000 7fa857fff700 1 --2- >> [v2:172.21.15.146:3300/0,v1:172.21.15.146:6789/0] conn(0x7fa8580fad90 0x7fa85810d860 unknown :-1 s=BANNER_CONNECTING pgs=0 cs=0 l=1 rev1=0 rx=0 tx=0)._handle_peer_banner_payload supported=1 required=0
2024-02-10T08:38:57.825 INFO:teuthology.orchestra.run.smithi146.stderr:/usr/bin/ceph:
2024-02-10T08:38:57.788+0000 7fa857fff700 1 --2- >> [v2:172.21.15.146:3300/0,v1:172.21.15.146:6789/0] conn(0x7fa8580fad90 0x7fa85810d860 unknown :-1 s=HELLO_CONNECTING pgs=0 cs=0 l=1 rev1=1 rx=0 tx=0).handle_hello peer v2:172.21.15.146:3300/0 says I am v2:172.21.15.146:49704/0 (socket says 172.21.15.146:49704)
2024-02-10T08:38:57.825 INFO:teuthology.orchestra.run.smithi146.stderr:/usr/bin/ceph:
2024-02-10T08:38:57.789+0000 7fa857fff700 1 -- 172.21.15.146:0/3363859487 learned_addr learned my addr 172.21.15.146:0/3363859487 (peer_addr_for_me v2:172.21.15.146:0/0)
2024-02-10T08:38:57.826 INFO:teuthology.orchestra.run.smithi146.stderr:/usr/bin/ceph:
2024-02-10T08:38:57.789+0000 7fa857fff700 1 -- 172.21.15.146:0/3363859487 --> [v2:172.21.15.146:3300/0,v1:172.21.15.146:6789/0] -- mon_subscribe({config=0+,monmap=0+}) v3 -- 0x7fa84c00b200 con 0x7fa8580fad90
2024-02-10T08:38:57.826 INFO:teuthology.orchestra.run.smithi146.stderr:/usr/bin/ceph:
2024-02-10T08:38:57.789+0000 7fa857fff700 1 --2- 172.21.15.146:0/3363859487 >> [v2:172.21.15.146:3300/0,v1:172.21.15.146:6789/0] conn(0x7fa8580fad90 0x7fa85810d860 secure :-1 s=READY pgs=34 cs=0 l=1 rev1=1 rx=0x7fa84c011ea0 tx=0x7fa84c006ee0).ready entity=mon.0 client_cookie=0 server_cookie=0 in_seq=0 out_seq=0
2024-02-10T08:38:57.826 INFO:teuthology.orchestra.run.smithi146.stderr:/usr/bin/ceph:
2024-02-10T08:38:57.789+0000 7fa854ff9700 1 -- 172.21.15.146:0/3363859487 <== mon.0 v2:172.21.15.146:3300/0 1 ==== mon_map magic: 0 v1 ==== 229+0+0 (secure 0 0 0) 0x7fa84c01b570 con 0x7fa8580fad90
2024-02-10T08:38:57.826 INFO:teuthology.orchestra.run.smithi146.stderr:/usr/bin/ceph:
2024-02-10T08:38:57.789+0000 7fa85e3c1700 1 -- 172.21.15.146:0/3363859487 --> [v2:172.21.15.146:3300/0,v1:172.21.15.146:6789/0] -- mon_subscribe({mgrmap=0+}) v3 -- 0x7fa858070650 con 0x7fa8580fad90
2024-02-10T08:38:57.826 INFO:teuthology.orchestra.run.smithi146.stderr:/usr/bin/ceph:
2024-02-10T08:38:57.789+0000 7fa854ff9700 1 -- 172.21.15.146:0/3363859487 <== mon.0 v2:172.21.15.146:3300/0 2 ==== config(26 keys) v1 ==== 1045+0+0 (secure 0 0 0) 0x7fa84c01bb60 con 0x7fa8580fad90
2024-02-10T08:38:57.826 INFO:teuthology.orchestra.run.smithi146.stderr:/usr/bin/ceph:
2024-02-10T08:38:57.789+0000 7fa854ff9700 1 -- 172.21.15.146:0/3363859487 <== mon.0 v2:172.21.15.146:3300/0 3 ==== mon_map magic: 0 v1 ==== 229+0+0 (secure 0 0 0) 0x7fa84c01a8d0 con 0x7fa8580fad90
2024-02-10T08:38:57.826 INFO:teuthology.orchestra.run.smithi146.stderr:/usr/bin/ceph:
2024-02-10T08:38:57.789+0000 7fa85e3c1700 1 -- 172.21.15.146:0/3363859487 --> [v2:172.21.15.146:3300/0,v1:172.21.15.146:6789/0] -- mon_subscribe({osdmap=0}) v3 -- 0x7fa85810df10 con 0x7fa8580fad90
2024-02-10T08:38:57.826 INFO:teuthology.orchestra.run.smithi146.stderr:/usr/bin/ceph:
2024-02-10T08:38:57.790+0000 7fa854ff9700 1 -- 172.21.15.146:0/3363859487 <== mon.0 v2:172.21.15.146:3300/0 4 ==== mgrmap(e 8) v1 ==== 36120+0+0 (secure 0 0 0) 0x7fa84c00f070 con 0x7fa8580fad90
2024-02-10T08:38:57.826 INFO:teuthology.orchestra.run.smithi146.stderr:/usr/bin/ceph:
2024-02-10T08:38:57.790+0000 7fa85e3c1700 1 -- 172.21.15.146:0/3363859487 --> [v2:172.21.15.146:3300/0,v1:172.21.15.146:6789/0] -- mon_command({"prefix": "get_command_descriptions"} v 0) v1 -- 0x7fa858045ad0 con 0x7fa8580fad90
2024-02-10T08:38:57.826 INFO:teuthology.orchestra.run.smithi146.stderr:/usr/bin/ceph:
2024-02-10T08:38:57.790+0000 7fa854ff9700 1 --2- 172.21.15.146:0/3363859487 >> [v2:172.21.15.146:6800/2322532962,v1:172.21.15.146:6801/2322532962] conn(0x7fa84402fe10 0x7fa8440322d0 unknown :-1 s=NONE pgs=0 cs=0 l=1 rev1=0 rx=0 tx=0).connect
2024-02-10T08:38:57.827 INFO:teuthology.orchestra.run.smithi146.stderr:/usr/bin/ceph:
2024-02-10T08:38:57.790+0000 7fa854ff9700 1 -- 172.21.15.146:0/3363859487 <== mon.0 v2:172.21.15.146:3300/0 5 ==== osd_map(2..2 src has 1..2) v4 ==== 926+0+0 (secure 0 0 0) 0x7fa84c041470 con 0x7fa8580fad90
2024-02-10T08:38:57.827 INFO:teuthology.orchestra.run.smithi146.stderr:/usr/bin/ceph:
2024-02-10T08:38:57.790+0000 7fa8577fe700 1 --2- 172.21.15.146:0/3363859487 >> [v2:172.21.15.146:6800/2322532962,v1:172.21.15.146:6801/2322532962] conn(0x7fa84402fe10 0x7fa8440322d0 unknown :-1 s=BANNER_CONNECTING pgs=0 cs=0 l=1 rev1=0 rx=0 tx=0)._handle_peer_banner_payload supported=1 required=0
2024-02-10T08:38:57.827 INFO:teuthology.orchestra.run.smithi146.stderr:/usr/bin/ceph:
2024-02-10T08:38:57.791+0000 7fa8577fe700 1 --2- 172.21.15.146:0/3363859487 >> [v2:172.21.15.146:6800/2322532962,v1:172.21.15.146:6801/2322532962] conn(0x7fa84402fe10 0x7fa8440322d0 secure :-1 s=READY pgs=8 cs=0 l=1 rev1=1 rx=0x7fa8480096a0 tx=0x7fa848006b40).ready entity=mgr.14114 client_cookie=0 server_cookie=0 in_seq=0 out_seq=0
