2024-02-10T08:14:38.249 INFO:journalctl@ceph.mgr.y.smithi067.stdout:Feb 10 08:14:38 smithi067 bash[17647]: debug
2024-02-10T08:14:38.163+0000 7f964d592680 -1 mgr[py] Module alerts has missing NOTIFY_TYPES member
2024-02-10T08:14:38.620 INFO:journalctl@ceph.mgr.y.smithi067.stdout:Feb 10 08:14:38 smithi067 bash[17647]: debug
2024-02-10T08:14:38.263+0000 7f964d592680 -1 mgr[py] Module balancer has missing NOTIFY_TYPES member
2024-02-10T08:14:38.975 INFO:journalctl@ceph.mgr.y.smithi067.stdout:Feb 10 08:14:38 smithi067 bash[17647]: debug
2024-02-10T08:14:38.715+0000 7f964d592680 -1 mgr[py] Module crash has missing NOTIFY_TYPES member
2024-02-10T08:14:39.370 INFO:journalctl@ceph.mon.a.smithi067.stdout:Feb 10 08:14:38 smithi067 bash[17385]: audit
2024-02-10T08:14:37.973007+0000 mon.a (mon.0) 63 : audit [INF] from='client.? 172.21.15.67:0/3064338851' entity='client.admin' cmd='[{"prefix": "mgr module enable", "module": "dashboard"}]': finished
2024-02-10T08:14:39.370 INFO:journalctl@ceph.mon.a.smithi067.stdout:Feb 10 08:14:38 smithi067 bash[17385]: cluster
2024-02-10T08:14:37.973122+0000 mon.a (mon.0) 64 : cluster [DBG] mgrmap e9: y(active, since 23s)
2024-02-10T08:14:39.899 INFO:teuthology.orchestra.run.smithi067.stderr:/usr/bin/ceph:
2024-02-10T08:14:39.891+0000 7fb14aef3700 1 Processor -- start
2024-02-10T08:14:39.899 INFO:teuthology.orchestra.run.smithi067.stderr:/usr/bin/ceph:
2024-02-10T08:14:39.891+0000 7fb14aef3700 1 -- start start
2024-02-10T08:14:39.899 INFO:teuthology.orchestra.run.smithi067.stderr:/usr/bin/ceph:
2024-02-10T08:14:39.891+0000 7fb14aef3700 1 --2- >> [v2:172.21.15.67:3300/0,v1:172.21.15.67:6789/0] conn(0x7fb144071d00 0x7fb1440702a0 unknown :-1 s=NONE pgs=0 cs=0 l=0 rev1=0 rx=0 tx=0).connect
2024-02-10T08:14:39.899 INFO:teuthology.orchestra.run.smithi067.stderr:/usr/bin/ceph:
2024-02-10T08:14:39.891+0000 7fb14aef3700 1 -- --> [v2:172.21.15.67:3300/0,v1:172.21.15.67:6789/0] -- mon_getmap magic: 0 v1 -- 0x7fb144072120 con 0x7fb144071d00
2024-02-10T08:14:39.899 INFO:teuthology.orchestra.run.smithi067.stderr:/usr/bin/ceph:
2024-02-10T08:14:39.891+0000 7fb148c8f700 1 --2- >> [v2:172.21.15.67:3300/0,v1:172.21.15.67:6789/0] conn(0x7fb144071d00 0x7fb1440702a0 unknown :-1 s=BANNER_CONNECTING pgs=0 cs=0 l=0 rev1=0 rx=0 tx=0)._handle_peer_banner_payload supported=1 required=0
2024-02-10T08:14:39.899 INFO:teuthology.orchestra.run.smithi067.stderr:/usr/bin/ceph:
2024-02-10T08:14:39.891+0000 7fb148c8f700 1 --2- >> [v2:172.21.15.67:3300/0,v1:172.21.15.67:6789/0] conn(0x7fb144071d00 0x7fb1440702a0 unknown :-1 s=HELLO_CONNECTING pgs=0 cs=0 l=0 rev1=1 rx=0 tx=0).handle_hello peer v2:172.21.15.67:3300/0 says I am v2:172.21.15.67:59194/0 (socket says 172.21.15.67:59194)
2024-02-10T08:14:39.899 INFO:teuthology.orchestra.run.smithi067.stderr:/usr/bin/ceph:
2024-02-10T08:14:39.891+0000 7fb148c8f700 1 -- 172.21.15.67:0/4200776115 learned_addr learned my addr 172.21.15.67:0/4200776115 (peer_addr_for_me v2:172.21.15.67:0/0)
2024-02-10T08:14:39.899 INFO:teuthology.orchestra.run.smithi067.stderr:/usr/bin/ceph:
2024-02-10T08:14:39.895+0000 7fb148c8f700 1 -- 172.21.15.67:0/4200776115 --> [v2:172.21.15.67:3300/0,v1:172.21.15.67:6789/0] -- mon_subscribe({config=0+,monmap=0+}) v3 -- 0x7fb144070790 con 0x7fb144071d00
2024-02-10T08:14:39.899 INFO:teuthology.orchestra.run.smithi067.stderr:/usr/bin/ceph:
2024-02-10T08:14:39.895+0000 7fb148c8f700 1 --2- 172.21.15.67:0/4200776115 >> [v2:172.21.15.67:3300/0,v1:172.21.15.67:6789/0] conn(0x7fb144071d00 0x7fb1440702a0 secure :-1 s=READY pgs=53 cs=0 l=1 rev1=1 rx=0x7fb138009730 tx=0x7fb1380090f0).ready entity=mon.0 client_cookie=cf3243c91d3ad81f server_cookie=0 in_seq=0 out_seq=0
2024-02-10T08:14:39.900 INFO:teuthology.orchestra.run.smithi067.stderr:/usr/bin/ceph:
2024-02-10T08:14:39.895+0000 7fb1437fe700 1 -- 172.21.15.67:0/4200776115 <== mon.0 v2:172.21.15.67:3300/0 1 ==== mon_map magic: 0 v1 ==== 205+0+0 (secure 0 0 0) 0x7fb13800b580 con 0x7fb144071d00
2024-02-10T08:14:39.900 INFO:teuthology.orchestra.run.smithi067.stderr:/usr/bin/ceph:
2024-02-10T08:14:39.895+0000 7fb1437fe700 1 -- 172.21.15.67:0/4200776115 <== mon.0 v2:172.21.15.67:3300/0 2 ==== config(23 keys) v1 ==== 1041+0+0 (secure 0 0 0) 0x7fb13800bb70 con 0x7fb144071d00
2024-02-10T08:14:39.900 INFO:teuthology.orchestra.run.smithi067.stderr:/usr/bin/ceph:
2024-02-10T08:14:39.895+0000 7fb1437fe700 1 -- 172.21.15.67:0/4200776115 <== mon.0 v2:172.21.15.67:3300/0 3 ==== mon_map magic: 0 v1 ==== 205+0+0 (secure 0 0 0) 0x7fb138011a90 con 0x7fb144071d00
2024-02-10T08:14:39.901 INFO:teuthology.orchestra.run.smithi067.stderr:/usr/bin/ceph:
2024-02-10T08:14:39.895+0000 7fb14aef3700 1 -- 172.21.15.67:0/4200776115 >> [v2:172.21.15.67:3300/0,v1:172.21.15.67:6789/0] conn(0x7fb144071d00 msgr2=0x7fb1440702a0 secure :-1 s=STATE_CONNECTION_ESTABLISHED l=1).mark_down
2024-02-10T08:14:39.901 INFO:teuthology.orchestra.run.smithi067.stderr:/usr/bin/ceph:
2024-02-10T08:14:39.895+0000 7fb14aef3700 1 --2- 172.21.15.67:0/4200776115 >> [v2:172.21.15.67:3300/0,v1:172.21.15.67:6789/0] conn(0x7fb144071d00 0x7fb1440702a0 secure :-1 s=READY pgs=53 cs=0 l=1 rev1=1 rx=0x7fb138009730 tx=0x7fb1380090f0).stop
2024-02-10T08:14:39.901 INFO:teuthology.orchestra.run.smithi067.stderr:/usr/bin/ceph:
2024-02-10T08:14:39.895+0000 7fb14aef3700 1 -- 172.21.15.67:0/4200776115 shutdown_connections
2024-02-10T08:14:39.901 INFO:teuthology.orchestra.run.smithi067.stderr:/usr/bin/ceph:
2024-02-10T08:14:39.895+0000 7fb14aef3700 1 --2- 172.21.15.67:0/4200776115 >> [v2:172.21.15.67:3300/0,v1:172.21.15.67:6789/0] conn(0x7fb144071d00 0x7fb1440702a0 unknown :-1 s=CLOSED pgs=53 cs=0 l=1 rev1=1 rx=0 tx=0).stop
2024-02-10T08:14:39.901 INFO:teuthology.orchestra.run.smithi067.stderr:/usr/bin/ceph:
2024-02-10T08:14:39.895+0000 7fb14aef3700 1 -- 172.21.15.67:0/4200776115 >> 172.21.15.67:0/4200776115 conn(0x7fb1440f6eb0 msgr2=0x7fb1440f92d0 unknown :-1 s=STATE_NONE l=0).mark_down
2024-02-10T08:14:39.901 INFO:teuthology.orchestra.run.smithi067.stderr:/usr/bin/ceph:
2024-02-10T08:14:39.895+0000 7fb14aef3700 1 -- 172.21.15.67:0/4200776115 shutdown_connections
2024-02-10T08:14:39.901 INFO:teuthology.orchestra.run.smithi067.stderr:/usr/bin/ceph:
2024-02-10T08:14:39.895+0000 7fb14aef3700 1 -- 172.21.15.67:0/4200776115 wait complete.
2024-02-10T08:14:39.902 INFO:teuthology.orchestra.run.smithi067.stderr:/usr/bin/ceph:
2024-02-10T08:14:39.895+0000 7fb14aef3700 1 Processor -- start
2024-02-10T08:14:39.902 INFO:teuthology.orchestra.run.smithi067.stderr:/usr/bin/ceph:
2024-02-10T08:14:39.895+0000 7fb14aef3700 1 -- start start
2024-02-10T08:14:39.902 INFO:teuthology.orchestra.run.smithi067.stderr:/usr/bin/ceph:
2024-02-10T08:14:39.899+0000 7fb14aef3700 1 --2- >> [v2:172.21.15.67:3300/0,v1:172.21.15.67:6789/0] conn(0x7fb144071d00 0x7fb14410c4d0 unknown :-1 s=NONE pgs=0 cs=0 l=1 rev1=0 rx=0 tx=0).connect
2024-02-10T08:14:39.902 INFO:teuthology.orchestra.run.smithi067.stderr:/usr/bin/ceph:
2024-02-10T08:14:39.899+0000 7fb14aef3700 1 -- --> [v2:172.21.15.67:3300/0,v1:172.21.15.67:6789/0] -- mon_getmap magic: 0 v1 -- 0x7fb14410c9c0 con 0x7fb144071d00
2024-02-10T08:14:39.903 INFO:teuthology.orchestra.run.smithi067.stderr:/usr/bin/ceph:
2024-02-10T08:14:39.899+0000 7fb148c8f700 1 --2- >> [v2:172.21.15.67:3300/0,v1:172.21.15.67:6789/0] conn(0x7fb144071d00 0x7fb14410c4d0 unknown :-1 s=BANNER_CONNECTING pgs=0 cs=0 l=1 rev1=0 rx=0 tx=0)._handle_peer_banner_payload supported=1 required=0
2024-02-10T08:14:39.903 INFO:teuthology.orchestra.run.smithi067.stderr:/usr/bin/ceph:
2024-02-10T08:14:39.899+0000 7fb148c8f700 1 --2- >> [v2:172.21.15.67:3300/0,v1:172.21.15.67:6789/0] conn(0x7fb144071d00 0x7fb14410c4d0 unknown :-1 s=HELLO_CONNECTING pgs=0 cs=0 l=1 rev1=1 rx=0 tx=0).handle_hello peer v2:172.21.15.67:3300/0 says I am v2:172.21.15.67:59206/0 (socket says 172.21.15.67:59206)
2024-02-10T08:14:39.903 INFO:teuthology.orchestra.run.smithi067.stderr:/usr/bin/ceph:
2024-02-10T08:14:39.899+0000 7fb148c8f700 1 -- 172.21.15.67:0/1667544861 learned_addr learned my addr 172.21.15.67:0/1667544861 (peer_addr_for_me v2:172.21.15.67:0/0)
2024-02-10T08:14:39.904 INFO:teuthology.orchestra.run.smithi067.stderr:/usr/bin/ceph:
2024-02-10T08:14:39.899+0000 7fb148c8f700 1 -- 172.21.15.67:0/1667544861 --> [v2:172.21.15.67:3300/0,v1:172.21.15.67:6789/0] -- mon_subscribe({config=0+,monmap=0+}) v3 -- 0x7fb138009370 con 0x7fb144071d00
2024-02-10T08:14:39.904 INFO:teuthology.orchestra.run.smithi067.stderr:/usr/bin/ceph:
2024-02-10T08:14:39.899+0000 7fb148c8f700 1 --2- 172.21.15.67:0/1667544861 >> [v2:172.21.15.67:3300/0,v1:172.21.15.67:6789/0] conn(0x7fb144071d00 0x7fb14410c4d0 secure :-1 s=READY pgs=54 cs=0 l=1 rev1=1 rx=0x7fb1380092b0 tx=0x7fb1380090f0).ready entity=mon.0 client_cookie=0 server_cookie=0 in_seq=0 out_seq=0
2024-02-10T08:14:39.906 INFO:teuthology.orchestra.run.smithi067.stderr:/usr/bin/ceph:
2024-02-10T08:14:39.899+0000 7fb141ffb700 1 -- 172.21.15.67:0/1667544861 <== mon.0 v2:172.21.15.67:3300/0 1 ==== mon_map magic: 0 v1 ==== 205+0+0 (secure 0 0 0) 0x7fb13801a640 con 0x7fb144071d00
2024-02-10T08:14:39.906 INFO:teuthology.orchestra.run.smithi067.stderr:/usr/bin/ceph:
2024-02-10T08:14:39.899+0000 7fb141ffb700 1 -- 172.21.15.67:0/1667544861 <== mon.0 v2:172.21.15.67:3300/0 2 ==== config(23 keys) v1 ==== 1041+0+0 (secure 0 0 0) 0x7fb13801ac30 con 0x7fb144071d00
2024-02-10T08:14:39.906 INFO:teuthology.orchestra.run.smithi067.stderr:/usr/bin/ceph:
2024-02-10T08:14:39.899+0000 7fb14aef3700 1 -- 172.21.15.67:0/1667544861 --> [v2:172.21.15.67:3300/0,v1:172.21.15.67:6789/0] -- mon_subscribe({mgrmap=0+}) v3 -- 0x7fb14410cbc0 con 0x7fb144071d00
2024-02-10T08:14:39.907 INFO:teuthology.orchestra.run.smithi067.stderr:/usr/bin/ceph:
2024-02-10T08:14:39.899+0000 7fb14aef3700 1 -- 172.21.15.67:0/1667544861 --> [v2:172.21.15.67:3300/0,v1:172.21.15.67:6789/0] -- mon_subscribe({osdmap=0}) v3 -- 0x7fb14410d050 con 0x7fb144071d00
2024-02-10T08:14:39.907 INFO:teuthology.orchestra.run.smithi067.stderr:/usr/bin/ceph:
2024-02-10T08:14:39.899+0000 7fb141ffb700 1 -- 172.21.15.67:0/1667544861 <== mon.0 v2:172.21.15.67:3300/0 3 ==== mon_map magic: 0 v1 ==== 205+0+0 (secure 0 0 0) 0x7fb138022900 con 0x7fb144071d00
2024-02-10T08:14:39.907 INFO:teuthology.orchestra.run.smithi067.stderr:/usr/bin/ceph:
2024-02-10T08:14:39.899+0000 7fb141ffb700 1 -- 172.21.15.67:0/1667544861 <== mon.0 v2:172.21.15.67:3300/0 4 ==== mgrmap(e 9) v1 ==== 38630+0+0 (secure 0 0 0) 0x7fb138022b40 con 0x7fb144071d00
2024-02-10T08:14:39.907 INFO:teuthology.orchestra.run.smithi067.stderr:/usr/bin/ceph:
2024-02-10T08:14:39.899+0000 7fb141ffb700 1 --2- 172.21.15.67:0/1667544861 >> [v2:172.21.15.67:6800/2933691832,v1:172.21.15.67:6801/2933691832] conn(0x7fb134032390 0x7fb134034850 unknown :-1 s=NONE pgs=0 cs=0 l=1 rev1=0 rx=0 tx=0).connect
2024-02-10T08:14:39.907 INFO:teuthology.orchestra.run.smithi067.stderr:/usr/bin/ceph:
2024-02-10T08:14:39.899+0000 7fb141ffb700 1 -- 172.21.15.67:0/1667544861 <== mon.0 v2:172.21.15.67:3300/0 5 ==== osd_map(2..2 src has 1..2) v4 ==== 926+0+0 (secure 0 0 0) 0x7fb1380449a0 con 0x7fb144071d00
2024-02-10T08:14:39.907 INFO:teuthology.orchestra.run.smithi067.stderr:/usr/bin/ceph:
2024-02-10T08:14:39.899+0000 7fb143fff700 1 -- 172.21.15.67:0/1667544861 >> [v2:172.21.15.67:6800/2933691832,v1:172.21.15.67:6801/2933691832] conn(0x7fb134032390 msgr2=0x7fb134034850 unknown :-1 s=STATE_CONNECTING_RE l=1).process reconnect failed to v2:172.21.15.67:6800/2933691832
2024-02-10T08:14:39.907 INFO:teuthology.orchestra.run.smithi067.stderr:/usr/bin/ceph:
2024-02-10T08:14:39.899+0000 7fb143fff700 1 --2- 172.21.15.67:0/1667544861 >> [v2:172.21.15.67:6800/2933691832,v1:172.21.15.67:6801/2933691832] conn(0x7fb134032390 0x7fb134034850 unknown :-1 s=START_CONNECT pgs=0 cs=0 l=1 rev1=0 rx=0 tx=0)._fault waiting 0.200000
2024-02-10T08:14:39.907 INFO:teuthology.orchestra.run.smithi067.stderr:/usr/bin/ceph:
2024-02-10T08:14:39.899+0000 7fb14aef3700 1 -- 172.21.15.67:0/1667544861 --> [v2:172.21.15.67:3300/0,v1:172.21.15.67:6789/0] -- mon_command({"prefix": "get_command_descriptions"} v 0) v1 -- 0x7fb14405a3b0 con 0x7fb144071d00
2024-02-10T08:14:39.917 INFO:teuthology.orchestra.run.smithi067.stderr:/usr/bin/ceph:
2024-02-10T08:14:39.911+0000 7fb141ffb700 1 -- 172.21.15.67:0/1667544861 <== mon.0 v2:172.21.15.67:3300/0 6 ==== mon_command_ack([{"prefix": "get_command_descriptions"}]=0 v0) v1 ==== 72+0+163658 (secure 0 0 0) 0x7fb138018d80 con 0x7fb144071d00
2024-02-10T08:14:40.107 INFO:teuthology.orchestra.run.smithi067.stderr:/usr/bin/ceph:
2024-02-10T08:14:40.103+0000 7fb143fff700 1 -- 172.21.15.67:0/1667544861 >> [v2:172.21.15.67:6800/2933691832,v1:172.21.15.67:6801/2933691832] conn(0x7fb134032390 msgr2=0x7fb134034850 unknown :-1 s=STATE_CONNECTING_RE l=1).process reconnect failed to v2:172.21.15.67:6800/2933691832
2024-02-10T08:14:40.107 INFO:teuthology.orchestra.run.smithi067.stderr:/usr/bin/ceph:
2024-02-10T08:14:40.103+0000 7fb143fff700 1 --2- 172.21.15.67:0/1667544861 >> [v2:172.21.15.67:6800/2933691832,v1:172.21.15.67:6801/2933691832] conn(0x7fb134032390 0x7fb134034850 unknown :-1 s=START_CONNECT pgs=0 cs=0 l=1 rev1=0 rx=0 tx=0)._fault waiting 0.400000
2024-02-10T08:14:40.107 INFO:journalctl@ceph.mgr.y.smithi067.stdout:Feb 10 08:14:39 smithi067 bash[17647]: debug
2024-02-10T08:14:39.723+0000 7f964d592680 -1 mgr[py] Module diskprediction_local has missing NOTIFY_TYPES member
2024-02-10T08:14:40.108 INFO:journalctl@ceph.mgr.y.smithi067.stdout:Feb 10 08:14:39 smithi067 bash[17647]: debug
2024-02-10T08:14:39.831+0000 7f964d592680 -1 mgr[py] Module influx has missing NOTIFY_TYPES member
2024-02-10T08:14:40.334 INFO:teuthology.orchestra.run.smithi067.stderr:/usr/bin/ceph:
2024-02-10T08:14:40.327+0000 7fb14aef3700 1 -- 172.21.15.67:0/1667544861 --> [v2:172.21.15.67:3300/0,v1:172.21.15.67:6789/0] -- mon_command({"prefix": "mgr stat"} v 0) v1 -- 0x7fb1441019c0 con 0x7fb144071d00
2024-02-10T08:14:40.334 INFO:teuthology.orchestra.run.smithi067.stderr:/usr/bin/ceph:
2024-02-10T08:14:40.327+0000 7fb141ffb700 1 -- 172.21.15.67:0/1667544861 <== mon.0 v2:172.21.15.67:3300/0 7 ==== mon_command_ack([{"prefix": "mgr stat"}]=0 v9) v1 ==== 56+0+88 (secure 0 0 0) 0x7fb138018320 con 0x7fb144071d00
2024-02-10T08:14:40.334 INFO:teuthology.orchestra.run.smithi067.stderr:/usr/bin/ceph: {
2024-02-10T08:14:40.336 INFO:teuthology.orchestra.run.smithi067.stderr:/usr/bin/ceph: "epoch": 9,
2024-02-10T08:14:40.336 INFO:teuthology.orchestra.run.smithi067.stderr:/usr/bin/ceph: "available": true,
2024-02-10T08:14:40.336 INFO:teuthology.orchestra.run.smithi067.stderr:/usr/bin/ceph: "active_name": "y",
2024-02-10T08:14:40.336 INFO:teuthology.orchestra.run.smithi067.stderr:/usr/bin/ceph: "num_standby": 0
2024-02-10T08:14:40.336 INFO:teuthology.orchestra.run.smithi067.stderr:/usr/bin/ceph: }
2024-02-10T08:14:40.337 INFO:teuthology.orchestra.run.smithi067.stderr:/usr/bin/ceph:
2024-02-10T08:14:40.331+0000 7fb14aef3700 1 -- 172.21.15.67:0/1667544861 >> [v2:172.21.15.67:6800/2933691832,v1:172.21.15.67:6801/2933691832] conn(0x7fb134032390 msgr2=0x7fb134034850 unknown :-1 s=STATE_CONNECTING l=1).mark_down
2024-02-10T08:14:40.338 INFO:teuthology.orchestra.run.smithi067.stderr:/usr/bin/ceph:
2024-02-10T08:14:40.331+0000 7fb14aef3700 1 --2- 172.21.15.67:0/1667544861 >> [v2:172.21.15.67:6800/2933691832,v1:172.21.15.67:6801/2933691832] conn(0x7fb134032390 0x7fb134034850 unknown :-1 s=START_CONNECT pgs=0 cs=0 l=1 rev1=0 rx=0 tx=0).stop
2024-02-10T08:14:40.339 INFO:teuthology.orchestra.run.smithi067.stderr:/usr/bin/ceph:
2024-02-10T08:14:40.331+0000 7fb14aef3700 1 -- 172.21.15.67:0/1667544861 >> [v2:172.21.15.67:3300/0,v1:172.21.15.67:6789/0] conn(0x7fb144071d00 msgr2=0x7fb14410c4d0 secure :-1 s=STATE_CONNECTION_ESTABLISHED l=1).mark_down
2024-02-10T08:14:40.340 INFO:teuthology.orchestra.run.smithi067.stderr:/usr/bin/ceph:
2024-02-10T08:14:40.331+0000 7fb14aef3700 1 --2- 172.21.15.67:0/1667544861 >> [v2:172.21.15.67:3300/0,v1:172.21.15.67:6789/0] conn(0x7fb144071d00 0x7fb14410c4d0 secure :-1 s=READY pgs=54 cs=0 l=1 rev1=1 rx=0x7fb1380092b0 tx=0x7fb1380090f0).stop
2024-02-10T08:14:40.340 INFO:teuthology.orchestra.run.smithi067.stderr:/usr/bin/ceph:
2024-02-10T08:14:40.331+0000 7fb14aef3700 1 -- 172.21.15.67:0/1667544861 shutdown_connections
2024-02-10T08:14:40.340 INFO:teuthology.orchestra.run.smithi067.stderr:/usr/bin/ceph:
2024-02-10T08:14:40.331+0000 7fb14aef3700 1 --2- 172.21.15.67:0/1667544861 >> [v2:172.21.15.67:6800/2933691832,v1:172.21.15.67:6801/2933691832] conn(0x7fb134032390 0x7fb134034850 unknown :-1 s=CLOSED pgs=0 cs=0 l=1 rev1=0 rx=0 tx=0).stop
2024-02-10T08:14:40.340 INFO:teuthology.orchestra.run.smithi067.stderr:/usr/bin/ceph:
2024-02-10T08:14:40.331+0000 7fb14aef3700 1 --2- 172.21.15.67:0/1667544861 >> [v2:172.21.15.67:3300/0,v1:172.21.15.67:6789/0] conn(0x7fb144071d00 0x7fb14410c4d0 unknown :-1 s=CLOSED pgs=54 cs=0 l=1 rev1=1 rx=0 tx=0).stop
2024-02-10T08:14:40.340 INFO:teuthology.orchestra.run.smithi067.stderr:/usr/bin/ceph:
2024-02-10T08:14:40.331+0000 7fb14aef3700 1 -- 172.21.15.67:0/1667544861 >> 172.21.15.67:0/1667544861 conn(0x7fb1440f6eb0 msgr2=0x7fb1440f8730 unknown :-1 s=STATE_NONE l=0).mark_down
2024-02-10T08:14:40.340 INFO:teuthology.orchestra.run.smithi067.stderr:/usr/bin/ceph:
2024-02-10T08:14:40.331+0000 7fb14aef3700 1 -- 172.21.15.67:0/1667544861 shutdown_connections
2024-02-10T08:14:40.341 INFO:teuthology.orchestra.run.smithi067.stderr:/usr/bin/ceph:
2024-02-10T08:14:40.331+0000 7fb14aef3700 1 -- 172.21.15.67:0/1667544861 wait complete.
2024-02-10T08:14:40.368 INFO:journalctl@ceph.mgr.y.smithi067.stdout:Feb 10 08:14:40 smithi067 bash[17647]: debug
2024-02-10T08:14:40.103+0000 7f964d592680 -1 mgr[py] Module iostat has missing NOTIFY_TYPES member
2024-02-10T08:14:40.619 INFO:journalctl@ceph.mon.a.smithi067.stdout:Feb 10 08:14:40 smithi067 bash[17385]: audit
2024-02-10T08:14:40.334265+0000 mon.a (mon.0) 65 : audit [DBG] from='client.? 172.21.15.67:0/1667544861' entity='client.admin' cmd=[{"prefix": "mgr stat"}]: dispatch
2024-02-10T08:14:41.022 INFO:teuthology.orchestra.run.smithi067.stderr:Waiting for the mgr to restart...
2024-02-10T08:14:41.022 INFO:teuthology.orchestra.run.smithi067.stderr:Waiting for mgr epoch 9...
2024-02-10T08:14:41.370 INFO:journalctl@ceph.mgr.y.smithi067.stdout:Feb 10 08:14:41 smithi067 bash[17647]: debug
2024-02-10T08:14:41.291+0000 7f964d592680 -1 mgr[py] Module nfs has missing NOTIFY_TYPES member
2024-02-10T08:14:41.870 INFO:journalctl@ceph.mgr.y.smithi067.stdout:Feb 10 08:14:41 smithi067 bash[17647]: debug
2024-02-10T08:14:41.463+0000 7f964d592680 -1 mgr[py] Module orchestrator has missing NOTIFY_TYPES member
2024-02-10T08:14:41.870 INFO:journalctl@ceph.mgr.y.smithi067.stdout:Feb 10 08:14:41 smithi067 bash[17647]: debug
2024-02-10T08:14:41.567+0000 7f964d592680 -1 mgr[py] Module osd_support has missing NOTIFY_TYPES member
2024-02-10T08:14:41.870 INFO:journalctl@ceph.mgr.y.smithi067.stdout:Feb 10 08:14:41 smithi067 bash[17647]: debug
2024-02-10T08:14:41.679+0000 7f964d592680 -1 mgr[py] Module pg_autoscaler has missing NOTIFY_TYPES member
2024-02-10T08:14:42.295 INFO:journalctl@ceph.mgr.y.smithi067.stdout:Feb 10 08:14:41 smithi067 bash[17647]: debug
2024-02-10T08:14:41.907+0000 7f964d592680 -1 mgr[py] Module progress has missing NOTIFY_TYPES member
2024-02-10T08:14:42.619 INFO:journalctl@ceph.mgr.y.smithi067.stdout:Feb 10 08:14:42 smithi067 bash[17647]: debug
2024-02-10T08:14:42.291+0000 7f964d592680 -1 mgr[py] Module prometheus has missing NOTIFY_TYPES member
2024-02-10T08:14:42.620 INFO:journalctl@ceph.mgr.y.smithi067.stdout:Feb 10 08:14:42 smithi067 bash[17647]: debug
2024-02-10T08:14:42.411+0000 7f964d592680 -1 mgr[py] Module rbd_support has missing NOTIFY_TYPES member
2024-02-10T08:14:42.620 INFO:teuthology.orchestra.run.smithi067.stderr:/usr/bin/ceph:
2024-02-10T08:14:42.615+0000 7fa5abf3b700 1 Processor -- start
2024-02-10T08:14:42.620 INFO:teuthology.orchestra.run.smithi067.stderr:/usr/bin/ceph:
2024-02-10T08:14:42.615+0000 7fa5abf3b700 1 -- start start
2024-02-10T08:14:42.621 INFO:teuthology.orchestra.run.smithi067.stderr:/usr/bin/ceph:
2024-02-10T08:14:42.615+0000 7fa5abf3b700 1 --2- >> [v2:172.21.15.67:3300/0,v1:172.21.15.67:6789/0] conn(0x7fa5a40fbbc0 0x7fa5a40fbfe0 unknown :-1 s=NONE pgs=0 cs=0 l=0 rev1=0 rx=0 tx=0).connect
2024-02-10T08:14:42.621 INFO:teuthology.orchestra.run.smithi067.stderr:/usr/bin/ceph:
2024-02-10T08:14:42.615+0000 7fa5abf3b700 1 -- --> [v2:172.21.15.67:3300/0,v1:172.21.15.67:6789/0] -- mon_getmap magic: 0 v1 -- 0x7fa5a40fc560 con 0x7fa5a40fbbc0
2024-02-10T08:14:42.622 INFO:teuthology.orchestra.run.smithi067.stderr:/usr/bin/ceph:
2024-02-10T08:14:42.615+0000 7fa5a9cd7700 1 --2- >> [v2:172.21.15.67:3300/0,v1:172.21.15.67:6789/0] conn(0x7fa5a40fbbc0 0x7fa5a40fbfe0 unknown :-1 s=BANNER_CONNECTING pgs=0 cs=0 l=0 rev1=0 rx=0 tx=0)._handle_peer_banner_payload supported=1 required=0
2024-02-10T08:14:42.622 INFO:teuthology.orchestra.run.smithi067.stderr:/usr/bin/ceph:
2024-02-10T08:14:42.615+0000 7fa5a9cd7700 1 --2- >> [v2:172.21.15.67:3300/0,v1:172.21.15.67:6789/0] conn(0x7fa5a40fbbc0 0x7fa5a40fbfe0 unknown :-1 s=HELLO_CONNECTING pgs=0 cs=0 l=0 rev1=1 rx=0 tx=0).handle_hello peer v2:172.21.15.67:3300/0 says I am v2:172.21.15.67:59222/0 (socket says 172.21.15.67:59222)
2024-02-10T08:14:42.622 INFO:teuthology.orchestra.run.smithi067.stderr:/usr/bin/ceph:
2024-02-10T08:14:42.615+0000 7fa5a9cd7700 1 -- 172.21.15.67:0/3821447880 learned_addr learned my addr 172.21.15.67:0/3821447880 (peer_addr_for_me v2:172.21.15.67:0/0)
2024-02-10T08:14:42.622 INFO:teuthology.orchestra.run.smithi067.stderr:/usr/bin/ceph:
2024-02-10T08:14:42.615+0000 7fa5a9cd7700 1 -- 172.21.15.67:0/3821447880 --> [v2:172.21.15.67:3300/0,v1:172.21.15.67:6789/0] -- mon_subscribe({config=0+,monmap=0+}) v3 -- 0x7fa5a40fc6a0 con 0x7fa5a40fbbc0
2024-02-10T08:14:42.622 INFO:teuthology.orchestra.run.smithi067.stderr:/usr/bin/ceph:
2024-02-10T08:14:42.615+0000 7fa5a9cd7700 1 --2- 172.21.15.67:0/3821447880 >> [v2:172.21.15.67:3300/0,v1:172.21.15.67:6789/0] conn(0x7fa5a40fbbc0 0x7fa5a40fbfe0 secure :-1 s=READY pgs=55 cs=0 l=1 rev1=1 rx=0x7fa5a000b9d0 tx=0x7fa5a000b3b0).ready entity=mon.0 client_cookie=bb69b9494662f92d server_cookie=0 in_seq=0 out_seq=0
2024-02-10T08:14:42.623 INFO:teuthology.orchestra.run.smithi067.stderr:/usr/bin/ceph:
2024-02-10T08:14:42.615+0000 7fa5a8cd5700 1 -- 172.21.15.67:0/3821447880 <== mon.0 v2:172.21.15.67:3300/0 1 ==== mon_map magic: 0 v1 ==== 205+0+0 (secure 0 0 0) 0x7fa5a000da70 con 0x7fa5a40fbbc0
2024-02-10T08:14:42.623 INFO:teuthology.orchestra.run.smithi067.stderr:/usr/bin/ceph:
2024-02-10T08:14:42.615+0000 7fa5a8cd5700 1 -- 172.21.15.67:0/3821447880 <== mon.0 v2:172.21.15.67:3300/0 2 ==== config(23 keys) v1 ==== 1041+0+0 (secure 0 0 0) 0x7fa5a000dbd0 con 0x7fa5a40fbbc0
2024-02-10T08:14:42.624 INFO:teuthology.orchestra.run.smithi067.stderr:/usr/bin/ceph:
2024-02-10T08:14:42.615+0000 7fa5a8cd5700 1 -- 172.21.15.67:0/3821447880 <== mon.0 v2:172.21.15.67:3300/0 3 ==== mon_map magic: 0 v1 ==== 205+0+0 (secure 0 0 0) 0x7fa5a000f3d0 con 0x7fa5a40fbbc0
2024-02-10T08:14:42.624 INFO:teuthology.orchestra.run.smithi067.stderr:/usr/bin/ceph:
2024-02-10T08:14:42.615+0000 7fa5abf3b700 1 -- 172.21.15.67:0/3821447880 >> [v2:172.21.15.67:3300/0,v1:172.21.15.67:6789/0] conn(0x7fa5a40fbbc0 msgr2=0x7fa5a40fbfe0 secure :-1 s=STATE_CONNECTION_ESTABLISHED l=1).mark_down
2024-02-10T08:14:42.624 INFO:teuthology.orchestra.run.smithi067.stderr:/usr/bin/ceph:
2024-02-10T08:14:42.615+0000 7fa5abf3b700 1 --2- 172.21.15.67:0/3821447880 >> [v2:172.21.15.67:3300/0,v1:172.21.15.67:6789/0] conn(0x7fa5a40fbbc0 0x7fa5a40fbfe0 secure :-1 s=READY pgs=55 cs=0 l=1 rev1=1 rx=0x7fa5a000b9d0 tx=0x7fa5a000b3b0).stop
2024-02-10T08:14:42.624 INFO:teuthology.orchestra.run.smithi067.stderr:/usr/bin/ceph:
2024-02-10T08:14:42.619+0000 7fa5abf3b700 1 -- 172.21.15.67:0/3821447880 shutdown_connections
2024-02-10T08:14:42.624 INFO:teuthology.orchestra.run.smithi067.stderr:/usr/bin/ceph:
2024-02-10T08:14:42.619+0000 7fa5abf3b700 1 --2- 172.21.15.67:0/3821447880 >> [v2:172.21.15.67:3300/0,v1:172.21.15.67:6789/0] conn(0x7fa5a40fbbc0 0x7fa5a40fbfe0 unknown :-1 s=CLOSED pgs=55 cs=0 l=1 rev1=1 rx=0 tx=0).stop
2024-02-10T08:14:42.624 INFO:teuthology.orchestra.run.smithi067.stderr:/usr/bin/ceph:
2024-02-10T08:14:42.619+0000 7fa5abf3b700 1 -- 172.21.15.67:0/3821447880 >> 172.21.15.67:0/3821447880 conn(0x7fa5a40f5460 msgr2=0x7fa5a40f78c0 unknown :-1 s=STATE_NONE l=0).mark_down
2024-02-10T08:14:42.624 INFO:teuthology.orchestra.run.smithi067.stderr:/usr/bin/ceph:
2024-02-10T08:14:42.619+0000 7fa5abf3b700 1 -- 172.21.15.67:0/3821447880 shutdown_connections
2024-02-10T08:14:42.624 INFO:teuthology.orchestra.run.smithi067.stderr:/usr/bin/ceph:
2024-02-10T08:14:42.619+0000 7fa5abf3b700 1 -- 172.21.15.67:0/3821447880 wait complete.
2024-02-10T08:14:42.624 INFO:teuthology.orchestra.run.smithi067.stderr:/usr/bin/ceph:
2024-02-10T08:14:42.619+0000 7fa5abf3b700 1 Processor -- start
2024-02-10T08:14:42.625 INFO:teuthology.orchestra.run.smithi067.stderr:/usr/bin/ceph:
2024-02-10T08:14:42.619+0000 7fa5abf3b700 1 -- start start
2024-02-10T08:14:42.625 INFO:teuthology.orchestra.run.smithi067.stderr:/usr/bin/ceph:
2024-02-10T08:14:42.619+0000 7fa5abf3b700 1 --2- >> [v2:172.21.15.67:3300/0,v1:172.21.15.67:6789/0] conn(0x7fa5a40fbbc0 0x7fa5a41080c0 unknown :-1 s=NONE pgs=0 cs=0 l=1 rev1=0 rx=0 tx=0).connect
2024-02-10T08:14:42.626 INFO:teuthology.orchestra.run.smithi067.stderr:/usr/bin/ceph:
2024-02-10T08:14:42.619+0000 7fa5abf3b700 1 -- --> [v2:172.21.15.67:3300/0,v1:172.21.15.67:6789/0] -- mon_getmap magic: 0 v1 -- 0x7fa5a41085b0 con 0x7fa5a40fbbc0
2024-02-10T08:14:42.626 INFO:teuthology.orchestra.run.smithi067.stderr:/usr/bin/ceph:
2024-02-10T08:14:42.619+0000 7fa5a9cd7700 1 --2- >> [v2:172.21.15.67:3300/0,v1:172.21.15.67:6789/0] conn(0x7fa5a40fbbc0 0x7fa5a41080c0 unknown :-1 s=BANNER_CONNECTING pgs=0 cs=0 l=1 rev1=0 rx=0 tx=0)._handle_peer_banner_payload supported=1 required=0
2024-02-10T08:14:42.626 INFO:teuthology.orchestra.run.smithi067.stderr:/usr/bin/ceph:
2024-02-10T08:14:42.619+0000 7fa5a9cd7700 1 --2- >> [v2:172.21.15.67:3300/0,v1:172.21.15.67:6789/0] conn(0x7fa5a40fbbc0 0x7fa5a41080c0 unknown :-1 s=HELLO_CONNECTING pgs=0 cs=0 l=1 rev1=1 rx=0 tx=0).handle_hello peer v2:172.21.15.67:3300/0 says I am v2:172.21.15.67:59236/0 (socket says 172.21.15.67:59236)
2024-02-10T08:14:42.626 INFO:teuthology.orchestra.run.smithi067.stderr:/usr/bin/ceph:
2024-02-10T08:14:42.619+0000 7fa5a9cd7700 1 -- 172.21.15.67:0/4189058126 learned_addr learned my addr 172.21.15.67:0/4189058126 (peer_addr_for_me v2:172.21.15.67:0/0)
2024-02-10T08:14:42.626 INFO:teuthology.orchestra.run.smithi067.stderr:/usr/bin/ceph:
2024-02-10T08:14:42.619+0000 7fa5a9cd7700 1 -- 172.21.15.67:0/4189058126 --> [v2:172.21.15.67:3300/0,v1:172.21.15.67:6789/0] -- mon_subscribe({config=0+,monmap=0+}) v3 -- 0x7fa5a000b610 con 0x7fa5a40fbbc0
2024-02-10T08:14:42.626 INFO:teuthology.orchestra.run.smithi067.stderr:/usr/bin/ceph:
2024-02-10T08:14:42.619+0000 7fa5a9cd7700 1 --2- 172.21.15.67:0/4189058126 >> [v2:172.21.15.67:3300/0,v1:172.21.15.67:6789/0] conn(0x7fa5a40fbbc0 0x7fa5a41080c0 secure :-1 s=READY pgs=56 cs=0 l=1 rev1=1 rx=0x7fa5a00109e0 tx=0x7fa5a000b3b0).ready entity=mon.0 client_cookie=0 server_cookie=0 in_seq=0 out_seq=0
2024-02-10T08:14:42.627 INFO:teuthology.orchestra.run.smithi067.stderr:/usr/bin/ceph:
2024-02-10T08:14:42.619+0000 7fa59affd700 1 -- 172.21.15.67:0/4189058126 <== mon.0 v2:172.21.15.67:3300/0 1 ==== mon_map magic: 0 v1 ==== 205+0+0 (secure 0 0 0) 0x7fa5a001e070 con 0x7fa5a40fbbc0
2024-02-10T08:14:42.627 INFO:teuthology.orchestra.run.smithi067.stderr:/usr/bin/ceph:
2024-02-10T08:14:42.619+0000 7fa59affd700 1 -- 172.21.15.67:0/4189058126 <== mon.0 v2:172.21.15.67:3300/0 2 ==== config(23 keys) v1 ==== 1041+0+0 (secure 0 0 0) 0x7fa5a0023420 con 0x7fa5a40fbbc0
2024-02-10T08:14:42.627 INFO:teuthology.orchestra.run.smithi067.stderr:/usr/bin/ceph:
2024-02-10T08:14:42.619+0000 7fa5abf3b700 1 -- 172.21.15.67:0/4189058126 --> [v2:172.21.15.67:3300/0,v1:172.21.15.67:6789/0] -- mon_subscribe({mgrmap=0+}) v3 -- 0x7fa5a41087b0 con 0x7fa5a40fbbc0
2024-02-10T08:14:42.627 INFO:teuthology.orchestra.run.smithi067.stderr:/usr/bin/ceph:
2024-02-10T08:14:42.619+0000 7fa59affd700 1 -- 172.21.15.67:0/4189058126 <== mon.0 v2:172.21.15.67:3300/0 3 ==== mon_map magic: 0 v1 ==== 205+0+0 (secure 0 0 0) 0x7fa5a0023e80 con 0x7fa5a40fbbc0
2024-02-10T08:14:42.627 INFO:teuthology.orchestra.run.smithi067.stderr:/usr/bin/ceph:
2024-02-10T08:14:42.619+0000 7fa5abf3b700 1 -- 172.21.15.67:0/4189058126 --> [v2:172.21.15.67:3300/0,v1:172.21.15.67:6789/0] -- mon_subscribe({osdmap=0}) v3 -- 0x7fa5a4108c40 con 0x7fa5a40fbbc0
2024-02-10T08:14:42.627 INFO:teuthology.orchestra.run.smithi067.stderr:/usr/bin/ceph:
2024-02-10T08:14:42.623+0000 7fa59affd700 1 -- 172.21.15.67:0/4189058126 <== mon.0 v2:172.21.15.67:3300/0 4 ==== mgrmap(e 9) v1 ==== 38630+0+0 (secure 0 0 0) 0x7fa5a0019af0 con 0x7fa5a40fbbc0
2024-02-10T08:14:42.628 INFO:teuthology.orchestra.run.smithi067.stderr:/usr/bin/ceph:
2024-02-10T08:14:42.623+0000 7fa59affd700 1 --2- 172.21.15.67:0/4189058126 >> [v2:172.21.15.67:6800/2933691832,v1:172.21.15.67:6801/2933691832] conn(0x7fa590032610 0x7fa590034ad0 unknown :-1 s=NONE pgs=0 cs=0 l=1 rev1=0 rx=0 tx=0).connect
2024-02-10T08:14:42.628 INFO:teuthology.orchestra.run.smithi067.stderr:/usr/bin/ceph:
2024-02-10T08:14:42.623+0000 7fa59affd700 1 -- 172.21.15.67:0/4189058126 --> [v2:172.21.15.67:6800/2933691832,v1:172.21.15.67:6801/2933691832] -- command(tid 0: {"prefix": "get_command_descriptions"}) v1 -- 0x7fa590035190 con 0x7fa590032610
2024-02-10T08:14:42.628 INFO:teuthology.orchestra.run.smithi067.stderr:/usr/bin/ceph:
2024-02-10T08:14:42.623+0000 7fa59affd700 1 -- 172.21.15.67:0/4189058126 <== mon.0 v2:172.21.15.67:3300/0 5 ==== osd_map(2..2 src has 1..2) v4 ==== 926+0+0 (secure 0 0 0) 0x7fa5a0047010 con 0x7fa5a40fbbc0
2024-02-10T08:14:42.628 INFO:teuthology.orchestra.run.smithi067.stderr:/usr/bin/ceph:
2024-02-10T08:14:42.623+0000 7fa5a94d6700 1 -- 172.21.15.67:0/4189058126 >> [v2:172.21.15.67:6800/2933691832,v1:172.21.15.67:6801/2933691832] conn(0x7fa590032610 msgr2=0x7fa590034ad0 unknown :-1 s=STATE_CONNECTING_RE l=1).process reconnect failed to v2:172.21.15.67:6800/2933691832
2024-02-10T08:14:42.628 INFO:teuthology.orchestra.run.smithi067.stderr:/usr/bin/ceph:
2024-02-10T08:14:42.623+0000 7fa5a94d6700 1 --2- 172.21.15.67:0/4189058126 >> [v2:172.21.15.67:6800/2933691832,v1:172.21.15.67:6801/2933691832] conn(0x7fa590032610 0x7fa590034ad0 unknown :-1 s=START_CONNECT pgs=0 cs=0 l=1 rev1=0 rx=0 tx=0)._fault waiting 0.200000
2024-02-10T08:14:42.831 INFO:teuthology.orchestra.run.smithi067.stderr:/usr/bin/ceph:
2024-02-10T08:14:42.827+0000 7fa5a94d6700 1 -- 172.21.15.67:0/4189058126 >> [v2:172.21.15.67:6800/2933691832,v1:172.21.15.67:6801/2933691832] conn(0x7fa590032610 msgr2=0x7fa590034ad0 unknown :-1 s=STATE_CONNECTING_RE l=1).process reconnect failed to v2:172.21.15.67:6800/2933691832
2024-02-10T08:14:42.831 INFO:teuthology.orchestra.run.smithi067.stderr:/usr/bin/ceph:
2024-02-10T08:14:42.827+0000 7fa5a94d6700 1 --2- 172.21.15.67:0/4189058126 >> [v2:172.21.15.67:6800/2933691832,v1:172.21.15.67:6801/2933691832] conn(0x7fa590032610 0x7fa590034ad0 unknown :-1 s=START_CONNECT pgs=0 cs=0 l=1 rev1=0 rx=0 tx=0)._fault waiting 0.400000
2024-02-10T08:14:43.235 INFO:teuthology.orchestra.run.smithi067.stderr:/usr/bin/ceph:
2024-02-10T08:14:43.231+0000 7fa5a94d6700 1 -- 172.21.15.67:0/4189058126 >> [v2:172.21.15.67:6800/2933691832,v1:172.21.15.67:6801/2933691832] conn(0x7fa590032610 msgr2=0x7fa590034ad0 unknown :-1 s=STATE_CONNECTING_RE l=1).process reconnect failed to v2:172.21.15.67:6800/2933691832
2024-02-10T08:14:43.235 INFO:teuthology.orchestra.run.smithi067.stderr:/usr/bin/ceph:
2024-02-10T08:14:43.231+0000 7fa5a94d6700 1 --2- 172.21.15.67:0/4189058126 >> [v2:172.21.15.67:6800/2933691832,v1:172.21.15.67:6801/2933691832] conn(0x7fa590032610 0x7fa590034ad0 unknown :-1 s=START_CONNECT pgs=0 cs=0 l=1 rev1=0 rx=0 tx=0)._fault waiting 0.800000
2024-02-10T08:14:43.620 INFO:journalctl@ceph.mgr.y.smithi067.stdout:Feb 10 08:14:43 smithi067 bash[17647]: debug
2024-02-10T08:14:43.331+0000 7f964d592680 -1 mgr[py] Module rook has missing NOTIFY_TYPES member
2024-02-10T08:14:43.620 INFO:journalctl@ceph.mgr.y.smithi067.stdout:Feb 10 08:14:43 smithi067 bash[17647]: debug
2024-02-10T08:14:43.435+0000 7f964d592680 -1 mgr[py] Module selftest has missing NOTIFY_TYPES member
2024-02-10T08:14:43.620 INFO:journalctl@ceph.mgr.y.smithi067.stdout:Feb 10 08:14:43 smithi067 bash[17647]: debug
2024-02-10T08:14:43.559+0000 7f964d592680 -1 mgr[py] Module snap_schedule has missing NOTIFY_TYPES member
2024-02-10T08:14:44.039 INFO:teuthology.orchestra.run.smithi067.stderr:/usr/bin/ceph:
2024-02-10T08:14:44.035+0000 7fa5a94d6700 1 -- 172.21.15.67:0/4189058126 >> [v2:172.21.15.67:6800/2933691832,v1:172.21.15.67:6801/2933691832] conn(0x7fa590032610 msgr2=0x7fa590034ad0 unknown :-1 s=STATE_CONNECTING_RE l=1).process reconnect failed to v2:172.21.15.67:6800/2933691832
2024-02-10T08:14:44.039 INFO:teuthology.orchestra.run.smithi067.stderr:/usr/bin/ceph:
2024-02-10T08:14:44.035+0000 7fa5a94d6700 1 --2- 172.21.15.67:0/4189058126 >> [v2:172.21.15.67:6800/2933691832,v1:172.21.15.67:6801/2933691832] conn(0x7fa590032610 0x7fa590034ad0 unknown :-1 s=START_CONNECT pgs=0 cs=0 l=1 rev1=0 rx=0 tx=0)._fault waiting 1.600000
2024-02-10T08:14:44.089 INFO:journalctl@ceph.mgr.y.smithi067.stdout:Feb 10 08:14:43 smithi067 bash[17647]: debug
2024-02-10T08:14:43.783+0000 7f964d592680 -1 mgr[py] Module status has missing NOTIFY_TYPES member
2024-02-10T08:14:44.370 INFO:journalctl@ceph.mgr.y.smithi067.stdout:Feb 10 08:14:44 smithi067 bash[17647]: debug
2024-02-10T08:14:44.083+0000 7f964d592680 -1 mgr[py] Module telegraf has missing NOTIFY_TYPES member
2024-02-10T08:14:44.370 INFO:journalctl@ceph.mgr.y.smithi067.stdout:Feb 10 08:14:44 smithi067 bash[17647]: debug
2024-02-10T08:14:44.251+0000 7f964d592680 -1 mgr[py] Module telemetry has missing NOTIFY_TYPES member
2024-02-10T08:14:44.771 INFO:journalctl@ceph.mgr.y.smithi067.stdout:Feb 10 08:14:44 smithi067 bash[17647]: debug
2024-02-10T08:14:44.431+0000 7f964d592680 -1 mgr[py] Module test_orchestrator has missing NOTIFY_TYPES member
2024-02-10T08:14:44.771 INFO:journalctl@ceph.mgr.y.smithi067.stdout:Feb 10 08:14:44 smithi067 bash[17647]: debug
2024-02-10T08:14:44.651+0000 7f964d592680 -1 mgr[py] Module volumes has missing NOTIFY_TYPES member
2024-02-10T08:14:44.800 INFO:teuthology.orchestra.run.smithi067.stderr:/usr/bin/ceph:
2024-02-10T08:14:44.795+0000 7fa59affd700 1 -- 172.21.15.67:0/4189058126 <== mon.0 v2:172.21.15.67:3300/0 6 ==== mgrmap(e 10) v1 ==== 38454+0+0 (secure 0 0 0) 0x7fa5a002d440 con 0x7fa5a40fbbc0
2024-02-10T08:14:44.800 INFO:teuthology.orchestra.run.smithi067.stderr:/usr/bin/ceph:
2024-02-10T08:14:44.795+0000 7fa59affd700 1 -- 172.21.15.67:0/4189058126 >> [v2:172.21.15.67:6800/2933691832,v1:172.21.15.67:6801/2933691832] conn(0x7fa590032610 msgr2=0x7fa590034ad0 unknown :-1 s=STATE_CONNECTING l=1).mark_down
2024-02-10T08:14:44.800 INFO:teuthology.orchestra.run.smithi067.stderr:/usr/bin/ceph:
2024-02-10T08:14:44.795+0000 7fa59affd700 1 --2- 172.21.15.67:0/4189058126 >> [v2:172.21.15.67:6800/2933691832,v1:172.21.15.67:6801/2933691832] conn(0x7fa590032610 0x7fa590034ad0 unknown :-1 s=START_CONNECT pgs=0 cs=0 l=1 rev1=0 rx=0 tx=0).stop
2024-02-10T08:14:45.030 INFO:journalctl@ceph.mgr.y.smithi067.stdout:Feb 10 08:14:44 smithi067 bash[17647]: debug
2024-02-10T08:14:44.763+0000 7f964d592680 -1 mgr[py] Module zabbix has missing NOTIFY_TYPES member
2024-02-10T08:14:45.030 INFO:journalctl@ceph.mon.a.smithi067.stdout:Feb 10 08:14:44 smithi067 bash[17385]: cluster
2024-02-10T08:14:44.793079+0000 mon.a (mon.0) 66 : cluster [INF] Active manager daemon y restarted
2024-02-10T08:14:45.030 INFO:journalctl@ceph.mon.a.smithi067.stdout:Feb 10 08:14:44 smithi067 bash[17385]: cluster
2024-02-10T08:14:44.793538+0000 mon.a (mon.0) 67 : cluster [INF] Activating manager daemon y
2024-02-10T08:14:45.030 INFO:journalctl@ceph.mon.a.smithi067.stdout:Feb 10 08:14:44 smithi067 bash[17385]: cluster
2024-02-10T08:14:44.801226+0000 mon.a (mon.0) 68 : cluster [DBG] osdmap e3: 0 total, 0 up, 0 in
2024-02-10T08:14:45.031 INFO:journalctl@ceph.mon.a.smithi067.stdout:Feb 10 08:14:44 smithi067 bash[17385]: cluster
2024-02-10T08:14:44.801416+0000 mon.a (mon.0) 69 : cluster [DBG] mgrmap e10: y(active, starting, since 0.00805332s)
2024-02-10T08:14:45.031 INFO:journalctl@ceph.mon.a.smithi067.stdout:Feb 10 08:14:44 smithi067 bash[17385]: audit
2024-02-10T08:14:44.802432+0000 mon.a (mon.0) 70 : audit [DBG] from='mgr.14146 172.21.15.67:0/1646746415' entity='mgr.y' cmd=[{"prefix": "mon metadata", "id": "a"}]: dispatch
2024-02-10T08:14:45.031 INFO:journalctl@ceph.mon.a.smithi067.stdout:Feb 10 08:14:44 smithi067 bash[17385]: audit
2024-02-10T08:14:44.803736+0000 mon.a (mon.0) 71 : audit [DBG] from='mgr.14146 172.21.15.67:0/1646746415' entity='mgr.y' cmd=[{"prefix": "mgr metadata", "who": "y", "id": "y"}]: dispatch
2024-02-10T08:14:45.031 INFO:journalctl@ceph.mon.a.smithi067.stdout:Feb 10 08:14:44 smithi067 bash[17385]: audit
2024-02-10T08:14:44.804905+0000 mon.a (mon.0) 72 : audit [DBG] from='mgr.14146 172.21.15.67:0/1646746415' entity='mgr.y' cmd=[{"prefix": "mds metadata"}]: dispatch
2024-02-10T08:14:45.031 INFO:journalctl@ceph.mon.a.smithi067.stdout:Feb 10 08:14:44 smithi067 bash[17385]: audit
2024-02-10T08:14:44.805108+0000 mon.a (mon.0) 73 : audit [DBG] from='mgr.14146 172.21.15.67:0/1646746415' entity='mgr.y' cmd=[{"prefix": "osd metadata"}]: dispatch
2024-02-10T08:14:45.031 INFO:journalctl@ceph.mon.a.smithi067.stdout:Feb 10 08:14:44 smithi067 bash[17385]: audit
2024-02-10T08:14:44.805309+0000 mon.a (mon.0) 74 : audit [DBG] from='mgr.14146 172.21.15.67:0/1646746415' entity='mgr.y' cmd=[{"prefix": "mon metadata"}]: dispatch
2024-02-10T08:14:45.031 INFO:journalctl@ceph.mon.a.smithi067.stdout:Feb 10 08:14:44 smithi067 bash[17385]: cluster
2024-02-10T08:14:44.809225+0000 mon.a (mon.0) 75 : cluster [INF] Manager daemon y is now available
2024-02-10T08:14:45.370 INFO:journalctl@ceph.mgr.y.smithi067.stdout:Feb 10 08:14:45 smithi067 bash[17647]: Warning: Permanently added '172.21.15.67' (ECDSA) to the list of known hosts.
2024-02-10T08:14:45.801 INFO:teuthology.orchestra.run.smithi067.stderr:/usr/bin/ceph:
2024-02-10T08:14:45.795+0000 7fa59affd700 1 -- 172.21.15.67:0/4189058126 <== mon.0 v2:172.21.15.67:3300/0 7 ==== mgrmap(e 11) v1 ==== 38524+0+0 (secure 0 0 0) 0x7fa5a000fa70 con 0x7fa5a40fbbc0
2024-02-10T08:14:45.802 INFO:teuthology.orchestra.run.smithi067.stderr:/usr/bin/ceph:
2024-02-10T08:14:45.795+0000 7fa59affd700 1 --2- 172.21.15.67:0/4189058126 >> [v2:172.21.15.67:6800/4022632212,v1:172.21.15.67:6801/4022632212] conn(0x7fa590036190 0x7fa590038580 unknown :-1 s=NONE pgs=0 cs=0 l=1 rev1=0 rx=0 tx=0).connect
2024-02-10T08:14:45.802 INFO:teuthology.orchestra.run.smithi067.stderr:/usr/bin/ceph:
2024-02-10T08:14:45.795+0000 7fa59affd700 1 -- 172.21.15.67:0/4189058126 --> [v2:172.21.15.67:6800/4022632212,v1:172.21.15.67:6801/4022632212] -- command(tid 0: {"prefix": "get_command_descriptions"}) v1 -- 0x7fa590035190 con 0x7fa590036190
2024-02-10T08:14:45.802 INFO:teuthology.orchestra.run.smithi067.stderr:/usr/bin/ceph:
2024-02-10T08:14:45.795+0000 7fa5a94d6700 1 --2- 172.21.15.67:0/4189058126 >> [v2:172.21.15.67:6800/4022632212,v1:172.21.15.67:6801/4022632212] conn(0x7fa590036190 0x7fa590038580 unknown :-1 s=BANNER_CONNECTING pgs=0 cs=0 l=1 rev1=0 rx=0 tx=0)._handle_peer_banner_payload supported=1 required=0
2024-02-10T08:14:45.803 INFO:teuthology.orchestra.run.smithi067.stderr:/usr/bin/ceph:
2024-02-10T08:14:45.799+0000 7fa5a94d6700 1 --2- 172.21.15.67:0/4189058126 >> [v2:172.21.15.67:6800/4022632212,v1:172.21.15.67:6801/4022632212] conn(0x7fa590036190 0x7fa590038580 secure :-1 s=READY pgs=1 cs=0 l=1 rev1=1 rx=0x7fa594003850 tx=0x7fa594006e60).ready entity=mgr.14146 client_cookie=0 server_cookie=0 in_seq=0 out_seq=0
2024-02-10T08:14:45.805 INFO:teuthology.orchestra.run.smithi067.stderr:/usr/bin/ceph:
2024-02-10T08:14:45.799+0000 7fa59affd700 1 -- 172.21.15.67:0/4189058126 <== mgr.14146 v2:172.21.15.67:6800/4022632212 1 ==== command_reply(tid 0: 0 ) v1 ==== 8+0+6438 (secure 0 0 0) 0x7fa590035190 con 0x7fa590036190
2024-02-10T08:14:45.816 INFO:teuthology.orchestra.run.smithi067.stderr:/usr/bin/ceph:
2024-02-10T08:14:45.811+0000 7fa5abf3b700 1 -- 172.21.15.67:0/4189058126 --> [v2:172.21.15.67:6800/4022632212,v1:172.21.15.67:6801/4022632212] -- command(tid 1: {"prefix": "mgr_status"}) v1 -- 0x7fa5a405a3b0 con 0x7fa590036190
2024-02-10T08:14:45.817 INFO:teuthology.orchestra.run.smithi067.stderr:/usr/bin/ceph:
2024-02-10T08:14:45.811+0000 7fa59affd700 1 -- 172.21.15.67:0/4189058126 <== mgr.14146 v2:172.21.15.67:6800/4022632212 2 ==== command_reply(tid 1: 0 ) v1 ==== 8+0+52 (secure 0 0 0) 0x7fa5a405a3b0 con 0x7fa590036190
2024-02-10T08:14:45.817 INFO:teuthology.orchestra.run.smithi067.stderr:/usr/bin/ceph: {
2024-02-10T08:14:45.818 INFO:teuthology.orchestra.run.smithi067.stderr:/usr/bin/ceph: "mgrmap_epoch": 11,
2024-02-10T08:14:45.818 INFO:teuthology.orchestra.run.smithi067.stderr:/usr/bin/ceph: "initialized": true
2024-02-10T08:14:45.818 INFO:teuthology.orchestra.run.smithi067.stderr:/usr/bin/ceph: }
2024-02-10T08:14:45.819 INFO:teuthology.orchestra.run.smithi067.stderr:/usr/bin/ceph:
2024-02-10T08:14:45.811+0000 7fa5abf3b700 1 -- 172.21.15.67:0/4189058126 >> [v2:172.21.15.67:6800/4022632212,v1:172.21.15.67:6801/4022632212] conn(0x7fa590036190 msgr2=0x7fa590038580 secure :-1 s=STATE_CONNECTION_ESTABLISHED l=1).mark_down
2024-02-10T08:14:45.819 INFO:teuthology.orchestra.run.smithi067.stderr:/usr/bin/ceph:
2024-02-10T08:14:45.811+0000 7fa5abf3b700 1 --2- 172.21.15.67:0/4189058126 >> [v2:172.21.15.67:6800/4022632212,v1:172.21.15.67:6801/4022632212] conn(0x7fa590036190 0x7fa590038580 secure :-1 s=READY pgs=1 cs=0 l=1 rev1=1 rx=0x7fa594003850 tx=0x7fa594006e60).stop
2024-02-10T08:14:45.819 INFO:teuthology.orchestra.run.smithi067.stderr:/usr/bin/ceph:
2024-02-10T08:14:45.811+0000 7fa5abf3b700 1 -- 172.21.15.67:0/4189058126 >> [v2:172.21.15.67:3300/0,v1:172.21.15.67:6789/0] conn(0x7fa5a40fbbc0 msgr2=0x7fa5a41080c0 secure :-1 s=STATE_CONNECTION_ESTABLISHED l=1).mark_down
2024-02-10T08:14:45.820 INFO:teuthology.orchestra.run.smithi067.stderr:/usr/bin/ceph:
2024-02-10T08:14:45.811+0000 7fa5abf3b700 1 --2- 172.21.15.67:0/4189058126 >> [v2:172.21.15.67:3300/0,v1:172.21.15.67:6789/0] conn(0x7fa5a40fbbc0 0x7fa5a41080c0 secure :-1 s=READY pgs=56 cs=0 l=1 rev1=1 rx=0x7fa5a00109e0 tx=0x7fa5a000b3b0).stop
2024-02-10T08:14:45.820 INFO:teuthology.orchestra.run.smithi067.stderr:/usr/bin/ceph:
2024-02-10T08:14:45.811+0000 7fa5abf3b700 1 -- 172.21.15.67:0/4189058126 shutdown_connections
2024-02-10T08:14:45.820 INFO:teuthology.orchestra.run.smithi067.stderr:/usr/bin/ceph:
2024-02-10T08:14:45.811+0000 7fa5abf3b700 1 --2- 172.21.15.67:0/4189058126 >> [v2:172.21.15.67:6800/4022632212,v1:172.21.15.67:6801/4022632212] conn(0x7fa590036190 0x7fa590038580 unknown :-1 s=CLOSED pgs=1 cs=0 l=1 rev1=1 rx=0 tx=0).stop
2024-02-10T08:14:45.820 INFO:teuthology.orchestra.run.smithi067.stderr:/usr/bin/ceph:
2024-02-10T08:14:45.811+0000 7fa5abf3b700 1 --2- 172.21.15.67:0/4189058126 >> [v2:172.21.15.67:3300/0,v1:172.21.15.67:6789/0] conn(0x7fa5a40fbbc0 0x7fa5a41080c0 unknown :-1 s=CLOSED pgs=56 cs=0 l=1 rev1=1 rx=0 tx=0).stop
2024-02-10T08:14:45.820 INFO:teuthology.orchestra.run.smithi067.stderr:/usr/bin/ceph:
2024-02-10T08:14:45.811+0000 7fa5abf3b700 1 --2- 172.21.15.67:0/4189058126 >> [v2:172.21.15.67:6800/2933691832,v1:172.21.15.67:6801/2933691832] conn(0x7fa590032610 0x7fa590034ad0 unknown :-1 s=CLOSED pgs=0 cs=0 l=1 rev1=0 rx=0 tx=0).stop
2024-02-10T08:14:45.820 INFO:teuthology.orchestra.run.smithi067.stderr:/usr/bin/ceph:
2024-02-10T08:14:45.811+0000 7fa5abf3b700 1 -- 172.21.15.67:0/4189058126 >> 172.21.15.67:0/4189058126 conn(0x7fa5a40f5460 msgr2=0x7fa5a40ff370 unknown :-1 s=STATE_NONE l=0).mark_down
2024-02-10T08:14:45.820 INFO:teuthology.orchestra.run.smithi067.stderr:/usr/bin/ceph:
2024-02-10T08:14:45.811+0000 7fa5abf3b700 1 -- 172.21.15.67:0/4189058126 shutdown_connections
2024-02-10T08:14:45.820 INFO:teuthology.orchestra.run.smithi067.stderr:/usr/bin/ceph:
2024-02-10T08:14:45.811+0000 7fa5abf3b700 1 -- 172.21.15.67:0/4189058126 wait complete.
2024-02-10T08:14:46.120 INFO:journalctl@ceph.mon.a.smithi067.stdout:Feb 10 08:14:45 smithi067 bash[17385]: audit
2024-02-10T08:14:44.957511+0000 mon.a (mon.0) 76 : audit [DBG] from='mgr.14146 172.21.15.67:0/1646746415' entity='mgr.y' cmd=[{"prefix": "config dump", "format": "json"}]: dispatch
2024-02-10T08:14:46.120 INFO:journalctl@ceph.mon.a.smithi067.stdout:Feb 10 08:14:45 smithi067 bash[17385]: audit
2024-02-10T08:14:44.960538+0000 mon.a (mon.0) 77 : audit [DBG] from='mgr.14146 172.21.15.67:0/1646746415' entity='mgr.y' cmd=[{"prefix": "config dump", "format": "json"}]: dispatch
2024-02-10T08:14:46.120 INFO:journalctl@ceph.mon.a.smithi067.stdout:Feb 10 08:14:45 smithi067 bash[17385]: audit
2024-02-10T08:14:45.005487+0000 mon.a (mon.0) 78 : audit [INF] from='mgr.14146 172.21.15.67:0/1646746415' entity='mgr.y' cmd=[{"prefix":"config rm","who":"mgr","name":"mgr/rbd_support/y/mirror_snapshot_schedule"}]: dispatch
2024-02-10T08:14:46.120 INFO:journalctl@ceph.mon.a.smithi067.stdout:Feb 10 08:14:45 smithi067 bash[17385]: audit
2024-02-10T08:14:45.011440+0000 mon.a (mon.0) 79 : audit [INF] from='mgr.14146 172.21.15.67:0/1646746415' entity='mgr.y' cmd=[{"prefix":"config rm","who":"mgr","name":"mgr/rbd_support/y/trash_purge_schedule"}]: dispatch
2024-02-10T08:14:46.120 INFO:journalctl@ceph.mon.a.smithi067.stdout:Feb 10 08:14:45 smithi067 bash[17385]: cluster
2024-02-10T08:14:45.804471+0000 mon.a (mon.0) 80 : cluster [DBG] mgrmap e11: y(active, since 1.0111s)
2024-02-10T08:14:46.478 INFO:teuthology.orchestra.run.smithi067.stderr:mgr epoch 9 is available
2024-02-10T08:14:46.478 INFO:teuthology.orchestra.run.smithi067.stderr:Generating a dashboard self-signed certificate...
2024-02-10T08:14:47.120 INFO:journalctl@ceph.mon.a.smithi067.stdout:Feb 10 08:14:46 smithi067 bash[17385]: audit
2024-02-10T08:14:45.804126+0000 mgr.y (mgr.14146) 1 : audit [DBG] from='client.14150 -' entity='client.admin' cmd=[{"prefix": "get_command_descriptions"}]: dispatch
2024-02-10T08:14:47.120 INFO:journalctl@ceph.mon.a.smithi067.stdout:Feb 10 08:14:46 smithi067 bash[17385]: audit
2024-02-10T08:14:45.817264+0000 mgr.y (mgr.14146) 2 : audit [DBG] from='client.14150 -' entity='client.admin' cmd=[{"prefix": "mgr_status"}]: dispatch
2024-02-10T08:14:47.444 INFO:teuthology.orchestra.run.smithi067.stderr:/usr/bin/ceph:
2024-02-10T08:14:47.439+0000 7f34f1aaa700 1 Processor -- start
2024-02-10T08:14:47.444 INFO:teuthology.orchestra.run.smithi067.stderr:/usr/bin/ceph:
2024-02-10T08:14:47.439+0000 7f34f1aaa700 1 -- start start
2024-02-10T08:14:47.444 INFO:teuthology.orchestra.run.smithi067.stderr:/usr/bin/ceph:
2024-02-10T08:14:47.439+0000 7f34f1aaa700 1 --2- >> [v2:172.21.15.67:3300/0,v1:172.21.15.67:6789/0] conn(0x7f34ec0fd8d0 0x7f34ec0fdcf0 unknown :-1 s=NONE pgs=0 cs=0 l=0 rev1=0 rx=0 tx=0).connect
2024-02-10T08:14:47.444 INFO:teuthology.orchestra.run.smithi067.stderr:/usr/bin/ceph:
2024-02-10T08:14:47.439+0000 7f34f1aaa700 1 -- --> [v2:172.21.15.67:3300/0,v1:172.21.15.67:6789/0] -- mon_getmap magic: 0 v1 -- 0x7f34ec0fe270 con 0x7f34ec0fd8d0
2024-02-10T08:14:47.444 INFO:teuthology.orchestra.run.smithi067.stderr:/usr/bin/ceph:
2024-02-10T08:14:47.439+0000 7f34eb7fe700 1 --2- >> [v2:172.21.15.67:3300/0,v1:172.21.15.67:6789/0] conn(0x7f34ec0fd8d0 0x7f34ec0fdcf0 unknown :-1 s=BANNER_CONNECTING pgs=0 cs=0 l=0 rev1=0 rx=0 tx=0)._handle_peer_banner_payload supported=1 required=0
2024-02-10T08:14:47.445 INFO:teuthology.orchestra.run.smithi067.stderr:/usr/bin/ceph:
2024-02-10T08:14:47.439+0000 7f34eb7fe700 1 --2- >> [v2:172.21.15.67:3300/0,v1:172.21.15.67:6789/0] conn(0x7f34ec0fd8d0 0x7f34ec0fdcf0 unknown :-1 s=HELLO_CONNECTING pgs=0 cs=0 l=0 rev1=1 rx=0 tx=0).handle_hello peer v2:172.21.15.67:3300/0 says I am v2:172.21.15.67:44904/0 (socket says 172.21.15.67:44904)
2024-02-10T08:14:47.445 INFO:teuthology.orchestra.run.smithi067.stderr:/usr/bin/ceph:
2024-02-10T08:14:47.439+0000 7f34eb7fe700 1 -- 172.21.15.67:0/3430493554 learned_addr learned my addr 172.21.15.67:0/3430493554 (peer_addr_for_me v2:172.21.15.67:0/0)
2024-02-10T08:14:47.445 INFO:teuthology.orchestra.run.smithi067.stderr:/usr/bin/ceph:
2024-02-10T08:14:47.439+0000 7f34eb7fe700 1 -- 172.21.15.67:0/3430493554 --> [v2:172.21.15.67:3300/0,v1:172.21.15.67:6789/0] -- mon_subscribe({config=0+,monmap=0+}) v3 -- 0x7f34ec0fe3b0 con 0x7f34ec0fd8d0
2024-02-10T08:14:47.445 INFO:teuthology.orchestra.run.smithi067.stderr:/usr/bin/ceph:
2024-02-10T08:14:47.439+0000 7f34eb7fe700 1 --2- 172.21.15.67:0/3430493554 >> [v2:172.21.15.67:3300/0,v1:172.21.15.67:6789/0] conn(0x7f34ec0fd8d0 0x7f34ec0fdcf0 secure :-1 s=READY pgs=62 cs=0 l=1 rev1=1 rx=0x7f34dc009730 tx=0x7f34dc0090f0).ready entity=mon.0 client_cookie=8823ecbc3c88f988 server_cookie=0 in_seq=0 out_seq=0
2024-02-10T08:14:47.446 INFO:teuthology.orchestra.run.smithi067.stderr:/usr/bin/ceph:
2024-02-10T08:14:47.439+0000 7f34ea7fc700 1 -- 172.21.15.67:0/3430493554 <== mon.0 v2:172.21.15.67:3300/0 1 ==== mon_map magic: 0 v1 ==== 205+0+0 (secure 0 0 0) 0x7f34dc00b580 con 0x7f34ec0fd8d0
2024-02-10T08:14:47.446 INFO:teuthology.orchestra.run.smithi067.stderr:/usr/bin/ceph:
2024-02-10T08:14:47.439+0000 7f34ea7fc700 1 -- 172.21.15.67:0/3430493554 <== mon.0 v2:172.21.15.67:3300/0 2 ==== config(23 keys) v1 ==== 1041+0+0 (secure 0 0 0) 0x7f34dc00bb70 con 0x7f34ec0fd8d0
2024-02-10T08:14:47.446 INFO:teuthology.orchestra.run.smithi067.stderr:/usr/bin/ceph:
