2024-02-10T08:14:47.439+0000 7f34ea7fc700 1 -- 172.21.15.67:0/3430493554 <== mon.0 v2:172.21.15.67:3300/0 3 ==== mon_map magic: 0 v1 ==== 205+0+0 (secure 0 0 0) 0x7f34dc011a90 con 0x7f34ec0fd8d0
2024-02-10T08:14:47.447 INFO:teuthology.orchestra.run.smithi067.stderr:/usr/bin/ceph:
2024-02-10T08:14:47.439+0000 7f34f1aaa700 1 -- 172.21.15.67:0/3430493554 >> [v2:172.21.15.67:3300/0,v1:172.21.15.67:6789/0] conn(0x7f34ec0fd8d0 msgr2=0x7f34ec0fdcf0 secure :-1 s=STATE_CONNECTION_ESTABLISHED l=1).mark_down
2024-02-10T08:14:47.447 INFO:teuthology.orchestra.run.smithi067.stderr:/usr/bin/ceph:
2024-02-10T08:14:47.439+0000 7f34f1aaa700 1 --2- 172.21.15.67:0/3430493554 >> [v2:172.21.15.67:3300/0,v1:172.21.15.67:6789/0] conn(0x7f34ec0fd8d0 0x7f34ec0fdcf0 secure :-1 s=READY pgs=62 cs=0 l=1 rev1=1 rx=0x7f34dc009730 tx=0x7f34dc0090f0).stop
2024-02-10T08:14:47.447 INFO:teuthology.orchestra.run.smithi067.stderr:/usr/bin/ceph:
2024-02-10T08:14:47.439+0000 7f34f1aaa700 1 -- 172.21.15.67:0/3430493554 shutdown_connections
2024-02-10T08:14:47.447 INFO:teuthology.orchestra.run.smithi067.stderr:/usr/bin/ceph:
2024-02-10T08:14:47.439+0000 7f34f1aaa700 1 --2- 172.21.15.67:0/3430493554 >> [v2:172.21.15.67:3300/0,v1:172.21.15.67:6789/0] conn(0x7f34ec0fd8d0 0x7f34ec0fdcf0 unknown :-1 s=CLOSED pgs=62 cs=0 l=1 rev1=1 rx=0 tx=0).stop
2024-02-10T08:14:47.447 INFO:teuthology.orchestra.run.smithi067.stderr:/usr/bin/ceph:
2024-02-10T08:14:47.443+0000 7f34f1aaa700 1 -- 172.21.15.67:0/3430493554 >> 172.21.15.67:0/3430493554 conn(0x7f34ec070e40 msgr2=0x7f34ec071270 unknown :-1 s=STATE_NONE l=0).mark_down
2024-02-10T08:14:47.447 INFO:teuthology.orchestra.run.smithi067.stderr:/usr/bin/ceph:
2024-02-10T08:14:47.443+0000 7f34f1aaa700 1 -- 172.21.15.67:0/3430493554 shutdown_connections
2024-02-10T08:14:47.447 INFO:teuthology.orchestra.run.smithi067.stderr:/usr/bin/ceph:
2024-02-10T08:14:47.443+0000 7f34f1aaa700 1 -- 172.21.15.67:0/3430493554 wait complete.
2024-02-10T08:14:47.449 INFO:teuthology.orchestra.run.smithi067.stderr:/usr/bin/ceph:
2024-02-10T08:14:47.443+0000 7f34f1aaa700 1 Processor -- start
2024-02-10T08:14:47.449 INFO:teuthology.orchestra.run.smithi067.stderr:/usr/bin/ceph:
2024-02-10T08:14:47.443+0000 7f34f1aaa700 1 -- start start
2024-02-10T08:14:47.449 INFO:teuthology.orchestra.run.smithi067.stderr:/usr/bin/ceph:
2024-02-10T08:14:47.443+0000 7f34f1aaa700 1 --2- >> [v2:172.21.15.67:3300/0,v1:172.21.15.67:6789/0] conn(0x7f34ec0fd8d0 0x7f34ec10c490 unknown :-1 s=NONE pgs=0 cs=0 l=1 rev1=0 rx=0 tx=0).connect
2024-02-10T08:14:47.449 INFO:teuthology.orchestra.run.smithi067.stderr:/usr/bin/ceph:
2024-02-10T08:14:47.443+0000 7f34f1aaa700 1 -- --> [v2:172.21.15.67:3300/0,v1:172.21.15.67:6789/0] -- mon_getmap magic: 0 v1 -- 0x7f34ec10c980 con 0x7f34ec0fd8d0
2024-02-10T08:14:47.449 INFO:teuthology.orchestra.run.smithi067.stderr:/usr/bin/ceph:
2024-02-10T08:14:47.443+0000 7f34eb7fe700 1 --2- >> [v2:172.21.15.67:3300/0,v1:172.21.15.67:6789/0] conn(0x7f34ec0fd8d0 0x7f34ec10c490 unknown :-1 s=BANNER_CONNECTING pgs=0 cs=0 l=1 rev1=0 rx=0 tx=0)._handle_peer_banner_payload supported=1 required=0
2024-02-10T08:14:47.449 INFO:teuthology.orchestra.run.smithi067.stderr:/usr/bin/ceph:
2024-02-10T08:14:47.443+0000 7f34eb7fe700 1 --2- >> [v2:172.21.15.67:3300/0,v1:172.21.15.67:6789/0] conn(0x7f34ec0fd8d0 0x7f34ec10c490 unknown :-1 s=HELLO_CONNECTING pgs=0 cs=0 l=1 rev1=1 rx=0 tx=0).handle_hello peer v2:172.21.15.67:3300/0 says I am v2:172.21.15.67:44920/0 (socket says 172.21.15.67:44920)
2024-02-10T08:14:47.449 INFO:teuthology.orchestra.run.smithi067.stderr:/usr/bin/ceph:
2024-02-10T08:14:47.443+0000 7f34eb7fe700 1 -- 172.21.15.67:0/3917170785 learned_addr learned my addr 172.21.15.67:0/3917170785 (peer_addr_for_me v2:172.21.15.67:0/0)
2024-02-10T08:14:47.449 INFO:teuthology.orchestra.run.smithi067.stderr:/usr/bin/ceph:
2024-02-10T08:14:47.443+0000 7f34eb7fe700 1 -- 172.21.15.67:0/3917170785 --> [v2:172.21.15.67:3300/0,v1:172.21.15.67:6789/0] -- mon_subscribe({config=0+,monmap=0+}) v3 -- 0x7f34dc009370 con 0x7f34ec0fd8d0
2024-02-10T08:14:47.450 INFO:teuthology.orchestra.run.smithi067.stderr:/usr/bin/ceph:
2024-02-10T08:14:47.443+0000 7f34eb7fe700 1 --2- 172.21.15.67:0/3917170785 >> [v2:172.21.15.67:3300/0,v1:172.21.15.67:6789/0] conn(0x7f34ec0fd8d0 0x7f34ec10c490 secure :-1 s=READY pgs=63 cs=0 l=1 rev1=1 rx=0x7f34dc0092b0 tx=0x7f34dc0090f0).ready entity=mon.0 client_cookie=0 server_cookie=0 in_seq=0 out_seq=0
2024-02-10T08:14:47.450 INFO:teuthology.orchestra.run.smithi067.stderr:/usr/bin/ceph:
2024-02-10T08:14:47.443+0000 7f34e8f74700 1 -- 172.21.15.67:0/3917170785 <== mon.0 v2:172.21.15.67:3300/0 1 ==== mon_map magic: 0 v1 ==== 205+0+0 (secure 0 0 0) 0x7f34dc01a640 con 0x7f34ec0fd8d0
2024-02-10T08:14:47.450 INFO:teuthology.orchestra.run.smithi067.stderr:/usr/bin/ceph:
2024-02-10T08:14:47.443+0000 7f34e8f74700 1 -- 172.21.15.67:0/3917170785 <== mon.0 v2:172.21.15.67:3300/0 2 ==== config(23 keys) v1 ==== 1041+0+0 (secure 0 0 0) 0x7f34dc01ac30 con 0x7f34ec0fd8d0
2024-02-10T08:14:47.450 INFO:teuthology.orchestra.run.smithi067.stderr:/usr/bin/ceph:
2024-02-10T08:14:47.443+0000 7f34e8f74700 1 -- 172.21.15.67:0/3917170785 <== mon.0 v2:172.21.15.67:3300/0 3 ==== mon_map magic: 0 v1 ==== 205+0+0 (secure 0 0 0) 0x7f34dc022900 con 0x7f34ec0fd8d0
2024-02-10T08:14:47.450 INFO:teuthology.orchestra.run.smithi067.stderr:/usr/bin/ceph:
2024-02-10T08:14:47.443+0000 7f34f1aaa700 1 -- 172.21.15.67:0/3917170785 --> [v2:172.21.15.67:3300/0,v1:172.21.15.67:6789/0] -- mon_subscribe({mgrmap=0+}) v3 -- 0x7f34ec10cb80 con 0x7f34ec0fd8d0
2024-02-10T08:14:47.450 INFO:teuthology.orchestra.run.smithi067.stderr:/usr/bin/ceph:
2024-02-10T08:14:47.443+0000 7f34f1aaa700 1 -- 172.21.15.67:0/3917170785 --> [v2:172.21.15.67:3300/0,v1:172.21.15.67:6789/0] -- mon_subscribe({osdmap=0}) v3 -- 0x7f34ec10d010 con 0x7f34ec0fd8d0
2024-02-10T08:14:47.451 INFO:teuthology.orchestra.run.smithi067.stderr:/usr/bin/ceph:
2024-02-10T08:14:47.447+0000 7f34e8f74700 1 -- 172.21.15.67:0/3917170785 <== mon.0 v2:172.21.15.67:3300/0 4 ==== mgrmap(e 12) v1 ==== 38630+0+0 (secure 0 0 0) 0x7f34dc01a7a0 con 0x7f34ec0fd8d0
2024-02-10T08:14:47.452 INFO:teuthology.orchestra.run.smithi067.stderr:/usr/bin/ceph:
2024-02-10T08:14:47.447+0000 7f34e8f74700 1 --2- 172.21.15.67:0/3917170785 >> [v2:172.21.15.67:6800/4022632212,v1:172.21.15.67:6801/4022632212] conn(0x7f34d4032680 0x7f34d4034b40 unknown :-1 s=NONE pgs=0 cs=0 l=1 rev1=0 rx=0 tx=0).connect
2024-02-10T08:14:47.452 INFO:teuthology.orchestra.run.smithi067.stderr:/usr/bin/ceph:
2024-02-10T08:14:47.447+0000 7f34f1aaa700 1 -- 172.21.15.67:0/3917170785 --> [v2:172.21.15.67:3300/0,v1:172.21.15.67:6789/0] -- mon_command({"prefix": "get_command_descriptions"} v 0) v1 -- 0x7f34ec046d80 con 0x7f34ec0fd8d0
2024-02-10T08:14:47.452 INFO:teuthology.orchestra.run.smithi067.stderr:/usr/bin/ceph:
2024-02-10T08:14:47.447+0000 7f34e8f74700 1 -- 172.21.15.67:0/3917170785 <== mon.0 v2:172.21.15.67:3300/0 5 ==== osd_map(3..3 src has 1..3) v4 ==== 1098+0+0 (secure 0 0 0) 0x7f34dc044a40 con 0x7f34ec0fd8d0
2024-02-10T08:14:47.452 INFO:teuthology.orchestra.run.smithi067.stderr:/usr/bin/ceph:
2024-02-10T08:14:47.447+0000 7f34eaffd700 1 --2- 172.21.15.67:0/3917170785 >> [v2:172.21.15.67:6800/4022632212,v1:172.21.15.67:6801/4022632212] conn(0x7f34d4032680 0x7f34d4034b40 unknown :-1 s=BANNER_CONNECTING pgs=0 cs=0 l=1 rev1=0 rx=0 tx=0)._handle_peer_banner_payload supported=1 required=0
2024-02-10T08:14:47.453 INFO:teuthology.orchestra.run.smithi067.stderr:/usr/bin/ceph:
2024-02-10T08:14:47.447+0000 7f34eaffd700 1 --2- 172.21.15.67:0/3917170785 >> [v2:172.21.15.67:6800/4022632212,v1:172.21.15.67:6801/4022632212] conn(0x7f34d4032680 0x7f34d4034b40 secure :-1 s=READY pgs=6 cs=0 l=1 rev1=1 rx=0x7f34e0009780 tx=0x7f34e0006cc0).ready entity=mgr.14146 client_cookie=0 server_cookie=0 in_seq=0 out_seq=0
2024-02-10T08:14:47.459 INFO:teuthology.orchestra.run.smithi067.stderr:/usr/bin/ceph:
2024-02-10T08:14:47.455+0000 7f34e8f74700 1 -- 172.21.15.67:0/3917170785 <== mon.0 v2:172.21.15.67:3300/0 6 ==== mon_command_ack([{"prefix": "get_command_descriptions"}]=0 v0) v1 ==== 72+0+163658 (secure 0 0 0) 0x7f34dc01e080 con 0x7f34ec0fd8d0
2024-02-10T08:14:47.800 INFO:teuthology.orchestra.run.smithi067.stderr:/usr/bin/ceph:
2024-02-10T08:14:47.795+0000 7f34f1aaa700 1 -- 172.21.15.67:0/3917170785 --> [v2:172.21.15.67:6800/4022632212,v1:172.21.15.67:6801/4022632212] -- mgr_command(tid 0: {"prefix": "dashboard create-self-signed-cert", "target": ["mon-mgr", ""]}) v1 -- 0x7f34ec10d870 con 0x7f34d4032680
2024-02-10T08:14:47.866 INFO:teuthology.orchestra.run.smithi067.stderr:/usr/bin/ceph:
2024-02-10T08:14:47.859+0000 7f34e8f74700 1 -- 172.21.15.67:0/3917170785 <== mgr.14146 v2:172.21.15.67:6800/4022632212 1 ==== mgr_command_reply(tid 0: 0 ) v1 ==== 8+0+32 (secure 0 0 0) 0x7f34ec10d870 con 0x7f34d4032680
2024-02-10T08:14:47.866 INFO:teuthology.orchestra.run.smithi067.stderr:/usr/bin/ceph: Self-signed certificate created
2024-02-10T08:14:47.870 INFO:teuthology.orchestra.run.smithi067.stderr:/usr/bin/ceph:
2024-02-10T08:14:47.863+0000 7f34f1aaa700 1 -- 172.21.15.67:0/3917170785 >> [v2:172.21.15.67:6800/4022632212,v1:172.21.15.67:6801/4022632212] conn(0x7f34d4032680 msgr2=0x7f34d4034b40 secure :-1 s=STATE_CONNECTION_ESTABLISHED l=1).mark_down
2024-02-10T08:14:47.870 INFO:teuthology.orchestra.run.smithi067.stderr:/usr/bin/ceph:
2024-02-10T08:14:47.863+0000 7f34f1aaa700 1 --2- 172.21.15.67:0/3917170785 >> [v2:172.21.15.67:6800/4022632212,v1:172.21.15.67:6801/4022632212] conn(0x7f34d4032680 0x7f34d4034b40 secure :-1 s=READY pgs=6 cs=0 l=1 rev1=1 rx=0x7f34e0009780 tx=0x7f34e0006cc0).stop
2024-02-10T08:14:47.870 INFO:teuthology.orchestra.run.smithi067.stderr:/usr/bin/ceph:
2024-02-10T08:14:47.863+0000 7f34f1aaa700 1 -- 172.21.15.67:0/3917170785 >> [v2:172.21.15.67:3300/0,v1:172.21.15.67:6789/0] conn(0x7f34ec0fd8d0 msgr2=0x7f34ec10c490 secure :-1 s=STATE_CONNECTION_ESTABLISHED l=1).mark_down
2024-02-10T08:14:47.870 INFO:teuthology.orchestra.run.smithi067.stderr:/usr/bin/ceph:
2024-02-10T08:14:47.863+0000 7f34f1aaa700 1 --2- 172.21.15.67:0/3917170785 >> [v2:172.21.15.67:3300/0,v1:172.21.15.67:6789/0] conn(0x7f34ec0fd8d0 0x7f34ec10c490 secure :-1 s=READY pgs=63 cs=0 l=1 rev1=1 rx=0x7f34dc0092b0 tx=0x7f34dc0090f0).stop
2024-02-10T08:14:47.870 INFO:teuthology.orchestra.run.smithi067.stderr:/usr/bin/ceph:
2024-02-10T08:14:47.863+0000 7f34f1aaa700 1 -- 172.21.15.67:0/3917170785 shutdown_connections
2024-02-10T08:14:47.870 INFO:teuthology.orchestra.run.smithi067.stderr:/usr/bin/ceph:
2024-02-10T08:14:47.863+0000 7f34f1aaa700 1 --2- 172.21.15.67:0/3917170785 >> [v2:172.21.15.67:6800/4022632212,v1:172.21.15.67:6801/4022632212] conn(0x7f34d4032680 0x7f34d4034b40 unknown :-1 s=CLOSED pgs=6 cs=0 l=1 rev1=1 rx=0 tx=0).stop
2024-02-10T08:14:47.870 INFO:teuthology.orchestra.run.smithi067.stderr:/usr/bin/ceph:
2024-02-10T08:14:47.863+0000 7f34f1aaa700 1 --2- 172.21.15.67:0/3917170785 >> [v2:172.21.15.67:3300/0,v1:172.21.15.67:6789/0] conn(0x7f34ec0fd8d0 0x7f34ec10c490 unknown :-1 s=CLOSED pgs=63 cs=0 l=1 rev1=1 rx=0 tx=0).stop
2024-02-10T08:14:47.870 INFO:teuthology.orchestra.run.smithi067.stderr:/usr/bin/ceph:
2024-02-10T08:14:47.863+0000 7f34f1aaa700 1 -- 172.21.15.67:0/3917170785 >> 172.21.15.67:0/3917170785 conn(0x7f34ec070e40 msgr2=0x7f34ec0fc1e0 unknown :-1 s=STATE_NONE l=0).mark_down
2024-02-10T08:14:47.870 INFO:teuthology.orchestra.run.smithi067.stderr:/usr/bin/ceph:
2024-02-10T08:14:47.863+0000 7f34f1aaa700 1 -- 172.21.15.67:0/3917170785 shutdown_connections
2024-02-10T08:14:47.870 INFO:teuthology.orchestra.run.smithi067.stderr:/usr/bin/ceph:
2024-02-10T08:14:47.863+0000 7f34f1aaa700 1 -- 172.21.15.67:0/3917170785 wait complete.
2024-02-10T08:14:48.120 INFO:journalctl@ceph.mon.a.smithi067.stdout:Feb 10 08:14:47 smithi067 bash[17385]: cluster
2024-02-10T08:14:46.851145+0000 mon.a (mon.0) 81 : cluster [DBG] mgrmap e12: y(active, since 2s)
2024-02-10T08:14:48.607 INFO:teuthology.orchestra.run.smithi067.stderr:Creating initial admin user...
2024-02-10T08:14:49.120 INFO:journalctl@ceph.mon.a.smithi067.stdout:Feb 10 08:14:48 smithi067 bash[17385]: audit
2024-02-10T08:14:47.801015+0000 mgr.y (mgr.14146) 3 : audit [DBG] from='client.14156 -' entity='client.admin' cmd=[{"prefix": "dashboard create-self-signed-cert", "target": ["mon-mgr", ""]}]: dispatch
2024-02-10T08:14:49.120 INFO:journalctl@ceph.mon.a.smithi067.stdout:Feb 10 08:14:48 smithi067 bash[17385]: audit
2024-02-10T08:14:47.862518+0000 mon.a (mon.0) 82 : audit [INF] from='mgr.14146 172.21.15.67:0/1646746415' entity='mgr.y'
2024-02-10T08:14:49.120 INFO:journalctl@ceph.mon.a.smithi067.stdout:Feb 10 08:14:48 smithi067 bash[17385]: audit
2024-02-10T08:14:47.865482+0000 mon.a (mon.0) 83 : audit [INF] from='mgr.14146 172.21.15.67:0/1646746415' entity='mgr.y'
2024-02-10T08:14:49.556 INFO:teuthology.orchestra.run.smithi067.stderr:/usr/bin/ceph:
2024-02-10T08:14:49.551+0000 7fd320cb1700 1 Processor -- start
2024-02-10T08:14:49.557 INFO:teuthology.orchestra.run.smithi067.stderr:/usr/bin/ceph:
2024-02-10T08:14:49.551+0000 7fd320cb1700 1 -- start start
2024-02-10T08:14:49.557 INFO:teuthology.orchestra.run.smithi067.stderr:/usr/bin/ceph:
2024-02-10T08:14:49.551+0000 7fd320cb1700 1 --2- >> [v2:172.21.15.67:3300/0,v1:172.21.15.67:6789/0] conn(0x7fd31c0fd8d0 0x7fd31c0fdcf0 unknown :-1 s=NONE pgs=0 cs=0 l=0 rev1=0 rx=0 tx=0).connect
2024-02-10T08:14:49.557 INFO:teuthology.orchestra.run.smithi067.stderr:/usr/bin/ceph:
2024-02-10T08:14:49.551+0000 7fd320cb1700 1 -- --> [v2:172.21.15.67:3300/0,v1:172.21.15.67:6789/0] -- mon_getmap magic: 0 v1 -- 0x7fd31c0fe270 con 0x7fd31c0fd8d0
2024-02-10T08:14:49.557 INFO:teuthology.orchestra.run.smithi067.stderr:/usr/bin/ceph:
2024-02-10T08:14:49.551+0000 7fd31a59c700 1 --2- >> [v2:172.21.15.67:3300/0,v1:172.21.15.67:6789/0] conn(0x7fd31c0fd8d0 0x7fd31c0fdcf0 unknown :-1 s=BANNER_CONNECTING pgs=0 cs=0 l=0 rev1=0 rx=0 tx=0)._handle_peer_banner_payload supported=1 required=0
2024-02-10T08:14:49.558 INFO:teuthology.orchestra.run.smithi067.stderr:/usr/bin/ceph:
2024-02-10T08:14:49.551+0000 7fd31a59c700 1 --2- >> [v2:172.21.15.67:3300/0,v1:172.21.15.67:6789/0] conn(0x7fd31c0fd8d0 0x7fd31c0fdcf0 unknown :-1 s=HELLO_CONNECTING pgs=0 cs=0 l=0 rev1=1 rx=0 tx=0).handle_hello peer v2:172.21.15.67:3300/0 says I am v2:172.21.15.67:44922/0 (socket says 172.21.15.67:44922)
2024-02-10T08:14:49.558 INFO:teuthology.orchestra.run.smithi067.stderr:/usr/bin/ceph:
2024-02-10T08:14:49.551+0000 7fd31a59c700 1 -- 172.21.15.67:0/3920317393 learned_addr learned my addr 172.21.15.67:0/3920317393 (peer_addr_for_me v2:172.21.15.67:0/0)
2024-02-10T08:14:49.559 INFO:teuthology.orchestra.run.smithi067.stderr:/usr/bin/ceph:
2024-02-10T08:14:49.551+0000 7fd31a59c700 1 -- 172.21.15.67:0/3920317393 --> [v2:172.21.15.67:3300/0,v1:172.21.15.67:6789/0] -- mon_subscribe({config=0+,monmap=0+}) v3 -- 0x7fd31c0fe3b0 con 0x7fd31c0fd8d0
2024-02-10T08:14:49.559 INFO:teuthology.orchestra.run.smithi067.stderr:/usr/bin/ceph:
2024-02-10T08:14:49.551+0000 7fd31a59c700 1 --2- 172.21.15.67:0/3920317393 >> [v2:172.21.15.67:3300/0,v1:172.21.15.67:6789/0] conn(0x7fd31c0fd8d0 0x7fd31c0fdcf0 secure :-1 s=READY pgs=64 cs=0 l=1 rev1=1 rx=0x7fd304009740 tx=0x7fd304009060).ready entity=mon.0 client_cookie=68b26be190cb549 server_cookie=0 in_seq=0 out_seq=0
2024-02-10T08:14:49.559 INFO:teuthology.orchestra.run.smithi067.stderr:/usr/bin/ceph:
2024-02-10T08:14:49.551+0000 7fd31959a700 1 -- 172.21.15.67:0/3920317393 <== mon.0 v2:172.21.15.67:3300/0 1 ==== mon_map magic: 0 v1 ==== 205+0+0 (secure 0 0 0) 0x7fd30400b520 con 0x7fd31c0fd8d0
2024-02-10T08:14:49.559 INFO:teuthology.orchestra.run.smithi067.stderr:/usr/bin/ceph:
2024-02-10T08:14:49.551+0000 7fd31959a700 1 -- 172.21.15.67:0/3920317393 <== mon.0 v2:172.21.15.67:3300/0 2 ==== config(23 keys) v1 ==== 1041+0+0 (secure 0 0 0) 0x7fd30400bb10 con 0x7fd31c0fd8d0
2024-02-10T08:14:49.559 INFO:teuthology.orchestra.run.smithi067.stderr:/usr/bin/ceph:
2024-02-10T08:14:49.551+0000 7fd31959a700 1 -- 172.21.15.67:0/3920317393 <== mon.0 v2:172.21.15.67:3300/0 3 ==== mon_map magic: 0 v1 ==== 205+0+0 (secure 0 0 0) 0x7fd3040119c0 con 0x7fd31c0fd8d0
2024-02-10T08:14:49.560 INFO:teuthology.orchestra.run.smithi067.stderr:/usr/bin/ceph:
2024-02-10T08:14:49.555+0000 7fd320cb1700 1 -- 172.21.15.67:0/3920317393 >> [v2:172.21.15.67:3300/0,v1:172.21.15.67:6789/0] conn(0x7fd31c0fd8d0 msgr2=0x7fd31c0fdcf0 secure :-1 s=STATE_CONNECTION_ESTABLISHED l=1).mark_down
2024-02-10T08:14:49.560 INFO:teuthology.orchestra.run.smithi067.stderr:/usr/bin/ceph:
2024-02-10T08:14:49.555+0000 7fd320cb1700 1 --2- 172.21.15.67:0/3920317393 >> [v2:172.21.15.67:3300/0,v1:172.21.15.67:6789/0] conn(0x7fd31c0fd8d0 0x7fd31c0fdcf0 secure :-1 s=READY pgs=64 cs=0 l=1 rev1=1 rx=0x7fd304009740 tx=0x7fd304009060).stop
2024-02-10T08:14:49.560 INFO:teuthology.orchestra.run.smithi067.stderr:/usr/bin/ceph:
2024-02-10T08:14:49.555+0000 7fd320cb1700 1 -- 172.21.15.67:0/3920317393 shutdown_connections
2024-02-10T08:14:49.560 INFO:teuthology.orchestra.run.smithi067.stderr:/usr/bin/ceph:
2024-02-10T08:14:49.555+0000 7fd320cb1700 1 --2- 172.21.15.67:0/3920317393 >> [v2:172.21.15.67:3300/0,v1:172.21.15.67:6789/0] conn(0x7fd31c0fd8d0 0x7fd31c0fdcf0 unknown :-1 s=CLOSED pgs=64 cs=0 l=1 rev1=1 rx=0 tx=0).stop
2024-02-10T08:14:49.560 INFO:teuthology.orchestra.run.smithi067.stderr:/usr/bin/ceph:
2024-02-10T08:14:49.555+0000 7fd320cb1700 1 -- 172.21.15.67:0/3920317393 >> 172.21.15.67:0/3920317393 conn(0x7fd31c0710b0 msgr2=0x7fd31c0714e0 unknown :-1 s=STATE_NONE l=0).mark_down
2024-02-10T08:14:49.560 INFO:teuthology.orchestra.run.smithi067.stderr:/usr/bin/ceph:
2024-02-10T08:14:49.555+0000 7fd320cb1700 1 -- 172.21.15.67:0/3920317393 shutdown_connections
2024-02-10T08:14:49.560 INFO:teuthology.orchestra.run.smithi067.stderr:/usr/bin/ceph:
2024-02-10T08:14:49.555+0000 7fd320cb1700 1 -- 172.21.15.67:0/3920317393 wait complete.
2024-02-10T08:14:49.561 INFO:teuthology.orchestra.run.smithi067.stderr:/usr/bin/ceph:
2024-02-10T08:14:49.555+0000 7fd320cb1700 1 Processor -- start
2024-02-10T08:14:49.561 INFO:teuthology.orchestra.run.smithi067.stderr:/usr/bin/ceph:
2024-02-10T08:14:49.555+0000 7fd320cb1700 1 -- start start
2024-02-10T08:14:49.562 INFO:teuthology.orchestra.run.smithi067.stderr:/usr/bin/ceph:
2024-02-10T08:14:49.555+0000 7fd320cb1700 1 --2- >> [v2:172.21.15.67:3300/0,v1:172.21.15.67:6789/0] conn(0x7fd31c0fd8d0 0x7fd31c10c470 unknown :-1 s=NONE pgs=0 cs=0 l=1 rev1=0 rx=0 tx=0).connect
2024-02-10T08:14:49.562 INFO:teuthology.orchestra.run.smithi067.stderr:/usr/bin/ceph:
2024-02-10T08:14:49.555+0000 7fd320cb1700 1 -- --> [v2:172.21.15.67:3300/0,v1:172.21.15.67:6789/0] -- mon_getmap magic: 0 v1 -- 0x7fd31c10c960 con 0x7fd31c0fd8d0
2024-02-10T08:14:49.562 INFO:teuthology.orchestra.run.smithi067.stderr:/usr/bin/ceph:
2024-02-10T08:14:49.555+0000 7fd31a59c700 1 --2- >> [v2:172.21.15.67:3300/0,v1:172.21.15.67:6789/0] conn(0x7fd31c0fd8d0 0x7fd31c10c470 unknown :-1 s=BANNER_CONNECTING pgs=0 cs=0 l=1 rev1=0 rx=0 tx=0)._handle_peer_banner_payload supported=1 required=0
2024-02-10T08:14:49.562 INFO:teuthology.orchestra.run.smithi067.stderr:/usr/bin/ceph:
2024-02-10T08:14:49.555+0000 7fd31a59c700 1 --2- >> [v2:172.21.15.67:3300/0,v1:172.21.15.67:6789/0] conn(0x7fd31c0fd8d0 0x7fd31c10c470 unknown :-1 s=HELLO_CONNECTING pgs=0 cs=0 l=1 rev1=1 rx=0 tx=0).handle_hello peer v2:172.21.15.67:3300/0 says I am v2:172.21.15.67:44924/0 (socket says 172.21.15.67:44924)
2024-02-10T08:14:49.562 INFO:teuthology.orchestra.run.smithi067.stderr:/usr/bin/ceph:
2024-02-10T08:14:49.555+0000 7fd31a59c700 1 -- 172.21.15.67:0/1192541577 learned_addr learned my addr 172.21.15.67:0/1192541577 (peer_addr_for_me v2:172.21.15.67:0/0)
2024-02-10T08:14:49.563 INFO:teuthology.orchestra.run.smithi067.stderr:/usr/bin/ceph:
2024-02-10T08:14:49.559+0000 7fd31a59c700 1 -- 172.21.15.67:0/1192541577 --> [v2:172.21.15.67:3300/0,v1:172.21.15.67:6789/0] -- mon_subscribe({config=0+,monmap=0+}) v3 -- 0x7fd304009300 con 0x7fd31c0fd8d0
2024-02-10T08:14:49.563 INFO:teuthology.orchestra.run.smithi067.stderr:/usr/bin/ceph:
2024-02-10T08:14:49.559+0000 7fd31a59c700 1 --2- 172.21.15.67:0/1192541577 >> [v2:172.21.15.67:3300/0,v1:172.21.15.67:6789/0] conn(0x7fd31c0fd8d0 0x7fd31c10c470 secure :-1 s=READY pgs=65 cs=0 l=1 rev1=1 rx=0x7fd304011440 tx=0x7fd304009060).ready entity=mon.0 client_cookie=0 server_cookie=0 in_seq=0 out_seq=0
2024-02-10T08:14:49.564 INFO:teuthology.orchestra.run.smithi067.stderr:/usr/bin/ceph:
2024-02-10T08:14:49.559+0000 7fd3137fe700 1 -- 172.21.15.67:0/1192541577 <== mon.0 v2:172.21.15.67:3300/0 1 ==== mon_map magic: 0 v1 ==== 205+0+0 (secure 0 0 0) 0x7fd30401a400 con 0x7fd31c0fd8d0
2024-02-10T08:14:49.564 INFO:teuthology.orchestra.run.smithi067.stderr:/usr/bin/ceph:
2024-02-10T08:14:49.559+0000 7fd3137fe700 1 -- 172.21.15.67:0/1192541577 <== mon.0 v2:172.21.15.67:3300/0 2 ==== config(23 keys) v1 ==== 1041+0+0 (secure 0 0 0) 0x7fd30401a9f0 con 0x7fd31c0fd8d0
2024-02-10T08:14:49.564 INFO:teuthology.orchestra.run.smithi067.stderr:/usr/bin/ceph:
2024-02-10T08:14:49.559+0000 7fd320cb1700 1 -- 172.21.15.67:0/1192541577 --> [v2:172.21.15.67:3300/0,v1:172.21.15.67:6789/0] -- mon_subscribe({mgrmap=0+}) v3 -- 0x7fd31c10cb60 con 0x7fd31c0fd8d0
2024-02-10T08:14:49.564 INFO:teuthology.orchestra.run.smithi067.stderr:/usr/bin/ceph:
2024-02-10T08:14:49.559+0000 7fd3137fe700 1 -- 172.21.15.67:0/1192541577 <== mon.0 v2:172.21.15.67:3300/0 3 ==== mon_map magic: 0 v1 ==== 205+0+0 (secure 0 0 0) 0x7fd304019890 con 0x7fd31c0fd8d0
2024-02-10T08:14:49.564 INFO:teuthology.orchestra.run.smithi067.stderr:/usr/bin/ceph:
2024-02-10T08:14:49.559+0000 7fd320cb1700 1 -- 172.21.15.67:0/1192541577 --> [v2:172.21.15.67:3300/0,v1:172.21.15.67:6789/0] -- mon_subscribe({osdmap=0}) v3 -- 0x7fd31c10cff0 con 0x7fd31c0fd8d0
2024-02-10T08:14:49.564 INFO:teuthology.orchestra.run.smithi067.stderr:/usr/bin/ceph:
2024-02-10T08:14:49.559+0000 7fd3137fe700 1 -- 172.21.15.67:0/1192541577 <== mon.0 v2:172.21.15.67:3300/0 4 ==== mgrmap(e 12) v1 ==== 38630+0+0 (secure 0 0 0) 0x7fd30401a560 con 0x7fd31c0fd8d0
2024-02-10T08:14:49.565 INFO:teuthology.orchestra.run.smithi067.stderr:/usr/bin/ceph:
2024-02-10T08:14:49.559+0000 7fd3137fe700 1 --2- 172.21.15.67:0/1192541577 >> [v2:172.21.15.67:6800/4022632212,v1:172.21.15.67:6801/4022632212] conn(0x7fd308032660 0x7fd308034b20 unknown :-1 s=NONE pgs=0 cs=0 l=1 rev1=0 rx=0 tx=0).connect
2024-02-10T08:14:49.565 INFO:teuthology.orchestra.run.smithi067.stderr:/usr/bin/ceph:
2024-02-10T08:14:49.559+0000 7fd3137fe700 1 -- 172.21.15.67:0/1192541577 <== mon.0 v2:172.21.15.67:3300/0 5 ==== osd_map(3..3 src has 1..3) v4 ==== 1098+0+0 (secure 0 0 0) 0x7fd304044cd0 con 0x7fd31c0fd8d0
2024-02-10T08:14:49.565 INFO:teuthology.orchestra.run.smithi067.stderr:/usr/bin/ceph:
2024-02-10T08:14:49.559+0000 7fd319d9b700 1 --2- 172.21.15.67:0/1192541577 >> [v2:172.21.15.67:6800/4022632212,v1:172.21.15.67:6801/4022632212] conn(0x7fd308032660 0x7fd308034b20 unknown :-1 s=BANNER_CONNECTING pgs=0 cs=0 l=1 rev1=0 rx=0 tx=0)._handle_peer_banner_payload supported=1 required=0
2024-02-10T08:14:49.566 INFO:teuthology.orchestra.run.smithi067.stderr:/usr/bin/ceph:
2024-02-10T08:14:49.559+0000 7fd320cb1700 1 -- 172.21.15.67:0/1192541577 --> [v2:172.21.15.67:3300/0,v1:172.21.15.67:6789/0] -- mon_command({"prefix": "get_command_descriptions"} v 0) v1 -- 0x7fd31c05a3b0 con 0x7fd31c0fd8d0
2024-02-10T08:14:49.566 INFO:teuthology.orchestra.run.smithi067.stderr:/usr/bin/ceph:
2024-02-10T08:14:49.559+0000 7fd319d9b700 1 --2- 172.21.15.67:0/1192541577 >> [v2:172.21.15.67:6800/4022632212,v1:172.21.15.67:6801/4022632212] conn(0x7fd308032660 0x7fd308034b20 secure :-1 s=READY pgs=7 cs=0 l=1 rev1=1 rx=0x7fd30c009780 tx=0x7fd30c006cc0).ready entity=mgr.14146 client_cookie=0 server_cookie=0 in_seq=0 out_seq=0
2024-02-10T08:14:49.573 INFO:teuthology.orchestra.run.smithi067.stderr:/usr/bin/ceph:
2024-02-10T08:14:49.567+0000 7fd3137fe700 1 -- 172.21.15.67:0/1192541577 <== mon.0 v2:172.21.15.67:3300/0 6 ==== mon_command_ack([{"prefix": "get_command_descriptions"}]=0 v0) v1 ==== 72+0+163658 (secure 0 0 0) 0x7fd304019b00 con 0x7fd31c0fd8d0
2024-02-10T08:14:49.934 INFO:teuthology.orchestra.run.smithi067.stderr:/usr/bin/ceph:
2024-02-10T08:14:49.927+0000 7fd320cb1700 1 -- 172.21.15.67:0/1192541577 --> [v2:172.21.15.67:6800/4022632212,v1:172.21.15.67:6801/4022632212] -- mgr_command(tid 0: {"prefix": "dashboard ac-user-create", "username": "admin", "rolename": "administrator", "force_password": true, "pwd_update_required": true, "target": ["mon-mgr", ""]}) v1 -- 0x7fd31c046d80 con 0x7fd308032660
2024-02-10T08:14:50.213 INFO:teuthology.orchestra.run.smithi067.stderr:/usr/bin/ceph:
2024-02-10T08:14:50.207+0000 7fd3137fe700 1 -- 172.21.15.67:0/1192541577 <== mgr.14146 v2:172.21.15.67:6800/4022632212 1 ==== mgr_command_reply(tid 0: 0 ) v1 ==== 8+0+252 (secure 0 0 0) 0x7fd31c046d80 con 0x7fd308032660
2024-02-10T08:14:50.214 INFO:teuthology.orchestra.run.smithi067.stderr:/usr/bin/ceph: {"username": "admin", "password": "$2b$12$NFQ.MlKLWHsCIYT4W6MiSOCVdZCSPdrjC8I2QoFKCd7NlPlvcYqm.", "roles": ["administrator"], "name": null, "email": null, "lastUpdate": 1707552890, "enabled": true, "pwdExpirationDate": null, "pwdUpdateRequired": true}
2024-02-10T08:14:50.216 INFO:teuthology.orchestra.run.smithi067.stderr:/usr/bin/ceph:
2024-02-10T08:14:50.211+0000 7fd320cb1700 1 -- 172.21.15.67:0/1192541577 >> [v2:172.21.15.67:6800/4022632212,v1:172.21.15.67:6801/4022632212] conn(0x7fd308032660 msgr2=0x7fd308034b20 secure :-1 s=STATE_CONNECTION_ESTABLISHED l=1).mark_down
2024-02-10T08:14:50.216 INFO:teuthology.orchestra.run.smithi067.stderr:/usr/bin/ceph:
2024-02-10T08:14:50.211+0000 7fd320cb1700 1 --2- 172.21.15.67:0/1192541577 >> [v2:172.21.15.67:6800/4022632212,v1:172.21.15.67:6801/4022632212] conn(0x7fd308032660 0x7fd308034b20 secure :-1 s=READY pgs=7 cs=0 l=1 rev1=1 rx=0x7fd30c009780 tx=0x7fd30c006cc0).stop
2024-02-10T08:14:50.216 INFO:teuthology.orchestra.run.smithi067.stderr:/usr/bin/ceph:
2024-02-10T08:14:50.211+0000 7fd320cb1700 1 -- 172.21.15.67:0/1192541577 >> [v2:172.21.15.67:3300/0,v1:172.21.15.67:6789/0] conn(0x7fd31c0fd8d0 msgr2=0x7fd31c10c470 secure :-1 s=STATE_CONNECTION_ESTABLISHED l=1).mark_down
2024-02-10T08:14:50.217 INFO:teuthology.orchestra.run.smithi067.stderr:/usr/bin/ceph:
2024-02-10T08:14:50.211+0000 7fd320cb1700 1 --2- 172.21.15.67:0/1192541577 >> [v2:172.21.15.67:3300/0,v1:172.21.15.67:6789/0] conn(0x7fd31c0fd8d0 0x7fd31c10c470 secure :-1 s=READY pgs=65 cs=0 l=1 rev1=1 rx=0x7fd304011440 tx=0x7fd304009060).stop
2024-02-10T08:14:50.217 INFO:teuthology.orchestra.run.smithi067.stderr:/usr/bin/ceph:
2024-02-10T08:14:50.211+0000 7fd320cb1700 1 -- 172.21.15.67:0/1192541577 shutdown_connections
2024-02-10T08:14:50.217 INFO:teuthology.orchestra.run.smithi067.stderr:/usr/bin/ceph:
2024-02-10T08:14:50.211+0000 7fd320cb1700 1 --2- 172.21.15.67:0/1192541577 >> [v2:172.21.15.67:6800/4022632212,v1:172.21.15.67:6801/4022632212] conn(0x7fd308032660 0x7fd308034b20 unknown :-1 s=CLOSED pgs=7 cs=0 l=1 rev1=1 rx=0 tx=0).stop
2024-02-10T08:14:50.217 INFO:teuthology.orchestra.run.smithi067.stderr:/usr/bin/ceph:
2024-02-10T08:14:50.211+0000 7fd320cb1700 1 --2- 172.21.15.67:0/1192541577 >> [v2:172.21.15.67:3300/0,v1:172.21.15.67:6789/0] conn(0x7fd31c0fd8d0 0x7fd31c10c470 unknown :-1 s=CLOSED pgs=65 cs=0 l=1 rev1=1 rx=0 tx=0).stop
2024-02-10T08:14:50.217 INFO:teuthology.orchestra.run.smithi067.stderr:/usr/bin/ceph:
2024-02-10T08:14:50.211+0000 7fd320cb1700 1 -- 172.21.15.67:0/1192541577 >> 172.21.15.67:0/1192541577 conn(0x7fd31c0710b0 msgr2=0x7fd31c0fc1f0 unknown :-1 s=STATE_NONE l=0).mark_down
2024-02-10T08:14:50.217 INFO:teuthology.orchestra.run.smithi067.stderr:/usr/bin/ceph:
2024-02-10T08:14:50.211+0000 7fd320cb1700 1 -- 172.21.15.67:0/1192541577 shutdown_connections
2024-02-10T08:14:50.217 INFO:teuthology.orchestra.run.smithi067.stderr:/usr/bin/ceph:
2024-02-10T08:14:50.211+0000 7fd320cb1700 1 -- 172.21.15.67:0/1192541577 wait complete.
2024-02-10T08:14:50.370 INFO:journalctl@ceph.mon.a.smithi067.stdout:Feb 10 08:14:50 smithi067 bash[17385]: audit
2024-02-10T08:14:49.934528+0000 mgr.y (mgr.14146) 4 : audit [DBG] from='client.14158 -' entity='client.admin' cmd=[{"prefix": "dashboard ac-user-create", "username": "admin", "rolename": "administrator", "force_password": true, "pwd_update_required": true, "target": ["mon-mgr", ""]}]: dispatch
2024-02-10T08:14:50.930 INFO:teuthology.orchestra.run.smithi067.stderr:Fetching dashboard port number...
2024-02-10T08:14:51.619 INFO:journalctl@ceph.mon.a.smithi067.stdout:Feb 10 08:14:51 smithi067 bash[17385]: audit
2024-02-10T08:14:50.212541+0000 mon.a (mon.0) 84 : audit [INF] from='mgr.14146 172.21.15.67:0/1646746415' entity='mgr.y'
2024-02-10T08:14:51.913 INFO:teuthology.orchestra.run.smithi067.stderr:/usr/bin/ceph:
2024-02-10T08:14:51.907+0000 7f5e2f101700 1 Processor -- start
2024-02-10T08:14:51.914 INFO:teuthology.orchestra.run.smithi067.stderr:/usr/bin/ceph:
2024-02-10T08:14:51.907+0000 7f5e2f101700 1 -- start start
2024-02-10T08:14:51.914 INFO:teuthology.orchestra.run.smithi067.stderr:/usr/bin/ceph:
2024-02-10T08:14:51.907+0000 7f5e2f101700 1 --2- >> [v2:172.21.15.67:3300/0,v1:172.21.15.67:6789/0] conn(0x7f5e2806fca0 0x7f5e280fe2e0 unknown :-1 s=NONE pgs=0 cs=0 l=0 rev1=0 rx=0 tx=0).connect
2024-02-10T08:14:51.914 INFO:teuthology.orchestra.run.smithi067.stderr:/usr/bin/ceph:
2024-02-10T08:14:51.907+0000 7f5e2f101700 1 -- --> [v2:172.21.15.67:3300/0,v1:172.21.15.67:6789/0] -- mon_getmap magic: 0 v1 -- 0x7f5e280fe860 con 0x7f5e2806fca0
2024-02-10T08:14:51.914 INFO:teuthology.orchestra.run.smithi067.stderr:/usr/bin/ceph:
2024-02-10T08:14:51.907+0000 7f5e2ce9d700 1 --2- >> [v2:172.21.15.67:3300/0,v1:172.21.15.67:6789/0] conn(0x7f5e2806fca0 0x7f5e280fe2e0 unknown :-1 s=BANNER_CONNECTING pgs=0 cs=0 l=0 rev1=0 rx=0 tx=0)._handle_peer_banner_payload supported=1 required=0
2024-02-10T08:14:51.914 INFO:teuthology.orchestra.run.smithi067.stderr:/usr/bin/ceph:
2024-02-10T08:14:51.907+0000 7f5e2ce9d700 1 --2- >> [v2:172.21.15.67:3300/0,v1:172.21.15.67:6789/0] conn(0x7f5e2806fca0 0x7f5e280fe2e0 unknown :-1 s=HELLO_CONNECTING pgs=0 cs=0 l=0 rev1=1 rx=0 tx=0).handle_hello peer v2:172.21.15.67:3300/0 says I am v2:172.21.15.67:44940/0 (socket says 172.21.15.67:44940)
2024-02-10T08:14:51.914 INFO:teuthology.orchestra.run.smithi067.stderr:/usr/bin/ceph:
2024-02-10T08:14:51.907+0000 7f5e2ce9d700 1 -- 172.21.15.67:0/4150552161 learned_addr learned my addr 172.21.15.67:0/4150552161 (peer_addr_for_me v2:172.21.15.67:0/0)
2024-02-10T08:14:51.915 INFO:teuthology.orchestra.run.smithi067.stderr:/usr/bin/ceph:
2024-02-10T08:14:51.907+0000 7f5e2ce9d700 1 -- 172.21.15.67:0/4150552161 --> [v2:172.21.15.67:3300/0,v1:172.21.15.67:6789/0] -- mon_subscribe({config=0+,monmap=0+}) v3 -- 0x7f5e280fe9a0 con 0x7f5e2806fca0
2024-02-10T08:14:51.915 INFO:teuthology.orchestra.run.smithi067.stderr:/usr/bin/ceph:
2024-02-10T08:14:51.907+0000 7f5e2ce9d700 1 --2- 172.21.15.67:0/4150552161 >> [v2:172.21.15.67:3300/0,v1:172.21.15.67:6789/0] conn(0x7f5e2806fca0 0x7f5e280fe2e0 secure :-1 s=READY pgs=66 cs=0 l=1 rev1=1 rx=0x7f5e24009730 tx=0x7f5e240090f0).ready entity=mon.0 client_cookie=17853c547a6307b4 server_cookie=0 in_seq=0 out_seq=0
2024-02-10T08:14:51.915 INFO:teuthology.orchestra.run.smithi067.stderr:/usr/bin/ceph:
2024-02-10T08:14:51.911+0000 7f5e1f7fe700 1 -- 172.21.15.67:0/4150552161 <== mon.0 v2:172.21.15.67:3300/0 1 ==== mon_map magic: 0 v1 ==== 205+0+0 (secure 0 0 0) 0x7f5e2400b580 con 0x7f5e2806fca0
2024-02-10T08:14:51.915 INFO:teuthology.orchestra.run.smithi067.stderr:/usr/bin/ceph:
2024-02-10T08:14:51.911+0000 7f5e1f7fe700 1 -- 172.21.15.67:0/4150552161 <== mon.0 v2:172.21.15.67:3300/0 2 ==== config(23 keys) v1 ==== 1041+0+0 (secure 0 0 0) 0x7f5e2400bb70 con 0x7f5e2806fca0
2024-02-10T08:14:51.915 INFO:teuthology.orchestra.run.smithi067.stderr:/usr/bin/ceph:
2024-02-10T08:14:51.911+0000 7f5e1f7fe700 1 -- 172.21.15.67:0/4150552161 <== mon.0 v2:172.21.15.67:3300/0 3 ==== mon_map magic: 0 v1 ==== 205+0+0 (secure 0 0 0) 0x7f5e24011a90 con 0x7f5e2806fca0
2024-02-10T08:14:51.916 INFO:teuthology.orchestra.run.smithi067.stderr:/usr/bin/ceph:
2024-02-10T08:14:51.911+0000 7f5e2f101700 1 -- 172.21.15.67:0/4150552161 >> [v2:172.21.15.67:3300/0,v1:172.21.15.67:6789/0] conn(0x7f5e2806fca0 msgr2=0x7f5e280fe2e0 secure :-1 s=STATE_CONNECTION_ESTABLISHED l=1).mark_down
2024-02-10T08:14:51.916 INFO:teuthology.orchestra.run.smithi067.stderr:/usr/bin/ceph:
2024-02-10T08:14:51.911+0000 7f5e2f101700 1 --2- 172.21.15.67:0/4150552161 >> [v2:172.21.15.67:3300/0,v1:172.21.15.67:6789/0] conn(0x7f5e2806fca0 0x7f5e280fe2e0 secure :-1 s=READY pgs=66 cs=0 l=1 rev1=1 rx=0x7f5e24009730 tx=0x7f5e240090f0).stop
2024-02-10T08:14:51.917 INFO:teuthology.orchestra.run.smithi067.stderr:/usr/bin/ceph:
2024-02-10T08:14:51.911+0000 7f5e2f101700 1 -- 172.21.15.67:0/4150552161 shutdown_connections
2024-02-10T08:14:51.917 INFO:teuthology.orchestra.run.smithi067.stderr:/usr/bin/ceph:
2024-02-10T08:14:51.911+0000 7f5e2f101700 1 --2- 172.21.15.67:0/4150552161 >> [v2:172.21.15.67:3300/0,v1:172.21.15.67:6789/0] conn(0x7f5e2806fca0 0x7f5e280fe2e0 unknown :-1 s=CLOSED pgs=66 cs=0 l=1 rev1=1 rx=0 tx=0).stop
2024-02-10T08:14:51.917 INFO:teuthology.orchestra.run.smithi067.stderr:/usr/bin/ceph:
2024-02-10T08:14:51.911+0000 7f5e2f101700 1 -- 172.21.15.67:0/4150552161 >> 172.21.15.67:0/4150552161 conn(0x7f5e280f5d00 msgr2=0x7f5e280f8160 unknown :-1 s=STATE_NONE l=0).mark_down
2024-02-10T08:14:51.917 INFO:teuthology.orchestra.run.smithi067.stderr:/usr/bin/ceph:
2024-02-10T08:14:51.911+0000 7f5e2f101700 1 -- 172.21.15.67:0/4150552161 shutdown_connections
2024-02-10T08:14:51.917 INFO:teuthology.orchestra.run.smithi067.stderr:/usr/bin/ceph:
2024-02-10T08:14:51.911+0000 7f5e2f101700 1 -- 172.21.15.67:0/4150552161 wait complete.
2024-02-10T08:14:51.918 INFO:teuthology.orchestra.run.smithi067.stderr:/usr/bin/ceph:
2024-02-10T08:14:51.911+0000 7f5e2f101700 1 Processor -- start
2024-02-10T08:14:51.918 INFO:teuthology.orchestra.run.smithi067.stderr:/usr/bin/ceph:
2024-02-10T08:14:51.911+0000 7f5e2f101700 1 -- start start
2024-02-10T08:14:51.918 INFO:teuthology.orchestra.run.smithi067.stderr:/usr/bin/ceph:
2024-02-10T08:14:51.911+0000 7f5e2f101700 1 --2- >> [v2:172.21.15.67:3300/0,v1:172.21.15.67:6789/0] conn(0x7f5e2806fca0 0x7f5e280fbd60 unknown :-1 s=NONE pgs=0 cs=0 l=1 rev1=0 rx=0 tx=0).connect
2024-02-10T08:14:51.918 INFO:teuthology.orchestra.run.smithi067.stderr:/usr/bin/ceph:
2024-02-10T08:14:51.911+0000 7f5e2f101700 1 -- --> [v2:172.21.15.67:3300/0,v1:172.21.15.67:6789/0] -- mon_getmap magic: 0 v1 -- 0x7f5e280fa1e0 con 0x7f5e2806fca0
2024-02-10T08:14:51.919 INFO:teuthology.orchestra.run.smithi067.stderr:/usr/bin/ceph:
2024-02-10T08:14:51.911+0000 7f5e2ce9d700 1 --2- >> [v2:172.21.15.67:3300/0,v1:172.21.15.67:6789/0] conn(0x7f5e2806fca0 0x7f5e280fbd60 unknown :-1 s=BANNER_CONNECTING pgs=0 cs=0 l=1 rev1=0 rx=0 tx=0)._handle_peer_banner_payload supported=1 required=0
2024-02-10T08:14:51.919 INFO:teuthology.orchestra.run.smithi067.stderr:/usr/bin/ceph:
2024-02-10T08:14:51.911+0000 7f5e2ce9d700 1 --2- >> [v2:172.21.15.67:3300/0,v1:172.21.15.67:6789/0] conn(0x7f5e2806fca0 0x7f5e280fbd60 unknown :-1 s=HELLO_CONNECTING pgs=0 cs=0 l=1 rev1=1 rx=0 tx=0).handle_hello peer v2:172.21.15.67:3300/0 says I am v2:172.21.15.67:44956/0 (socket says 172.21.15.67:44956)
2024-02-10T08:14:51.919 INFO:teuthology.orchestra.run.smithi067.stderr:/usr/bin/ceph:
2024-02-10T08:14:51.911+0000 7f5e2ce9d700 1 -- 172.21.15.67:0/3349152030 learned_addr learned my addr 172.21.15.67:0/3349152030 (peer_addr_for_me v2:172.21.15.67:0/0)
2024-02-10T08:14:51.919 INFO:teuthology.orchestra.run.smithi067.stderr:/usr/bin/ceph:
2024-02-10T08:14:51.915+0000 7f5e2ce9d700 1 -- 172.21.15.67:0/3349152030 --> [v2:172.21.15.67:3300/0,v1:172.21.15.67:6789/0] -- mon_subscribe({config=0+,monmap=0+}) v3 -- 0x7f5e24009370 con 0x7f5e2806fca0
2024-02-10T08:14:51.919 INFO:teuthology.orchestra.run.smithi067.stderr:/usr/bin/ceph:
2024-02-10T08:14:51.915+0000 7f5e2ce9d700 1 --2- 172.21.15.67:0/3349152030 >> [v2:172.21.15.67:3300/0,v1:172.21.15.67:6789/0] conn(0x7f5e2806fca0 0x7f5e280fbd60 secure :-1 s=READY pgs=67 cs=0 l=1 rev1=1 rx=0x7f5e24009f00 tx=0x7f5e240090f0).ready entity=mon.0 client_cookie=0 server_cookie=0 in_seq=0 out_seq=0
2024-02-10T08:14:51.920 INFO:teuthology.orchestra.run.smithi067.stderr:/usr/bin/ceph:
2024-02-10T08:14:51.915+0000 7f5e1dffb700 1 -- 172.21.15.67:0/3349152030 <== mon.0 v2:172.21.15.67:3300/0 1 ==== mon_map magic: 0 v1 ==== 205+0+0 (secure 0 0 0) 0x7f5e24011cd0 con 0x7f5e2806fca0
2024-02-10T08:14:51.920 INFO:teuthology.orchestra.run.smithi067.stderr:/usr/bin/ceph:
2024-02-10T08:14:51.915+0000 7f5e2f101700 1 -- 172.21.15.67:0/3349152030 --> [v2:172.21.15.67:3300/0,v1:172.21.15.67:6789/0] -- mon_subscribe({mgrmap=0+}) v3 -- 0x7f5e280fa380 con 0x7f5e2806fca0
2024-02-10T08:14:51.920 INFO:teuthology.orchestra.run.smithi067.stderr:/usr/bin/ceph:
2024-02-10T08:14:51.915+0000 7f5e1dffb700 1 -- 172.21.15.67:0/3349152030 <== mon.0 v2:172.21.15.67:3300/0 2 ==== config(23 keys) v1 ==== 1041+0+0 (secure 0 0 0) 0x7f5e24011e30 con 0x7f5e2806fca0
2024-02-10T08:14:51.920 INFO:teuthology.orchestra.run.smithi067.stderr:/usr/bin/ceph:
2024-02-10T08:14:51.915+0000 7f5e2f101700 1 -- 172.21.15.67:0/3349152030 --> [v2:172.21.15.67:3300/0,v1:172.21.15.67:6789/0] -- mon_subscribe({osdmap=0}) v3 -- 0x7f5e280fa810 con 0x7f5e2806fca0
2024-02-10T08:14:51.920 INFO:teuthology.orchestra.run.smithi067.stderr:/usr/bin/ceph:
2024-02-10T08:14:51.915+0000 7f5e1dffb700 1 -- 172.21.15.67:0/3349152030 <== mon.0 v2:172.21.15.67:3300/0 3 ==== mon_map magic: 0 v1 ==== 205+0+0 (secure 0 0 0) 0x7f5e2401a5f0 con 0x7f5e2806fca0
2024-02-10T08:14:51.921 INFO:teuthology.orchestra.run.smithi067.stderr:/usr/bin/ceph:
2024-02-10T08:14:51.915+0000 7f5e1dffb700 1 -- 172.21.15.67:0/3349152030 <== mon.0 v2:172.21.15.67:3300/0 4 ==== mgrmap(e 13) v1 ==== 38673+0+0 (secure 0 0 0) 0x7f5e2401a860 con 0x7f5e2806fca0
2024-02-10T08:14:51.921 INFO:teuthology.orchestra.run.smithi067.stderr:/usr/bin/ceph:
2024-02-10T08:14:51.915+0000 7f5e1dffb700 1 --2- 172.21.15.67:0/3349152030 >> [v2:172.21.15.67:6800/4022632212,v1:172.21.15.67:6801/4022632212] conn(0x7f5e10032750 0x7f5e10034c10 unknown :-1 s=NONE pgs=0 cs=0 l=1 rev1=0 rx=0 tx=0).connect
2024-02-10T08:14:51.921 INFO:teuthology.orchestra.run.smithi067.stderr:/usr/bin/ceph:
2024-02-10T08:14:51.915+0000 7f5e1dffb700 1 -- 172.21.15.67:0/3349152030 <== mon.0 v2:172.21.15.67:3300/0 5 ==== osd_map(3..3 src has 1..3) v4 ==== 1098+0+0 (secure 0 0 0) 0x7f5e24044ca0 con 0x7f5e2806fca0
2024-02-10T08:14:51.921 INFO:teuthology.orchestra.run.smithi067.stderr:/usr/bin/ceph:
2024-02-10T08:14:51.915+0000 7f5e1ffff700 1 --2- 172.21.15.67:0/3349152030 >> [v2:172.21.15.67:6800/4022632212,v1:172.21.15.67:6801/4022632212] conn(0x7f5e10032750 0x7f5e10034c10 unknown :-1 s=BANNER_CONNECTING pgs=0 cs=0 l=1 rev1=0 rx=0 tx=0)._handle_peer_banner_payload supported=1 required=0
2024-02-10T08:14:51.922 INFO:teuthology.orchestra.run.smithi067.stderr:/usr/bin/ceph:
2024-02-10T08:14:51.915+0000 7f5e2f101700 1 -- 172.21.15.67:0/3349152030 --> [v2:172.21.15.67:3300/0,v1:172.21.15.67:6789/0] -- mon_command({"prefix": "get_command_descriptions"} v 0) v1 -- 0x7f5e14004f20 con 0x7f5e2806fca0
2024-02-10T08:14:51.922 INFO:teuthology.orchestra.run.smithi067.stderr:/usr/bin/ceph:
2024-02-10T08:14:51.915+0000 7f5e1ffff700 1 --2- 172.21.15.67:0/3349152030 >> [v2:172.21.15.67:6800/4022632212,v1:172.21.15.67:6801/4022632212] conn(0x7f5e10032750 0x7f5e10034c10 secure :-1 s=READY pgs=8 cs=0 l=1 rev1=1 rx=0x7f5e18009780 tx=0x7f5e18006cc0).ready entity=mgr.14146 client_cookie=0 server_cookie=0 in_seq=0 out_seq=0
2024-02-10T08:14:51.928 INFO:teuthology.orchestra.run.smithi067.stderr:/usr/bin/ceph:
2024-02-10T08:14:51.923+0000 7f5e1dffb700 1 -- 172.21.15.67:0/3349152030 <== mon.0 v2:172.21.15.67:3300/0 6 ==== mon_command_ack([{"prefix": "get_command_descriptions"}]=0 v0) v1 ==== 72+0+163658 (secure 0 0 0) 0x7f5e2401e080 con 0x7f5e2806fca0
2024-02-10T08:14:52.257 INFO:teuthology.orchestra.run.smithi067.stderr:/usr/bin/ceph:
2024-02-10T08:14:52.251+0000 7f5e2f101700 1 -- 172.21.15.67:0/3349152030 --> [v2:172.21.15.67:3300/0,v1:172.21.15.67:6789/0] -- mon_command({"prefix": "config get", "who": "mgr", "key": "mgr/dashboard/ssl_server_port"} v 0) v1 -- 0x7f5e14005750 con 0x7f5e2806fca0
2024-02-10T08:14:52.257 INFO:teuthology.orchestra.run.smithi067.stderr:/usr/bin/ceph:
2024-02-10T08:14:52.251+0000 7f5e1dffb700 1 -- 172.21.15.67:0/3349152030 <== mon.0 v2:172.21.15.67:3300/0 7 ==== mon_command_ack([{"prefix": "config get", "who": "mgr", "key": "mgr/dashboard/ssl_server_port"}]=0 v8) v1 ==== 112+0+5 (secure 0 0 0) 0x7f5e24021360 con 0x7f5e2806fca0
2024-02-10T08:14:52.258 INFO:teuthology.orchestra.run.smithi067.stderr:/usr/bin/ceph: 8443
2024-02-10T08:14:52.260 INFO:teuthology.orchestra.run.smithi067.stderr:/usr/bin/ceph:
2024-02-10T08:14:52.255+0000 7f5e2f101700 1 -- 172.21.15.67:0/3349152030 >> [v2:172.21.15.67:6800/4022632212,v1:172.21.15.67:6801/4022632212] conn(0x7f5e10032750 msgr2=0x7f5e10034c10 secure :-1 s=STATE_CONNECTION_ESTABLISHED l=1).mark_down
2024-02-10T08:14:52.261 INFO:teuthology.orchestra.run.smithi067.stderr:/usr/bin/ceph:
2024-02-10T08:14:52.255+0000 7f5e2f101700 1 --2- 172.21.15.67:0/3349152030 >> [v2:172.21.15.67:6800/4022632212,v1:172.21.15.67:6801/4022632212] conn(0x7f5e10032750 0x7f5e10034c10 secure :-1 s=READY pgs=8 cs=0 l=1 rev1=1 rx=0x7f5e18009780 tx=0x7f5e18006cc0).stop
2024-02-10T08:14:52.261 INFO:teuthology.orchestra.run.smithi067.stderr:/usr/bin/ceph:
2024-02-10T08:14:52.255+0000 7f5e2f101700 1 -- 172.21.15.67:0/3349152030 >> [v2:172.21.15.67:3300/0,v1:172.21.15.67:6789/0] conn(0x7f5e2806fca0 msgr2=0x7f5e280fbd60 secure :-1 s=STATE_CONNECTION_ESTABLISHED l=1).mark_down
2024-02-10T08:14:52.262 INFO:teuthology.orchestra.run.smithi067.stderr:/usr/bin/ceph:
2024-02-10T08:14:52.255+0000 7f5e2f101700 1 --2- 172.21.15.67:0/3349152030 >> [v2:172.21.15.67:3300/0,v1:172.21.15.67:6789/0] conn(0x7f5e2806fca0 0x7f5e280fbd60 secure :-1 s=READY pgs=67 cs=0 l=1 rev1=1 rx=0x7f5e24009f00 tx=0x7f5e240090f0).stop
2024-02-10T08:14:52.262 INFO:teuthology.orchestra.run.smithi067.stderr:/usr/bin/ceph:
2024-02-10T08:14:52.255+0000 7f5e2f101700 1 -- 172.21.15.67:0/3349152030 shutdown_connections
2024-02-10T08:14:52.262 INFO:teuthology.orchestra.run.smithi067.stderr:/usr/bin/ceph:
2024-02-10T08:14:52.255+0000 7f5e2f101700 1 --2- 172.21.15.67:0/3349152030 >> [v2:172.21.15.67:6800/4022632212,v1:172.21.15.67:6801/4022632212] conn(0x7f5e10032750 0x7f5e10034c10 unknown :-1 s=CLOSED pgs=8 cs=0 l=1 rev1=1 rx=0 tx=0).stop
2024-02-10T08:14:52.262 INFO:teuthology.orchestra.run.smithi067.stderr:/usr/bin/ceph:
2024-02-10T08:14:52.255+0000 7f5e2f101700 1 --2- 172.21.15.67:0/3349152030 >> [v2:172.21.15.67:3300/0,v1:172.21.15.67:6789/0] conn(0x7f5e2806fca0 0x7f5e280fbd60 unknown :-1 s=CLOSED pgs=67 cs=0 l=1 rev1=1 rx=0 tx=0).stop
2024-02-10T08:14:52.262 INFO:teuthology.orchestra.run.smithi067.stderr:/usr/bin/ceph:
2024-02-10T08:14:52.255+0000 7f5e2f101700 1 -- 172.21.15.67:0/3349152030 >> 172.21.15.67:0/3349152030 conn(0x7f5e280f5d00 msgr2=0x7f5e280f7590 unknown :-1 s=STATE_NONE l=0).mark_down
2024-02-10T08:14:52.262 INFO:teuthology.orchestra.run.smithi067.stderr:/usr/bin/ceph:
2024-02-10T08:14:52.255+0000 7f5e2f101700 1 -- 172.21.15.67:0/3349152030 shutdown_connections
2024-02-10T08:14:52.262 INFO:teuthology.orchestra.run.smithi067.stderr:/usr/bin/ceph:
2024-02-10T08:14:52.255+0000 7f5e2f101700 1 -- 172.21.15.67:0/3349152030 wait complete.
2024-02-10T08:14:52.497 INFO:journalctl@ceph.mon.a.smithi067.stdout:Feb 10 08:14:52 smithi067 bash[17385]: cluster
2024-02-10T08:14:51.219469+0000 mon.a (mon.0) 85 : cluster [DBG] mgrmap e13: y(active, since 6s)
2024-02-10T08:14:52.497 INFO:journalctl@ceph.mon.a.smithi067.stdout:Feb 10 08:14:52 smithi067 bash[17385]: audit
2024-02-10T08:14:51.671830+0000 mon.a (mon.0) 86 : audit [INF] from='mgr.14146 172.21.15.67:0/1646746415' entity='mgr.y'
2024-02-10T08:14:53.003 INFO:teuthology.orchestra.run.smithi067.stderr:firewalld does not appear to be present
2024-02-10T08:14:53.003 INFO:teuthology.orchestra.run.smithi067.stderr:Not possible to open ports <[8443]>. firewalld.service is not available
2024-02-10T08:14:53.006 INFO:teuthology.orchestra.run.smithi067.stderr:Ceph Dashboard is now available at:
2024-02-10T08:14:53.006 INFO:teuthology.orchestra.run.smithi067.stderr:
2024-02-10T08:14:53.007 INFO:teuthology.orchestra.run.smithi067.stderr: URL: https://smithi067.front.sepia.ceph.com:8443/
2024-02-10T08:14:53.007 INFO:teuthology.orchestra.run.smithi067.stderr: User: admin
2024-02-10T08:14:53.007 INFO:teuthology.orchestra.run.smithi067.stderr: Password: ri2lm7ixfx
2024-02-10T08:14:53.007 INFO:teuthology.orchestra.run.smithi067.stderr:
2024-02-10T08:14:53.007 INFO:teuthology.orchestra.run.smithi067.stderr:Enabling autotune for osd_memory_target
2024-02-10T08:14:53.369 INFO:journalctl@ceph.mon.a.smithi067.stdout:Feb 10 08:14:53 smithi067 bash[17385]: audit
2024-02-10T08:14:52.257401+0000 mon.a (mon.0) 87 : audit [DBG] from='client.? 172.21.15.67:0/3349152030' entity='client.admin' cmd=[{"prefix": "config get", "who": "mgr", "key": "mgr/dashboard/ssl_server_port"}]: dispatch
2024-02-10T08:14:54.018 INFO:teuthology.orchestra.run.smithi067.stderr:/usr/bin/ceph:
2024-02-10T08:14:54.011+0000 7fbc99cac700 1 Processor -- start
2024-02-10T08:14:54.018 INFO:teuthology.orchestra.run.smithi067.stderr:/usr/bin/ceph:
2024-02-10T08:14:54.011+0000 7fbc99cac700 1 -- start start
2024-02-10T08:14:54.018 INFO:teuthology.orchestra.run.smithi067.stderr:/usr/bin/ceph:
2024-02-10T08:14:54.011+0000 7fbc99cac700 1 --2- >> [v2:172.21.15.67:3300/0,v1:172.21.15.67:6789/0] conn(0x7fbc940fb6b0 0x7fbc940fbad0 unknown :-1 s=NONE pgs=0 cs=0 l=0 rev1=0 rx=0 tx=0).connect
2024-02-10T08:14:54.018 INFO:teuthology.orchestra.run.smithi067.stderr:/usr/bin/ceph:
2024-02-10T08:14:54.011+0000 7fbc99cac700 1 -- --> [v2:172.21.15.67:3300/0,v1:172.21.15.67:6789/0] -- mon_getmap magic: 0 v1 -- 0x7fbc940fbfc0 con 0x7fbc940fb6b0
2024-02-10T08:14:54.018 INFO:teuthology.orchestra.run.smithi067.stderr:/usr/bin/ceph:
2024-02-10T08:14:54.011+0000 7fbc937fe700 1 --2- >> [v2:172.21.15.67:3300/0,v1:172.21.15.67:6789/0] conn(0x7fbc940fb6b0 0x7fbc940fbad0 unknown :-1 s=BANNER_CONNECTING pgs=0 cs=0 l=0 rev1=0 rx=0 tx=0)._handle_peer_banner_payload supported=1 required=0
2024-02-10T08:14:54.018 INFO:teuthology.orchestra.run.smithi067.stderr:/usr/bin/ceph:
2024-02-10T08:14:54.011+0000 7fbc937fe700 1 --2- >> [v2:172.21.15.67:3300/0,v1:172.21.15.67:6789/0] conn(0x7fbc940fb6b0 0x7fbc940fbad0 unknown :-1 s=HELLO_CONNECTING pgs=0 cs=0 l=0 rev1=1 rx=0 tx=0).handle_hello peer v2:172.21.15.67:3300/0 says I am v2:172.21.15.67:38182/0 (socket says 172.21.15.67:38182)
2024-02-10T08:14:54.018 INFO:teuthology.orchestra.run.smithi067.stderr:/usr/bin/ceph:
2024-02-10T08:14:54.011+0000 7fbc937fe700 1 -- 172.21.15.67:0/1922338625 learned_addr learned my addr 172.21.15.67:0/1922338625 (peer_addr_for_me v2:172.21.15.67:0/0)
2024-02-10T08:14:54.018 INFO:teuthology.orchestra.run.smithi067.stderr:/usr/bin/ceph:
2024-02-10T08:14:54.011+0000 7fbc937fe700 1 -- 172.21.15.67:0/1922338625 --> [v2:172.21.15.67:3300/0,v1:172.21.15.67:6789/0] -- mon_subscribe({config=0+,monmap=0+}) v3 -- 0x7fbc940fc100 con 0x7fbc940fb6b0
2024-02-10T08:14:54.018 INFO:teuthology.orchestra.run.smithi067.stderr:/usr/bin/ceph:
2024-02-10T08:14:54.011+0000 7fbc937fe700 1 --2- 172.21.15.67:0/1922338625 >> [v2:172.21.15.67:3300/0,v1:172.21.15.67:6789/0] conn(0x7fbc940fb6b0 0x7fbc940fbad0 secure :-1 s=READY pgs=68 cs=0 l=1 rev1=1 rx=0x7fbc84009730 tx=0x7fbc840090f0).ready entity=mon.0 client_cookie=26eef45b081dde8a server_cookie=0 in_seq=0 out_seq=0
2024-02-10T08:14:54.019 INFO:teuthology.orchestra.run.smithi067.stderr:/usr/bin/ceph:
2024-02-10T08:14:54.011+0000 7fbc927fc700 1 -- 172.21.15.67:0/1922338625 <== mon.0 v2:172.21.15.67:3300/0 1 ==== mon_map magic: 0 v1 ==== 205+0+0 (secure 0 0 0) 0x7fbc8400b580 con 0x7fbc940fb6b0
2024-02-10T08:14:54.019 INFO:teuthology.orchestra.run.smithi067.stderr:/usr/bin/ceph:
2024-02-10T08:14:54.015+0000 7fbc927fc700 1 -- 172.21.15.67:0/1922338625 <== mon.0 v2:172.21.15.67:3300/0 2 ==== config(23 keys) v1 ==== 1041+0+0 (secure 0 0 0) 0x7fbc8400bb70 con 0x7fbc940fb6b0
2024-02-10T08:14:54.019 INFO:teuthology.orchestra.run.smithi067.stderr:/usr/bin/ceph:
2024-02-10T08:14:54.015+0000 7fbc927fc700 1 -- 172.21.15.67:0/1922338625 <== mon.0 v2:172.21.15.67:3300/0 3 ==== mon_map magic: 0 v1 ==== 205+0+0 (secure 0 0 0) 0x7fbc84011a90 con 0x7fbc940fb6b0
2024-02-10T08:14:54.020 INFO:teuthology.orchestra.run.smithi067.stderr:/usr/bin/ceph:
2024-02-10T08:14:54.015+0000 7fbc99cac700 1 -- 172.21.15.67:0/1922338625 >> [v2:172.21.15.67:3300/0,v1:172.21.15.67:6789/0] conn(0x7fbc940fb6b0 msgr2=0x7fbc940fbad0 secure :-1 s=STATE_CONNECTION_ESTABLISHED l=1).mark_down
2024-02-10T08:14:54.020 INFO:teuthology.orchestra.run.smithi067.stderr:/usr/bin/ceph:
2024-02-10T08:14:54.015+0000 7fbc99cac700 1 --2- 172.21.15.67:0/1922338625 >> [v2:172.21.15.67:3300/0,v1:172.21.15.67:6789/0] conn(0x7fbc940fb6b0 0x7fbc940fbad0 secure :-1 s=READY pgs=68 cs=0 l=1 rev1=1 rx=0x7fbc84009730 tx=0x7fbc840090f0).stop
2024-02-10T08:14:54.021 INFO:teuthology.orchestra.run.smithi067.stderr:/usr/bin/ceph:
2024-02-10T08:14:54.015+0000 7fbc99cac700 1 -- 172.21.15.67:0/1922338625 shutdown_connections
2024-02-10T08:14:54.021 INFO:teuthology.orchestra.run.smithi067.stderr:/usr/bin/ceph:
2024-02-10T08:14:54.015+0000 7fbc99cac700 1 --2- 172.21.15.67:0/1922338625 >> [v2:172.21.15.67:3300/0,v1:172.21.15.67:6789/0] conn(0x7fbc940fb6b0 0x7fbc940fbad0 unknown :-1 s=CLOSED pgs=68 cs=0 l=1 rev1=1 rx=0 tx=0).stop
2024-02-10T08:14:54.021 INFO:teuthology.orchestra.run.smithi067.stderr:/usr/bin/ceph:
