2024-02-10T08:14:23.463 INFO:teuthology.orchestra.run.smithi067.stderr:/usr/bin/ceph:
2024-02-10T08:14:23.459+0000 7ff9ef7fe700 1 -- 172.21.15.67:0/2004378567 <== mon.0 v2:172.21.15.67:3300/0 6 ==== mon_command_ack([{"prefix": "get_command_descriptions"}]=0 v0) v1 ==== 72+0+163658 (secure 0 0 0) 0x7ff9e8023300 con 0x7ff9f00fd8d0
2024-02-10T08:14:23.799 INFO:teuthology.orchestra.run.smithi067.stderr:/usr/bin/ceph:
2024-02-10T08:14:23.791+0000 7ff9f83a3700 1 -- 172.21.15.67:0/2004378567 --> [v2:172.21.15.67:6800/2933691832,v1:172.21.15.67:6801/2933691832] -- mgr_command(tid 0: {"prefix": "cephadm get-pub-key", "target": ["mon-mgr", ""]}) v1 -- 0x7ff9dc000bc0 con 0x7ff9d8032630
2024-02-10T08:14:23.800 INFO:teuthology.orchestra.run.smithi067.stderr:/usr/bin/ceph:
2024-02-10T08:14:23.795+0000 7ff9ef7fe700 1 -- 172.21.15.67:0/2004378567 <== mgr.14116 v2:172.21.15.67:6800/2933691832 1 ==== mgr_command_reply(tid 0: 0 ) v1 ==== 8+0+595 (secure 0 0 0) 0x7ff9dc000bc0 con 0x7ff9d8032630
2024-02-10T08:14:23.800 INFO:teuthology.orchestra.run.smithi067.stderr:/usr/bin/ceph: ssh-rsa AAAAB3NzaC1yc2EAAAADAQABAAABgQC2qLHsGv5ND2r9rKza8qLoFsMGgHOnFwJ7N/hJ/8RMVHPuILMYdVnFZLfvvJ6HTEf50hU/WBppqDZvRQyU5Bvi/lRGhm1zlpmiJPg2kXjO7OB8/tzVpPZit/pmVfwyRT17mI33jNk8CY23VUTWhY2ypWvqpj6S86+yH5OIUH2Ab8jKlMfshCVVn6h7yDhLaJNW+UJ1yamibC4XUv5oOPsvMT9fcUaQkHqjHwYpLskVQSgIg8ffgz/54ihXU/MEm6nwhAuGBYmHvYkEzmEama++NuVl3+ARLGDDiT3VFUGQbUh54DJhUJyKiugyldYSJOk3DjIJ60Z6/Gdf10C/dUItfi87TwyxowuylQzZp0euRDmRMzNOpxBKSqKxaGhSsaHC6LQCukzEEBsfQCKLYYM4+h7Qy4X2JD/voodCDYLL1xQ6ttlep0+9+Sg6tGoval2oUxywZTs2kLyRZp/Lsx6BmG7upIaj1rF5zm1Qx+nFAoj4CGUq5DB3E/xLopExM+E= ceph-2dd26d0c-c7ec-11ee-95b8-87774f69a715
2024-02-10T08:14:23.802 INFO:teuthology.orchestra.run.smithi067.stderr:/usr/bin/ceph:
2024-02-10T08:14:23.795+0000 7ff9f83a3700 1 -- 172.21.15.67:0/2004378567 >> [v2:172.21.15.67:6800/2933691832,v1:172.21.15.67:6801/2933691832] conn(0x7ff9d8032630 msgr2=0x7ff9d8034af0 secure :-1 s=STATE_CONNECTION_ESTABLISHED l=1).mark_down
2024-02-10T08:14:23.803 INFO:teuthology.orchestra.run.smithi067.stderr:/usr/bin/ceph:
2024-02-10T08:14:23.795+0000 7ff9f83a3700 1 --2- 172.21.15.67:0/2004378567 >> [v2:172.21.15.67:6800/2933691832,v1:172.21.15.67:6801/2933691832] conn(0x7ff9d8032630 0x7ff9d8034af0 secure :-1 s=READY pgs=9 cs=0 l=1 rev1=1 rx=0x7ff9e4009780 tx=0x7ff9e4006cc0).stop
2024-02-10T08:14:23.803 INFO:teuthology.orchestra.run.smithi067.stderr:/usr/bin/ceph:
2024-02-10T08:14:23.795+0000 7ff9f83a3700 1 -- 172.21.15.67:0/2004378567 >> [v2:172.21.15.67:3300/0,v1:172.21.15.67:6789/0] conn(0x7ff9f00fd8d0 msgr2=0x7ff9f010c4c0 secure :-1 s=STATE_CONNECTION_ESTABLISHED l=1).mark_down
2024-02-10T08:14:23.803 INFO:teuthology.orchestra.run.smithi067.stderr:/usr/bin/ceph:
2024-02-10T08:14:23.795+0000 7ff9f83a3700 1 --2- 172.21.15.67:0/2004378567 >> [v2:172.21.15.67:3300/0,v1:172.21.15.67:6789/0] conn(0x7ff9f00fd8d0 0x7ff9f010c4c0 secure :-1 s=READY pgs=38 cs=0 l=1 rev1=1 rx=0x7ff9e8014f80 tx=0x7ff9e8009840).stop
2024-02-10T08:14:23.804 INFO:teuthology.orchestra.run.smithi067.stderr:/usr/bin/ceph:
2024-02-10T08:14:23.795+0000 7ff9f83a3700 1 -- 172.21.15.67:0/2004378567 shutdown_connections
2024-02-10T08:14:23.804 INFO:teuthology.orchestra.run.smithi067.stderr:/usr/bin/ceph:
2024-02-10T08:14:23.795+0000 7ff9f83a3700 1 --2- 172.21.15.67:0/2004378567 >> [v2:172.21.15.67:6800/2933691832,v1:172.21.15.67:6801/2933691832] conn(0x7ff9d8032630 0x7ff9d8034af0 unknown :-1 s=CLOSED pgs=9 cs=0 l=1 rev1=1 rx=0 tx=0).stop
2024-02-10T08:14:23.804 INFO:teuthology.orchestra.run.smithi067.stderr:/usr/bin/ceph:
2024-02-10T08:14:23.795+0000 7ff9f83a3700 1 --2- 172.21.15.67:0/2004378567 >> [v2:172.21.15.67:3300/0,v1:172.21.15.67:6789/0] conn(0x7ff9f00fd8d0 0x7ff9f010c4c0 secure :-1 s=CLOSED pgs=38 cs=0 l=1 rev1=1 rx=0x7ff9e8014f80 tx=0x7ff9e8009840).stop
2024-02-10T08:14:23.804 INFO:teuthology.orchestra.run.smithi067.stderr:/usr/bin/ceph:
2024-02-10T08:14:23.795+0000 7ff9f83a3700 1 -- 172.21.15.67:0/2004378567 >> 172.21.15.67:0/2004378567 conn(0x7ff9f00710b0 msgr2=0x7ff9f00fc210 unknown :-1 s=STATE_NONE l=0).mark_down
2024-02-10T08:14:23.805 INFO:teuthology.orchestra.run.smithi067.stderr:/usr/bin/ceph:
2024-02-10T08:14:23.799+0000 7ff9f83a3700 1 -- 172.21.15.67:0/2004378567 shutdown_connections
2024-02-10T08:14:23.805 INFO:teuthology.orchestra.run.smithi067.stderr:/usr/bin/ceph:
2024-02-10T08:14:23.799+0000 7ff9f83a3700 1 -- 172.21.15.67:0/2004378567 wait complete.
2024-02-10T08:14:24.120 INFO:journalctl@ceph.mon.a.smithi067.stdout:Feb 10 08:14:24 smithi067 bash[17385]: audit
2024-02-10T08:14:23.799727+0000 mgr.y (mgr.14116) 8 : audit [DBG] from='client.14132 -' entity='client.admin' cmd=[{"prefix": "cephadm get-pub-key", "target": ["mon-mgr", ""]}]: dispatch
2024-02-10T08:14:24.470 INFO:teuthology.orchestra.run.smithi067.stderr:Wrote public SSH key to /home/ubuntu/cephtest/ceph.pub
2024-02-10T08:14:24.470 INFO:teuthology.orchestra.run.smithi067.stderr:Adding key to root@localhost authorized_keys...
2024-02-10T08:14:24.471 INFO:teuthology.orchestra.run.smithi067.stderr:Adding host smithi067...
2024-02-10T08:14:25.428 INFO:teuthology.orchestra.run.smithi067.stderr:/usr/bin/ceph:
2024-02-10T08:14:25.423+0000 7f1e74b9d700 1 Processor -- start
2024-02-10T08:14:25.428 INFO:teuthology.orchestra.run.smithi067.stderr:/usr/bin/ceph:
2024-02-10T08:14:25.423+0000 7f1e74b9d700 1 -- start start
2024-02-10T08:14:25.430 INFO:teuthology.orchestra.run.smithi067.stderr:/usr/bin/ceph:
2024-02-10T08:14:25.423+0000 7f1e74b9d700 1 --2- >> [v2:172.21.15.67:3300/0,v1:172.21.15.67:6789/0] conn(0x7f1e700fb6c0 0x7f1e700fbae0 unknown :-1 s=NONE pgs=0 cs=0 l=0 rev1=0 rx=0 tx=0).connect
2024-02-10T08:14:25.430 INFO:teuthology.orchestra.run.smithi067.stderr:/usr/bin/ceph:
2024-02-10T08:14:25.423+0000 7f1e74b9d700 1 -- --> [v2:172.21.15.67:3300/0,v1:172.21.15.67:6789/0] -- mon_getmap magic: 0 v1 -- 0x7f1e700fbfd0 con 0x7f1e700fb6c0
2024-02-10T08:14:25.430 INFO:teuthology.orchestra.run.smithi067.stderr:/usr/bin/ceph:
2024-02-10T08:14:25.423+0000 7f1e6e59c700 1 --2- >> [v2:172.21.15.67:3300/0,v1:172.21.15.67:6789/0] conn(0x7f1e700fb6c0 0x7f1e700fbae0 unknown :-1 s=BANNER_CONNECTING pgs=0 cs=0 l=0 rev1=0 rx=0 tx=0)._handle_peer_banner_payload supported=1 required=0
2024-02-10T08:14:25.430 INFO:teuthology.orchestra.run.smithi067.stderr:/usr/bin/ceph:
2024-02-10T08:14:25.423+0000 7f1e6e59c700 1 --2- >> [v2:172.21.15.67:3300/0,v1:172.21.15.67:6789/0] conn(0x7f1e700fb6c0 0x7f1e700fbae0 unknown :-1 s=HELLO_CONNECTING pgs=0 cs=0 l=0 rev1=1 rx=0 tx=0).handle_hello peer v2:172.21.15.67:3300/0 says I am v2:172.21.15.67:42820/0 (socket says 172.21.15.67:42820)
2024-02-10T08:14:25.430 INFO:teuthology.orchestra.run.smithi067.stderr:/usr/bin/ceph:
2024-02-10T08:14:25.423+0000 7f1e6e59c700 1 -- 172.21.15.67:0/2099435211 learned_addr learned my addr 172.21.15.67:0/2099435211 (peer_addr_for_me v2:172.21.15.67:0/0)
2024-02-10T08:14:25.430 INFO:teuthology.orchestra.run.smithi067.stderr:/usr/bin/ceph:
2024-02-10T08:14:25.423+0000 7f1e6e59c700 1 -- 172.21.15.67:0/2099435211 --> [v2:172.21.15.67:3300/0,v1:172.21.15.67:6789/0] -- mon_subscribe({config=0+,monmap=0+}) v3 -- 0x7f1e700fc110 con 0x7f1e700fb6c0
2024-02-10T08:14:25.430 INFO:teuthology.orchestra.run.smithi067.stderr:/usr/bin/ceph:
2024-02-10T08:14:25.423+0000 7f1e6e59c700 1 --2- 172.21.15.67:0/2099435211 >> [v2:172.21.15.67:3300/0,v1:172.21.15.67:6789/0] conn(0x7f1e700fb6c0 0x7f1e700fbae0 secure :-1 s=READY pgs=39 cs=0 l=1 rev1=1 rx=0x7f1e60009730 tx=0x7f1e600090f0).ready entity=mon.0 client_cookie=653bbce2d4efbb0 server_cookie=0 in_seq=0 out_seq=0
2024-02-10T08:14:25.430 INFO:teuthology.orchestra.run.smithi067.stderr:/usr/bin/ceph:
2024-02-10T08:14:25.423+0000 7f1e6d59a700 1 -- 172.21.15.67:0/2099435211 <== mon.0 v2:172.21.15.67:3300/0 1 ==== mon_map magic: 0 v1 ==== 205+0+0 (secure 0 0 0) 0x7f1e6000b580 con 0x7f1e700fb6c0
2024-02-10T08:14:25.430 INFO:teuthology.orchestra.run.smithi067.stderr:/usr/bin/ceph:
2024-02-10T08:14:25.423+0000 7f1e6d59a700 1 -- 172.21.15.67:0/2099435211 <== mon.0 v2:172.21.15.67:3300/0 2 ==== config(23 keys) v1 ==== 1010+0+0 (secure 0 0 0) 0x7f1e6000bb50 con 0x7f1e700fb6c0
2024-02-10T08:14:25.430 INFO:teuthology.orchestra.run.smithi067.stderr:/usr/bin/ceph:
2024-02-10T08:14:25.423+0000 7f1e6d59a700 1 -- 172.21.15.67:0/2099435211 <== mon.0 v2:172.21.15.67:3300/0 3 ==== mon_map magic: 0 v1 ==== 205+0+0 (secure 0 0 0) 0x7f1e60011a70 con 0x7f1e700fb6c0
2024-02-10T08:14:25.431 INFO:teuthology.orchestra.run.smithi067.stderr:/usr/bin/ceph:
2024-02-10T08:14:25.427+0000 7f1e74b9d700 1 -- 172.21.15.67:0/2099435211 >> [v2:172.21.15.67:3300/0,v1:172.21.15.67:6789/0] conn(0x7f1e700fb6c0 msgr2=0x7f1e700fbae0 secure :-1 s=STATE_CONNECTION_ESTABLISHED l=1).mark_down
2024-02-10T08:14:25.431 INFO:teuthology.orchestra.run.smithi067.stderr:/usr/bin/ceph:
2024-02-10T08:14:25.427+0000 7f1e74b9d700 1 --2- 172.21.15.67:0/2099435211 >> [v2:172.21.15.67:3300/0,v1:172.21.15.67:6789/0] conn(0x7f1e700fb6c0 0x7f1e700fbae0 secure :-1 s=READY pgs=39 cs=0 l=1 rev1=1 rx=0x7f1e60009730 tx=0x7f1e600090f0).stop
2024-02-10T08:14:25.432 INFO:teuthology.orchestra.run.smithi067.stderr:/usr/bin/ceph:
2024-02-10T08:14:25.427+0000 7f1e74b9d700 1 -- 172.21.15.67:0/2099435211 shutdown_connections
2024-02-10T08:14:25.432 INFO:teuthology.orchestra.run.smithi067.stderr:/usr/bin/ceph:
2024-02-10T08:14:25.427+0000 7f1e74b9d700 1 --2- 172.21.15.67:0/2099435211 >> [v2:172.21.15.67:3300/0,v1:172.21.15.67:6789/0] conn(0x7f1e700fb6c0 0x7f1e700fbae0 unknown :-1 s=CLOSED pgs=39 cs=0 l=1 rev1=1 rx=0 tx=0).stop
2024-02-10T08:14:25.432 INFO:teuthology.orchestra.run.smithi067.stderr:/usr/bin/ceph:
2024-02-10T08:14:25.427+0000 7f1e74b9d700 1 -- 172.21.15.67:0/2099435211 >> 172.21.15.67:0/2099435211 conn(0x7f1e700f6ec0 msgr2=0x7f1e700f92e0 unknown :-1 s=STATE_NONE l=0).mark_down
2024-02-10T08:14:25.432 INFO:teuthology.orchestra.run.smithi067.stderr:/usr/bin/ceph:
2024-02-10T08:14:25.427+0000 7f1e74b9d700 1 -- 172.21.15.67:0/2099435211 shutdown_connections
2024-02-10T08:14:25.432 INFO:teuthology.orchestra.run.smithi067.stderr:/usr/bin/ceph:
2024-02-10T08:14:25.427+0000 7f1e74b9d700 1 -- 172.21.15.67:0/2099435211 wait complete.
2024-02-10T08:14:25.433 INFO:teuthology.orchestra.run.smithi067.stderr:/usr/bin/ceph:
2024-02-10T08:14:25.427+0000 7f1e74b9d700 1 Processor -- start
2024-02-10T08:14:25.433 INFO:teuthology.orchestra.run.smithi067.stderr:/usr/bin/ceph:
2024-02-10T08:14:25.427+0000 7f1e74b9d700 1 -- start start
2024-02-10T08:14:25.434 INFO:teuthology.orchestra.run.smithi067.stderr:/usr/bin/ceph:
2024-02-10T08:14:25.427+0000 7f1e74b9d700 1 --2- >> [v2:172.21.15.67:3300/0,v1:172.21.15.67:6789/0] conn(0x7f1e700fb6c0 0x7f1e7010a2c0 unknown :-1 s=NONE pgs=0 cs=0 l=1 rev1=0 rx=0 tx=0).connect
2024-02-10T08:14:25.434 INFO:teuthology.orchestra.run.smithi067.stderr:/usr/bin/ceph:
2024-02-10T08:14:25.427+0000 7f1e74b9d700 1 -- --> [v2:172.21.15.67:3300/0,v1:172.21.15.67:6789/0] -- mon_getmap magic: 0 v1 -- 0x7f1e7010a7b0 con 0x7f1e700fb6c0
2024-02-10T08:14:25.434 INFO:teuthology.orchestra.run.smithi067.stderr:/usr/bin/ceph:
2024-02-10T08:14:25.427+0000 7f1e6e59c700 1 --2- >> [v2:172.21.15.67:3300/0,v1:172.21.15.67:6789/0] conn(0x7f1e700fb6c0 0x7f1e7010a2c0 unknown :-1 s=BANNER_CONNECTING pgs=0 cs=0 l=1 rev1=0 rx=0 tx=0)._handle_peer_banner_payload supported=1 required=0
2024-02-10T08:14:25.434 INFO:teuthology.orchestra.run.smithi067.stderr:/usr/bin/ceph:
2024-02-10T08:14:25.427+0000 7f1e6e59c700 1 --2- >> [v2:172.21.15.67:3300/0,v1:172.21.15.67:6789/0] conn(0x7f1e700fb6c0 0x7f1e7010a2c0 unknown :-1 s=HELLO_CONNECTING pgs=0 cs=0 l=1 rev1=1 rx=0 tx=0).handle_hello peer v2:172.21.15.67:3300/0 says I am v2:172.21.15.67:42832/0 (socket says 172.21.15.67:42832)
2024-02-10T08:14:25.434 INFO:teuthology.orchestra.run.smithi067.stderr:/usr/bin/ceph:
2024-02-10T08:14:25.427+0000 7f1e6e59c700 1 -- 172.21.15.67:0/3495115222 learned_addr learned my addr 172.21.15.67:0/3495115222 (peer_addr_for_me v2:172.21.15.67:0/0)
2024-02-10T08:14:25.435 INFO:teuthology.orchestra.run.smithi067.stderr:/usr/bin/ceph:
2024-02-10T08:14:25.427+0000 7f1e6e59c700 1 -- 172.21.15.67:0/3495115222 --> [v2:172.21.15.67:3300/0,v1:172.21.15.67:6789/0] -- mon_subscribe({config=0+,monmap=0+}) v3 -- 0x7f1e60009370 con 0x7f1e700fb6c0
2024-02-10T08:14:25.435 INFO:teuthology.orchestra.run.smithi067.stderr:/usr/bin/ceph:
2024-02-10T08:14:25.427+0000 7f1e6e59c700 1 --2- 172.21.15.67:0/3495115222 >> [v2:172.21.15.67:3300/0,v1:172.21.15.67:6789/0] conn(0x7f1e700fb6c0 0x7f1e7010a2c0 secure :-1 s=READY pgs=40 cs=0 l=1 rev1=1 rx=0x7f1e60006940 tx=0x7f1e600090f0).ready entity=mon.0 client_cookie=0 server_cookie=0 in_seq=0 out_seq=0
2024-02-10T08:14:25.435 INFO:teuthology.orchestra.run.smithi067.stderr:/usr/bin/ceph:
2024-02-10T08:14:25.427+0000 7f1e5f7fe700 1 -- 172.21.15.67:0/3495115222 <== mon.0 v2:172.21.15.67:3300/0 1 ==== mon_map magic: 0 v1 ==== 205+0+0 (secure 0 0 0) 0x7f1e6001a640 con 0x7f1e700fb6c0
2024-02-10T08:14:25.435 INFO:teuthology.orchestra.run.smithi067.stderr:/usr/bin/ceph:
2024-02-10T08:14:25.427+0000 7f1e5f7fe700 1 -- 172.21.15.67:0/3495115222 <== mon.0 v2:172.21.15.67:3300/0 2 ==== config(23 keys) v1 ==== 1010+0+0 (secure 0 0 0) 0x7f1e6001ac10 con 0x7f1e700fb6c0
2024-02-10T08:14:25.435 INFO:teuthology.orchestra.run.smithi067.stderr:/usr/bin/ceph:
2024-02-10T08:14:25.427+0000 7f1e74b9d700 1 -- 172.21.15.67:0/3495115222 --> [v2:172.21.15.67:3300/0,v1:172.21.15.67:6789/0] -- mon_subscribe({mgrmap=0+}) v3 -- 0x7f1e7010a9b0 con 0x7f1e700fb6c0
2024-02-10T08:14:25.435 INFO:teuthology.orchestra.run.smithi067.stderr:/usr/bin/ceph:
2024-02-10T08:14:25.427+0000 7f1e5f7fe700 1 -- 172.21.15.67:0/3495115222 <== mon.0 v2:172.21.15.67:3300/0 3 ==== mon_map magic: 0 v1 ==== 205+0+0 (secure 0 0 0) 0x7f1e60023b90 con 0x7f1e700fb6c0
2024-02-10T08:14:25.435 INFO:teuthology.orchestra.run.smithi067.stderr:/usr/bin/ceph:
2024-02-10T08:14:25.431+0000 7f1e74b9d700 1 -- 172.21.15.67:0/3495115222 --> [v2:172.21.15.67:3300/0,v1:172.21.15.67:6789/0] -- mon_subscribe({osdmap=0}) v3 -- 0x7f1e7010ae40 con 0x7f1e700fb6c0
2024-02-10T08:14:25.436 INFO:teuthology.orchestra.run.smithi067.stderr:/usr/bin/ceph:
2024-02-10T08:14:25.431+0000 7f1e74b9d700 1 -- 172.21.15.67:0/3495115222 --> [v2:172.21.15.67:3300/0,v1:172.21.15.67:6789/0] -- mon_command({"prefix": "get_command_descriptions"} v 0) v1 -- 0x7f1e7005a3b0 con 0x7f1e700fb6c0
2024-02-10T08:14:25.436 INFO:teuthology.orchestra.run.smithi067.stderr:/usr/bin/ceph:
2024-02-10T08:14:25.431+0000 7f1e5f7fe700 1 -- 172.21.15.67:0/3495115222 <== mon.0 v2:172.21.15.67:3300/0 4 ==== mgrmap(e 8) v1 ==== 38617+0+0 (secure 0 0 0) 0x7f1e6001a7a0 con 0x7f1e700fb6c0
2024-02-10T08:14:25.437 INFO:teuthology.orchestra.run.smithi067.stderr:/usr/bin/ceph:
2024-02-10T08:14:25.431+0000 7f1e5f7fe700 1 --2- 172.21.15.67:0/3495115222 >> [v2:172.21.15.67:6800/2933691832,v1:172.21.15.67:6801/2933691832] conn(0x7f1e580325c0 0x7f1e58034a80 unknown :-1 s=NONE pgs=0 cs=0 l=1 rev1=0 rx=0 tx=0).connect
2024-02-10T08:14:25.437 INFO:teuthology.orchestra.run.smithi067.stderr:/usr/bin/ceph:
2024-02-10T08:14:25.431+0000 7f1e5f7fe700 1 -- 172.21.15.67:0/3495115222 <== mon.0 v2:172.21.15.67:3300/0 5 ==== osd_map(2..2 src has 1..2) v4 ==== 926+0+0 (secure 0 0 0) 0x7f1e60044fe0 con 0x7f1e700fb6c0
2024-02-10T08:14:25.438 INFO:teuthology.orchestra.run.smithi067.stderr:/usr/bin/ceph:
2024-02-10T08:14:25.431+0000 7f1e6dd9b700 1 --2- 172.21.15.67:0/3495115222 >> [v2:172.21.15.67:6800/2933691832,v1:172.21.15.67:6801/2933691832] conn(0x7f1e580325c0 0x7f1e58034a80 unknown :-1 s=BANNER_CONNECTING pgs=0 cs=0 l=1 rev1=0 rx=0 tx=0)._handle_peer_banner_payload supported=1 required=0
2024-02-10T08:14:25.438 INFO:teuthology.orchestra.run.smithi067.stderr:/usr/bin/ceph:
2024-02-10T08:14:25.431+0000 7f1e6dd9b700 1 --2- 172.21.15.67:0/3495115222 >> [v2:172.21.15.67:6800/2933691832,v1:172.21.15.67:6801/2933691832] conn(0x7f1e580325c0 0x7f1e58034a80 secure :-1 s=READY pgs=10 cs=0 l=1 rev1=1 rx=0x7f1e64009780 tx=0x7f1e64006cb0).ready entity=mgr.14116 client_cookie=0 server_cookie=0 in_seq=0 out_seq=0
2024-02-10T08:14:25.442 INFO:teuthology.orchestra.run.smithi067.stderr:/usr/bin/ceph:
2024-02-10T08:14:25.439+0000 7f1e5f7fe700 1 -- 172.21.15.67:0/3495115222 <== mon.0 v2:172.21.15.67:3300/0 6 ==== mon_command_ack([{"prefix": "get_command_descriptions"}]=0 v0) v1 ==== 72+0+163658 (secure 0 0 0) 0x7f1e60018320 con 0x7f1e700fb6c0
2024-02-10T08:14:25.782 INFO:teuthology.orchestra.run.smithi067.stderr:/usr/bin/ceph:
2024-02-10T08:14:25.775+0000 7f1e74b9d700 1 -- 172.21.15.67:0/3495115222 --> [v2:172.21.15.67:6800/2933691832,v1:172.21.15.67:6801/2933691832] -- mgr_command(tid 0: {"prefix": "orch host add", "hostname": "smithi067", "addr": "172.21.15.67", "target": ["mon-mgr", ""]}) v1 -- 0x7f1e7010b760 con 0x7f1e580325c0
2024-02-10T08:14:26.076 INFO:journalctl@ceph.mgr.y.smithi067.stdout:Feb 10 08:14:25 smithi067 bash[17647]: Warning: Permanently added '172.21.15.67' (ECDSA) to the list of known hosts.
2024-02-10T08:14:26.370 INFO:journalctl@ceph.mon.a.smithi067.stdout:Feb 10 08:14:26 smithi067 bash[17385]: audit
2024-02-10T08:14:25.782494+0000 mgr.y (mgr.14116) 9 : audit [DBG] from='client.14134 -' entity='client.admin' cmd=[{"prefix": "orch host add", "hostname": "smithi067", "addr": "172.21.15.67", "target": ["mon-mgr", ""]}]: dispatch
2024-02-10T08:14:26.640 INFO:teuthology.orchestra.run.smithi067.stderr:/usr/bin/ceph:
2024-02-10T08:14:26.635+0000 7f1e5f7fe700 1 -- 172.21.15.67:0/3495115222 <== mgr.14116 v2:172.21.15.67:6800/2933691832 1 ==== mgr_command_reply(tid 0: 0 ) v1 ==== 8+0+48 (secure 0 0 0) 0x7f1e7010b760 con 0x7f1e580325c0
2024-02-10T08:14:26.640 INFO:teuthology.orchestra.run.smithi067.stderr:/usr/bin/ceph: Added host 'smithi067' with addr '172.21.15.67'
2024-02-10T08:14:26.645 INFO:teuthology.orchestra.run.smithi067.stderr:/usr/bin/ceph:
2024-02-10T08:14:26.639+0000 7f1e74b9d700 1 -- 172.21.15.67:0/3495115222 >> [v2:172.21.15.67:6800/2933691832,v1:172.21.15.67:6801/2933691832] conn(0x7f1e580325c0 msgr2=0x7f1e58034a80 secure :-1 s=STATE_CONNECTION_ESTABLISHED l=1).mark_down
2024-02-10T08:14:26.645 INFO:teuthology.orchestra.run.smithi067.stderr:/usr/bin/ceph:
2024-02-10T08:14:26.639+0000 7f1e74b9d700 1 --2- 172.21.15.67:0/3495115222 >> [v2:172.21.15.67:6800/2933691832,v1:172.21.15.67:6801/2933691832] conn(0x7f1e580325c0 0x7f1e58034a80 secure :-1 s=READY pgs=10 cs=0 l=1 rev1=1 rx=0x7f1e64009780 tx=0x7f1e64006cb0).stop
2024-02-10T08:14:26.645 INFO:teuthology.orchestra.run.smithi067.stderr:/usr/bin/ceph:
2024-02-10T08:14:26.639+0000 7f1e74b9d700 1 -- 172.21.15.67:0/3495115222 >> [v2:172.21.15.67:3300/0,v1:172.21.15.67:6789/0] conn(0x7f1e700fb6c0 msgr2=0x7f1e7010a2c0 secure :-1 s=STATE_CONNECTION_ESTABLISHED l=1).mark_down
2024-02-10T08:14:26.645 INFO:teuthology.orchestra.run.smithi067.stderr:/usr/bin/ceph:
2024-02-10T08:14:26.639+0000 7f1e74b9d700 1 --2- 172.21.15.67:0/3495115222 >> [v2:172.21.15.67:3300/0,v1:172.21.15.67:6789/0] conn(0x7f1e700fb6c0 0x7f1e7010a2c0 secure :-1 s=READY pgs=40 cs=0 l=1 rev1=1 rx=0x7f1e60006940 tx=0x7f1e600090f0).stop
2024-02-10T08:14:26.645 INFO:teuthology.orchestra.run.smithi067.stderr:/usr/bin/ceph:
2024-02-10T08:14:26.639+0000 7f1e74b9d700 1 -- 172.21.15.67:0/3495115222 shutdown_connections
2024-02-10T08:14:26.645 INFO:teuthology.orchestra.run.smithi067.stderr:/usr/bin/ceph:
2024-02-10T08:14:26.639+0000 7f1e74b9d700 1 --2- 172.21.15.67:0/3495115222 >> [v2:172.21.15.67:6800/2933691832,v1:172.21.15.67:6801/2933691832] conn(0x7f1e580325c0 0x7f1e58034a80 unknown :-1 s=CLOSED pgs=10 cs=0 l=1 rev1=1 rx=0 tx=0).stop
2024-02-10T08:14:26.645 INFO:teuthology.orchestra.run.smithi067.stderr:/usr/bin/ceph:
2024-02-10T08:14:26.639+0000 7f1e74b9d700 1 --2- 172.21.15.67:0/3495115222 >> [v2:172.21.15.67:3300/0,v1:172.21.15.67:6789/0] conn(0x7f1e700fb6c0 0x7f1e7010a2c0 unknown :-1 s=CLOSED pgs=40 cs=0 l=1 rev1=1 rx=0 tx=0).stop
2024-02-10T08:14:26.646 INFO:teuthology.orchestra.run.smithi067.stderr:/usr/bin/ceph:
2024-02-10T08:14:26.639+0000 7f1e74b9d700 1 -- 172.21.15.67:0/3495115222 >> 172.21.15.67:0/3495115222 conn(0x7f1e700f6ec0 msgr2=0x7f1e700f8740 unknown :-1 s=STATE_NONE l=0).mark_down
2024-02-10T08:14:26.646 INFO:teuthology.orchestra.run.smithi067.stderr:/usr/bin/ceph:
2024-02-10T08:14:26.639+0000 7f1e74b9d700 1 -- 172.21.15.67:0/3495115222 shutdown_connections
2024-02-10T08:14:26.646 INFO:teuthology.orchestra.run.smithi067.stderr:/usr/bin/ceph:
2024-02-10T08:14:26.639+0000 7f1e74b9d700 1 -- 172.21.15.67:0/3495115222 wait complete.
2024-02-10T08:14:27.500 INFO:teuthology.orchestra.run.smithi067.stderr:Deploying unmanaged mon service...
2024-02-10T08:14:27.870 INFO:journalctl@ceph.mon.a.smithi067.stdout:Feb 10 08:14:27 smithi067 bash[17385]: audit
2024-02-10T08:14:26.638911+0000 mon.a (mon.0) 53 : audit [INF] from='mgr.14116 172.21.15.67:0/122721905' entity='mgr.y'
2024-02-10T08:14:27.870 INFO:journalctl@ceph.mon.a.smithi067.stdout:Feb 10 08:14:27 smithi067 bash[17385]: cephadm
2024-02-10T08:14:26.639563+0000 mgr.y (mgr.14116) 10 : cephadm [INF] Added host smithi067
2024-02-10T08:14:27.870 INFO:journalctl@ceph.mon.a.smithi067.stdout:Feb 10 08:14:27 smithi067 bash[17385]: audit
2024-02-10T08:14:26.666337+0000 mon.a (mon.0) 54 : audit [DBG] from='mgr.14116 172.21.15.67:0/122721905' entity='mgr.y' cmd=[{"prefix": "config dump", "format": "json"}]: dispatch
2024-02-10T08:14:29.240 INFO:teuthology.orchestra.run.smithi067.stderr:/usr/bin/ceph:
2024-02-10T08:14:29.235+0000 7f84bad3b700 1 Processor -- start
2024-02-10T08:14:29.240 INFO:teuthology.orchestra.run.smithi067.stderr:/usr/bin/ceph:
2024-02-10T08:14:29.235+0000 7f84bad3b700 1 -- start start
2024-02-10T08:14:29.241 INFO:teuthology.orchestra.run.smithi067.stderr:/usr/bin/ceph:
2024-02-10T08:14:29.235+0000 7f84bad3b700 1 --2- >> [v2:172.21.15.67:3300/0,v1:172.21.15.67:6789/0] conn(0x7f84b40fb6c0 0x7f84b40fbae0 unknown :-1 s=NONE pgs=0 cs=0 l=0 rev1=0 rx=0 tx=0).connect
2024-02-10T08:14:29.241 INFO:teuthology.orchestra.run.smithi067.stderr:/usr/bin/ceph:
2024-02-10T08:14:29.235+0000 7f84bad3b700 1 -- --> [v2:172.21.15.67:3300/0,v1:172.21.15.67:6789/0] -- mon_getmap magic: 0 v1 -- 0x7f84b40fbfd0 con 0x7f84b40fb6c0
2024-02-10T08:14:29.241 INFO:teuthology.orchestra.run.smithi067.stderr:/usr/bin/ceph:
2024-02-10T08:14:29.235+0000 7f84b8ad7700 1 --2- >> [v2:172.21.15.67:3300/0,v1:172.21.15.67:6789/0] conn(0x7f84b40fb6c0 0x7f84b40fbae0 unknown :-1 s=BANNER_CONNECTING pgs=0 cs=0 l=0 rev1=0 rx=0 tx=0)._handle_peer_banner_payload supported=1 required=0
2024-02-10T08:14:29.242 INFO:teuthology.orchestra.run.smithi067.stderr:/usr/bin/ceph:
2024-02-10T08:14:29.235+0000 7f84b8ad7700 1 --2- >> [v2:172.21.15.67:3300/0,v1:172.21.15.67:6789/0] conn(0x7f84b40fb6c0 0x7f84b40fbae0 unknown :-1 s=HELLO_CONNECTING pgs=0 cs=0 l=0 rev1=1 rx=0 tx=0).handle_hello peer v2:172.21.15.67:3300/0 says I am v2:172.21.15.67:42840/0 (socket says 172.21.15.67:42840)
2024-02-10T08:14:29.242 INFO:teuthology.orchestra.run.smithi067.stderr:/usr/bin/ceph:
2024-02-10T08:14:29.235+0000 7f84b8ad7700 1 -- 172.21.15.67:0/3320840651 learned_addr learned my addr 172.21.15.67:0/3320840651 (peer_addr_for_me v2:172.21.15.67:0/0)
2024-02-10T08:14:29.242 INFO:teuthology.orchestra.run.smithi067.stderr:/usr/bin/ceph:
2024-02-10T08:14:29.235+0000 7f84b8ad7700 1 -- 172.21.15.67:0/3320840651 --> [v2:172.21.15.67:3300/0,v1:172.21.15.67:6789/0] -- mon_subscribe({config=0+,monmap=0+}) v3 -- 0x7f84b40fc110 con 0x7f84b40fb6c0
2024-02-10T08:14:29.242 INFO:teuthology.orchestra.run.smithi067.stderr:/usr/bin/ceph:
2024-02-10T08:14:29.235+0000 7f84b8ad7700 1 --2- 172.21.15.67:0/3320840651 >> [v2:172.21.15.67:3300/0,v1:172.21.15.67:6789/0] conn(0x7f84b40fb6c0 0x7f84b40fbae0 secure :-1 s=READY pgs=41 cs=0 l=1 rev1=1 rx=0x7f84a4009730 tx=0x7f84a40090f0).ready entity=mon.0 client_cookie=2138772cff4f1f62 server_cookie=0 in_seq=0 out_seq=0
2024-02-10T08:14:29.242 INFO:teuthology.orchestra.run.smithi067.stderr:/usr/bin/ceph:
2024-02-10T08:14:29.235+0000 7f84b37fe700 1 -- 172.21.15.67:0/3320840651 <== mon.0 v2:172.21.15.67:3300/0 1 ==== mon_map magic: 0 v1 ==== 205+0+0 (secure 0 0 0) 0x7f84a400b580 con 0x7f84b40fb6c0
2024-02-10T08:14:29.242 INFO:teuthology.orchestra.run.smithi067.stderr:/usr/bin/ceph:
2024-02-10T08:14:29.235+0000 7f84b37fe700 1 -- 172.21.15.67:0/3320840651 <== mon.0 v2:172.21.15.67:3300/0 2 ==== config(23 keys) v1 ==== 1010+0+0 (secure 0 0 0) 0x7f84a400bb50 con 0x7f84b40fb6c0
2024-02-10T08:14:29.242 INFO:teuthology.orchestra.run.smithi067.stderr:/usr/bin/ceph:
2024-02-10T08:14:29.235+0000 7f84b37fe700 1 -- 172.21.15.67:0/3320840651 <== mon.0 v2:172.21.15.67:3300/0 3 ==== mon_map magic: 0 v1 ==== 205+0+0 (secure 0 0 0) 0x7f84a4011a70 con 0x7f84b40fb6c0
2024-02-10T08:14:29.243 INFO:teuthology.orchestra.run.smithi067.stderr:/usr/bin/ceph:
2024-02-10T08:14:29.235+0000 7f84bad3b700 1 -- 172.21.15.67:0/3320840651 >> [v2:172.21.15.67:3300/0,v1:172.21.15.67:6789/0] conn(0x7f84b40fb6c0 msgr2=0x7f84b40fbae0 secure :-1 s=STATE_CONNECTION_ESTABLISHED l=1).mark_down
2024-02-10T08:14:29.243 INFO:teuthology.orchestra.run.smithi067.stderr:/usr/bin/ceph:
2024-02-10T08:14:29.235+0000 7f84bad3b700 1 --2- 172.21.15.67:0/3320840651 >> [v2:172.21.15.67:3300/0,v1:172.21.15.67:6789/0] conn(0x7f84b40fb6c0 0x7f84b40fbae0 secure :-1 s=READY pgs=41 cs=0 l=1 rev1=1 rx=0x7f84a4009730 tx=0x7f84a40090f0).stop
2024-02-10T08:14:29.243 INFO:teuthology.orchestra.run.smithi067.stderr:/usr/bin/ceph:
2024-02-10T08:14:29.235+0000 7f84bad3b700 1 -- 172.21.15.67:0/3320840651 shutdown_connections
2024-02-10T08:14:29.243 INFO:teuthology.orchestra.run.smithi067.stderr:/usr/bin/ceph:
2024-02-10T08:14:29.235+0000 7f84bad3b700 1 --2- 172.21.15.67:0/3320840651 >> [v2:172.21.15.67:3300/0,v1:172.21.15.67:6789/0] conn(0x7f84b40fb6c0 0x7f84b40fbae0 unknown :-1 s=CLOSED pgs=41 cs=0 l=1 rev1=1 rx=0 tx=0).stop
2024-02-10T08:14:29.244 INFO:teuthology.orchestra.run.smithi067.stderr:/usr/bin/ceph:
2024-02-10T08:14:29.235+0000 7f84bad3b700 1 -- 172.21.15.67:0/3320840651 >> 172.21.15.67:0/3320840651 conn(0x7f84b40f6ec0 msgr2=0x7f84b40f92e0 unknown :-1 s=STATE_NONE l=0).mark_down
2024-02-10T08:14:29.244 INFO:teuthology.orchestra.run.smithi067.stderr:/usr/bin/ceph:
2024-02-10T08:14:29.239+0000 7f84bad3b700 1 -- 172.21.15.67:0/3320840651 shutdown_connections
2024-02-10T08:14:29.244 INFO:teuthology.orchestra.run.smithi067.stderr:/usr/bin/ceph:
2024-02-10T08:14:29.239+0000 7f84bad3b700 1 -- 172.21.15.67:0/3320840651 wait complete.
2024-02-10T08:14:29.244 INFO:teuthology.orchestra.run.smithi067.stderr:/usr/bin/ceph:
2024-02-10T08:14:29.239+0000 7f84bad3b700 1 Processor -- start
2024-02-10T08:14:29.245 INFO:teuthology.orchestra.run.smithi067.stderr:/usr/bin/ceph:
2024-02-10T08:14:29.239+0000 7f84bad3b700 1 -- start start
2024-02-10T08:14:29.245 INFO:teuthology.orchestra.run.smithi067.stderr:/usr/bin/ceph:
2024-02-10T08:14:29.239+0000 7f84bad3b700 1 --2- >> [v2:172.21.15.67:3300/0,v1:172.21.15.67:6789/0] conn(0x7f84b40fb6c0 0x7f84b410a2c0 unknown :-1 s=NONE pgs=0 cs=0 l=1 rev1=0 rx=0 tx=0).connect
2024-02-10T08:14:29.245 INFO:teuthology.orchestra.run.smithi067.stderr:/usr/bin/ceph:
2024-02-10T08:14:29.239+0000 7f84bad3b700 1 -- --> [v2:172.21.15.67:3300/0,v1:172.21.15.67:6789/0] -- mon_getmap magic: 0 v1 -- 0x7f84b410a7b0 con 0x7f84b40fb6c0
2024-02-10T08:14:29.245 INFO:teuthology.orchestra.run.smithi067.stderr:/usr/bin/ceph:
2024-02-10T08:14:29.239+0000 7f84b8ad7700 1 --2- >> [v2:172.21.15.67:3300/0,v1:172.21.15.67:6789/0] conn(0x7f84b40fb6c0 0x7f84b410a2c0 unknown :-1 s=BANNER_CONNECTING pgs=0 cs=0 l=1 rev1=0 rx=0 tx=0)._handle_peer_banner_payload supported=1 required=0
2024-02-10T08:14:29.246 INFO:teuthology.orchestra.run.smithi067.stderr:/usr/bin/ceph:
2024-02-10T08:14:29.239+0000 7f84b8ad7700 1 --2- >> [v2:172.21.15.67:3300/0,v1:172.21.15.67:6789/0] conn(0x7f84b40fb6c0 0x7f84b410a2c0 unknown :-1 s=HELLO_CONNECTING pgs=0 cs=0 l=1 rev1=1 rx=0 tx=0).handle_hello peer v2:172.21.15.67:3300/0 says I am v2:172.21.15.67:42852/0 (socket says 172.21.15.67:42852)
2024-02-10T08:14:29.246 INFO:teuthology.orchestra.run.smithi067.stderr:/usr/bin/ceph:
2024-02-10T08:14:29.239+0000 7f84b8ad7700 1 -- 172.21.15.67:0/74727288 learned_addr learned my addr 172.21.15.67:0/74727288 (peer_addr_for_me v2:172.21.15.67:0/0)
2024-02-10T08:14:29.246 INFO:teuthology.orchestra.run.smithi067.stderr:/usr/bin/ceph:
2024-02-10T08:14:29.239+0000 7f84b8ad7700 1 -- 172.21.15.67:0/74727288 --> [v2:172.21.15.67:3300/0,v1:172.21.15.67:6789/0] -- mon_subscribe({config=0+,monmap=0+}) v3 -- 0x7f84a4009370 con 0x7f84b40fb6c0
2024-02-10T08:14:29.246 INFO:teuthology.orchestra.run.smithi067.stderr:/usr/bin/ceph:
2024-02-10T08:14:29.239+0000 7f84b8ad7700 1 --2- 172.21.15.67:0/74727288 >> [v2:172.21.15.67:3300/0,v1:172.21.15.67:6789/0] conn(0x7f84b40fb6c0 0x7f84b410a2c0 secure :-1 s=READY pgs=42 cs=0 l=1 rev1=1 rx=0x7f84a4009f00 tx=0x7f84a40090f0).ready entity=mon.0 client_cookie=0 server_cookie=0 in_seq=0 out_seq=0
2024-02-10T08:14:29.246 INFO:teuthology.orchestra.run.smithi067.stderr:/usr/bin/ceph:
2024-02-10T08:14:29.243+0000 7f84b1ffb700 1 -- 172.21.15.67:0/74727288 <== mon.0 v2:172.21.15.67:3300/0 1 ==== mon_map magic: 0 v1 ==== 205+0+0 (secure 0 0 0) 0x7f84a401a760 con 0x7f84b40fb6c0
2024-02-10T08:14:29.247 INFO:teuthology.orchestra.run.smithi067.stderr:/usr/bin/ceph:
2024-02-10T08:14:29.243+0000 7f84bad3b700 1 -- 172.21.15.67:0/74727288 --> [v2:172.21.15.67:3300/0,v1:172.21.15.67:6789/0] -- mon_subscribe({mgrmap=0+}) v3 -- 0x7f84b410a9b0 con 0x7f84b40fb6c0
2024-02-10T08:14:29.247 INFO:teuthology.orchestra.run.smithi067.stderr:/usr/bin/ceph:
2024-02-10T08:14:29.243+0000 7f84b1ffb700 1 -- 172.21.15.67:0/74727288 <== mon.0 v2:172.21.15.67:3300/0 2 ==== config(23 keys) v1 ==== 1010+0+0 (secure 0 0 0) 0x7f84a401ad30 con 0x7f84b40fb6c0
2024-02-10T08:14:29.247 INFO:teuthology.orchestra.run.smithi067.stderr:/usr/bin/ceph:
2024-02-10T08:14:29.243+0000 7f84b1ffb700 1 -- 172.21.15.67:0/74727288 <== mon.0 v2:172.21.15.67:3300/0 3 ==== mon_map magic: 0 v1 ==== 205+0+0 (secure 0 0 0) 0x7f84a4023bd0 con 0x7f84b40fb6c0
2024-02-10T08:14:29.247 INFO:teuthology.orchestra.run.smithi067.stderr:/usr/bin/ceph:
2024-02-10T08:14:29.243+0000 7f84bad3b700 1 -- 172.21.15.67:0/74727288 --> [v2:172.21.15.67:3300/0,v1:172.21.15.67:6789/0] -- mon_subscribe({osdmap=0}) v3 -- 0x7f84b410ae40 con 0x7f84b40fb6c0
2024-02-10T08:14:29.248 INFO:teuthology.orchestra.run.smithi067.stderr:/usr/bin/ceph:
2024-02-10T08:14:29.243+0000 7f84bad3b700 1 -- 172.21.15.67:0/74727288 --> [v2:172.21.15.67:3300/0,v1:172.21.15.67:6789/0] -- mon_command({"prefix": "get_command_descriptions"} v 0) v1 -- 0x7f84b405a3b0 con 0x7f84b40fb6c0
2024-02-10T08:14:29.248 INFO:teuthology.orchestra.run.smithi067.stderr:/usr/bin/ceph:
2024-02-10T08:14:29.243+0000 7f84b1ffb700 1 -- 172.21.15.67:0/74727288 <== mon.0 v2:172.21.15.67:3300/0 4 ==== mgrmap(e 8) v1 ==== 38617+0+0 (secure 0 0 0) 0x7f84a4023410 con 0x7f84b40fb6c0
2024-02-10T08:14:29.249 INFO:teuthology.orchestra.run.smithi067.stderr:/usr/bin/ceph:
2024-02-10T08:14:29.243+0000 7f84b1ffb700 1 --2- 172.21.15.67:0/74727288 >> [v2:172.21.15.67:6800/2933691832,v1:172.21.15.67:6801/2933691832] conn(0x7f849c032630 0x7f849c034af0 unknown :-1 s=NONE pgs=0 cs=0 l=1 rev1=0 rx=0 tx=0).connect
2024-02-10T08:14:29.249 INFO:teuthology.orchestra.run.smithi067.stderr:/usr/bin/ceph:
2024-02-10T08:14:29.243+0000 7f84b1ffb700 1 -- 172.21.15.67:0/74727288 <== mon.0 v2:172.21.15.67:3300/0 5 ==== osd_map(2..2 src has 1..2) v4 ==== 926+0+0 (secure 0 0 0) 0x7f84a4045010 con 0x7f84b40fb6c0
2024-02-10T08:14:29.249 INFO:teuthology.orchestra.run.smithi067.stderr:/usr/bin/ceph:
2024-02-10T08:14:29.243+0000 7f84b3fff700 1 --2- 172.21.15.67:0/74727288 >> [v2:172.21.15.67:6800/2933691832,v1:172.21.15.67:6801/2933691832] conn(0x7f849c032630 0x7f849c034af0 unknown :-1 s=BANNER_CONNECTING pgs=0 cs=0 l=1 rev1=0 rx=0 tx=0)._handle_peer_banner_payload supported=1 required=0
2024-02-10T08:14:29.249 INFO:teuthology.orchestra.run.smithi067.stderr:/usr/bin/ceph:
2024-02-10T08:14:29.243+0000 7f84b3fff700 1 --2- 172.21.15.67:0/74727288 >> [v2:172.21.15.67:6800/2933691832,v1:172.21.15.67:6801/2933691832] conn(0x7f849c032630 0x7f849c034af0 secure :-1 s=READY pgs=11 cs=0 l=1 rev1=1 rx=0x7f84a8009780 tx=0x7f84a8006cb0).ready entity=mgr.14116 client_cookie=0 server_cookie=0 in_seq=0 out_seq=0
2024-02-10T08:14:29.253 INFO:teuthology.orchestra.run.smithi067.stderr:/usr/bin/ceph:
2024-02-10T08:14:29.247+0000 7f84b1ffb700 1 -- 172.21.15.67:0/74727288 <== mon.0 v2:172.21.15.67:3300/0 6 ==== mon_command_ack([{"prefix": "get_command_descriptions"}]=0 v0) v1 ==== 72+0+163658 (secure 0 0 0) 0x7f84a40199e0 con 0x7f84b40fb6c0
2024-02-10T08:14:29.607 INFO:teuthology.orchestra.run.smithi067.stderr:/usr/bin/ceph:
2024-02-10T08:14:29.603+0000 7f84bad3b700 1 -- 172.21.15.67:0/74727288 --> [v2:172.21.15.67:6800/2933691832,v1:172.21.15.67:6801/2933691832] -- mgr_command(tid 0: {"prefix": "orch apply", "service_type": "mon", "unmanaged": true, "target": ["mon-mgr", ""]}) v1 -- 0x7f84b410b760 con 0x7f849c032630
2024-02-10T08:14:29.615 INFO:teuthology.orchestra.run.smithi067.stderr:/usr/bin/ceph:
2024-02-10T08:14:29.611+0000 7f84b1ffb700 1 -- 172.21.15.67:0/74727288 <== mgr.14116 v2:172.21.15.67:6800/2933691832 1 ==== mgr_command_reply(tid 0: 0 ) v1 ==== 8+0+24 (secure 0 0 0) 0x7f84b410b760 con 0x7f849c032630
2024-02-10T08:14:29.615 INFO:teuthology.orchestra.run.smithi067.stderr:/usr/bin/ceph: Scheduled mon update...
2024-02-10T08:14:29.618 INFO:teuthology.orchestra.run.smithi067.stderr:/usr/bin/ceph:
2024-02-10T08:14:29.611+0000 7f84bad3b700 1 -- 172.21.15.67:0/74727288 >> [v2:172.21.15.67:6800/2933691832,v1:172.21.15.67:6801/2933691832] conn(0x7f849c032630 msgr2=0x7f849c034af0 secure :-1 s=STATE_CONNECTION_ESTABLISHED l=1).mark_down
2024-02-10T08:14:29.618 INFO:teuthology.orchestra.run.smithi067.stderr:/usr/bin/ceph:
2024-02-10T08:14:29.611+0000 7f84bad3b700 1 --2- 172.21.15.67:0/74727288 >> [v2:172.21.15.67:6800/2933691832,v1:172.21.15.67:6801/2933691832] conn(0x7f849c032630 0x7f849c034af0 secure :-1 s=READY pgs=11 cs=0 l=1 rev1=1 rx=0x7f84a8009780 tx=0x7f84a8006cb0).stop
2024-02-10T08:14:29.618 INFO:teuthology.orchestra.run.smithi067.stderr:/usr/bin/ceph:
2024-02-10T08:14:29.611+0000 7f84bad3b700 1 -- 172.21.15.67:0/74727288 >> [v2:172.21.15.67:3300/0,v1:172.21.15.67:6789/0] conn(0x7f84b40fb6c0 msgr2=0x7f84b410a2c0 secure :-1 s=STATE_CONNECTION_ESTABLISHED l=1).mark_down
2024-02-10T08:14:29.618 INFO:teuthology.orchestra.run.smithi067.stderr:/usr/bin/ceph:
2024-02-10T08:14:29.611+0000 7f84bad3b700 1 --2- 172.21.15.67:0/74727288 >> [v2:172.21.15.67:3300/0,v1:172.21.15.67:6789/0] conn(0x7f84b40fb6c0 0x7f84b410a2c0 secure :-1 s=READY pgs=42 cs=0 l=1 rev1=1 rx=0x7f84a4009f00 tx=0x7f84a40090f0).stop
2024-02-10T08:14:29.618 INFO:teuthology.orchestra.run.smithi067.stderr:/usr/bin/ceph:
2024-02-10T08:14:29.611+0000 7f84bad3b700 1 -- 172.21.15.67:0/74727288 shutdown_connections
2024-02-10T08:14:29.619 INFO:teuthology.orchestra.run.smithi067.stderr:/usr/bin/ceph:
2024-02-10T08:14:29.611+0000 7f84bad3b700 1 --2- 172.21.15.67:0/74727288 >> [v2:172.21.15.67:6800/2933691832,v1:172.21.15.67:6801/2933691832] conn(0x7f849c032630 0x7f849c034af0 unknown :-1 s=CLOSED pgs=11 cs=0 l=1 rev1=1 rx=0 tx=0).stop
2024-02-10T08:14:29.619 INFO:teuthology.orchestra.run.smithi067.stderr:/usr/bin/ceph:
2024-02-10T08:14:29.611+0000 7f84bad3b700 1 --2- 172.21.15.67:0/74727288 >> [v2:172.21.15.67:3300/0,v1:172.21.15.67:6789/0] conn(0x7f84b40fb6c0 0x7f84b410a2c0 unknown :-1 s=CLOSED pgs=42 cs=0 l=1 rev1=1 rx=0 tx=0).stop
2024-02-10T08:14:29.619 INFO:teuthology.orchestra.run.smithi067.stderr:/usr/bin/ceph:
2024-02-10T08:14:29.611+0000 7f84bad3b700 1 -- 172.21.15.67:0/74727288 >> 172.21.15.67:0/74727288 conn(0x7f84b40f6ec0 msgr2=0x7f84b40f8740 unknown :-1 s=STATE_NONE l=0).mark_down
2024-02-10T08:14:29.619 INFO:teuthology.orchestra.run.smithi067.stderr:/usr/bin/ceph:
2024-02-10T08:14:29.611+0000 7f84bad3b700 1 -- 172.21.15.67:0/74727288 shutdown_connections
2024-02-10T08:14:29.619 INFO:teuthology.orchestra.run.smithi067.stderr:/usr/bin/ceph:
2024-02-10T08:14:29.611+0000 7f84bad3b700 1 -- 172.21.15.67:0/74727288 wait complete.
2024-02-10T08:14:30.319 INFO:teuthology.orchestra.run.smithi067.stderr:Deploying unmanaged mgr service...
2024-02-10T08:14:30.870 INFO:journalctl@ceph.mon.a.smithi067.stdout:Feb 10 08:14:30 smithi067 bash[17385]: audit
2024-02-10T08:14:29.608361+0000 mgr.y (mgr.14116) 11 : audit [DBG] from='client.14136 -' entity='client.admin' cmd=[{"prefix": "orch apply", "service_type": "mon", "unmanaged": true, "target": ["mon-mgr", ""]}]: dispatch
2024-02-10T08:14:30.870 INFO:journalctl@ceph.mon.a.smithi067.stdout:Feb 10 08:14:30 smithi067 bash[17385]: cephadm
2024-02-10T08:14:29.611582+0000 mgr.y (mgr.14116) 12 : cephadm [INF] Saving service mon spec with placement count:5
2024-02-10T08:14:30.870 INFO:journalctl@ceph.mon.a.smithi067.stdout:Feb 10 08:14:30 smithi067 bash[17385]: audit
2024-02-10T08:14:29.614900+0000 mon.a (mon.0) 55 : audit [INF] from='mgr.14116 172.21.15.67:0/122721905' entity='mgr.y'
2024-02-10T08:14:30.870 INFO:journalctl@ceph.mon.a.smithi067.stdout:Feb 10 08:14:30 smithi067 bash[17385]: audit
2024-02-10T08:14:29.906150+0000 mon.a (mon.0) 56 : audit [INF] from='mgr.14116 172.21.15.67:0/122721905' entity='mgr.y'
2024-02-10T08:14:30.870 INFO:journalctl@ceph.mon.a.smithi067.stdout:Feb 10 08:14:30 smithi067 bash[17385]: audit
2024-02-10T08:14:30.162759+0000 mon.a (mon.0) 57 : audit [INF] from='mgr.14116 172.21.15.67:0/122721905' entity='mgr.y'
2024-02-10T08:14:31.263 INFO:teuthology.orchestra.run.smithi067.stderr:/usr/bin/ceph:
2024-02-10T08:14:31.259+0000 7f0965a4b700 1 Processor -- start
2024-02-10T08:14:31.263 INFO:teuthology.orchestra.run.smithi067.stderr:/usr/bin/ceph:
2024-02-10T08:14:31.259+0000 7f0965a4b700 1 -- start start
2024-02-10T08:14:31.264 INFO:teuthology.orchestra.run.smithi067.stderr:/usr/bin/ceph:
2024-02-10T08:14:31.259+0000 7f0965a4b700 1 --2- >> [v2:172.21.15.67:3300/0,v1:172.21.15.67:6789/0] conn(0x7f09600fbc40 0x7f09600fc060 unknown :-1 s=NONE pgs=0 cs=0 l=0 rev1=0 rx=0 tx=0).connect
2024-02-10T08:14:31.264 INFO:teuthology.orchestra.run.smithi067.stderr:/usr/bin/ceph:
2024-02-10T08:14:31.259+0000 7f0965a4b700 1 -- --> [v2:172.21.15.67:3300/0,v1:172.21.15.67:6789/0] -- mon_getmap magic: 0 v1 -- 0x7f09600fc620 con 0x7f09600fbc40
2024-02-10T08:14:31.265 INFO:teuthology.orchestra.run.smithi067.stderr:/usr/bin/ceph:
2024-02-10T08:14:31.259+0000 7f095effd700 1 --2- >> [v2:172.21.15.67:3300/0,v1:172.21.15.67:6789/0] conn(0x7f09600fbc40 0x7f09600fc060 unknown :-1 s=BANNER_CONNECTING pgs=0 cs=0 l=0 rev1=0 rx=0 tx=0)._handle_peer_banner_payload supported=1 required=0
2024-02-10T08:14:31.265 INFO:teuthology.orchestra.run.smithi067.stderr:/usr/bin/ceph:
2024-02-10T08:14:31.259+0000 7f095effd700 1 --2- >> [v2:172.21.15.67:3300/0,v1:172.21.15.67:6789/0] conn(0x7f09600fbc40 0x7f09600fc060 unknown :-1 s=HELLO_CONNECTING pgs=0 cs=0 l=0 rev1=1 rx=0 tx=0).handle_hello peer v2:172.21.15.67:3300/0 says I am v2:172.21.15.67:42862/0 (socket says 172.21.15.67:42862)
2024-02-10T08:14:31.265 INFO:teuthology.orchestra.run.smithi067.stderr:/usr/bin/ceph:
2024-02-10T08:14:31.259+0000 7f095effd700 1 -- 172.21.15.67:0/3107953731 learned_addr learned my addr 172.21.15.67:0/3107953731 (peer_addr_for_me v2:172.21.15.67:0/0)
2024-02-10T08:14:31.265 INFO:teuthology.orchestra.run.smithi067.stderr:/usr/bin/ceph:
2024-02-10T08:14:31.259+0000 7f095effd700 1 -- 172.21.15.67:0/3107953731 --> [v2:172.21.15.67:3300/0,v1:172.21.15.67:6789/0] -- mon_subscribe({config=0+,monmap=0+}) v3 -- 0x7f09600fc760 con 0x7f09600fbc40
2024-02-10T08:14:31.265 INFO:teuthology.orchestra.run.smithi067.stderr:/usr/bin/ceph:
2024-02-10T08:14:31.259+0000 7f095effd700 1 --2- 172.21.15.67:0/3107953731 >> [v2:172.21.15.67:3300/0,v1:172.21.15.67:6789/0] conn(0x7f09600fbc40 0x7f09600fc060 secure :-1 s=READY pgs=43 cs=0 l=1 rev1=1 rx=0x7f0950009e50 tx=0x7f0950009840).ready entity=mon.0 client_cookie=c2954a5b24376763 server_cookie=0 in_seq=0 out_seq=0
2024-02-10T08:14:31.266 INFO:teuthology.orchestra.run.smithi067.stderr:/usr/bin/ceph:
2024-02-10T08:14:31.259+0000 7f095dffb700 1 -- 172.21.15.67:0/3107953731 <== mon.0 v2:172.21.15.67:3300/0 1 ==== mon_map magic: 0 v1 ==== 205+0+0 (secure 0 0 0) 0x7f095000e070 con 0x7f09600fbc40
2024-02-10T08:14:31.266 INFO:teuthology.orchestra.run.smithi067.stderr:/usr/bin/ceph:
2024-02-10T08:14:31.259+0000 7f095dffb700 1 -- 172.21.15.67:0/3107953731 <== mon.0 v2:172.21.15.67:3300/0 2 ==== config(23 keys) v1 ==== 1041+0+0 (secure 0 0 0) 0x7f0950013420 con 0x7f09600fbc40
2024-02-10T08:14:31.266 INFO:teuthology.orchestra.run.smithi067.stderr:/usr/bin/ceph:
2024-02-10T08:14:31.259+0000 7f095dffb700 1 -- 172.21.15.67:0/3107953731 <== mon.0 v2:172.21.15.67:3300/0 3 ==== mon_map magic: 0 v1 ==== 205+0+0 (secure 0 0 0) 0x7f0950007400 con 0x7f09600fbc40
2024-02-10T08:14:31.267 INFO:teuthology.orchestra.run.smithi067.stderr:/usr/bin/ceph:
2024-02-10T08:14:31.263+0000 7f0965a4b700 1 -- 172.21.15.67:0/3107953731 >> [v2:172.21.15.67:3300/0,v1:172.21.15.67:6789/0] conn(0x7f09600fbc40 msgr2=0x7f09600fc060 secure :-1 s=STATE_CONNECTION_ESTABLISHED l=1).mark_down
2024-02-10T08:14:31.267 INFO:teuthology.orchestra.run.smithi067.stderr:/usr/bin/ceph:
2024-02-10T08:14:31.263+0000 7f0965a4b700 1 --2- 172.21.15.67:0/3107953731 >> [v2:172.21.15.67:3300/0,v1:172.21.15.67:6789/0] conn(0x7f09600fbc40 0x7f09600fc060 secure :-1 s=READY pgs=43 cs=0 l=1 rev1=1 rx=0x7f0950009e50 tx=0x7f0950009840).stop
2024-02-10T08:14:31.267 INFO:teuthology.orchestra.run.smithi067.stderr:/usr/bin/ceph:
2024-02-10T08:14:31.263+0000 7f0965a4b700 1 -- 172.21.15.67:0/3107953731 shutdown_connections
2024-02-10T08:14:31.268 INFO:teuthology.orchestra.run.smithi067.stderr:/usr/bin/ceph:
2024-02-10T08:14:31.263+0000 7f0965a4b700 1 --2- 172.21.15.67:0/3107953731 >> [v2:172.21.15.67:3300/0,v1:172.21.15.67:6789/0] conn(0x7f09600fbc40 0x7f09600fc060 unknown :-1 s=CLOSED pgs=43 cs=0 l=1 rev1=1 rx=0 tx=0).stop
2024-02-10T08:14:31.268 INFO:teuthology.orchestra.run.smithi067.stderr:/usr/bin/ceph:
2024-02-10T08:14:31.263+0000 7f0965a4b700 1 -- 172.21.15.67:0/3107953731 >> 172.21.15.67:0/3107953731 conn(0x7f09600f5460 msgr2=0x7f09600f78c0 unknown :-1 s=STATE_NONE l=0).mark_down
2024-02-10T08:14:31.268 INFO:teuthology.orchestra.run.smithi067.stderr:/usr/bin/ceph:
2024-02-10T08:14:31.263+0000 7f0965a4b700 1 -- 172.21.15.67:0/3107953731 shutdown_connections
2024-02-10T08:14:31.268 INFO:teuthology.orchestra.run.smithi067.stderr:/usr/bin/ceph:
2024-02-10T08:14:31.263+0000 7f0965a4b700 1 -- 172.21.15.67:0/3107953731 wait complete.
2024-02-10T08:14:31.269 INFO:teuthology.orchestra.run.smithi067.stderr:/usr/bin/ceph:
2024-02-10T08:14:31.263+0000 7f0965a4b700 1 Processor -- start
2024-02-10T08:14:31.269 INFO:teuthology.orchestra.run.smithi067.stderr:/usr/bin/ceph:
2024-02-10T08:14:31.263+0000 7f0965a4b700 1 -- start start
2024-02-10T08:14:31.269 INFO:teuthology.orchestra.run.smithi067.stderr:/usr/bin/ceph:
2024-02-10T08:14:31.263+0000 7f0965a4b700 1 --2- >> [v2:172.21.15.67:3300/0,v1:172.21.15.67:6789/0] conn(0x7f09600fbc40 0x7f096010c220 unknown :-1 s=NONE pgs=0 cs=0 l=1 rev1=0 rx=0 tx=0).connect
2024-02-10T08:14:31.270 INFO:teuthology.orchestra.run.smithi067.stderr:/usr/bin/ceph:
2024-02-10T08:14:31.263+0000 7f0965a4b700 1 -- --> [v2:172.21.15.67:3300/0,v1:172.21.15.67:6789/0] -- mon_getmap magic: 0 v1 -- 0x7f096010c710 con 0x7f09600fbc40
2024-02-10T08:14:31.270 INFO:teuthology.orchestra.run.smithi067.stderr:/usr/bin/ceph:
2024-02-10T08:14:31.263+0000 7f095effd700 1 --2- >> [v2:172.21.15.67:3300/0,v1:172.21.15.67:6789/0] conn(0x7f09600fbc40 0x7f096010c220 unknown :-1 s=BANNER_CONNECTING pgs=0 cs=0 l=1 rev1=0 rx=0 tx=0)._handle_peer_banner_payload supported=1 required=0
2024-02-10T08:14:31.270 INFO:teuthology.orchestra.run.smithi067.stderr:/usr/bin/ceph:
2024-02-10T08:14:31.263+0000 7f095effd700 1 --2- >> [v2:172.21.15.67:3300/0,v1:172.21.15.67:6789/0] conn(0x7f09600fbc40 0x7f096010c220 unknown :-1 s=HELLO_CONNECTING pgs=0 cs=0 l=1 rev1=1 rx=0 tx=0).handle_hello peer v2:172.21.15.67:3300/0 says I am v2:172.21.15.67:42876/0 (socket says 172.21.15.67:42876)
2024-02-10T08:14:31.270 INFO:teuthology.orchestra.run.smithi067.stderr:/usr/bin/ceph:
2024-02-10T08:14:31.263+0000 7f095effd700 1 -- 172.21.15.67:0/2174745232 learned_addr learned my addr 172.21.15.67:0/2174745232 (peer_addr_for_me v2:172.21.15.67:0/0)
2024-02-10T08:14:31.270 INFO:teuthology.orchestra.run.smithi067.stderr:/usr/bin/ceph:
2024-02-10T08:14:31.263+0000 7f095effd700 1 -- 172.21.15.67:0/2174745232 --> [v2:172.21.15.67:3300/0,v1:172.21.15.67:6789/0] -- mon_subscribe({config=0+,monmap=0+}) v3 -- 0x7f0950009ae0 con 0x7f09600fbc40
2024-02-10T08:14:31.270 INFO:teuthology.orchestra.run.smithi067.stderr:/usr/bin/ceph:
2024-02-10T08:14:31.263+0000 7f095effd700 1 --2- 172.21.15.67:0/2174745232 >> [v2:172.21.15.67:3300/0,v1:172.21.15.67:6789/0] conn(0x7f09600fbc40 0x7f096010c220 secure :-1 s=READY pgs=44 cs=0 l=1 rev1=1 rx=0x7f0950000f80 tx=0x7f0950009840).ready entity=mon.0 client_cookie=0 server_cookie=0 in_seq=0 out_seq=0
2024-02-10T08:14:31.271 INFO:teuthology.orchestra.run.smithi067.stderr:/usr/bin/ceph:
2024-02-10T08:14:31.263+0000 7f0957fff700 1 -- 172.21.15.67:0/2174745232 <== mon.0 v2:172.21.15.67:3300/0 1 ==== mon_map magic: 0 v1 ==== 205+0+0 (secure 0 0 0) 0x7f095000e040 con 0x7f09600fbc40
2024-02-10T08:14:31.271 INFO:teuthology.orchestra.run.smithi067.stderr:/usr/bin/ceph:
2024-02-10T08:14:31.263+0000 7f0957fff700 1 -- 172.21.15.67:0/2174745232 <== mon.0 v2:172.21.15.67:3300/0 2 ==== config(23 keys) v1 ==== 1041+0+0 (secure 0 0 0) 0x7f0950012d60 con 0x7f09600fbc40
2024-02-10T08:14:31.271 INFO:teuthology.orchestra.run.smithi067.stderr:/usr/bin/ceph:
2024-02-10T08:14:31.263+0000 7f0957fff700 1 -- 172.21.15.67:0/2174745232 <== mon.0 v2:172.21.15.67:3300/0 3 ==== mon_map magic: 0 v1 ==== 205+0+0 (secure 0 0 0) 0x7f0950007bc0 con 0x7f09600fbc40
2024-02-10T08:14:31.271 INFO:teuthology.orchestra.run.smithi067.stderr:/usr/bin/ceph:
2024-02-10T08:14:31.263+0000 7f0965a4b700 1 -- 172.21.15.67:0/2174745232 --> [v2:172.21.15.67:3300/0,v1:172.21.15.67:6789/0] -- mon_subscribe({mgrmap=0+}) v3 -- 0x7f096010c910 con 0x7f09600fbc40
2024-02-10T08:14:31.271 INFO:teuthology.orchestra.run.smithi067.stderr:/usr/bin/ceph:
2024-02-10T08:14:31.263+0000 7f0965a4b700 1 -- 172.21.15.67:0/2174745232 --> [v2:172.21.15.67:3300/0,v1:172.21.15.67:6789/0] -- mon_subscribe({osdmap=0}) v3 -- 0x7f096010cda0 con 0x7f09600fbc40
2024-02-10T08:14:31.271 INFO:teuthology.orchestra.run.smithi067.stderr:/usr/bin/ceph:
2024-02-10T08:14:31.267+0000 7f0957fff700 1 -- 172.21.15.67:0/2174745232 <== mon.0 v2:172.21.15.67:3300/0 4 ==== mgrmap(e 8) v1 ==== 38617+0+0 (secure 0 0 0) 0x7f0950003040 con 0x7f09600fbc40
2024-02-10T08:14:31.272 INFO:teuthology.orchestra.run.smithi067.stderr:/usr/bin/ceph:
2024-02-10T08:14:31.267+0000 7f0965a4b700 1 -- 172.21.15.67:0/2174745232 --> [v2:172.21.15.67:3300/0,v1:172.21.15.67:6789/0] -- mon_command({"prefix": "get_command_descriptions"} v 0) v1 -- 0x7f0960046d80 con 0x7f09600fbc40
2024-02-10T08:14:31.272 INFO:teuthology.orchestra.run.smithi067.stderr:/usr/bin/ceph:
2024-02-10T08:14:31.267+0000 7f0957fff700 1 --2- 172.21.15.67:0/2174745232 >> [v2:172.21.15.67:6800/2933691832,v1:172.21.15.67:6801/2933691832] conn(0x7f094c032610 0x7f094c034ad0 unknown :-1 s=NONE pgs=0 cs=0 l=1 rev1=0 rx=0 tx=0).connect
2024-02-10T08:14:31.272 INFO:teuthology.orchestra.run.smithi067.stderr:/usr/bin/ceph:
2024-02-10T08:14:31.267+0000 7f0957fff700 1 -- 172.21.15.67:0/2174745232 <== mon.0 v2:172.21.15.67:3300/0 5 ==== osd_map(2..2 src has 1..2) v4 ==== 926+0+0 (secure 0 0 0) 0x7f09500440d0 con 0x7f09600fbc40
2024-02-10T08:14:31.273 INFO:teuthology.orchestra.run.smithi067.stderr:/usr/bin/ceph:
2024-02-10T08:14:31.267+0000 7f095e7fc700 1 --2- 172.21.15.67:0/2174745232 >> [v2:172.21.15.67:6800/2933691832,v1:172.21.15.67:6801/2933691832] conn(0x7f094c032610 0x7f094c034ad0 unknown :-1 s=BANNER_CONNECTING pgs=0 cs=0 l=1 rev1=0 rx=0 tx=0)._handle_peer_banner_payload supported=1 required=0
2024-02-10T08:14:31.273 INFO:teuthology.orchestra.run.smithi067.stderr:/usr/bin/ceph:
2024-02-10T08:14:31.267+0000 7f095e7fc700 1 --2- 172.21.15.67:0/2174745232 >> [v2:172.21.15.67:6800/2933691832,v1:172.21.15.67:6801/2933691832] conn(0x7f094c032610 0x7f094c034ad0 secure :-1 s=READY pgs=12 cs=0 l=1 rev1=1 rx=0x7f0948009780 tx=0x7f0948006cc0).ready entity=mgr.14116 client_cookie=0 server_cookie=0 in_seq=0 out_seq=0
2024-02-10T08:14:31.278 INFO:teuthology.orchestra.run.smithi067.stderr:/usr/bin/ceph:
2024-02-10T08:14:31.271+0000 7f0957fff700 1 -- 172.21.15.67:0/2174745232 <== mon.0 v2:172.21.15.67:3300/0 6 ==== mon_command_ack([{"prefix": "get_command_descriptions"}]=0 v0) v1 ==== 72+0+163658 (secure 0 0 0) 0x7f0950013e60 con 0x7f09600fbc40
2024-02-10T08:14:31.630 INFO:teuthology.orchestra.run.smithi067.stderr:/usr/bin/ceph:
2024-02-10T08:14:31.623+0000 7f0965a4b700 1 -- 172.21.15.67:0/2174745232 --> [v2:172.21.15.67:6800/2933691832,v1:172.21.15.67:6801/2933691832] -- mgr_command(tid 0: {"prefix": "orch apply", "service_type": "mgr", "unmanaged": true, "target": ["mon-mgr", ""]}) v1 -- 0x7f09600f7680 con 0x7f094c032610
2024-02-10T08:14:31.639 INFO:teuthology.orchestra.run.smithi067.stderr:/usr/bin/ceph:
2024-02-10T08:14:31.631+0000 7f0957fff700 1 -- 172.21.15.67:0/2174745232 <== mgr.14116 v2:172.21.15.67:6800/2933691832 1 ==== mgr_command_reply(tid 0: 0 ) v1 ==== 8+0+24 (secure 0 0 0) 0x7f09600f7680 con 0x7f094c032610
2024-02-10T08:14:31.639 INFO:teuthology.orchestra.run.smithi067.stderr:/usr/bin/ceph: Scheduled mgr update...
2024-02-10T08:14:31.643 INFO:teuthology.orchestra.run.smithi067.stderr:/usr/bin/ceph:
